200.126.116.145 - - [17/Aug/2026:11:08:03 -0300] "POST /cormun/servlet/permisosadjuntos?c39531074e0963afb0dd41c608c84644,INS,16013088,P,20260814074931,, HTTP/1.1" 200 116
200.126.116.145 - - [17/Aug/2026:11:08:03 -0300] "GET /cormun/servlet/hpexe_return? HTTP/1.1" 200 1037
200.126.116.145 - - [17/Aug/2026:11:08:03 -0300] "GET /cormun/servlet/trpermisosadjuntos?16013088,20260814074931,P, HTTP/1.1" 200 7168
200.126.116.145 - - [17/Aug/2026:11:08:07 -0300] "GET /cormun/servlet/trpermisosgoce? HTTP/1.1" 200 13688
200.126.116.145 - - [17/Aug/2026:11:08:09 -0300] "POST /cormun/servlet/trpermisosgoce?c39531074e0963afb0dd41c608c84644,,gx-no-cache=1786976136672 HTTP/1.1" 200 10719
200.126.116.145 - - [17/Aug/2026:11:08:09 -0300] "GET /cormun/static/Shared/jqueryui/images/ui-bg_highlight-soft_100_c6c2c8_1x100.png HTTP/1.1" 404 1117
200.126.116.145 - - [17/Aug/2026:11:08:09 -0300] "GET /cormun/static/Shared/jqueryui/images/ui-icons_82798d_256x240.png HTTP/1.1" 404 1089
200.126.116.145 - - [17/Aug/2026:11:08:09 -0300] "GET /cormun/static/Shared/jqueryui/images/ui-bg_flat_55_fafafa_40x100.png HTTP/1.1" 404 1097
200.126.116.145 - - [17/Aug/2026:11:08:09 -0300] "GET /cormun/static/Shared/jqueryui/images/ui-icons_8d78a5_256x240.png HTTP/1.1" 404 1089
200.126.116.145 - - [17/Aug/2026:11:08:12 -0300] "GET /cormun/servlet/trautorizarpermisogoce? HTTP/1.1" 200 8019
200.126.110.43 - - [17/Aug/2026:11:08:14 -0300] "GET /cormun/servlet/hlogin HTTP/1.1" 200 1720
200.126.110.43 - - [17/Aug/2026:11:08:14 -0300] "GET /cormun/servlet/hlogin HTTP/1.1" 200 1731
200.126.116.145 - - [17/Aug/2026:11:08:15 -0300] "POST /cormun/servlet/trautorizarpermisogoce?c39531074e0963afb0dd41c608c84644,,gx-no-cache=1786976142943 HTTP/1.1" 200 4521
200.126.116.145 - - [17/Aug/2026:11:08:22 -0300] "GET /cormun/servlet/trlicencias? HTTP/1.1" 200 13242
200.126.110.43 - - [17/Aug/2026:11:08:27 -0300] "POST /cormun/servlet/hlogin?b32d6bb78ac88f3d3c850944c143d932,gx-no-cache=1786976147644 HTTP/1.1" 200 90
200.126.110.43 - - [17/Aug/2026:11:08:27 -0300] "GET /cormun/servlet/hpexe_link HTTP/1.1" 200 952
200.126.110.43 - - [17/Aug/2026:11:08:27 -0300] "GET /cormun/servlet/hhome HTTP/1.1" 200 4238
200.126.110.43 - - [17/Aug/2026:11:08:28 -0300] "GET /cormun/servlet/hhome HTTP/1.1" 200 4234
200.126.116.145 - - [17/Aug/2026:11:08:29 -0300] "GET /cormun/servlet/alicenciaprn?15738078,L,20260817000000,PU HTTP/1.1" 200 1545
200.126.110.43 - - [17/Aug/2026:11:08:35 -0300] "GET /cormun/servlet/trsolicitudot? HTTP/1.1" 200 8864
200.126.110.43 - - [17/Aug/2026:11:08:35 -0300] "GET /cormun/servlet/trsolicitudot? HTTP/1.1" 200 8862
200.126.110.43 - - [17/Aug/2026:11:08:47 -0300] "POST /cormun/servlet/trsolicitudot?b32d6bb78ac88f3d3c850944c143d932,,gx-no-cache=1786976167809 HTTP/1.1" 200 107
200.126.110.43 - - [17/Aug/2026:11:08:50 -0300] "GET /cormun/servlet/trsolicitudadjuntos?2026,23878, HTTP/1.1" 200 10828
200.126.110.43 - - [17/Aug/2026:11:08:51 -0300] "GET /cormun/servlet/trsolicitudadjuntos?2026,23878, HTTP/1.1" 200 10832
200.126.110.43 - - [17/Aug/2026:11:08:57 -0300] "POST /cormun/servlet/trsolicitudadjuntos?b32d6bb78ac88f3d3c850944c143d932,2026,23878,,gx-no-cache=1786976177369 HTTP/1.1" 200 90
200.126.110.43 - - [17/Aug/2026:11:08:57 -0300] "GET /cormun/servlet/hpexe_link HTTP/1.1" 200 969
200.126.110.43 - - [17/Aug/2026:11:08:57 -0300] "GET /cormun/servlet/trsolicitudot HTTP/1.1" 200 8864
200.126.110.43 - - [17/Aug/2026:11:08:58 -0300] "GET /cormun/servlet/trsolicitudot HTTP/1.1" 200 8862
201.186.225.191 - - [17/Aug/2026:11:09:23 -0300] "GET /cormun/servlet/trlicencias? HTTP/1.1" 200 6043
201.186.225.191 - - [17/Aug/2026:11:09:24 -0300] "GET /cormun/servlet/hlogin HTTP/1.1" 200 1730
201.186.225.191 - - [17/Aug/2026:11:09:26 -0300] "POST /cormun/servlet/hlogin?3837d11fd359f67015258eb983272ec0,gx-no-cache=1786976207882 HTTP/1.1" 200 90
201.186.225.191 - - [17/Aug/2026:11:09:26 -0300] "GET /cormun/servlet/hpexe_link HTTP/1.1" 200 949
201.186.225.191 - - [17/Aug/2026:11:09:26 -0300] "GET /cormun/servlet/trlicencias HTTP/1.1" 200 12475
200.126.116.145 - - [17/Aug/2026:11:09:58 -0300] "GET /cormun/servlet/trsolicitudot? HTTP/1.1" 200 7545
200.126.116.145 - - [17/Aug/2026:11:10:01 -0300] "GET /cormun/servlet/solicitudot?INS,0,0,false, HTTP/1.1" 200 16417
200.126.116.145 - - [17/Aug/2026:11:10:01 -0300] "GET /cormun/static/gxcfg.js?20221129840861 HTTP/1.1" 200 953
200.126.116.145 - - [17/Aug/2026:11:10:01 -0300] "GET /cormun/static/solicitudot.js?20221129840983 HTTP/1.1" 200 74072
200.126.116.145 - - [17/Aug/2026:11:10:10 -0300] "POST /cormun/servlet/solicitudot?gx-no-cache=1786976257444 HTTP/1.1" 200 4184
200.126.116.145 - - [17/Aug/2026:11:10:10 -0300] "POST /cormun/servlet/solicitudot?c39531074e0963afb0dd41c608c84644,INS,0,0,false,,gx-no-cache=1786976257587 HTTP/1.1" 200 13080
190.95.67.99 - - [17/Aug/2026:11:11:34 -0300] "GET /cormun/servlet/hlogin HTTP/1.1" 200 1714
190.95.67.99 - - [17/Aug/2026:11:11:34 -0300] "GET /cormun/servlet/hlogin HTTP/1.1" 200 1725
190.95.67.99 - - [17/Aug/2026:11:11:37 -0300] "POST /cormun/servlet/hlogin?40a21ab0a9288f365132b9f3d7ccd41f,gx-no-cache=1786976279266 HTTP/1.1" 200 90
190.95.67.99 - - [17/Aug/2026:11:11:37 -0300] "GET /cormun/servlet/hpexe_link HTTP/1.1" 200 946
190.95.67.99 - - [17/Aug/2026:11:11:37 -0300] "GET /cormun/servlet/hhome HTTP/1.1" 200 4311
190.95.67.99 - - [17/Aug/2026:11:11:38 -0300] "GET /cormun/static/gxcfg.js?20201215495537 HTTP/1.1" 200 953
190.95.67.99 - - [17/Aug/2026:11:11:38 -0300] "GET /cormun/static/hhome.js?20201215495544 HTTP/1.1" 200 777
190.95.1.185 - - [17/Aug/2026:11:11:41 -0300] "POST /cormun/servlet/trsolicitudot?e322ccc2fe7d0933d8dadcfa4e5aa274,,gx-no-cache=1786976341947 HTTP/1.1" 200 4629
190.95.1.185 - - [17/Aug/2026:11:11:41 -0300] "GET /cormun/static/Shared/jqueryui/images/ui-bg_highlight-soft_100_c6c2c8_1x100.png HTTP/1.1" 404 1117
190.95.1.185 - - [17/Aug/2026:11:11:41 -0300] "GET /cormun/static/Shared/jqueryui/images/ui-icons_82798d_256x240.png HTTP/1.1" 404 1089
190.95.1.185 - - [17/Aug/2026:11:11:41 -0300] "GET /cormun/static/Shared/jqueryui/images/ui-bg_flat_55_fafafa_40x100.png HTTP/1.1" 404 1097
190.95.1.185 - - [17/Aug/2026:11:11:41 -0300] "GET /cormun/static/Shared/jqueryui/images/ui-icons_8d78a5_256x240.png HTTP/1.1" 404 1089
190.95.1.185 - - [17/Aug/2026:11:11:41 -0300] "POST /cormun/servlet/trsolicitudot?e322ccc2fe7d0933d8dadcfa4e5aa274,,gx-no-cache=1786976342089 HTTP/1.1" 200 4374
190.95.67.99 - - [17/Aug/2026:11:11:42 -0300] "GET /cormun/servlet/trlicencias? HTTP/1.1" 200 10267
190.95.1.185 - - [17/Aug/2026:11:11:44 -0300] "GET /cormun/servlet/trautorizarsolicitud? HTTP/1.1" 200 9012
190.95.1.185 - - [17/Aug/2026:11:11:44 -0300] "GET /cormun/static/gxcfg.js?202211298474254 HTTP/1.1" 200 953
190.95.1.185 - - [17/Aug/2026:11:11:44 -0300] "GET /cormun/static/trautorizarsolicitud.js?202211298474588 HTTP/1.1" 200 53909
190.95.1.185 - - [17/Aug/2026:11:11:48 -0300] "POST /cormun/servlet/trautorizarsolicitud?e322ccc2fe7d0933d8dadcfa4e5aa274,,gx-no-cache=1786976349112 HTTP/1.1" 200 4811
190.95.1.185 - - [17/Aug/2026:11:11:48 -0300] "GET /cormun/static/Shared/jqueryui/images/ui-bg_highlight-soft_100_c6c2c8_1x100.png HTTP/1.1" 404 1117
190.95.1.185 - - [17/Aug/2026:11:11:48 -0300] "GET /cormun/static/Shared/jqueryui/images/ui-icons_82798d_256x240.png HTTP/1.1" 404 1089
190.95.1.185 - - [17/Aug/2026:11:11:48 -0300] "GET /cormun/static/Shared/jqueryui/images/ui-bg_flat_55_fafafa_40x100.png HTTP/1.1" 404 1097
190.95.1.185 - - [17/Aug/2026:11:11:48 -0300] "GET /cormun/static/Shared/jqueryui/images/ui-icons_8d78a5_256x240.png HTTP/1.1" 404 1089
190.95.1.185 - - [17/Aug/2026:11:11:48 -0300] "POST /cormun/servlet/trautorizarsolicitud?e322ccc2fe7d0933d8dadcfa4e5aa274,,gx-no-cache=1786976349209 HTTP/1.1" 200 4556
190.95.67.99 - - [17/Aug/2026:11:12:43 -0300] "GET /cormun/servlet/licenciaspermisos?DSP,9299830,L,20260814000000, HTTP/1.1" 200 7448
190.95.67.99 - - [17/Aug/2026:11:12:48 -0300] "POST /cormun/servlet/licenciaspermisos?40a21ab0a9288f365132b9f3d7ccd41f,DSP,9299830,L,20260814000000,,gx-no-cache=1786976351014 HTTP/1.1" 200 93
190.95.67.99 - - [17/Aug/2026:11:12:48 -0300] "GET /cormun/servlet/hpexe_return? HTTP/1.1" 200 1023
190.95.67.99 - - [17/Aug/2026:11:12:49 -0300] "GET /cormun/servlet/trlicencias HTTP/1.1" 200 10269
190.95.67.99 - - [17/Aug/2026:11:13:03 -0300] "GET /cormun/servlet/licenciaspermisos?DSP,17652402,L,20260727000000, HTTP/1.1" 200 7412
190.95.67.99 - - [17/Aug/2026:11:13:07 -0300] "POST /cormun/servlet/licenciaspermisos?40a21ab0a9288f365132b9f3d7ccd41f,DSP,17652402,L,20260727000000,,gx-no-cache=1786976369789 HTTP/1.1" 200 93
190.95.67.99 - - [17/Aug/2026:11:13:07 -0300] "GET /cormun/servlet/hpexe_return? HTTP/1.1" 200 1024
190.95.67.99 - - [17/Aug/2026:11:13:07 -0300] "GET /cormun/servlet/trlicencias HTTP/1.1" 200 10269
190.95.67.99 - - [17/Aug/2026:11:13:19 -0300] "GET /cormun/static/menuarrow.gif HTTP/1.1" 404 1015
190.95.67.99 - - [17/Aug/2026:11:13:27 -0300] "POST /cormun/servlet/trlicencias?40a21ab0a9288f365132b9f3d7ccd41f,gx-no-cache=1786976389974 HTTP/1.1" 200 6450
190.95.67.99 - - [17/Aug/2026:11:13:30 -0300] "GET /cormun/servlet/licenciaspermisos?DSP,9299830,L,20260715000000, HTTP/1.1" 200 7457
190.95.67.99 - - [17/Aug/2026:11:13:35 -0300] "POST /cormun/servlet/licenciaspermisos?40a21ab0a9288f365132b9f3d7ccd41f,DSP,9299830,L,20260715000000,,gx-no-cache=1786976398002 HTTP/1.1" 200 93
190.95.67.99 - - [17/Aug/2026:11:13:35 -0300] "GET /cormun/servlet/hpexe_return? HTTP/1.1" 200 1045
190.95.67.99 - - [17/Aug/2026:11:13:36 -0300] "GET /cormun/servlet/trlicencias?gx-no-cache=1786976389974 HTTP/1.1" 200 9103
190.95.67.99 - - [17/Aug/2026:11:13:45 -0300] "GET /cormun/servlet/trlicencias? HTTP/1.1" 200 9119
190.95.67.99 - - [17/Aug/2026:11:13:53 -0300] "POST /cormun/servlet/trlicencias?40a21ab0a9288f365132b9f3d7ccd41f,,gx-no-cache=1786976415050 HTTP/1.1" 200 17658
190.95.67.99 - - [17/Aug/2026:11:13:55 -0300] "GET /cormun/servlet/licenciaspermisos?DSP,17522932,L,20260817000000, HTTP/1.1" 200 7427
190.95.67.99 - - [17/Aug/2026:11:14:00 -0300] "POST /cormun/servlet/licenciaspermisos?40a21ab0a9288f365132b9f3d7ccd41f,DSP,17522932,L,20260817000000,,gx-no-cache=1786976423076 HTTP/1.1" 200 93
190.95.67.99 - - [17/Aug/2026:11:14:00 -0300] "GET /cormun/servlet/hpexe_return? HTTP/1.1" 200 1025
190.95.67.99 - - [17/Aug/2026:11:14:01 -0300] "GET /cormun/servlet/trlicencias? HTTP/1.1" 200 19288
190.95.67.99 - - [17/Aug/2026:11:14:03 -0300] "GET /cormun/servlet/licenciaspermisos?DSP,9299830,L,20260814000000, HTTP/1.1" 200 7448
201.186.226.3 - - [17/Aug/2026:11:14:51 -0300] "GET /cormun/servlet/hlogin HTTP/1.1" 200 1719
200.126.116.145 - - [17/Aug/2026:11:14:57 -0300] "POST /cormun/servlet/solicitudot?gx-no-cache=1786976545210 HTTP/1.1" 200 4229
200.126.116.145 - - [17/Aug/2026:11:14:57 -0300] "GET /cormun/static/Shared/jqueryui/images/ui-bg_flat_55_994d53_40x100.png HTTP/1.1" 404 1097
200.126.116.145 - - [17/Aug/2026:11:14:57 -0300] "GET /cormun/static/Shared/jqueryui/images/ui-icons_ebccce_256x240.png HTTP/1.1" 404 1089
201.186.226.3 - - [17/Aug/2026:11:15:04 -0300] "POST /cormun/servlet/hlogin?ebc405ad9e6ff86d01f02bc2f55884f2,gx-no-cache=1786976545465 HTTP/1.1" 200 90
201.186.226.3 - - [17/Aug/2026:11:15:04 -0300] "GET /cormun/servlet/hpexe_link HTTP/1.1" 200 950
201.186.226.3 - - [17/Aug/2026:11:15:05 -0300] "GET /cormun/servlet/hhome HTTP/1.1" 200 3930
200.126.116.145 - - [17/Aug/2026:11:15:08 -0300] "POST /cormun/servlet/solicitudot?gx-no-cache=1786976556165 HTTP/1.1" 200 4163
200.126.116.145 - - [17/Aug/2026:11:15:08 -0300] "POST /cormun/servlet/solicitudot?c39531074e0963afb0dd41c608c84644,INS,0,0,false,,gx-no-cache=1786976556299 HTTP/1.1" 200 13106
200.126.116.145 - - [17/Aug/2026:11:15:12 -0300] "GET /cormun/servlet/solicitudot?e1e1e2fdfcc5c2133999951058c4c65fd517c915112ca9e8765cb90eb09dd7c43b80485229bd5d654b401d4411ced1b9,gx-no-cache=1786976560405 HTTP/1.1" 200 30
201.186.226.3 - - [17/Aug/2026:11:15:13 -0300] "GET /cormun/servlet/trpermisosgoce? HTTP/1.1" 200 11857
201.186.226.3 - - [17/Aug/2026:11:15:18 -0300] "GET /cormun/servlet/permisogoce?INS,0,,, HTTP/1.1" 200 6795
200.126.116.145 - - [17/Aug/2026:11:15:18 -0300] "GET /cormun/servlet/trsolicitudot? HTTP/1.1" 200 7546
200.126.116.145 - - [17/Aug/2026:11:15:22 -0300] "GET /cormun/servlet/solicitudot?INS,0,0,false, HTTP/1.1" 200 16417
200.126.116.145 - - [17/Aug/2026:11:15:31 -0300] "POST /cormun/servlet/solicitudot?gx-no-cache=1786976578419 HTTP/1.1" 200 4063
200.126.116.145 - - [17/Aug/2026:11:15:31 -0300] "POST /cormun/servlet/solicitudot?c39531074e0963afb0dd41c608c84644,INS,0,0,false,,gx-no-cache=1786976578527 HTTP/1.1" 200 12950
200.126.116.145 - - [17/Aug/2026:11:15:34 -0300] "GET /cormun/servlet/solicitudot?e1e1e2fdfcc5c2133999951058c4c65fd517c915112ca9e8765cb90eb09dd7c43b80485229bd5d654b401d4411ced1b9,gx-no-cache=1786976582218 HTTP/1.1" 200 30
190.95.67.99 - - [17/Aug/2026:11:16:04 -0300] "POST /cormun/servlet/licenciaspermisos?40a21ab0a9288f365132b9f3d7ccd41f,DSP,9299830,L,20260814000000,,gx-no-cache=1786976546150 HTTP/1.1" 200 93
190.95.67.99 - - [17/Aug/2026:11:16:04 -0300] "GET /cormun/servlet/hpexe_return? HTTP/1.1" 200 1023
190.95.67.99 - - [17/Aug/2026:11:16:04 -0300] "GET /cormun/servlet/trlicencias HTTP/1.1" 200 19288
201.186.226.3 - - [17/Aug/2026:11:16:17 -0300] "GET /cormun/servlet/permisogoce?f1a22f78458c2053544ca96e7c4442790200714a39abae88e67e3b3cad102dec8fb6850c3c12a84473ca7cb66f63552342aff584e45c39fb7767f2d467ab4990,gx-no-cache=1786976617497 HTTP/1.1" 200 81
201.186.226.3 - - [17/Aug/2026:11:16:20 -0300] "GET /cormun/static/menuarrow.gif HTTP/1.1" 404 1015
201.186.226.3 - - [17/Aug/2026:11:16:32 -0300] "GET /cormun/servlet/permisogoce?f1a22f78458c2053544ca96e7c444279f017856e020c008028522a5d80c76101032ec8baffc456e69a6ff86c42e318426acf32254f5086ccf97d188bebb455d0,gx-no-cache=1786976632721 HTTP/1.1" 200 48
201.186.226.3 - - [17/Aug/2026:11:16:48 -0300] "POST /cormun/servlet/permisogoce?ebc405ad9e6ff86d01f02bc2f55884f2,INS,0,,,,gx-no-cache=1786976647911 HTTP/1.1" 200 93
201.186.226.3 - - [17/Aug/2026:11:16:48 -0300] "GET /cormun/servlet/hpexe_return? HTTP/1.1" 200 1009
201.186.226.3 - - [17/Aug/2026:11:16:48 -0300] "GET /cormun/servlet/trpermisosgoce HTTP/1.1" 200 12176
200.126.116.145 - - [17/Aug/2026:11:16:58 -0300] "GET /cormun/static/Resources/resize.gif HTTP/1.1" 200 77
200.126.116.145 - - [17/Aug/2026:11:16:58 -0300] "GET /cormun/static/Resources/PXTools/ClosePrompt.png HTTP/1.1" 200 1036
200.126.116.145 - - [17/Aug/2026:11:16:58 -0300] "GET /cormun/servlet/prbanco?,MD,,gxPopupLevel%3D0%3B HTTP/1.1" 200 6738
200.126.116.145 - - [17/Aug/2026:11:16:58 -0300] "GET /cormun/static/gxcfg.js?20201216131581 HTTP/1.1" 200 953
200.126.116.145 - - [17/Aug/2026:11:16:58 -0300] "GET /cormun/static/Resources/PXToolsMenuSearch.png HTTP/1.1" 200 336
200.126.116.145 - - [17/Aug/2026:11:16:58 -0300] "GET /cormun/static/prbanco.js?20201216132311 HTTP/1.1" 200 10693
200.126.116.145 - - [17/Aug/2026:11:16:58 -0300] "GET /cormun/static/menusearch.js?20201214473581 HTTP/1.1" 200 1424
200.126.116.145 - - [17/Aug/2026:11:16:58 -0300] "GET /cormun/static/Resources/PXToolsMenuSearchCancel.png HTTP/1.1" 200 306
200.126.116.145 - - [17/Aug/2026:11:16:58 -0300] "GET /cormun/static/hmpwkw011.js?202211298443482 HTTP/1.1" 200 1968
201.186.226.3 - - [17/Aug/2026:11:17:00 -0300] "GET /cormun/servlet/apermisogoceprn?20069546,P,20260817102428,PU HTTP/1.1" 200 1648
200.126.116.145 - - [17/Aug/2026:11:17:01 -0300] "GET /cormun/servlet/solicitudot?e1e1e2fdfcc5c2133999951058c4c65fe957182bc83bc547285e3a2c745c4d2ba6614584e36d0c0c3ccdfede355c7fe8b528ada24fd807321169bb03b105e443,gx-no-cache=1786976668714 HTTP/1.1" 200 103
200.126.116.145 - - [17/Aug/2026:11:17:19 -0300] "GET /cormun/servlet/solicitudot?e1e1e2fdfcc5c2133999951058c4c65fe957182bc83bc547285e3a2c745c4d2bd950a5d0e07d99322ab1d2b798eaa0e319b3bf45a7ecc097aa206b200e06659a,gx-no-cache=1786976686584 HTTP/1.1" 200 30
200.126.116.145 - - [17/Aug/2026:11:17:19 -0300] "GET /cormun/servlet/solicitudot?e1e1e2fdfcc5c2133999951058c4c65fbfa8ef4d80fed3825accfaa28ae4347c,gx-no-cache=1786976686608 HTTP/1.1" 200 53
200.126.116.145 - - [17/Aug/2026:11:17:39 -0300] "POST /cormun/servlet/solicitudot?gx-no-cache=1786976707015 HTTP/1.1" 200 297
200.126.116.145 - - [17/Aug/2026:11:17:39 -0300] "GET /cormun/servlet/solicitudot?e1e1e2fdfcc5c2133999951058c4c65f356fd053519cb5023e0a590410db898bd13da674fee3006ee97c8121a318a909f3528d7fc884ce2883b1af71d1544849043afcae9c65ef89f33ad0fb988030e482ed4a051d2d6cab1785ead1d003214dfc92ddf3bc3966662d9ca81b6a1ef069fab547c242f31362948e121921f5cc66301f9dc750f392bc5c98bde3d093552e51ee4f92e12da459150845e206b59f0cc51829ebb615211538bf5b0d0d2ce0a48ee20645145866b189862ac6c9ed62cbfe50d4450bd8a14386226e4205216fc1e1723d3bb03851c87802170d14a24f7faead7b4446e6f29a4d9d832f615bdfc547c9a5e6b7fc529b8e29a3f7260cdef17abcb71073423c7771554edc6bb706df8be71af31e35e03da652f4a947390e3f7d5aa9d1fc43fd3070f330732ec90e614e98065f368a6a5afaa20e634f60ec658715cb6541bc29610e05072003c97f0fb24d79e291bc742cd66ace0c44946db9f6ecdd1328206ca45c9c3ac77ddda8ecf112dbbd358355602cf3c0e4dc2f642fb528ada24fd807321169bb03b105e443,gx-no-cache=1786976707050 HTTP/1.1" 200 30
200.126.116.145 - - [17/Aug/2026:11:17:41 -0300] "POST /cormun/servlet/solicitudot?gx-no-cache=1786976708983 HTTP/1.1" 200 30
200.126.116.145 - - [17/Aug/2026:11:17:44 -0300] "POST /cormun/servlet/solicitudot?gx-no-cache=1786976712054 HTTP/1.1" 200 1505
200.126.116.145 - - [17/Aug/2026:11:17:44 -0300] "POST /cormun/servlet/solicitudot?gx-no-cache=1786976712082 HTTP/1.1" 200 38
190.95.1.187 - - [17/Aug/2026:11:19:13 -0300] "GET /cormun/servlet/hlogin HTTP/1.1" 200 1720
190.95.1.187 - - [17/Aug/2026:11:19:17 -0300] "POST /cormun/servlet/hlogin?662da608de98c4f1aa89bdb22aa900e7,gx-no-cache=1786976797519 HTTP/1.1" 200 90
190.95.1.187 - - [17/Aug/2026:11:19:17 -0300] "GET /cormun/servlet/hpexe_link HTTP/1.1" 200 951
190.95.1.187 - - [17/Aug/2026:11:19:17 -0300] "GET /cormun/servlet/hhome HTTP/1.1" 200 4018
190.95.1.187 - - [17/Aug/2026:11:19:19 -0300] "GET /cormun/servlet/trlicencias? HTTP/1.1" 200 14352
186.174.39.34 - - [17/Aug/2026:11:19:41 -0300] "GET /cormun/servlet/hlogin HTTP/1.1" 200 1718
186.174.39.34 - - [17/Aug/2026:11:19:41 -0300] "GET /cormun/servlet/hlogin HTTP/1.1" 200 1727
186.174.39.34 - - [17/Aug/2026:11:19:43 -0300] "POST /cormun/servlet/hlogin?4c298254b95210c8c3611d02cbaf5c26,gx-no-cache=1786976826959 HTTP/1.1" 200 90
186.174.39.34 - - [17/Aug/2026:11:19:43 -0300] "GET /cormun/servlet/hpexe_link HTTP/1.1" 200 947
186.174.39.34 - - [17/Aug/2026:11:19:44 -0300] "GET /cormun/servlet/hhome HTTP/1.1" 200 3917
186.174.39.34 - - [17/Aug/2026:11:20:15 -0300] "GET /cormun/servlet/trlicencias? HTTP/1.1" 200 13168
186.174.39.34 - - [17/Aug/2026:11:20:23 -0300] "POST /cormun/servlet/trlicencias?4c298254b95210c8c3611d02cbaf5c26,,gx-no-cache=1786976866811 HTTP/1.1" 200 11009
190.95.67.93 - - [17/Aug/2026:11:20:54 -0300] "GET /cormun/servlet/trlicencias? HTTP/1.1" 200 13197
190.95.67.93 - - [17/Aug/2026:11:20:54 -0300] "GET /cormun/static/gxcfg.js?202211298463625 HTTP/1.1" 200 953
190.95.67.93 - - [17/Aug/2026:11:20:54 -0300] "GET /cormun/static/trlicencias.js?202211298463889 HTTP/1.1" 200 41883
190.95.15.17 - - [17/Aug/2026:11:21:10 -0300] "GET /cormun/servlet/hlogin HTTP/1.1" 200 1717
190.95.15.17 - - [17/Aug/2026:11:21:13 -0300] "POST /cormun/servlet/hlogin?7513fa50d87f6b6b6fafeb4c1cf38450,gx-no-cache=1786977498719 HTTP/1.1" 200 90
190.95.15.17 - - [17/Aug/2026:11:21:13 -0300] "GET /cormun/servlet/hpexe_link HTTP/1.1" 200 948
190.95.15.17 - - [17/Aug/2026:11:21:13 -0300] "GET /cormun/servlet/hhome HTTP/1.1" 200 4379
190.95.15.17 - - [17/Aug/2026:11:21:20 -0300] "GET /cormun/servlet/trpermisosgoce? HTTP/1.1" 200 18701
190.95.15.17 - - [17/Aug/2026:11:21:39 -0300] "GET /cormun/servlet/trsolicitudot? HTTP/1.1" 200 9598
190.95.67.93 - - [17/Aug/2026:11:21:57 -0300] "GET /cormun/servlet/trlicencias? HTTP/1.1" 200 13192
190.95.15.17 - - [17/Aug/2026:11:21:58 -0300] "GET /cormun/servlet/trlicencias? HTTP/1.1" 200 11620
190.95.67.93 - - [17/Aug/2026:11:22:00 -0300] "GET /cormun/servlet/trpermisosgoce? HTTP/1.1" 200 9008
190.95.67.93 - - [17/Aug/2026:11:22:17 -0300] "POST /cormun/servlet/trpermisosgoce?2af398d0d7904abaf7bff47bc2ce1fe7,,gx-no-cache=1786976978062 HTTP/1.1" 200 15887
190.95.67.93 - - [17/Aug/2026:11:22:18 -0300] "GET /cormun/static/Resources/PXToolsGridNext.gif HTTP/1.1" 200 369
190.95.67.93 - - [17/Aug/2026:11:22:18 -0300] "GET /cormun/static/Resources/PXToolsGridLast.gif HTTP/1.1" 200 370
190.95.1.185 - - [17/Aug/2026:11:22:23 -0300] "GET /cormun/servlet/trpermisosgoce? HTTP/1.1" 200 6027
190.95.1.185 - - [17/Aug/2026:11:22:23 -0300] "GET /cormun/servlet/hlogin HTTP/1.1" 200 1734
190.95.1.185 - - [17/Aug/2026:11:22:25 -0300] "POST /cormun/servlet/hlogin?54d961c878b41232fa91410fbdeea91a,gx-no-cache=1786976986060 HTTP/1.1" 200 90
190.95.1.185 - - [17/Aug/2026:11:22:25 -0300] "GET /cormun/servlet/hpexe_link HTTP/1.1" 200 953
190.95.1.185 - - [17/Aug/2026:11:22:25 -0300] "GET /cormun/servlet/trpermisosgoce HTTP/1.1" 200 14492
190.95.15.17 - - [17/Aug/2026:11:22:27 -0300] "GET /cormun/servlet/hlogin HTTP/1.1" 200 1719
190.95.1.185 - - [17/Aug/2026:11:22:27 -0300] "GET /cormun/servlet/permisogoce?INS,0,,, HTTP/1.1" 200 7378
190.95.15.17 - - [17/Aug/2026:11:22:30 -0300] "POST /cormun/servlet/hlogin?f2b6f62d8d43085a97a64f99d66d5159,gx-no-cache=1786976990539 HTTP/1.1" 200 90
190.95.15.17 - - [17/Aug/2026:11:22:30 -0300] "GET /cormun/servlet/hpexe_link HTTP/1.1" 200 949
190.95.15.17 - - [17/Aug/2026:11:22:30 -0300] "GET /cormun/servlet/hhome HTTP/1.1" 200 4378
190.95.1.185 - - [17/Aug/2026:11:22:34 -0300] "GET /cormun/servlet/permisogoce?b536db324d57cb1875f5f4aa0077c8f600df1c13440cde6c69b010de83352b147d2f1ab651c6383b8d76587c46118a3eeee832817b08f8e120a3ebaaf6f0f11e,gx-no-cache=1786976995173 HTTP/1.1" 200 81
190.95.1.185 - - [17/Aug/2026:11:22:34 -0300] "GET /cormun/static/menuarrow.gif HTTP/1.1" 404 1015
190.95.1.185 - - [17/Aug/2026:11:22:37 -0300] "GET /cormun/servlet/permisogoce?b536db324d57cb1875f5f4aa0077c8f63eadff362fd5f7fc83bf0c7ebf143bca50d56f09b5394b2297a640605f66bd114cf19b2ba72439e0c0d1daad0fe09ac5,gx-no-cache=1786976997614 HTTP/1.1" 200 47
201.186.226.3 - - [17/Aug/2026:11:22:39 -0300] "GET /cormun/servlet/hlogin HTTP/1.1" 200 1737
190.95.1.185 - - [17/Aug/2026:11:22:39 -0300] "POST /cormun/servlet/permisogoce?54d961c878b41232fa91410fbdeea91a,INS,0,,,,gx-no-cache=1786976999717 HTTP/1.1" 200 93
190.95.1.185 - - [17/Aug/2026:11:22:40 -0300] "GET /cormun/servlet/hpexe_return? HTTP/1.1" 200 1005
190.95.1.185 - - [17/Aug/2026:11:22:40 -0300] "GET /cormun/servlet/trpermisosgoce HTTP/1.1" 200 14723
190.95.1.185 - - [17/Aug/2026:11:22:42 -0300] "GET /cormun/servlet/apermisogoceprn?11231632,P,20260817103138,PU HTTP/1.1" 200 1660
190.95.15.17 - - [17/Aug/2026:11:22:44 -0300] "GET /cormun/servlet/trlicencias? HTTP/1.1" 200 11613
190.95.15.17 - - [17/Aug/2026:11:22:44 -0300] "GET /cormun/static/gxcfg.js?202211298463625 HTTP/1.1" 200 953
190.95.15.17 - - [17/Aug/2026:11:22:44 -0300] "GET /cormun/static/trlicencias.js?202211298463889 HTTP/1.1" 200 41883
190.95.15.17 - - [17/Aug/2026:11:22:44 -0300] "GET /cormun//static/Resources/PXToolsActionDisabled.gif HTTP/1.1" 200 53
190.95.15.17 - - [17/Aug/2026:11:22:44 -0300] "GET /cormun//static/Resources/PXToolsGridDisplay.png HTTP/1.1" 200 525
190.95.15.17 - - [17/Aug/2026:11:22:44 -0300] "GET /cormun//static/Resources/PXToolsActionPrint.png HTTP/1.1" 200 404
190.95.15.17 - - [17/Aug/2026:11:22:44 -0300] "GET /cormun//static/Resources/PXToolsHeaderHelp.png HTTP/1.1" 200 1333
190.95.15.17 - - [17/Aug/2026:11:22:44 -0300] "GET /cormun//static/Resources/PXToolsHeaderFavorites.png HTTP/1.1" 200 1414
200.126.116.145 - - [17/Aug/2026:11:25:17 -0300] "GET /cormun/servlet/solicitudot?e1e1e2fdfcc5c2133999951058c4c65fead812c01e74dbec23a3a2de0c23ff935ed92bf77280d1b0d66dc103a13cc30a1858d86b11b16b8d7bc56a9b3856537bcb8741b2d1b1cd3920be9fde0bc4fb1a1ddef2bd2aacad0a05eeb31b723e73464da04be6db39517404a117799dd51896,gx-no-cache=1786977164886 HTTP/1.1" 200 110
200.126.116.145 - - [17/Aug/2026:11:26:58 -0300] "POST /cormun/servlet/solicitudot?gx-no-cache=1786977266129 HTTP/1.1" 200 72
190.95.15.17 - - [17/Aug/2026:11:27:03 -0300] "GET /cormun/servlet/hlogin HTTP/1.1" 200 1735
200.126.116.145 - - [17/Aug/2026:11:27:32 -0300] "GET /cormun/servlet/solicitudot?e1e1e2fdfcc5c2133999951058c4c65f1c0d356d6cc28d8f6320ef9da24a272e094683d55d0fcefd9858e8e4ae049397888821b9a7ff08578150eadef1c5a6ac627b3963abbd9fc141f246850fedd2760c74962cb3d3d114a51e0e0cf27ccd5544d2cf3f2e6c0e3b2a23815f565e4b09,gx-no-cache=1786977300026 HTTP/1.1" 200 29
200.126.116.145 - - [17/Aug/2026:11:27:32 -0300] "GET /cormun/static/menuarrow.gif HTTP/1.1" 404 1015
190.95.1.185 - - [17/Aug/2026:11:28:43 -0300] "GET /cormun/servlet/trlicencias? HTTP/1.1" 200 12381
200.126.110.43 - - [17/Aug/2026:11:28:45 -0300] "POST /cormun/servlet/trsolicitudot?b32d6bb78ac88f3d3c850944c143d932,gx-no-cache=1786977366189 HTTP/1.1" 200 113
200.126.110.43 - - [17/Aug/2026:11:28:46 -0300] "GET /cormun/servlet/solicitudot?UPD,2026,23878,false, HTTP/1.1" 200 16895
200.126.110.43 - - [17/Aug/2026:11:28:47 -0300] "GET /cormun/servlet/solicitudot?UPD,2026,23878,false, HTTP/1.1" 200 16906
200.126.110.43 - - [17/Aug/2026:11:28:48 -0300] "POST /cormun/servlet/solicitudot?gx-no-cache=1786977368510 HTTP/1.1" 200 4144
200.126.110.43 - - [17/Aug/2026:11:28:48 -0300] "POST /cormun/servlet/solicitudot?b32d6bb78ac88f3d3c850944c143d932,UPD,2026,23878,false,,gx-no-cache=1786977368722 HTTP/1.1" 200 13122
200.126.110.43 - - [17/Aug/2026:11:28:48 -0300] "GET /cormun/servlet/solicitudot?6f75f2789a9597a6002b4f8c462e1498108cdc658e67be550e6c6948f6ea546ffb139181d983491f33880f6b8d96b7f7,gx-no-cache=1786977368938 HTTP/1.1" 200 30
200.126.110.43 - - [17/Aug/2026:11:28:48 -0300] "GET /cormun/servlet/solicitudot?6f75f2789a9597a6002b4f8c462e1498300bb2c237890351c6327015451d58afe5a93cee8cf486740351e755b129ba7db205e5e3e0d9ada3cd9cf1fa3082d5cf,gx-no-cache=1786977368979 HTTP/1.1" 200 30
200.126.110.43 - - [17/Aug/2026:11:28:48 -0300] "GET /cormun/servlet/solicitudot?6f75f2789a9597a6002b4f8c462e149819662fdcf976de89be564013fe1d437d776acecd2f0747c26497010f2795925c,gx-no-cache=1786977369004 HTTP/1.1" 200 42
200.126.110.43 - - [17/Aug/2026:11:28:48 -0300] "POST /cormun/servlet/solicitudot?gx-no-cache=1786977369039 HTTP/1.1" 200 295
200.126.110.43 - - [17/Aug/2026:11:28:48 -0300] "GET /cormun/servlet/solicitudot?6f75f2789a9597a6002b4f8c462e1498d6b1e754701e3ad2b9a65b1658a986873f35a58ff20f622f5671c87a9d88a5389271ff292c4b279afbf236ffb85b283fcffc72d63cb9091e4a6c3738abb99c7b830f3b41dca9e138db809e35e7fa5f62b1bd4b99e386b9c00710881fda7794fc889fca3afac45029b185f1af4d257f896a04b79dda25582361f0d126638af5c71cb9031ca4cbb41e855e4a0eb7f42eed09ab4839c81707d18061aa33e130b6ef5f984426f608caf030afe1173da0a38148ae2ef4bf075755868e49462400913231669d75796e5204e29e0e45e1d42619125e9e885ba8f333cab18e70920092fe52293fdc387a0333ff056b755b669ee2205c4db6443065d8711f397c6ea741f7ef884ae0906c04f205c11c6e39ea3f16dbe635c5dee4a359c5a68665490e40c7ccd3793f23ece63bda7abfd430ad5c10102540f475a4973ee6e8857f9604184f9e3410119184b4e0982ec2a98fcdd55f2c4d614c250bdd83d314eed6556bcfd9a2de73927e2a407ddd14da5b378f42feb205e5e3e0d9ada3cd9cf1fa3082d5cf,gx-no-cache=1786977369071 HTTP/1.1" 200 30
200.126.110.43 - - [17/Aug/2026:11:28:48 -0300] "POST /cormun/servlet/solicitudot?gx-no-cache=1786977369115 HTTP/1.1" 200 30
200.126.110.43 - - [17/Aug/2026:11:28:48 -0300] "POST /cormun/servlet/solicitudot?gx-no-cache=1786977369161 HTTP/1.1" 200 1508
200.126.110.43 - - [17/Aug/2026:11:28:48 -0300] "POST /cormun/servlet/solicitudot?gx-no-cache=1786977369293 HTTP/1.1" 200 41
190.95.67.93 - - [17/Aug/2026:11:30:03 -0300] "GET /cormun/servlet/trpermisosgoce HTTP/1.1" 200 6037
190.95.67.93 - - [17/Aug/2026:11:30:05 -0300] "GET /cormun/servlet/hlogin HTTP/1.1" 200 1740
190.95.67.93 - - [17/Aug/2026:11:30:09 -0300] "POST /cormun/servlet/hlogin?e2d05eb6d283c3b5e03508ae54714b34,gx-no-cache=1786977449936 HTTP/1.1" 200 90
190.95.67.93 - - [17/Aug/2026:11:30:09 -0300] "GET /cormun/servlet/hpexe_link HTTP/1.1" 200 957
190.95.67.93 - - [17/Aug/2026:11:30:09 -0300] "GET /cormun/servlet/trpermisosgoce HTTP/1.1" 200 18395
190.95.67.93 - - [17/Aug/2026:11:30:27 -0300] "GET /cormun/servlet/trpermisosadjuntos?18379144,20260804094204,P, HTTP/1.1" 200 6664
190.95.67.93 - - [17/Aug/2026:11:30:27 -0300] "GET /cormun/static/gxcfg.js?2020121641683 HTTP/1.1" 200 953
190.95.67.93 - - [17/Aug/2026:11:30:27 -0300] "GET /cormun/static/trpermisosadjuntos.js?2020121642996 HTTP/1.1" 200 20158
190.95.67.93 - - [17/Aug/2026:11:30:29 -0300] "GET /cormun/servlet/permisosadjuntos?INS,18379144,P,20260804094204,, HTTP/1.1" 200 5991
190.95.67.93 - - [17/Aug/2026:11:30:29 -0300] "GET /cormun/static/gxcfg.js?20201215134212 HTTP/1.1" 200 953
190.95.67.93 - - [17/Aug/2026:11:30:29 -0300] "GET /cormun/static/permisosadjuntos.js?20201215134285 HTTP/1.1" 200 8724
190.95.67.93 - - [17/Aug/2026:11:30:29 -0300] "GET /cormun/static/about:blank HTTP/1.1" 404 1011
190.95.1.129 - - [17/Aug/2026:11:30:33 -0300] "POST /cormun/servlet/trlicencias?44d61b99352c770ef45118c5de9a11ec,,gx-no-cache=1786977474607 HTTP/1.1" 440 972
190.95.1.129 - - [17/Aug/2026:11:30:34 -0300] "GET /cormun/servlet/trlicencias? HTTP/1.1" 200 6047
190.95.1.129 - - [17/Aug/2026:11:30:34 -0300] "GET /cormun/servlet/hlogin HTTP/1.1" 200 1732
190.95.67.93 - - [17/Aug/2026:11:30:40 -0300] "POST /cormun/servlet/permisosadjuntos?e2d05eb6d283c3b5e03508ae54714b34,INS,18379144,P,20260804094204,, HTTP/1.1" 200 116
190.95.67.93 - - [17/Aug/2026:11:30:40 -0300] "GET /cormun/servlet/hpexe_return? HTTP/1.1" 200 1039
190.95.67.93 - - [17/Aug/2026:11:30:40 -0300] "GET /cormun/servlet/trpermisosadjuntos?18379144,20260804094204,P, HTTP/1.1" 200 7230
190.95.15.27 - - [17/Aug/2026:11:30:41 -0300] "GET /cormun/servlet/trlicencias? HTTP/1.1" 200 6048
190.95.15.27 - - [17/Aug/2026:11:30:41 -0300] "GET /cormun/servlet/hlogin HTTP/1.1" 200 1735
190.95.1.129 - - [17/Aug/2026:11:30:42 -0300] "POST /cormun/servlet/hlogin?79233e9afae16e56bdfea0058e032522,gx-no-cache=1786977483658 HTTP/1.1" 200 90
190.95.1.129 - - [17/Aug/2026:11:30:42 -0300] "GET /cormun/servlet/hpexe_link HTTP/1.1" 200 953
190.95.1.129 - - [17/Aug/2026:11:30:43 -0300] "GET /cormun/servlet/trlicencias HTTP/1.1" 200 11870
190.95.67.93 - - [17/Aug/2026:11:30:43 -0300] "POST /cormun/servlet/trpermisosadjuntos?e2d05eb6d283c3b5e03508ae54714b34,18379144,20260804094204,P,,gx-no-cache=1786977483645 HTTP/1.1" 200 90
190.95.67.93 - - [17/Aug/2026:11:30:43 -0300] "GET /cormun/servlet/hpexe_link HTTP/1.1" 200 985
190.95.67.93 - - [17/Aug/2026:11:30:43 -0300] "GET /cormun/servlet/trpermisosgoce HTTP/1.1" 200 18407
190.95.15.27 - - [17/Aug/2026:11:30:50 -0300] "POST /cormun/servlet/hlogin?c05319ecc8838e7608378f2d53b3a256,gx-no-cache=1786977492126 HTTP/1.1" 200 90
190.95.15.27 - - [17/Aug/2026:11:30:50 -0300] "GET /cormun/servlet/hpexe_link HTTP/1.1" 200 954
190.95.15.27 - - [17/Aug/2026:11:30:50 -0300] "GET /cormun/servlet/trlicencias HTTP/1.1" 200 11582
190.95.67.93 - - [17/Aug/2026:11:31:06 -0300] "POST /cormun/servlet/trpermisosgoce?e2d05eb6d283c3b5e03508ae54714b34,gx-no-cache=1786977506895 HTTP/1.1" 200 15478
190.95.67.93 - - [17/Aug/2026:11:31:06 -0300] "GET /cormun/static/Shared/jqueryui/images/ui-bg_highlight-soft_100_c6c2c8_1x100.png HTTP/1.1" 404 1117
190.95.67.93 - - [17/Aug/2026:11:31:06 -0300] "GET /cormun/static/Shared/jqueryui/images/ui-icons_82798d_256x240.png HTTP/1.1" 404 1089
190.95.67.93 - - [17/Aug/2026:11:31:06 -0300] "GET /cormun/static/Shared/jqueryui/images/ui-bg_flat_55_fafafa_40x100.png HTTP/1.1" 404 1097
190.95.67.93 - - [17/Aug/2026:11:31:06 -0300] "GET /cormun/static/Shared/jqueryui/images/ui-icons_8d78a5_256x240.png HTTP/1.1" 404 1089
200.126.116.145 - - [17/Aug/2026:11:31:10 -0300] "GET /cormun/servlet/solicitudot?e1e1e2fdfcc5c2133999951058c4c65f2233c79a0733610848c243d19dccc5f93f505d0a99494b34ccd78dc2ca30e705,gx-no-cache=1786977518199 HTTP/1.1" 200 30
200.126.116.145 - - [17/Aug/2026:11:31:16 -0300] "POST /cormun/servlet/solicitudot?gx-no-cache=1786977524025 HTTP/1.1" 200 30
190.95.67.93 - - [17/Aug/2026:11:31:17 -0300] "GET /cormun/servlet/trpermisosadjuntos?18379144,20260727101403,P, HTTP/1.1" 200 6664
190.95.67.93 - - [17/Aug/2026:11:31:20 -0300] "GET /cormun/servlet/permisosadjuntos?INS,18379144,P,20260727101403,, HTTP/1.1" 200 5992
190.95.67.93 - - [17/Aug/2026:11:31:20 -0300] "GET /cormun/static/about:blank HTTP/1.1" 404 1011
190.95.67.93 - - [17/Aug/2026:11:31:35 -0300] "POST /cormun/servlet/permisosadjuntos?e2d05eb6d283c3b5e03508ae54714b34,INS,18379144,P,20260727101403,, HTTP/1.1" 200 116
190.95.67.93 - - [17/Aug/2026:11:31:36 -0300] "GET /cormun/servlet/hpexe_return? HTTP/1.1" 200 1038
190.95.67.93 - - [17/Aug/2026:11:31:36 -0300] "GET /cormun/servlet/trpermisosadjuntos?18379144,20260727101403,P, HTTP/1.1" 200 7230
190.95.67.93 - - [17/Aug/2026:11:31:39 -0300] "POST /cormun/servlet/trpermisosadjuntos?e2d05eb6d283c3b5e03508ae54714b34,18379144,20260727101403,P,,gx-no-cache=1786977539945 HTTP/1.1" 200 90
190.95.67.93 - - [17/Aug/2026:11:31:39 -0300] "GET /cormun/servlet/hpexe_link HTTP/1.1" 200 1008
190.95.67.93 - - [17/Aug/2026:11:31:39 -0300] "GET /cormun/servlet/trpermisosgoce?gx-no-cache=1786977506895 HTTP/1.1" 200 18418
190.95.67.93 - - [17/Aug/2026:11:31:47 -0300] "POST /cormun/servlet/trpermisosgoce?e2d05eb6d283c3b5e03508ae54714b34,gx-no-cache=1786977506895,gx-no-cache=1786977547153 HTTP/1.1" 200 15466
200.126.116.145 - - [17/Aug/2026:11:31:54 -0300] "POST /cormun/servlet/solicitudot?c39531074e0963afb0dd41c608c84644,INS,0,0,false,,gx-no-cache=1786977561743 HTTP/1.1" 200 93
200.126.116.145 - - [17/Aug/2026:11:31:54 -0300] "GET /cormun/servlet/hpexe_return? HTTP/1.1" 200 1008
200.126.116.145 - - [17/Aug/2026:11:31:54 -0300] "GET /cormun/servlet/trsolicitudot HTTP/1.1" 200 8966
200.126.116.145 - - [17/Aug/2026:11:31:54 -0300] "GET /cormun//static/Resources/PXToolsActionView.png HTTP/1.1" 200 398
200.126.116.145 - - [17/Aug/2026:11:31:54 -0300] "GET /cormun//static/Resources/PXToolsRemoveAllAction.png HTTP/1.1" 200 487
190.95.67.93 - - [17/Aug/2026:11:31:58 -0300] "GET /cormun/servlet/trpermisosadjuntos?14332274,20260804093012,P, HTTP/1.1" 200 6680
190.95.67.93 - - [17/Aug/2026:11:32:00 -0300] "GET /cormun/servlet/permisosadjuntos?INS,14332274,P,20260804093012,, HTTP/1.1" 200 5987
190.95.67.93 - - [17/Aug/2026:11:32:00 -0300] "GET /cormun/static/about:blank HTTP/1.1" 404 1011
190.95.67.93 - - [17/Aug/2026:11:32:12 -0300] "POST /cormun/servlet/permisosadjuntos?e2d05eb6d283c3b5e03508ae54714b34,INS,14332274,P,20260804093012,, HTTP/1.1" 200 116
190.95.67.93 - - [17/Aug/2026:11:32:13 -0300] "GET /cormun/servlet/hpexe_return? HTTP/1.1" 200 1037
190.95.67.93 - - [17/Aug/2026:11:32:13 -0300] "GET /cormun/servlet/trpermisosadjuntos?14332274,20260804093012,P, HTTP/1.1" 200 7234
190.95.67.93 - - [17/Aug/2026:11:32:14 -0300] "POST /cormun/servlet/trpermisosadjuntos?e2d05eb6d283c3b5e03508ae54714b34,14332274,20260804093012,P,,gx-no-cache=1786977575481 HTTP/1.1" 200 90
190.95.67.93 - - [17/Aug/2026:11:32:15 -0300] "GET /cormun/servlet/hpexe_link HTTP/1.1" 200 1008
190.95.67.93 - - [17/Aug/2026:11:32:15 -0300] "GET /cormun/servlet/trpermisosgoce?gx-no-cache=1786977506895 HTTP/1.1" 200 18400
190.95.67.93 - - [17/Aug/2026:11:32:19 -0300] "POST /cormun/servlet/trpermisosgoce?e2d05eb6d283c3b5e03508ae54714b34,gx-no-cache=1786977506895,gx-no-cache=1786977579867 HTTP/1.1" 200 15470
190.95.67.93 - - [17/Aug/2026:11:33:52 -0300] "GET /cormun/servlet/trpermisosadjuntos?17650925,20260720122759,P, HTTP/1.1" 200 6684
190.95.67.93 - - [17/Aug/2026:11:33:54 -0300] "GET /cormun/servlet/permisosadjuntos?INS,17650925,P,20260720122759,, HTTP/1.1" 200 5994
190.95.67.93 - - [17/Aug/2026:11:33:54 -0300] "GET /cormun/static/about:blank HTTP/1.1" 404 1011
190.95.15.17 - - [17/Aug/2026:11:34:06 -0300] "GET /cormun/servlet/hlogin HTTP/1.1" 200 1717
190.95.67.93 - - [17/Aug/2026:11:34:07 -0300] "POST /cormun/servlet/permisosadjuntos?e2d05eb6d283c3b5e03508ae54714b34,INS,17650925,P,20260720122759,, HTTP/1.1" 200 116
190.95.67.93 - - [17/Aug/2026:11:34:07 -0300] "GET /cormun/servlet/hpexe_return? HTTP/1.1" 200 1038
190.95.67.93 - - [17/Aug/2026:11:34:07 -0300] "GET /cormun/servlet/trpermisosadjuntos?17650925,20260720122759,P, HTTP/1.1" 200 7244
190.95.15.17 - - [17/Aug/2026:11:34:10 -0300] "POST /cormun/servlet/hlogin?7513fa50d87f6b6b6fafeb4c1cf38450,gx-no-cache=1786978275455 HTTP/1.1" 200 90
190.95.15.17 - - [17/Aug/2026:11:34:10 -0300] "GET /cormun/servlet/hpexe_link HTTP/1.1" 200 953
190.95.15.17 - - [17/Aug/2026:11:34:10 -0300] "GET /cormun/servlet/trlicencias HTTP/1.1" 200 11620
190.95.67.93 - - [17/Aug/2026:11:34:10 -0300] "POST /cormun/servlet/trpermisosadjuntos?e2d05eb6d283c3b5e03508ae54714b34,17650925,20260720122759,P,,gx-no-cache=1786977691233 HTTP/1.1" 200 90
190.95.67.93 - - [17/Aug/2026:11:34:10 -0300] "GET /cormun/servlet/hpexe_link HTTP/1.1" 200 1007
190.95.67.93 - - [17/Aug/2026:11:34:11 -0300] "GET /cormun/servlet/trpermisosgoce?gx-no-cache=1786977506895 HTTP/1.1" 200 18417
190.95.67.93 - - [17/Aug/2026:11:34:16 -0300] "POST /cormun/servlet/trpermisosgoce?e2d05eb6d283c3b5e03508ae54714b34,gx-no-cache=1786977506895,gx-no-cache=1786977696514 HTTP/1.1" 200 15472
190.95.15.17 - - [17/Aug/2026:11:34:17 -0300] "GET /cormun/servlet/trpermisosgoce? HTTP/1.1" 200 18698
190.95.67.93 - - [17/Aug/2026:11:34:23 -0300] "GET /cormun/servlet/trpermisosadjuntos?7594271,20260721114042,P, HTTP/1.1" 200 6681
190.95.67.93 - - [17/Aug/2026:11:34:24 -0300] "GET /cormun/servlet/permisosadjuntos?INS,7594271,P,20260721114042,, HTTP/1.1" 200 5989
190.95.67.93 - - [17/Aug/2026:11:34:25 -0300] "GET /cormun/static/about:blank HTTP/1.1" 404 1011
190.95.67.93 - - [17/Aug/2026:11:34:37 -0300] "POST /cormun/servlet/permisosadjuntos?e2d05eb6d283c3b5e03508ae54714b34,INS,7594271,P,20260721114042,, HTTP/1.1" 200 116
190.95.67.93 - - [17/Aug/2026:11:34:37 -0300] "GET /cormun/servlet/hpexe_return? HTTP/1.1" 200 1039
190.95.67.93 - - [17/Aug/2026:11:34:37 -0300] "GET /cormun/servlet/trpermisosadjuntos?7594271,20260721114042,P, HTTP/1.1" 200 7227
190.95.67.93 - - [17/Aug/2026:11:34:39 -0300] "POST /cormun/servlet/trpermisosadjuntos?e2d05eb6d283c3b5e03508ae54714b34,7594271,20260721114042,P,,gx-no-cache=1786977719801 HTTP/1.1" 200 90
190.95.67.93 - - [17/Aug/2026:11:34:39 -0300] "GET /cormun/servlet/hpexe_link HTTP/1.1" 200 1006
190.95.67.93 - - [17/Aug/2026:11:34:39 -0300] "GET /cormun/servlet/trpermisosgoce?gx-no-cache=1786977506895 HTTP/1.1" 200 18419
190.95.67.93 - - [17/Aug/2026:11:34:44 -0300] "POST /cormun/servlet/trpermisosgoce?e2d05eb6d283c3b5e03508ae54714b34,gx-no-cache=1786977506895,gx-no-cache=1786977724866 HTTP/1.1" 200 15474
200.126.116.145 - - [17/Aug/2026:11:34:53 -0300] "POST /cormun/servlet/trsolicitudot?c39531074e0963afb0dd41c608c84644,gx-no-cache=1786977740561 HTTP/1.1" 200 107
200.126.116.145 - - [17/Aug/2026:11:34:53 -0300] "GET /cormun/servlet/trsolicitudadjuntos?2026,23885, HTTP/1.1" 200 6438
200.126.116.145 - - [17/Aug/2026:11:34:53 -0300] "GET /cormun/static/gxcfg.js?20201215574222 HTTP/1.1" 200 953
200.126.116.145 - - [17/Aug/2026:11:34:53 -0300] "GET /cormun/static/Resources/PXToolsGridNew.png HTTP/1.1" 200 427
200.126.116.145 - - [17/Aug/2026:11:34:53 -0300] "GET /cormun/static/trsolicitudadjuntos.js?20201215574932 HTTP/1.1" 200 17921
200.126.116.145 - - [17/Aug/2026:11:34:55 -0300] "GET /cormun/servlet/solicitudotadjuntos?INS,2026,23885,,1, HTTP/1.1" 200 6380
200.126.116.145 - - [17/Aug/2026:11:34:55 -0300] "GET /cormun/static/gxcfg.js?202211298385187 HTTP/1.1" 200 953
200.126.116.145 - - [17/Aug/2026:11:34:55 -0300] "GET /cormun/static/solicitudotadjuntos.js?202211298385196 HTTP/1.1" 200 11771
200.126.116.145 - - [17/Aug/2026:11:34:55 -0300] "GET /cormun/static/about:blank HTTP/1.1" 404 1011
200.126.116.145 - - [17/Aug/2026:11:34:55 -0300] "GET /cormun/servlet/solicitudotadjuntos?e1e1e2fdfcc5c2133999951058c4c65f225e65eb88d1254aac8c1b925b2ff825c431e91aa7dbd778b122b881fb467901,gx-no-cache=1786977743186 HTTP/1.1" 200 30
200.126.116.145 - - [17/Aug/2026:11:34:55 -0300] "POST /cormun/servlet/solicitudotadjuntos?c39531074e0963afb0dd41c608c84644,INS,2026,23885,,1,,gx-no-cache=1786977743207 HTTP/1.1" 200 4150
190.95.67.93 - - [17/Aug/2026:11:35:00 -0300] "GET /cormun/servlet/trpermisosadjuntos?11672518,20260720122917,P, HTTP/1.1" 200 6679
200.126.116.145 - - [17/Aug/2026:11:35:02 -0300] "POST /cormun/servlet/solicitudotadjuntos?c39531074e0963afb0dd41c608c84644,INS,2026,23885,,1,,gx-no-cache=1786977749696 HTTP/1.1" 200 93
200.126.116.145 - - [17/Aug/2026:11:35:02 -0300] "GET /cormun/servlet/hpexe_return? HTTP/1.1" 200 1025
200.126.116.145 - - [17/Aug/2026:11:35:02 -0300] "GET /cormun/servlet/trsolicitudadjuntos?2026,23885, HTTP/1.1" 200 6441
190.95.67.93 - - [17/Aug/2026:11:35:02 -0300] "GET /cormun/servlet/permisosadjuntos?INS,11672518,P,20260720122917,, HTTP/1.1" 200 5990
190.95.67.93 - - [17/Aug/2026:11:35:02 -0300] "GET /cormun/static/about:blank HTTP/1.1" 404 1011
200.126.116.145 - - [17/Aug/2026:11:35:04 -0300] "GET /cormun/servlet/solicitudotadjuntos?INS,2026,23885,,2, HTTP/1.1" 200 6379
200.126.116.145 - - [17/Aug/2026:11:35:04 -0300] "GET /cormun/static/about:blank HTTP/1.1" 404 1011
200.126.116.145 - - [17/Aug/2026:11:35:04 -0300] "GET /cormun/servlet/solicitudotadjuntos?e1e1e2fdfcc5c2133999951058c4c65f225e65eb88d1254aac8c1b925b2ff825c431e91aa7dbd778b122b881fb467901,gx-no-cache=1786977752198 HTTP/1.1" 200 30
200.126.116.145 - - [17/Aug/2026:11:35:04 -0300] "POST /cormun/servlet/solicitudotadjuntos?c39531074e0963afb0dd41c608c84644,INS,2026,23885,,2,,gx-no-cache=1786977752218 HTTP/1.1" 200 4363
200.126.116.145 - - [17/Aug/2026:11:35:10 -0300] "POST /cormun/servlet/solicitudotadjuntos?c39531074e0963afb0dd41c608c84644,INS,2026,23885,,2,,gx-no-cache=1786977758273 HTTP/1.1" 200 93
200.126.116.145 - - [17/Aug/2026:11:35:10 -0300] "GET /cormun/servlet/hpexe_return? HTTP/1.1" 200 1025
200.126.116.145 - - [17/Aug/2026:11:35:10 -0300] "GET /cormun/servlet/trsolicitudadjuntos?2026,23885, HTTP/1.1" 200 6441
200.126.116.145 - - [17/Aug/2026:11:35:13 -0300] "GET /cormun/servlet/solicitudotadjuntos?INS,2026,23885,,1, HTTP/1.1" 200 6380
200.126.116.145 - - [17/Aug/2026:11:35:13 -0300] "GET /cormun/static/about:blank HTTP/1.1" 404 1011
190.95.67.93 - - [17/Aug/2026:11:35:13 -0300] "POST /cormun/servlet/permisosadjuntos?e2d05eb6d283c3b5e03508ae54714b34,INS,11672518,P,20260720122917,, HTTP/1.1" 200 116
190.95.67.93 - - [17/Aug/2026:11:35:13 -0300] "GET /cormun/servlet/hpexe_return? HTTP/1.1" 200 1040
190.95.67.93 - - [17/Aug/2026:11:35:13 -0300] "GET /cormun/servlet/trpermisosadjuntos?11672518,20260720122917,P, HTTP/1.1" 200 7228
200.126.116.145 - - [17/Aug/2026:11:35:13 -0300] "GET /cormun/servlet/solicitudotadjuntos?e1e1e2fdfcc5c2133999951058c4c65f225e65eb88d1254aac8c1b925b2ff825c431e91aa7dbd778b122b881fb467901,gx-no-cache=1786977761427 HTTP/1.1" 200 30
200.126.116.145 - - [17/Aug/2026:11:35:13 -0300] "POST /cormun/servlet/solicitudotadjuntos?c39531074e0963afb0dd41c608c84644,INS,2026,23885,,1,,gx-no-cache=1786977761445 HTTP/1.1" 200 4150
190.95.67.93 - - [17/Aug/2026:11:35:16 -0300] "POST /cormun/servlet/trpermisosadjuntos?e2d05eb6d283c3b5e03508ae54714b34,11672518,20260720122917,P,,gx-no-cache=1786977756497 HTTP/1.1" 200 90
190.95.67.93 - - [17/Aug/2026:11:35:16 -0300] "GET /cormun/servlet/hpexe_link HTTP/1.1" 200 1007
190.95.67.93 - - [17/Aug/2026:11:35:16 -0300] "GET /cormun/servlet/trpermisosgoce?gx-no-cache=1786977506895 HTTP/1.1" 200 18406
200.126.116.145 - - [17/Aug/2026:11:35:19 -0300] "POST /cormun/servlet/solicitudotadjuntos?gx-no-cache=1786977767413 HTTP/1.1" 200 26
190.95.67.93 - - [17/Aug/2026:11:35:23 -0300] "POST /cormun/servlet/trpermisosgoce?e2d05eb6d283c3b5e03508ae54714b34,gx-no-cache=1786977506895,gx-no-cache=1786977763299 HTTP/1.1" 200 15476
200.126.116.145 - - [17/Aug/2026:11:35:31 -0300] "GET /cormun/servlet/solicitudotadjuntos?e1e1e2fdfcc5c2133999951058c4c65fbaf5e0c3a81e4679c1a36cfe44862203,gx-no-cache=1786977779178 HTTP/1.1" 200 30
200.126.116.145 - - [17/Aug/2026:11:35:31 -0300] "GET /cormun/servlet/solicitudotadjuntos?e1e1e2fdfcc5c2133999951058c4c65fbaf5e0c3a81e4679c1a36cfe44862203,gx-no-cache=1786977779187 HTTP/1.1" 200 30
200.126.116.145 - - [17/Aug/2026:11:35:31 -0300] "POST /cormun/servlet/solicitudotadjuntos?c39531074e0963afb0dd41c608c84644,INS,2026,23885,,1, HTTP/1.1" 200 116
200.126.116.145 - - [17/Aug/2026:11:35:31 -0300] "GET /cormun/servlet/hpexe_return? HTTP/1.1" 200 1025
200.126.116.145 - - [17/Aug/2026:11:35:31 -0300] "GET /cormun/servlet/trsolicitudadjuntos?2026,23885, HTTP/1.1" 200 9720
200.126.116.145 - - [17/Aug/2026:11:35:34 -0300] "GET /cormun/servlet/solicitudotadjuntos?INS,2026,23885,,1, HTTP/1.1" 200 6380
200.126.116.145 - - [17/Aug/2026:11:35:35 -0300] "GET /cormun/static/about:blank HTTP/1.1" 404 1011
200.126.116.145 - - [17/Aug/2026:11:35:35 -0300] "GET /cormun/servlet/solicitudotadjuntos?e1e1e2fdfcc5c2133999951058c4c65f225e65eb88d1254aac8c1b925b2ff825c431e91aa7dbd778b122b881fb467901,gx-no-cache=1786977783143 HTTP/1.1" 200 30
200.126.116.145 - - [17/Aug/2026:11:35:35 -0300] "POST /cormun/servlet/solicitudotadjuntos?c39531074e0963afb0dd41c608c84644,INS,2026,23885,,1,,gx-no-cache=1786977783154 HTTP/1.1" 200 4150
200.126.116.145 - - [17/Aug/2026:11:35:37 -0300] "POST /cormun/servlet/solicitudotadjuntos?gx-no-cache=1786977785314 HTTP/1.1" 200 26
200.126.116.145 - - [17/Aug/2026:11:35:43 -0300] "GET /cormun/servlet/solicitudotadjuntos?e1e1e2fdfcc5c2133999951058c4c65fbaf5e0c3a81e4679c1a36cfe44862203,gx-no-cache=1786977791251 HTTP/1.1" 200 30
200.126.116.145 - - [17/Aug/2026:11:35:43 -0300] "GET /cormun/servlet/solicitudotadjuntos?e1e1e2fdfcc5c2133999951058c4c65fbaf5e0c3a81e4679c1a36cfe44862203,gx-no-cache=1786977791260 HTTP/1.1" 200 30
200.126.116.145 - - [17/Aug/2026:11:35:43 -0300] "POST /cormun/servlet/solicitudotadjuntos?c39531074e0963afb0dd41c608c84644,INS,2026,23885,,1, HTTP/1.1" 200 116
200.126.116.145 - - [17/Aug/2026:11:35:43 -0300] "GET /cormun/servlet/hpexe_return? HTTP/1.1" 200 1025
200.126.116.145 - - [17/Aug/2026:11:35:43 -0300] "GET /cormun/servlet/trsolicitudadjuntos?2026,23885, HTTP/1.1" 200 10001
190.95.67.93 - - [17/Aug/2026:11:35:46 -0300] "GET /cormun/servlet/trpermisosadjuntos?9521772,20260722101054,P, HTTP/1.1" 200 6682
200.126.116.145 - - [17/Aug/2026:11:35:47 -0300] "GET /cormun/servlet/solicitudotadjuntos?INS,2026,23885,,1, HTTP/1.1" 200 6380
200.126.116.145 - - [17/Aug/2026:11:35:47 -0300] "GET /cormun/static/about:blank HTTP/1.1" 404 1011
200.126.116.145 - - [17/Aug/2026:11:35:47 -0300] "GET /cormun/servlet/solicitudotadjuntos?e1e1e2fdfcc5c2133999951058c4c65f225e65eb88d1254aac8c1b925b2ff825c431e91aa7dbd778b122b881fb467901,gx-no-cache=1786977795368 HTTP/1.1" 200 30
200.126.116.145 - - [17/Aug/2026:11:35:47 -0300] "POST /cormun/servlet/solicitudotadjuntos?c39531074e0963afb0dd41c608c84644,INS,2026,23885,,1,,gx-no-cache=1786977795388 HTTP/1.1" 200 4150
190.95.67.93 - - [17/Aug/2026:11:35:48 -0300] "GET /cormun/servlet/permisosadjuntos?INS,9521772,P,20260722101054,, HTTP/1.1" 200 5988
190.95.67.93 - - [17/Aug/2026:11:35:48 -0300] "GET /cormun/static/about:blank HTTP/1.1" 404 1011
200.126.116.145 - - [17/Aug/2026:11:35:50 -0300] "POST /cormun/servlet/solicitudotadjuntos?gx-no-cache=1786977797692 HTTP/1.1" 200 26
200.126.116.145 - - [17/Aug/2026:11:35:58 -0300] "GET /cormun/servlet/solicitudotadjuntos?e1e1e2fdfcc5c2133999951058c4c65fbaf5e0c3a81e4679c1a36cfe44862203,gx-no-cache=1786977806180 HTTP/1.1" 200 30
200.126.116.145 - - [17/Aug/2026:11:35:58 -0300] "GET /cormun/servlet/solicitudotadjuntos?e1e1e2fdfcc5c2133999951058c4c65fbaf5e0c3a81e4679c1a36cfe44862203,gx-no-cache=1786977806189 HTTP/1.1" 200 30
200.126.116.145 - - [17/Aug/2026:11:35:58 -0300] "POST /cormun/servlet/solicitudotadjuntos?c39531074e0963afb0dd41c608c84644,INS,2026,23885,,1, HTTP/1.1" 200 116
200.126.116.145 - - [17/Aug/2026:11:35:58 -0300] "GET /cormun/servlet/hpexe_return? HTTP/1.1" 200 1025
200.126.116.145 - - [17/Aug/2026:11:35:58 -0300] "GET /cormun/servlet/trsolicitudadjuntos?2026,23885, HTTP/1.1" 200 10279
190.95.67.93 - - [17/Aug/2026:11:36:00 -0300] "POST /cormun/servlet/permisosadjuntos?e2d05eb6d283c3b5e03508ae54714b34,INS,9521772,P,20260722101054,, HTTP/1.1" 200 116
190.95.67.93 - - [17/Aug/2026:11:36:00 -0300] "GET /cormun/servlet/hpexe_return? HTTP/1.1" 200 1037
190.95.67.93 - - [17/Aug/2026:11:36:00 -0300] "GET /cormun/servlet/trpermisosadjuntos?9521772,20260722101054,P, HTTP/1.1" 200 7230
200.126.116.145 - - [17/Aug/2026:11:36:01 -0300] "GET /cormun/servlet/solicitudotadjuntos?INS,2026,23885,,1, HTTP/1.1" 200 6379
200.126.116.145 - - [17/Aug/2026:11:36:01 -0300] "GET /cormun/static/about:blank HTTP/1.1" 404 1011
200.126.116.145 - - [17/Aug/2026:11:36:01 -0300] "GET /cormun/servlet/solicitudotadjuntos?e1e1e2fdfcc5c2133999951058c4c65f225e65eb88d1254aac8c1b925b2ff825c431e91aa7dbd778b122b881fb467901,gx-no-cache=1786977809405 HTTP/1.1" 200 30
200.126.116.145 - - [17/Aug/2026:11:36:01 -0300] "POST /cormun/servlet/solicitudotadjuntos?c39531074e0963afb0dd41c608c84644,INS,2026,23885,,1,,gx-no-cache=1786977809425 HTTP/1.1" 200 4149
200.126.116.145 - - [17/Aug/2026:11:36:04 -0300] "POST /cormun/servlet/solicitudotadjuntos?gx-no-cache=1786977812165 HTTP/1.1" 200 26
200.126.116.145 - - [17/Aug/2026:11:36:12 -0300] "GET /cormun/servlet/solicitudotadjuntos?e1e1e2fdfcc5c2133999951058c4c65fbaf5e0c3a81e4679c1a36cfe44862203,gx-no-cache=1786977819678 HTTP/1.1" 200 30
200.126.116.145 - - [17/Aug/2026:11:36:12 -0300] "GET /cormun/servlet/solicitudotadjuntos?e1e1e2fdfcc5c2133999951058c4c65fbaf5e0c3a81e4679c1a36cfe44862203,gx-no-cache=1786977819687 HTTP/1.1" 200 30
200.126.116.145 - - [17/Aug/2026:11:36:12 -0300] "POST /cormun/servlet/solicitudotadjuntos?c39531074e0963afb0dd41c608c84644,INS,2026,23885,,1, HTTP/1.1" 200 116
