179.57.78.55 - - [10/Aug/2026:16:32:22 -0300] "POST /cormun/servlet/trsolicitudot?a6f5b956ce0c08e5fad33099f2145e08,,gx-no-cache=1786390792143 HTTP/1.1" 200 103
179.57.78.55 - - [10/Aug/2026:16:32:22 -0300] "POST /cormun/servlet/trsolicitudot?a6f5b956ce0c08e5fad33099f2145e08,,gx-no-cache=1786390792253 HTTP/1.1" 200 4341
179.57.78.55 - - [10/Aug/2026:16:32:22 -0300] "GET /cormun/SolicitudOT-2889.xls HTTP/1.1" 200 4608
190.95.1.187 - - [10/Aug/2026:16:32:37 -0300] "POST /cormun/servlet/permisosadjuntos?0803abbfdd1a969cd9898d6352e48dfa,INS,16210308,P,20260810154113,, HTTP/1.1" 200 116
190.95.1.187 - - [10/Aug/2026:16:32:37 -0300] "GET /cormun/servlet/hpexe_return? HTTP/1.1" 200 1037
190.95.1.187 - - [10/Aug/2026:16:32:37 -0300] "GET /cormun/servlet/trpermisosadjuntos?16210308,20260810154113,P, HTTP/1.1" 200 6836
190.95.1.187 - - [10/Aug/2026:16:32:40 -0300] "POST /cormun/servlet/trpermisosadjuntos?0803abbfdd1a969cd9898d6352e48dfa,16210308,20260810154113,P,,gx-no-cache=1786390810438 HTTP/1.1" 200 90
190.95.1.187 - - [10/Aug/2026:16:32:40 -0300] "GET /cormun/servlet/hpexe_link HTTP/1.1" 200 984
190.95.1.187 - - [10/Aug/2026:16:32:40 -0300] "GET /cormun/servlet/trpermisosgoce HTTP/1.1" 200 13648
190.95.1.187 - - [10/Aug/2026:16:32:43 -0300] "POST /cormun/servlet/trpermisosgoce?0803abbfdd1a969cd9898d6352e48dfa,gx-no-cache=1786390813122 HTTP/1.1" 200 10851
190.95.1.187 - - [10/Aug/2026:16:32:45 -0300] "GET /cormun/servlet/permisogoce?INS,0,,, HTTP/1.1" 200 6879
190.95.1.187 - - [10/Aug/2026:16:32:50 -0300] "GET /cormun/servlet/permisogoce?88ed1b07371ffc5b3be285bc36624a06365d751990758f96772b99160f6f335298eb65dd13d4f9642a07d7db93e79227814e2e2bb176ed5d63455b4b18aec83f,gx-no-cache=1786390820883 HTTP/1.1" 200 78
179.57.78.55 - - [10/Aug/2026:16:32:53 -0300] "POST /cormun/servlet/trsolicitudot?a6f5b956ce0c08e5fad33099f2145e08,,gx-no-cache=1786390822974 HTTP/1.1" 200 4359
190.95.1.187 - - [10/Aug/2026:16:32:55 -0300] "GET /cormun/static/menuarrow.gif HTTP/1.1" 404 1015
179.57.78.55 - - [10/Aug/2026:16:32:57 -0300] "POST /cormun/servlet/trsolicitudot?a6f5b956ce0c08e5fad33099f2145e08,,gx-no-cache=1786390827199 HTTP/1.1" 200 4361
179.57.78.55 - - [10/Aug/2026:16:32:58 -0300] "POST /cormun/servlet/trsolicitudot?a6f5b956ce0c08e5fad33099f2145e08,,gx-no-cache=1786390828152 HTTP/1.1" 200 4360
190.95.1.187 - - [10/Aug/2026:16:33:02 -0300] "GET /cormun/servlet/permisogoce?88ed1b07371ffc5b3be285bc36624a06eb47b5f23169cc446f1d4750b970b787d70fd80469d3d39e726afe7c75e0a6106a82cf23558609c43a2c04e40620355a,gx-no-cache=1786390832555 HTTP/1.1" 200 47
190.95.1.187 - - [10/Aug/2026:16:33:04 -0300] "POST /cormun/servlet/permisogoce?0803abbfdd1a969cd9898d6352e48dfa,INS,0,,,,gx-no-cache=1786390834391 HTTP/1.1" 200 93
190.95.1.187 - - [10/Aug/2026:16:33:04 -0300] "GET /cormun/servlet/hpexe_return? HTTP/1.1" 200 1031
190.95.1.187 - - [10/Aug/2026:16:33:04 -0300] "GET /cormun/servlet/trpermisosgoce?gx-no-cache=1786390813122 HTTP/1.1" 200 13870
179.57.78.55 - - [10/Aug/2026:16:33:11 -0300] "POST /cormun/servlet/trsolicitudot?a6f5b956ce0c08e5fad33099f2145e08,,gx-no-cache=1786390841527 HTTP/1.1" 200 4361
190.95.1.187 - - [10/Aug/2026:16:33:12 -0300] "GET /cormun/servlet/trpermisosadjuntos?16492811,20260810154210,P, HTTP/1.1" 200 6360
179.57.78.55 - - [10/Aug/2026:16:33:12 -0300] "POST /cormun/servlet/trsolicitudot?a6f5b956ce0c08e5fad33099f2145e08,,gx-no-cache=1786390842534 HTTP/1.1" 200 4361
190.95.1.187 - - [10/Aug/2026:16:33:14 -0300] "GET /cormun/servlet/permisosadjuntos?INS,16492811,P,20260810154210,, HTTP/1.1" 200 5653
190.95.1.187 - - [10/Aug/2026:16:33:14 -0300] "GET /cormun/static/about:blank HTTP/1.1" 404 1011
205.210.31.183 - - [10/Aug/2026:16:33:17 -0300] "GET / HTTP/1.0" 200 11197
179.57.78.55 - - [10/Aug/2026:16:33:23 -0300] "POST /cormun/servlet/trsolicitudot?a6f5b956ce0c08e5fad33099f2145e08,,gx-no-cache=1786390853022 HTTP/1.1" 200 4361
190.95.1.187 - - [10/Aug/2026:16:33:29 -0300] "POST /cormun/servlet/permisosadjuntos?0803abbfdd1a969cd9898d6352e48dfa,INS,16492811,P,20260810154210,, HTTP/1.1" 200 116
190.95.1.187 - - [10/Aug/2026:16:33:29 -0300] "GET /cormun/servlet/hpexe_return? HTTP/1.1" 200 1037
190.95.1.187 - - [10/Aug/2026:16:33:29 -0300] "GET /cormun/servlet/trpermisosadjuntos?16492811,20260810154210,P, HTTP/1.1" 200 6831
190.95.1.187 - - [10/Aug/2026:16:33:30 -0300] "POST /cormun/servlet/trpermisosadjuntos?0803abbfdd1a969cd9898d6352e48dfa,16492811,20260810154210,P,,gx-no-cache=1786390860775 HTTP/1.1" 200 90
190.95.1.187 - - [10/Aug/2026:16:33:30 -0300] "GET /cormun/servlet/hpexe_link HTTP/1.1" 200 1004
190.95.1.187 - - [10/Aug/2026:16:33:30 -0300] "GET /cormun/servlet/trpermisosgoce?gx-no-cache=1786390813122 HTTP/1.1" 200 13866
190.95.1.187 - - [10/Aug/2026:16:33:33 -0300] "POST /cormun/servlet/trpermisosgoce?0803abbfdd1a969cd9898d6352e48dfa,gx-no-cache=1786390813122,gx-no-cache=1786390863483 HTTP/1.1" 200 11090
179.57.78.55 - - [10/Aug/2026:16:33:35 -0300] "POST /cormun/servlet/trsolicitudot?a6f5b956ce0c08e5fad33099f2145e08,,gx-no-cache=1786390865022 HTTP/1.1" 200 15100
179.57.78.55 - - [10/Aug/2026:16:33:35 -0300] "GET /cormun//static/Resources/PXToolsActionView.png HTTP/1.1" 200 398
179.57.78.55 - - [10/Aug/2026:16:33:35 -0300] "GET /cormun//static/Resources/PXToolsRemoveAllAction.png HTTP/1.1" 200 487
190.95.1.187 - - [10/Aug/2026:16:33:35 -0300] "GET /cormun/servlet/permisogoce?INS,0,,, HTTP/1.1" 200 6900
190.95.1.187 - - [10/Aug/2026:16:33:41 -0300] "GET /cormun/servlet/permisogoce?88ed1b07371ffc5b3be285bc36624a06a8ecda33bea34337999e7038668b8445cdb165ee7c0f83aa9a93c2036629e09a0f48856710561934d258cc6d7e5b15f8,gx-no-cache=1786390871691 HTTP/1.1" 200 226
190.95.1.187 - - [10/Aug/2026:16:33:41 -0300] "GET /cormun/static/Shared/jqueryui/images/ui-icons_ebccce_256x240.png HTTP/1.1" 404 1089
190.95.1.187 - - [10/Aug/2026:16:33:41 -0300] "GET /cormun/static/Shared/jqueryui/images/ui-bg_flat_55_994d53_40x100.png HTTP/1.1" 404 1097
201.186.225.189 - - [10/Aug/2026:16:34:39 -0300] "GET /cormun/servlet/hlogin HTTP/1.1" 200 1715
201.186.225.189 - - [10/Aug/2026:16:34:39 -0300] "GET /cormun/static/gxtimezone.js?85251 HTTP/1.1" 200 5781
201.186.225.189 - - [10/Aug/2026:16:34:39 -0300] "GET /cormun/static/gxcfg.js?2022112219184450 HTTP/1.1" 200 953
201.186.225.189 - - [10/Aug/2026:16:34:39 -0300] "GET /cormun/static/messages.spa.js?85251 HTTP/1.1" 200 30736
201.186.225.189 - - [10/Aug/2026:16:34:39 -0300] "GET /cormun/static/Resources/CormunLogin.png HTTP/1.1" 200 19132
201.186.225.189 - - [10/Aug/2026:16:34:39 -0300] "GET /cormun/static/Resources/Spanish/PXTools.css?1759030 HTTP/1.1" 200 100853
201.186.225.189 - - [10/Aug/2026:16:34:39 -0300] "GET /cormun/static/hlogin.js?2022112219184458 HTTP/1.1" 200 2156
201.186.225.189 - - [10/Aug/2026:16:34:39 -0300] "GET /cormun/static/gxgral.js?85251 HTTP/1.1" 200 384558
201.186.225.189 - - [10/Aug/2026:16:34:39 -0300] "GET /cormun/static/Resources/PXToolsLoginTop.png HTTP/1.1" 200 1337
201.186.225.189 - - [10/Aug/2026:16:34:39 -0300] "GET /cormun/static/Resources/PXToolsLoginBackground.png HTTP/1.1" 200 1164
201.186.225.189 - - [10/Aug/2026:16:34:39 -0300] "GET /cormun/static/Resources/PXToolsButtonLeft.png HTTP/1.1" 200 1310
201.186.225.189 - - [10/Aug/2026:16:34:39 -0300] "GET /cormun/static/Resources/PXToolsButtonRight.png HTTP/1.1" 200 1294
201.186.225.189 - - [10/Aug/2026:16:34:39 -0300] "GET /cormun/static/Resources/PXToolsButtonBackground.png HTTP/1.1" 200 1176
201.186.225.189 - - [10/Aug/2026:16:34:39 -0300] "GET /cormun/static/Resources/PXToolsLoginBottom.png HTTP/1.1" 200 1389
201.186.225.189 - - [10/Aug/2026:16:34:39 -0300] "GET /cormun/servlet/hlogin HTTP/1.1" 200 1726
201.186.225.189 - - [10/Aug/2026:16:34:39 -0300] "GET /cormun/static/Resources/indicator.gif HTTP/1.1" 200 1553
201.186.225.189 - - [10/Aug/2026:16:34:39 -0300] "GET /cormun/static/Resources/indicator.gif HTTP/1.1" 200 1553
201.186.225.189 - - [10/Aug/2026:16:34:48 -0300] "POST /cormun/servlet/hlogin?3012641439954b207e51e7277c7f2b3a,gx-no-cache=1786390938581 HTTP/1.1" 200 90
201.186.225.189 - - [10/Aug/2026:16:34:48 -0300] "GET /cormun/servlet/hpexe_link HTTP/1.1" 200 947
201.186.225.189 - - [10/Aug/2026:16:34:48 -0300] "GET /cormun/static/gxcfg.js?20221129847421 HTTP/1.1" 200 953
201.186.225.189 - - [10/Aug/2026:16:34:48 -0300] "GET /cormun/static/hpexe_link.js?20221129847423 HTTP/1.1" 200 625
201.186.225.189 - - [10/Aug/2026:16:34:48 -0300] "GET /cormun/static/Resources/Spanish/PXTools.css?8354383 HTTP/1.1" 200 100853
201.186.225.189 - - [10/Aug/2026:16:34:48 -0300] "GET /cormun/servlet/hhome HTTP/1.1" 200 4358
201.186.225.189 - - [10/Aug/2026:16:34:49 -0300] "GET /cormun/static/SmoothNavMenu/resources/ddsmoothmenu.css?1112540 HTTP/1.1" 200 2223
201.186.225.189 - - [10/Aug/2026:16:34:49 -0300] "GET /cormun/static/SmoothNavMenu/resources/ddsmoothmenu-v.css?1112540 HTTP/1.1" 200 1188
201.186.225.189 - - [10/Aug/2026:16:34:49 -0300] "GET /cormun/static/gxcfg.js?20201215495537 HTTP/1.1" 200 953
201.186.225.189 - - [10/Aug/2026:16:34:49 -0300] "GET /cormun/static/scaMessage/css/jquery.pnotify.default.css?1816380 HTTP/1.1" 200 1707
201.186.225.189 - - [10/Aug/2026:16:34:49 -0300] "GET /cormun/static/Shared/jqueryui/jquery-ui.min.css?1345370 HTTP/1.1" 200 30288
201.186.225.189 - - [10/Aug/2026:16:34:49 -0300] "GET /cormun/static/PXToolsJavascripts/pexe_autoreload.js HTTP/1.1" 200 1762
201.186.225.189 - - [10/Aug/2026:16:34:49 -0300] "GET /cormun/static/PXToolsJavascripts/pexe_cookies.js HTTP/1.1" 200 792
201.186.225.189 - - [10/Aug/2026:16:34:49 -0300] "GET /cormun/static/PXToolsJavascripts/pexe_windows.js HTTP/1.1" 200 15249
201.186.225.189 - - [10/Aug/2026:16:34:49 -0300] "GET /cormun/static/PXToolsJavascripts/pexe_grid.js HTTP/1.1" 200 7559
201.186.225.189 - - [10/Aug/2026:16:34:49 -0300] "GET /cormun/static/PXToolsJavascripts/pexe_griddivfix.js HTTP/1.1" 200 6946
201.186.225.189 - - [10/Aug/2026:16:34:49 -0300] "GET /cormun/static/PXToolsJavascripts/pexe_link.js HTTP/1.1" 200 5671
201.186.225.189 - - [10/Aug/2026:16:34:49 -0300] "GET /cormun/static/Resources/Spanish/PXTools.css?14345360 HTTP/1.1" 200 100853
201.186.225.189 - - [10/Aug/2026:16:34:49 -0300] "GET /cormun/static/PXToolsJavascripts/pexe_menudivfix.js HTTP/1.1" 200 333
201.186.225.189 - - [10/Aug/2026:16:34:49 -0300] "GET /cormun/static/PXToolsJavascripts/pexe_menus.js HTTP/1.1" 200 1286
201.186.225.189 - - [10/Aug/2026:16:34:49 -0300] "GET /cormun/static/PXToolsJavascripts/pexe_layers.js HTTP/1.1" 200 4114
201.186.225.189 - - [10/Aug/2026:16:34:49 -0300] "GET /cormun/static/PXToolsJavascripts/pexe_oav.js HTTP/1.1" 200 645
201.186.225.189 - - [10/Aug/2026:16:34:49 -0300] "GET /cormun/static/PXToolsJavascripts/pexe_picture.js HTTP/1.1" 200 689
201.186.225.189 - - [10/Aug/2026:16:34:49 -0300] "GET /cormun/static/PXToolsJavascripts/pexe_oavdivfix.js HTTP/1.1" 200 639
201.186.225.189 - - [10/Aug/2026:16:34:49 -0300] "GET /cormun/static/PXToolsJavascripts/pexe_popup.js HTTP/1.1" 200 15149
201.186.225.189 - - [10/Aug/2026:16:34:49 -0300] "GET /cormun/static/PXToolsJavascripts/pexe_scrolldiv.js HTTP/1.1" 200 4138
201.186.225.189 - - [10/Aug/2026:16:34:49 -0300] "GET /cormun/static/PXToolsJavascripts/pexe_tabdivfix.js HTTP/1.1" 200 898
201.186.225.189 - - [10/Aug/2026:16:34:49 -0300] "GET /cormun/static/PXToolsJavascripts/pexe_tabs.js HTTP/1.1" 200 3748
201.186.225.189 - - [10/Aug/2026:16:34:49 -0300] "GET /cormun/static/PXToolsJavascripts/pexe_upload.js HTTP/1.1" 200 1423
201.186.225.189 - - [10/Aug/2026:16:34:49 -0300] "GET /cormun/static/PXToolsJavascripts/PXToolsJavascriptsRender.js HTTP/1.1" 200 367
201.186.225.189 - - [10/Aug/2026:16:34:49 -0300] "GET /cormun/static/Resources/CormunMP2.png HTTP/1.1" 200 6878
201.186.225.189 - - [10/Aug/2026:16:34:49 -0300] "GET /cormun/static/Resources/ImgHome.png HTTP/1.1" 200 1364
201.186.225.189 - - [10/Aug/2026:16:34:49 -0300] "GET /cormun/static/Resources/ImgLogin.png HTTP/1.1" 200 1432
201.186.225.189 - - [10/Aug/2026:16:34:49 -0300] "GET /cormun/static/RunJS/RunJS.js HTTP/1.1" 200 288
201.186.225.189 - - [10/Aug/2026:16:34:49 -0300] "GET /cormun/static/Resources/Llave.png HTTP/1.1" 200 1395
201.186.225.189 - - [10/Aug/2026:16:34:49 -0300] "GET /cormun/static/Shared/ext/locale/ext-lang-en.js HTTP/1.1" 200 10940
201.186.225.189 - - [10/Aug/2026:16:34:49 -0300] "GET /cormun/static/Resources/PXToolsDataTitle.png HTTP/1.1" 200 1173
201.186.225.189 - - [10/Aug/2026:16:34:49 -0300] "GET /cormun/static/hhome.js?20201215495544 HTTP/1.1" 200 777
201.186.225.189 - - [10/Aug/2026:16:34:49 -0300] "GET /cormun/static/hwchdr01.js?2022112219251119 HTTP/1.1" 200 996
201.186.225.189 - - [10/Aug/2026:16:34:49 -0300] "GET /cormun/static/hpexe_recentlink.js?20201214471090 HTTP/1.1" 200 2144
201.186.225.189 - - [10/Aug/2026:16:34:49 -0300] "GET /cormun/static/hpexe_scripts.js?20201214471411 HTTP/1.1" 200 1544
201.186.225.189 - - [10/Aug/2026:16:34:49 -0300] "GET /cormun/static/hpexe_messagecontroller.js?202211298371222 HTTP/1.1" 200 870
201.186.225.189 - - [10/Aug/2026:16:34:49 -0300] "GET /cormun/static/hpexe_messagepopupcomponent.js?2020121447232 HTTP/1.1" 200 605
201.186.225.189 - - [10/Aug/2026:16:34:49 -0300] "GET /cormun/static/hpexe_messagegenexuscomponent.js?20221129836373 HTTP/1.1" 200 587
201.186.225.189 - - [10/Aug/2026:16:34:49 -0300] "GET /cormun/static/gxui/gxui-all.js HTTP/1.1" 200 107772
201.186.225.189 - - [10/Aug/2026:16:34:49 -0300] "GET /cormun/static/cmcontrolpreferences.js?20199141926336 HTTP/1.1" 200 1375
201.186.225.189 - - [10/Aug/2026:16:34:49 -0300] "GET /cormun/static/SmoothNavMenu/resources/ddsmoothmenu.js HTTP/1.1" 200 12712
201.186.225.189 - - [10/Aug/2026:16:34:49 -0300] "GET /cormun/static/SmoothNavMenu/resources/SmoothNavMenuRender.js HTTP/1.1" 200 5951
201.186.225.189 - - [10/Aug/2026:16:34:49 -0300] "GET /cormun/static/scaMessage/js/jquery.pnotify.min.js HTTP/1.1" 200 13038
201.186.225.189 - - [10/Aug/2026:16:34:49 -0300] "GET /cormun/static/scaMessage/scaMessageRender.js HTTP/1.1" 200 11977
201.186.225.189 - - [10/Aug/2026:16:34:49 -0300] "GET /cormun/static/Shared/jquery/jquery-1.4.2.min.js HTTP/1.1" 200 72174
201.186.225.189 - - [10/Aug/2026:16:34:49 -0300] "GET /cormun/static/hmpwkw03.js?20221129844354 HTTP/1.1" 200 3971
201.186.225.189 - - [10/Aug/2026:16:34:49 -0300] "GET /cormun/static/Shared/jqueryui/jquery-ui.min.js HTTP/1.1" 200 240427
201.186.225.189 - - [10/Aug/2026:16:34:50 -0300] "GET /cormun/static/Shared/jquery/jquery-1.10.2.min.js HTTP/1.1" 200 273199
201.186.225.189 - - [10/Aug/2026:16:34:50 -0300] "GET /cormun/static/Shared/ext/ext-all.js HTTP/1.1" 200 1289687
201.186.225.189 - - [10/Aug/2026:16:34:50 -0300] "GET /cormun/static/SmoothNavMenu/resources/images/right.gif HTTP/1.1" 200 860
201.186.225.189 - - [10/Aug/2026:16:34:50 -0300] "GET /cormun/static/SmoothNavMenu/resources/images/down.gif HTTP/1.1" 200 854
201.186.225.189 - - [10/Aug/2026:16:35:06 -0300] "GET /cormun/servlet/trsolicitudot? HTTP/1.1" 200 7580
201.186.225.189 - - [10/Aug/2026:16:35:06 -0300] "GET /cormun/static/calendar-system.css?85620 HTTP/1.1" 200 5572
201.186.225.189 - - [10/Aug/2026:16:35:06 -0300] "GET /cormun/static/gxcfg.js?20221129846531 HTTP/1.1" 200 953
201.186.225.189 - - [10/Aug/2026:16:35:06 -0300] "GET /cormun/static/calendar.js?85251 HTTP/1.1" 200 26246
201.186.225.189 - - [10/Aug/2026:16:35:06 -0300] "GET /cormun/static/gxui/gxui-all.css?120300 HTTP/1.1" 200 2179
201.186.225.189 - - [10/Aug/2026:16:35:06 -0300] "GET /cormun/static/calendar-setup.js?85251 HTTP/1.1" 200 2588
201.186.225.189 - - [10/Aug/2026:16:35:06 -0300] "GET /cormun/static/calendar-es.js?85251 HTTP/1.1" 200 1901
201.186.225.189 - - [10/Aug/2026:16:35:06 -0300] "GET /cormun/static/Resources/PXTools/calendar.png HTTP/1.1" 200 1306
201.186.225.189 - - [10/Aug/2026:16:35:06 -0300] "GET /cormun/static/gxdec.js?85251 HTTP/1.1" 200 19579
201.186.225.189 - - [10/Aug/2026:16:35:06 -0300] "GET /cormun/static/trsolicitudot.js?202211298465651 HTTP/1.1" 200 54040
201.186.225.189 - - [10/Aug/2026:16:35:06 -0300] "GET /cormun/static/Resources/PXToolsDataSearch.png HTTP/1.1" 200 435
201.186.225.189 - - [10/Aug/2026:16:35:06 -0300] "GET /cormun/static/Shared/ext/resources/css/ext-all.css?215870 HTTP/1.1" 200 416045
201.186.225.189 - - [10/Aug/2026:16:35:06 -0300] "GET /cormun/static/Resources/PXToolsGridFirstDisabled.gif HTTP/1.1" 200 100
201.186.225.189 - - [10/Aug/2026:16:35:06 -0300] "GET /cormun/static/Resources/PXToolsGridPreviousDisabled.gif HTTP/1.1" 200 90
201.186.225.189 - - [10/Aug/2026:16:35:06 -0300] "GET /cormun/static/Resources/PXToolsGridNextDisabled.gif HTTP/1.1" 200 90
201.186.225.189 - - [10/Aug/2026:16:35:06 -0300] "GET /cormun/static/Resources/PXToolsGridLastDisabled.gif HTTP/1.1" 200 98
201.186.225.189 - - [10/Aug/2026:16:35:06 -0300] "GET /cormun/static/Resources/PXToolsActionExcel.png HTTP/1.1" 200 727
201.186.225.189 - - [10/Aug/2026:16:35:06 -0300] "GET /cormun/static/Resources/PXToolsGridPage.gif HTTP/1.1" 200 725
201.186.225.189 - - [10/Aug/2026:16:35:06 -0300] "GET /cormun/static/Resources/PXToolsAddAllAction.png HTTP/1.1" 200 495
201.186.225.189 - - [10/Aug/2026:16:35:06 -0300] "GET /cormun/static/Resources/asc.gif HTTP/1.1" 200 67
201.186.225.189 - - [10/Aug/2026:16:35:06 -0300] "GET /cormun/static/Resources/desc.gif HTTP/1.1" 200 65
201.186.225.189 - - [10/Aug/2026:16:35:06 -0300] "GET /cormun/static/Shared/ext/resources/themes/images/default/panel/bg-headersPanel.png HTTP/1.1" 200 255
201.186.225.189 - - [10/Aug/2026:16:35:06 -0300] "GET /cormun/static/Shared/ext/resources/themes/images/default/tools/tool-sprites.gif HTTP/1.1" 200 5434
201.186.225.189 - - [10/Aug/2026:16:35:11 -0300] "GET /cormun/servlet/solicitudot?INS,0,0,false, HTTP/1.1" 200 16447
201.186.225.189 - - [10/Aug/2026:16:35:11 -0300] "GET /cormun/static/gxcfg.js?20221129840861 HTTP/1.1" 200 953
201.186.225.189 - - [10/Aug/2026:16:35:11 -0300] "GET /cormun/static/Resources/prompt.gif HTTP/1.1" 200 902
201.186.225.189 - - [10/Aug/2026:16:35:11 -0300] "GET /cormun/static/solicitudot.js?20221129840983 HTTP/1.1" 200 74072
201.186.225.189 - - [10/Aug/2026:16:35:35 -0300] "POST /cormun/servlet/solicitudot?gx-no-cache=1786390984936 HTTP/1.1" 200 4262
201.186.225.189 - - [10/Aug/2026:16:35:35 -0300] "GET /cormun/static/Shared/jqueryui/images/ui-bg_highlight-soft_100_c6c2c8_1x100.png HTTP/1.1" 404 1117
201.186.225.189 - - [10/Aug/2026:16:35:35 -0300] "GET /cormun/static/Shared/jqueryui/images/ui-icons_82798d_256x240.png HTTP/1.1" 404 1089
201.186.225.189 - - [10/Aug/2026:16:35:35 -0300] "GET /cormun/static/Shared/jqueryui/images/ui-icons_ebccce_256x240.png HTTP/1.1" 404 1089
201.186.225.189 - - [10/Aug/2026:16:35:35 -0300] "GET /cormun/static/Shared/jqueryui/images/ui-bg_flat_55_994d53_40x100.png HTTP/1.1" 404 1097
179.57.78.55 - - [10/Aug/2026:16:36:06 -0300] "POST /cormun/servlet/trsolicitudot?a6f5b956ce0c08e5fad33099f2145e08,,gx-no-cache=1786391015734 HTTP/1.1" 200 103
179.57.78.55 - - [10/Aug/2026:16:36:06 -0300] "GET /cormun/SolicitudOT-2577.xls HTTP/1.1" 200 15872
190.95.67.91 - - [10/Aug/2026:16:36:25 -0300] "GET /cormun/servlet/trpermisosgoce? HTTP/1.1" 200 19350
190.95.67.91 - - [10/Aug/2026:16:36:29 -0300] "GET /cormun/servlet/permisogoce?INS,0,,, HTTP/1.1" 200 7318
190.95.67.91 - - [10/Aug/2026:16:36:34 -0300] "GET /cormun/servlet/permisogoce?1d265d1530e92f07c40b03df6c65bcc624a8f065230aa9df8d25d8d69fb7149ce083f5eb9355020413068f7800c26eb7e1fec7533a7c49b98d09bc24565feb3f,gx-no-cache=1786391045486 HTTP/1.1" 200 74
190.95.67.91 - - [10/Aug/2026:16:36:38 -0300] "GET /cormun/static/menuarrow.gif HTTP/1.1" 404 1015
190.95.67.91 - - [10/Aug/2026:16:36:43 -0300] "GET /cormun/servlet/permisogoce?1d265d1530e92f07c40b03df6c65bcc6820121bab92f98eed8c0b6825e4a77fcb3c19907313d77a7dee00bd0ff66e4e7054734155cf4e7885856c893effba023,gx-no-cache=1786391054324 HTTP/1.1" 200 47
190.95.67.91 - - [10/Aug/2026:16:36:47 -0300] "POST /cormun/servlet/permisogoce?b55d373cb8b67f25e0d7b56d7747378e,INS,0,,,,gx-no-cache=1786391057771 HTTP/1.1" 200 93
190.95.67.91 - - [10/Aug/2026:16:36:47 -0300] "GET /cormun/servlet/hpexe_return? HTTP/1.1" 200 1012
190.95.67.91 - - [10/Aug/2026:16:36:47 -0300] "GET /cormun/servlet/trpermisosgoce HTTP/1.1" 200 19398
190.95.67.91 - - [10/Aug/2026:16:36:49 -0300] "GET /cormun/servlet/trpermisosadjuntos?12292297,20260810154554,P, HTTP/1.1" 200 6728
190.95.67.91 - - [10/Aug/2026:16:36:52 -0300] "GET /cormun/servlet/permisosadjuntos?INS,12292297,P,20260810154554,, HTTP/1.1" 200 6051
190.95.67.91 - - [10/Aug/2026:16:36:52 -0300] "GET /cormun/static/about:blank HTTP/1.1" 404 1011
190.95.67.91 - - [10/Aug/2026:16:37:00 -0300] "POST /cormun/servlet/permisosadjuntos?b55d373cb8b67f25e0d7b56d7747378e,INS,12292297,P,20260810154554,, HTTP/1.1" 200 116
190.95.67.91 - - [10/Aug/2026:16:37:00 -0300] "GET /cormun/servlet/hpexe_return? HTTP/1.1" 200 1040
190.95.67.91 - - [10/Aug/2026:16:37:01 -0300] "GET /cormun/servlet/trpermisosadjuntos?12292297,20260810154554,P, HTTP/1.1" 200 7265
190.95.67.91 - - [10/Aug/2026:16:37:03 -0300] "POST /cormun/servlet/trpermisosadjuntos?b55d373cb8b67f25e0d7b56d7747378e,12292297,20260810154554,P,,gx-no-cache=1786391073975 HTTP/1.1" 200 90
190.95.67.91 - - [10/Aug/2026:16:37:03 -0300] "GET /cormun/servlet/hpexe_link HTTP/1.1" 200 985
190.95.67.91 - - [10/Aug/2026:16:37:03 -0300] "GET /cormun/servlet/trpermisosgoce HTTP/1.1" 200 19411
190.95.67.91 - - [10/Aug/2026:16:37:05 -0300] "POST /cormun/servlet/trpermisosgoce?b55d373cb8b67f25e0d7b56d7747378e,gx-no-cache=1786391075764 HTTP/1.1" 200 16483
201.186.225.189 - - [10/Aug/2026:16:37:05 -0300] "GET /cormun/servlet/solicitudot?f3f950e7a03a91c5c71b3806a31b4e98d7bac25ce2e5480129aeae413ad9a6d5369f0fa597d910445c3d8c21c127e003,gx-no-cache=1786391075359 HTTP/1.1" 200 30
190.95.67.91 - - [10/Aug/2026:16:37:05 -0300] "GET /cormun/static/Shared/jqueryui/images/ui-icons_82798d_256x240.png HTTP/1.1" 404 1089
190.95.67.91 - - [10/Aug/2026:16:37:05 -0300] "GET /cormun/static/Shared/jqueryui/images/ui-bg_highlight-soft_100_c6c2c8_1x100.png HTTP/1.1" 404 1117
190.95.67.91 - - [10/Aug/2026:16:37:05 -0300] "GET /cormun/static/Shared/jqueryui/images/ui-icons_8d78a5_256x240.png HTTP/1.1" 404 1089
190.95.67.91 - - [10/Aug/2026:16:37:05 -0300] "GET /cormun/static/Shared/jqueryui/images/ui-bg_flat_55_fafafa_40x100.png HTTP/1.1" 404 1097
190.95.67.91 - - [10/Aug/2026:16:37:07 -0300] "GET /cormun/servlet/permisogoce?INS,0,,, HTTP/1.1" 200 7318
192.168.10.19 - - [10/Aug/2026:16:37:12 -0300] "GET /cormun/servlet/hlogin HTTP/1.1" 200 1721
192.168.10.19 - - [10/Aug/2026:16:37:17 -0300] "POST /cormun/servlet/hlogin?f979e059b9fe67c69e932055f70ce793,gx-no-cache=1786391202245 HTTP/1.1" 200 435
192.168.10.19 - - [10/Aug/2026:16:37:19 -0300] "POST /cormun/servlet/hlogin?f979e059b9fe67c69e932055f70ce793,gx-no-cache=1786391204523 HTTP/1.1" 200 90
192.168.10.19 - - [10/Aug/2026:16:37:19 -0300] "GET /cormun/servlet/hpexe_link HTTP/1.1" 200 951
192.168.10.19 - - [10/Aug/2026:16:37:19 -0300] "GET /cormun/servlet/hhome HTTP/1.1" 200 3839
190.95.1.185 - - [10/Aug/2026:16:37:23 -0300] "GET /cormun/servlet/trcontratounov2? HTTP/1.1" 200 18197
192.168.10.19 - - [10/Aug/2026:16:37:25 -0300] "GET /cormun/servlet/trsolicitudgral? HTTP/1.1" 200 9763
190.95.67.91 - - [10/Aug/2026:16:37:26 -0300] "GET /cormun/servlet/permisogoce?1d265d1530e92f07c40b03df6c65bcc6a6410bf972d025a6a8bc92d392d14396e083f5eb9355020413068f7800c26eb7e1fec7533a7c49b98d09bc24565feb3f,gx-no-cache=1786391097571 HTTP/1.1" 200 77
190.95.1.185 - - [10/Aug/2026:16:37:28 -0300] "GET /cormun/servlet/trlicencias? HTTP/1.1" 200 12222
192.168.10.19 - - [10/Aug/2026:16:37:28 -0300] "GET /cormun/servlet/vesolicitudgral?2026,23859,, HTTP/1.1" 200 8444
192.168.10.19 - - [10/Aug/2026:16:37:28 -0300] "GET /cormun/pexe_scrolldiv.js HTTP/1.1" 404 1009
190.95.1.185 - - [10/Aug/2026:16:37:31 -0300] "GET /cormun/servlet/trpermisosgoce? HTTP/1.1" 200 15153
190.95.67.91 - - [10/Aug/2026:16:37:33 -0300] "GET /cormun/servlet/permisogoce?1d265d1530e92f07c40b03df6c65bcc67f6bf5fee855c40fc632eadc280fdb8daa29578463f0c674d13af048131445be054734155cf4e7885856c893effba023,gx-no-cache=1786391103962 HTTP/1.1" 200 47
190.95.1.185 - - [10/Aug/2026:16:37:38 -0300] "GET /cormun/servlet/apermisogoceprn?16491258,P,20260810152246,PU HTTP/1.1" 200 1667
190.95.67.91 - - [10/Aug/2026:16:37:47 -0300] "POST /cormun/servlet/permisogoce?b55d373cb8b67f25e0d7b56d7747378e,INS,0,,,,gx-no-cache=1786391117890 HTTP/1.1" 200 93
190.95.67.91 - - [10/Aug/2026:16:37:47 -0300] "GET /cormun/servlet/hpexe_return? HTTP/1.1" 200 1034
190.95.67.91 - - [10/Aug/2026:16:37:47 -0300] "GET /cormun/servlet/trpermisosgoce?gx-no-cache=1786391075764 HTTP/1.1" 200 19393
190.95.67.91 - - [10/Aug/2026:16:37:50 -0300] "GET /cormun/servlet/trpermisosadjuntos?17706266,20260810154632,P, HTTP/1.1" 200 6755
190.95.67.91 - - [10/Aug/2026:16:37:52 -0300] "GET /cormun/servlet/permisosadjuntos?INS,17706266,P,20260810154632,, HTTP/1.1" 200 6057
190.95.67.91 - - [10/Aug/2026:16:37:52 -0300] "GET /cormun/static/about:blank HTTP/1.1" 404 1011
190.95.67.91 - - [10/Aug/2026:16:37:57 -0300] "POST /cormun/servlet/permisosadjuntos?b55d373cb8b67f25e0d7b56d7747378e,INS,17706266,P,20260810154632,, HTTP/1.1" 200 116
190.95.67.91 - - [10/Aug/2026:16:37:57 -0300] "GET /cormun/servlet/hpexe_return? HTTP/1.1" 200 1040
190.95.67.91 - - [10/Aug/2026:16:37:57 -0300] "GET /cormun/servlet/trpermisosadjuntos?17706266,20260810154632,P, HTTP/1.1" 200 7278
190.95.67.91 - - [10/Aug/2026:16:38:06 -0300] "POST /cormun/servlet/trpermisosadjuntos?b55d373cb8b67f25e0d7b56d7747378e,17706266,20260810154632,P,,gx-no-cache=1786391137051 HTTP/1.1" 200 90
190.95.67.91 - - [10/Aug/2026:16:38:06 -0300] "GET /cormun/servlet/hpexe_link HTTP/1.1" 200 1008
190.95.67.91 - - [10/Aug/2026:16:38:06 -0300] "GET /cormun/servlet/trpermisosgoce?gx-no-cache=1786391075764 HTTP/1.1" 200 19389
192.168.10.19 - - [10/Aug/2026:16:38:09 -0300] "POST /cormun/servlet/vesolicitudgral?f979e059b9fe67c69e932055f70ce793,2026,23859,,,gx-no-cache=1786391253966 HTTP/1.1" 200 12431
192.168.10.19 - - [10/Aug/2026:16:38:09 -0300] "GET /cormun/static/Shared/jqueryui/images/ui-bg_highlight-soft_100_c6c2c8_1x100.png HTTP/1.1" 404 1117
192.168.10.19 - - [10/Aug/2026:16:38:09 -0300] "GET /cormun/static/Shared/jqueryui/images/ui-icons_82798d_256x240.png HTTP/1.1" 404 1089
192.168.10.19 - - [10/Aug/2026:16:38:09 -0300] "GET /cormun/static/Shared/jqueryui/images/ui-icons_8d78a5_256x240.png HTTP/1.1" 404 1089
192.168.10.19 - - [10/Aug/2026:16:38:09 -0300] "GET /cormun/static/Shared/jqueryui/images/ui-bg_flat_55_fafafa_40x100.png HTTP/1.1" 404 1097
192.168.10.19 - - [10/Aug/2026:16:38:09 -0300] "POST /cormun/servlet/vesolicitudgral?f979e059b9fe67c69e932055f70ce793,2026,23859,,,gx-no-cache=1786391254117 HTTP/1.1" 200 12364
190.95.67.91 - - [10/Aug/2026:16:38:10 -0300] "GET /cormun/servlet/trpermisosadjuntos?17706266,20260810154632,P, HTTP/1.1" 200 7296
192.168.10.19 - - [10/Aug/2026:16:38:11 -0300] "GET /cormun/servlet/trautorizarot? HTTP/1.1" 200 9627
190.95.67.91 - - [10/Aug/2026:16:38:12 -0300] "POST /cormun/servlet/trpermisosadjuntos?b55d373cb8b67f25e0d7b56d7747378e,17706266,20260810154632,P,,gx-no-cache=1786391143378 HTTP/1.1" 200 90
190.95.67.91 - - [10/Aug/2026:16:38:12 -0300] "GET /cormun/servlet/hpexe_link HTTP/1.1" 200 1008
201.186.225.193 - - [10/Aug/2026:16:38:12 -0300] "GET /cormun/servlet/hhome HTTP/1.1" 200 3325
190.95.67.91 - - [10/Aug/2026:16:38:12 -0300] "GET /cormun/servlet/trpermisosgoce?gx-no-cache=1786391075764 HTTP/1.1" 200 19389
192.168.10.19 - - [10/Aug/2026:16:38:12 -0300] "POST /cormun/servlet/trautorizarot?f979e059b9fe67c69e932055f70ce793,,gx-no-cache=1786391257711 HTTP/1.1" 200 5375
201.186.225.193 - - [10/Aug/2026:16:38:13 -0300] "GET /cormun/servlet/hlogin HTTP/1.1" 200 1735
190.95.67.91 - - [10/Aug/2026:16:38:15 -0300] "POST /cormun/servlet/trpermisosgoce?b55d373cb8b67f25e0d7b56d7747378e,gx-no-cache=1786391075764,gx-no-cache=1786391145661 HTTP/1.1" 200 16487
190.95.67.91 - - [10/Aug/2026:16:38:17 -0300] "GET /cormun/servlet/permisogoce?INS,0,,, HTTP/1.1" 200 7340
201.186.225.193 - - [10/Aug/2026:16:38:21 -0300] "POST /cormun/servlet/hlogin?3992089cd6ac74d3cbc159cd66a9c787,gx-no-cache=1786391151845 HTTP/1.1" 200 90
201.186.225.193 - - [10/Aug/2026:16:38:21 -0300] "GET /cormun/servlet/hpexe_link HTTP/1.1" 200 951
201.186.225.193 - - [10/Aug/2026:16:38:21 -0300] "GET /cormun/servlet/hhome HTTP/1.1" 200 4134
190.95.67.91 - - [10/Aug/2026:16:38:23 -0300] "GET /cormun/servlet/permisogoce?1d265d1530e92f07c40b03df6c65bcc648c816f513ac862d1ecf421f389f0b19e083f5eb9355020413068f7800c26eb7e1fec7533a7c49b98d09bc24565feb3f,gx-no-cache=1786391154567 HTTP/1.1" 200 71
201.186.225.193 - - [10/Aug/2026:16:38:27 -0300] "GET /cormun/servlet/trlicencias? HTTP/1.1" 200 9777
190.95.67.91 - - [10/Aug/2026:16:38:30 -0300] "GET /cormun/servlet/permisogoce?1d265d1530e92f07c40b03df6c65bcc68292378a07a27ab03fbb11577d9f83e72489bcbce90a172e801e823d36f8a58034650fbb0c6fc9314f82f34d9dcefc04,gx-no-cache=1786391160749 HTTP/1.1" 200 46
190.95.67.91 - - [10/Aug/2026:16:38:33 -0300] "POST /cormun/servlet/permisogoce?b55d373cb8b67f25e0d7b56d7747378e,INS,0,,,,gx-no-cache=1786391163313 HTTP/1.1" 200 93
190.95.67.91 - - [10/Aug/2026:16:38:33 -0300] "GET /cormun/servlet/hpexe_return? HTTP/1.1" 200 1034
190.95.67.91 - - [10/Aug/2026:16:38:33 -0300] "GET /cormun/servlet/trpermisosgoce?gx-no-cache=1786391075764 HTTP/1.1" 200 19440
190.95.67.91 - - [10/Aug/2026:16:38:35 -0300] "GET /cormun/servlet/trpermisosadjuntos?16879974,20260810154742,P, HTTP/1.1" 200 6752
201.186.225.193 - - [10/Aug/2026:16:38:35 -0300] "POST /cormun/servlet/trlicencias?3992089cd6ac74d3cbc159cd66a9c787,,gx-no-cache=1786391165486 HTTP/1.1" 200 101
201.186.225.193 - - [10/Aug/2026:16:38:35 -0300] "POST /cormun/servlet/trlicencias?3992089cd6ac74d3cbc159cd66a9c787,,gx-no-cache=1786391165643 HTTP/1.1" 200 7401
201.186.225.193 - - [10/Aug/2026:16:38:35 -0300] "GET /cormun/Licencias-5904.xls HTTP/1.1" 200 6656
4.228.168.92 - - [10/Aug/2026:16:38:36 -0300] "GET /cormun/Licencias-5904.xls HTTP/1.1" 200 6656
190.95.67.91 - - [10/Aug/2026:16:38:36 -0300] "GET /cormun/servlet/permisosadjuntos?INS,16879974,P,20260810154742,, HTTP/1.1" 200 6053
190.95.67.91 - - [10/Aug/2026:16:38:36 -0300] "GET /cormun/static/about:blank HTTP/1.1" 404 1011
201.186.225.193 - - [10/Aug/2026:16:38:38 -0300] "GET /cormun/Licencias-5904.xls HTTP/1.1" 304 -
190.95.67.91 - - [10/Aug/2026:16:38:41 -0300] "POST /cormun/servlet/permisosadjuntos?b55d373cb8b67f25e0d7b56d7747378e,INS,16879974,P,20260810154742,, HTTP/1.1" 200 116
190.95.67.91 - - [10/Aug/2026:16:38:41 -0300] "GET /cormun/servlet/hpexe_return? HTTP/1.1" 200 1041
190.95.67.91 - - [10/Aug/2026:16:38:41 -0300] "GET /cormun/servlet/trpermisosadjuntos?16879974,20260810154742,P, HTTP/1.1" 200 7264
190.95.67.91 - - [10/Aug/2026:16:38:43 -0300] "POST /cormun/servlet/trpermisosadjuntos?b55d373cb8b67f25e0d7b56d7747378e,16879974,20260810154742,P,,gx-no-cache=1786391174499 HTTP/1.1" 200 90
190.95.67.91 - - [10/Aug/2026:16:38:43 -0300] "GET /cormun/servlet/hpexe_link HTTP/1.1" 200 1007
190.95.67.91 - - [10/Aug/2026:16:38:44 -0300] "GET /cormun/servlet/trpermisosgoce?gx-no-cache=1786391075764 HTTP/1.1" 200 19434
190.95.67.91 - - [10/Aug/2026:16:38:46 -0300] "POST /cormun/servlet/trpermisosgoce?b55d373cb8b67f25e0d7b56d7747378e,gx-no-cache=1786391075764,gx-no-cache=1786391176531 HTTP/1.1" 200 16529
190.95.67.91 - - [10/Aug/2026:16:38:56 -0300] "GET /cormun/servlet/permisogoce?INS,0,,, HTTP/1.1" 200 7340
190.95.67.91 - - [10/Aug/2026:16:39:03 -0300] "GET /cormun/servlet/permisogoce?1d265d1530e92f07c40b03df6c65bcc6d4cb4f207b1fd79eec54eedb45b32c7ce083f5eb9355020413068f7800c26eb7e1fec7533a7c49b98d09bc24565feb3f,gx-no-cache=1786391194412 HTTP/1.1" 200 75
190.95.67.91 - - [10/Aug/2026:16:39:13 -0300] "GET /cormun/servlet/permisogoce?1d265d1530e92f07c40b03df6c65bcc6e4799e20bb43ea99e48e18ad7480080b76142d8c0fa98fe728d1ebd76ce78479054734155cf4e7885856c893effba023,gx-no-cache=1786391204250 HTTP/1.1" 200 47
190.95.67.91 - - [10/Aug/2026:16:39:16 -0300] "POST /cormun/servlet/permisogoce?b55d373cb8b67f25e0d7b56d7747378e,INS,0,,,,gx-no-cache=1786391206810 HTTP/1.1" 200 93
190.95.67.91 - - [10/Aug/2026:16:39:16 -0300] "GET /cormun/servlet/hpexe_return? HTTP/1.1" 200 1034
190.95.67.91 - - [10/Aug/2026:16:39:16 -0300] "GET /cormun/servlet/trpermisosgoce?gx-no-cache=1786391075764 HTTP/1.1" 200 19456
201.186.225.193 - - [10/Aug/2026:16:39:16 -0300] "GET /cormun/Licencias-5904.xls HTTP/1.1" 304 -
201.186.225.189 - - [10/Aug/2026:16:39:24 -0300] "GET /cormun/static/Resources/resize.gif HTTP/1.1" 200 77
201.186.225.189 - - [10/Aug/2026:16:39:24 -0300] "GET /cormun/static/Resources/PXTools/ClosePrompt.png HTTP/1.1" 200 1036
201.186.225.189 - - [10/Aug/2026:16:39:24 -0300] "GET /cormun/servlet/prbanco?,MD,,gxPopupLevel%3D0%3B HTTP/1.1" 200 6777
201.186.225.189 - - [10/Aug/2026:16:39:24 -0300] "GET /cormun/static/prbanco.js?20201216132311 HTTP/1.1" 200 10693
201.186.225.189 - - [10/Aug/2026:16:39:24 -0300] "GET /cormun/static/Resources/PXToolsMenuSearch.png HTTP/1.1" 200 336
201.186.225.189 - - [10/Aug/2026:16:39:24 -0300] "GET /cormun/static/gxcfg.js?20201216131581 HTTP/1.1" 200 953
201.186.225.189 - - [10/Aug/2026:16:39:24 -0300] "GET /cormun/static/menusearch.js?20201214473581 HTTP/1.1" 200 1424
201.186.225.189 - - [10/Aug/2026:16:39:24 -0300] "GET /cormun/static/hmpwkw011.js?202211298443482 HTTP/1.1" 200 1968
190.95.67.91 - - [10/Aug/2026:16:39:24 -0300] "GET /cormun/servlet/trpermisosadjuntos?20905502,20260810154821,P, HTTP/1.1" 200 6751
201.186.225.189 - - [10/Aug/2026:16:39:24 -0300] "GET /cormun/static/Resources/PXToolsMenuSearchCancel.png HTTP/1.1" 200 306
190.95.67.91 - - [10/Aug/2026:16:39:25 -0300] "GET /cormun/servlet/permisosadjuntos?INS,20905502,P,20260810154821,, HTTP/1.1" 200 6048
190.95.67.91 - - [10/Aug/2026:16:39:26 -0300] "GET /cormun/static/about:blank HTTP/1.1" 404 1011
201.186.225.189 - - [10/Aug/2026:16:39:28 -0300] "GET /cormun/servlet/solicitudot?f3f950e7a03a91c5c71b3806a31b4e98de6d622a983d266eb7ebe80587641229a4256df0ba93c022f3196058ac6c2c99e791a4095e3ea6f840b5500955a55c50,gx-no-cache=1786391218360 HTTP/1.1" 200 30
201.186.225.189 - - [10/Aug/2026:16:39:29 -0300] "GET /cormun/servlet/solicitudot?f3f950e7a03a91c5c71b3806a31b4e98e107b01f6363c15a996dc59a735a7136,gx-no-cache=1786391219532 HTTP/1.1" 200 53
190.95.67.91 - - [10/Aug/2026:16:39:31 -0300] "POST /cormun/servlet/permisosadjuntos?b55d373cb8b67f25e0d7b56d7747378e,INS,20905502,P,20260810154821,, HTTP/1.1" 200 116
190.95.67.91 - - [10/Aug/2026:16:39:31 -0300] "GET /cormun/servlet/hpexe_return? HTTP/1.1" 200 1039
190.95.67.91 - - [10/Aug/2026:16:39:31 -0300] "GET /cormun/servlet/trpermisosadjuntos?20905502,20260810154821,P, HTTP/1.1" 200 7267
190.95.67.91 - - [10/Aug/2026:16:39:32 -0300] "POST /cormun/servlet/trpermisosadjuntos?b55d373cb8b67f25e0d7b56d7747378e,20905502,20260810154821,P,,gx-no-cache=1786391223331 HTTP/1.1" 200 90
190.95.67.91 - - [10/Aug/2026:16:39:32 -0300] "GET /cormun/servlet/hpexe_link HTTP/1.1" 200 1007
190.95.67.91 - - [10/Aug/2026:16:39:32 -0300] "GET /cormun/servlet/trpermisosgoce?gx-no-cache=1786391075764 HTTP/1.1" 200 19451
190.95.67.91 - - [10/Aug/2026:16:39:34 -0300] "POST /cormun/servlet/trpermisosgoce?b55d373cb8b67f25e0d7b56d7747378e,gx-no-cache=1786391075764,gx-no-cache=1786391225453 HTTP/1.1" 200 16578
190.95.67.91 - - [10/Aug/2026:16:39:37 -0300] "GET /cormun/servlet/permisogoce?INS,0,,, HTTP/1.1" 200 7341
190.95.67.91 - - [10/Aug/2026:16:39:43 -0300] "GET /cormun/servlet/permisogoce?1d265d1530e92f07c40b03df6c65bcc6a0dd44aa954b79bc23b445b34c13102fe083f5eb9355020413068f7800c26eb7e1fec7533a7c49b98d09bc24565feb3f,gx-no-cache=1786391234403 HTTP/1.1" 200 83
190.95.67.91 - - [10/Aug/2026:16:39:52 -0300] "GET /cormun/servlet/permisogoce?1d265d1530e92f07c40b03df6c65bcc634cfb81d9de0c231a530bce168c1a69eff20e5fd3578ef5ec42f479ad9d87cfe054734155cf4e7885856c893effba023,gx-no-cache=1786391243005 HTTP/1.1" 200 47
190.95.67.91 - - [10/Aug/2026:16:39:58 -0300] "POST /cormun/servlet/permisogoce?b55d373cb8b67f25e0d7b56d7747378e,INS,0,,,,gx-no-cache=1786391249033 HTTP/1.1" 200 93
190.95.67.91 - - [10/Aug/2026:16:39:58 -0300] "GET /cormun/servlet/hpexe_return? HTTP/1.1" 200 1034
190.95.67.91 - - [10/Aug/2026:16:39:58 -0300] "GET /cormun/servlet/trpermisosgoce?gx-no-cache=1786391075764 HTTP/1.1" 200 19464
201.186.225.189 - - [10/Aug/2026:16:39:59 -0300] "GET /cormun/servlet/solicitudot?f3f950e7a03a91c5c71b3806a31b4e983462acda9d115c73329d722bc4c4fb2de5a690692a3a35fa73a1d0067efe3a764cbb2ed186f9f6ee77eb3575d922aa4a560ab3098609037a6a8af49018f102222de7bee9b1b2a1d0218535120a2787753a332dec841ec472352a2ac5e994f44981d3d1043c29f3402406e04456476c5b91fc11d7eed7e3fdba887013727387af594348ccbf82a8702c0e1469c154945f062938c031de96d33914c5504ecdeadd20e33de6ed4a1a237170eddbab406f54185c0cbdea3d75303335becd93422db2c159930dab65a9de00037251ebe42d810c4c4da1767e54f8e1927fb6afe077622cb99ecceca32966988b39a64dd0d18234a4687b712e54930af889084ce5a0fce74537be09b15fc471c5fc4f6b0431410fa0bd2702348df653de3d82f57032600a2dd1d69080e5d7fa09c3c3a4888f0f4aca086a85e04bd983cde2b30e82de46,gx-no-cache=1786391249573 HTTP/1.1" 200 240
190.95.67.91 - - [10/Aug/2026:16:40:00 -0300] "GET /cormun/servlet/trpermisosadjuntos?11553313,20260810154902,P, HTTP/1.1" 200 6757
201.186.225.189 - - [10/Aug/2026:16:40:02 -0300] "GET /cormun/servlet/solicitudot?f3f950e7a03a91c5c71b3806a31b4e98d963abf57f7154e5d4554700d8ece6dfa2d8824fb42e581469d81ef93aa2a990df08c3efc2bf30dbe63d7fe2de01560ad94165227287d470426032d9e96ff2e43a7e87d596eed2c146dbd4dc84ee59f7997689bc6217e0d075c96288a815ffdb9ed4ad391b7244b78aa31b79dfc4fc61959253982fbd80c01cd8240c56ea4519dd2d1632fdc956207a43d9c60c2281e0bec0e5aa4250eb8cba721afdc75df1293108a31cd58cd07000ec785763ae5216e6a1d33826c78cbaf5ee9676a41a7bbaf937ec7176e80b86949e9c02da1e714c68b164602db4a0c9b2e652454396c22c0548e8c6d42aed9ebe44b3ac90e6ece095aef33687684b0d1bfed19334ead7cfef46e3d53f00309b05d47d3822849711ae8cbc2f0724086bf407e4c3d3e26abb0e37460e02536cf3e6aeba3925259e0b8b204096f43900a6bd50bd64f20f78c5e0f218d2df973bf7eacd219156c9bf5df9ec2f12ce8b4af5e0aa2f67bb1ae5d40c2e206a75c19cb43cd29d664b3bc0ba,gx-no-cache=1786391252024 HTTP/1.1" 200 30
190.95.67.91 - - [10/Aug/2026:16:40:02 -0300] "GET /cormun/servlet/permisosadjuntos?INS,11553313,P,20260810154902,, HTTP/1.1" 200 6055
190.95.67.91 - - [10/Aug/2026:16:40:02 -0300] "GET /cormun/static/about:blank HTTP/1.1" 404 1011
201.186.225.189 - - [10/Aug/2026:16:40:05 -0300] "POST /cormun/servlet/solicitudot?gx-no-cache=1786391254980 HTTP/1.1" 200 30
190.95.67.91 - - [10/Aug/2026:16:40:08 -0300] "POST /cormun/servlet/permisosadjuntos?b55d373cb8b67f25e0d7b56d7747378e,INS,11553313,P,20260810154902,, HTTP/1.1" 200 116
190.95.67.91 - - [10/Aug/2026:16:40:08 -0300] "GET /cormun/servlet/hpexe_return? HTTP/1.1" 200 1039
190.95.67.91 - - [10/Aug/2026:16:40:08 -0300] "GET /cormun/servlet/trpermisosadjuntos?11553313,20260810154902,P, HTTP/1.1" 200 7272
190.95.67.91 - - [10/Aug/2026:16:40:16 -0300] "POST /cormun/servlet/trpermisosadjuntos?b55d373cb8b67f25e0d7b56d7747378e,11553313,20260810154902,P,,gx-no-cache=1786391266882 HTTP/1.1" 200 90
190.95.67.91 - - [10/Aug/2026:16:40:16 -0300] "GET /cormun/servlet/hpexe_link HTTP/1.1" 200 1007
190.95.67.91 - - [10/Aug/2026:16:40:16 -0300] "GET /cormun/servlet/trpermisosgoce?gx-no-cache=1786391075764 HTTP/1.1" 200 19433
190.95.67.91 - - [10/Aug/2026:16:40:18 -0300] "POST /cormun/servlet/trpermisosgoce?b55d373cb8b67f25e0d7b56d7747378e,gx-no-cache=1786391075764,gx-no-cache=1786391268805 HTTP/1.1" 200 16533
190.95.67.91 - - [10/Aug/2026:16:40:20 -0300] "GET /cormun/servlet/permisogoce?INS,0,,, HTTP/1.1" 200 7340
190.95.67.91 - - [10/Aug/2026:16:40:35 -0300] "GET /cormun/servlet/permisogoce?1d265d1530e92f07c40b03df6c65bcc6e1e6a058531be16373ec2f8402a91287e083f5eb9355020413068f7800c26eb7e1fec7533a7c49b98d09bc24565feb3f,gx-no-cache=1786391286454 HTTP/1.1" 200 79
190.95.67.91 - - [10/Aug/2026:16:40:46 -0300] "GET /cormun/servlet/permisogoce?1d265d1530e92f07c40b03df6c65bcc65ec90db73242a82ee033e2e5ec76b69c3177abafce53174646622be4a8ae3fde054734155cf4e7885856c893effba023,gx-no-cache=1786391297573 HTTP/1.1" 200 47
201.186.225.189 - - [10/Aug/2026:16:40:54 -0300] "POST /cormun/servlet/solicitudot?gx-no-cache=1786391304100 HTTP/1.1" 200 1508
201.186.225.189 - - [10/Aug/2026:16:40:54 -0300] "GET /cormun/static/menuarrow.gif HTTP/1.1" 404 1015
190.95.67.91 - - [10/Aug/2026:16:40:59 -0300] "POST /cormun/servlet/permisogoce?b55d373cb8b67f25e0d7b56d7747378e,INS,0,,,,gx-no-cache=1786391309905 HTTP/1.1" 200 93
190.95.67.91 - - [10/Aug/2026:16:40:59 -0300] "GET /cormun/servlet/hpexe_return? HTTP/1.1" 200 1034
190.95.67.91 - - [10/Aug/2026:16:40:59 -0300] "GET /cormun/servlet/trpermisosgoce?gx-no-cache=1786391075764 HTTP/1.1" 200 19531
190.95.67.91 - - [10/Aug/2026:16:41:03 -0300] "GET /cormun/servlet/trpermisosadjuntos?15993605,20260810154945,P, HTTP/1.1" 200 6756
190.95.67.91 - - [10/Aug/2026:16:41:04 -0300] "GET /cormun/servlet/permisosadjuntos?INS,15993605,P,20260810154945,, HTTP/1.1" 200 6058
190.95.67.91 - - [10/Aug/2026:16:41:05 -0300] "GET /cormun/static/about:blank HTTP/1.1" 404 1011
190.95.67.91 - - [10/Aug/2026:16:41:14 -0300] "POST /cormun/servlet/permisosadjuntos?b55d373cb8b67f25e0d7b56d7747378e,INS,15993605,P,20260810154945,, HTTP/1.1" 200 116
190.95.67.91 - - [10/Aug/2026:16:41:14 -0300] "GET /cormun/servlet/hpexe_return? HTTP/1.1" 200 1040
190.95.67.91 - - [10/Aug/2026:16:41:15 -0300] "GET /cormun/servlet/trpermisosadjuntos?15993605,20260810154945,P, HTTP/1.1" 200 7281
201.186.225.189 - - [10/Aug/2026:16:41:17 -0300] "POST /cormun/servlet/solicitudot?gx-no-cache=1786391326972 HTTP/1.1" 200 41
201.186.225.189 - - [10/Aug/2026:16:41:21 -0300] "GET /cormun/servlet/solicitudot?f3f950e7a03a91c5c71b3806a31b4e9859094957f519cb29d972ea20c17b079d20b94b52418bddd597b702dc57833bd634c12c1cc510a094c97818c4b2d787bbd320e32df7f8245260ee388db06a4c018b617c0b88d304f193f1991ff61225ea085962773a7d36a5006960bad7a82e9b,gx-no-cache=1786391331539 HTTP/1.1" 200 110
201.186.225.189 - - [10/Aug/2026:16:41:21 -0300] "POST /cormun/servlet/solicitudot?gx-no-cache=1786391331562 HTTP/1.1" 200 110
190.95.67.91 - - [10/Aug/2026:16:41:22 -0300] "POST /cormun/servlet/trpermisosadjuntos?b55d373cb8b67f25e0d7b56d7747378e,15993605,20260810154945,P,,gx-no-cache=1786391333419 HTTP/1.1" 200 90
190.95.67.91 - - [10/Aug/2026:16:41:22 -0300] "GET /cormun/servlet/hpexe_link HTTP/1.1" 200 1008
190.95.67.91 - - [10/Aug/2026:16:41:22 -0300] "GET /cormun/servlet/trpermisosgoce?gx-no-cache=1786391075764 HTTP/1.1" 200 19527
190.95.1.187 - - [10/Aug/2026:16:41:23 -0300] "GET /cormun/servlet/permisogoce?88ed1b07371ffc5b3be285bc36624a067a4c64932dd74130baa4a98d92b674f598eb65dd13d4f9642a07d7db93e79227814e2e2bb176ed5d63455b4b18aec83f,gx-no-cache=1786391333642 HTTP/1.1" 200 84
190.95.67.91 - - [10/Aug/2026:16:41:24 -0300] "POST /cormun/servlet/trpermisosgoce?b55d373cb8b67f25e0d7b56d7747378e,gx-no-cache=1786391075764,gx-no-cache=1786391335213 HTTP/1.1" 200 16603
190.95.67.91 - - [10/Aug/2026:16:41:25 -0300] "GET /cormun/servlet/permisogoce?INS,0,,, HTTP/1.1" 200 7339
190.95.67.91 - - [10/Aug/2026:16:41:31 -0300] "GET /cormun/servlet/permisogoce?1d265d1530e92f07c40b03df6c65bcc6e6ca27e4888939748a5063e8e4cee82ae083f5eb9355020413068f7800c26eb7e1fec7533a7c49b98d09bc24565feb3f,gx-no-cache=1786391342422 HTTP/1.1" 200 75
201.186.225.189 - - [10/Aug/2026:16:41:35 -0300] "GET /cormun/servlet/solicitudot?f3f950e7a03a91c5c71b3806a31b4e980b212ca45ccd7d8df8561af2f92780af2cb99ecceca32966988b39a64dd0d18234a4687b712e54930af889084ce5a0fc310498fdc384215dca94621d41ff6f13,gx-no-cache=1786391345227 HTTP/1.1" 200 29
190.95.67.91 - - [10/Aug/2026:16:41:37 -0300] "GET /cormun/servlet/permisogoce?1d265d1530e92f07c40b03df6c65bcc69f1ed551cc90720610f03ca4a654a46d6ee4e37f46f40110415c6b7eea4b51f3054734155cf4e7885856c893effba023,gx-no-cache=1786391348308 HTTP/1.1" 200 47
201.186.225.189 - - [10/Aug/2026:16:41:41 -0300] "GET /cormun/servlet/solicitudot?f3f950e7a03a91c5c71b3806a31b4e98277cb895134b476c6f5724a3fabbc6f1a9c762e71a8131161c078ca5b55af886,gx-no-cache=1786391351044 HTTP/1.1" 200 30
201.186.225.189 - - [10/Aug/2026:16:41:41 -0300] "POST /cormun/servlet/solicitudot?gx-no-cache=1786391351066 HTTP/1.1" 200 34
201.186.225.189 - - [10/Aug/2026:16:41:41 -0300] "POST /cormun/servlet/solicitudot?3012641439954b207e51e7277c7f2b3a,INS,0,0,false,,gx-no-cache=1786391351089 HTTP/1.1" 200 13406
190.95.67.91 - - [10/Aug/2026:16:41:47 -0300] "POST /cormun/servlet/permisogoce?b55d373cb8b67f25e0d7b56d7747378e,INS,0,,,,gx-no-cache=1786391358186 HTTP/1.1" 200 93
190.95.67.91 - - [10/Aug/2026:16:41:47 -0300] "GET /cormun/servlet/hpexe_return? HTTP/1.1" 200 1034
190.95.67.91 - - [10/Aug/2026:16:41:48 -0300] "GET /cormun/servlet/trpermisosgoce?gx-no-cache=1786391075764 HTTP/1.1" 200 19517
190.95.67.91 - - [10/Aug/2026:16:41:50 -0300] "GET /cormun/servlet/trpermisosadjuntos?17134790,20260810155050,P, HTTP/1.1" 200 6750
190.95.67.91 - - [10/Aug/2026:16:41:51 -0300] "GET /cormun/servlet/permisosadjuntos?INS,17134790,P,20260810155050,, HTTP/1.1" 200 6053
190.95.67.91 - - [10/Aug/2026:16:41:51 -0300] "GET /cormun/static/about:blank HTTP/1.1" 404 1011
190.95.67.91 - - [10/Aug/2026:16:41:57 -0300] "POST /cormun/servlet/permisosadjuntos?b55d373cb8b67f25e0d7b56d7747378e,INS,17134790,P,20260810155050,, HTTP/1.1" 200 116
190.95.67.91 - - [10/Aug/2026:16:41:57 -0300] "GET /cormun/servlet/hpexe_return? HTTP/1.1" 200 1040
190.95.67.91 - - [10/Aug/2026:16:41:57 -0300] "GET /cormun/servlet/trpermisosadjuntos?17134790,20260810155050,P, HTTP/1.1" 200 7257
10.40.40.2 - - [10/Aug/2026:16:41:57 -0300] "POST /cormun/servlet/trlicencias?1771923098c7703fbef89302717f5bec,gx-no-cache=1786391326019 HTTP/1.1" 440 972
190.95.67.91 - - [10/Aug/2026:16:41:59 -0300] "POST /cormun/servlet/trpermisosadjuntos?b55d373cb8b67f25e0d7b56d7747378e,17134790,20260810155050,P,,gx-no-cache=1786391370499 HTTP/1.1" 200 90
190.95.67.91 - - [10/Aug/2026:16:41:59 -0300] "GET /cormun/servlet/hpexe_link HTTP/1.1" 200 1008
190.95.67.91 - - [10/Aug/2026:16:42:00 -0300] "GET /cormun/servlet/trpermisosgoce?gx-no-cache=1786391075764 HTTP/1.1" 200 19512
10.40.40.2 - - [10/Aug/2026:16:42:00 -0300] "GET /cormun/servlet/trlicencias HTTP/1.1" 200 6053
10.40.40.2 - - [10/Aug/2026:16:42:00 -0300] "GET /cormun/servlet/hlogin HTTP/1.1" 200 1743
190.95.67.91 - - [10/Aug/2026:16:42:03 -0300] "POST /cormun/servlet/trpermisosgoce?b55d373cb8b67f25e0d7b56d7747378e,gx-no-cache=1786391075764,gx-no-cache=1786391374235 HTTP/1.1" 200 16615
10.40.40.2 - - [10/Aug/2026:16:42:07 -0300] "POST /cormun/servlet/hlogin?60cec7ca43bd6634f69c10f82774626a,gx-no-cache=1786391335844 HTTP/1.1" 200 90
10.40.40.2 - - [10/Aug/2026:16:42:07 -0300] "GET /cormun/servlet/hpexe_link HTTP/1.1" 200 961
10.40.40.2 - - [10/Aug/2026:16:42:07 -0300] "GET /cormun/servlet/trlicencias HTTP/1.1" 200 19072
10.40.40.2 - - [10/Aug/2026:16:42:12 -0300] "GET /cormun/servlet/licenciaspermisos?DSP,15804281,L,20260810000000, HTTP/1.1" 200 6255
190.95.67.91 - - [10/Aug/2026:16:42:12 -0300] "GET /cormun/servlet/permisogoce?INS,0,,, HTTP/1.1" 200 7340
10.40.40.2 - - [10/Aug/2026:16:42:17 -0300] "POST /cormun/servlet/licenciaspermisos?60cec7ca43bd6634f69c10f82774626a,DSP,15804281,L,20260810000000,,gx-no-cache=1786391345939 HTTP/1.1" 200 93
10.40.40.2 - - [10/Aug/2026:16:42:17 -0300] "GET /cormun/servlet/hpexe_return? HTTP/1.1" 200 1033
10.40.40.2 - - [10/Aug/2026:16:42:18 -0300] "GET /cormun/servlet/trlicencias HTTP/1.1" 200 19075
190.95.67.91 - - [10/Aug/2026:16:42:19 -0300] "GET /cormun/servlet/permisogoce?1d265d1530e92f07c40b03df6c65bcc6ccbf91dcd9d2360c82cfd39e131e6f7be083f5eb9355020413068f7800c26eb7e1fec7533a7c49b98d09bc24565feb3f,gx-no-cache=1786391390405 HTTP/1.1" 200 80
190.95.67.91 - - [10/Aug/2026:16:42:26 -0300] "GET /cormun/servlet/permisogoce?1d265d1530e92f07c40b03df6c65bcc62c892d30d4fb7286cfc78b1a7da74f4370f8cfc43f8b59ce508da78c8b108423054734155cf4e7885856c893effba023,gx-no-cache=1786391397531 HTTP/1.1" 200 48
10.40.40.2 - - [10/Aug/2026:16:42:29 -0300] "GET /cormun/servlet/alicenciaprn?9292484,L,20260810000000,PU HTTP/1.1" 200 1547
190.95.67.91 - - [10/Aug/2026:16:42:29 -0300] "POST /cormun/servlet/permisogoce?b55d373cb8b67f25e0d7b56d7747378e,INS,0,,,,gx-no-cache=1786391400074 HTTP/1.1" 200 93
190.95.67.91 - - [10/Aug/2026:16:42:29 -0300] "GET /cormun/servlet/hpexe_return? HTTP/1.1" 200 1034
190.95.67.91 - - [10/Aug/2026:16:42:30 -0300] "GET /cormun/servlet/trpermisosgoce?gx-no-cache=1786391075764 HTTP/1.1" 200 19491
190.95.67.91 - - [10/Aug/2026:16:42:33 -0300] "GET /cormun/servlet/trpermisosadjuntos?15105457,20260810155137,P, HTTP/1.1" 200 6753
190.95.67.91 - - [10/Aug/2026:16:42:36 -0300] "GET /cormun/servlet/permisosadjuntos?INS,15105457,P,20260810155137,, HTTP/1.1" 200 6055
190.95.67.91 - - [10/Aug/2026:16:42:36 -0300] "GET /cormun/static/about:blank HTTP/1.1" 404 1011
190.95.67.91 - - [10/Aug/2026:16:42:42 -0300] "POST /cormun/servlet/permisosadjuntos?b55d373cb8b67f25e0d7b56d7747378e,INS,15105457,P,20260810155137,, HTTP/1.1" 200 116
190.95.67.91 - - [10/Aug/2026:16:42:42 -0300] "GET /cormun/servlet/hpexe_return? HTTP/1.1" 200 1040
190.95.67.91 - - [10/Aug/2026:16:42:42 -0300] "GET /cormun/servlet/trpermisosadjuntos?15105457,20260810155137,P, HTTP/1.1" 200 7272
190.95.67.91 - - [10/Aug/2026:16:42:45 -0300] "POST /cormun/servlet/trpermisosadjuntos?b55d373cb8b67f25e0d7b56d7747378e,15105457,20260810155137,P,,gx-no-cache=1786391416683 HTTP/1.1" 200 90
190.95.67.91 - - [10/Aug/2026:16:42:45 -0300] "GET /cormun/servlet/hpexe_link HTTP/1.1" 200 1008
190.95.67.91 - - [10/Aug/2026:16:42:46 -0300] "GET /cormun/servlet/trpermisosgoce?gx-no-cache=1786391075764 HTTP/1.1" 200 19489
10.40.40.2 - - [10/Aug/2026:16:42:47 -0300] "GET /cormun/servlet/alicenciaprn?11142513,L,20260808000000,PU HTTP/1.1" 200 1565
190.95.67.91 - - [10/Aug/2026:16:42:51 -0300] "POST /cormun/servlet/trpermisosgoce?b55d373cb8b67f25e0d7b56d7747378e,gx-no-cache=1786391075764,gx-no-cache=1786391422093 HTTP/1.1" 200 16603
