190.95.1.185 - - [06/Aug/2026:11:28:18 -0300] "POST /cormun/servlet/trsolicitudot?eea4b36cddec0393bc67e3cdf839f7fc,gx-no-cache=1786022789759,gx-no-cache=1786026945236 HTTP/1.1" 200 107
190.95.1.185 - - [06/Aug/2026:11:28:18 -0300] "GET /cormun/servlet/trsolicitudadjuntos?2026,23853, HTTP/1.1" 200 6607
190.95.1.185 - - [06/Aug/2026:11:28:18 -0300] "GET /cormun/static/gxcfg.js?20201215574222 HTTP/1.1" 200 953
190.95.1.185 - - [06/Aug/2026:11:28:18 -0300] "GET /cormun/static/trsolicitudadjuntos.js?20201215574932 HTTP/1.1" 200 17921
190.95.1.185 - - [06/Aug/2026:11:28:18 -0300] "GET /cormun/static/Resources/PXToolsGridNew.png HTTP/1.1" 200 427
190.95.1.129 - - [06/Aug/2026:11:28:20 -0300] "POST /cormun/servlet/hlogin?62fcf4aec721eda52d22893d73e144c0,gx-no-cache=1786026947778 HTTP/1.1" 200 90
190.95.1.129 - - [06/Aug/2026:11:28:20 -0300] "GET /cormun/servlet/hpexe_link HTTP/1.1" 200 960
190.95.1.129 - - [06/Aug/2026:11:28:20 -0300] "GET /cormun/servlet/trlicencias HTTP/1.1" 200 11657
190.95.1.185 - - [06/Aug/2026:11:28:22 -0300] "GET /cormun/servlet/solicitudotadjuntos?INS,2026,23853,,1, HTTP/1.1" 200 6527
190.95.1.185 - - [06/Aug/2026:11:28:22 -0300] "GET /cormun/static/gxcfg.js?202211298385187 HTTP/1.1" 200 953
190.95.1.185 - - [06/Aug/2026:11:28:22 -0300] "GET /cormun/static/solicitudotadjuntos.js?202211298385196 HTTP/1.1" 200 11771
190.95.1.185 - - [06/Aug/2026:11:28:22 -0300] "GET /cormun/static/about:blank HTTP/1.1" 404 1011
190.95.1.185 - - [06/Aug/2026:11:28:23 -0300] "GET /cormun/servlet/solicitudotadjuntos?2aa53229b20c3d6d7759b08318cbb93c36c3cd1b6894b010dfbb071b87716c281a9572882824536060cc996b5ae9c4dd,gx-no-cache=1786026950540 HTTP/1.1" 200 30
190.95.1.185 - - [06/Aug/2026:11:28:23 -0300] "POST /cormun/servlet/solicitudotadjuntos?eea4b36cddec0393bc67e3cdf839f7fc,INS,2026,23853,,1,,gx-no-cache=1786026950575 HTTP/1.1" 200 4193
190.95.1.185 - - [06/Aug/2026:11:28:26 -0300] "POST /cormun/servlet/solicitudotadjuntos?gx-no-cache=1786026953494 HTTP/1.1" 200 26
190.95.67.93 - - [06/Aug/2026:11:30:18 -0300] "GET /cormun/servlet/permisogoce?INS,0,,, HTTP/1.1" 200 6030
190.95.67.93 - - [06/Aug/2026:11:30:19 -0300] "GET /cormun/servlet/hlogin HTTP/1.1" 200 1745
190.95.67.93 - - [06/Aug/2026:11:30:22 -0300] "POST /cormun/servlet/hlogin?8cef43cdd9ba53e90c42031d5e3a7239,gx-no-cache=1786027069374 HTTP/1.1" 200 90
190.95.67.93 - - [06/Aug/2026:11:30:22 -0300] "GET /cormun/servlet/hpexe_link HTTP/1.1" 200 965
190.95.67.93 - - [06/Aug/2026:11:30:22 -0300] "GET /cormun/servlet/permisogoce?INS,0,,, HTTP/1.1" 200 7061
190.95.1.185 - - [06/Aug/2026:11:30:30 -0300] "GET /cormun/servlet/solicitudotadjuntos?2aa53229b20c3d6d7759b08318cbb93c1fdd9b2295dd4fdebd39659fb2625bcd,gx-no-cache=1786027077722 HTTP/1.1" 200 30
190.95.1.185 - - [06/Aug/2026:11:30:30 -0300] "GET /cormun/servlet/solicitudotadjuntos?2aa53229b20c3d6d7759b08318cbb93c1fdd9b2295dd4fdebd39659fb2625bcd,gx-no-cache=1786027077744 HTTP/1.1" 200 30
190.95.1.185 - - [06/Aug/2026:11:30:30 -0300] "POST /cormun/servlet/solicitudotadjuntos?eea4b36cddec0393bc67e3cdf839f7fc,INS,2026,23853,,1, HTTP/1.1" 200 116
190.95.1.185 - - [06/Aug/2026:11:30:30 -0300] "GET /cormun/servlet/hpexe_return? HTTP/1.1" 200 1028
190.95.1.185 - - [06/Aug/2026:11:30:31 -0300] "GET /cormun/servlet/trsolicitudadjuntos?2026,23853, HTTP/1.1" 200 9836
190.95.1.185 - - [06/Aug/2026:11:30:35 -0300] "GET /cormun/servlet/solicitudotadjuntos?INS,2026,23853,,1, HTTP/1.1" 200 6529
190.95.1.185 - - [06/Aug/2026:11:30:35 -0300] "GET /cormun/static/about:blank HTTP/1.1" 404 1011
190.95.1.185 - - [06/Aug/2026:11:30:36 -0300] "GET /cormun/servlet/solicitudotadjuntos?2aa53229b20c3d6d7759b08318cbb93c36c3cd1b6894b010dfbb071b87716c281a9572882824536060cc996b5ae9c4dd,gx-no-cache=1786027083674 HTTP/1.1" 200 30
190.95.1.185 - - [06/Aug/2026:11:30:36 -0300] "POST /cormun/servlet/solicitudotadjuntos?eea4b36cddec0393bc67e3cdf839f7fc,INS,2026,23853,,1,,gx-no-cache=1786027083703 HTTP/1.1" 200 4194
190.95.1.185 - - [06/Aug/2026:11:30:39 -0300] "POST /cormun/servlet/solicitudotadjuntos?gx-no-cache=1786027086329 HTTP/1.1" 200 26
190.95.67.93 - - [06/Aug/2026:11:30:48 -0300] "GET /cormun/servlet/permisogoce?e99ac28a27bcc982212455f6b36d02df0371f82fe123999fd34d996ff7582dd0065f719a9f6800a340545bda08e354b5a560c833b11fa92ddcf7d7361fa63088,gx-no-cache=1786027095606 HTTP/1.1" 200 78
190.95.67.93 - - [06/Aug/2026:11:30:54 -0300] "GET /cormun/servlet/permisogoce?e99ac28a27bcc982212455f6b36d02df0c01d544ecbccf50ad203e240756df31c7cd672f2c7561dfc4c943941ff0831147458c94bc3fff9659d219f4ae82e20c,gx-no-cache=1786027102086 HTTP/1.1" 200 47
190.95.67.93 - - [06/Aug/2026:11:30:57 -0300] "POST /cormun/servlet/permisogoce?8cef43cdd9ba53e90c42031d5e3a7239,INS,0,,,,gx-no-cache=1786027104324 HTTP/1.1" 200 93
190.95.67.93 - - [06/Aug/2026:11:30:57 -0300] "GET /cormun/servlet/hpexe_return? HTTP/1.1" 200 1008
190.95.67.93 - - [06/Aug/2026:11:30:57 -0300] "GET /cormun/servlet/hhome HTTP/1.1" 200 4340
190.95.67.93 - - [06/Aug/2026:11:31:02 -0300] "GET /cormun/servlet/trpermisosgoce? HTTP/1.1" 200 18791
190.95.1.185 - - [06/Aug/2026:11:31:06 -0300] "GET /cormun/servlet/solicitudotadjuntos?2aa53229b20c3d6d7759b08318cbb93c1fdd9b2295dd4fdebd39659fb2625bcd,gx-no-cache=1786027113777 HTTP/1.1" 200 30
190.95.1.185 - - [06/Aug/2026:11:31:06 -0300] "GET /cormun/servlet/solicitudotadjuntos?2aa53229b20c3d6d7759b08318cbb93c1fdd9b2295dd4fdebd39659fb2625bcd,gx-no-cache=1786027113797 HTTP/1.1" 200 30
190.95.1.185 - - [06/Aug/2026:11:31:07 -0300] "POST /cormun/servlet/solicitudotadjuntos?eea4b36cddec0393bc67e3cdf839f7fc,INS,2026,23853,,1, HTTP/1.1" 200 116
190.95.1.185 - - [06/Aug/2026:11:31:07 -0300] "GET /cormun/servlet/hpexe_return? HTTP/1.1" 200 1028
190.95.1.185 - - [06/Aug/2026:11:31:07 -0300] "GET /cormun/servlet/trsolicitudadjuntos?2026,23853, HTTP/1.1" 200 10124
190.95.67.93 - - [06/Aug/2026:11:31:09 -0300] "GET /cormun/servlet/apermisogoceprn?17139044,P,20260806103947,PU HTTP/1.1" 200 1653
190.95.1.185 - - [06/Aug/2026:11:31:11 -0300] "GET /cormun/servlet/solicitudotadjuntos?INS,2026,23853,,1, HTTP/1.1" 200 6529
190.95.1.185 - - [06/Aug/2026:11:31:11 -0300] "GET /cormun/static/about:blank HTTP/1.1" 404 1011
190.95.1.185 - - [06/Aug/2026:11:31:11 -0300] "GET /cormun/servlet/solicitudotadjuntos?2aa53229b20c3d6d7759b08318cbb93c36c3cd1b6894b010dfbb071b87716c281a9572882824536060cc996b5ae9c4dd,gx-no-cache=1786027118838 HTTP/1.1" 200 30
190.95.1.185 - - [06/Aug/2026:11:31:11 -0300] "POST /cormun/servlet/solicitudotadjuntos?eea4b36cddec0393bc67e3cdf839f7fc,INS,2026,23853,,1,,gx-no-cache=1786027118852 HTTP/1.1" 200 4194
190.95.1.185 - - [06/Aug/2026:11:31:14 -0300] "POST /cormun/servlet/solicitudotadjuntos?gx-no-cache=1786027121601 HTTP/1.1" 200 26
190.95.1.185 - - [06/Aug/2026:11:31:27 -0300] "GET /cormun/servlet/solicitudotadjuntos?2aa53229b20c3d6d7759b08318cbb93c1fdd9b2295dd4fdebd39659fb2625bcd,gx-no-cache=1786027134425 HTTP/1.1" 200 30
190.95.1.185 - - [06/Aug/2026:11:31:27 -0300] "GET /cormun/servlet/solicitudotadjuntos?2aa53229b20c3d6d7759b08318cbb93c1fdd9b2295dd4fdebd39659fb2625bcd,gx-no-cache=1786027134438 HTTP/1.1" 200 30
190.95.1.185 - - [06/Aug/2026:11:31:28 -0300] "POST /cormun/servlet/solicitudotadjuntos?eea4b36cddec0393bc67e3cdf839f7fc,INS,2026,23853,,1, HTTP/1.1" 200 116
190.95.1.185 - - [06/Aug/2026:11:31:28 -0300] "GET /cormun/servlet/hpexe_return? HTTP/1.1" 200 1028
190.95.1.185 - - [06/Aug/2026:11:31:28 -0300] "GET /cormun/servlet/trsolicitudadjuntos?2026,23853, HTTP/1.1" 200 10381
190.95.1.185 - - [06/Aug/2026:11:31:31 -0300] "GET /cormun/servlet/solicitudotadjuntos?INS,2026,23853,,1, HTTP/1.1" 200 6529
190.95.1.185 - - [06/Aug/2026:11:31:31 -0300] "GET /cormun/static/about:blank HTTP/1.1" 404 1011
190.95.1.185 - - [06/Aug/2026:11:31:32 -0300] "GET /cormun/servlet/solicitudotadjuntos?2aa53229b20c3d6d7759b08318cbb93c36c3cd1b6894b010dfbb071b87716c281a9572882824536060cc996b5ae9c4dd,gx-no-cache=1786027139501 HTTP/1.1" 200 30
190.95.1.185 - - [06/Aug/2026:11:31:32 -0300] "POST /cormun/servlet/solicitudotadjuntos?eea4b36cddec0393bc67e3cdf839f7fc,INS,2026,23853,,1,,gx-no-cache=1786027139520 HTTP/1.1" 200 4194
190.95.1.185 - - [06/Aug/2026:11:31:35 -0300] "POST /cormun/servlet/solicitudotadjuntos?gx-no-cache=1786027142281 HTTP/1.1" 200 26
190.95.1.185 - - [06/Aug/2026:11:31:48 -0300] "GET /cormun/servlet/solicitudotadjuntos?2aa53229b20c3d6d7759b08318cbb93c1fdd9b2295dd4fdebd39659fb2625bcd,gx-no-cache=1786027155905 HTTP/1.1" 200 30
190.95.1.185 - - [06/Aug/2026:11:31:48 -0300] "GET /cormun/servlet/solicitudotadjuntos?2aa53229b20c3d6d7759b08318cbb93c1fdd9b2295dd4fdebd39659fb2625bcd,gx-no-cache=1786027155919 HTTP/1.1" 200 30
190.95.1.185 - - [06/Aug/2026:11:31:49 -0300] "POST /cormun/servlet/solicitudotadjuntos?eea4b36cddec0393bc67e3cdf839f7fc,INS,2026,23853,,1, HTTP/1.1" 200 116
190.95.1.185 - - [06/Aug/2026:11:31:49 -0300] "GET /cormun/servlet/hpexe_return? HTTP/1.1" 200 1028
190.95.1.185 - - [06/Aug/2026:11:31:49 -0300] "GET /cormun/servlet/trsolicitudadjuntos?2026,23853, HTTP/1.1" 200 10757
190.95.15.9 - - [06/Aug/2026:11:31:50 -0300] "POST /cormun/servlet/trlicencias?7184554807a0566e64d9eff0fb071f16,,gx-no-cache=1786027157588 HTTP/1.1" 440 972
190.95.15.9 - - [06/Aug/2026:11:31:52 -0300] "GET /cormun/servlet/trlicencias? HTTP/1.1" 200 6050
190.95.15.9 - - [06/Aug/2026:11:31:52 -0300] "GET /cormun/servlet/hlogin HTTP/1.1" 200 1740
190.95.15.9 - - [06/Aug/2026:11:31:55 -0300] "POST /cormun/servlet/hlogin?8ab8e3ecdac75c0422770c9adbf48481,gx-no-cache=1786027162394 HTTP/1.1" 200 90
190.95.15.9 - - [06/Aug/2026:11:31:55 -0300] "GET /cormun/servlet/hpexe_link HTTP/1.1" 200 957
190.95.15.9 - - [06/Aug/2026:11:31:55 -0300] "GET /cormun/servlet/trlicencias HTTP/1.1" 200 10615
190.95.15.9 - - [06/Aug/2026:11:31:58 -0300] "POST /cormun/servlet/trlicencias?8ab8e3ecdac75c0422770c9adbf48481,gx-no-cache=1786027165035 HTTP/1.1" 200 8033
190.95.15.9 - - [06/Aug/2026:11:32:10 -0300] "POST /cormun/servlet/trlicencias?8ab8e3ecdac75c0422770c9adbf48481,gx-no-cache=1786027177731 HTTP/1.1" 200 8033
190.95.2.163 - - [06/Aug/2026:11:33:15 -0300] "GET /cormun/servlet/permisogoce?INS,0,,, HTTP/1.1" 200 6870
190.95.2.163 - - [06/Aug/2026:11:33:32 -0300] "GET /cormun/servlet/permisogoce?654355417d4d4323bce96d9f233ba0542397fb7592337102af2108f5e21a66a57a6556bf65369baceef7823a0d976d7b39841f4a73a2417dc93b2cce58ed4438,gx-no-cache=1786027259902 HTTP/1.1" 200 80
190.95.67.91 - - [06/Aug/2026:11:33:40 -0300] "GET /cormun/servlet/trsolicitudot? HTTP/1.1" 200 7768
190.95.67.91 - - [06/Aug/2026:11:33:40 -0300] "GET /cormun/servlet/hlogin HTTP/1.1" 200 1734
190.95.2.163 - - [06/Aug/2026:11:33:43 -0300] "GET /cormun/servlet/permisogoce?654355417d4d4323bce96d9f233ba05476d621b458ec460848ad7a6380f3a973b311f9dc2c753a1ff2598a58e588af9f60e7efe8aae0651d8b6d0a05594c53da,gx-no-cache=1786027271111 HTTP/1.1" 200 47
190.95.1.185 - - [06/Aug/2026:11:33:45 -0300] "GET /cormun/servlet/solicitudotadjuntos?INS,2026,23853,,1, HTTP/1.1" 200 6527
190.95.1.185 - - [06/Aug/2026:11:33:46 -0300] "GET /cormun/static/about:blank HTTP/1.1" 404 1011
190.95.2.163 - - [06/Aug/2026:11:33:46 -0300] "POST /cormun/servlet/permisogoce?2b018311bf4b97d65db650273d6ace05,INS,0,,,,gx-no-cache=1786027274082 HTTP/1.1" 200 93
190.95.1.185 - - [06/Aug/2026:11:33:46 -0300] "GET /cormun/servlet/solicitudotadjuntos?2aa53229b20c3d6d7759b08318cbb93c36c3cd1b6894b010dfbb071b87716c281a9572882824536060cc996b5ae9c4dd,gx-no-cache=1786027273739 HTTP/1.1" 200 30
190.95.2.163 - - [06/Aug/2026:11:33:46 -0300] "GET /cormun/servlet/hpexe_return? HTTP/1.1" 200 1022
190.95.1.185 - - [06/Aug/2026:11:33:46 -0300] "POST /cormun/servlet/solicitudotadjuntos?eea4b36cddec0393bc67e3cdf839f7fc,INS,2026,23853,,1,,gx-no-cache=1786027273755 HTTP/1.1" 200 4193
190.95.2.163 - - [06/Aug/2026:11:33:46 -0300] "GET /cormun/servlet/trpermisosgoce?gx-no-cache=1786026681267 HTTP/1.1" 200 18419
190.95.67.91 - - [06/Aug/2026:11:33:49 -0300] "POST /cormun/servlet/hlogin?4c9562a95d76a43c25a3cc5da96d023b,gx-no-cache=1786027276814 HTTP/1.1" 200 90
190.95.67.91 - - [06/Aug/2026:11:33:49 -0300] "GET /cormun/servlet/hpexe_link HTTP/1.1" 200 952
190.95.67.91 - - [06/Aug/2026:11:33:49 -0300] "GET /cormun/servlet/trsolicitudot HTTP/1.1" 200 7447
190.95.1.185 - - [06/Aug/2026:11:33:50 -0300] "POST /cormun/servlet/solicitudotadjuntos?gx-no-cache=1786027277769 HTTP/1.1" 200 26
190.95.2.163 - - [06/Aug/2026:11:33:52 -0300] "GET /cormun/servlet/apermisogoceprn?11059443,P,20260806104239,PU HTTP/1.1" 200 1656
190.95.67.91 - - [06/Aug/2026:11:33:54 -0300] "GET /cormun/servlet/trpermisosgoce? HTTP/1.1" 200 19533
190.95.67.91 - - [06/Aug/2026:11:33:56 -0300] "GET /cormun/servlet/permisogoce?INS,0,,, HTTP/1.1" 200 7312
190.95.1.185 - - [06/Aug/2026:11:33:56 -0300] "GET /cormun/servlet/solicitudotadjuntos?2aa53229b20c3d6d7759b08318cbb93c1fdd9b2295dd4fdebd39659fb2625bcd,gx-no-cache=1786027284025 HTTP/1.1" 200 30
190.95.1.185 - - [06/Aug/2026:11:33:56 -0300] "GET /cormun/servlet/solicitudotadjuntos?2aa53229b20c3d6d7759b08318cbb93c1fdd9b2295dd4fdebd39659fb2625bcd,gx-no-cache=1786027284039 HTTP/1.1" 200 30
190.95.1.185 - - [06/Aug/2026:11:33:56 -0300] "POST /cormun/servlet/solicitudotadjuntos?eea4b36cddec0393bc67e3cdf839f7fc,INS,2026,23853,,1,,gx-no-cache=1786027284053 HTTP/1.1" 200 93
190.95.1.185 - - [06/Aug/2026:11:33:57 -0300] "GET /cormun/servlet/hpexe_return? HTTP/1.1" 200 1028
190.95.1.185 - - [06/Aug/2026:11:33:57 -0300] "GET /cormun/servlet/trsolicitudadjuntos?2026,23853, HTTP/1.1" 200 10891
190.95.67.91 - - [06/Aug/2026:11:34:02 -0300] "GET /cormun/servlet/permisogoce?c829aafae5fc59e63e40b7f50a627de82ebbeea2e139f6deed50d29fe077a621a9bbae33947af58af8b37b39436ec1f61cb8671537a0436fac585d982c8d1299,gx-no-cache=1786027290355 HTTP/1.1" 200 84
190.95.1.185 - - [06/Aug/2026:11:34:03 -0300] "GET /cormun/servlet/solicitudotadjuntos?DLT,2026,23853,CV,0, HTTP/1.1" 200 6399
190.95.1.185 - - [06/Aug/2026:11:34:03 -0300] "GET /cormun/static/about:blank HTTP/1.1" 404 1011
190.95.1.185 - - [06/Aug/2026:11:34:03 -0300] "GET /cormun/static/Shared/jqueryui/images/ui-bg_highlight-soft_100_c6c2c8_1x100.png HTTP/1.1" 404 1117
190.95.1.185 - - [06/Aug/2026:11:34:03 -0300] "GET /cormun/static/Shared/jqueryui/images/ui-icons_82798d_256x240.png HTTP/1.1" 404 1089
190.95.1.185 - - [06/Aug/2026:11:34:03 -0300] "GET /cormun/static/Shared/jqueryui/images/ui-bg_flat_55_fafafa_40x100.png HTTP/1.1" 404 1097
190.95.1.185 - - [06/Aug/2026:11:34:03 -0300] "GET /cormun/static/Shared/jqueryui/images/ui-icons_8d78a5_256x240.png HTTP/1.1" 404 1089
190.95.67.91 - - [06/Aug/2026:11:34:05 -0300] "GET /cormun/static/menuarrow.gif HTTP/1.1" 404 1015
190.95.1.185 - - [06/Aug/2026:11:34:09 -0300] "POST /cormun/servlet/solicitudotadjuntos?eea4b36cddec0393bc67e3cdf839f7fc,DLT,2026,23853,CV,0,,gx-no-cache=1786027296274 HTTP/1.1" 200 93
190.95.1.185 - - [06/Aug/2026:11:34:09 -0300] "GET /cormun/servlet/hpexe_return? HTTP/1.1" 200 1030
190.95.1.185 - - [06/Aug/2026:11:34:09 -0300] "GET /cormun/servlet/trsolicitudadjuntos?2026,23853, HTTP/1.1" 200 10756
190.95.1.185 - - [06/Aug/2026:11:34:11 -0300] "GET /cormun/servlet/solicitudotadjuntos?INS,2026,23853,,1, HTTP/1.1" 200 6527
190.95.1.185 - - [06/Aug/2026:11:34:11 -0300] "GET /cormun/static/about:blank HTTP/1.1" 404 1011
190.95.1.185 - - [06/Aug/2026:11:34:12 -0300] "GET /cormun/servlet/solicitudotadjuntos?2aa53229b20c3d6d7759b08318cbb93c36c3cd1b6894b010dfbb071b87716c281a9572882824536060cc996b5ae9c4dd,gx-no-cache=1786027299641 HTTP/1.1" 200 30
190.95.1.185 - - [06/Aug/2026:11:34:12 -0300] "POST /cormun/servlet/solicitudotadjuntos?eea4b36cddec0393bc67e3cdf839f7fc,INS,2026,23853,,1,,gx-no-cache=1786027299667 HTTP/1.1" 200 4193
190.95.67.91 - - [06/Aug/2026:11:34:14 -0300] "GET /cormun/servlet/permisogoce?c829aafae5fc59e63e40b7f50a627de8b95734e112df09091073816739711076789dfdd494eb0c98961ebe250ac75c111cf13b47073ad36ff8cf7c3a90115149,gx-no-cache=1786027302321 HTTP/1.1" 200 47
190.95.1.185 - - [06/Aug/2026:11:34:15 -0300] "POST /cormun/servlet/solicitudotadjuntos?gx-no-cache=1786027302353 HTTP/1.1" 200 26
190.95.2.163 - - [06/Aug/2026:11:34:17 -0300] "GET /cormun/servlet/permisogoce?INS,0,,, HTTP/1.1" 200 6869
190.95.67.91 - - [06/Aug/2026:11:34:17 -0300] "POST /cormun/servlet/permisogoce?4c9562a95d76a43c25a3cc5da96d023b,INS,0,,,,gx-no-cache=1786027304833 HTTP/1.1" 200 93
190.95.67.91 - - [06/Aug/2026:11:34:17 -0300] "GET /cormun/servlet/hpexe_return? HTTP/1.1" 200 1005
190.95.67.91 - - [06/Aug/2026:11:34:17 -0300] "GET /cormun/servlet/trpermisosgoce HTTP/1.1" 200 19670
190.95.67.91 - - [06/Aug/2026:11:34:20 -0300] "GET /cormun/servlet/trpermisosadjuntos?17477633,20260806104321,P, HTTP/1.1" 200 6731
190.95.1.185 - - [06/Aug/2026:11:34:20 -0300] "GET /cormun/servlet/solicitudotadjuntos?2aa53229b20c3d6d7759b08318cbb93c1fdd9b2295dd4fdebd39659fb2625bcd,gx-no-cache=1786027308049 HTTP/1.1" 200 30
190.95.1.185 - - [06/Aug/2026:11:34:20 -0300] "GET /cormun/servlet/solicitudotadjuntos?2aa53229b20c3d6d7759b08318cbb93c1fdd9b2295dd4fdebd39659fb2625bcd,gx-no-cache=1786027308066 HTTP/1.1" 200 30
190.95.1.185 - - [06/Aug/2026:11:34:21 -0300] "POST /cormun/servlet/solicitudotadjuntos?eea4b36cddec0393bc67e3cdf839f7fc,INS,2026,23853,,1, HTTP/1.1" 200 116
190.95.1.185 - - [06/Aug/2026:11:34:21 -0300] "GET /cormun/servlet/hpexe_return? HTTP/1.1" 200 1028
190.95.1.185 - - [06/Aug/2026:11:34:21 -0300] "GET /cormun/servlet/trsolicitudadjuntos?2026,23853, HTTP/1.1" 200 10960
190.95.1.185 - - [06/Aug/2026:11:34:25 -0300] "GET /cormun/servlet/trsolicitudot? HTTP/1.1" 200 9025
190.95.2.163 - - [06/Aug/2026:11:34:29 -0300] "GET /cormun/servlet/permisogoce?654355417d4d4323bce96d9f233ba0542397fb7592337102af2108f5e21a66a57a6556bf65369baceef7823a0d976d7b39841f4a73a2417dc93b2cce58ed4438,gx-no-cache=1786027317755 HTTP/1.1" 200 82
190.95.2.163 - - [06/Aug/2026:11:34:38 -0300] "GET /cormun/servlet/permisogoce?654355417d4d4323bce96d9f233ba05476d621b458ec460848ad7a6380f3a9730813edf9243ab8e41fac71d9aa1fb30860e7efe8aae0651d8b6d0a05594c53da,gx-no-cache=1786027326199 HTTP/1.1" 200 48
190.95.2.163 - - [06/Aug/2026:11:34:41 -0300] "POST /cormun/servlet/permisogoce?2b018311bf4b97d65db650273d6ace05,INS,0,,,,gx-no-cache=1786027329034 HTTP/1.1" 200 93
190.95.2.163 - - [06/Aug/2026:11:34:41 -0300] "GET /cormun/servlet/hpexe_return? HTTP/1.1" 200 1022
190.95.2.163 - - [06/Aug/2026:11:34:41 -0300] "GET /cormun/servlet/trpermisosgoce?gx-no-cache=1786026681267 HTTP/1.1" 200 18415
190.95.2.163 - - [06/Aug/2026:11:34:50 -0300] "GET /cormun/servlet/apermisogoceprn?11059443,P,20260806104341,PU HTTP/1.1" 200 1659
190.95.2.163 - - [06/Aug/2026:11:35:14 -0300] "GET /cormun/servlet/permisogoce?INS,0,,, HTTP/1.1" 200 6870
190.95.2.163 - - [06/Aug/2026:11:35:26 -0300] "GET /cormun/servlet/permisogoce?654355417d4d4323bce96d9f233ba0542397fb7592337102af2108f5e21a66a57a6556bf65369baceef7823a0d976d7b39841f4a73a2417dc93b2cce58ed4438,gx-no-cache=1786027373859 HTTP/1.1" 200 82
190.95.67.91 - - [06/Aug/2026:11:35:40 -0300] "GET /cormun/servlet/permisosadjuntos?INS,17477633,P,20260806104321,, HTTP/1.1" 200 6054
190.95.67.91 - - [06/Aug/2026:11:35:41 -0300] "GET /cormun/static/about:blank HTTP/1.1" 404 1011
190.95.2.163 - - [06/Aug/2026:11:35:49 -0300] "GET /cormun/servlet/permisogoce?654355417d4d4323bce96d9f233ba05476d621b458ec460848ad7a6380f3a9731392b6972b2f6e4c7eb1619719ab796c60e7efe8aae0651d8b6d0a05594c53da,gx-no-cache=1786027396866 HTTP/1.1" 200 129
190.95.2.163 - - [06/Aug/2026:11:35:49 -0300] "GET /cormun/static/Shared/jqueryui/images/ui-bg_highlight-soft_100_c6c2c8_1x100.png HTTP/1.1" 404 1117
190.95.2.163 - - [06/Aug/2026:11:35:49 -0300] "GET /cormun/static/Shared/jqueryui/images/ui-icons_82798d_256x240.png HTTP/1.1" 404 1089
190.95.2.163 - - [06/Aug/2026:11:35:49 -0300] "GET /cormun/static/Shared/jqueryui/images/ui-bg_flat_55_994d53_40x100.png HTTP/1.1" 404 1097
190.95.2.163 - - [06/Aug/2026:11:35:49 -0300] "GET /cormun/static/Shared/jqueryui/images/ui-icons_ebccce_256x240.png HTTP/1.1" 404 1089
190.95.2.163 - - [06/Aug/2026:11:35:49 -0300] "POST /cormun/servlet/permisogoce?2b018311bf4b97d65db650273d6ace05,INS,0,,,,gx-no-cache=1786027396921 HTTP/1.1" 200 4505
190.95.2.163 - - [06/Aug/2026:11:35:55 -0300] "GET /cormun/servlet/permisogoce?654355417d4d4323bce96d9f233ba05476d621b458ec460848ad7a6380f3a9736ba503e3d55117f8f27a4d0f1fbd174260e7efe8aae0651d8b6d0a05594c53da,gx-no-cache=1786027402892 HTTP/1.1" 200 48
190.95.2.163 - - [06/Aug/2026:11:35:59 -0300] "POST /cormun/servlet/permisogoce?2b018311bf4b97d65db650273d6ace05,INS,0,,,,gx-no-cache=1786027406631 HTTP/1.1" 200 93
190.95.2.163 - - [06/Aug/2026:11:35:59 -0300] "GET /cormun/servlet/hpexe_return? HTTP/1.1" 200 1022
190.95.2.163 - - [06/Aug/2026:11:35:59 -0300] "GET /cormun/servlet/trpermisosgoce?gx-no-cache=1786026681267 HTTP/1.1" 200 18290
190.95.67.91 - - [06/Aug/2026:11:36:04 -0300] "POST /cormun/servlet/permisosadjuntos?4c9562a95d76a43c25a3cc5da96d023b,INS,17477633,P,20260806104321,, HTTP/1.1" 200 116
190.95.67.91 - - [06/Aug/2026:11:36:04 -0300] "GET /cormun/servlet/hpexe_return? HTTP/1.1" 200 1034
190.95.67.91 - - [06/Aug/2026:11:36:04 -0300] "GET /cormun/servlet/trpermisosadjuntos?17477633,20260806104321,P, HTTP/1.1" 200 7263
190.95.67.91 - - [06/Aug/2026:11:36:07 -0300] "POST /cormun/servlet/trpermisosadjuntos?4c9562a95d76a43c25a3cc5da96d023b,17477633,20260806104321,P,,gx-no-cache=1786027414890 HTTP/1.1" 200 90
190.95.67.91 - - [06/Aug/2026:11:36:07 -0300] "GET /cormun/servlet/hpexe_link HTTP/1.1" 200 979
190.95.67.91 - - [06/Aug/2026:11:36:07 -0300] "GET /cormun/servlet/trpermisosgoce HTTP/1.1" 200 19666
190.95.2.163 - - [06/Aug/2026:11:36:09 -0300] "GET /cormun/servlet/apermisogoceprn?11059443,P,20260806104439,PU HTTP/1.1" 200 1655
190.95.67.91 - - [06/Aug/2026:11:36:10 -0300] "POST /cormun/servlet/trpermisosgoce?4c9562a95d76a43c25a3cc5da96d023b,gx-no-cache=1786027417746 HTTP/1.1" 200 16767
190.95.67.91 - - [06/Aug/2026:11:36:10 -0300] "GET /cormun/static/Shared/jqueryui/images/ui-icons_82798d_256x240.png HTTP/1.1" 404 1089
190.95.67.91 - - [06/Aug/2026:11:36:10 -0300] "GET /cormun/static/Shared/jqueryui/images/ui-bg_highlight-soft_100_c6c2c8_1x100.png HTTP/1.1" 404 1117
190.95.67.91 - - [06/Aug/2026:11:36:10 -0300] "GET /cormun/static/Shared/jqueryui/images/ui-icons_8d78a5_256x240.png HTTP/1.1" 404 1089
190.95.67.91 - - [06/Aug/2026:11:36:10 -0300] "GET /cormun/static/Shared/jqueryui/images/ui-bg_flat_55_fafafa_40x100.png HTTP/1.1" 404 1097
190.95.67.91 - - [06/Aug/2026:11:36:39 -0300] "GET /cormun/servlet/permisogoce?INS,0,,, HTTP/1.1" 200 7312
190.95.2.163 - - [06/Aug/2026:11:36:41 -0300] "GET /cormun/servlet/permisogoce?UPD,11059443,P,20260806104439, HTTP/1.1" 200 6927
190.95.2.163 - - [06/Aug/2026:11:36:41 -0300] "GET /cormun/servlet/permisogoce?654355417d4d4323bce96d9f233ba0542397fb7592337102af2108f5e21a66a54f433adb3cf52fbf0c6b27e6409934e2b2bbfde5d7680bed19c0798e54f07021,gx-no-cache=1786027449638 HTTP/1.1" 200 81
190.95.67.91 - - [06/Aug/2026:11:36:46 -0300] "GET /cormun/servlet/permisogoce?c829aafae5fc59e63e40b7f50a627de82ebbeea2e139f6deed50d29fe077a621a9bbae33947af58af8b37b39436ec1f61cb8671537a0436fac585d982c8d1299,gx-no-cache=1786027454633 HTTP/1.1" 200 82
190.95.2.163 - - [06/Aug/2026:11:36:48 -0300] "GET /cormun/servlet/permisogoce?654355417d4d4323bce96d9f233ba05476d621b458ec460848ad7a6380f3a973a3f2f70f5570f1b06602dd21a8399ebde2d5d4484585139070284d0b2a0617f1,gx-no-cache=1786027455866 HTTP/1.1" 200 48
190.95.2.163 - - [06/Aug/2026:11:36:48 -0300] "POST /cormun/servlet/permisogoce?2b018311bf4b97d65db650273d6ace05,UPD,11059443,P,20260806104439,,gx-no-cache=1786027455883 HTTP/1.1" 200 93
190.95.2.163 - - [06/Aug/2026:11:36:48 -0300] "GET /cormun/servlet/hpexe_return? HTTP/1.1" 200 1040
190.95.2.163 - - [06/Aug/2026:11:36:48 -0300] "GET /cormun/servlet/trpermisosgoce?gx-no-cache=1786026681267 HTTP/1.1" 200 18315
190.95.67.91 - - [06/Aug/2026:11:36:49 -0300] "GET /cormun/static/menuarrow.gif HTTP/1.1" 404 1015
190.95.2.163 - - [06/Aug/2026:11:36:54 -0300] "GET /cormun/servlet/apermisogoceprn?11059443,P,20260806104439,PU HTTP/1.1" 200 1657
190.95.67.91 - - [06/Aug/2026:11:36:55 -0300] "GET /cormun/servlet/permisogoce?c829aafae5fc59e63e40b7f50a627de8b95734e112df0909107381673971107695f6a6032af091a43abc628c7baff850adb7ab549a862331901c39b3a13bdb90,gx-no-cache=1786027463191 HTTP/1.1" 200 48
190.95.67.91 - - [06/Aug/2026:11:36:58 -0300] "POST /cormun/servlet/permisogoce?4c9562a95d76a43c25a3cc5da96d023b,INS,0,,,,gx-no-cache=1786027465710 HTTP/1.1" 200 93
190.95.67.91 - - [06/Aug/2026:11:36:58 -0300] "GET /cormun/servlet/hpexe_return? HTTP/1.1" 200 1027
190.95.67.91 - - [06/Aug/2026:11:36:58 -0300] "GET /cormun/servlet/trpermisosgoce?gx-no-cache=1786027417746 HTTP/1.1" 200 19639
190.95.67.91 - - [06/Aug/2026:11:37:05 -0300] "GET /cormun/servlet/trpermisosadjuntos?17477633,20260806104603,P, HTTP/1.1" 200 6752
190.95.67.91 - - [06/Aug/2026:11:37:06 -0300] "GET /cormun/servlet/permisosadjuntos?INS,17477633,P,20260806104603,, HTTP/1.1" 200 6051
190.95.67.91 - - [06/Aug/2026:11:37:06 -0300] "GET /cormun/static/about:blank HTTP/1.1" 404 1011
190.95.67.91 - - [06/Aug/2026:11:37:24 -0300] "POST /cormun/servlet/permisosadjuntos?4c9562a95d76a43c25a3cc5da96d023b,INS,17477633,P,20260806104603,, HTTP/1.1" 200 116
190.95.67.91 - - [06/Aug/2026:11:37:24 -0300] "GET /cormun/servlet/hpexe_return? HTTP/1.1" 200 1033
190.95.67.91 - - [06/Aug/2026:11:37:24 -0300] "GET /cormun/servlet/trpermisosadjuntos?17477633,20260806104603,P, HTTP/1.1" 200 7263
190.95.2.163 - - [06/Aug/2026:11:37:26 -0300] "GET /cormun/servlet/trpermisosadjuntos?12571209,20260806103322,P, HTTP/1.1" 200 6331
190.95.67.91 - - [06/Aug/2026:11:37:26 -0300] "POST /cormun/servlet/trpermisosadjuntos?4c9562a95d76a43c25a3cc5da96d023b,17477633,20260806104603,P,,gx-no-cache=1786027494567 HTTP/1.1" 200 90
190.95.67.91 - - [06/Aug/2026:11:37:26 -0300] "GET /cormun/servlet/hpexe_link HTTP/1.1" 200 1001
190.95.67.91 - - [06/Aug/2026:11:37:27 -0300] "GET /cormun/servlet/trpermisosgoce?gx-no-cache=1786027417746 HTTP/1.1" 200 19613
190.95.67.91 - - [06/Aug/2026:11:37:29 -0300] "POST /cormun/servlet/trpermisosgoce?4c9562a95d76a43c25a3cc5da96d023b,gx-no-cache=1786027417746,gx-no-cache=1786027496689 HTTP/1.1" 200 16729
190.95.67.91 - - [06/Aug/2026:11:37:29 -0300] "GET /cormun/static/Shared/jqueryui/images/ui-icons_82798d_256x240.png HTTP/1.1" 404 1089
190.95.67.91 - - [06/Aug/2026:11:37:29 -0300] "GET /cormun/static/Shared/jqueryui/images/ui-bg_highlight-soft_100_c6c2c8_1x100.png HTTP/1.1" 404 1117
190.95.67.91 - - [06/Aug/2026:11:37:29 -0300] "GET /cormun/static/Shared/jqueryui/images/ui-icons_8d78a5_256x240.png HTTP/1.1" 404 1089
190.95.67.91 - - [06/Aug/2026:11:37:29 -0300] "GET /cormun/static/Shared/jqueryui/images/ui-bg_flat_55_fafafa_40x100.png HTTP/1.1" 404 1097
190.95.67.91 - - [06/Aug/2026:11:37:30 -0300] "GET /cormun/servlet/permisogoce?INS,0,,, HTTP/1.1" 200 7333
190.95.67.91 - - [06/Aug/2026:11:37:53 -0300] "GET /cormun/servlet/permisogoce?c829aafae5fc59e63e40b7f50a627de82ebbeea2e139f6deed50d29fe077a621a9bbae33947af58af8b37b39436ec1f61cb8671537a0436fac585d982c8d1299,gx-no-cache=1786027521658 HTTP/1.1" 200 85
190.95.67.91 - - [06/Aug/2026:11:37:55 -0300] "GET /cormun/static/menuarrow.gif HTTP/1.1" 404 1015
190.95.67.91 - - [06/Aug/2026:11:38:02 -0300] "GET /cormun/servlet/permisogoce?c829aafae5fc59e63e40b7f50a627de8b95734e112df09091073816739711076c973f3a8c7c22289d89b39ed161fdc291cf13b47073ad36ff8cf7c3a90115149,gx-no-cache=1786027530183 HTTP/1.1" 200 46
190.95.67.91 - - [06/Aug/2026:11:38:11 -0300] "POST /cormun/servlet/permisogoce?4c9562a95d76a43c25a3cc5da96d023b,INS,0,,,,gx-no-cache=1786027539151 HTTP/1.1" 200 93
190.95.67.91 - - [06/Aug/2026:11:38:11 -0300] "GET /cormun/servlet/hpexe_return? HTTP/1.1" 200 1027
190.95.67.91 - - [06/Aug/2026:11:38:11 -0300] "GET /cormun/servlet/trpermisosgoce?gx-no-cache=1786027417746 HTTP/1.1" 200 19539
190.95.67.91 - - [06/Aug/2026:11:38:16 -0300] "GET /cormun/servlet/trpermisosadjuntos?17477633,20260806104655,P, HTTP/1.1" 200 6754
190.95.67.91 - - [06/Aug/2026:11:38:17 -0300] "GET /cormun/servlet/permisosadjuntos?INS,17477633,P,20260806104655,, HTTP/1.1" 200 6055
190.95.67.91 - - [06/Aug/2026:11:38:17 -0300] "GET /cormun/static/about:blank HTTP/1.1" 404 1011
190.95.2.163 - - [06/Aug/2026:11:38:21 -0300] "GET /cormun/servlet/hlogin HTTP/1.1" 200 1710
190.95.67.91 - - [06/Aug/2026:11:38:26 -0300] "POST /cormun/servlet/permisosadjuntos?4c9562a95d76a43c25a3cc5da96d023b,INS,17477633,P,20260806104655,, HTTP/1.1" 200 116
190.95.67.91 - - [06/Aug/2026:11:38:26 -0300] "GET /cormun/servlet/hpexe_return? HTTP/1.1" 200 1034
190.95.67.91 - - [06/Aug/2026:11:38:26 -0300] "GET /cormun/servlet/trpermisosadjuntos?17477633,20260806104655,P, HTTP/1.1" 200 7262
190.95.2.163 - - [06/Aug/2026:11:38:30 -0300] "POST /cormun/servlet/hlogin?2b018311bf4b97d65db650273d6ace05,gx-no-cache=1786027557907 HTTP/1.1" 200 90
190.95.2.163 - - [06/Aug/2026:11:38:30 -0300] "GET /cormun/servlet/hpexe_link HTTP/1.1" 200 974
190.95.2.163 - - [06/Aug/2026:11:38:30 -0300] "GET /cormun/servlet/trpermisosadjuntos?12571209,20260806103322,P, HTTP/1.1" 200 6312
190.95.2.163 - - [06/Aug/2026:11:38:34 -0300] "GET /cormun/servlet/permisosadjuntos?INS,12571209,P,20260806103322,, HTTP/1.1" 200 5628
190.95.67.91 - - [06/Aug/2026:11:38:34 -0300] "POST /cormun/servlet/trpermisosadjuntos?4c9562a95d76a43c25a3cc5da96d023b,17477633,20260806104655,P,,gx-no-cache=1786027562167 HTTP/1.1" 200 90
190.95.67.91 - - [06/Aug/2026:11:38:34 -0300] "GET /cormun/servlet/hpexe_link HTTP/1.1" 200 1001
190.95.67.91 - - [06/Aug/2026:11:38:34 -0300] "GET /cormun/servlet/trpermisosgoce?gx-no-cache=1786027417746 HTTP/1.1" 200 19561
190.95.2.163 - - [06/Aug/2026:11:38:34 -0300] "GET /cormun/static/about:blank HTTP/1.1" 404 1011
190.95.67.91 - - [06/Aug/2026:11:38:37 -0300] "POST /cormun/servlet/trpermisosgoce?4c9562a95d76a43c25a3cc5da96d023b,gx-no-cache=1786027417746,gx-no-cache=1786027565082 HTTP/1.1" 200 16676
190.95.67.91 - - [06/Aug/2026:11:38:37 -0300] "GET /cormun/static/Shared/jqueryui/images/ui-icons_82798d_256x240.png HTTP/1.1" 404 1089
190.95.67.91 - - [06/Aug/2026:11:38:37 -0300] "GET /cormun/static/Shared/jqueryui/images/ui-bg_highlight-soft_100_c6c2c8_1x100.png HTTP/1.1" 404 1117
190.95.67.91 - - [06/Aug/2026:11:38:37 -0300] "GET /cormun/static/Shared/jqueryui/images/ui-bg_flat_55_fafafa_40x100.png HTTP/1.1" 404 1097
190.95.67.91 - - [06/Aug/2026:11:38:37 -0300] "GET /cormun/static/Shared/jqueryui/images/ui-icons_8d78a5_256x240.png HTTP/1.1" 404 1089
190.95.67.91 - - [06/Aug/2026:11:38:39 -0300] "GET /cormun/servlet/permisogoce?INS,0,,, HTTP/1.1" 200 7333
190.95.67.91 - - [06/Aug/2026:11:38:45 -0300] "GET /cormun/servlet/permisogoce?c829aafae5fc59e63e40b7f50a627de87110dd2fe4437269086eb5e5190ef800a9bbae33947af58af8b37b39436ec1f61cb8671537a0436fac585d982c8d1299,gx-no-cache=1786027572849 HTTP/1.1" 200 81
190.95.67.91 - - [06/Aug/2026:11:38:47 -0300] "GET /cormun/static/menuarrow.gif HTTP/1.1" 404 1015
190.95.67.91 - - [06/Aug/2026:11:38:54 -0300] "GET /cormun/servlet/permisogoce?c829aafae5fc59e63e40b7f50a627de8a9c18d8924c6bff3824cb9e1e2696a2b0c04885fa5ed587d8015c2c78cbbd49badb7ab549a862331901c39b3a13bdb90,gx-no-cache=1786027582113 HTTP/1.1" 200 47
190.95.67.91 - - [06/Aug/2026:11:38:56 -0300] "POST /cormun/servlet/permisogoce?4c9562a95d76a43c25a3cc5da96d023b,INS,0,,,,gx-no-cache=1786027584238 HTTP/1.1" 200 93
190.95.67.91 - - [06/Aug/2026:11:38:56 -0300] "GET /cormun/servlet/hpexe_return? HTTP/1.1" 200 1027
190.95.67.91 - - [06/Aug/2026:11:38:57 -0300] "GET /cormun/servlet/trpermisosgoce?gx-no-cache=1786027417746 HTTP/1.1" 200 19543
190.95.67.91 - - [06/Aug/2026:11:38:59 -0300] "GET /cormun/servlet/trpermisosadjuntos?18105044,20260806104804,P, HTTP/1.1" 200 6747
190.95.67.91 - - [06/Aug/2026:11:39:01 -0300] "GET /cormun/servlet/permisosadjuntos?INS,18105044,P,20260806104804,, HTTP/1.1" 200 6048
190.95.67.91 - - [06/Aug/2026:11:39:01 -0300] "GET /cormun/static/about:blank HTTP/1.1" 404 1011
190.95.2.163 - - [06/Aug/2026:11:39:02 -0300] "POST /cormun/servlet/permisosadjuntos?2b018311bf4b97d65db650273d6ace05,INS,12571209,P,20260806103322,, HTTP/1.1" 200 116
190.95.2.163 - - [06/Aug/2026:11:39:02 -0300] "GET /cormun/servlet/hpexe_return? HTTP/1.1" 200 1027
190.95.2.163 - - [06/Aug/2026:11:39:03 -0300] "GET /cormun/servlet/trpermisosadjuntos?12571209,20260806103322,P, HTTP/1.1" 200 6761
190.95.2.163 - - [06/Aug/2026:11:39:06 -0300] "GET /cormun/servlet/trpermisosgoce? HTTP/1.1" 200 18286
190.95.2.163 - - [06/Aug/2026:11:39:12 -0300] "POST /cormun/servlet/trpermisosgoce?2b018311bf4b97d65db650273d6ace05,,gx-no-cache=1786027599824 HTTP/1.1" 200 15580
190.95.67.91 - - [06/Aug/2026:11:39:12 -0300] "POST /cormun/servlet/permisosadjuntos?4c9562a95d76a43c25a3cc5da96d023b,INS,18105044,P,20260806104804,, HTTP/1.1" 200 116
190.95.2.163 - - [06/Aug/2026:11:39:12 -0300] "GET /cormun/static/Shared/jqueryui/images/ui-icons_82798d_256x240.png HTTP/1.1" 404 1089
190.95.2.163 - - [06/Aug/2026:11:39:12 -0300] "GET /cormun/static/Shared/jqueryui/images/ui-bg_highlight-soft_100_c6c2c8_1x100.png HTTP/1.1" 404 1117
190.95.67.91 - - [06/Aug/2026:11:39:12 -0300] "GET /cormun/servlet/hpexe_return? HTTP/1.1" 200 1033
190.95.2.163 - - [06/Aug/2026:11:39:12 -0300] "GET /cormun/static/Shared/jqueryui/images/ui-bg_flat_55_fafafa_40x100.png HTTP/1.1" 404 1097
190.95.2.163 - - [06/Aug/2026:11:39:12 -0300] "GET /cormun/static/Shared/jqueryui/images/ui-icons_8d78a5_256x240.png HTTP/1.1" 404 1089
190.95.67.91 - - [06/Aug/2026:11:39:12 -0300] "GET /cormun/servlet/trpermisosadjuntos?18105044,20260806104804,P, HTTP/1.1" 200 7252
190.95.67.91 - - [06/Aug/2026:11:39:20 -0300] "POST /cormun/servlet/trpermisosadjuntos?4c9562a95d76a43c25a3cc5da96d023b,18105044,20260806104804,P,,gx-no-cache=1786027608303 HTTP/1.1" 200 90
190.95.67.91 - - [06/Aug/2026:11:39:20 -0300] "GET /cormun/servlet/hpexe_link HTTP/1.1" 200 1001
190.95.67.91 - - [06/Aug/2026:11:39:20 -0300] "GET /cormun/servlet/trpermisosgoce?gx-no-cache=1786027417746 HTTP/1.1" 200 19532
190.95.67.91 - - [06/Aug/2026:11:39:22 -0300] "POST /cormun/servlet/trpermisosgoce?4c9562a95d76a43c25a3cc5da96d023b,gx-no-cache=1786027417746,gx-no-cache=1786027610090 HTTP/1.1" 200 16670
190.95.67.91 - - [06/Aug/2026:11:39:25 -0300] "GET /cormun/servlet/permisogoce?INS,0,,, HTTP/1.1" 200 7333
190.95.67.91 - - [06/Aug/2026:11:39:31 -0300] "GET /cormun/servlet/permisogoce?c829aafae5fc59e63e40b7f50a627de8e4e159c09dbfe07c0543db03fe4eb5aaa9bbae33947af58af8b37b39436ec1f61cb8671537a0436fac585d982c8d1299,gx-no-cache=1786027619072 HTTP/1.1" 200 82
190.95.67.91 - - [06/Aug/2026:11:39:40 -0300] "GET /cormun/servlet/permisogoce?c829aafae5fc59e63e40b7f50a627de89a821b157829bdff403bb36b1e52c82dc75ce73d68bf909235506cbae3f5d44e1cf13b47073ad36ff8cf7c3a90115149,gx-no-cache=1786027627840 HTTP/1.1" 200 48
190.95.67.91 - - [06/Aug/2026:11:39:44 -0300] "POST /cormun/servlet/permisogoce?4c9562a95d76a43c25a3cc5da96d023b,INS,0,,,,gx-no-cache=1786027631455 HTTP/1.1" 200 93
190.95.67.91 - - [06/Aug/2026:11:39:44 -0300] "GET /cormun/servlet/hpexe_return? HTTP/1.1" 200 1027
190.95.67.91 - - [06/Aug/2026:11:39:44 -0300] "GET /cormun/servlet/trpermisosgoce?gx-no-cache=1786027417746 HTTP/1.1" 200 19535
190.95.67.91 - - [06/Aug/2026:11:39:47 -0300] "GET /cormun/servlet/trpermisosadjuntos?19263431,20260806104850,P, HTTP/1.1" 200 6750
190.95.67.91 - - [06/Aug/2026:11:39:48 -0300] "GET /cormun/servlet/permisosadjuntos?INS,19263431,P,20260806104850,, HTTP/1.1" 200 6052
190.95.67.91 - - [06/Aug/2026:11:39:48 -0300] "GET /cormun/static/about:blank HTTP/1.1" 404 1011
190.95.67.91 - - [06/Aug/2026:11:39:55 -0300] "POST /cormun/servlet/permisosadjuntos?4c9562a95d76a43c25a3cc5da96d023b,INS,19263431,P,20260806104850,, HTTP/1.1" 200 116
190.95.67.91 - - [06/Aug/2026:11:39:55 -0300] "GET /cormun/servlet/hpexe_return? HTTP/1.1" 200 1034
190.95.67.91 - - [06/Aug/2026:11:39:55 -0300] "GET /cormun/servlet/trpermisosadjuntos?19263431,20260806104850,P, HTTP/1.1" 200 7273
190.95.67.91 - - [06/Aug/2026:11:39:58 -0300] "POST /cormun/servlet/trpermisosadjuntos?4c9562a95d76a43c25a3cc5da96d023b,19263431,20260806104850,P,,gx-no-cache=1786027645960 HTTP/1.1" 200 90
190.95.67.91 - - [06/Aug/2026:11:39:58 -0300] "GET /cormun/servlet/hpexe_link HTTP/1.1" 200 1001
190.95.67.91 - - [06/Aug/2026:11:39:58 -0300] "GET /cormun/servlet/trpermisosgoce?gx-no-cache=1786027417746 HTTP/1.1" 200 19539
190.95.67.91 - - [06/Aug/2026:11:40:06 -0300] "POST /cormun/servlet/trpermisosgoce?4c9562a95d76a43c25a3cc5da96d023b,gx-no-cache=1786027417746,gx-no-cache=1786027653889 HTTP/1.1" 200 16674
201.186.225.183 - - [06/Aug/2026:11:40:39 -0300] "GET /cormun/servlet/trpermisosgoce? HTTP/1.1" 200 6036
201.186.225.183 - - [06/Aug/2026:11:40:39 -0300] "GET /favicon.ico HTTP/1.1" 200 21630
201.186.225.183 - - [06/Aug/2026:11:40:39 -0300] "GET /cormun/servlet/hlogin HTTP/1.1" 200 1742
201.186.225.183 - - [06/Aug/2026:11:40:43 -0300] "POST /cormun/servlet/hlogin?3ed6f1d15045678ff884912fd5766bb5,gx-no-cache=1786027690332 HTTP/1.1" 200 90
201.186.225.183 - - [06/Aug/2026:11:40:43 -0300] "GET /cormun/servlet/hpexe_link HTTP/1.1" 200 959
201.186.225.183 - - [06/Aug/2026:11:40:43 -0300] "GET /cormun/servlet/trpermisosgoce HTTP/1.1" 200 18210
201.186.225.183 - - [06/Aug/2026:11:40:46 -0300] "GET /cormun/servlet/permisogoce?INS,0,,, HTTP/1.1" 200 6840
201.186.225.183 - - [06/Aug/2026:11:40:54 -0300] "GET /cormun/servlet/permisogoce?2531e6c3a4ccb07a13043b7924ef1c1877813c3e9c973b3730f2a418a673ca70a5593e5b473e450eb0e8cdafab95b74ad9ca9c4c41d9650a292f5d44e6e000c5,gx-no-cache=1786027701539 HTTP/1.1" 200 83
201.186.225.183 - - [06/Aug/2026:11:40:56 -0300] "GET /cormun/static/menuarrow.gif HTTP/1.1" 404 1015
190.95.67.91 - - [06/Aug/2026:11:41:00 -0300] "GET /cormun/servlet/permisogoce?INS,0,,, HTTP/1.1" 200 7333
201.186.225.183 - - [06/Aug/2026:11:41:04 -0300] "GET /cormun/servlet/permisogoce?2531e6c3a4ccb07a13043b7924ef1c18d1ba119b256fcb36780d86597ef3b013c563193382934430a74bdfc760bc4c9cf68442b2002963cc460efd7f7898c073,gx-no-cache=1786027711617 HTTP/1.1" 200 48
190.95.67.91 - - [06/Aug/2026:11:41:07 -0300] "GET /cormun/servlet/permisogoce?c829aafae5fc59e63e40b7f50a627de83f1e3312b2ce70970d6370e444fbbebfa9bbae33947af58af8b37b39436ec1f61cb8671537a0436fac585d982c8d1299,gx-no-cache=1786027715066 HTTP/1.1" 200 81
201.186.226.3 - - [06/Aug/2026:11:41:08 -0300] "GET /cormun/servlet/hlogin HTTP/1.1" 200 1721
201.186.226.3 - - [06/Aug/2026:11:41:09 -0300] "GET /cormun/servlet/hlogin HTTP/1.1" 200 1731
201.186.226.3 - - [06/Aug/2026:11:41:09 -0300] "GET /cormun/static/Resources/indicator.gif HTTP/1.1" 200 1553
201.186.225.183 - - [06/Aug/2026:11:41:09 -0300] "POST /cormun/servlet/permisogoce?3ed6f1d15045678ff884912fd5766bb5,INS,0,,,,gx-no-cache=1786027715382 HTTP/1.1" 200 93
201.186.225.183 - - [06/Aug/2026:11:41:09 -0300] "GET /cormun/servlet/hpexe_return? HTTP/1.1" 200 1013
201.186.225.183 - - [06/Aug/2026:11:41:10 -0300] "GET /cormun/servlet/trpermisosgoce HTTP/1.1" 200 18167
129.222.173.48 - - [06/Aug/2026:11:41:10 -0300] "GET /cormun/servlet/hlogin HTTP/1.1" 200 1719
129.222.173.48 - - [06/Aug/2026:11:41:10 -0300] "GET /cormun/servlet/hlogin HTTP/1.1" 200 1730
201.186.225.183 - - [06/Aug/2026:11:41:12 -0300] "GET /cormun/servlet/apermisogoceprn?10637809,P,20260806105011,PU HTTP/1.1" 200 1640
129.222.173.48 - - [06/Aug/2026:11:41:12 -0300] "POST /cormun/servlet/hlogin?e796d7f18fb7c9d59fe4206e2368e7a7,gx-no-cache=1786027720032 HTTP/1.1" 200 90
129.222.173.48 - - [06/Aug/2026:11:41:12 -0300] "GET /cormun/servlet/hpexe_link HTTP/1.1" 200 949
129.222.173.48 - - [06/Aug/2026:11:41:13 -0300] "GET /cormun/servlet/hhome HTTP/1.1" 200 3945
190.95.67.91 - - [06/Aug/2026:11:41:13 -0300] "GET /cormun/servlet/permisogoce?c829aafae5fc59e63e40b7f50a627de8a45d0d636067817ce3a5d77ee96afcad80357e5e21aa8c21f8456b10f0e7a27d1cf13b47073ad36ff8cf7c3a90115149,gx-no-cache=1786027721455 HTTP/1.1" 200 48
129.222.173.48 - - [06/Aug/2026:11:41:16 -0300] "GET /cormun/servlet/trlicencias? HTTP/1.1" 200 10129
201.186.226.3 - - [06/Aug/2026:11:41:18 -0300] "POST /cormun/servlet/hlogin?ee8ae921a0b6fbc80a6e31f222d15b49,gx-no-cache=1786027725295 HTTP/1.1" 200 90
201.186.226.3 - - [06/Aug/2026:11:41:18 -0300] "GET /cormun/servlet/hpexe_link HTTP/1.1" 200 951
201.186.226.3 - - [06/Aug/2026:11:41:18 -0300] "GET /cormun/servlet/hhome HTTP/1.1" 200 3933
201.186.226.3 - - [06/Aug/2026:11:41:23 -0300] "GET /cormun/servlet/trlicencias? HTTP/1.1" 200 10322
190.95.67.91 - - [06/Aug/2026:11:41:24 -0300] "POST /cormun/servlet/permisogoce?4c9562a95d76a43c25a3cc5da96d023b,INS,0,,,,gx-no-cache=1786027732350 HTTP/1.1" 200 93
190.95.67.91 - - [06/Aug/2026:11:41:24 -0300] "GET /cormun/servlet/hpexe_return? HTTP/1.1" 200 1027
190.95.67.91 - - [06/Aug/2026:11:41:25 -0300] "GET /cormun/servlet/trpermisosgoce?gx-no-cache=1786027417746 HTTP/1.1" 200 19551
129.222.173.48 - - [06/Aug/2026:11:41:32 -0300] "POST /cormun/servlet/trlicencias?e796d7f18fb7c9d59fe4206e2368e7a7,,gx-no-cache=1786027739522 HTTP/1.1" 200 5680
190.95.67.91 - - [06/Aug/2026:11:41:33 -0300] "GET /cormun/servlet/trpermisosadjuntos?15113366,20260806105025,P, HTTP/1.1" 200 6743
129.222.173.48 - - [06/Aug/2026:11:41:34 -0300] "GET /cormun/static/menuarrow.gif HTTP/1.1" 404 1015
190.95.67.91 - - [06/Aug/2026:11:41:34 -0300] "GET /cormun/servlet/permisosadjuntos?INS,15113366,P,20260806105025,, HTTP/1.1" 200 6041
190.95.67.91 - - [06/Aug/2026:11:41:34 -0300] "GET /cormun/static/about:blank HTTP/1.1" 404 1011
170.64.177.80 - - [06/Aug/2026:11:41:37 -0300] "GET / HTTP/1.1" 200 11217
201.186.226.3 - - [06/Aug/2026:11:41:37 -0300] "GET /cormun/servlet/trpermisosgoce? HTTP/1.1" 200 12400
129.222.173.48 - - [06/Aug/2026:11:41:37 -0300] "POST /cormun/servlet/trlicencias?e796d7f18fb7c9d59fe4206e2368e7a7,,gx-no-cache=1786027745114 HTTP/1.1" 200 6153
190.95.67.91 - - [06/Aug/2026:11:41:44 -0300] "POST /cormun/servlet/permisosadjuntos?4c9562a95d76a43c25a3cc5da96d023b,INS,15113366,P,20260806105025,, HTTP/1.1" 200 116
190.95.67.91 - - [06/Aug/2026:11:41:44 -0300] "GET /cormun/servlet/hpexe_return? HTTP/1.1" 200 1034
190.95.67.91 - - [06/Aug/2026:11:41:44 -0300] "GET /cormun/servlet/trpermisosadjuntos?15113366,20260806105025,P, HTTP/1.1" 200 7272
190.95.67.91 - - [06/Aug/2026:11:41:47 -0300] "POST /cormun/servlet/trpermisosadjuntos?4c9562a95d76a43c25a3cc5da96d023b,15113366,20260806105025,P,,gx-no-cache=1786027755416 HTTP/1.1" 200 90
190.95.67.91 - - [06/Aug/2026:11:41:47 -0300] "GET /cormun/servlet/hpexe_link HTTP/1.1" 200 1000
190.95.67.91 - - [06/Aug/2026:11:41:47 -0300] "GET /cormun/servlet/trpermisosgoce?gx-no-cache=1786027417746 HTTP/1.1" 200 19541
190.95.67.91 - - [06/Aug/2026:11:41:50 -0300] "POST /cormun/servlet/trpermisosgoce?4c9562a95d76a43c25a3cc5da96d023b,gx-no-cache=1786027417746,gx-no-cache=1786027757545 HTTP/1.1" 200 16637
190.95.67.91 - - [06/Aug/2026:11:41:52 -0300] "GET /cormun/servlet/permisogoce?INS,0,,, HTTP/1.1" 200 7333
190.95.67.91 - - [06/Aug/2026:11:41:58 -0300] "GET /cormun/servlet/permisogoce?c829aafae5fc59e63e40b7f50a627de8da37477e9aa0eb865900027d9e73aa14a9bbae33947af58af8b37b39436ec1f61cb8671537a0436fac585d982c8d1299,gx-no-cache=1786027766713 HTTP/1.1" 200 84
190.95.67.91 - - [06/Aug/2026:11:42:05 -0300] "GET /cormun/servlet/permisogoce?c829aafae5fc59e63e40b7f50a627de8e2851d609542475861d397ce7aa4e52a31f10299b7769dbc58bdf814abd92352adb7ab549a862331901c39b3a13bdb90,gx-no-cache=1786027772931 HTTP/1.1" 200 48
190.95.67.91 - - [06/Aug/2026:11:42:08 -0300] "POST /cormun/servlet/permisogoce?4c9562a95d76a43c25a3cc5da96d023b,INS,0,,,,gx-no-cache=1786027775720 HTTP/1.1" 200 93
190.95.67.91 - - [06/Aug/2026:11:42:08 -0300] "GET /cormun/servlet/hpexe_return? HTTP/1.1" 200 1027
190.95.67.91 - - [06/Aug/2026:11:42:08 -0300] "GET /cormun/servlet/trpermisosgoce?gx-no-cache=1786027417746 HTTP/1.1" 200 19488
190.95.67.91 - - [06/Aug/2026:11:42:11 -0300] "GET /cormun/servlet/trpermisosadjuntos?20661343,20260806105117,P, HTTP/1.1" 200 6751
190.95.67.91 - - [06/Aug/2026:11:42:12 -0300] "GET /cormun/servlet/permisosadjuntos?INS,20661343,P,20260806105117,, HTTP/1.1" 200 6050
190.95.67.91 - - [06/Aug/2026:11:42:12 -0300] "GET /cormun/static/about:blank HTTP/1.1" 404 1011
190.95.67.91 - - [06/Aug/2026:11:42:18 -0300] "POST /cormun/servlet/permisosadjuntos?4c9562a95d76a43c25a3cc5da96d023b,INS,20661343,P,20260806105117,, HTTP/1.1" 200 116
190.95.67.91 - - [06/Aug/2026:11:42:18 -0300] "GET /cormun/servlet/hpexe_return? HTTP/1.1" 200 1034
190.95.67.91 - - [06/Aug/2026:11:42:18 -0300] "GET /cormun/servlet/trpermisosadjuntos?20661343,20260806105117,P, HTTP/1.1" 200 7279
190.95.67.91 - - [06/Aug/2026:11:42:20 -0300] "POST /cormun/servlet/trpermisosadjuntos?4c9562a95d76a43c25a3cc5da96d023b,20661343,20260806105117,P,,gx-no-cache=1786027788671 HTTP/1.1" 200 90
190.95.67.91 - - [06/Aug/2026:11:42:20 -0300] "GET /cormun/servlet/hpexe_link HTTP/1.1" 200 1000
190.95.67.91 - - [06/Aug/2026:11:42:21 -0300] "GET /cormun/servlet/trpermisosgoce?gx-no-cache=1786027417746 HTTP/1.1" 200 19512
190.95.67.91 - - [06/Aug/2026:11:42:23 -0300] "POST /cormun/servlet/trpermisosgoce?4c9562a95d76a43c25a3cc5da96d023b,gx-no-cache=1786027417746,gx-no-cache=1786027791256 HTTP/1.1" 200 16593
201.186.226.3 - - [06/Aug/2026:11:43:36 -0300] "GET /cormun/servlet/hlogin HTTP/1.1" 200 1739
190.95.67.91 - - [06/Aug/2026:11:44:09 -0300] "GET /cormun/servlet/permisogoce?INS,0,,, HTTP/1.1" 200 7334
190.95.67.91 - - [06/Aug/2026:11:44:16 -0300] "GET /cormun/servlet/permisogoce?c829aafae5fc59e63e40b7f50a627de854639ac2ebdcacf7f1a2bc76e1e2a1b4a9bbae33947af58af8b37b39436ec1f61cb8671537a0436fac585d982c8d1299,gx-no-cache=1786027904600 HTTP/1.1" 200 78
190.95.67.91 - - [06/Aug/2026:11:44:37 -0300] "POST /cormun/servlet/permisogoce?4c9562a95d76a43c25a3cc5da96d023b,INS,0,,,,gx-no-cache=1786027925519 HTTP/1.1" 200 93
190.95.67.91 - - [06/Aug/2026:11:44:37 -0300] "GET /cormun/servlet/hpexe_return? HTTP/1.1" 200 1027
190.95.67.91 - - [06/Aug/2026:11:44:38 -0300] "GET /cormun/servlet/trpermisosgoce?gx-no-cache=1786027417746 HTTP/1.1" 200 19467
190.95.67.91 - - [06/Aug/2026:11:44:42 -0300] "GET /cormun/servlet/permisogoce?INS,0,,, HTTP/1.1" 200 7333
190.95.67.91 - - [06/Aug/2026:11:44:49 -0300] "GET /cormun/servlet/permisogoce?c829aafae5fc59e63e40b7f50a627de821c3695381f3ac2d1f751e135e0fa778a9bbae33947af58af8b37b39436ec1f61cb8671537a0436fac585d982c8d1299,gx-no-cache=1786027937265 HTTP/1.1" 200 80
190.95.67.91 - - [06/Aug/2026:11:44:55 -0300] "GET /cormun/servlet/permisogoce?c829aafae5fc59e63e40b7f50a627de8f861d5adbdc82b8792074714216d7cf77200e8313fb5a1aa3d5795931f83735dadb7ab549a862331901c39b3a13bdb90,gx-no-cache=1786027943288 HTTP/1.1" 200 47
190.95.67.91 - - [06/Aug/2026:11:45:00 -0300] "POST /cormun/servlet/permisogoce?4c9562a95d76a43c25a3cc5da96d023b,INS,0,,,,gx-no-cache=1786027947591 HTTP/1.1" 200 93
190.95.67.91 - - [06/Aug/2026:11:45:00 -0300] "GET /cormun/servlet/hpexe_return? HTTP/1.1" 200 1027
190.95.67.91 - - [06/Aug/2026:11:45:00 -0300] "GET /cormun/servlet/trpermisosgoce?gx-no-cache=1786027417746 HTTP/1.1" 200 19480
190.95.67.91 - - [06/Aug/2026:11:45:02 -0300] "GET /cormun/servlet/trpermisosadjuntos?17505158,20260806105406,P, HTTP/1.1" 200 6749
190.95.67.91 - - [06/Aug/2026:11:45:04 -0300] "GET /cormun/servlet/permisosadjuntos?INS,17505158,P,20260806105406,, HTTP/1.1" 200 6050
190.95.67.91 - - [06/Aug/2026:11:45:04 -0300] "GET /cormun/static/about:blank HTTP/1.1" 404 1011
190.95.67.91 - - [06/Aug/2026:11:45:10 -0300] "POST /cormun/servlet/permisosadjuntos?4c9562a95d76a43c25a3cc5da96d023b,INS,17505158,P,20260806105406,, HTTP/1.1" 200 116
190.95.67.91 - - [06/Aug/2026:11:45:10 -0300] "GET /cormun/servlet/hpexe_return? HTTP/1.1" 200 1034
190.95.67.91 - - [06/Aug/2026:11:45:10 -0300] "GET /cormun/servlet/trpermisosadjuntos?17505158,20260806105406,P, HTTP/1.1" 200 7258
190.95.67.91 - - [06/Aug/2026:11:45:12 -0300] "POST /cormun/servlet/trpermisosadjuntos?4c9562a95d76a43c25a3cc5da96d023b,17505158,20260806105406,P,,gx-no-cache=1786027960336 HTTP/1.1" 200 90
190.95.67.91 - - [06/Aug/2026:11:45:12 -0300] "GET /cormun/servlet/hpexe_link HTTP/1.1" 200 999
190.95.67.91 - - [06/Aug/2026:11:45:12 -0300] "GET /cormun/servlet/trpermisosgoce?gx-no-cache=1786027417746 HTTP/1.1" 200 19478
190.95.67.91 - - [06/Aug/2026:11:45:14 -0300] "GET /cormun/servlet/trpermisosadjuntos?17505158,20260806105406,P, HTTP/1.1" 200 7276
190.95.67.91 - - [06/Aug/2026:11:45:16 -0300] "POST /cormun/servlet/trpermisosadjuntos?4c9562a95d76a43c25a3cc5da96d023b,17505158,20260806105406,P,,gx-no-cache=1786027964617 HTTP/1.1" 200 90
190.95.67.91 - - [06/Aug/2026:11:45:16 -0300] "GET /cormun/servlet/hpexe_link HTTP/1.1" 200 999
190.95.67.91 - - [06/Aug/2026:11:45:17 -0300] "GET /cormun/servlet/trpermisosgoce?gx-no-cache=1786027417746 HTTP/1.1" 200 19467
190.95.67.91 - - [06/Aug/2026:11:45:19 -0300] "POST /cormun/servlet/trpermisosgoce?4c9562a95d76a43c25a3cc5da96d023b,gx-no-cache=1786027417746,gx-no-cache=1786027966890 HTTP/1.1" 200 16584
190.95.2.163 - - [06/Aug/2026:11:46:10 -0300] "GET /cormun/servlet/hlogin HTTP/1.1" 200 1717
190.95.2.163 - - [06/Aug/2026:11:46:10 -0300] "GET /cormun/static/gxtimezone.js?85251 HTTP/1.1" 200 5781
190.95.2.163 - - [06/Aug/2026:11:46:10 -0300] "GET /cormun/static/gxcfg.js?2022112219184450 HTTP/1.1" 200 953
190.95.2.163 - - [06/Aug/2026:11:46:10 -0300] "GET /cormun/static/Resources/CormunLogin.png HTTP/1.1" 200 19132
190.95.2.163 - - [06/Aug/2026:11:46:10 -0300] "GET /cormun/static/messages.spa.js?85251 HTTP/1.1" 200 30736
190.95.2.163 - - [06/Aug/2026:11:46:10 -0300] "GET /cormun/static/Resources/Spanish/PXTools.css?1759030 HTTP/1.1" 200 100853
190.95.2.163 - - [06/Aug/2026:11:46:10 -0300] "GET /cormun/static/hlogin.js?2022112219184458 HTTP/1.1" 200 2156
190.95.2.163 - - [06/Aug/2026:11:46:10 -0300] "GET /cormun/static/gxgral.js?85251 HTTP/1.1" 200 384558
190.95.2.163 - - [06/Aug/2026:11:46:10 -0300] "GET /cormun/static/Resources/PXToolsLoginTop.png HTTP/1.1" 200 1337
190.95.2.163 - - [06/Aug/2026:11:46:10 -0300] "GET /cormun/static/Resources/PXToolsLoginBackground.png HTTP/1.1" 200 1164
