190.95.2.163 - - [06/Aug/2026:11:46:10 -0300] "GET /cormun/static/Resources/PXToolsButtonLeft.png HTTP/1.1" 200 1310
190.95.2.163 - - [06/Aug/2026:11:46:10 -0300] "GET /cormun/static/Resources/PXToolsButtonBackground.png HTTP/1.1" 200 1176
190.95.2.163 - - [06/Aug/2026:11:46:10 -0300] "GET /cormun/static/Resources/PXToolsButtonRight.png HTTP/1.1" 200 1294
190.95.2.163 - - [06/Aug/2026:11:46:10 -0300] "GET /cormun/static/Resources/PXToolsLoginBottom.png HTTP/1.1" 200 1389
190.95.2.163 - - [06/Aug/2026:11:46:10 -0300] "GET /cormun/static/Resources/indicator.gif HTTP/1.1" 200 1553
190.95.2.163 - - [06/Aug/2026:11:46:10 -0300] "GET /cormun/servlet/hlogin HTTP/1.1" 200 1728
190.95.2.163 - - [06/Aug/2026:11:46:10 -0300] "GET /favicon.ico HTTP/1.1" 200 21630
45.205.1.247 - - [06/Aug/2026:11:46:20 -0300] "GET / HTTP/1.1" 200 11217
45.205.1.247 - - [06/Aug/2026:11:46:22 -0300] "GET /favicon.ico HTTP/1.1" 200 21630
190.95.67.91 - - [06/Aug/2026:11:48:04 -0300] "GET /cormun/servlet/permisogoce?INS,0,,, HTTP/1.1" 200 7333
190.95.67.91 - - [06/Aug/2026:11:48:09 -0300] "GET /cormun/servlet/permisogoce?c829aafae5fc59e63e40b7f50a627de86486524b8268df3a0709bd8910382d1da9bbae33947af58af8b37b39436ec1f61cb8671537a0436fac585d982c8d1299,gx-no-cache=1786028137528 HTTP/1.1" 200 85
190.95.67.91 - - [06/Aug/2026:11:48:16 -0300] "GET /cormun/servlet/permisogoce?c829aafae5fc59e63e40b7f50a627de8d3ebc9276ff729925b78a5c72c9a7eca90db828c7c3424da9912a0ef587898d61cf13b47073ad36ff8cf7c3a90115149,gx-no-cache=1786028144129 HTTP/1.1" 200 47
190.95.67.91 - - [06/Aug/2026:11:48:19 -0300] "POST /cormun/servlet/permisogoce?4c9562a95d76a43c25a3cc5da96d023b,INS,0,,,,gx-no-cache=1786028146560 HTTP/1.1" 200 93
190.95.67.91 - - [06/Aug/2026:11:48:19 -0300] "GET /cormun/servlet/hpexe_return? HTTP/1.1" 200 1027
190.95.67.91 - - [06/Aug/2026:11:48:19 -0300] "GET /cormun/servlet/trpermisosgoce?gx-no-cache=1786027417746 HTTP/1.1" 200 19437
190.95.67.91 - - [06/Aug/2026:11:48:27 -0300] "GET /cormun/servlet/trpermisosadjuntos?20071017,20260806105729,P, HTTP/1.1" 200 6749
190.95.67.91 - - [06/Aug/2026:11:48:29 -0300] "GET /cormun/servlet/permisosadjuntos?INS,20071017,P,20260806105729,, HTTP/1.1" 200 6050
190.95.67.91 - - [06/Aug/2026:11:48:29 -0300] "GET /cormun/static/about:blank HTTP/1.1" 404 1011
190.95.67.91 - - [06/Aug/2026:11:48:37 -0300] "POST /cormun/servlet/permisosadjuntos?4c9562a95d76a43c25a3cc5da96d023b,INS,20071017,P,20260806105729,, HTTP/1.1" 200 116
190.95.67.91 - - [06/Aug/2026:11:48:37 -0300] "GET /cormun/servlet/hpexe_return? HTTP/1.1" 200 1033
190.95.67.91 - - [06/Aug/2026:11:48:38 -0300] "GET /cormun/servlet/trpermisosadjuntos?20071017,20260806105729,P, HTTP/1.1" 200 7279
190.95.2.163 - - [06/Aug/2026:11:48:40 -0300] "GET /cormun/servlet/hlogin HTTP/1.1" 200 1717
190.95.67.91 - - [06/Aug/2026:11:48:41 -0300] "POST /cormun/servlet/trpermisosadjuntos?4c9562a95d76a43c25a3cc5da96d023b,20071017,20260806105729,P,,gx-no-cache=1786028169048 HTTP/1.1" 200 90
190.95.67.91 - - [06/Aug/2026:11:48:41 -0300] "GET /cormun/servlet/hpexe_link HTTP/1.1" 200 1000
190.95.67.91 - - [06/Aug/2026:11:48:41 -0300] "GET /cormun/servlet/trpermisosgoce?gx-no-cache=1786027417746 HTTP/1.1" 200 19470
190.95.67.91 - - [06/Aug/2026:11:48:44 -0300] "POST /cormun/servlet/trpermisosgoce?4c9562a95d76a43c25a3cc5da96d023b,gx-no-cache=1786027417746,gx-no-cache=1786028171553 HTTP/1.1" 200 16562
190.95.67.91 - - [06/Aug/2026:11:48:45 -0300] "GET /cormun/servlet/permisogoce?INS,0,,, HTTP/1.1" 200 7332
190.95.67.91 - - [06/Aug/2026:11:50:50 -0300] "GET /cormun/servlet/permisogoce?c829aafae5fc59e63e40b7f50a627de80891eb900d689799bf1b2b189fd36c05a9bbae33947af58af8b37b39436ec1f61cb8671537a0436fac585d982c8d1299,gx-no-cache=1786028298537 HTTP/1.1" 200 77
190.95.67.91 - - [06/Aug/2026:11:50:56 -0300] "GET /cormun/servlet/permisogoce?c829aafae5fc59e63e40b7f50a627de8e61ee15822a8bbf27f1133f7fd07bdd5aa41cb135f4e29a053a2f1bbe9d87f171cf13b47073ad36ff8cf7c3a90115149,gx-no-cache=1786028304528 HTTP/1.1" 200 48
190.95.67.91 - - [06/Aug/2026:11:51:00 -0300] "POST /cormun/servlet/permisogoce?4c9562a95d76a43c25a3cc5da96d023b,INS,0,,,,gx-no-cache=1786028307912 HTTP/1.1" 200 93
190.95.67.91 - - [06/Aug/2026:11:51:00 -0300] "GET /cormun/servlet/hpexe_return? HTTP/1.1" 200 1027
190.95.67.91 - - [06/Aug/2026:11:51:00 -0300] "GET /cormun/servlet/trpermisosgoce?gx-no-cache=1786027417746 HTTP/1.1" 200 19418
190.95.67.91 - - [06/Aug/2026:11:51:04 -0300] "GET /cormun/servlet/trpermisosadjuntos?15569821,20260806105810,P, HTTP/1.1" 200 6745
190.95.67.91 - - [06/Aug/2026:11:51:05 -0300] "GET /cormun/servlet/permisosadjuntos?INS,15569821,P,20260806105810,, HTTP/1.1" 200 6048
190.95.67.91 - - [06/Aug/2026:11:51:06 -0300] "GET /cormun/static/about:blank HTTP/1.1" 404 1011
190.95.67.91 - - [06/Aug/2026:11:51:11 -0300] "POST /cormun/servlet/permisosadjuntos?4c9562a95d76a43c25a3cc5da96d023b,INS,15569821,P,20260806105810,, HTTP/1.1" 200 116
190.95.67.91 - - [06/Aug/2026:11:51:11 -0300] "GET /cormun/servlet/hpexe_return? HTTP/1.1" 200 1034
190.95.67.91 - - [06/Aug/2026:11:51:12 -0300] "GET /cormun/servlet/trpermisosadjuntos?15569821,20260806105810,P, HTTP/1.1" 200 7253
190.95.67.91 - - [06/Aug/2026:11:51:13 -0300] "POST /cormun/servlet/trpermisosadjuntos?4c9562a95d76a43c25a3cc5da96d023b,15569821,20260806105810,P,,gx-no-cache=1786028321088 HTTP/1.1" 200 90
190.95.67.91 - - [06/Aug/2026:11:51:13 -0300] "GET /cormun/servlet/hpexe_link HTTP/1.1" 200 1000
190.95.67.91 - - [06/Aug/2026:11:51:13 -0300] "GET /cormun/servlet/trpermisosgoce?gx-no-cache=1786027417746 HTTP/1.1" 200 19488
190.95.67.91 - - [06/Aug/2026:11:51:15 -0300] "POST /cormun/servlet/trpermisosgoce?4c9562a95d76a43c25a3cc5da96d023b,gx-no-cache=1786027417746,gx-no-cache=1786028323451 HTTP/1.1" 200 16529
190.95.67.91 - - [06/Aug/2026:11:51:24 -0300] "GET /cormun/servlet/permisogoce?INS,0,,, HTTP/1.1" 200 7333
190.95.67.91 - - [06/Aug/2026:11:51:29 -0300] "GET /cormun/servlet/permisogoce?c829aafae5fc59e63e40b7f50a627de8e03d888e614ffab4c259adfcfbb78f31a9bbae33947af58af8b37b39436ec1f61cb8671537a0436fac585d982c8d1299,gx-no-cache=1786028337546 HTTP/1.1" 200 82
190.95.67.91 - - [06/Aug/2026:11:51:35 -0300] "GET /cormun/servlet/permisogoce?c829aafae5fc59e63e40b7f50a627de8f73043a4d52bacfdf07edba5f80cc12aaff4fb806b6c3fd17bec54eccc17c99badb7ab549a862331901c39b3a13bdb90,gx-no-cache=1786028343608 HTTP/1.1" 200 48
190.95.67.91 - - [06/Aug/2026:11:51:48 -0300] "POST /cormun/servlet/permisogoce?4c9562a95d76a43c25a3cc5da96d023b,INS,0,,,,gx-no-cache=1786028356287 HTTP/1.1" 200 93
190.95.67.91 - - [06/Aug/2026:11:51:48 -0300] "GET /cormun/servlet/hpexe_return? HTTP/1.1" 200 1027
190.95.67.91 - - [06/Aug/2026:11:51:49 -0300] "GET /cormun/servlet/trpermisosgoce?gx-no-cache=1786027417746 HTTP/1.1" 200 19477
190.95.67.91 - - [06/Aug/2026:11:51:57 -0300] "GET /cormun/servlet/trpermisosadjuntos?13776962,20260806110049,P, HTTP/1.1" 200 6743
190.95.67.91 - - [06/Aug/2026:11:51:59 -0300] "GET /cormun/servlet/permisosadjuntos?INS,13776962,P,20260806110049,, HTTP/1.1" 200 6046
190.95.67.91 - - [06/Aug/2026:11:51:59 -0300] "GET /cormun/static/about:blank HTTP/1.1" 404 1011
190.95.67.91 - - [06/Aug/2026:11:52:05 -0300] "POST /cormun/servlet/permisosadjuntos?4c9562a95d76a43c25a3cc5da96d023b,INS,13776962,P,20260806110049,, HTTP/1.1" 200 116
190.95.67.91 - - [06/Aug/2026:11:52:05 -0300] "GET /cormun/servlet/hpexe_return? HTTP/1.1" 200 1034
190.95.67.91 - - [06/Aug/2026:11:52:06 -0300] "GET /cormun/servlet/trpermisosadjuntos?13776962,20260806110049,P, HTTP/1.1" 200 7281
190.95.67.91 - - [06/Aug/2026:11:52:07 -0300] "POST /cormun/servlet/trpermisosadjuntos?4c9562a95d76a43c25a3cc5da96d023b,13776962,20260806110049,P,,gx-no-cache=1786028375728 HTTP/1.1" 200 90
190.95.67.91 - - [06/Aug/2026:11:52:07 -0300] "GET /cormun/servlet/hpexe_link HTTP/1.1" 200 1001
190.95.67.91 - - [06/Aug/2026:11:52:08 -0300] "GET /cormun/servlet/trpermisosgoce?gx-no-cache=1786027417746 HTTP/1.1" 200 19374
190.95.67.91 - - [06/Aug/2026:11:52:10 -0300] "POST /cormun/servlet/trpermisosgoce?4c9562a95d76a43c25a3cc5da96d023b,gx-no-cache=1786027417746,gx-no-cache=1786028377963 HTTP/1.1" 200 16557
190.95.67.91 - - [06/Aug/2026:11:52:35 -0300] "GET /cormun/servlet/permisogoce?INS,0,,, HTTP/1.1" 200 7332
190.95.1.187 - - [06/Aug/2026:11:53:48 -0300] "GET /cormun/static/menuarrow.gif HTTP/1.1" 404 1015
190.95.1.187 - - [06/Aug/2026:11:53:55 -0300] "GET /cormun/servlet/permisogoce?ecf9647cf4beb516d895cf94d94a6a90164bda6acd94e02e8da4ce78754732d730fb54069b5ec43876c3320f38edccc6e722181b2804e4572c9bfb6c8d018adf,gx-no-cache=1786028480200 HTTP/1.1" 440 972
190.95.1.187 - - [06/Aug/2026:11:53:57 -0300] "GET /cormun/servlet/permisogoce?INS,0,,, HTTP/1.1" 200 6025
190.95.1.187 - - [06/Aug/2026:11:53:57 -0300] "GET /cormun/servlet/hlogin HTTP/1.1" 200 1743
190.95.1.187 - - [06/Aug/2026:11:53:59 -0300] "POST /cormun/servlet/hlogin?ba6fbf9fb1feaf5f34581adf82dcf68c,gx-no-cache=1786028484760 HTTP/1.1" 200 90
190.95.1.187 - - [06/Aug/2026:11:53:59 -0300] "GET /cormun/servlet/hpexe_link HTTP/1.1" 200 965
190.95.1.187 - - [06/Aug/2026:11:54:00 -0300] "GET /cormun/servlet/permisogoce?INS,0,,, HTTP/1.1" 200 6711
190.95.1.187 - - [06/Aug/2026:11:54:08 -0300] "GET /cormun/servlet/permisogoce?3080a7883c4f4d5ecdf1c5b0e8adf9ffc6cd51a044d51b7c07f72671cd864710109b13723c05cc7bb806dc211adbe86020f10bc61e302d9c4b19322eecb0cd74,gx-no-cache=1786028493581 HTTP/1.1" 200 87
190.95.1.187 - - [06/Aug/2026:11:54:10 -0300] "GET /cormun/static/menuarrow.gif HTTP/1.1" 404 1015
190.95.1.187 - - [06/Aug/2026:11:54:15 -0300] "GET /cormun/servlet/permisogoce?3080a7883c4f4d5ecdf1c5b0e8adf9ffdf65c3a1d0893b858762f800878cc9d475bf1b0140b28047d33dbcd8611a1098c5761c792e10b22d8c66206ae95044e9,gx-no-cache=1786028500894 HTTP/1.1" 200 48
190.95.1.187 - - [06/Aug/2026:11:54:18 -0300] "POST /cormun/servlet/permisogoce?ba6fbf9fb1feaf5f34581adf82dcf68c,INS,0,,,,gx-no-cache=1786028503314 HTTP/1.1" 200 93
190.95.1.187 - - [06/Aug/2026:11:54:18 -0300] "GET /cormun/servlet/hpexe_return? HTTP/1.1" 200 1008
190.95.1.187 - - [06/Aug/2026:11:54:19 -0300] "GET /cormun/servlet/hhome HTTP/1.1" 200 4021
190.95.1.187 - - [06/Aug/2026:11:55:27 -0300] "GET /cormun/servlet/trpermisosgoce? HTTP/1.1" 200 11976
190.95.1.187 - - [06/Aug/2026:11:55:36 -0300] "GET /cormun/servlet/trpermisosadjuntos?15422804,20260806110324,P, HTTP/1.1" 200 6346
190.95.1.187 - - [06/Aug/2026:11:55:36 -0300] "GET /cormun/static/gxcfg.js?2020121641683 HTTP/1.1" 200 953
190.95.1.187 - - [06/Aug/2026:11:55:36 -0300] "GET /cormun/static/trpermisosadjuntos.js?2020121642996 HTTP/1.1" 200 20158
190.95.1.187 - - [06/Aug/2026:11:55:38 -0300] "GET /cormun/servlet/permisosadjuntos?INS,15422804,P,20260806110324,, HTTP/1.1" 200 5666
190.95.1.187 - - [06/Aug/2026:11:55:38 -0300] "GET /cormun/static/gxcfg.js?20201215134212 HTTP/1.1" 200 953
190.95.1.187 - - [06/Aug/2026:11:55:38 -0300] "GET /cormun/static/permisosadjuntos.js?20201215134285 HTTP/1.1" 200 8724
190.95.1.187 - - [06/Aug/2026:11:55:38 -0300] "GET /cormun/static/about:blank HTTP/1.1" 404 1011
190.95.67.91 - - [06/Aug/2026:11:55:46 -0300] "GET /cormun/servlet/permisogoce?c829aafae5fc59e63e40b7f50a627de82ea05d54923fbbef569bf0f511f243b365b18a6f8e339dad577e3f9a66fc86ed2736bc87bba48b95ef7bcdbd13fb8f3d,gx-no-cache=1786028594530 HTTP/1.1" 200 226
190.95.67.91 - - [06/Aug/2026:11:55:46 -0300] "GET /cormun/static/Shared/jqueryui/images/ui-bg_flat_55_994d53_40x100.png HTTP/1.1" 404 1097
190.95.67.91 - - [06/Aug/2026:11:55:46 -0300] "GET /cormun/static/Shared/jqueryui/images/ui-icons_ebccce_256x240.png HTTP/1.1" 404 1089
190.95.15.15 - - [06/Aug/2026:11:55:54 -0300] "GET /cormun/servlet/solicitudot?INS,0,0,false, HTTP/1.1" 200 15232
190.95.15.15 - - [06/Aug/2026:11:55:54 -0300] "GET /cormun/servlet/hlogin HTTP/1.1" 200 1744
190.95.15.15 - - [06/Aug/2026:11:56:00 -0300] "POST /cormun/servlet/hlogin?e0161bfed369ebda6970da13085a5112,gx-no-cache=1786028607573 HTTP/1.1" 200 90
190.95.15.15 - - [06/Aug/2026:11:56:00 -0300] "GET /cormun/servlet/hpexe_link HTTP/1.1" 200 962
190.95.15.15 - - [06/Aug/2026:11:56:00 -0300] "GET /cormun/servlet/solicitudot?INS,0,0,false, HTTP/1.1" 200 15908
190.95.1.187 - - [06/Aug/2026:11:56:04 -0300] "POST /cormun/servlet/permisosadjuntos?ba6fbf9fb1feaf5f34581adf82dcf68c,INS,15422804,P,20260806110324,,,gx-no-cache=1786028608968 HTTP/1.1" 200 93
190.95.1.187 - - [06/Aug/2026:11:56:04 -0300] "GET /cormun/servlet/hpexe_return? HTTP/1.1" 200 1039
190.95.1.187 - - [06/Aug/2026:11:56:04 -0300] "GET /cormun/servlet/trpermisosadjuntos?15422804,20260806110324,P, HTTP/1.1" 200 6350
190.95.67.91 - - [06/Aug/2026:11:56:06 -0300] "GET /cormun/servlet/permisogoce?c829aafae5fc59e63e40b7f50a627de8f1f257b4c5540238e8e3d509d55670f1a9bbae33947af58af8b37b39436ec1f61cb8671537a0436fac585d982c8d1299,gx-no-cache=1786028614235 HTTP/1.1" 200 81
190.95.1.187 - - [06/Aug/2026:11:56:08 -0300] "GET /cormun/servlet/trpermisosgoce? HTTP/1.1" 200 11974
10.40.40.2 - - [06/Aug/2026:11:56:14 -0300] "GET /cormun/servlet/hlogin HTTP/1.1" 200 1720
10.40.40.2 - - [06/Aug/2026:11:56:14 -0300] "GET /cormun/static/gxtimezone.js?85251 HTTP/1.1" 200 5781
10.40.40.2 - - [06/Aug/2026:11:56:14 -0300] "GET /cormun/static/gxcfg.js?2022112219184450 HTTP/1.1" 200 953
10.40.40.2 - - [06/Aug/2026:11:56:14 -0300] "GET /cormun/static/hlogin.js?2022112219184458 HTTP/1.1" 200 2156
10.40.40.2 - - [06/Aug/2026:11:56:14 -0300] "GET /cormun/static/messages.spa.js?85251 HTTP/1.1" 200 30736
10.40.40.2 - - [06/Aug/2026:11:56:14 -0300] "GET /cormun/static/Resources/Spanish/PXTools.css?1759030 HTTP/1.1" 200 100853
10.40.40.2 - - [06/Aug/2026:11:56:14 -0300] "GET /cormun/static/gxgral.js?85251 HTTP/1.1" 200 384558
10.40.40.2 - - [06/Aug/2026:11:56:14 -0300] "GET /cormun/static/Resources/CormunLogin.png HTTP/1.1" 200 19132
10.40.40.2 - - [06/Aug/2026:11:56:14 -0300] "GET /cormun/static/Resources/PXToolsLoginTop.png HTTP/1.1" 200 1337
10.40.40.2 - - [06/Aug/2026:11:56:14 -0300] "GET /cormun/static/Resources/PXToolsLoginBackground.png HTTP/1.1" 200 1164
10.40.40.2 - - [06/Aug/2026:11:56:14 -0300] "GET /cormun/static/Resources/PXToolsButtonLeft.png HTTP/1.1" 200 1310
10.40.40.2 - - [06/Aug/2026:11:56:14 -0300] "GET /cormun/static/Resources/PXToolsButtonRight.png HTTP/1.1" 200 1294
10.40.40.2 - - [06/Aug/2026:11:56:14 -0300] "GET /cormun/static/Resources/PXToolsButtonBackground.png HTTP/1.1" 200 1176
10.40.40.2 - - [06/Aug/2026:11:56:14 -0300] "GET /cormun/static/Resources/PXToolsLoginBottom.png HTTP/1.1" 200 1389
10.40.40.2 - - [06/Aug/2026:11:56:14 -0300] "GET /favicon.ico HTTP/1.1" 200 21630
10.40.40.2 - - [06/Aug/2026:11:56:14 -0300] "GET /cormun/servlet/hlogin HTTP/1.1" 200 1731
10.40.40.2 - - [06/Aug/2026:11:56:14 -0300] "GET /cormun/static/Resources/indicator.gif HTTP/1.1" 200 1553
10.40.40.2 - - [06/Aug/2026:11:56:14 -0300] "GET /favicon.ico HTTP/1.1" 200 21630
190.95.1.187 - - [06/Aug/2026:11:56:15 -0300] "GET /cormun/servlet/permisogoce?INS,0,,, HTTP/1.1" 200 6881
190.95.15.15 - - [06/Aug/2026:11:56:17 -0300] "POST /cormun/servlet/solicitudot?gx-no-cache=1786028624607 HTTP/1.1" 200 4063
190.95.15.15 - - [06/Aug/2026:11:56:17 -0300] "POST /cormun/servlet/solicitudot?e0161bfed369ebda6970da13085a5112,INS,0,0,false,,gx-no-cache=1786028624712 HTTP/1.1" 200 12401
190.95.67.91 - - [06/Aug/2026:11:56:17 -0300] "GET /cormun/servlet/permisogoce?c829aafae5fc59e63e40b7f50a627de8ab078ea13cdcd6f94ead34b9d458ddaca080321564fd7121498325fa0c860b0cadb7ab549a862331901c39b3a13bdb90,gx-no-cache=1786028625315 HTTP/1.1" 200 47
190.95.15.15 - - [06/Aug/2026:11:56:20 -0300] "GET /cormun/servlet/solicitudot?fe9b89b170c0e69a1486f13076585b2fdae49c98d1b490dbde72f94e3089b83157093f4b53518c76a86efceda2e43584,gx-no-cache=1786028627895 HTTP/1.1" 200 30
190.95.1.187 - - [06/Aug/2026:11:56:21 -0300] "GET /cormun/servlet/permisogoce?3080a7883c4f4d5ecdf1c5b0e8adf9ff98852b0010d3e9938937ecfaba21b095109b13723c05cc7bb806dc211adbe86020f10bc61e302d9c4b19322eecb0cd74,gx-no-cache=1786028626350 HTTP/1.1" 200 226
190.95.1.187 - - [06/Aug/2026:11:56:21 -0300] "GET /cormun/static/Shared/jqueryui/images/ui-bg_flat_55_994d53_40x100.png HTTP/1.1" 404 1097
190.95.1.187 - - [06/Aug/2026:11:56:21 -0300] "GET /cormun/static/Shared/jqueryui/images/ui-icons_ebccce_256x240.png HTTP/1.1" 404 1089
190.95.1.187 - - [06/Aug/2026:11:56:21 -0300] "GET /cormun/static/Shared/jqueryui/images/ui-bg_highlight-soft_100_c6c2c8_1x100.png HTTP/1.1" 404 1117
190.95.1.187 - - [06/Aug/2026:11:56:21 -0300] "GET /cormun/static/Shared/jqueryui/images/ui-icons_82798d_256x240.png HTTP/1.1" 404 1089
190.95.1.187 - - [06/Aug/2026:11:56:32 -0300] "GET /cormun/servlet/permisogoce?3080a7883c4f4d5ecdf1c5b0e8adf9ffca0a64e5a4b7665eb1533e6c3fe9f7c4109b13723c05cc7bb806dc211adbe86020f10bc61e302d9c4b19322eecb0cd74,gx-no-cache=1786028637845 HTTP/1.1" 200 226
190.95.67.91 - - [06/Aug/2026:11:56:39 -0300] "POST /cormun/servlet/permisogoce?4c9562a95d76a43c25a3cc5da96d023b,INS,0,,,,gx-no-cache=1786028647074 HTTP/1.1" 200 93
190.95.67.91 - - [06/Aug/2026:11:56:39 -0300] "GET /cormun/servlet/hpexe_return? HTTP/1.1" 200 1027
190.95.67.91 - - [06/Aug/2026:11:56:39 -0300] "GET /cormun/servlet/trpermisosgoce?gx-no-cache=1786027417746 HTTP/1.1" 200 19414
190.95.67.91 - - [06/Aug/2026:11:56:45 -0300] "GET /cormun/servlet/trpermisosadjuntos?20024306,20260806110200,P, HTTP/1.1" 200 6747
190.95.67.91 - - [06/Aug/2026:11:56:46 -0300] "GET /cormun/servlet/permisosadjuntos?INS,20024306,P,20260806110200,, HTTP/1.1" 200 6052
190.95.67.91 - - [06/Aug/2026:11:56:46 -0300] "GET /cormun/static/about:blank HTTP/1.1" 404 1011
190.95.67.91 - - [06/Aug/2026:11:56:58 -0300] "POST /cormun/servlet/permisosadjuntos?4c9562a95d76a43c25a3cc5da96d023b,INS,20024306,P,20260806110200,, HTTP/1.1" 200 116
190.95.67.91 - - [06/Aug/2026:11:56:58 -0300] "GET /cormun/servlet/hpexe_return? HTTP/1.1" 200 1032
190.95.67.91 - - [06/Aug/2026:11:56:58 -0300] "GET /cormun/servlet/trpermisosadjuntos?20024306,20260806110200,P, HTTP/1.1" 200 7262
190.95.67.91 - - [06/Aug/2026:11:57:01 -0300] "POST /cormun/servlet/trpermisosadjuntos?4c9562a95d76a43c25a3cc5da96d023b,20024306,20260806110200,P,,gx-no-cache=1786028668992 HTTP/1.1" 200 90
190.95.67.91 - - [06/Aug/2026:11:57:01 -0300] "GET /cormun/servlet/hpexe_link HTTP/1.1" 200 998
190.95.67.91 - - [06/Aug/2026:11:57:02 -0300] "GET /cormun/servlet/trpermisosgoce?gx-no-cache=1786027417746 HTTP/1.1" 200 19395
190.95.67.91 - - [06/Aug/2026:11:57:04 -0300] "GET /cormun/servlet/permisogoce?INS,0,,, HTTP/1.1" 200 7333
190.95.67.91 - - [06/Aug/2026:11:57:10 -0300] "GET /cormun/servlet/permisogoce?c829aafae5fc59e63e40b7f50a627de8500293499b8b9a008fd0ec22a7716fb065b18a6f8e339dad577e3f9a66fc86ed2736bc87bba48b95ef7bcdbd13fb8f3d,gx-no-cache=1786028678212 HTTP/1.1" 200 81
190.95.1.187 - - [06/Aug/2026:11:57:15 -0300] "GET /cormun/servlet/permisogoce?3080a7883c4f4d5ecdf1c5b0e8adf9ff044e100c6af268a9601a427d179f7c85109b13723c05cc7bb806dc211adbe86020f10bc61e302d9c4b19322eecb0cd74,gx-no-cache=1786028680629 HTTP/1.1" 200 78
190.95.67.91 - - [06/Aug/2026:11:57:17 -0300] "GET /cormun/servlet/permisogoce?c829aafae5fc59e63e40b7f50a627de86442a71f892d22d098a6ff353e0d99311579972f45e5fff670994c0493239a69a68a8c0b89ddd362dde78aa9f78cfa06,gx-no-cache=1786028685659 HTTP/1.1" 200 48
190.95.1.187 - - [06/Aug/2026:11:57:18 -0300] "GET /cormun/static/menuarrow.gif HTTP/1.1" 404 1015
190.95.67.91 - - [06/Aug/2026:11:57:25 -0300] "POST /cormun/servlet/permisogoce?4c9562a95d76a43c25a3cc5da96d023b,INS,0,,,,gx-no-cache=1786028692431 HTTP/1.1" 200 93
190.95.67.91 - - [06/Aug/2026:11:57:25 -0300] "GET /cormun/servlet/hpexe_return? HTTP/1.1" 200 1027
190.95.67.91 - - [06/Aug/2026:11:57:25 -0300] "GET /cormun/servlet/trpermisosgoce?gx-no-cache=1786027417746 HTTP/1.1" 200 19416
190.95.1.187 - - [06/Aug/2026:11:57:27 -0300] "GET /cormun/servlet/permisogoce?3080a7883c4f4d5ecdf1c5b0e8adf9fffa298333fb4cd1255807b9def1c0759209a0d252139397d2acbc0b85e4c357a53a49bf202e90eec34412543b6bb58f8b,gx-no-cache=1786028691968 HTTP/1.1" 200 48
190.95.1.187 - - [06/Aug/2026:11:57:29 -0300] "POST /cormun/servlet/permisogoce?ba6fbf9fb1feaf5f34581adf82dcf68c,INS,0,,,,gx-no-cache=1786028694174 HTTP/1.1" 200 93
190.95.1.187 - - [06/Aug/2026:11:57:29 -0300] "GET /cormun/servlet/hpexe_return? HTTP/1.1" 200 1011
190.95.1.187 - - [06/Aug/2026:11:57:29 -0300] "GET /cormun/servlet/trpermisosgoce HTTP/1.1" 200 12242
190.95.67.91 - - [06/Aug/2026:11:57:34 -0300] "GET /cormun/servlet/permisogoce?INS,0,,, HTTP/1.1" 200 7333
190.95.67.91 - - [06/Aug/2026:11:57:39 -0300] "GET /cormun/servlet/permisogoce?c829aafae5fc59e63e40b7f50a627de85b12ea97c4b6bc9c36caedd4c3a90e25a9bbae33947af58af8b37b39436ec1f61cb8671537a0436fac585d982c8d1299,gx-no-cache=1786028707689 HTTP/1.1" 200 72
190.95.67.91 - - [06/Aug/2026:11:57:45 -0300] "GET /cormun/servlet/permisogoce?c829aafae5fc59e63e40b7f50a627de8dabcc19974feb4a485574fc3a434a3124c2afe7905d0d463f2cac5ef3d0d18521cf13b47073ad36ff8cf7c3a90115149,gx-no-cache=1786028713449 HTTP/1.1" 200 46
190.95.67.91 - - [06/Aug/2026:11:57:50 -0300] "POST /cormun/servlet/permisogoce?4c9562a95d76a43c25a3cc5da96d023b,INS,0,,,,gx-no-cache=1786028717705 HTTP/1.1" 200 93
190.95.67.91 - - [06/Aug/2026:11:57:50 -0300] "GET /cormun/servlet/hpexe_return? HTTP/1.1" 200 1027
190.95.67.91 - - [06/Aug/2026:11:57:50 -0300] "GET /cormun/servlet/trpermisosgoce?gx-no-cache=1786027417746 HTTP/1.1" 200 19366
190.95.1.187 - - [06/Aug/2026:11:57:50 -0300] "GET /cormun/servlet/permisogoce?INS,0,,, HTTP/1.1" 200 6881
190.95.67.91 - - [06/Aug/2026:11:57:54 -0300] "POST /cormun/servlet/trpermisosgoce?4c9562a95d76a43c25a3cc5da96d023b,gx-no-cache=1786027417746,gx-no-cache=1786028722227 HTTP/1.1" 200 16588
190.95.1.187 - - [06/Aug/2026:11:57:55 -0300] "GET /cormun/servlet/permisogoce?3080a7883c4f4d5ecdf1c5b0e8adf9ffbc2ff8242b79b84bdcabd7ce0745ef4d109b13723c05cc7bb806dc211adbe86020f10bc61e302d9c4b19322eecb0cd74,gx-no-cache=1786028720526 HTTP/1.1" 200 83
190.95.67.91 - - [06/Aug/2026:11:57:59 -0300] "POST /cormun/servlet/trpermisosgoce?4c9562a95d76a43c25a3cc5da96d023b,gx-no-cache=1786027417746,gx-no-cache=1786028727090 HTTP/1.1" 200 16546
190.95.67.91 - - [06/Aug/2026:11:58:04 -0300] "GET /cormun/servlet/trpermisosadjuntos?9595204,20260806110629,P, HTTP/1.1" 200 6750
190.95.1.187 - - [06/Aug/2026:11:58:05 -0300] "GET /cormun/servlet/permisogoce?3080a7883c4f4d5ecdf1c5b0e8adf9ff6274330233c9ff1e94d437cb2ea0cef3ed87136a0e93c8bf75b7e78d6535ccdd3a49bf202e90eec34412543b6bb58f8b,gx-no-cache=1786028730325 HTTP/1.1" 200 48
190.95.67.91 - - [06/Aug/2026:11:58:06 -0300] "GET /cormun/servlet/permisosadjuntos?INS,9595204,P,20260806110629,, HTTP/1.1" 200 6050
190.95.67.91 - - [06/Aug/2026:11:58:06 -0300] "GET /cormun/static/about:blank HTTP/1.1" 404 1011
190.95.1.187 - - [06/Aug/2026:11:58:09 -0300] "POST /cormun/servlet/permisogoce?ba6fbf9fb1feaf5f34581adf82dcf68c,INS,0,,,,gx-no-cache=1786028734233 HTTP/1.1" 200 93
190.95.1.187 - - [06/Aug/2026:11:58:09 -0300] "GET /cormun/servlet/hpexe_return? HTTP/1.1" 200 1011
190.95.1.187 - - [06/Aug/2026:11:58:09 -0300] "GET /cormun/servlet/trpermisosgoce HTTP/1.1" 200 12494
190.95.67.91 - - [06/Aug/2026:11:58:10 -0300] "POST /cormun/servlet/permisosadjuntos?4c9562a95d76a43c25a3cc5da96d023b,INS,9595204,P,20260806110629,, HTTP/1.1" 200 116
190.95.67.91 - - [06/Aug/2026:11:58:10 -0300] "GET /cormun/servlet/hpexe_return? HTTP/1.1" 200 1033
190.95.67.91 - - [06/Aug/2026:11:58:11 -0300] "GET /cormun/servlet/trpermisosadjuntos?9595204,20260806110629,P, HTTP/1.1" 200 7270
190.95.67.91 - - [06/Aug/2026:11:58:13 -0300] "POST /cormun/servlet/trpermisosadjuntos?4c9562a95d76a43c25a3cc5da96d023b,9595204,20260806110629,P,,gx-no-cache=1786028740848 HTTP/1.1" 200 90
190.95.67.91 - - [06/Aug/2026:11:58:13 -0300] "GET /cormun/servlet/hpexe_link HTTP/1.1" 200 1000
190.95.67.91 - - [06/Aug/2026:11:58:13 -0300] "GET /cormun/servlet/trpermisosgoce?gx-no-cache=1786027417746 HTTP/1.1" 200 19356
190.95.67.91 - - [06/Aug/2026:11:58:16 -0300] "POST /cormun/servlet/trpermisosgoce?4c9562a95d76a43c25a3cc5da96d023b,gx-no-cache=1786027417746,gx-no-cache=1786028743570 HTTP/1.1" 200 16500
190.95.67.91 - - [06/Aug/2026:11:58:18 -0300] "GET /cormun/servlet/trpermisosadjuntos?20369345,20260806110659,P, HTTP/1.1" 200 6746
190.95.67.91 - - [06/Aug/2026:11:58:21 -0300] "GET /cormun/servlet/permisosadjuntos?INS,20369345,P,20260806110659,, HTTP/1.1" 200 6047
190.95.67.91 - - [06/Aug/2026:11:58:21 -0300] "GET /cormun/static/about:blank HTTP/1.1" 404 1011
190.95.15.15 - - [06/Aug/2026:11:58:23 -0300] "GET /cormun/servlet/prbanco?,MD,,gxPopupLevel%3D0%3B HTTP/1.1" 200 6645
190.95.1.187 - - [06/Aug/2026:11:58:24 -0300] "GET /cormun/servlet/permisogoce?INS,0,,, HTTP/1.1" 200 6881
190.95.67.91 - - [06/Aug/2026:11:58:26 -0300] "POST /cormun/servlet/permisosadjuntos?4c9562a95d76a43c25a3cc5da96d023b,INS,20369345,P,20260806110659,, HTTP/1.1" 200 116
190.95.67.91 - - [06/Aug/2026:11:58:26 -0300] "GET /cormun/servlet/hpexe_return? HTTP/1.1" 200 1033
190.95.67.91 - - [06/Aug/2026:11:58:26 -0300] "GET /cormun/servlet/trpermisosadjuntos?20369345,20260806110659,P, HTTP/1.1" 200 7252
190.95.67.91 - - [06/Aug/2026:11:58:28 -0300] "POST /cormun/servlet/trpermisosadjuntos?4c9562a95d76a43c25a3cc5da96d023b,20369345,20260806110659,P,,gx-no-cache=1786028756602 HTTP/1.1" 200 90
190.95.67.91 - - [06/Aug/2026:11:58:28 -0300] "GET /cormun/servlet/hpexe_link HTTP/1.1" 200 1000
190.95.67.91 - - [06/Aug/2026:11:58:29 -0300] "GET /cormun/servlet/trpermisosgoce?gx-no-cache=1786027417746 HTTP/1.1" 200 19381
190.95.1.187 - - [06/Aug/2026:11:58:29 -0300] "GET /cormun/servlet/permisogoce?3080a7883c4f4d5ecdf1c5b0e8adf9ff33960a95b79b0f582087cb1919ff60f1109b13723c05cc7bb806dc211adbe86020f10bc61e302d9c4b19322eecb0cd74,gx-no-cache=1786028753990 HTTP/1.1" 200 79
190.95.15.15 - - [06/Aug/2026:11:58:29 -0300] "GET /cormun/servlet/solicitudot?fe9b89b170c0e69a1486f13076585b2f0e0da6c18067d170b67b674752f31695f0234336a2b27349b759dbbbb2d8a5d93a9d830651d2495c22db3c6a08cec3ca,gx-no-cache=1786028757034 HTTP/1.1" 200 30
190.95.67.91 - - [06/Aug/2026:11:58:31 -0300] "POST /cormun/servlet/trpermisosgoce?4c9562a95d76a43c25a3cc5da96d023b,gx-no-cache=1786027417746,gx-no-cache=1786028759042 HTTP/1.1" 200 16490
190.95.15.15 - - [06/Aug/2026:11:58:32 -0300] "GET /cormun/servlet/solicitudot?fe9b89b170c0e69a1486f13076585b2f34e3410dd3a47cb1e1ef657a9af394c2,gx-no-cache=1786028759667 HTTP/1.1" 200 45
190.95.67.91 - - [06/Aug/2026:11:58:39 -0300] "GET /cormun/servlet/permisogoce?INS,0,,, HTTP/1.1" 200 7333
190.95.1.187 - - [06/Aug/2026:11:58:41 -0300] "GET /cormun/servlet/permisogoce?3080a7883c4f4d5ecdf1c5b0e8adf9ff94a39fb0d00cb01fd58420a2125adbeea45e4c6e3b6abb604795f7129e5b28a23a49bf202e90eec34412543b6bb58f8b,gx-no-cache=1786028766109 HTTP/1.1" 200 47
190.95.1.187 - - [06/Aug/2026:11:58:44 -0300] "POST /cormun/servlet/permisogoce?ba6fbf9fb1feaf5f34581adf82dcf68c,INS,0,,,,gx-no-cache=1786028769242 HTTP/1.1" 200 93
190.95.1.187 - - [06/Aug/2026:11:58:44 -0300] "GET /cormun/servlet/hpexe_return? HTTP/1.1" 200 1011
190.95.1.187 - - [06/Aug/2026:11:58:44 -0300] "GET /cormun/servlet/trpermisosgoce HTTP/1.1" 200 12745
190.95.67.91 - - [06/Aug/2026:11:58:44 -0300] "GET /cormun/servlet/permisogoce?c829aafae5fc59e63e40b7f50a627de809a23d4d569cff3b15d2c9594b5d6141a9bbae33947af58af8b37b39436ec1f61cb8671537a0436fac585d982c8d1299,gx-no-cache=1786028772737 HTTP/1.1" 200 82
190.95.67.91 - - [06/Aug/2026:11:58:51 -0300] "GET /cormun/servlet/permisogoce?c829aafae5fc59e63e40b7f50a627de8818af270169ed9cb0f57a09c3fc4503a4122b7ce6076acb58ee5cacb33a06d941cf13b47073ad36ff8cf7c3a90115149,gx-no-cache=1786028779339 HTTP/1.1" 200 48
190.95.67.91 - - [06/Aug/2026:11:58:55 -0300] "POST /cormun/servlet/permisogoce?4c9562a95d76a43c25a3cc5da96d023b,INS,0,,,,gx-no-cache=1786028783240 HTTP/1.1" 200 93
190.95.67.91 - - [06/Aug/2026:11:58:55 -0300] "GET /cormun/servlet/hpexe_return? HTTP/1.1" 200 1027
190.95.67.91 - - [06/Aug/2026:11:58:56 -0300] "GET /cormun/servlet/trpermisosgoce?gx-no-cache=1786027417746 HTTP/1.1" 200 19405
190.95.15.15 - - [06/Aug/2026:11:58:56 -0300] "POST /cormun/servlet/solicitudot?gx-no-cache=1786028783444 HTTP/1.1" 200 240
190.95.1.187 - - [06/Aug/2026:11:58:57 -0300] "GET /cormun/servlet/permisogoce?INS,0,,, HTTP/1.1" 200 6881
190.95.15.15 - - [06/Aug/2026:11:58:57 -0300] "GET /cormun/servlet/solicitudot?fe9b89b170c0e69a1486f13076585b2f87d74454d2bb18cb5dd3e4de685af87e03cf02c1798855149ebc5aa65499e83b30078410587769f93156a07b4557eb5584d2f07b9d0b913b71599fc52a32149879ce9aacf8bc404148f76efd18cfee42fb2415a0576f53df9f77930a72e4e659dd772bd1f3b55db2bd0ef1052c6c24f6fbae81fb631de3d5791d1d594f5c6745bed9884ad8649f723f4805efeac32cac80f8de8af7a7658ed54a075bd2d0db57bf31d19810dc8aab6b40d3abf6b03220d50a43c11004c1e41e1cddd67abe19f322867b079611159ef020104e4ac80e3314bcd9f739be008fc16f98e0070b3a4f9c3deb4d72796be6456fce72612b097b3508da1cb09813dff4765a04ca4ff2adcb45dc1e8a49391d27d42d9603ee80b77b23b9c55b807752a7cd1de1590b38a556f27b781c07425166862898c3c16cb7ae4a9cd406434707fff716fd049ff2af79bfa281f81cc851b6f8f3d9360099ce311941454de970a9f70647711d7ce812d64516e6c851474ae9c752de482a84be,gx-no-cache=1786028785278 HTTP/1.1" 200 30
190.95.67.91 - - [06/Aug/2026:11:59:00 -0300] "GET /cormun/servlet/trpermisosadjuntos?15731116,20260806110803,P, HTTP/1.1" 200 6748
190.95.15.15 - - [06/Aug/2026:11:59:01 -0300] "POST /cormun/servlet/solicitudot?gx-no-cache=1786028788993 HTTP/1.1" 200 30
190.95.1.187 - - [06/Aug/2026:11:59:02 -0300] "GET /cormun/servlet/permisogoce?3080a7883c4f4d5ecdf1c5b0e8adf9ffffca163321994ab8894defa61057fa3a109b13723c05cc7bb806dc211adbe86020f10bc61e302d9c4b19322eecb0cd74,gx-no-cache=1786028787198 HTTP/1.1" 200 77
190.95.67.91 - - [06/Aug/2026:11:59:02 -0300] "GET /cormun/servlet/permisosadjuntos?INS,15731116,P,20260806110803,, HTTP/1.1" 200 6049
190.95.67.91 - - [06/Aug/2026:11:59:02 -0300] "GET /cormun/static/about:blank HTTP/1.1" 404 1011
190.95.67.91 - - [06/Aug/2026:11:59:06 -0300] "POST /cormun/servlet/permisosadjuntos?4c9562a95d76a43c25a3cc5da96d023b,INS,15731116,P,20260806110803,, HTTP/1.1" 200 116
190.95.67.91 - - [06/Aug/2026:11:59:06 -0300] "GET /cormun/servlet/hpexe_return? HTTP/1.1" 200 1031
190.95.67.91 - - [06/Aug/2026:11:59:06 -0300] "GET /cormun/servlet/trpermisosadjuntos?15731116,20260806110803,P, HTTP/1.1" 200 7257
190.95.1.187 - - [06/Aug/2026:11:59:15 -0300] "GET /cormun/servlet/permisogoce?3080a7883c4f4d5ecdf1c5b0e8adf9fff1b502d2e16a190e8b2ebcad124b4d497fd71126bf8a6265ed1d91d564a3a18bc5761c792e10b22d8c66206ae95044e9,gx-no-cache=1786028800637 HTTP/1.1" 200 47
190.95.1.187 - - [06/Aug/2026:11:59:18 -0300] "POST /cormun/servlet/permisogoce?ba6fbf9fb1feaf5f34581adf82dcf68c,INS,0,,,,gx-no-cache=1786028802705 HTTP/1.1" 200 93
190.95.1.187 - - [06/Aug/2026:11:59:18 -0300] "GET /cormun/servlet/hpexe_return? HTTP/1.1" 200 1011
190.95.1.187 - - [06/Aug/2026:11:59:18 -0300] "GET /cormun/servlet/trpermisosgoce HTTP/1.1" 200 12968
190.95.67.91 - - [06/Aug/2026:11:59:20 -0300] "POST /cormun/servlet/trpermisosadjuntos?4c9562a95d76a43c25a3cc5da96d023b,15731116,20260806110803,P,,gx-no-cache=1786028808257 HTTP/1.1" 200 90
190.95.67.91 - - [06/Aug/2026:11:59:20 -0300] "GET /cormun/servlet/hpexe_link HTTP/1.1" 200 998
190.95.67.91 - - [06/Aug/2026:11:59:20 -0300] "GET /cormun/servlet/trpermisosgoce?gx-no-cache=1786027417746 HTTP/1.1" 200 19415
190.95.67.91 - - [06/Aug/2026:11:59:24 -0300] "POST /cormun/servlet/trpermisosgoce?4c9562a95d76a43c25a3cc5da96d023b,gx-no-cache=1786027417746,gx-no-cache=1786028812227 HTTP/1.1" 200 16517
190.95.1.187 - - [06/Aug/2026:11:59:29 -0300] "GET /cormun/servlet/permisogoce?INS,0,,, HTTP/1.1" 200 6881
190.95.1.187 - - [06/Aug/2026:11:59:33 -0300] "GET /cormun/servlet/permisogoce?3080a7883c4f4d5ecdf1c5b0e8adf9ffe9cdf9e06cdaaebfff1117c78fe82d8f109b13723c05cc7bb806dc211adbe86020f10bc61e302d9c4b19322eecb0cd74,gx-no-cache=1786028818822 HTTP/1.1" 200 77
190.95.1.187 - - [06/Aug/2026:11:59:55 -0300] "GET /cormun/servlet/permisogoce?3080a7883c4f4d5ecdf1c5b0e8adf9ffe01379f81b8b2de682bbf371d69b3f4b5303776b58c966b453ee8ba7ea4a63703a49bf202e90eec34412543b6bb58f8b,gx-no-cache=1786028839910 HTTP/1.1" 200 47
190.95.1.187 - - [06/Aug/2026:11:59:58 -0300] "POST /cormun/servlet/permisogoce?ba6fbf9fb1feaf5f34581adf82dcf68c,INS,0,,,,gx-no-cache=1786028843459 HTTP/1.1" 200 93
190.95.1.187 - - [06/Aug/2026:11:59:58 -0300] "GET /cormun/servlet/hpexe_return? HTTP/1.1" 200 1011
190.95.1.187 - - [06/Aug/2026:11:59:59 -0300] "GET /cormun/servlet/trpermisosgoce HTTP/1.1" 200 13190
190.95.15.15 - - [06/Aug/2026:12:00:06 -0300] "GET /cormun/servlet/prlicenciaspermisos?17652488,L,,MD,,gxPopupLevel%3D0%3B HTTP/1.1" 200 6717
190.95.15.15 - - [06/Aug/2026:12:00:06 -0300] "GET /cormun/static/gxcfg.js?2020121559567 HTTP/1.1" 200 953
190.95.15.15 - - [06/Aug/2026:12:00:06 -0300] "GET /cormun/static/prlicenciaspermisos.js?2020121559821 HTTP/1.1" 200 13379
190.95.1.187 - - [06/Aug/2026:12:00:08 -0300] "GET /cormun/servlet/permisogoce?INS,0,,, HTTP/1.1" 200 6881
190.95.1.187 - - [06/Aug/2026:12:00:09 -0300] "GET /cormun/servlet/permisogoce?INS,0,,, HTTP/1.1" 200 6880
190.95.15.15 - - [06/Aug/2026:12:00:12 -0300] "POST /cormun/servlet/solicitudot?gx-no-cache=1786028859518 HTTP/1.1" 200 1508
190.95.1.187 - - [06/Aug/2026:12:00:19 -0300] "GET /cormun/servlet/permisogoce?3080a7883c4f4d5ecdf1c5b0e8adf9ff92d3d48e079a9cc7c39957da83112e21109b13723c05cc7bb806dc211adbe86020f10bc61e302d9c4b19322eecb0cd74,gx-no-cache=1786028863877 HTTP/1.1" 200 177
190.95.15.15 - - [06/Aug/2026:12:00:26 -0300] "POST /cormun/servlet/solicitudot?gx-no-cache=1786028874258 HTTP/1.1" 200 41
190.95.1.187 - - [06/Aug/2026:12:00:32 -0300] "GET /cormun/servlet/permisogoce?3080a7883c4f4d5ecdf1c5b0e8adf9ff73922d2dfd836ac35fe4c96be57d5566109b13723c05cc7bb806dc211adbe86020f10bc61e302d9c4b19322eecb0cd74,gx-no-cache=1786028877372 HTTP/1.1" 200 79
190.95.1.187 - - [06/Aug/2026:12:00:40 -0300] "GET /cormun/servlet/permisogoce?3080a7883c4f4d5ecdf1c5b0e8adf9ffbd35f835e725a78f787344ef9fdf5e2d84d012cf363f386e80db4a19033839bc3a49bf202e90eec34412543b6bb58f8b,gx-no-cache=1786028885461 HTTP/1.1" 200 47
201.186.225.191 - - [06/Aug/2026:12:00:47 -0300] "GET /cormun/servlet/trlicencias HTTP/1.1" 200 6040
201.186.225.191 - - [06/Aug/2026:12:00:47 -0300] "GET /cormun/servlet/hlogin HTTP/1.1" 200 1725
201.186.225.191 - - [06/Aug/2026:12:00:47 -0300] "GET /cormun/servlet/trlicencias HTTP/1.1" 200 6037
201.186.225.191 - - [06/Aug/2026:12:00:50 -0300] "POST /cormun/servlet/hlogin?551153f2f1e47b305d9bb0ea7d3715b6,gx-no-cache=1786028897435 HTTP/1.1" 200 90
201.186.225.191 - - [06/Aug/2026:12:00:50 -0300] "GET /cormun/servlet/hpexe_link HTTP/1.1" 200 945
201.186.225.191 - - [06/Aug/2026:12:00:50 -0300] "GET /cormun/servlet/trlicencias HTTP/1.1" 200 12508
190.95.15.15 - - [06/Aug/2026:12:00:52 -0300] "GET /cormun/servlet/solicitudot?fe9b89b170c0e69a1486f13076585b2f7b2947d925d2d2c7705084bc7d8b3de6a77de4ca123beb6ce6235b3f4382f6fa9843a228c4748ca62250d282df0e34b3e8f15dc8a1bcbc10ed6efe32e21c7a39baf071a5766ec7f2045cb7458874079ace0cc10796459982089f38275b6ad69d,gx-no-cache=1786028899267 HTTP/1.1" 200 110
190.95.15.15 - - [06/Aug/2026:12:00:52 -0300] "POST /cormun/servlet/solicitudot?gx-no-cache=1786028899319 HTTP/1.1" 200 97
190.95.1.187 - - [06/Aug/2026:12:00:52 -0300] "POST /cormun/servlet/permisogoce?ba6fbf9fb1feaf5f34581adf82dcf68c,INS,0,,,,gx-no-cache=1786028896914 HTTP/1.1" 200 93
190.95.1.187 - - [06/Aug/2026:12:00:52 -0300] "GET /cormun/servlet/hpexe_return? HTTP/1.1" 200 1011
190.95.1.187 - - [06/Aug/2026:12:00:52 -0300] "GET /cormun/servlet/trpermisosgoce HTTP/1.1" 200 13404
190.95.15.15 - - [06/Aug/2026:12:00:56 -0300] "GET /cormun/servlet/solicitudot?fe9b89b170c0e69a1486f13076585b2f356c4c6038151848de05ecd00d3023abbfb6a6616405e6eb8cfa2c5b95c5d8dd47d531904b8e2ddf002d3dc7a9f741ee5b5f451669cee32b1fda514526006574ec5f055eaa44308ff27344a7ca64c2e5711a8601e661ce73c9a332a3cb9f6821,gx-no-cache=1786028903822 HTTP/1.1" 200 29
190.95.15.15 - - [06/Aug/2026:12:00:56 -0300] "GET /cormun/static/menuarrow.gif HTTP/1.1" 404 1015
190.95.15.15 - - [06/Aug/2026:12:00:59 -0300] "GET /cormun/servlet/solicitudot?fe9b89b170c0e69a1486f13076585b2f88a9c77a2683088fd76a6467bbf98aae3109929c550360763e43fe8400ffe95c,gx-no-cache=1786028906307 HTTP/1.1" 200 30
190.95.15.15 - - [06/Aug/2026:12:00:59 -0300] "POST /cormun/servlet/solicitudot?gx-no-cache=1786028906325 HTTP/1.1" 200 34
190.95.15.15 - - [06/Aug/2026:12:01:32 -0300] "POST /cormun/servlet/solicitudot?e0161bfed369ebda6970da13085a5112,INS,0,0,false,,gx-no-cache=1786028939976 HTTP/1.1" 200 93
190.95.15.15 - - [06/Aug/2026:12:01:32 -0300] "GET /cormun/servlet/hpexe_return? HTTP/1.1" 200 1007
190.95.15.15 - - [06/Aug/2026:12:01:33 -0300] "GET /cormun/servlet/hhome HTTP/1.1" 200 3984
190.95.15.15 - - [06/Aug/2026:12:01:40 -0300] "GET /cormun/servlet/trsolicitudot? HTTP/1.1" 200 9517
190.95.15.15 - - [06/Aug/2026:12:01:57 -0300] "POST /cormun/servlet/trsolicitudot?e0161bfed369ebda6970da13085a5112,,gx-no-cache=1786028965094 HTTP/1.1" 200 113
190.95.15.15 - - [06/Aug/2026:12:01:57 -0300] "GET /cormun/servlet/solicitudot?UPD,2026,23857,false, HTTP/1.1" 200 16681
190.95.15.15 - - [06/Aug/2026:12:01:58 -0300] "POST /cormun/servlet/solicitudot?gx-no-cache=1786028965841 HTTP/1.1" 200 4147
190.95.15.15 - - [06/Aug/2026:12:01:58 -0300] "POST /cormun/servlet/solicitudot?e0161bfed369ebda6970da13085a5112,UPD,2026,23857,false,,gx-no-cache=1786028965938 HTTP/1.1" 200 12872
190.95.15.15 - - [06/Aug/2026:12:01:58 -0300] "GET /cormun/servlet/solicitudot?fe9b89b170c0e69a1486f13076585b2fdae49c98d1b490dbde72f94e3089b8316ccf79c15dc1d284d1054940568c30d7,gx-no-cache=1786028966035 HTTP/1.1" 200 30
190.95.15.15 - - [06/Aug/2026:12:01:58 -0300] "GET /cormun/servlet/solicitudot?fe9b89b170c0e69a1486f13076585b2f0e0da6c18067d170b67b674752f31695f0234336a2b27349b759dbbbb2d8a5d9eeff8d6abedfe35fca3da151cccb8858,gx-no-cache=1786028966054 HTTP/1.1" 200 30
190.95.15.15 - - [06/Aug/2026:12:01:58 -0300] "GET /cormun/servlet/solicitudot?fe9b89b170c0e69a1486f13076585b2fd8a6cfe710dfb116c6bccee86511072454e089398dc22966da20c3814b012e4d,gx-no-cache=1786028966071 HTTP/1.1" 200 45
190.95.15.15 - - [06/Aug/2026:12:01:58 -0300] "POST /cormun/servlet/solicitudot?gx-no-cache=1786028966088 HTTP/1.1" 200 240
190.95.15.15 - - [06/Aug/2026:12:01:58 -0300] "GET /cormun/servlet/solicitudot?fe9b89b170c0e69a1486f13076585b2f87d74454d2bb18cb5dd3e4de685af87e03cf02c1798855149ebc5aa65499e83b30078410587769f93156a07b4557eb5584d2f07b9d0b913b71599fc52a32149879ce9aacf8bc404148f76efd18cfee42fb2415a0576f53df9f77930a72e4e659dd772bd1f3b55db2bd0ef1052c6c24f6fbae81fb631de3d5791d1d594f5c6745bed9884ad8649f723f4805efeac32cac80f8de8af7a7658ed54a075bd2d0db57bf31d19810dc8aab6b40d3abf6b03220d50a43c11004c1e41e1cddd67abe19f322867b079611159ef020104e4ac80e3314bcd9f739be008fc16f98e0070b3a4f9c3deb4d72796be6456fce72612b097b3508da1cb09813dff4765a04ca4ff2adcb45dc1e8a49391d27d42d9603ee80b77b23b9c55b807752a7cd1de1590b38a556f27b781c07425166862898c3c16cb7ae4a9cd406434707fff716fd049ff2af79bfa281f81cc851b6f8f3d9360099ce311941454de970a9f70647711d7ce812c00b02f0c5ad8d41e19612f65aeadadf,gx-no-cache=1786028966110 HTTP/1.1" 200 30
190.95.15.15 - - [06/Aug/2026:12:01:58 -0300] "POST /cormun/servlet/solicitudot?gx-no-cache=1786028966127 HTTP/1.1" 200 30
190.95.15.15 - - [06/Aug/2026:12:01:58 -0300] "POST /cormun/servlet/solicitudot?gx-no-cache=1786028966147 HTTP/1.1" 200 1508
190.95.15.15 - - [06/Aug/2026:12:01:58 -0300] "POST /cormun/servlet/solicitudot?gx-no-cache=1786028966212 HTTP/1.1" 200 41
190.95.15.15 - - [06/Aug/2026:12:02:00 -0300] "GET /cormun/servlet/solicitudot?fe9b89b170c0e69a1486f13076585b2f7b2947d925d2d2c7705084bc7d8b3de6a77de4ca123beb6ce6235b3f4382f6fa9843a228c4748ca62250d282df0e34b3e8f15dc8a1bcbc10ed6efe32e21c7a39baf071a5766ec7f2045cb7458874079ace0cc10796459982089f38275b6ad69d,gx-no-cache=1786028967392 HTTP/1.1" 200 110
190.95.15.15 - - [06/Aug/2026:12:02:00 -0300] "POST /cormun/servlet/solicitudot?gx-no-cache=1786028967410 HTTP/1.1" 200 97
190.95.15.15 - - [06/Aug/2026:12:02:01 -0300] "GET /cormun/servlet/solicitudot?fe9b89b170c0e69a1486f13076585b2ffeb9511e924cc01b92e2471afbee8d772625e031ede0c28de3a6749fd11fd0b3dbd382f528295fa5e6ec177007184b2a8a9aa2b288bac53fcc231ca84b3e6e19fbd999d35a8daf73be661ac2a26a9ad3d76832b88fb5f5d8ca5f5a413cce1545625960f0c232765e5a7ab3eb2ca2e01be4336ec9c63cc84f46fab54527398ffb05f655e4e1539e91508a26e128e860486deb1e935e30549ecd219dd3a4b97019587516b45827b4459d162ec473fd4c386bc0595f8ae9590eab58a0c0bf323da2,gx-no-cache=1786028968640 HTTP/1.1" 200 30
190.95.1.187 - - [06/Aug/2026:12:02:01 -0300] "GET /cormun/servlet/permisogoce?INS,0,,, HTTP/1.1" 200 6880
190.95.1.187 - - [06/Aug/2026:12:02:06 -0300] "GET /cormun/servlet/permisogoce?3080a7883c4f4d5ecdf1c5b0e8adf9ff8836214d5238c5abf5604f6790b275fa109b13723c05cc7bb806dc211adbe86020f10bc61e302d9c4b19322eecb0cd74,gx-no-cache=1786028971053 HTTP/1.1" 200 78
190.95.15.15 - - [06/Aug/2026:12:02:10 -0300] "GET /cormun/servlet/solicitudot?fe9b89b170c0e69a1486f13076585b2f88a9c77a2683088fd76a6467bbf98aae3109929c550360763e43fe8400ffe95c,gx-no-cache=1786028977454 HTTP/1.1" 200 30
190.95.15.15 - - [06/Aug/2026:12:02:10 -0300] "POST /cormun/servlet/solicitudot?gx-no-cache=1786028977473 HTTP/1.1" 200 34
190.95.15.15 - - [06/Aug/2026:12:02:10 -0300] "POST /cormun/servlet/solicitudot?e0161bfed369ebda6970da13085a5112,UPD,2026,23857,false,,gx-no-cache=1786028977493 HTTP/1.1" 200 93
190.95.15.15 - - [06/Aug/2026:12:02:10 -0300] "GET /cormun/servlet/hpexe_return? HTTP/1.1" 200 1013
190.95.15.15 - - [06/Aug/2026:12:02:10 -0300] "GET /cormun/servlet/trsolicitudot HTTP/1.1" 200 9526
190.95.1.187 - - [06/Aug/2026:12:02:18 -0300] "GET /cormun/servlet/permisogoce?3080a7883c4f4d5ecdf1c5b0e8adf9ff2a0549cf543060363bb2f8fbc095f995fcffc9ca850696de867d30230dc83a2b3a49bf202e90eec34412543b6bb58f8b,gx-no-cache=1786028983885 HTTP/1.1" 200 49
190.95.1.187 - - [06/Aug/2026:12:02:22 -0300] "POST /cormun/servlet/permisogoce?ba6fbf9fb1feaf5f34581adf82dcf68c,INS,0,,,,gx-no-cache=1786028986515 HTTP/1.1" 200 93
190.95.1.187 - - [06/Aug/2026:12:02:22 -0300] "GET /cormun/servlet/hpexe_return? HTTP/1.1" 200 1011
190.95.1.187 - - [06/Aug/2026:12:02:22 -0300] "GET /cormun/servlet/trpermisosgoce HTTP/1.1" 200 13605
190.95.15.15 - - [06/Aug/2026:12:02:24 -0300] "POST /cormun/servlet/trsolicitudot?e0161bfed369ebda6970da13085a5112,gx-no-cache=1786028992136 HTTP/1.1" 200 108
190.95.15.15 - - [06/Aug/2026:12:02:24 -0300] "GET /cormun/servlet/trsolicitudadjuntos?2026,23857, HTTP/1.1" 200 6097
190.95.15.15 - - [06/Aug/2026:12:02:27 -0300] "GET /cormun/servlet/solicitudotadjuntos?INS,2026,23857,,1, HTTP/1.1" 200 6041
190.95.15.15 - - [06/Aug/2026:12:02:27 -0300] "GET /cormun/static/about:blank HTTP/1.1" 404 1011
190.95.15.15 - - [06/Aug/2026:12:02:27 -0300] "GET /cormun/servlet/solicitudotadjuntos?fe9b89b170c0e69a1486f13076585b2f2ba6063ccb61a8e84db3782e1aa7c82d30d7ed77198dc6472dfb1245698b2cbb,gx-no-cache=1786028994921 HTTP/1.1" 200 30
190.95.15.15 - - [06/Aug/2026:12:02:27 -0300] "POST /cormun/servlet/solicitudotadjuntos?e0161bfed369ebda6970da13085a5112,INS,2026,23857,,1,,gx-no-cache=1786028994937 HTTP/1.1" 200 3903
190.95.15.15 - - [06/Aug/2026:12:02:29 -0300] "POST /cormun/servlet/solicitudotadjuntos?gx-no-cache=1786028996556 HTTP/1.1" 200 26
190.95.1.187 - - [06/Aug/2026:12:02:31 -0300] "GET /cormun/servlet/permisogoce?INS,0,,, HTTP/1.1" 200 6880
190.95.15.15 - - [06/Aug/2026:12:02:35 -0300] "GET /cormun/servlet/solicitudotadjuntos?fe9b89b170c0e69a1486f13076585b2f0684513f6d3a46bf551f429c75726934,gx-no-cache=1786029002853 HTTP/1.1" 200 30
190.95.15.15 - - [06/Aug/2026:12:02:35 -0300] "GET /cormun/servlet/solicitudotadjuntos?fe9b89b170c0e69a1486f13076585b2f0684513f6d3a46bf551f429c75726934,gx-no-cache=1786029002865 HTTP/1.1" 200 30
190.95.15.15 - - [06/Aug/2026:12:02:35 -0300] "POST /cormun/servlet/solicitudotadjuntos?e0161bfed369ebda6970da13085a5112,INS,2026,23857,,1, HTTP/1.1" 200 116
190.95.15.15 - - [06/Aug/2026:12:02:35 -0300] "GET /cormun/servlet/hpexe_return? HTTP/1.1" 200 1024
190.95.15.15 - - [06/Aug/2026:12:02:35 -0300] "GET /cormun/servlet/trsolicitudadjuntos?2026,23857, HTTP/1.1" 200 9333
190.95.15.15 - - [06/Aug/2026:12:02:37 -0300] "GET /cormun/servlet/solicitudotadjuntos?INS,2026,23857,,1, HTTP/1.1" 200 6041
190.95.15.15 - - [06/Aug/2026:12:02:37 -0300] "GET /cormun/static/about:blank HTTP/1.1" 404 1011
190.95.15.15 - - [06/Aug/2026:12:02:38 -0300] "GET /cormun/servlet/solicitudotadjuntos?fe9b89b170c0e69a1486f13076585b2f2ba6063ccb61a8e84db3782e1aa7c82d30d7ed77198dc6472dfb1245698b2cbb,gx-no-cache=1786029005622 HTTP/1.1" 200 30
190.95.15.15 - - [06/Aug/2026:12:02:38 -0300] "POST /cormun/servlet/solicitudotadjuntos?e0161bfed369ebda6970da13085a5112,INS,2026,23857,,1,,gx-no-cache=1786029005636 HTTP/1.1" 200 3904
190.95.1.187 - - [06/Aug/2026:12:02:39 -0300] "GET /cormun/servlet/permisogoce?3080a7883c4f4d5ecdf1c5b0e8adf9ff6f2b31530877b31e8018b083467b3f92109b13723c05cc7bb806dc211adbe86020f10bc61e302d9c4b19322eecb0cd74,gx-no-cache=1786029004669 HTTP/1.1" 200 83
190.95.15.15 - - [06/Aug/2026:12:02:40 -0300] "POST /cormun/servlet/solicitudotadjuntos?gx-no-cache=1786029007583 HTTP/1.1" 200 26
190.95.1.187 - - [06/Aug/2026:12:02:47 -0300] "GET /cormun/servlet/permisogoce?3080a7883c4f4d5ecdf1c5b0e8adf9ff208de22939f3fd01106e800faed45e869cd501774aa5c87ab0974584ae21f976c5761c792e10b22d8c66206ae95044e9,gx-no-cache=1786029012470 HTTP/1.1" 200 48
190.95.15.15 - - [06/Aug/2026:12:02:48 -0300] "GET /cormun/servlet/solicitudotadjuntos?fe9b89b170c0e69a1486f13076585b2f0684513f6d3a46bf551f429c75726934,gx-no-cache=1786029015374 HTTP/1.1" 200 30
190.95.15.15 - - [06/Aug/2026:12:02:48 -0300] "GET /cormun/servlet/solicitudotadjuntos?fe9b89b170c0e69a1486f13076585b2f0684513f6d3a46bf551f429c75726934,gx-no-cache=1786029015386 HTTP/1.1" 200 30
190.95.15.15 - - [06/Aug/2026:12:02:48 -0300] "POST /cormun/servlet/solicitudotadjuntos?e0161bfed369ebda6970da13085a5112,INS,2026,23857,,1, HTTP/1.1" 200 116
190.95.15.15 - - [06/Aug/2026:12:02:48 -0300] "GET /cormun/servlet/hpexe_return? HTTP/1.1" 200 1024
190.95.15.15 - - [06/Aug/2026:12:02:48 -0300] "GET /cormun/servlet/trsolicitudadjuntos?2026,23857, HTTP/1.1" 200 9590
190.95.15.15 - - [06/Aug/2026:12:02:50 -0300] "GET /cormun/servlet/solicitudotadjuntos?INS,2026,23857,,1, HTTP/1.1" 200 6041
190.95.15.15 - - [06/Aug/2026:12:02:51 -0300] "GET /cormun/static/about:blank HTTP/1.1" 404 1011
190.95.1.187 - - [06/Aug/2026:12:02:51 -0300] "POST /cormun/servlet/permisogoce?ba6fbf9fb1feaf5f34581adf82dcf68c,INS,0,,,,gx-no-cache=1786029015660 HTTP/1.1" 200 93
190.95.1.187 - - [06/Aug/2026:12:02:51 -0300] "GET /cormun/servlet/hpexe_return? HTTP/1.1" 200 1011
190.95.1.187 - - [06/Aug/2026:12:02:51 -0300] "GET /cormun/servlet/trpermisosgoce HTTP/1.1" 200 13828
190.95.15.15 - - [06/Aug/2026:12:02:51 -0300] "GET /cormun/servlet/solicitudotadjuntos?fe9b89b170c0e69a1486f13076585b2f2ba6063ccb61a8e84db3782e1aa7c82d30d7ed77198dc6472dfb1245698b2cbb,gx-no-cache=1786029018858 HTTP/1.1" 200 30
190.95.15.15 - - [06/Aug/2026:12:02:51 -0300] "POST /cormun/servlet/solicitudotadjuntos?e0161bfed369ebda6970da13085a5112,INS,2026,23857,,1,,gx-no-cache=1786029018872 HTTP/1.1" 200 3904
190.95.15.15 - - [06/Aug/2026:12:02:53 -0300] "POST /cormun/servlet/solicitudotadjuntos?gx-no-cache=1786029021088 HTTP/1.1" 200 26
190.95.15.15 - - [06/Aug/2026:12:03:06 -0300] "GET /cormun/servlet/solicitudotadjuntos?fe9b89b170c0e69a1486f13076585b2f0684513f6d3a46bf551f429c75726934,gx-no-cache=1786029034254 HTTP/1.1" 200 30
190.95.15.15 - - [06/Aug/2026:12:03:06 -0300] "GET /cormun/servlet/solicitudotadjuntos?fe9b89b170c0e69a1486f13076585b2f0684513f6d3a46bf551f429c75726934,gx-no-cache=1786029034266 HTTP/1.1" 200 30
190.95.15.15 - - [06/Aug/2026:12:03:07 -0300] "POST /cormun/servlet/solicitudotadjuntos?e0161bfed369ebda6970da13085a5112,INS,2026,23857,,1, HTTP/1.1" 200 116
190.95.15.15 - - [06/Aug/2026:12:03:07 -0300] "GET /cormun/servlet/hpexe_return? HTTP/1.1" 200 1024
190.95.15.15 - - [06/Aug/2026:12:03:07 -0300] "GET /cormun/servlet/trsolicitudadjuntos?2026,23857, HTTP/1.1" 200 9842
190.95.67.91 - - [06/Aug/2026:12:03:08 -0300] "GET /cormun/servlet/trautorizarpermisogoce? HTTP/1.1" 200 11086
190.95.15.15 - - [06/Aug/2026:12:03:09 -0300] "GET /cormun/servlet/solicitudotadjuntos?INS,2026,23857,,1, HTTP/1.1" 200 6041
190.95.15.15 - - [06/Aug/2026:12:03:09 -0300] "GET /cormun/static/about:blank HTTP/1.1" 404 1011
190.95.15.15 - - [06/Aug/2026:12:03:10 -0300] "GET /cormun/servlet/solicitudotadjuntos?fe9b89b170c0e69a1486f13076585b2f2ba6063ccb61a8e84db3782e1aa7c82d30d7ed77198dc6472dfb1245698b2cbb,gx-no-cache=1786029037660 HTTP/1.1" 200 30
190.95.15.15 - - [06/Aug/2026:12:03:10 -0300] "POST /cormun/servlet/solicitudotadjuntos?e0161bfed369ebda6970da13085a5112,INS,2026,23857,,1,,gx-no-cache=1786029037673 HTTP/1.1" 200 3904
190.95.67.91 - - [06/Aug/2026:12:03:11 -0300] "POST /cormun/servlet/trautorizarpermisogoce?4c9562a95d76a43c25a3cc5da96d023b,,gx-no-cache=1786029039322 HTTP/1.1" 200 8066
190.95.67.91 - - [06/Aug/2026:12:03:12 -0300] "POST /cormun/servlet/trautorizarpermisogoce?4c9562a95d76a43c25a3cc5da96d023b,,gx-no-cache=1786029040017 HTTP/1.1" 200 7865
190.95.67.91 - - [06/Aug/2026:12:03:13 -0300] "POST /cormun/servlet/trautorizarpermisogoce?4c9562a95d76a43c25a3cc5da96d023b,,gx-no-cache=1786029040672 HTTP/1.1" 200 7640
190.95.15.15 - - [06/Aug/2026:12:03:13 -0300] "POST /cormun/servlet/solicitudotadjuntos?gx-no-cache=1786029040842 HTTP/1.1" 200 26
190.95.67.91 - - [06/Aug/2026:12:03:13 -0300] "POST /cormun/servlet/trautorizarpermisogoce?4c9562a95d76a43c25a3cc5da96d023b,,gx-no-cache=1786029041288 HTTP/1.1" 200 7446
190.95.67.91 - - [06/Aug/2026:12:03:14 -0300] "POST /cormun/servlet/trautorizarpermisogoce?4c9562a95d76a43c25a3cc5da96d023b,,gx-no-cache=1786029041872 HTTP/1.1" 200 7218
190.95.67.91 - - [06/Aug/2026:12:03:14 -0300] "POST /cormun/servlet/trautorizarpermisogoce?4c9562a95d76a43c25a3cc5da96d023b,,gx-no-cache=1786029042472 HTTP/1.1" 200 6947
190.95.67.91 - - [06/Aug/2026:12:03:15 -0300] "POST /cormun/servlet/trautorizarpermisogoce?4c9562a95d76a43c25a3cc5da96d023b,,gx-no-cache=1786029043096 HTTP/1.1" 200 6746
