201.186.225.183 - - [03/Aug/2026:15:27:36 -0300] "GET /cormun/servlet/trpermisosgoce HTTP/1.1" 200 18414
107.150.103.16 - - [03/Aug/2026:15:27:41 -0300] "GET / HTTP/1.1" 200 11217
107.150.103.16 - - [03/Aug/2026:15:27:42 -0300] "GET /favicon.ico HTTP/1.1" 200 21630
201.186.225.183 - - [03/Aug/2026:15:27:44 -0300] "GET /cormun/servlet/apermisogoceprn?18521954,P,20260803143612,PU HTTP/1.1" 200 1648
168.196.203.46 - - [03/Aug/2026:15:28:09 -0300] "GET /cormun/servlet/trlicencias? HTTP/1.1" 200 6058
168.196.203.46 - - [03/Aug/2026:15:28:12 -0300] "GET /cormun/servlet/hlogin HTTP/1.1" 200 1741
168.196.203.46 - - [03/Aug/2026:15:28:15 -0300] "POST /cormun/servlet/hlogin?5e0f2e7379a471b9b731f26ed274d368,gx-no-cache=1785782119605 HTTP/1.1" 200 90
168.196.203.46 - - [03/Aug/2026:15:28:16 -0300] "GET /cormun/servlet/hpexe_link HTTP/1.1" 200 958
168.196.203.46 - - [03/Aug/2026:15:28:16 -0300] "GET /cormun/servlet/trlicencias HTTP/1.1" 200 10396
168.196.203.46 - - [03/Aug/2026:15:29:21 -0300] "GET /cormun/servlet/trpermisosgoce? HTTP/1.1" 200 14252
168.196.203.46 - - [03/Aug/2026:15:29:29 -0300] "POST /cormun/servlet/trpermisosgoce?5e0f2e7379a471b9b731f26ed274d368,,gx-no-cache=1785782192512 HTTP/1.1" 200 11246
168.196.203.46 - - [03/Aug/2026:15:29:29 -0300] "POST /cormun/servlet/trpermisosgoce?5e0f2e7379a471b9b731f26ed274d368,,gx-no-cache=1785782193053 HTTP/1.1" 200 11224
190.95.67.93 - - [03/Aug/2026:15:30:28 -0300] "GET /cormun/servlet/trlicencias? HTTP/1.1" 200 13157
190.95.67.93 - - [03/Aug/2026:15:30:34 -0300] "GET /cormun/servlet/trpermisosingoce? HTTP/1.1" 200 8116
190.95.67.93 - - [03/Aug/2026:15:30:34 -0300] "GET /cormun/static/gxcfg.js?2020121653066 HTTP/1.1" 200 953
190.95.67.93 - - [03/Aug/2026:15:30:34 -0300] "GET /cormun/static/trpermisosingoce.js?2020121655097 HTTP/1.1" 200 34472
190.95.67.93 - - [03/Aug/2026:15:30:37 -0300] "GET /cormun/servlet/trpermisosgoce? HTTP/1.1" 200 15945
201.186.225.183 - - [03/Aug/2026:15:32:56 -0300] "GET /cormun/servlet/permisogoce?INS,0,,, HTTP/1.1" 200 6839
201.186.225.183 - - [03/Aug/2026:15:33:00 -0300] "GET /cormun/servlet/permisogoce?a1b9bf4fcf8f059761104b55845d6f50fa67075c2cd9c52eaa45ebbbe9c9b0f31104b9f423dbc6b0c753c52f998ce4b062ff0ccd655dc023263a8cbfdc3210b0,gx-no-cache=1785782405588 HTTP/1.1" 200 82
201.186.225.183 - - [03/Aug/2026:15:33:10 -0300] "GET /cormun/servlet/permisogoce?a1b9bf4fcf8f059761104b55845d6f500d8005ac56b2f7744655ed6922fff17583f42338e8bd00f64559e06f6e2f3396e10bd38732e0de99ae0f56d52f545d6d,gx-no-cache=1785782414920 HTTP/1.1" 200 46
201.186.225.183 - - [03/Aug/2026:15:33:11 -0300] "POST /cormun/servlet/permisogoce?ebbd27d3ea2a341f1619df752f4642d4,INS,0,,,,gx-no-cache=1785782415826 HTTP/1.1" 200 93
201.186.225.183 - - [03/Aug/2026:15:33:11 -0300] "GET /cormun/servlet/hpexe_return? HTTP/1.1" 200 1013
201.186.225.183 - - [03/Aug/2026:15:33:11 -0300] "GET /cormun/servlet/trpermisosgoce HTTP/1.1" 200 18421
201.186.225.183 - - [03/Aug/2026:15:33:16 -0300] "GET /cormun/servlet/apermisogoceprn?13644609,P,20260803144146,PU HTTP/1.1" 200 1645
201.186.225.183 - - [03/Aug/2026:15:33:29 -0300] "GET /cormun/servlet/permisogoce?INS,0,,, HTTP/1.1" 200 6838
201.186.225.183 - - [03/Aug/2026:15:33:32 -0300] "GET /cormun/servlet/permisogoce?a1b9bf4fcf8f059761104b55845d6f50fa67075c2cd9c52eaa45ebbbe9c9b0f31104b9f423dbc6b0c753c52f998ce4b062ff0ccd655dc023263a8cbfdc3210b0,gx-no-cache=1785782437371 HTTP/1.1" 200 80
201.186.225.183 - - [03/Aug/2026:15:33:40 -0300] "GET /cormun/servlet/permisogoce?a1b9bf4fcf8f059761104b55845d6f500d8005ac56b2f7744655ed6922fff1756efe1ac0c791a7a91cc0e09c143f607ae10bd38732e0de99ae0f56d52f545d6d,gx-no-cache=1785782445542 HTTP/1.1" 200 47
201.186.225.183 - - [03/Aug/2026:15:33:42 -0300] "POST /cormun/servlet/permisogoce?ebbd27d3ea2a341f1619df752f4642d4,INS,0,,,,gx-no-cache=1785782447056 HTTP/1.1" 200 93
201.186.225.183 - - [03/Aug/2026:15:33:42 -0300] "GET /cormun/servlet/hpexe_return? HTTP/1.1" 200 1013
201.186.225.183 - - [03/Aug/2026:15:33:43 -0300] "GET /cormun/servlet/trpermisosgoce HTTP/1.1" 200 18341
201.186.225.183 - - [03/Aug/2026:15:33:47 -0300] "GET /cormun/servlet/apermisogoceprn?13644609,P,20260803144220,PU HTTP/1.1" 200 1646
107.150.103.16 - - [03/Aug/2026:15:34:30 -0300] "GET /favicon.ico HTTP/1.1" 200 21630
201.186.225.183 - - [03/Aug/2026:15:34:43 -0300] "GET /cormun/servlet/permisogoce?INS,0,,, HTTP/1.1" 200 6840
201.186.225.183 - - [03/Aug/2026:15:34:48 -0300] "GET /cormun/servlet/permisogoce?a1b9bf4fcf8f059761104b55845d6f50f66e42dfa37cd495590b232cf83097101104b9f423dbc6b0c753c52f998ce4b062ff0ccd655dc023263a8cbfdc3210b0,gx-no-cache=1785782513184 HTTP/1.1" 200 79
201.186.225.183 - - [03/Aug/2026:15:35:01 -0300] "GET /cormun/servlet/permisogoce?a1b9bf4fcf8f059761104b55845d6f50539765ce0b93935cc9a00ac4b3786d0f0558f12722e7770f1e3df691f28d2570f9e3cf28e1fe8a0fd00b0cbfbb30c3ad,gx-no-cache=1785782526241 HTTP/1.1" 200 47
201.186.225.183 - - [03/Aug/2026:15:35:02 -0300] "POST /cormun/servlet/permisogoce?ebbd27d3ea2a341f1619df752f4642d4,INS,0,,,,gx-no-cache=1785782527014 HTTP/1.1" 200 93
201.186.225.183 - - [03/Aug/2026:15:35:02 -0300] "GET /cormun/servlet/hpexe_return? HTTP/1.1" 200 1013
201.186.225.183 - - [03/Aug/2026:15:35:03 -0300] "GET /cormun/servlet/trpermisosgoce HTTP/1.1" 200 18350
201.186.225.183 - - [03/Aug/2026:15:35:08 -0300] "GET /cormun/servlet/apermisogoceprn?17134680,P,20260803144334,PU HTTP/1.1" 200 1652
10.40.40.2 - - [03/Aug/2026:15:35:18 -0300] "GET /cormun/servlet/hlogin HTTP/1.1" 200 1723
10.40.40.2 - - [03/Aug/2026:15:35:19 -0300] "GET /cormun/static/Resources/Spanish/PXTools.css?1759030 HTTP/1.1" 200 100853
10.40.40.2 - - [03/Aug/2026:15:35:19 -0300] "GET /cormun/static/Resources/CormunLogin.png HTTP/1.1" 200 19132
10.40.40.2 - - [03/Aug/2026:15:35:19 -0300] "GET /cormun/static/Resources/PXToolsLoginTop.png HTTP/1.1" 200 1337
10.40.40.2 - - [03/Aug/2026:15:35:19 -0300] "GET /cormun/static/Resources/PXToolsLoginBackground.png HTTP/1.1" 200 1164
10.40.40.2 - - [03/Aug/2026:15:35:19 -0300] "GET /cormun/static/Resources/PXToolsButtonLeft.png HTTP/1.1" 200 1310
10.40.40.2 - - [03/Aug/2026:15:35:19 -0300] "GET /cormun/static/Resources/PXToolsButtonRight.png HTTP/1.1" 200 1294
10.40.40.2 - - [03/Aug/2026:15:35:19 -0300] "GET /cormun/static/Resources/PXToolsButtonBackground.png HTTP/1.1" 200 1176
10.40.40.2 - - [03/Aug/2026:15:35:19 -0300] "GET /cormun/servlet/hlogin HTTP/1.1" 200 1734
10.40.40.2 - - [03/Aug/2026:15:35:19 -0300] "GET /cormun/static/Resources/PXToolsLoginBottom.png HTTP/1.1" 200 1389
10.40.40.2 - - [03/Aug/2026:15:35:19 -0300] "GET /cormun/static/Resources/indicator.gif HTTP/1.1" 200 1553
10.40.40.2 - - [03/Aug/2026:15:35:19 -0300] "GET /cormun/static/Resources/CormunLogin.png HTTP/1.1" 200 19132
10.40.40.2 - - [03/Aug/2026:15:35:22 -0300] "POST /cormun/servlet/hlogin?5eb799fdac9c7a375642226aa5c5d0ad,gx-no-cache=1785782521766 HTTP/1.1" 200 90
10.40.40.2 - - [03/Aug/2026:15:35:22 -0300] "GET /cormun/servlet/hpexe_link HTTP/1.1" 200 953
10.40.40.2 - - [03/Aug/2026:15:35:22 -0300] "GET /cormun/static/Resources/Spanish/PXTools.css?8354383 HTTP/1.1" 200 100853
10.40.40.2 - - [03/Aug/2026:15:35:22 -0300] "GET /cormun/servlet/hhome HTTP/1.1" 200 3478
10.40.40.2 - - [03/Aug/2026:15:35:23 -0300] "GET /cormun/static/SmoothNavMenu/resources/ddsmoothmenu.css?1112540 HTTP/1.1" 200 2223
10.40.40.2 - - [03/Aug/2026:15:35:23 -0300] "GET /cormun/static/scaMessage/css/jquery.pnotify.default.css?1816380 HTTP/1.1" 200 1707
10.40.40.2 - - [03/Aug/2026:15:35:23 -0300] "GET /cormun/static/SmoothNavMenu/resources/ddsmoothmenu-v.css?1112540 HTTP/1.1" 200 1188
10.40.40.2 - - [03/Aug/2026:15:35:23 -0300] "GET /cormun/static/Shared/jqueryui/jquery-ui.min.css?1345370 HTTP/1.1" 200 30288
10.40.40.2 - - [03/Aug/2026:15:35:23 -0300] "GET /cormun/static/gxcfg.js?20201215495537 HTTP/1.1" 304 -
10.40.40.2 - - [03/Aug/2026:15:35:23 -0300] "GET /cormun/static/hhome.js?20201215495544 HTTP/1.1" 304 -
10.40.40.2 - - [03/Aug/2026:15:35:23 -0300] "GET /cormun/static/Resources/Spanish/PXTools.css?14345360 HTTP/1.1" 200 100853
10.40.40.2 - - [03/Aug/2026:15:35:23 -0300] "GET /cormun/static/Resources/ImgHome.png HTTP/1.1" 200 1364
10.40.40.2 - - [03/Aug/2026:15:35:23 -0300] "GET /cormun/static/Resources/ImgLogin.png HTTP/1.1" 200 1432
10.40.40.2 - - [03/Aug/2026:15:35:23 -0300] "GET /cormun/static/Resources/Llave.png HTTP/1.1" 200 1395
10.40.40.2 - - [03/Aug/2026:15:35:23 -0300] "GET /cormun/static/Resources/CormunMP2.png HTTP/1.1" 200 6878
10.40.40.2 - - [03/Aug/2026:15:35:23 -0300] "GET /cormun/static/Resources/PXToolsDataTitle.png HTTP/1.1" 200 1173
10.40.40.2 - - [03/Aug/2026:15:35:23 -0300] "GET /cormun/static/SmoothNavMenu/resources/images/down.gif HTTP/1.1" 200 854
10.40.40.2 - - [03/Aug/2026:15:35:23 -0300] "GET /cormun/static/SmoothNavMenu/resources/images/right.gif HTTP/1.1" 200 860
201.186.225.183 - - [03/Aug/2026:15:35:26 -0300] "GET /cormun/servlet/permisogoce?INS,0,,, HTTP/1.1" 200 6839
10.40.40.2 - - [03/Aug/2026:15:35:27 -0300] "GET /cormun/servlet/trlicenciasgenerales? HTTP/1.1" 200 9460
10.40.40.2 - - [03/Aug/2026:15:35:27 -0300] "GET /cormun/static/gxui/gxui-all.css?110300 HTTP/1.1" 200 2179
10.40.40.2 - - [03/Aug/2026:15:35:27 -0300] "GET /cormun/static/calendar-system.css?75620 HTTP/1.1" 200 5572
10.40.40.2 - - [03/Aug/2026:15:35:28 -0300] "GET /cormun/static/Resources/Spanish/PXTools.css?2294816 HTTP/1.1" 200 100853
10.40.40.2 - - [03/Aug/2026:15:35:29 -0300] "GET /cormun/static/Shared/ext/resources/css/ext-all.css?205870 HTTP/1.1" 200 416045
10.40.40.2 - - [03/Aug/2026:15:35:29 -0300] "GET /cormun/static/Resources/PXTools/calendar.png HTTP/1.1" 200 1306
10.40.40.2 - - [03/Aug/2026:15:35:30 -0300] "GET /cormun/static/Resources/PXToolsDataSearch.png HTTP/1.1" 200 435
10.40.40.2 - - [03/Aug/2026:15:35:30 -0300] "GET /cormun/static/Resources/PXToolsGridPreviousDisabled.gif HTTP/1.1" 200 90
10.40.40.2 - - [03/Aug/2026:15:35:30 -0300] "GET /cormun/static/Resources/PXToolsGridFirstDisabled.gif HTTP/1.1" 200 100
10.40.40.2 - - [03/Aug/2026:15:35:30 -0300] "GET /cormun/static/Resources/PXToolsGridNextDisabled.gif HTTP/1.1" 200 90
10.40.40.2 - - [03/Aug/2026:15:35:30 -0300] "GET /cormun/static/Resources/PXToolsGridLastDisabled.gif HTTP/1.1" 200 98
10.40.40.2 - - [03/Aug/2026:15:35:30 -0300] "GET /cormun/static/Resources/PXToolsGridPage.gif HTTP/1.1" 200 725
10.40.40.2 - - [03/Aug/2026:15:35:30 -0300] "GET /cormun/static/Resources/PXToolsActionExcel.png HTTP/1.1" 200 727
10.40.40.2 - - [03/Aug/2026:15:35:30 -0300] "GET /cormun//static/Resources/PXToolsHeaderFavorites.png HTTP/1.1" 200 1414
10.40.40.2 - - [03/Aug/2026:15:35:30 -0300] "GET /cormun/static/Resources/asc.gif HTTP/1.1" 200 67
10.40.40.2 - - [03/Aug/2026:15:35:30 -0300] "GET /cormun//static/Resources/PXToolsGridDisplay.png HTTP/1.1" 200 525
10.40.40.2 - - [03/Aug/2026:15:35:30 -0300] "GET /cormun//static/Resources/PXTools/ActionInsert.png HTTP/1.1" 200 1482
10.40.40.2 - - [03/Aug/2026:15:35:30 -0300] "GET /cormun/static/Resources/desc.gif HTTP/1.1" 200 65
10.40.40.2 - - [03/Aug/2026:15:35:30 -0300] "GET /cormun//static/Resources/PXToolsHeaderHelp.png HTTP/1.1" 200 1333
10.40.40.2 - - [03/Aug/2026:15:35:30 -0300] "GET /cormun/static/Shared/ext/resources/themes/images/default/panel/bg-headersPanel.png HTTP/1.1" 200 255
10.40.40.2 - - [03/Aug/2026:15:35:30 -0300] "GET /cormun/static/Shared/ext/resources/themes/images/default/tools/tool-sprites.gif HTTP/1.1" 200 5434
201.186.225.183 - - [03/Aug/2026:15:35:32 -0300] "GET /cormun/servlet/permisogoce?a1b9bf4fcf8f059761104b55845d6f50438da263821e7652ef5b5ea45f0868c969f8400a25ea9b861bcafffbdbbe0d8612f3b4ed03fae32e2408fd956f4c88c9,gx-no-cache=1785782556901 HTTP/1.1" 200 80
201.186.225.183 - - [03/Aug/2026:15:35:37 -0300] "GET /cormun/servlet/permisogoce?a1b9bf4fcf8f059761104b55845d6f50bba90edef07e718a4d4aa496188de6bcd3fe87e1b0590aa8930ce52cb5b375292931c46a4c589496d28da30d3b26fbdd,gx-no-cache=1785782562186 HTTP/1.1" 200 47
10.40.40.2 - - [03/Aug/2026:15:35:37 -0300] "GET /cormun/static/menuarrow.gif HTTP/1.1" 404 1015
201.186.225.183 - - [03/Aug/2026:15:35:38 -0300] "POST /cormun/servlet/permisogoce?ebbd27d3ea2a341f1619df752f4642d4,INS,0,,,,gx-no-cache=1785782563053 HTTP/1.1" 200 93
201.186.225.183 - - [03/Aug/2026:15:35:38 -0300] "GET /cormun/servlet/hpexe_return? HTTP/1.1" 200 1013
201.186.225.183 - - [03/Aug/2026:15:35:39 -0300] "GET /cormun/servlet/trpermisosgoce HTTP/1.1" 200 18335
10.40.40.2 - - [03/Aug/2026:15:35:40 -0300] "POST /cormun/servlet/trlicenciasgenerales?5eb799fdac9c7a375642226aa5c5d0ad,,gx-no-cache=1785782539678 HTTP/1.1" 200 12897
201.186.225.183 - - [03/Aug/2026:15:35:46 -0300] "GET /cormun/servlet/apermisogoceprn?9813073,P,20260803144417,PU HTTP/1.1" 200 1646
201.186.225.183 - - [03/Aug/2026:15:36:35 -0300] "GET /cormun/servlet/permisogoce?INS,0,,, HTTP/1.1" 200 6839
201.186.225.183 - - [03/Aug/2026:15:36:42 -0300] "GET /cormun/servlet/permisogoce?a1b9bf4fcf8f059761104b55845d6f50f0b964bb9fcaeb4fc892e253f619c1761104b9f423dbc6b0c753c52f998ce4b062ff0ccd655dc023263a8cbfdc3210b0,gx-no-cache=1785782626888 HTTP/1.1" 200 82
201.186.225.183 - - [03/Aug/2026:15:36:49 -0300] "GET /cormun/servlet/permisogoce?a1b9bf4fcf8f059761104b55845d6f50a1f03efc95060935637ee7ebd3c4e8ed7ebf3dd511199f82e05574beb5e3fef1f9e3cf28e1fe8a0fd00b0cbfbb30c3ad,gx-no-cache=1785782633920 HTTP/1.1" 200 48
201.186.225.183 - - [03/Aug/2026:15:36:50 -0300] "POST /cormun/servlet/permisogoce?ebbd27d3ea2a341f1619df752f4642d4,INS,0,,,,gx-no-cache=1785782634835 HTTP/1.1" 200 93
201.186.225.183 - - [03/Aug/2026:15:36:50 -0300] "GET /cormun/servlet/hpexe_return? HTTP/1.1" 200 1013
201.186.225.183 - - [03/Aug/2026:15:36:50 -0300] "GET /cormun/servlet/trpermisosgoce HTTP/1.1" 200 18328
201.186.225.183 - - [03/Aug/2026:15:36:57 -0300] "GET /cormun/servlet/apermisogoceprn?13598462,P,20260803144525,PU HTTP/1.1" 200 1650
201.186.225.183 - - [03/Aug/2026:15:37:41 -0300] "GET /cormun/servlet/trlicencias? HTTP/1.1" 200 8059
201.186.225.183 - - [03/Aug/2026:15:37:48 -0300] "POST /cormun/servlet/trlicencias?ebbd27d3ea2a341f1619df752f4642d4,,gx-no-cache=1785782693311 HTTP/1.1" 200 4165
201.186.225.183 - - [03/Aug/2026:15:37:55 -0300] "POST /cormun/servlet/trlicencias?ebbd27d3ea2a341f1619df752f4642d4,,gx-no-cache=1785782699766 HTTP/1.1" 200 5713
179.57.78.55 - - [03/Aug/2026:15:39:16 -0300] "GET /cormun/servlet/hlogin HTTP/1.1" 200 1722
179.57.78.55 - - [03/Aug/2026:15:39:16 -0300] "GET /cormun/static/gxgral.js?85251 HTTP/1.1" 200 384558
179.57.78.55 - - [03/Aug/2026:15:39:17 -0300] "GET /cormun/servlet/hlogin HTTP/1.1" 200 1732
179.57.78.55 - - [03/Aug/2026:15:39:29 -0300] "POST /cormun/servlet/hlogin?286a1d6da55f1301ab8e996f0b2b37c6,gx-no-cache=1785782793694 HTTP/1.1" 200 90
179.57.78.55 - - [03/Aug/2026:15:39:29 -0300] "GET /cormun/servlet/hpexe_link HTTP/1.1" 200 952
179.57.78.55 - - [03/Aug/2026:15:39:29 -0300] "GET /cormun/servlet/hhome HTTP/1.1" 200 3981
179.57.78.55 - - [03/Aug/2026:15:39:29 -0300] "GET /cormun/static/PXToolsJavascripts/pexe_link.js HTTP/1.1" 304 -
179.57.78.55 - - [03/Aug/2026:15:39:29 -0300] "GET /cormun/static/PXToolsJavascripts/pexe_layers.js HTTP/1.1" 304 -
179.57.78.55 - - [03/Aug/2026:15:39:29 -0300] "GET /cormun/static/PXToolsJavascripts/pexe_tabs.js HTTP/1.1" 304 -
179.57.78.55 - - [03/Aug/2026:15:39:29 -0300] "GET /cormun/static/scaMessage/scaMessageRender.js HTTP/1.1" 304 -
179.57.78.55 - - [03/Aug/2026:15:39:30 -0300] "GET /cormun/static/Shared/ext/ext-all.js HTTP/1.1" 200 1289687
179.57.78.55 - - [03/Aug/2026:15:39:36 -0300] "GET /cormun/servlet/trlicencias? HTTP/1.1" 200 13682
179.57.78.55 - - [03/Aug/2026:15:39:36 -0300] "GET /cormun/static/Shared/ext/resources/css/ext-all.css?215870 HTTP/1.1" 200 416045
201.186.225.183 - - [03/Aug/2026:15:40:27 -0300] "GET /cormun/servlet/licenciaspermisos?INS,0,,, HTTP/1.1" 200 7588
201.186.225.183 - - [03/Aug/2026:15:40:30 -0300] "GET /cormun/servlet/trpermisosgoce? HTTP/1.1" 200 18349
201.186.225.183 - - [03/Aug/2026:15:40:32 -0300] "GET /cormun/servlet/permisogoce?INS,0,,, HTTP/1.1" 200 6839
201.186.225.183 - - [03/Aug/2026:15:40:36 -0300] "GET /cormun/servlet/permisogoce?a1b9bf4fcf8f059761104b55845d6f50eafc2e8292e09b86d1bad6ddc5b748681104b9f423dbc6b0c753c52f998ce4b062ff0ccd655dc023263a8cbfdc3210b0,gx-no-cache=1785782861471 HTTP/1.1" 200 86
201.186.225.183 - - [03/Aug/2026:15:40:52 -0300] "GET /cormun/servlet/permisogoce?a1b9bf4fcf8f059761104b55845d6f500674b6818f93a44e828225eca7960962537eaf9788098f400ef0f04648182a87f9e3cf28e1fe8a0fd00b0cbfbb30c3ad,gx-no-cache=1785782876902 HTTP/1.1" 200 48
201.186.225.183 - - [03/Aug/2026:15:40:53 -0300] "POST /cormun/servlet/permisogoce?ebbd27d3ea2a341f1619df752f4642d4,INS,0,,,,gx-no-cache=1785782877748 HTTP/1.1" 200 93
201.186.225.183 - - [03/Aug/2026:15:40:53 -0300] "GET /cormun/servlet/hpexe_return? HTTP/1.1" 200 1013
201.186.225.183 - - [03/Aug/2026:15:40:53 -0300] "GET /cormun/servlet/trpermisosgoce HTTP/1.1" 200 18278
201.186.225.183 - - [03/Aug/2026:15:40:59 -0300] "POST /cormun/servlet/trpermisosgoce?ebbd27d3ea2a341f1619df752f4642d4,gx-no-cache=1785782884100 HTTP/1.1" 200 5305
201.186.225.183 - - [03/Aug/2026:15:41:03 -0300] "GET /cormun/servlet/apermisogoceprn?12291516,P,20260803144922,PU HTTP/1.1" 200 1654
190.95.67.91 - - [03/Aug/2026:15:41:30 -0300] "GET /cormun/servlet/trsolicitudot? HTTP/1.1" 200 7620
190.95.67.91 - - [03/Aug/2026:15:41:33 -0300] "GET /cormun/servlet/solicitudot?INS,0,0,false, HTTP/1.1" 200 16502
201.186.225.183 - - [03/Aug/2026:15:41:36 -0300] "GET /cormun/servlet/permisogoce?INS,0,,, HTTP/1.1" 200 6839
190.95.67.91 - - [03/Aug/2026:15:41:40 -0300] "POST /cormun/servlet/solicitudot?gx-no-cache=1785782925880 HTTP/1.1" 200 4206
190.95.67.91 - - [03/Aug/2026:15:41:40 -0300] "POST /cormun/servlet/solicitudot?3b48eb70fe9a8c8792ac039e41d47535,INS,0,0,false,,gx-no-cache=1785782926025 HTTP/1.1" 200 13074
190.95.67.91 - - [03/Aug/2026:15:41:45 -0300] "POST /cormun/servlet/solicitudot?3b48eb70fe9a8c8792ac039e41d47535,INS,0,0,false,,gx-no-cache=1785782931094 HTTP/1.1" 200 93
190.95.67.91 - - [03/Aug/2026:15:41:45 -0300] "GET /cormun/servlet/hpexe_return? HTTP/1.1" 200 1002
190.95.67.91 - - [03/Aug/2026:15:41:45 -0300] "GET /cormun/servlet/trsolicitudot HTTP/1.1" 200 7623
190.95.67.91 - - [03/Aug/2026:15:41:49 -0300] "GET /cormun/servlet/solicitudot?INS,0,0,false, HTTP/1.1" 200 16502
201.186.225.183 - - [03/Aug/2026:15:41:50 -0300] "GET /cormun/servlet/permisogoce?a1b9bf4fcf8f059761104b55845d6f5060af104d2a10113556b374a17015f8871104b9f423dbc6b0c753c52f998ce4b062ff0ccd655dc023263a8cbfdc3210b0,gx-no-cache=1785782935269 HTTP/1.1" 200 76
201.186.225.183 - - [03/Aug/2026:15:41:57 -0300] "GET /cormun/servlet/permisogoce?a1b9bf4fcf8f059761104b55845d6f50e960323f119c73a065479313aa1bc509492f82f8056c6ee944913de06f9787d6f9e3cf28e1fe8a0fd00b0cbfbb30c3ad,gx-no-cache=1785782941869 HTTP/1.1" 200 48
201.186.225.183 - - [03/Aug/2026:15:41:58 -0300] "POST /cormun/servlet/permisogoce?ebbd27d3ea2a341f1619df752f4642d4,INS,0,,,,gx-no-cache=1785782942698 HTTP/1.1" 200 93
201.186.225.183 - - [03/Aug/2026:15:41:58 -0300] "GET /cormun/servlet/hpexe_return? HTTP/1.1" 200 1036
201.186.225.183 - - [03/Aug/2026:15:41:58 -0300] "GET /cormun/servlet/trpermisosgoce?gx-no-cache=1785782884100 HTTP/1.1" 200 8127
190.95.67.91 - - [03/Aug/2026:15:42:01 -0300] "POST /cormun/servlet/solicitudot?gx-no-cache=1785782947306 HTTP/1.1" 200 4063
190.95.67.91 - - [03/Aug/2026:15:42:01 -0300] "POST /cormun/servlet/solicitudot?3b48eb70fe9a8c8792ac039e41d47535,INS,0,0,false,,gx-no-cache=1785782947403 HTTP/1.1" 200 12944
201.186.225.183 - - [03/Aug/2026:15:42:03 -0300] "POST /cormun/servlet/trpermisosgoce?ebbd27d3ea2a341f1619df752f4642d4,gx-no-cache=1785782884100,gx-no-cache=1785782948202 HTTP/1.1" 200 15409
190.95.67.91 - - [03/Aug/2026:15:42:10 -0300] "GET /cormun/servlet/solicitudot?d817e5d5d9fa212ce17b9f366ecd42dd671936b5a652af3b74128aba996975d4426b249984a7c0cb508c133c428d14fb,gx-no-cache=1785782955921 HTTP/1.1" 200 30
201.186.225.183 - - [03/Aug/2026:15:42:10 -0300] "GET /cormun/servlet/apermisogoceprn?17521323,P,20260803145026,PU HTTP/1.1" 200 1638
201.186.225.183 - - [03/Aug/2026:15:42:30 -0300] "GET /cormun/servlet/permisogoce?INS,0,,, HTTP/1.1" 200 6861
201.186.225.183 - - [03/Aug/2026:15:42:35 -0300] "GET /cormun/servlet/permisogoce?a1b9bf4fcf8f059761104b55845d6f508b2c7c1301f1037a04b2d64f600d06c31104b9f423dbc6b0c753c52f998ce4b062ff0ccd655dc023263a8cbfdc3210b0,gx-no-cache=1785782979858 HTTP/1.1" 200 77
201.186.225.183 - - [03/Aug/2026:15:42:46 -0300] "GET /cormun/servlet/permisogoce?a1b9bf4fcf8f059761104b55845d6f5023e648ed78816d589ab0c4b0d1ed6fc31c06511a7601083f097d3488392addd1f9e3cf28e1fe8a0fd00b0cbfbb30c3ad,gx-no-cache=1785782991484 HTTP/1.1" 200 47
201.186.225.183 - - [03/Aug/2026:15:42:48 -0300] "POST /cormun/servlet/permisogoce?ebbd27d3ea2a341f1619df752f4642d4,INS,0,,,,gx-no-cache=1785782992440 HTTP/1.1" 200 93
201.186.225.183 - - [03/Aug/2026:15:42:48 -0300] "GET /cormun/servlet/hpexe_return? HTTP/1.1" 200 1036
201.186.225.183 - - [03/Aug/2026:15:42:48 -0300] "GET /cormun/servlet/trpermisosgoce?gx-no-cache=1785782884100 HTTP/1.1" 200 18329
201.186.225.183 - - [03/Aug/2026:15:42:54 -0300] "GET /cormun/servlet/apermisogoceprn?18040976,P,20260803145120,PU HTTP/1.1" 200 1643
190.95.67.91 - - [03/Aug/2026:15:43:04 -0300] "GET /cormun/servlet/solicitudot?d817e5d5d9fa212ce17b9f366ecd42dd184752b0e7f4eb4d86aeee2c6b94299dc740a7e549ed3f62a75a71b875d47ee616362d4d6f879ddc8a5779b6b20b5735,gx-no-cache=1785783010289 HTTP/1.1" 200 30
190.95.67.91 - - [03/Aug/2026:15:43:05 -0300] "GET /cormun/servlet/solicitudot?d817e5d5d9fa212ce17b9f366ecd42dd04ff341f4059c3730002e537124ff0f5,gx-no-cache=1785783011705 HTTP/1.1" 200 53
201.186.225.183 - - [03/Aug/2026:15:43:15 -0300] "POST /cormun/servlet/trpermisosgoce?ebbd27d3ea2a341f1619df752f4642d4,gx-no-cache=1785782884100,gx-no-cache=1785783020074 HTTP/1.1" 200 5281
190.95.67.91 - - [03/Aug/2026:15:43:16 -0300] "POST /cormun/servlet/solicitudot?gx-no-cache=1785783022694 HTTP/1.1" 200 240
190.95.67.91 - - [03/Aug/2026:15:43:19 -0300] "GET /cormun/servlet/solicitudot?d817e5d5d9fa212ce17b9f366ecd42dd2d87a6cc50b2fb84a314edd1021447cb20c05783c1c0ec8afd1e042bba5284dadd607ccc78e4cc9b6848518b2d556095919af6f103e1057938a5e8f01d13ae79abf3c066da56916fb1ed67766b4642803bf82d5148e5b753c08dcc74ef700187f6d01fa30e10c651c3585fa1a45d84b6b87e3f0a762f8ff02df3e19d70132d9dc847a7aa9a6344dc776771cf528893f9ad5aedb9b5a6463f6648d42eac2f938028ef4dde730d4a089066a6f079b71bdc02b01b1a6bfb0d36dc8d9166d0717833c9ae72ed20ed2064a56dcf380f2753f2e3245d634d035ca2d6d4265499607cdb40d70ff76576b7ba5a875890aa9982aaa8060c4628c8f3ed3b0282f8b9fe4f03f7408d6a4a21f46d26bb2465ac670c45f022056705325835a1c2ee1dd9d95393af2383d4101b90c985db81597b8f09d831a59791d21ea0ff96ca7e6609758b5bf4bfc01d321b432756d9045e88a77dc415f2a851f619a0da692d678be4e2d3da47252cdcb9bdbc8f8b245f5275aac706,gx-no-cache=1785783025216 HTTP/1.1" 200 30
190.95.67.91 - - [03/Aug/2026:15:43:21 -0300] "POST /cormun/servlet/solicitudot?gx-no-cache=1785783027606 HTTP/1.1" 200 30
190.95.67.91 - - [03/Aug/2026:15:43:28 -0300] "POST /cormun/servlet/solicitudot?gx-no-cache=1785783034722 HTTP/1.1" 200 1509
190.95.67.91 - - [03/Aug/2026:15:43:30 -0300] "GET /cormun/servlet/prlicenciaspermisos?15534292,L,,MD,,gxPopupLevel%3D0%3B HTTP/1.1" 200 6923
190.95.67.91 - - [03/Aug/2026:15:43:31 -0300] "GET /cormun/static/gxcfg.js?2020121559567 HTTP/1.1" 200 953
190.95.67.91 - - [03/Aug/2026:15:43:31 -0300] "GET /cormun/static/prlicenciaspermisos.js?2020121559821 HTTP/1.1" 200 13379
201.186.225.183 - - [03/Aug/2026:15:43:34 -0300] "GET /cormun/servlet/trlicencias? HTTP/1.1" 200 8369
190.95.67.91 - - [03/Aug/2026:15:43:35 -0300] "GET /cormun/servlet/prlicenciaspermisos?15534292,L,,MD,,gxPopupLevel%3D0%3B HTTP/1.1" 200 6923
201.186.225.183 - - [03/Aug/2026:15:43:39 -0300] "POST /cormun/servlet/trlicencias?ebbd27d3ea2a341f1619df752f4642d4,,gx-no-cache=1785783044518 HTTP/1.1" 200 5716
190.95.67.91 - - [03/Aug/2026:15:43:57 -0300] "POST /cormun/servlet/solicitudot?gx-no-cache=1785783063329 HTTP/1.1" 200 41
201.186.225.183 - - [03/Aug/2026:15:43:57 -0300] "GET /cormun/servlet/licenciaspermisos?INS,0,,, HTTP/1.1" 200 7588
201.186.225.183 - - [03/Aug/2026:15:44:00 -0300] "GET /cormun/servlet/trpermisosgoce? HTTP/1.1" 200 8096
201.186.225.183 - - [03/Aug/2026:15:44:02 -0300] "GET /cormun/servlet/permisogoce?INS,0,,, HTTP/1.1" 200 6839
201.186.225.183 - - [03/Aug/2026:15:44:07 -0300] "GET /cormun/servlet/permisogoce?a1b9bf4fcf8f059761104b55845d6f50931fd733424831d17360394c51b75f961104b9f423dbc6b0c753c52f998ce4b062ff0ccd655dc023263a8cbfdc3210b0,gx-no-cache=1785783071637 HTTP/1.1" 200 85
201.186.225.183 - - [03/Aug/2026:15:44:13 -0300] "GET /cormun/servlet/permisogoce?a1b9bf4fcf8f059761104b55845d6f5023e648ed78816d589ab0c4b0d1ed6fc3c890fb7f852c9d17b3050f8d479fdf94e10bd38732e0de99ae0f56d52f545d6d,gx-no-cache=1785783078613 HTTP/1.1" 200 47
201.186.225.183 - - [03/Aug/2026:15:44:15 -0300] "POST /cormun/servlet/permisogoce?ebbd27d3ea2a341f1619df752f4642d4,INS,0,,,,gx-no-cache=1785783079515 HTTP/1.1" 200 93
201.186.225.183 - - [03/Aug/2026:15:44:15 -0300] "GET /cormun/servlet/hpexe_return? HTTP/1.1" 200 1013
201.186.225.183 - - [03/Aug/2026:15:44:15 -0300] "GET /cormun/servlet/trpermisosgoce HTTP/1.1" 200 8097
190.95.67.91 - - [03/Aug/2026:15:44:15 -0300] "GET /cormun/servlet/solicitudot?d817e5d5d9fa212ce17b9f366ecd42dd00e62e2bce4f9b3c333f48f0345990d6a352756fa306e71f099290e3e75af04104d3958a6a0d7f5e90b99f38c2b03152cbe6b4e342bc0aa3043a6a8dca5ecef2babce10429d7d6c286478b5ba81c7c09b24ac21b479586f0b0c163d3c714a4ee,gx-no-cache=1785783081249 HTTP/1.1" 200 110
190.95.67.91 - - [03/Aug/2026:15:44:15 -0300] "POST /cormun/servlet/solicitudot?gx-no-cache=1785783081265 HTTP/1.1" 200 72
201.186.225.183 - - [03/Aug/2026:15:44:19 -0300] "POST /cormun/servlet/trpermisosgoce?ebbd27d3ea2a341f1619df752f4642d4,gx-no-cache=1785783084003 HTTP/1.1" 200 15454
27.115.124.109 - - [03/Aug/2026:15:44:20 -0300] "GET / HTTP/1.1" 200 11217
27.115.124.109 - - [03/Aug/2026:15:44:20 -0300] "GET /tomcat.css HTTP/1.1" 200 5576
27.115.124.53 - - [03/Aug/2026:15:44:20 -0300] "GET /tomcat.png HTTP/1.1" 200 5103
27.115.124.53 - - [03/Aug/2026:15:44:21 -0300] "GET /bg-middle.png HTTP/1.1" 200 1918
190.95.67.91 - - [03/Aug/2026:15:44:21 -0300] "GET /cormun/servlet/solicitudot?d817e5d5d9fa212ce17b9f366ecd42dd462a2bcabeb6c8fbff4af80bbffa3571581142be2c6dfed792bd339f11e10665814013e29737400d7f244f002f50cb23ff93e9139b2b8920c60f148aef6442728305d34c16e63ec69ac27afd75c3903c931b8f5ce52f661a09929cba9066b8fd,gx-no-cache=1785783087357 HTTP/1.1" 200 29
190.95.67.91 - - [03/Aug/2026:15:44:21 -0300] "GET /cormun/static/menuarrow.gif HTTP/1.1" 404 1015
27.115.124.109 - - [03/Aug/2026:15:44:21 -0300] "GET /bg-upper.png HTTP/1.1" 200 3103
27.115.124.53 - - [03/Aug/2026:15:44:21 -0300] "GET /bg-nav.png HTTP/1.1" 200 1401
27.115.124.109 - - [03/Aug/2026:15:44:22 -0300] "GET /asf-logo.png HTTP/1.1" 200 17811
27.115.124.53 - - [03/Aug/2026:15:44:22 -0300] "GET /bg-button.png HTTP/1.1" 200 713
27.115.124.6 - - [03/Aug/2026:15:44:24 -0300] "GET /favicon.ico HTTP/1.1" 200 21630
201.186.225.183 - - [03/Aug/2026:15:44:25 -0300] "GET /cormun/servlet/apermisogoceprn?18040659,P,20260803145252,PU HTTP/1.1" 200 1657
190.95.67.91 - - [03/Aug/2026:15:44:27 -0300] "GET /cormun/servlet/solicitudot?d817e5d5d9fa212ce17b9f366ecd42dd2df10546b72e846ca819bc0591189c226efd7cdcfe4ef9875dc7ea908d8fdcac,gx-no-cache=1785783092887 HTTP/1.1" 200 30
190.95.67.91 - - [03/Aug/2026:15:44:27 -0300] "POST /cormun/servlet/solicitudot?gx-no-cache=1785783092902 HTTP/1.1" 200 34
27.115.124.6 - - [03/Aug/2026:15:44:29 -0300] "GET /favicon.ico HTTP/1.1" 200 21630
27.115.124.101 - - [03/Aug/2026:15:44:30 -0300] "GET /favicon.ico HTTP/1.1" 200 21630
27.115.124.68 - - [03/Aug/2026:15:44:32 -0300] "GET /favicon.ico HTTP/1.1" 200 21630
190.95.67.91 - - [03/Aug/2026:15:44:52 -0300] "POST /cormun/servlet/solicitudot?3b48eb70fe9a8c8792ac039e41d47535,INS,0,0,false,,gx-no-cache=1785783117510 HTTP/1.1" 200 93
190.95.67.91 - - [03/Aug/2026:15:44:52 -0300] "GET /cormun/servlet/hpexe_return? HTTP/1.1" 200 1002
190.95.67.91 - - [03/Aug/2026:15:44:52 -0300] "GET /cormun/servlet/trsolicitudot HTTP/1.1" 200 9049
201.186.225.183 - - [03/Aug/2026:15:44:55 -0300] "POST /cormun/servlet/trpermisosgoce?ebbd27d3ea2a341f1619df752f4642d4,gx-no-cache=1785783120547 HTTP/1.1" 200 4852
123.6.49.50 - - [03/Aug/2026:15:45:01 -0300] "GET / HTTP/1.1" 200 11217
123.6.49.50 - - [03/Aug/2026:15:45:01 -0300] "GET /tomcat.css HTTP/1.1" 200 5576
123.6.49.15 - - [03/Aug/2026:15:45:01 -0300] "GET /tomcat.png HTTP/1.1" 200 5103
123.6.49.50 - - [03/Aug/2026:15:45:02 -0300] "GET /asf-logo.png HTTP/1.1" 200 17811
123.6.49.15 - - [03/Aug/2026:15:45:02 -0300] "GET /bg-nav.png HTTP/1.1" 200 1401
123.6.49.12 - - [03/Aug/2026:15:45:02 -0300] "GET /bg-middle.png HTTP/1.1" 200 1918
123.6.49.15 - - [03/Aug/2026:15:45:02 -0300] "GET /bg-upper.png HTTP/1.1" 200 3103
123.6.49.47 - - [03/Aug/2026:15:45:02 -0300] "GET /bg-button.png HTTP/1.1" 200 713
123.6.49.47 - - [03/Aug/2026:15:45:03 -0300] "GET /favicon.ico HTTP/1.1" 200 21630
123.6.49.50 - - [03/Aug/2026:15:45:04 -0300] "GET /favicon.ico HTTP/1.1" 200 21630
201.186.225.183 - - [03/Aug/2026:15:45:46 -0300] "GET /cormun/servlet/permisogoce?INS,0,,, HTTP/1.1" 200 6839
190.95.67.91 - - [03/Aug/2026:15:45:46 -0300] "POST /cormun/servlet/trsolicitudot?3b48eb70fe9a8c8792ac039e41d47535,gx-no-cache=1785783172456 HTTP/1.1" 200 107
190.95.67.91 - - [03/Aug/2026:15:45:46 -0300] "GET /cormun/servlet/trsolicitudadjuntos?2026,23840, HTTP/1.1" 200 6514
190.95.67.91 - - [03/Aug/2026:15:45:48 -0300] "GET /cormun/servlet/solicitudotadjuntos?INS,2026,23840,,1, HTTP/1.1" 200 6457
190.95.67.91 - - [03/Aug/2026:15:45:48 -0300] "GET /cormun/static/about:blank HTTP/1.1" 404 1011
190.95.67.91 - - [03/Aug/2026:15:45:49 -0300] "GET /cormun/servlet/solicitudotadjuntos?d817e5d5d9fa212ce17b9f366ecd42dd87a004753bbdd1ffd250477445ea5e696d457cdb963a1abbb7965e0acf2717c2,gx-no-cache=1785783175129 HTTP/1.1" 200 30
190.95.67.91 - - [03/Aug/2026:15:45:49 -0300] "POST /cormun/servlet/solicitudotadjuntos?3b48eb70fe9a8c8792ac039e41d47535,INS,2026,23840,,1,,gx-no-cache=1785783175142 HTTP/1.1" 200 4146
190.95.67.91 - - [03/Aug/2026:15:45:50 -0300] "POST /cormun/servlet/solicitudotadjuntos?gx-no-cache=1785783176276 HTTP/1.1" 200 26
201.186.225.183 - - [03/Aug/2026:15:45:54 -0300] "GET /cormun/servlet/permisogoce?a1b9bf4fcf8f059761104b55845d6f50ab4f1efa16769404cf4757665e6bf4fc1104b9f423dbc6b0c753c52f998ce4b062ff0ccd655dc023263a8cbfdc3210b0,gx-no-cache=1785783179035 HTTP/1.1" 200 80
190.95.67.91 - - [03/Aug/2026:15:45:59 -0300] "GET /cormun/servlet/solicitudotadjuntos?d817e5d5d9fa212ce17b9f366ecd42dd56e355fce0eee8bfa739d0d9d832e158,gx-no-cache=1785783185166 HTTP/1.1" 200 30
190.95.67.91 - - [03/Aug/2026:15:45:59 -0300] "GET /cormun/servlet/solicitudotadjuntos?d817e5d5d9fa212ce17b9f366ecd42dd56e355fce0eee8bfa739d0d9d832e158,gx-no-cache=1785783185177 HTTP/1.1" 200 30
190.95.67.91 - - [03/Aug/2026:15:45:59 -0300] "POST /cormun/servlet/solicitudotadjuntos?3b48eb70fe9a8c8792ac039e41d47535,INS,2026,23840,,1, HTTP/1.1" 200 116
190.95.67.91 - - [03/Aug/2026:15:45:59 -0300] "GET /cormun/servlet/hpexe_return? HTTP/1.1" 200 1019
27.115.124.118 - - [03/Aug/2026:15:45:59 -0300] "GET /docs/config/ HTTP/1.1" 200 10964
190.95.67.91 - - [03/Aug/2026:15:45:59 -0300] "GET /cormun/servlet/trsolicitudadjuntos?2026,23840, HTTP/1.1" 200 9788
27.115.124.70 - - [03/Aug/2026:15:46:00 -0300] "GET /docs/images/asf-logo.gif HTTP/1.1" 200 7279
27.115.124.118 - - [03/Aug/2026:15:46:00 -0300] "GET /docs/images/tomcat.gif HTTP/1.1" 200 2066
190.95.67.91 - - [03/Aug/2026:15:46:01 -0300] "GET /cormun/servlet/solicitudotadjuntos?INS,2026,23840,,1, HTTP/1.1" 200 6457
190.95.67.91 - - [03/Aug/2026:15:46:01 -0300] "GET /cormun/static/about:blank HTTP/1.1" 404 1011
190.95.67.91 - - [03/Aug/2026:15:46:02 -0300] "GET /cormun/servlet/solicitudotadjuntos?d817e5d5d9fa212ce17b9f366ecd42dd87a004753bbdd1ffd250477445ea5e696d457cdb963a1abbb7965e0acf2717c2,gx-no-cache=1785783187976 HTTP/1.1" 200 30
190.95.67.91 - - [03/Aug/2026:15:46:02 -0300] "POST /cormun/servlet/solicitudotadjuntos?3b48eb70fe9a8c8792ac039e41d47535,INS,2026,23840,,1,,gx-no-cache=1785783187988 HTTP/1.1" 200 4146
123.6.49.47 - - [03/Aug/2026:15:46:03 -0300] "GET /docs/ HTTP/1.1" 200 19088
123.6.49.47 - - [03/Aug/2026:15:46:03 -0300] "GET /docs/images/tomcat.gif HTTP/1.1" 200 2066
190.95.67.91 - - [03/Aug/2026:15:46:03 -0300] "POST /cormun/servlet/solicitudotadjuntos?gx-no-cache=1785783189542 HTTP/1.1" 200 26
123.6.49.47 - - [03/Aug/2026:15:46:03 -0300] "GET /docs/images/asf-logo.gif HTTP/1.1" 200 7279
190.95.67.91 - - [03/Aug/2026:15:46:07 -0300] "GET /cormun/servlet/solicitudotadjuntos?d817e5d5d9fa212ce17b9f366ecd42dd56e355fce0eee8bfa739d0d9d832e158,gx-no-cache=1785783193710 HTTP/1.1" 200 30
190.95.67.91 - - [03/Aug/2026:15:46:07 -0300] "GET /cormun/servlet/solicitudotadjuntos?d817e5d5d9fa212ce17b9f366ecd42dd56e355fce0eee8bfa739d0d9d832e158,gx-no-cache=1785783193721 HTTP/1.1" 200 30
190.95.67.91 - - [03/Aug/2026:15:46:07 -0300] "POST /cormun/servlet/solicitudotadjuntos?3b48eb70fe9a8c8792ac039e41d47535,INS,2026,23840,,1, HTTP/1.1" 200 116
190.95.67.91 - - [03/Aug/2026:15:46:08 -0300] "GET /cormun/servlet/hpexe_return? HTTP/1.1" 200 1019
190.95.67.91 - - [03/Aug/2026:15:46:08 -0300] "GET /cormun/servlet/trsolicitudadjuntos?2026,23840, HTTP/1.1" 200 10070
201.186.225.183 - - [03/Aug/2026:15:46:09 -0300] "GET /cormun/servlet/permisogoce?a1b9bf4fcf8f059761104b55845d6f5095bf96ac45373e02671f29b4c74a92566304b683f5b96f61ee3ecea5106985a6f9e3cf28e1fe8a0fd00b0cbfbb30c3ad,gx-no-cache=1785783194259 HTTP/1.1" 200 47
190.95.67.91 - - [03/Aug/2026:15:46:09 -0300] "GET /cormun/servlet/solicitudotadjuntos?INS,2026,23840,,1, HTTP/1.1" 200 6457
190.95.67.91 - - [03/Aug/2026:15:46:10 -0300] "GET /cormun/static/about:blank HTTP/1.1" 404 1011
190.95.67.91 - - [03/Aug/2026:15:46:10 -0300] "GET /cormun/servlet/solicitudotadjuntos?d817e5d5d9fa212ce17b9f366ecd42dd87a004753bbdd1ffd250477445ea5e696d457cdb963a1abbb7965e0acf2717c2,gx-no-cache=1785783196454 HTTP/1.1" 200 30
190.95.67.91 - - [03/Aug/2026:15:46:10 -0300] "POST /cormun/servlet/solicitudotadjuntos?3b48eb70fe9a8c8792ac039e41d47535,INS,2026,23840,,1,,gx-no-cache=1785783196485 HTTP/1.1" 200 4146
201.186.225.183 - - [03/Aug/2026:15:46:10 -0300] "POST /cormun/servlet/permisogoce?ebbd27d3ea2a341f1619df752f4642d4,INS,0,,,,gx-no-cache=1785783194976 HTTP/1.1" 200 93
201.186.225.183 - - [03/Aug/2026:15:46:10 -0300] "GET /cormun/servlet/hpexe_return? HTTP/1.1" 200 1036
201.186.225.183 - - [03/Aug/2026:15:46:10 -0300] "GET /cormun/servlet/trpermisosgoce?gx-no-cache=1785783120547 HTTP/1.1" 200 7911
201.186.225.183 - - [03/Aug/2026:15:46:16 -0300] "GET /cormun/servlet/permisogoce?UPD,19264056,P,20260803145436, HTTP/1.1" 200 6926
201.186.225.183 - - [03/Aug/2026:15:46:17 -0300] "GET /cormun/servlet/permisogoce?a1b9bf4fcf8f059761104b55845d6f50ab4f1efa16769404cf4757665e6bf4fc6fe5db6857c6385712b56e01d5e146e51d0e86d3be86faf0ab64f7165a416b32,gx-no-cache=1785783201937 HTTP/1.1" 200 81
201.186.225.183 - - [03/Aug/2026:15:46:19 -0300] "GET /cormun/servlet/permisogoce?a1b9bf4fcf8f059761104b55845d6f5095bf96ac45373e02671f29b4c74a9256fd4642cc7e5d841f54a30224ed4182b04e3fd9c822accfce8969a066385776cf4b9ab930abf8c27186bf91f443b228f2,gx-no-cache=1785783204554 HTTP/1.1" 200 49
201.186.225.183 - - [03/Aug/2026:15:46:21 -0300] "POST /cormun/servlet/permisogoce?ebbd27d3ea2a341f1619df752f4642d4,UPD,19264056,P,20260803145436,,gx-no-cache=1785783205552 HTTP/1.1" 200 93
201.186.225.183 - - [03/Aug/2026:15:46:21 -0300] "GET /cormun/servlet/hpexe_return? HTTP/1.1" 200 1054
201.186.225.183 - - [03/Aug/2026:15:46:21 -0300] "GET /cormun/servlet/trpermisosgoce?gx-no-cache=1785783120547 HTTP/1.1" 200 7893
201.186.225.183 - - [03/Aug/2026:15:46:23 -0300] "GET /cormun/servlet/apermisogoceprn?19264056,P,20260803145436,PU HTTP/1.1" 200 1646
190.95.67.93 - - [03/Aug/2026:15:46:54 -0300] "POST /cormun/servlet/trpermisosgoce?b8f54ee5c48c86460dde2d945d21dc2e,gx-no-cache=1785783239082 HTTP/1.1" 440 972
190.95.67.93 - - [03/Aug/2026:15:46:56 -0300] "GET /cormun/servlet/trpermisosgoce HTTP/1.1" 200 6030
190.95.67.93 - - [03/Aug/2026:15:46:57 -0300] "GET /cormun/servlet/hlogin HTTP/1.1" 200 1740
190.95.67.93 - - [03/Aug/2026:15:46:57 -0300] "GET /favicon.ico HTTP/1.1" 200 21630
190.95.67.93 - - [03/Aug/2026:15:47:00 -0300] "POST /cormun/servlet/hlogin?13de5079c60eaebfa1d9ca141d2dcd18,gx-no-cache=1785783244582 HTTP/1.1" 200 90
190.95.67.93 - - [03/Aug/2026:15:47:00 -0300] "GET /cormun/servlet/hpexe_link HTTP/1.1" 200 956
190.95.67.93 - - [03/Aug/2026:15:47:00 -0300] "GET /cormun/servlet/trpermisosgoce HTTP/1.1" 200 15791
190.95.67.93 - - [03/Aug/2026:15:47:08 -0300] "GET /cormun/servlet/permisogoce?UPD,14202711,P,20260803114411, HTTP/1.1" 200 7290
190.95.67.93 - - [03/Aug/2026:15:47:08 -0300] "GET /cormun/servlet/permisogoce?209ced9d4926975e6cf87636af264fdba089ac148aa3b7575e825db58c78033f13a2d19fa2b1b8992a4a9f916b92a1f85d8f2fc48ff41e49f28c5b24f7294849,gx-no-cache=1785783253345 HTTP/1.1" 200 82
190.95.67.93 - - [03/Aug/2026:15:47:11 -0300] "GET /cormun/static/menuarrow.gif HTTP/1.1" 404 1015
201.186.225.183 - - [03/Aug/2026:15:47:13 -0300] "GET /cormun/servlet/permisogoce?INS,0,,, HTTP/1.1" 200 6861
190.95.67.93 - - [03/Aug/2026:15:47:15 -0300] "GET /cormun/servlet/permisogoce?209ced9d4926975e6cf87636af264fdb65744f93d466b549108ef9a378d4a5b211513361c32f618246bfcfe51596214bb641c21623e198f2838d7d0214594ee5,gx-no-cache=1785783259486 HTTP/1.1" 200 47
190.95.67.93 - - [03/Aug/2026:15:47:18 -0300] "POST /cormun/servlet/permisogoce?13de5079c60eaebfa1d9ca141d2dcd18,UPD,14202711,P,20260803114411,,gx-no-cache=1785783262301 HTTP/1.1" 200 93
190.95.67.93 - - [03/Aug/2026:15:47:18 -0300] "GET /cormun/servlet/hpexe_return? HTTP/1.1" 200 1026
190.95.67.93 - - [03/Aug/2026:15:47:18 -0300] "GET /cormun/servlet/trpermisosgoce HTTP/1.1" 200 15793
201.186.225.183 - - [03/Aug/2026:15:47:21 -0300] "GET /cormun/servlet/permisogoce?a1b9bf4fcf8f059761104b55845d6f50327503d89467aa8b867238c173a5cc981104b9f423dbc6b0c753c52f998ce4b062ff0ccd655dc023263a8cbfdc3210b0,gx-no-cache=1785783265634 HTTP/1.1" 200 84
201.186.225.183 - - [03/Aug/2026:15:47:30 -0300] "GET /cormun/servlet/permisogoce?a1b9bf4fcf8f059761104b55845d6f50e9b27f3793c484e66d7d53172722015217b0af5a74c58913096d98aa8bc7c4d2f9e3cf28e1fe8a0fd00b0cbfbb30c3ad,gx-no-cache=1785783275067 HTTP/1.1" 200 47
201.186.225.183 - - [03/Aug/2026:15:47:31 -0300] "POST /cormun/servlet/permisogoce?ebbd27d3ea2a341f1619df752f4642d4,INS,0,,,,gx-no-cache=1785783275902 HTTP/1.1" 200 93
201.186.225.183 - - [03/Aug/2026:15:47:31 -0300] "GET /cormun/servlet/hpexe_return? HTTP/1.1" 200 1036
201.186.225.183 - - [03/Aug/2026:15:47:31 -0300] "GET /cormun/servlet/trpermisosgoce?gx-no-cache=1785783120547 HTTP/1.1" 200 7893
201.186.225.183 - - [03/Aug/2026:15:47:33 -0300] "GET /cormun/servlet/apermisogoceprn?19264056,P,20260803145436,PU HTTP/1.1" 200 1641
201.186.225.183 - - [03/Aug/2026:15:47:40 -0300] "POST /cormun/servlet/trpermisosgoce?ebbd27d3ea2a341f1619df752f4642d4,gx-no-cache=1785783120547,gx-no-cache=1785783285110 HTTP/1.1" 200 15476
201.186.225.183 - - [03/Aug/2026:15:47:46 -0300] "GET /cormun/servlet/apermisogoceprn?13947861,P,20260803145603,PU HTTP/1.1" 200 1650
190.95.67.93 - - [03/Aug/2026:15:47:47 -0300] "GET /cormun/servlet/apermisogoceprn?14202711,P,20260803114411,PU HTTP/1.1" 200 1658
190.95.67.91 - - [03/Aug/2026:15:47:50 -0300] "POST /cormun/servlet/solicitudotadjuntos?gx-no-cache=1785783296375 HTTP/1.1" 200 26
201.186.225.183 - - [03/Aug/2026:15:47:55 -0300] "GET /cormun/servlet/permisogoce?INS,0,,, HTTP/1.1" 200 6861
190.95.67.91 - - [03/Aug/2026:15:47:56 -0300] "GET /cormun/servlet/solicitudotadjuntos?d817e5d5d9fa212ce17b9f366ecd42dd56e355fce0eee8bfa739d0d9d832e158,gx-no-cache=1785783302446 HTTP/1.1" 200 30
190.95.67.91 - - [03/Aug/2026:15:47:56 -0300] "GET /cormun/servlet/solicitudotadjuntos?d817e5d5d9fa212ce17b9f366ecd42dd56e355fce0eee8bfa739d0d9d832e158,gx-no-cache=1785783302457 HTTP/1.1" 200 30
190.95.67.91 - - [03/Aug/2026:15:47:56 -0300] "POST /cormun/servlet/solicitudotadjuntos?3b48eb70fe9a8c8792ac039e41d47535,INS,2026,23840,,1, HTTP/1.1" 200 116
190.95.67.91 - - [03/Aug/2026:15:47:56 -0300] "GET /cormun/servlet/hpexe_return? HTTP/1.1" 200 1019
190.95.67.91 - - [03/Aug/2026:15:47:56 -0300] "GET /cormun/servlet/trsolicitudadjuntos?2026,23840, HTTP/1.1" 200 10346
190.95.67.91 - - [03/Aug/2026:15:48:00 -0300] "GET /cormun/servlet/solicitudotadjuntos?INS,2026,23840,,1, HTTP/1.1" 200 6457
190.95.67.91 - - [03/Aug/2026:15:48:00 -0300] "GET /cormun/static/about:blank HTTP/1.1" 404 1011
201.186.225.183 - - [03/Aug/2026:15:48:00 -0300] "GET /cormun/servlet/permisogoce?a1b9bf4fcf8f059761104b55845d6f50327503d89467aa8b867238c173a5cc981104b9f423dbc6b0c753c52f998ce4b062ff0ccd655dc023263a8cbfdc3210b0,gx-no-cache=1785783304964 HTTP/1.1" 200 83
190.95.67.91 - - [03/Aug/2026:15:48:00 -0300] "GET /cormun/servlet/solicitudotadjuntos?d817e5d5d9fa212ce17b9f366ecd42dd87a004753bbdd1ffd250477445ea5e696d457cdb963a1abbb7965e0acf2717c2,gx-no-cache=1785783306595 HTTP/1.1" 200 30
190.95.67.91 - - [03/Aug/2026:15:48:00 -0300] "POST /cormun/servlet/solicitudotadjuntos?3b48eb70fe9a8c8792ac039e41d47535,INS,2026,23840,,1,,gx-no-cache=1785783306608 HTTP/1.1" 200 4145
190.95.67.91 - - [03/Aug/2026:15:48:03 -0300] "POST /cormun/servlet/solicitudotadjuntos?gx-no-cache=1785783309086 HTTP/1.1" 200 26
201.186.225.183 - - [03/Aug/2026:15:48:05 -0300] "GET /cormun/servlet/permisogoce?a1b9bf4fcf8f059761104b55845d6f50e9b27f3793c484e66d7d5317272201527c97cf6388135e30b12e83c70cecba5ef9e3cf28e1fe8a0fd00b0cbfbb30c3ad,gx-no-cache=1785783310297 HTTP/1.1" 200 48
201.186.225.183 - - [03/Aug/2026:15:48:06 -0300] "POST /cormun/servlet/permisogoce?ebbd27d3ea2a341f1619df752f4642d4,INS,0,,,,gx-no-cache=1785783311030 HTTP/1.1" 200 93
201.186.225.183 - - [03/Aug/2026:15:48:06 -0300] "GET /cormun/servlet/hpexe_return? HTTP/1.1" 200 1036
190.95.67.91 - - [03/Aug/2026:15:48:07 -0300] "GET /cormun/servlet/solicitudotadjuntos?d817e5d5d9fa212ce17b9f366ecd42dd56e355fce0eee8bfa739d0d9d832e158,gx-no-cache=1785783313022 HTTP/1.1" 200 30
190.95.67.91 - - [03/Aug/2026:15:48:07 -0300] "GET /cormun/servlet/solicitudotadjuntos?d817e5d5d9fa212ce17b9f366ecd42dd56e355fce0eee8bfa739d0d9d832e158,gx-no-cache=1785783313032 HTTP/1.1" 200 30
190.95.67.91 - - [03/Aug/2026:15:48:07 -0300] "POST /cormun/servlet/solicitudotadjuntos?3b48eb70fe9a8c8792ac039e41d47535,INS,2026,23840,,1, HTTP/1.1" 200 116
190.95.67.91 - - [03/Aug/2026:15:48:07 -0300] "GET /cormun/servlet/hpexe_return? HTTP/1.1" 200 1019
190.95.67.91 - - [03/Aug/2026:15:48:07 -0300] "GET /cormun/servlet/trsolicitudadjuntos?2026,23840, HTTP/1.1" 200 10691
201.186.225.183 - - [03/Aug/2026:15:48:07 -0300] "GET /cormun/servlet/trpermisosgoce?gx-no-cache=1785783120547 HTTP/1.1" 200 18321
190.95.67.91 - - [03/Aug/2026:15:48:09 -0300] "GET /cormun/servlet/solicitudotadjuntos?INS,2026,23840,,1, HTTP/1.1" 200 6457
190.95.67.91 - - [03/Aug/2026:15:48:09 -0300] "GET /cormun/static/about:blank HTTP/1.1" 404 1011
190.95.67.91 - - [03/Aug/2026:15:48:09 -0300] "GET /cormun/servlet/solicitudotadjuntos?d817e5d5d9fa212ce17b9f366ecd42dd87a004753bbdd1ffd250477445ea5e696d457cdb963a1abbb7965e0acf2717c2,gx-no-cache=1785783315603 HTTP/1.1" 200 30
190.95.67.91 - - [03/Aug/2026:15:48:09 -0300] "POST /cormun/servlet/solicitudotadjuntos?3b48eb70fe9a8c8792ac039e41d47535,INS,2026,23840,,1,,gx-no-cache=1785783315615 HTTP/1.1" 200 4145
190.95.67.91 - - [03/Aug/2026:15:48:12 -0300] "POST /cormun/servlet/solicitudotadjuntos?gx-no-cache=1785783318454 HTTP/1.1" 200 26
201.186.225.183 - - [03/Aug/2026:15:48:12 -0300] "GET /cormun/servlet/apermisogoceprn?13947861,P,20260803145646,PU HTTP/1.1" 200 1650
190.95.67.91 - - [03/Aug/2026:15:48:16 -0300] "GET /cormun/servlet/solicitudotadjuntos?d817e5d5d9fa212ce17b9f366ecd42dd56e355fce0eee8bfa739d0d9d832e158,gx-no-cache=1785783322238 HTTP/1.1" 200 30
190.95.67.91 - - [03/Aug/2026:15:48:16 -0300] "GET /cormun/servlet/solicitudotadjuntos?d817e5d5d9fa212ce17b9f366ecd42dd56e355fce0eee8bfa739d0d9d832e158,gx-no-cache=1785783322249 HTTP/1.1" 200 30
190.95.67.91 - - [03/Aug/2026:15:48:16 -0300] "POST /cormun/servlet/solicitudotadjuntos?3b48eb70fe9a8c8792ac039e41d47535,INS,2026,23840,,1, HTTP/1.1" 200 116
190.95.67.91 - - [03/Aug/2026:15:48:16 -0300] "GET /cormun/servlet/hpexe_return? HTTP/1.1" 200 1019
190.95.67.91 - - [03/Aug/2026:15:48:16 -0300] "GET /cormun/servlet/trsolicitudadjuntos?2026,23840, HTTP/1.1" 200 10926
190.95.67.91 - - [03/Aug/2026:15:48:18 -0300] "GET /cormun/servlet/solicitudotadjuntos?INS,2026,23840,,1, HTTP/1.1" 200 6457
190.95.67.91 - - [03/Aug/2026:15:48:18 -0300] "GET /cormun/static/about:blank HTTP/1.1" 404 1011
190.95.67.91 - - [03/Aug/2026:15:48:19 -0300] "GET /cormun/servlet/solicitudotadjuntos?d817e5d5d9fa212ce17b9f366ecd42dd87a004753bbdd1ffd250477445ea5e696d457cdb963a1abbb7965e0acf2717c2,gx-no-cache=1785783324907 HTTP/1.1" 200 30
190.95.67.91 - - [03/Aug/2026:15:48:19 -0300] "POST /cormun/servlet/solicitudotadjuntos?3b48eb70fe9a8c8792ac039e41d47535,INS,2026,23840,,1,,gx-no-cache=1785783324919 HTTP/1.1" 200 4146
190.95.67.91 - - [03/Aug/2026:15:48:21 -0300] "POST /cormun/servlet/solicitudotadjuntos?gx-no-cache=1785783326854 HTTP/1.1" 200 26
190.95.67.91 - - [03/Aug/2026:15:48:26 -0300] "GET /cormun/servlet/solicitudotadjuntos?d817e5d5d9fa212ce17b9f366ecd42dd56e355fce0eee8bfa739d0d9d832e158,gx-no-cache=1785783332646 HTTP/1.1" 200 30
190.95.67.91 - - [03/Aug/2026:15:48:26 -0300] "GET /cormun/servlet/solicitudotadjuntos?d817e5d5d9fa212ce17b9f366ecd42dd56e355fce0eee8bfa739d0d9d832e158,gx-no-cache=1785783332657 HTTP/1.1" 200 30
190.95.67.91 - - [03/Aug/2026:15:48:26 -0300] "POST /cormun/servlet/solicitudotadjuntos?3b48eb70fe9a8c8792ac039e41d47535,INS,2026,23840,,1, HTTP/1.1" 200 116
190.95.67.91 - - [03/Aug/2026:15:48:26 -0300] "GET /cormun/servlet/hpexe_return? HTTP/1.1" 200 1019
190.95.67.91 - - [03/Aug/2026:15:48:27 -0300] "GET /cormun/servlet/trsolicitudadjuntos?2026,23840, HTTP/1.1" 200 11101
190.95.67.91 - - [03/Aug/2026:15:48:28 -0300] "POST /cormun/servlet/trsolicitudadjuntos?3b48eb70fe9a8c8792ac039e41d47535,2026,23840,,gx-no-cache=1785783334656 HTTP/1.1" 200 90
190.95.67.91 - - [03/Aug/2026:15:48:28 -0300] "GET /cormun/servlet/hpexe_link HTTP/1.1" 200 962
190.95.67.91 - - [03/Aug/2026:15:48:28 -0300] "GET /cormun/servlet/trsolicitudot HTTP/1.1" 200 9046
190.95.67.91 - - [03/Aug/2026:15:48:33 -0300] "POST /cormun/servlet/trsolicitudot?3b48eb70fe9a8c8792ac039e41d47535,gx-no-cache=1785783339320 HTTP/1.1" 200 4858
190.95.67.91 - - [03/Aug/2026:15:48:33 -0300] "GET /cormun/static/Shared/jqueryui/images/ui-bg_highlight-soft_100_c6c2c8_1x100.png HTTP/1.1" 404 1117
190.95.67.91 - - [03/Aug/2026:15:48:33 -0300] "GET /cormun/static/Shared/jqueryui/images/ui-icons_82798d_256x240.png HTTP/1.1" 404 1089
190.95.67.91 - - [03/Aug/2026:15:48:33 -0300] "GET /cormun/static/Shared/jqueryui/images/ui-icons_8d78a5_256x240.png HTTP/1.1" 404 1089
190.95.67.91 - - [03/Aug/2026:15:48:33 -0300] "GET /cormun/static/Shared/jqueryui/images/ui-bg_flat_55_fafafa_40x100.png HTTP/1.1" 404 1097
190.95.67.91 - - [03/Aug/2026:15:48:33 -0300] "POST /cormun/servlet/trsolicitudot?3b48eb70fe9a8c8792ac039e41d47535,gx-no-cache=1785783339417 HTTP/1.1" 200 4603
10.40.40.2 - - [03/Aug/2026:15:49:12 -0300] "GET /cormun/servlet/hlogin HTTP/1.1" 200 1721
10.40.40.2 - - [03/Aug/2026:15:49:12 -0300] "GET /cormun/static/Resources/CormunLogin.png HTTP/1.1" 200 19132
10.40.40.2 - - [03/Aug/2026:15:49:12 -0300] "GET /cormun/static/Resources/PXToolsLoginTop.png HTTP/1.1" 200 1337
10.40.40.2 - - [03/Aug/2026:15:49:12 -0300] "GET /cormun/static/Resources/PXToolsLoginBackground.png HTTP/1.1" 200 1164
10.40.40.2 - - [03/Aug/2026:15:49:12 -0300] "GET /cormun/static/Resources/PXToolsButtonLeft.png HTTP/1.1" 200 1310
10.40.40.2 - - [03/Aug/2026:15:49:12 -0300] "GET /cormun/static/Resources/PXToolsButtonBackground.png HTTP/1.1" 200 1176
10.40.40.2 - - [03/Aug/2026:15:49:12 -0300] "GET /cormun/static/Resources/PXToolsButtonRight.png HTTP/1.1" 200 1294
10.40.40.2 - - [03/Aug/2026:15:49:12 -0300] "GET /cormun/static/Resources/PXToolsLoginBottom.png HTTP/1.1" 200 1389
10.40.40.2 - - [03/Aug/2026:15:49:12 -0300] "GET /cormun/static/Resources/indicator.gif HTTP/1.1" 200 1553
10.40.40.2 - - [03/Aug/2026:15:49:12 -0300] "GET /cormun/servlet/hlogin HTTP/1.1" 200 1731
10.40.40.2 - - [03/Aug/2026:15:49:18 -0300] "POST /cormun/servlet/hlogin?87cd7f8abf759e0a603099d1e68ffe0f,gx-no-cache=1785783358463 HTTP/1.1" 200 90
10.40.40.2 - - [03/Aug/2026:15:49:18 -0300] "GET /cormun/servlet/hpexe_link HTTP/1.1" 200 949
10.40.40.2 - - [03/Aug/2026:15:49:19 -0300] "GET /cormun/servlet/hhome HTTP/1.1" 200 3205
10.40.40.2 - - [03/Aug/2026:15:49:19 -0300] "GET /cormun/static/Resources/ImgHome.png HTTP/1.1" 200 1364
10.40.40.2 - - [03/Aug/2026:15:49:19 -0300] "GET /cormun/static/Resources/Llave.png HTTP/1.1" 200 1395
10.40.40.2 - - [03/Aug/2026:15:49:19 -0300] "GET /cormun/static/Resources/ImgLogin.png HTTP/1.1" 200 1432
10.40.40.2 - - [03/Aug/2026:15:49:19 -0300] "GET /cormun/static/Resources/CormunMP2.png HTTP/1.1" 200 6878
10.40.40.2 - - [03/Aug/2026:15:49:19 -0300] "GET /cormun/static/Resources/PXToolsDataTitle.png HTTP/1.1" 200 1173
10.40.40.2 - - [03/Aug/2026:15:49:19 -0300] "GET /cormun/static/SmoothNavMenu/resources/images/down.gif HTTP/1.1" 200 854
10.40.40.2 - - [03/Aug/2026:15:49:22 -0300] "GET /cormun/servlet/trlicencias? HTTP/1.1" 200 18805
10.40.40.2 - - [03/Aug/2026:15:49:22 -0300] "GET /cormun/static/Resources/PXToolsAddAllAction.png HTTP/1.1" 200 495
10.40.40.2 - - [03/Aug/2026:15:49:22 -0300] "GET /cormun/static/Resources/PXTools/calendar.png HTTP/1.1" 200 1306
10.40.40.2 - - [03/Aug/2026:15:49:22 -0300] "GET /cormun/static/Resources/PXToolsDataSearch.png HTTP/1.1" 200 435
10.40.40.2 - - [03/Aug/2026:15:49:22 -0300] "GET /cormun/static/Resources/PXToolsGridFirstDisabled.gif HTTP/1.1" 200 100
