190.95.67.91 - - [29/Jul/2026:09:32:05 -0300] "GET /cormun/servlet/trpermisosadjuntos?20442072,20260729084033,P, HTTP/1.1" 200 7275
190.95.67.91 - - [29/Jul/2026:09:32:14 -0300] "POST /cormun/servlet/trpermisosadjuntos?11ceb34bd51636fdf57a0943c57b2bcd,20442072,20260729084033,P,,gx-no-cache=1785328766239 HTTP/1.1" 200 90
190.95.67.91 - - [29/Jul/2026:09:32:14 -0300] "GET /cormun/servlet/hpexe_link HTTP/1.1" 200 1002
190.95.67.91 - - [29/Jul/2026:09:32:14 -0300] "GET /cormun/servlet/trpermisosgoce?gx-no-cache=1785328555730 HTTP/1.1" 200 19406
190.95.67.91 - - [29/Jul/2026:09:32:16 -0300] "POST /cormun/servlet/trpermisosgoce?11ceb34bd51636fdf57a0943c57b2bcd,gx-no-cache=1785328555730,gx-no-cache=1785328768665 HTTP/1.1" 200 16424
190.95.67.91 - - [29/Jul/2026:09:32:19 -0300] "GET /cormun/servlet/permisogoce?INS,0,,, HTTP/1.1" 200 7329
190.95.67.91 - - [29/Jul/2026:09:32:26 -0300] "GET /cormun/servlet/permisogoce?246da315f3059710c1ff614707911ccc039a0097ba466c425030178b5393b3491e19a883a4b2625ce89594d180542e8e9b2c1262a8305205852c3074ce527cbf,gx-no-cache=1785328778525 HTTP/1.1" 200 78
190.95.67.91 - - [29/Jul/2026:09:32:33 -0300] "GET /cormun/servlet/permisogoce?246da315f3059710c1ff614707911ccc050b7b6e9530a9e72eb9e3b87a246edfec25ee458a10c466f2c9169cbc7b1f6cc8a96ae5af2a1a073dfc895cb0111a91,gx-no-cache=1785328785320 HTTP/1.1" 200 49
190.95.2.163 - - [29/Jul/2026:09:32:37 -0300] "GET /cormun/servlet/hlogin HTTP/1.1" 200 1723
190.95.2.163 - - [29/Jul/2026:09:32:38 -0300] "GET /cormun/servlet/hlogin HTTP/1.1" 200 1733
190.95.67.91 - - [29/Jul/2026:09:32:42 -0300] "POST /cormun/servlet/permisogoce?11ceb34bd51636fdf57a0943c57b2bcd,INS,0,,,,gx-no-cache=1785328794278 HTTP/1.1" 200 93
190.95.67.91 - - [29/Jul/2026:09:32:42 -0300] "GET /cormun/servlet/hpexe_return? HTTP/1.1" 200 1031
190.95.67.91 - - [29/Jul/2026:09:32:42 -0300] "GET /cormun/servlet/trpermisosgoce?gx-no-cache=1785328555730 HTTP/1.1" 200 19410
190.95.67.91 - - [29/Jul/2026:09:32:45 -0300] "GET /cormun/servlet/trpermisosadjuntos?18374742,20260729084121,P, HTTP/1.1" 200 6745
190.95.67.91 - - [29/Jul/2026:09:32:47 -0300] "GET /cormun/servlet/permisosadjuntos?INS,18374742,P,20260729084121,, HTTP/1.1" 200 6043
190.95.67.91 - - [29/Jul/2026:09:32:47 -0300] "GET /cormun/static/about:blank HTTP/1.1" 404 1011
190.95.2.163 - - [29/Jul/2026:09:32:49 -0300] "POST /cormun/servlet/hlogin?7d99737677afbe3c5e1041f408bd611d,gx-no-cache=1785328800931 HTTP/1.1" 200 90
190.95.2.163 - - [29/Jul/2026:09:32:49 -0300] "GET /cormun/servlet/hpexe_link HTTP/1.1" 200 951
190.95.2.163 - - [29/Jul/2026:09:32:49 -0300] "GET /cormun/servlet/hhome HTTP/1.1" 200 3997
190.95.67.91 - - [29/Jul/2026:09:32:56 -0300] "POST /cormun/servlet/permisosadjuntos?11ceb34bd51636fdf57a0943c57b2bcd,INS,18374742,P,20260729084121,, HTTP/1.1" 200 116
190.95.67.91 - - [29/Jul/2026:09:32:56 -0300] "GET /cormun/servlet/hpexe_return? HTTP/1.1" 200 1038
190.95.67.91 - - [29/Jul/2026:09:32:56 -0300] "GET /cormun/servlet/trpermisosadjuntos?18374742,20260729084121,P, HTTP/1.1" 200 7261
190.95.67.91 - - [29/Jul/2026:09:33:05 -0300] "POST /cormun/servlet/trpermisosadjuntos?11ceb34bd51636fdf57a0943c57b2bcd,18374742,20260729084121,P,,gx-no-cache=1785328817686 HTTP/1.1" 200 90
190.95.67.91 - - [29/Jul/2026:09:33:05 -0300] "GET /cormun/servlet/hpexe_link HTTP/1.1" 200 1004
190.95.67.91 - - [29/Jul/2026:09:33:05 -0300] "GET /cormun/servlet/trpermisosgoce?gx-no-cache=1785328555730 HTTP/1.1" 200 19416
190.95.67.91 - - [29/Jul/2026:09:33:07 -0300] "POST /cormun/servlet/trpermisosgoce?11ceb34bd51636fdf57a0943c57b2bcd,gx-no-cache=1785328555730,gx-no-cache=1785328819625 HTTP/1.1" 200 16420
190.95.67.91 - - [29/Jul/2026:09:33:09 -0300] "GET /cormun/servlet/permisogoce?INS,0,,, HTTP/1.1" 200 7328
190.95.67.91 - - [29/Jul/2026:09:33:17 -0300] "GET /cormun/servlet/permisogoce?246da315f3059710c1ff614707911cccf23ff431894455fe469b81e9981bf1311e19a883a4b2625ce89594d180542e8e9b2c1262a8305205852c3074ce527cbf,gx-no-cache=1785328829082 HTTP/1.1" 200 87
190.95.67.91 - - [29/Jul/2026:09:33:24 -0300] "GET /cormun/servlet/permisogoce?246da315f3059710c1ff614707911ccc3c9a373ec6e8d545aa688f125c9157e7c02189396e1fd289746e54c7864fa92c2baf09dd1ff3f6251da172f235333ae5,gx-no-cache=1785328836404 HTTP/1.1" 200 49
190.95.67.91 - - [29/Jul/2026:09:33:40 -0300] "POST /cormun/servlet/permisogoce?11ceb34bd51636fdf57a0943c57b2bcd,INS,0,,,,gx-no-cache=1785328852006 HTTP/1.1" 200 93
190.95.67.91 - - [29/Jul/2026:09:33:40 -0300] "GET /cormun/servlet/hpexe_return? HTTP/1.1" 200 1031
190.95.67.91 - - [29/Jul/2026:09:33:40 -0300] "GET /cormun/servlet/trpermisosgoce?gx-no-cache=1785328555730 HTTP/1.1" 200 19455
190.95.67.91 - - [29/Jul/2026:09:33:42 -0300] "GET /cormun/servlet/trpermisosadjuntos?20030829,20260729084211,P, HTTP/1.1" 200 6753
190.95.67.91 - - [29/Jul/2026:09:33:44 -0300] "GET /cormun/servlet/permisosadjuntos?INS,20030829,P,20260729084211,, HTTP/1.1" 200 6048
190.95.67.91 - - [29/Jul/2026:09:33:44 -0300] "GET /cormun/static/about:blank HTTP/1.1" 404 1011
190.95.67.91 - - [29/Jul/2026:09:33:52 -0300] "POST /cormun/servlet/permisosadjuntos?11ceb34bd51636fdf57a0943c57b2bcd,INS,20030829,P,20260729084211,, HTTP/1.1" 200 116
190.95.67.91 - - [29/Jul/2026:09:33:52 -0300] "GET /cormun/servlet/hpexe_return? HTTP/1.1" 200 1037
190.95.67.91 - - [29/Jul/2026:09:33:52 -0300] "GET /cormun/servlet/trpermisosadjuntos?20030829,20260729084211,P, HTTP/1.1" 200 7285
190.95.67.91 - - [29/Jul/2026:09:33:54 -0300] "POST /cormun/servlet/trpermisosadjuntos?11ceb34bd51636fdf57a0943c57b2bcd,20030829,20260729084211,P,,gx-no-cache=1785328866880 HTTP/1.1" 200 90
190.95.67.91 - - [29/Jul/2026:09:33:54 -0300] "GET /cormun/servlet/hpexe_link HTTP/1.1" 200 1003
190.95.67.91 - - [29/Jul/2026:09:33:55 -0300] "GET /cormun/servlet/trpermisosgoce?gx-no-cache=1785328555730 HTTP/1.1" 200 19471
190.95.67.91 - - [29/Jul/2026:09:33:58 -0300] "POST /cormun/servlet/trpermisosgoce?11ceb34bd51636fdf57a0943c57b2bcd,gx-no-cache=1785328555730,gx-no-cache=1785328869890 HTTP/1.1" 200 16481
114.80.33.21 - - [29/Jul/2026:09:35:04 -0300] "GET /manager/text/list HTTP/1.1" 401 2474
190.95.2.163 - - [29/Jul/2026:09:38:52 -0300] "GET /cormun/servlet/hlogin HTTP/1.1" 200 1716
190.95.2.163 - - [29/Jul/2026:09:39:01 -0300] "POST /cormun/servlet/hlogin?1c0026693ed73ab7f1c20cf07cbfc13b,gx-no-cache=1785329173070 HTTP/1.1" 200 90
190.95.2.163 - - [29/Jul/2026:09:39:01 -0300] "GET /cormun/servlet/hpexe_link HTTP/1.1" 200 948
190.95.2.163 - - [29/Jul/2026:09:39:01 -0300] "GET /cormun/servlet/hhome HTTP/1.1" 200 3993
190.95.2.163 - - [29/Jul/2026:09:39:06 -0300] "GET /cormun/servlet/trpermisosgoce? HTTP/1.1" 200 11554
114.80.33.21 - - [29/Jul/2026:09:39:39 -0300] "GET /manager/text/list HTTP/1.1" 401 2474
190.95.2.163 - - [29/Jul/2026:09:39:42 -0300] "GET /cormun/static/menuarrow.gif HTTP/1.1" 404 1015
190.95.2.163 - - [29/Jul/2026:09:39:50 -0300] "POST /cormun/servlet/trpermisosgoce?1c0026693ed73ab7f1c20cf07cbfc13b,,gx-no-cache=1785329221650 HTTP/1.1" 200 15582
190.95.2.163 - - [29/Jul/2026:09:39:50 -0300] "GET /cormun/static/Resources/PXToolsGridNext.gif HTTP/1.1" 200 369
190.95.2.163 - - [29/Jul/2026:09:39:50 -0300] "GET /cormun/static/Resources/PXToolsGridLast.gif HTTP/1.1" 200 370
190.95.15.15 - - [29/Jul/2026:09:40:31 -0300] "GET /cormun/servlet/hlogin HTTP/1.1" 200 1725
190.95.15.15 - - [29/Jul/2026:09:40:32 -0300] "GET /cormun/static/gxtimezone.js?85251 HTTP/1.1" 200 5781
190.95.15.15 - - [29/Jul/2026:09:40:32 -0300] "GET /cormun/static/gxcfg.js?2022112219184450 HTTP/1.1" 200 953
190.95.15.15 - - [29/Jul/2026:09:40:32 -0300] "GET /cormun/static/Resources/CormunLogin.png HTTP/1.1" 200 19132
190.95.15.15 - - [29/Jul/2026:09:40:32 -0300] "GET /cormun/static/messages.spa.js?85251 HTTP/1.1" 200 30736
190.95.15.15 - - [29/Jul/2026:09:40:32 -0300] "GET /cormun/static/Resources/Spanish/PXTools.css?1759030 HTTP/1.1" 200 100853
190.95.15.15 - - [29/Jul/2026:09:40:32 -0300] "GET /cormun/static/hlogin.js?2022112219184458 HTTP/1.1" 200 2156
190.95.15.15 - - [29/Jul/2026:09:40:32 -0300] "GET /cormun/static/gxgral.js?85251 HTTP/1.1" 200 384558
190.95.15.15 - - [29/Jul/2026:09:40:32 -0300] "GET /cormun/static/Resources/PXToolsLoginTop.png HTTP/1.1" 200 1337
190.95.15.15 - - [29/Jul/2026:09:40:32 -0300] "GET /cormun/static/Resources/PXToolsLoginBackground.png HTTP/1.1" 200 1164
190.95.15.15 - - [29/Jul/2026:09:40:32 -0300] "GET /cormun/static/Resources/PXToolsButtonLeft.png HTTP/1.1" 200 1310
190.95.15.15 - - [29/Jul/2026:09:40:32 -0300] "GET /cormun/static/Resources/PXToolsLoginBottom.png HTTP/1.1" 200 1389
190.95.15.15 - - [29/Jul/2026:09:40:32 -0300] "GET /cormun/static/Resources/PXToolsButtonBackground.png HTTP/1.1" 200 1176
190.95.15.15 - - [29/Jul/2026:09:40:32 -0300] "GET /cormun/static/Resources/PXToolsButtonRight.png HTTP/1.1" 200 1294
190.95.15.15 - - [29/Jul/2026:09:40:32 -0300] "GET /cormun/static/Resources/indicator.gif HTTP/1.1" 200 1553
190.95.15.15 - - [29/Jul/2026:09:40:35 -0300] "POST /cormun/servlet/hlogin?236fff89dd3fd45dc09fd1b38ffc885f,gx-no-cache=1785329267108 HTTP/1.1" 200 90
190.95.15.15 - - [29/Jul/2026:09:40:35 -0300] "GET /cormun/servlet/hpexe_link HTTP/1.1" 200 955
190.95.15.15 - - [29/Jul/2026:09:40:35 -0300] "GET /cormun/static/gxcfg.js?20221129847421 HTTP/1.1" 200 953
190.95.15.15 - - [29/Jul/2026:09:40:35 -0300] "GET /cormun/static/hpexe_link.js?20221129847423 HTTP/1.1" 200 625
190.95.15.15 - - [29/Jul/2026:09:40:35 -0300] "GET /cormun/static/Resources/Spanish/PXTools.css?8354383 HTTP/1.1" 200 100853
190.95.15.15 - - [29/Jul/2026:09:40:35 -0300] "GET /cormun/servlet/hhome HTTP/1.1" 200 3991
190.95.15.15 - - [29/Jul/2026:09:40:35 -0300] "GET /cormun/static/scaMessage/css/jquery.pnotify.default.css?1816380 HTTP/1.1" 200 1707
190.95.15.15 - - [29/Jul/2026:09:40:35 -0300] "GET /cormun/static/gxcfg.js?20201215495537 HTTP/1.1" 200 953
190.95.15.15 - - [29/Jul/2026:09:40:35 -0300] "GET /cormun/static/SmoothNavMenu/resources/ddsmoothmenu-v.css?1112540 HTTP/1.1" 200 1188
190.95.15.15 - - [29/Jul/2026:09:40:35 -0300] "GET /cormun/static/SmoothNavMenu/resources/ddsmoothmenu.css?1112540 HTTP/1.1" 200 2223
190.95.15.15 - - [29/Jul/2026:09:40:35 -0300] "GET /cormun/static/Shared/jqueryui/jquery-ui.min.css?1345370 HTTP/1.1" 200 30288
190.95.15.15 - - [29/Jul/2026:09:40:35 -0300] "GET /cormun/static/PXToolsJavascripts/pexe_cookies.js HTTP/1.1" 200 792
190.95.15.15 - - [29/Jul/2026:09:40:35 -0300] "GET /cormun/static/PXToolsJavascripts/pexe_autoreload.js HTTP/1.1" 200 1762
190.95.15.15 - - [29/Jul/2026:09:40:35 -0300] "GET /cormun/static/PXToolsJavascripts/pexe_windows.js HTTP/1.1" 200 15249
190.95.15.15 - - [29/Jul/2026:09:40:35 -0300] "GET /cormun/static/PXToolsJavascripts/pexe_grid.js HTTP/1.1" 200 7559
190.95.15.15 - - [29/Jul/2026:09:40:35 -0300] "GET /cormun/static/PXToolsJavascripts/pexe_griddivfix.js HTTP/1.1" 200 6946
190.95.15.15 - - [29/Jul/2026:09:40:35 -0300] "GET /cormun/static/PXToolsJavascripts/pexe_link.js HTTP/1.1" 200 5671
190.95.15.15 - - [29/Jul/2026:09:40:35 -0300] "GET /cormun/static/PXToolsJavascripts/pexe_menudivfix.js HTTP/1.1" 200 333
190.95.15.15 - - [29/Jul/2026:09:40:35 -0300] "GET /cormun/static/PXToolsJavascripts/pexe_menus.js HTTP/1.1" 200 1286
190.95.15.15 - - [29/Jul/2026:09:40:35 -0300] "GET /cormun/static/PXToolsJavascripts/pexe_layers.js HTTP/1.1" 200 4114
190.95.15.15 - - [29/Jul/2026:09:40:35 -0300] "GET /cormun/static/PXToolsJavascripts/pexe_oavdivfix.js HTTP/1.1" 200 639
190.95.15.15 - - [29/Jul/2026:09:40:35 -0300] "GET /cormun/static/PXToolsJavascripts/pexe_oav.js HTTP/1.1" 200 645
190.95.15.15 - - [29/Jul/2026:09:40:35 -0300] "GET /cormun/static/Resources/Spanish/PXTools.css?14345360 HTTP/1.1" 200 100853
190.95.15.15 - - [29/Jul/2026:09:40:35 -0300] "GET /cormun/static/PXToolsJavascripts/pexe_picture.js HTTP/1.1" 200 689
190.95.15.15 - - [29/Jul/2026:09:40:35 -0300] "GET /cormun/static/PXToolsJavascripts/pexe_scrolldiv.js HTTP/1.1" 200 4138
190.95.15.15 - - [29/Jul/2026:09:40:35 -0300] "GET /cormun/static/PXToolsJavascripts/pexe_tabdivfix.js HTTP/1.1" 200 898
190.95.15.15 - - [29/Jul/2026:09:40:35 -0300] "GET /cormun/static/PXToolsJavascripts/pexe_tabs.js HTTP/1.1" 200 3748
190.95.15.15 - - [29/Jul/2026:09:40:35 -0300] "GET /cormun/static/PXToolsJavascripts/pexe_popup.js HTTP/1.1" 200 15149
190.95.15.15 - - [29/Jul/2026:09:40:35 -0300] "GET /cormun/static/PXToolsJavascripts/pexe_upload.js HTTP/1.1" 200 1423
190.95.15.15 - - [29/Jul/2026:09:40:35 -0300] "GET /cormun/static/PXToolsJavascripts/PXToolsJavascriptsRender.js HTTP/1.1" 200 367
190.95.15.15 - - [29/Jul/2026:09:40:35 -0300] "GET /cormun/static/Resources/CormunMP2.png HTTP/1.1" 200 6878
190.95.15.15 - - [29/Jul/2026:09:40:35 -0300] "GET /cormun/static/Resources/ImgHome.png HTTP/1.1" 200 1364
190.95.15.15 - - [29/Jul/2026:09:40:35 -0300] "GET /cormun/static/Resources/ImgLogin.png HTTP/1.1" 200 1432
190.95.15.15 - - [29/Jul/2026:09:40:35 -0300] "GET /cormun/static/Resources/Llave.png HTTP/1.1" 200 1395
190.95.15.15 - - [29/Jul/2026:09:40:35 -0300] "GET /cormun/static/RunJS/RunJS.js HTTP/1.1" 200 288
190.95.15.15 - - [29/Jul/2026:09:40:35 -0300] "GET /cormun/static/Resources/PXToolsDataTitle.png HTTP/1.1" 200 1173
190.95.15.15 - - [29/Jul/2026:09:40:35 -0300] "GET /cormun/static/Shared/ext/locale/ext-lang-en.js HTTP/1.1" 200 10940
190.95.15.15 - - [29/Jul/2026:09:40:35 -0300] "GET /cormun/static/hhome.js?20201215495544 HTTP/1.1" 200 777
190.95.15.15 - - [29/Jul/2026:09:40:35 -0300] "GET /cormun/static/hwchdr01.js?2022112219251119 HTTP/1.1" 200 996
190.95.15.15 - - [29/Jul/2026:09:40:35 -0300] "GET /cormun/static/hpexe_recentlink.js?20201214471090 HTTP/1.1" 200 2144
190.95.15.15 - - [29/Jul/2026:09:40:35 -0300] "GET /cormun/static/gxui/gxui-all.js HTTP/1.1" 200 107772
190.95.15.15 - - [29/Jul/2026:09:40:35 -0300] "GET /cormun/static/hpexe_scripts.js?20201214471411 HTTP/1.1" 200 1544
190.95.15.15 - - [29/Jul/2026:09:40:35 -0300] "GET /cormun/static/hpexe_messagecontroller.js?202211298371222 HTTP/1.1" 200 870
190.95.15.15 - - [29/Jul/2026:09:40:35 -0300] "GET /cormun/static/hpexe_messagepopupcomponent.js?2020121447232 HTTP/1.1" 200 605
190.95.15.15 - - [29/Jul/2026:09:40:35 -0300] "GET /cormun/static/hpexe_messagegenexuscomponent.js?20221129836373 HTTP/1.1" 200 587
190.95.15.15 - - [29/Jul/2026:09:40:35 -0300] "GET /cormun/static/cmcontrolpreferences.js?20199141926336 HTTP/1.1" 200 1375
190.95.15.15 - - [29/Jul/2026:09:40:35 -0300] "GET /cormun/static/SmoothNavMenu/resources/ddsmoothmenu.js HTTP/1.1" 200 12712
190.95.15.15 - - [29/Jul/2026:09:40:35 -0300] "GET /cormun/static/SmoothNavMenu/resources/SmoothNavMenuRender.js HTTP/1.1" 200 5951
190.95.15.15 - - [29/Jul/2026:09:40:35 -0300] "GET /cormun/static/scaMessage/js/jquery.pnotify.min.js HTTP/1.1" 200 13038
190.95.15.15 - - [29/Jul/2026:09:40:35 -0300] "GET /cormun/static/scaMessage/scaMessageRender.js HTTP/1.1" 200 11977
190.95.15.15 - - [29/Jul/2026:09:40:36 -0300] "GET /cormun/static/Shared/jquery/jquery-1.4.2.min.js HTTP/1.1" 200 72174
190.95.15.15 - - [29/Jul/2026:09:40:36 -0300] "GET /cormun/static/hmpwkw03.js?20221129844354 HTTP/1.1" 200 3971
190.95.15.15 - - [29/Jul/2026:09:40:36 -0300] "GET /cormun/static/Shared/jqueryui/jquery-ui.min.js HTTP/1.1" 200 240427
190.95.15.15 - - [29/Jul/2026:09:40:36 -0300] "GET /cormun/static/Shared/jquery/jquery-1.10.2.min.js HTTP/1.1" 200 273199
190.95.15.15 - - [29/Jul/2026:09:40:36 -0300] "GET /cormun/static/Shared/ext/ext-all.js HTTP/1.1" 200 1289687
190.95.15.15 - - [29/Jul/2026:09:40:36 -0300] "GET /cormun/static/SmoothNavMenu/resources/images/down.gif HTTP/1.1" 200 854
190.95.15.15 - - [29/Jul/2026:09:40:43 -0300] "GET /cormun/servlet/trlicencias? HTTP/1.1" 200 12987
190.95.15.15 - - [29/Jul/2026:09:40:43 -0300] "GET /cormun/static/gxui/gxui-all.css?120300 HTTP/1.1" 200 2179
190.95.15.15 - - [29/Jul/2026:09:40:43 -0300] "GET /cormun/static/calendar-system.css?85620 HTTP/1.1" 200 5572
190.95.15.15 - - [29/Jul/2026:09:40:43 -0300] "GET /cormun/static/calendar.js?85251 HTTP/1.1" 200 26246
190.95.15.15 - - [29/Jul/2026:09:40:43 -0300] "GET /cormun/static/gxcfg.js?202211298463625 HTTP/1.1" 200 953
190.95.15.15 - - [29/Jul/2026:09:40:43 -0300] "GET /cormun/static/calendar-setup.js?85251 HTTP/1.1" 200 2588
190.95.15.15 - - [29/Jul/2026:09:40:43 -0300] "GET /cormun/static/calendar-es.js?85251 HTTP/1.1" 200 1901
190.95.15.15 - - [29/Jul/2026:09:40:43 -0300] "GET /cormun/static/Resources/PXTools/calendar.png HTTP/1.1" 200 1306
190.95.15.15 - - [29/Jul/2026:09:40:43 -0300] "GET /cormun/static/gxdec.js?85251 HTTP/1.1" 200 19579
190.95.15.15 - - [29/Jul/2026:09:40:43 -0300] "GET /cormun/static/trlicencias.js?202211298463889 HTTP/1.1" 200 41883
190.95.15.15 - - [29/Jul/2026:09:40:43 -0300] "GET /cormun/static/Resources/PXToolsDataSearch.png HTTP/1.1" 200 435
190.95.15.15 - - [29/Jul/2026:09:40:43 -0300] "GET /cormun/static/Shared/ext/resources/css/ext-all.css?215870 HTTP/1.1" 200 416045
190.95.15.15 - - [29/Jul/2026:09:40:43 -0300] "GET /cormun/static/Resources/PXToolsGridFirstDisabled.gif HTTP/1.1" 200 100
190.95.15.15 - - [29/Jul/2026:09:40:43 -0300] "GET /cormun/static/Resources/PXToolsGridPreviousDisabled.gif HTTP/1.1" 200 90
190.95.15.15 - - [29/Jul/2026:09:40:43 -0300] "GET /cormun/static/Resources/PXToolsGridNextDisabled.gif HTTP/1.1" 200 90
190.95.15.15 - - [29/Jul/2026:09:40:43 -0300] "GET /cormun/static/Resources/PXToolsActionExcel.png HTTP/1.1" 200 727
190.95.15.15 - - [29/Jul/2026:09:40:43 -0300] "GET /cormun/static/Resources/PXToolsAddAllAction.png HTTP/1.1" 200 495
190.95.15.15 - - [29/Jul/2026:09:40:43 -0300] "GET /cormun/static/Resources/PXToolsGridPage.gif HTTP/1.1" 200 725
190.95.15.15 - - [29/Jul/2026:09:40:43 -0300] "GET /cormun/static/Resources/PXToolsGridLastDisabled.gif HTTP/1.1" 200 98
190.95.15.15 - - [29/Jul/2026:09:40:43 -0300] "GET /cormun/static/Resources/desc.gif HTTP/1.1" 200 65
190.95.15.15 - - [29/Jul/2026:09:40:43 -0300] "GET /cormun//static/Resources/PXToolsGridDisplay.png HTTP/1.1" 200 525
190.95.15.15 - - [29/Jul/2026:09:40:43 -0300] "GET /cormun/static/Resources/asc.gif HTTP/1.1" 200 67
190.95.15.15 - - [29/Jul/2026:09:40:43 -0300] "GET /cormun//static/Resources/PXToolsActionDisabled.gif HTTP/1.1" 200 53
190.95.15.15 - - [29/Jul/2026:09:40:43 -0300] "GET /cormun//static/Resources/PXToolsActionPrint.png HTTP/1.1" 200 404
190.95.15.15 - - [29/Jul/2026:09:40:43 -0300] "GET /cormun//static/Resources/PXTools/ActionInsert.png HTTP/1.1" 200 1482
190.95.15.15 - - [29/Jul/2026:09:40:43 -0300] "GET /cormun//static/Resources/PXToolsHeaderHelp.png HTTP/1.1" 200 1333
190.95.15.15 - - [29/Jul/2026:09:40:43 -0300] "GET /cormun//static/Resources/PXToolsHeaderFavorites.png HTTP/1.1" 200 1414
190.95.15.15 - - [29/Jul/2026:09:40:43 -0300] "GET /cormun/static/Shared/ext/resources/themes/images/default/panel/bg-headersPanel.png HTTP/1.1" 200 255
190.95.15.15 - - [29/Jul/2026:09:40:43 -0300] "GET /cormun/static/Shared/ext/resources/themes/images/default/tools/tool-sprites.gif HTTP/1.1" 200 5434
190.95.15.15 - - [29/Jul/2026:09:41:17 -0300] "GET /cormun/servlet/licenciaspermisos?DSP,20957479,L,20260720000000, HTTP/1.1" 200 7094
190.95.15.15 - - [29/Jul/2026:09:41:17 -0300] "GET /cormun/static/gxcfg.js?202012153173 HTTP/1.1" 200 953
190.95.15.15 - - [29/Jul/2026:09:41:17 -0300] "GET /cormun/static/Resources/prompt.gif HTTP/1.1" 200 902
190.95.15.15 - - [29/Jul/2026:09:41:17 -0300] "GET /cormun/static/licenciaspermisos.js?2020121532136 HTTP/1.1" 200 38753
190.95.15.15 - - [29/Jul/2026:09:41:20 -0300] "GET /cormun/servlet/trlicencias? HTTP/1.1" 200 12995
114.80.33.21 - - [29/Jul/2026:09:44:09 -0300] "GET /manager/text/list HTTP/1.1" 401 2474
190.95.15.15 - - [29/Jul/2026:09:44:15 -0300] "GET /cormun/servlet/trpermisosgoce? HTTP/1.1" 200 6032
190.95.15.15 - - [29/Jul/2026:09:44:15 -0300] "GET /cormun/servlet/hlogin HTTP/1.1" 200 1739
190.95.15.15 - - [29/Jul/2026:09:44:15 -0300] "GET /favicon.ico HTTP/1.1" 200 21630
190.95.15.15 - - [29/Jul/2026:09:44:22 -0300] "POST /cormun/servlet/hlogin?bc02326fadc0d30ca0ecffd912552fc8,gx-no-cache=1785329494685 HTTP/1.1" 200 90
190.95.15.15 - - [29/Jul/2026:09:44:22 -0300] "GET /cormun/servlet/hpexe_link HTTP/1.1" 200 957
190.95.15.15 - - [29/Jul/2026:09:44:22 -0300] "GET /cormun/servlet/trpermisosgoce HTTP/1.1" 200 16890
190.95.15.15 - - [29/Jul/2026:09:44:25 -0300] "GET /cormun/servlet/trpermisosadjuntos?16881993,20260728110856,P, HTTP/1.1" 200 6312
190.95.15.15 - - [29/Jul/2026:09:44:25 -0300] "GET /cormun/static/gxcfg.js?2020121641683 HTTP/1.1" 200 953
190.95.15.15 - - [29/Jul/2026:09:44:25 -0300] "GET /cormun/static/trpermisosadjuntos.js?2020121642996 HTTP/1.1" 200 20158
190.95.15.15 - - [29/Jul/2026:09:44:27 -0300] "GET /cormun/servlet/permisosadjuntos?INS,16881993,P,20260728110856,, HTTP/1.1" 200 5633
190.95.15.15 - - [29/Jul/2026:09:44:27 -0300] "GET /cormun/static/gxcfg.js?20201215134212 HTTP/1.1" 200 953
190.95.15.15 - - [29/Jul/2026:09:44:27 -0300] "GET /cormun/static/permisosadjuntos.js?20201215134285 HTTP/1.1" 200 8724
190.95.15.15 - - [29/Jul/2026:09:44:27 -0300] "GET /cormun/static/about:blank HTTP/1.1" 404 1011
10.40.40.2 - - [29/Jul/2026:09:44:31 -0300] "POST /cormun/servlet/trlicencias?656d95259dc50a072278e94015f86e23,gx-no-cache=1785329490928 HTTP/1.1" 200 4566
190.95.15.15 - - [29/Jul/2026:09:44:34 -0300] "POST /cormun/servlet/permisosadjuntos?bc02326fadc0d30ca0ecffd912552fc8,INS,16881993,P,20260728110856,, HTTP/1.1" 200 116
190.95.15.15 - - [29/Jul/2026:09:44:34 -0300] "GET /cormun/servlet/hpexe_return? HTTP/1.1" 200 1038
190.95.15.15 - - [29/Jul/2026:09:44:34 -0300] "GET /cormun/servlet/trpermisosadjuntos?16881993,20260728110856,P, HTTP/1.1" 200 6793
190.95.15.15 - - [29/Jul/2026:09:44:36 -0300] "GET /cormun/servlet/trpermisosgoce? HTTP/1.1" 200 16889
190.95.15.15 - - [29/Jul/2026:09:44:41 -0300] "GET /cormun/servlet/trpermisosadjuntos?13945422,20260728102000,P, HTTP/1.1" 200 6311
190.95.67.91 - - [29/Jul/2026:09:44:42 -0300] "GET /cormun/servlet/trpermisosgoce? HTTP/1.1" 200 19447
190.95.15.15 - - [29/Jul/2026:09:44:42 -0300] "GET /cormun/servlet/permisosadjuntos?INS,13945422,P,20260728102000,, HTTP/1.1" 200 5637
190.95.15.15 - - [29/Jul/2026:09:44:42 -0300] "GET /cormun/static/about:blank HTTP/1.1" 404 1011
190.95.67.91 - - [29/Jul/2026:09:44:44 -0300] "GET /cormun/servlet/permisogoce?INS,0,,, HTTP/1.1" 200 7305
190.95.15.15 - - [29/Jul/2026:09:44:49 -0300] "POST /cormun/servlet/permisosadjuntos?bc02326fadc0d30ca0ecffd912552fc8,INS,13945422,P,20260728102000,, HTTP/1.1" 200 116
190.95.15.15 - - [29/Jul/2026:09:44:49 -0300] "GET /cormun/servlet/hpexe_return? HTTP/1.1" 200 1038
190.95.15.15 - - [29/Jul/2026:09:44:49 -0300] "GET /cormun/servlet/trpermisosadjuntos?13945422,20260728102000,P, HTTP/1.1" 200 6802
190.95.67.91 - - [29/Jul/2026:09:44:51 -0300] "GET /cormun/servlet/permisogoce?246da315f3059710c1ff614707911cccbcbe6dec3d7ad302532d6a396df73da31e19a883a4b2625ce89594d180542e8e9b2c1262a8305205852c3074ce527cbf,gx-no-cache=1785329523457 HTTP/1.1" 200 83
190.95.15.15 - - [29/Jul/2026:09:44:52 -0300] "GET /cormun/servlet/trpermisosgoce? HTTP/1.1" 200 16915
190.95.15.15 - - [29/Jul/2026:09:44:55 -0300] "GET /cormun/servlet/trpermisosadjuntos?13945422,20260728102035,P, HTTP/1.1" 200 6312
190.95.15.15 - - [29/Jul/2026:09:44:57 -0300] "GET /cormun/servlet/permisosadjuntos?INS,13945422,P,20260728102035,, HTTP/1.1" 200 5634
190.95.67.91 - - [29/Jul/2026:09:44:57 -0300] "GET /cormun/servlet/permisogoce?246da315f3059710c1ff614707911ccc75601a72268175b3710e9ff798475d81aa7d6cbd5700f7b709f17a103d614e472baf09dd1ff3f6251da172f235333ae5,gx-no-cache=1785329529170 HTTP/1.1" 200 48
190.95.15.15 - - [29/Jul/2026:09:44:57 -0300] "GET /cormun/static/about:blank HTTP/1.1" 404 1011
190.95.15.15 - - [29/Jul/2026:09:45:04 -0300] "POST /cormun/servlet/permisosadjuntos?bc02326fadc0d30ca0ecffd912552fc8,INS,13945422,P,20260728102035,, HTTP/1.1" 200 116
190.95.15.15 - - [29/Jul/2026:09:45:04 -0300] "GET /cormun/servlet/hpexe_return? HTTP/1.1" 200 1038
190.95.15.15 - - [29/Jul/2026:09:45:05 -0300] "GET /cormun/servlet/trpermisosadjuntos?13945422,20260728102035,P, HTTP/1.1" 200 6796
190.95.67.91 - - [29/Jul/2026:09:45:05 -0300] "POST /cormun/servlet/permisogoce?11ceb34bd51636fdf57a0943c57b2bcd,INS,0,,,,gx-no-cache=1785329536816 HTTP/1.1" 200 93
190.95.67.91 - - [29/Jul/2026:09:45:05 -0300] "GET /cormun/servlet/hpexe_return? HTTP/1.1" 200 1009
190.95.67.91 - - [29/Jul/2026:09:45:05 -0300] "GET /cormun/servlet/trpermisosgoce HTTP/1.1" 200 19416
190.95.15.15 - - [29/Jul/2026:09:45:07 -0300] "GET /cormun/servlet/trpermisosgoce? HTTP/1.1" 200 16915
190.95.15.15 - - [29/Jul/2026:09:45:09 -0300] "GET /cormun/servlet/trpermisosadjuntos?9012315,20260728091011,P, HTTP/1.1" 200 6311
190.95.15.15 - - [29/Jul/2026:09:45:11 -0300] "GET /cormun/servlet/permisosadjuntos?INS,9012315,P,20260728091011,, HTTP/1.1" 200 5635
190.95.15.15 - - [29/Jul/2026:09:45:11 -0300] "GET /cormun/static/about:blank HTTP/1.1" 404 1011
190.95.15.15 - - [29/Jul/2026:09:45:17 -0300] "POST /cormun/servlet/permisosadjuntos?bc02326fadc0d30ca0ecffd912552fc8,INS,9012315,P,20260728091011,, HTTP/1.1" 200 116
190.95.15.15 - - [29/Jul/2026:09:45:17 -0300] "GET /cormun/servlet/hpexe_return? HTTP/1.1" 200 1038
190.95.15.15 - - [29/Jul/2026:09:45:17 -0300] "GET /cormun/servlet/trpermisosadjuntos?9012315,20260728091011,P, HTTP/1.1" 200 6796
190.95.15.15 - - [29/Jul/2026:09:45:19 -0300] "GET /cormun/servlet/trpermisosgoce? HTTP/1.1" 200 16903
190.95.15.15 - - [29/Jul/2026:09:45:21 -0300] "GET /cormun/servlet/trpermisosadjuntos?14203762,20260728091219,P, HTTP/1.1" 200 6305
190.95.15.15 - - [29/Jul/2026:09:45:23 -0300] "GET /cormun/servlet/permisosadjuntos?INS,14203762,P,20260728091219,, HTTP/1.1" 200 5630
190.95.15.15 - - [29/Jul/2026:09:45:23 -0300] "GET /cormun/static/about:blank HTTP/1.1" 404 1011
190.95.15.15 - - [29/Jul/2026:09:45:29 -0300] "POST /cormun/servlet/permisosadjuntos?bc02326fadc0d30ca0ecffd912552fc8,INS,14203762,P,20260728091219,, HTTP/1.1" 200 116
190.95.15.15 - - [29/Jul/2026:09:45:29 -0300] "GET /cormun/servlet/hpexe_return? HTTP/1.1" 200 1039
190.95.15.15 - - [29/Jul/2026:09:45:29 -0300] "GET /cormun/servlet/trpermisosadjuntos?14203762,20260728091219,P, HTTP/1.1" 200 6780
190.95.15.15 - - [29/Jul/2026:09:45:32 -0300] "GET /cormun/servlet/trpermisosgoce? HTTP/1.1" 200 16916
190.95.15.15 - - [29/Jul/2026:09:45:35 -0300] "GET /cormun/servlet/trpermisosadjuntos?19591705,20260728162040,P, HTTP/1.1" 200 6311
190.95.67.91 - - [29/Jul/2026:09:45:36 -0300] "POST /cormun/servlet/trpermisosgoce?11ceb34bd51636fdf57a0943c57b2bcd,gx-no-cache=1785329568019 HTTP/1.1" 200 16470
190.95.15.15 - - [29/Jul/2026:09:45:36 -0300] "GET /cormun/servlet/permisosadjuntos?INS,19591705,P,20260728162040,, HTTP/1.1" 200 5631
190.95.15.15 - - [29/Jul/2026:09:45:36 -0300] "GET /cormun/static/about:blank HTTP/1.1" 404 1011
190.95.67.91 - - [29/Jul/2026:09:45:38 -0300] "GET /cormun/servlet/trpermisosadjuntos?17137328,20260729085346,P, HTTP/1.1" 200 6729
190.95.67.91 - - [29/Jul/2026:09:45:39 -0300] "GET /cormun/servlet/permisosadjuntos?INS,17137328,P,20260729085346,, HTTP/1.1" 200 6049
190.95.67.91 - - [29/Jul/2026:09:45:39 -0300] "GET /cormun/static/about:blank HTTP/1.1" 404 1011
190.95.15.15 - - [29/Jul/2026:09:45:43 -0300] "POST /cormun/servlet/permisosadjuntos?bc02326fadc0d30ca0ecffd912552fc8,INS,19591705,P,20260728162040,, HTTP/1.1" 200 116
190.95.15.15 - - [29/Jul/2026:09:45:43 -0300] "GET /cormun/servlet/hpexe_return? HTTP/1.1" 200 1040
190.95.15.15 - - [29/Jul/2026:09:45:43 -0300] "GET /cormun/servlet/trpermisosadjuntos?19591705,20260728162040,P, HTTP/1.1" 200 6788
190.95.15.15 - - [29/Jul/2026:09:45:45 -0300] "GET /cormun/servlet/trpermisosgoce? HTTP/1.1" 200 16903
190.95.67.91 - - [29/Jul/2026:09:45:46 -0300] "POST /cormun/servlet/permisosadjuntos?11ceb34bd51636fdf57a0943c57b2bcd,INS,17137328,P,20260729085346,, HTTP/1.1" 200 116
190.95.67.91 - - [29/Jul/2026:09:45:46 -0300] "GET /cormun/servlet/hpexe_return? HTTP/1.1" 200 1038
190.95.67.91 - - [29/Jul/2026:09:45:46 -0300] "GET /cormun/servlet/trpermisosadjuntos?17137328,20260729085346,P, HTTP/1.1" 200 7259
190.95.67.91 - - [29/Jul/2026:09:45:49 -0300] "GET /cormun/servlet/trlicencias? HTTP/1.1" 200 14603
190.95.2.163 - - [29/Jul/2026:09:47:36 -0300] "POST /cormun/servlet/trpermisosgoce?1c0026693ed73ab7f1c20cf07cbfc13b,,gx-no-cache=1785329687830 HTTP/1.1" 200 15558
190.95.2.163 - - [29/Jul/2026:09:47:47 -0300] "GET /cormun/servlet/permisogoce?INS,0,,, HTTP/1.1" 200 6857
190.95.2.163 - - [29/Jul/2026:09:47:51 -0300] "GET /cormun/servlet/trpermisosgoce? HTTP/1.1" 200 18290
114.80.33.21 - - [29/Jul/2026:09:48:50 -0300] "GET /manager/text/list HTTP/1.1" 401 2474
190.95.2.163 - - [29/Jul/2026:09:49:13 -0300] "POST /cormun/servlet/trpermisosgoce?1c0026693ed73ab7f1c20cf07cbfc13b,,gx-no-cache=1785329785088 HTTP/1.1" 200 15564
190.95.67.93 - - [29/Jul/2026:09:51:52 -0300] "GET /cormun/servlet/trlicencias? HTTP/1.1" 200 6057
190.95.67.93 - - [29/Jul/2026:09:51:52 -0300] "GET /cormun/servlet/hlogin HTTP/1.1" 200 1740
190.95.67.93 - - [29/Jul/2026:09:51:55 -0300] "POST /cormun/servlet/hlogin?a01bdee9f6427a4384cf159c6723907f,gx-no-cache=1785329947539 HTTP/1.1" 200 90
190.95.67.93 - - [29/Jul/2026:09:51:55 -0300] "GET /cormun/servlet/hpexe_link HTTP/1.1" 200 957
190.95.67.93 - - [29/Jul/2026:09:51:55 -0300] "GET /cormun/servlet/trlicencias HTTP/1.1" 200 13134
114.80.33.21 - - [29/Jul/2026:09:53:21 -0300] "GET /manager/text/list HTTP/1.1" 401 2474
114.80.33.21 - - [29/Jul/2026:09:57:54 -0300] "GET /manager/text/list HTTP/1.1" 401 2474
201.186.226.5 - - [29/Jul/2026:10:01:25 -0300] "POST /cormun/servlet/trlicencias?44e3712ec9ba24a8a44e7e4dadf208db,,gx-no-cache=1785330517754 HTTP/1.1" 440 972
201.186.226.5 - - [29/Jul/2026:10:01:27 -0300] "GET /cormun/servlet/trlicencias? HTTP/1.1" 200 6051
201.186.226.5 - - [29/Jul/2026:10:01:27 -0300] "GET /cormun/servlet/hlogin HTTP/1.1" 200 1740
201.186.226.5 - - [29/Jul/2026:10:01:27 -0300] "GET /cormun/servlet/trlicencias? HTTP/1.1" 200 6051
201.186.226.5 - - [29/Jul/2026:10:01:29 -0300] "POST /cormun/servlet/hlogin?a78a818761cd6c2fbb271b29acecb4b8,gx-no-cache=1785330521845 HTTP/1.1" 200 90
201.186.226.5 - - [29/Jul/2026:10:01:29 -0300] "GET /cormun/servlet/hpexe_link HTTP/1.1" 200 958
201.186.226.5 - - [29/Jul/2026:10:01:30 -0300] "GET /cormun/servlet/trlicencias HTTP/1.1" 200 12276
114.80.33.21 - - [29/Jul/2026:10:02:19 -0300] "GET /manager/text/list HTTP/1.1" 401 2474
10.40.40.2 - - [29/Jul/2026:10:02:25 -0300] "POST /cormun/servlet/trlicencias?656d95259dc50a072278e94015f86e23,gx-no-cache=1785330564830 HTTP/1.1" 200 4566
10.40.40.2 - - [29/Jul/2026:10:02:26 -0300] "POST /cormun/servlet/trlicencias?656d95259dc50a072278e94015f86e23,gx-no-cache=1785330565864 HTTP/1.1" 200 4567
10.40.40.2 - - [29/Jul/2026:10:02:28 -0300] "POST /cormun/servlet/trlicencias?656d95259dc50a072278e94015f86e23,gx-no-cache=1785330567417 HTTP/1.1" 200 4566
190.95.2.163 - - [29/Jul/2026:10:02:53 -0300] "GET /cormun/servlet/hlogin HTTP/1.1" 200 1716
190.95.2.163 - - [29/Jul/2026:10:02:58 -0300] "POST /cormun/servlet/hlogin?1c0026693ed73ab7f1c20cf07cbfc13b,gx-no-cache=1785330610271 HTTP/1.1" 200 90
190.95.2.163 - - [29/Jul/2026:10:02:58 -0300] "GET /cormun/servlet/hpexe_link HTTP/1.1" 200 955
190.95.2.163 - - [29/Jul/2026:10:02:58 -0300] "GET /cormun/servlet/trpermisosgoce? HTTP/1.1" 200 18283
201.186.225.191 - - [29/Jul/2026:10:05:43 -0300] "GET /cormun/servlet/trlicencias? HTTP/1.1" 200 6046
201.186.225.191 - - [29/Jul/2026:10:05:44 -0300] "GET /cormun/servlet/hlogin HTTP/1.1" 200 1735
201.186.225.191 - - [29/Jul/2026:10:05:46 -0300] "POST /cormun/servlet/hlogin?639322e2e211be4e95648a57b4dad512,gx-no-cache=1785330780131 HTTP/1.1" 200 90
201.186.225.191 - - [29/Jul/2026:10:05:46 -0300] "GET /cormun/servlet/hpexe_link HTTP/1.1" 200 953
201.186.225.191 - - [29/Jul/2026:10:05:46 -0300] "GET /cormun/servlet/trlicencias HTTP/1.1" 200 11540
179.57.78.9 - - [29/Jul/2026:10:06:34 -0300] "GET /cormun/servlet/hlogin HTTP/1.1" 200 1722
179.57.78.9 - - [29/Jul/2026:10:06:35 -0300] "GET /cormun/servlet/hlogin HTTP/1.1" 200 1733
179.57.78.9 - - [29/Jul/2026:10:06:38 -0300] "POST /cormun/servlet/hlogin?47dfc4ff1871dba2575f3f7dbbb12c49,gx-no-cache=1785330831686 HTTP/1.1" 200 90
179.57.78.9 - - [29/Jul/2026:10:06:38 -0300] "GET /cormun/servlet/hpexe_link HTTP/1.1" 200 952
179.57.78.9 - - [29/Jul/2026:10:06:38 -0300] "GET /cormun/servlet/hhome HTTP/1.1" 200 4351
179.57.78.9 - - [29/Jul/2026:10:06:44 -0300] "GET /cormun/servlet/trcontratounov2? HTTP/1.1" 200 17990
179.57.78.9 - - [29/Jul/2026:10:06:44 -0300] "GET /cormun/static/gxcfg.js?2020121614367 HTTP/1.1" 200 953
179.57.78.9 - - [29/Jul/2026:10:06:45 -0300] "GET /cormun/static/trcontratounov2.js?20201216143065 HTTP/1.1" 200 38486
179.57.78.9 - - [29/Jul/2026:10:06:45 -0300] "GET /cormun/static/Resources/PXToolsAddSelectedAction.png HTTP/1.1" 200 523
156.225.1.36 - - [29/Jul/2026:10:06:54 -0300] "òFݓ“8Í ~Ԉ/S‡“¿í€ÛŽA¦éý±Ù#7 " 400 -
179.57.78.9 - - [29/Jul/2026:10:06:54 -0300] "GET /cormun/servlet/trcontratosolicitud? HTTP/1.1" 200 14760
179.57.78.9 - - [29/Jul/2026:10:06:54 -0300] "GET /cormun/static/gxcfg.js?202211298514361 HTTP/1.1" 200 953
179.57.78.9 - - [29/Jul/2026:10:06:54 -0300] "GET /cormun/static/trcontratosolicitud.js?202211298514531 HTTP/1.1" 200 28237
179.57.78.9 - - [29/Jul/2026:10:06:54 -0300] "GET /cormun//static/Resources/PXToolsGridNew.png HTTP/1.1" 200 427
156.225.1.36 - - [29/Jul/2026:10:06:55 -0300] "-" 400 -
156.225.1.36 - - [29/Jul/2026:10:06:55 -0300] "GET /v1/vector/collections/describe HTTP/1.1" 404 1021
156.225.1.36 - - [29/Jul/2026:10:06:56 -0300] "GET /v1 HTTP/1.1" 404 965
156.225.1.36 - - [29/Jul/2026:10:06:57 -0300] "GET / HTTP/1.1" 200 11217
179.57.78.9 - - [29/Jul/2026:10:06:58 -0300] "GET /cormun/servlet/trcontratoobservaciondir? HTTP/1.1" 200 15656
179.57.78.9 - - [29/Jul/2026:10:06:58 -0300] "GET /cormun/static/gxcfg.js?20221129848537 HTTP/1.1" 200 953
179.57.78.9 - - [29/Jul/2026:10:06:58 -0300] "GET /cormun/static/trcontratoobservaciondir.js?20221129848696 HTTP/1.1" 200 27185
156.225.1.36 - - [29/Jul/2026:10:06:58 -0300] "GET / HTTP/1.1" 200 11217
156.225.1.36 - - [29/Jul/2026:10:07:00 -0300] "GET /favicon.ico HTTP/1.1" 200 21630
179.57.78.9 - - [29/Jul/2026:10:07:04 -0300] "GET /cormun/servlet/trcontratounov2? HTTP/1.1" 200 17988
186.172.108.51 - - [29/Jul/2026:10:08:09 -0300] "GET /cormun/servlet/trlicencias? HTTP/1.1" 200 6047
186.172.108.51 - - [29/Jul/2026:10:08:09 -0300] "GET /cormun/servlet/hlogin HTTP/1.1" 200 1737
190.95.15.23 - - [29/Jul/2026:10:08:37 -0300] "GET /cormun/servlet/hlogin HTTP/1.1" 200 1715
190.95.15.23 - - [29/Jul/2026:10:08:44 -0300] "POST /cormun/servlet/hlogin?6f99ace2adec21decf749bdd640515db,gx-no-cache=1785330956418 HTTP/1.1" 200 90
190.95.15.23 - - [29/Jul/2026:10:08:44 -0300] "GET /cormun/servlet/hpexe_link HTTP/1.1" 200 946
190.95.15.23 - - [29/Jul/2026:10:08:44 -0300] "GET /cormun/servlet/hhome HTTP/1.1" 200 4193
190.95.15.23 - - [29/Jul/2026:10:08:55 -0300] "GET /cormun/servlet/trlicencias? HTTP/1.1" 200 10390
179.57.78.9 - - [29/Jul/2026:10:09:16 -0300] "GET /cormun/servlet/trsolicitudot? HTTP/1.1" 200 7562
179.57.78.9 - - [29/Jul/2026:10:09:19 -0300] "GET /cormun/servlet/solicitudot?INS,0,0,false, HTTP/1.1" 200 16435
179.57.78.9 - - [29/Jul/2026:10:09:26 -0300] "POST /cormun/servlet/solicitudot?gx-no-cache=1785330999212 HTTP/1.1" 200 4071
179.57.78.9 - - [29/Jul/2026:10:09:26 -0300] "POST /cormun/servlet/solicitudot?47dfc4ff1871dba2575f3f7dbbb12c49,INS,0,0,false,,gx-no-cache=1785330999330 HTTP/1.1" 200 12958
190.95.15.9 - - [29/Jul/2026:10:09:30 -0300] "POST /cormun/servlet/trsolicitudot?62b7b3b335f38355c3729973e9226f7c,,gx-no-cache=1785331002729 HTTP/1.1" 440 972
190.95.15.9 - - [29/Jul/2026:10:09:32 -0300] "GET /cormun/servlet/trsolicitudot? HTTP/1.1" 200 7762
190.95.15.9 - - [29/Jul/2026:10:09:32 -0300] "GET /cormun/servlet/hlogin HTTP/1.1" 200 1732
190.95.15.9 - - [29/Jul/2026:10:09:35 -0300] "POST /cormun/servlet/hlogin?78cc9778fe700c9643ae19621bbb9324,gx-no-cache=1785331007381 HTTP/1.1" 200 90
190.95.15.9 - - [29/Jul/2026:10:09:35 -0300] "GET /cormun/servlet/hpexe_link HTTP/1.1" 200 950
190.95.15.9 - - [29/Jul/2026:10:09:35 -0300] "GET /cormun/servlet/trsolicitudot HTTP/1.1" 200 7343
190.95.15.9 - - [29/Jul/2026:10:09:39 -0300] "GET /cormun/servlet/trlicencias? HTTP/1.1" 200 11351
179.57.78.9 - - [29/Jul/2026:10:09:40 -0300] "POST /cormun/servlet/solicitudot?gx-no-cache=1785331013538 HTTP/1.1" 200 4071
179.57.78.9 - - [29/Jul/2026:10:09:40 -0300] "POST /cormun/servlet/solicitudot?47dfc4ff1871dba2575f3f7dbbb12c49,INS,0,0,false,,gx-no-cache=1785331013660 HTTP/1.1" 200 13004
190.95.15.9 - - [29/Jul/2026:10:09:43 -0300] "GET /cormun/servlet/trsolicitudot? HTTP/1.1" 200 7341
179.57.78.9 - - [29/Jul/2026:10:09:46 -0300] "GET /cormun/servlet/trsolicitudot? HTTP/1.1" 200 7562
190.95.15.9 - - [29/Jul/2026:10:09:47 -0300] "GET /cormun/servlet/solicitudot?INS,0,0,false, HTTP/1.1" 200 16389
179.57.78.9 - - [29/Jul/2026:10:09:49 -0300] "GET /cormun/static/menuarrow.gif HTTP/1.1" 404 1015
179.57.78.9 - - [29/Jul/2026:10:09:57 -0300] "POST /cormun/servlet/trsolicitudot?47dfc4ff1871dba2575f3f7dbbb12c49,,gx-no-cache=1785331030653 HTTP/1.1" 200 14001
10.40.40.2 - - [29/Jul/2026:10:10:01 -0300] "GET /cormun/servlet/trlicencias HTTP/1.1" 200 6049
10.40.40.2 - - [29/Jul/2026:10:10:01 -0300] "GET /cormun/servlet/hlogin HTTP/1.1" 200 1733
10.40.40.2 - - [29/Jul/2026:10:10:01 -0300] "GET /cormun/servlet/trlicencias HTTP/1.1" 200 6047
179.57.78.9 - - [29/Jul/2026:10:10:09 -0300] "GET /cormun/servlet/trcontratounov2? HTTP/1.1" 200 17986
179.57.78.9 - - [29/Jul/2026:10:10:22 -0300] "POST /cormun/servlet/trcontratounov2?47dfc4ff1871dba2575f3f7dbbb12c49,,gx-no-cache=1785331055951 HTTP/1.1" 200 18132
179.57.78.9 - - [29/Jul/2026:10:10:23 -0300] "GET /cormun/static/Resources/PXToolsGridFirst.gif HTTP/1.1" 200 379
179.57.78.9 - - [29/Jul/2026:10:10:23 -0300] "GET /cormun/static/Resources/PXToolsGridPrevious.gif HTTP/1.1" 200 369
179.57.78.9 - - [29/Jul/2026:10:10:23 -0300] "GET /cormun/static/Resources/PXToolsGridNext.gif HTTP/1.1" 200 369
179.57.78.9 - - [29/Jul/2026:10:10:23 -0300] "GET /cormun/static/Resources/PXToolsGridLast.gif HTTP/1.1" 200 370
190.95.15.9 - - [29/Jul/2026:10:10:37 -0300] "POST /cormun/servlet/solicitudot?gx-no-cache=1785331068892 HTTP/1.1" 200 4063
190.95.15.9 - - [29/Jul/2026:10:10:37 -0300] "POST /cormun/servlet/solicitudot?78cc9778fe700c9643ae19621bbb9324,INS,0,0,false,,gx-no-cache=1785331069088 HTTP/1.1" 200 12953
190.95.15.9 - - [29/Jul/2026:10:10:39 -0300] "GET /cormun/servlet/solicitudot?a6f27ca841ac0a71dc7737aea88fff89003af0d897d2c3ca1bef6bb8ad5c0a3bddd348d58c7c0119ef68621b890a1f9d,gx-no-cache=1785331071791 HTTP/1.1" 200 30
114.80.33.21 - - [29/Jul/2026:10:11:24 -0300] "GET /manager/text/list HTTP/1.1" 401 2474
179.57.78.9 - - [29/Jul/2026:10:11:36 -0300] "GET /cormun/servlet/trsolicitudot? HTTP/1.1" 200 16670
179.57.78.9 - - [29/Jul/2026:10:11:43 -0300] "GET /cormun/servlet/solicitudot?INS,0,0,false, HTTP/1.1" 200 16433
179.57.78.9 - - [29/Jul/2026:10:11:50 -0300] "POST /cormun/servlet/solicitudot?gx-no-cache=1785331143577 HTTP/1.1" 200 4123
179.57.78.9 - - [29/Jul/2026:10:11:50 -0300] "GET /cormun/static/Shared/jqueryui/images/ui-bg_highlight-soft_100_c6c2c8_1x100.png HTTP/1.1" 404 1117
179.57.78.9 - - [29/Jul/2026:10:11:50 -0300] "GET /cormun/static/Shared/jqueryui/images/ui-icons_82798d_256x240.png HTTP/1.1" 404 1089
179.57.78.9 - - [29/Jul/2026:10:11:50 -0300] "GET /cormun/static/Shared/jqueryui/images/ui-bg_flat_55_994d53_40x100.png HTTP/1.1" 404 1097
179.57.78.9 - - [29/Jul/2026:10:11:50 -0300] "GET /cormun/static/Shared/jqueryui/images/ui-icons_ebccce_256x240.png HTTP/1.1" 404 1089
179.57.78.9 - - [29/Jul/2026:10:11:50 -0300] "GET /cormun/servlet/solicitudot?a6f2a95b2919cf225bf6674778e6b67183027cc75535a967df4bb4a7b4f2141d,gx-no-cache=1785331143648 HTTP/1.1" 200 111
179.57.78.9 - - [29/Jul/2026:10:11:50 -0300] "GET /cormun/servlet/solicitudot?a6f2a95b2919cf225bf6674778e6b67106d5d57596cf56b93058d55709b00536,gx-no-cache=1785331143672 HTTP/1.1" 200 94
179.57.78.9 - - [29/Jul/2026:10:11:50 -0300] "GET /cormun/servlet/solicitudot?a6f2a95b2919cf225bf6674778e6b67162fa06834b1394778a8cba93fbd90355,gx-no-cache=1785331143690 HTTP/1.1" 200 29
179.57.78.9 - - [29/Jul/2026:10:11:50 -0300] "GET /cormun/servlet/solicitudot?a6f2a95b2919cf225bf6674778e6b671dbf0c9795ddf283516dc27f660b62bfd35150a304f46e4f04942cfebd26383f5ea0dc7475a1d5c71ca32a71883eed97d227b40fbdcd6e9a85f91de6c9d17ad08cd78edc4b87d7cfdcfd08256362e5ccabc19d98f6d08d800e5e746ef524271fba961090f6c925743158f4ca6bd97082d64d7bb28e1833f0a44c8959302564eb5131e89bff1686f4a6c5255c5533018c6d6954c1d0b32c58bca730582478b6db2235c90a9c4ba1ae51f12974c9763a108311af75490fd4deff49f09b248c39f00f90967410da24fcad93611e0e0679d2f97e831b8ed0222d235040b6b5e0f295943715a816be6159e3768f7a6d9d29afdf9806900ab46a8e249c4a3a35f00c0569a07057f615905780d715b1a3a20c6ca2bb5adfa77ea65d8168c4308cb2686cb754d371123666dfbe837e814ce84195a1428737355e4bfd5c76c65ec4e5de19a,gx-no-cache=1785331143711 HTTP/1.1" 200 297
179.57.78.9 - - [29/Jul/2026:10:11:50 -0300] "GET /cormun/servlet/solicitudot?a6f2a95b2919cf225bf6674778e6b67128e4f102e4e7ba058e67bdb0112c9e9bdf7e410400c511245211573c4412e759683cb254e71ce59380ebef5f2495e39914b2def7bc6031198bae0d84889027ed817cb312c96ffdbddbd480dee000d954f06370f48f0e0885729c1789803ff550f481c8822e9169b5cd0b0fcbad09c569c744cd92c660731f4ca0fb0e6626ad947a34da27ac3b58bc0be8f3cfccf088ded33ac942b93155f21b584272f527e43407cfc66fe29a48cad832efc5de0eb5c06904a4fee5de741d6e85844840929664229c8b86d075c6cc92161f19a130cce85aa074a8ce83937ad99ee9d6e852b028d0e2a69af152600e68d3205035ec200b5da21c70ae41d0dd039e57a74482186fe81675c8adcc95c0daec62b9ef29ac4a398971525d9c5430db7da9ba29f4b78c2ceab27bd6b0b12c4b0e3fc99ea3a2221952878882442eb7678d8056f75a22108a23d06a488da6b27e271b1c8d4cf726bc5a47be363839ac91fd03a9fcd195d8e342e9381cbabca0d9a5ec7cc1a7c4b9afeead651264f7f704f4c03998f00c53,gx-no-cache=1785331143736 HTTP/1.1" 200 30
179.57.78.9 - - [29/Jul/2026:10:12:01 -0300] "GET /cormun/servlet/trcontratounov2? HTTP/1.1" 200 18234
192.168.10.19 - - [29/Jul/2026:10:12:04 -0300] "GET /cormun/servlet/hlogin HTTP/1.1" 200 1721
192.168.10.19 - - [29/Jul/2026:10:12:07 -0300] "POST /cormun/servlet/hlogin?8f4b6848ec4b321a9b23bf14b5caf29e,gx-no-cache=1785331269040 HTTP/1.1" 200 431
192.168.10.19 - - [29/Jul/2026:10:12:11 -0300] "POST /cormun/servlet/hlogin?8f4b6848ec4b321a9b23bf14b5caf29e,gx-no-cache=1785331272544 HTTP/1.1" 200 90
192.168.10.19 - - [29/Jul/2026:10:12:11 -0300] "GET /cormun/servlet/hpexe_link HTTP/1.1" 200 950
192.168.10.19 - - [29/Jul/2026:10:12:11 -0300] "GET /cormun/servlet/hhome HTTP/1.1" 200 3835
192.168.10.19 - - [29/Jul/2026:10:12:18 -0300] "GET /cormun/servlet/trsolicitudgral? HTTP/1.1" 200 10267
192.168.10.19 - - [29/Jul/2026:10:12:22 -0300] "GET /cormun/static/menuarrow.gif HTTP/1.1" 404 1015
190.95.67.91 - - [29/Jul/2026:10:12:24 -0300] "POST /cormun/servlet/trlicencias?11ceb34bd51636fdf57a0943c57b2bcd,,gx-no-cache=1785331176275 HTTP/1.1" 200 12393
190.95.67.91 - - [29/Jul/2026:10:12:24 -0300] "POST /cormun/servlet/trlicencias?11ceb34bd51636fdf57a0943c57b2bcd,,gx-no-cache=1785331176586 HTTP/1.1" 200 12393
190.95.67.91 - - [29/Jul/2026:10:12:25 -0300] "POST /cormun/servlet/trlicencias?11ceb34bd51636fdf57a0943c57b2bcd,,gx-no-cache=1785331177278 HTTP/1.1" 200 12396
192.168.10.19 - - [29/Jul/2026:10:12:26 -0300] "POST /cormun/servlet/trsolicitudgral?8f4b6848ec4b321a9b23bf14b5caf29e,,gx-no-cache=1785331287416 HTTP/1.1" 200 7637
179.57.78.9 - - [29/Jul/2026:10:12:56 -0300] "POST /cormun/servlet/trcontratounov2?47dfc4ff1871dba2575f3f7dbbb12c49,,gx-no-cache=1785331209773 HTTP/1.1" 200 15829
179.57.78.9 - - [29/Jul/2026:10:13:09 -0300] "GET /cormun/servlet/trsolicitudot? HTTP/1.1" 200 16670
179.57.78.9 - - [29/Jul/2026:10:13:13 -0300] "GET /cormun/servlet/solicitudot?INS,0,0,false, HTTP/1.1" 200 16436
179.57.78.9 - - [29/Jul/2026:10:13:20 -0300] "POST /cormun/servlet/solicitudot?gx-no-cache=1785331233371 HTTP/1.1" 200 4071
179.57.78.9 - - [29/Jul/2026:10:13:20 -0300] "POST /cormun/servlet/solicitudot?47dfc4ff1871dba2575f3f7dbbb12c49,INS,0,0,false,,gx-no-cache=1785331233471 HTTP/1.1" 200 12957
179.57.78.9 - - [29/Jul/2026:10:13:21 -0300] "GET /cormun/servlet/solicitudot?a6f2a95b2919cf225bf6674778e6b671af6fa8a5445ec1049ae92eb54d8da06b3bbc879e15770548e1a677722b485346,gx-no-cache=1785331234329 HTTP/1.1" 200 111
114.80.33.21 - - [29/Jul/2026:10:15:59 -0300] "GET /manager/text/list HTTP/1.1" 401 2474
114.80.33.21 - - [29/Jul/2026:10:20:33 -0300] "GET /manager/text/list HTTP/1.1" 401 2474
201.186.225.187 - - [29/Jul/2026:10:24:34 -0300] "GET /cormun/servlet/trpermisosgoce? HTTP/1.1" 200 6034
201.186.225.187 - - [29/Jul/2026:10:24:34 -0300] "GET /cormun/servlet/hlogin HTTP/1.1" 200 1740
201.186.225.187 - - [29/Jul/2026:10:24:41 -0300] "POST /cormun/servlet/hlogin?86ed78b961148befbfa034943dd9b776,gx-no-cache=1785331976615 HTTP/1.1" 200 90
201.186.225.187 - - [29/Jul/2026:10:24:41 -0300] "GET /cormun/servlet/hpexe_link HTTP/1.1" 200 958
201.186.225.187 - - [29/Jul/2026:10:24:41 -0300] "GET /cormun/servlet/trpermisosgoce HTTP/1.1" 200 11569
190.95.2.163 - - [29/Jul/2026:10:24:41 -0300] "GET /cormun/servlet/hlogin HTTP/1.1" 200 1716
190.95.2.163 - - [29/Jul/2026:10:24:59 -0300] "POST /cormun/servlet/hlogin?1c0026693ed73ab7f1c20cf07cbfc13b,gx-no-cache=1785331931615 HTTP/1.1" 200 90
190.95.2.163 - - [29/Jul/2026:10:24:59 -0300] "GET /cormun/servlet/hpexe_link HTTP/1.1" 200 953
190.95.2.163 - - [29/Jul/2026:10:25:00 -0300] "GET /cormun/servlet/trpermisosgoce HTTP/1.1" 200 18283
201.186.225.187 - - [29/Jul/2026:10:25:30 -0300] "GET /cormun/servlet/permisogoce?INS,0,,, HTTP/1.1" 200 6839
201.186.225.187 - - [29/Jul/2026:10:25:47 -0300] "GET /cormun/servlet/permisogoce?c3ea2b362524d5adfb4552a0b31b68cc97903f61a19a0c231be42b056056baa872c34aec9f28bad6288671dccb6568d00045e9934fd68d31c948778cea22f5fd,gx-no-cache=1785332043267 HTTP/1.1" 200 77
201.186.225.187 - - [29/Jul/2026:10:25:52 -0300] "GET /cormun/static/menuarrow.gif HTTP/1.1" 404 1015
201.186.225.187 - - [29/Jul/2026:10:25:56 -0300] "GET /cormun/servlet/permisogoce?c3ea2b362524d5adfb4552a0b31b68cce717937f5afc14082caff8f0ef6db46a25e1bf2705c410cb53ca9d4df27faa2aece208cab4879e89e39214a38f4de18f,gx-no-cache=1785332052135 HTTP/1.1" 200 48
201.186.225.187 - - [29/Jul/2026:10:25:59 -0300] "POST /cormun/servlet/permisogoce?86ed78b961148befbfa034943dd9b776,INS,0,,,,gx-no-cache=1785332054425 HTTP/1.1" 200 93
201.186.225.187 - - [29/Jul/2026:10:25:59 -0300] "GET /cormun/servlet/hpexe_return? HTTP/1.1" 200 1010
201.186.225.187 - - [29/Jul/2026:10:25:59 -0300] "GET /cormun/servlet/trpermisosgoce HTTP/1.1" 200 11829
201.186.225.187 - - [29/Jul/2026:10:26:02 -0300] "GET /cormun/servlet/apermisogoceprn?18379191,P,20260729093432,PU HTTP/1.1" 200 1650
190.95.2.163 - - [29/Jul/2026:10:27:01 -0300] "GET /cormun/static/menuarrow.gif HTTP/1.1" 404 1015
190.95.2.163 - - [29/Jul/2026:10:27:07 -0300] "POST /cormun/servlet/trpermisosgoce?1c0026693ed73ab7f1c20cf07cbfc13b,gx-no-cache=1785332058566 HTTP/1.1" 200 15569
190.95.15.9 - - [29/Jul/2026:10:28:00 -0300] "GET /cormun/servlet/solicitudot?a6f27ca841ac0a71dc7737aea88fff897ec2835cc897e51c62c326f5ab043bbed38e4aebb9a508305075e50fc2a64bc1984ca7f3a972c29481847845bf5afe49,gx-no-cache=1785332112111 HTTP/1.1" 200 30
190.95.15.9 - - [29/Jul/2026:10:28:03 -0300] "GET /cormun/servlet/solicitudot?a6f27ca841ac0a71dc7737aea88fff8907db9119af6db11a220ba1fa908257c2,gx-no-cache=1785332115278 HTTP/1.1" 200 53
190.95.15.9 - - [29/Jul/2026:10:29:16 -0300] "POST /cormun/servlet/solicitudot?gx-no-cache=1785332188510 HTTP/1.1" 200 240
190.95.15.9 - - [29/Jul/2026:10:29:18 -0300] "GET /cormun/servlet/solicitudot?a6f27ca841ac0a71dc7737aea88fff89aae2b98311d194e57fe44c55659cce618936c611444000dae413d0a2716c322eb6cefc6ddbc1285b5e8c590cd8f29c539b01b2a1209373fc9f4e21a3f407c53f5d2c1b58ca5e2baaaf41d2aeff655a08dc620ab0ddfc8408e27770da078b5dcc9996879e3b5dcd9f799a09810c9bc65670dbdaa086ae14e607695a0d0c9b26cac24d17f8c5195cb85b5bf94d6a552e565a2aeef8b4bf109eb4a93fae660080c9f5388fef2a4e039f259095854979b45f254c0882ac9fd1179344117bad2fc2a798503ca8d6e63fb97b73d87a20f4efeb79c7eabd7b4ef6592a5cf4030d65fda30e700faba34e7759d81d36cf2fb7aaf5cea963ee31d7fe800c22b4c575d494557d41ad8d2e26f3e23265e23af4d24c00e14e3242e711e8f26ce2db9fc772c2ed15003ab93d87b1559c9f93fac54efa053c60b002092a055bc52deb8200d20b8b2bef07f16dc2570dad5d65f09620e6bb7e4da6a5fe17e376f252c206a49a257710da8f5fbfe412cff7d7f2d1e961d7a1,gx-no-cache=1785332190712 HTTP/1.1" 200 30
190.95.15.9 - - [29/Jul/2026:10:29:21 -0300] "POST /cormun/servlet/solicitudot?gx-no-cache=1785332193742 HTTP/1.1" 200 30
114.80.33.21 - - [29/Jul/2026:10:29:32 -0300] "GET /manager/text/list HTTP/1.1" 401 2474
190.95.15.13 - - [29/Jul/2026:10:30:31 -0300] "GET /cormun/servlet/hlogin HTTP/1.1" 200 1721
190.95.15.13 - - [29/Jul/2026:10:30:37 -0300] "POST /cormun/servlet/hlogin?b33f8f0b11755b1073d9e0c1df8e18ba,gx-no-cache=1785332266491 HTTP/1.1" 200 90
190.95.15.13 - - [29/Jul/2026:10:30:37 -0300] "GET /cormun/servlet/hpexe_link HTTP/1.1" 200 949
190.95.15.13 - - [29/Jul/2026:10:30:37 -0300] "GET /cormun/servlet/hhome HTTP/1.1" 200 4280
190.95.15.9 - - [29/Jul/2026:10:30:40 -0300] "GET /cormun/servlet/prlicenciaspermisos?21079780,L,,MD,,gxPopupLevel%3D0%3B HTTP/1.1" 200 5608
190.95.15.13 - - [29/Jul/2026:10:30:40 -0300] "GET /cormun/servlet/trlicencias? HTTP/1.1" 200 13752
190.95.15.9 - - [29/Jul/2026:10:30:42 -0300] "POST /cormun/servlet/solicitudot?gx-no-cache=1785332274327 HTTP/1.1" 200 1509
190.95.15.13 - - [29/Jul/2026:10:30:44 -0300] "GET /cormun/servlet/hlogin HTTP/1.1" 200 1738
194.180.48.253 - - [29/Jul/2026:10:31:05 -0300] "GET /.claude/settings.local.json HTTP/1.1" 404 1015
190.95.15.9 - - [29/Jul/2026:10:31:19 -0300] "POST /cormun/servlet/solicitudot?gx-no-cache=1785332311543 HTTP/1.1" 200 41
190.95.67.93 - - [29/Jul/2026:10:31:29 -0300] "GET /cormun/servlet/trlicencias? HTTP/1.1" 200 6045
