190.95.15.17 - - [23/Jul/2026:17:21:22 -0300] "GET /cormun/servlet/hlogin HTTP/1.1" 200 1715
190.95.15.17 - - [23/Jul/2026:17:21:25 -0300] "POST /cormun/servlet/hlogin?2a2156bdcd08b646420d2d783fbb05ee,gx-no-cache=1784839073005 HTTP/1.1" 200 90
190.95.15.17 - - [23/Jul/2026:17:21:25 -0300] "GET /cormun/servlet/hpexe_link HTTP/1.1" 200 944
190.95.15.17 - - [23/Jul/2026:17:21:25 -0300] "GET /cormun/servlet/hhome HTTP/1.1" 200 4375
190.95.2.163 - - [23/Jul/2026:17:21:27 -0300] "GET /cormun/servlet/hlogin HTTP/1.1" 200 1715
190.95.2.163 - - [23/Jul/2026:17:21:28 -0300] "GET /cormun/servlet/hlogin HTTP/1.1" 200 1726
190.95.2.163 - - [23/Jul/2026:17:21:28 -0300] "GET /favicon.ico HTTP/1.1" 200 21630
190.95.15.13 - - [23/Jul/2026:17:21:30 -0300] "POST /cormun/servlet/hlogin?c9c2d27d285cd227828fd65ce09c01c1,gx-no-cache=1784838530603 HTTP/1.1" 200 90
190.95.15.13 - - [23/Jul/2026:17:21:30 -0300] "GET /cormun/servlet/hpexe_link HTTP/1.1" 200 953
190.95.15.13 - - [23/Jul/2026:17:21:31 -0300] "GET /cormun/servlet/hhome HTTP/1.1" 200 4286
190.95.2.163 - - [23/Jul/2026:17:21:32 -0300] "POST /cormun/servlet/hlogin?a73d28708ad253be3fbec8eeab94011a,gx-no-cache=1784838531651 HTTP/1.1" 200 90
190.95.2.163 - - [23/Jul/2026:17:21:32 -0300] "GET /cormun/servlet/hpexe_link HTTP/1.1" 200 947
190.95.2.163 - - [23/Jul/2026:17:21:33 -0300] "GET /cormun/servlet/hhome HTTP/1.1" 200 3991
190.95.2.163 - - [23/Jul/2026:17:21:37 -0300] "GET /cormun/servlet/trlicencias? HTTP/1.1" 200 8366
190.95.15.17 - - [23/Jul/2026:17:21:39 -0300] "GET /cormun/servlet/trpermisosgoce? HTTP/1.1" 200 16526
190.95.15.13 - - [23/Jul/2026:17:21:41 -0300] "GET /cormun/servlet/trlicencias? HTTP/1.1" 200 12713
190.95.15.17 - - [23/Jul/2026:17:21:54 -0300] "GET /cormun/servlet/permisogoce?INS,0,,, HTTP/1.1" 200 7269
190.95.15.17 - - [23/Jul/2026:17:22:40 -0300] "GET /cormun/servlet/trpermisosgoce? HTTP/1.1" 200 16526
190.95.15.17 - - [23/Jul/2026:17:25:45 -0300] "GET /cormun/servlet/permisogoce?INS,0,,, HTTP/1.1" 200 7268
190.95.15.17 - - [23/Jul/2026:17:25:51 -0300] "GET /cormun/servlet/permisogoce?5b845c876fc1344a4105cf7fa13558e67fa6134d5e267115877deeac207aa4c36c1571f15dd5f3d05bcc19074f5a2ea53e4b51fdf290d02c32abc31677d1376e,gx-no-cache=1784839339365 HTTP/1.1" 200 86
190.95.15.17 - - [23/Jul/2026:17:25:51 -0300] "GET /cormun/static/menuarrow.gif HTTP/1.1" 404 1015
190.95.15.17 - - [23/Jul/2026:17:25:56 -0300] "GET /cormun/servlet/permisogoce?5b845c876fc1344a4105cf7fa13558e67fa6134d5e267115877deeac207aa4c3c701e0fea9d95f2596e3207d9b7059a377795d1d82d3073840514ea44a2589cd3fad61813afd60289a4b46410a1f61d1c00d56fa2202c81d26f6d15435f5a7903da51168b6aec5da3e099727dbbfc61c,gx-no-cache=1784839343712 HTTP/1.1" 200 86
190.95.15.17 - - [23/Jul/2026:17:26:21 -0300] "GET /cormun/servlet/permisogoce?5b845c876fc1344a4105cf7fa13558e61181af64b6c1542f366a6d474c61a4c83308f10e75e49d3a664f92198ab5f121decea7ec2ab119a293d80c63674557a9e58a835c1b7d64b48c3b4a6de2ec3f62f630887154562334f40c8af92d0b7952b16d333613e4685116599705bd95a358,gx-no-cache=1784839368651 HTTP/1.1" 200 226
190.95.15.17 - - [23/Jul/2026:17:26:21 -0300] "GET /cormun/static/Shared/jqueryui/images/ui-bg_highlight-soft_100_c6c2c8_1x100.png HTTP/1.1" 404 1117
190.95.15.17 - - [23/Jul/2026:17:26:21 -0300] "GET /cormun/static/Shared/jqueryui/images/ui-icons_82798d_256x240.png HTTP/1.1" 404 1089
190.95.15.17 - - [23/Jul/2026:17:26:21 -0300] "GET /cormun/static/Shared/jqueryui/images/ui-icons_ebccce_256x240.png HTTP/1.1" 404 1089
190.95.15.17 - - [23/Jul/2026:17:26:21 -0300] "GET /cormun/static/Shared/jqueryui/images/ui-bg_flat_55_994d53_40x100.png HTTP/1.1" 404 1097
190.95.15.17 - - [23/Jul/2026:17:26:32 -0300] "GET /cormun/servlet/permisogoce?5b845c876fc1344a4105cf7fa13558e67fa6134d5e267115877deeac207aa4c3c701e0fea9d95f2596e3207d9b7059a377795d1d82d3073840514ea44a2589cd3fad61813afd60289a4b46410a1f61d1c00d56fa2202c81d26f6d15435f5a7903da51168b6aec5da3e099727dbbfc61c,gx-no-cache=1784839379753 HTTP/1.1" 200 86
190.95.15.17 - - [23/Jul/2026:17:26:39 -0300] "GET /cormun/servlet/permisogoce?5b845c876fc1344a4105cf7fa13558e6d00ab6cbef152504db9acbf9483f41a5e9940924e0f67edfed5bde39125af8a2efa45df5e4574e47cd3f01b3b5f814fc,gx-no-cache=1784839387435 HTTP/1.1" 200 48
190.95.15.17 - - [23/Jul/2026:17:26:45 -0300] "POST /cormun/servlet/permisogoce?2a2156bdcd08b646420d2d783fbb05ee,INS,0,,,,gx-no-cache=1784839392184 HTTP/1.1" 200 93
190.95.15.17 - - [23/Jul/2026:17:26:45 -0300] "GET /cormun/servlet/hpexe_return? HTTP/1.1" 200 1003
190.95.15.17 - - [23/Jul/2026:17:26:46 -0300] "GET /cormun/servlet/trpermisosgoce HTTP/1.1" 200 16731
190.95.15.17 - - [23/Jul/2026:17:27:26 -0300] "GET /cormun/servlet/permisogoce?INS,0,,, HTTP/1.1" 200 7267
190.95.15.17 - - [23/Jul/2026:17:27:57 -0300] "GET /cormun/servlet/permisogoce?5b845c876fc1344a4105cf7fa13558e620739328843c55fdd8d8532b47dcde79f2d4cab74c15f2ad0dc9619492da187664d640dd1226cce67a0778079ce4d962,gx-no-cache=1784839464732 HTTP/1.1" 200 83
190.95.15.17 - - [23/Jul/2026:17:28:19 -0300] "GET /cormun/servlet/permisogoce?5b845c876fc1344a4105cf7fa13558e6e7a37367e90473c966aba6e73f7e253a217cafa66ae07ba10fe25ae9f7bbf3a5a52fcce0486cc8828c4025545a83faaf,gx-no-cache=1784839486835 HTTP/1.1" 200 49
190.95.15.17 - - [23/Jul/2026:17:28:32 -0300] "POST /cormun/servlet/permisogoce?2a2156bdcd08b646420d2d783fbb05ee,INS,0,,,,gx-no-cache=1784839499076 HTTP/1.1" 200 93
190.95.15.17 - - [23/Jul/2026:17:28:32 -0300] "GET /cormun/servlet/hpexe_return? HTTP/1.1" 200 1003
190.95.15.17 - - [23/Jul/2026:17:28:32 -0300] "GET /cormun/servlet/trpermisosgoce HTTP/1.1" 200 16889
190.95.15.17 - - [23/Jul/2026:17:28:35 -0300] "GET /cormun/servlet/permisogoce?INS,0,,, HTTP/1.1" 200 7269
190.95.15.13 - - [23/Jul/2026:17:29:18 -0300] "GET /cormun/servlet/hlogin HTTP/1.1" 200 1724
190.95.15.13 - - [23/Jul/2026:17:29:24 -0300] "POST /cormun/servlet/hlogin?6af770b74c7a9bf5c72e6e147c88c040,gx-no-cache=1784839001396 HTTP/1.1" 200 90
190.95.15.13 - - [23/Jul/2026:17:29:24 -0300] "GET /cormun/servlet/hpexe_link HTTP/1.1" 200 952
190.95.15.13 - - [23/Jul/2026:17:29:24 -0300] "GET /cormun/servlet/hhome HTTP/1.1" 200 4286
190.95.15.13 - - [23/Jul/2026:17:29:29 -0300] "GET /cormun/servlet/trlicencias? HTTP/1.1" 200 12713
190.95.15.13 - - [23/Jul/2026:17:30:12 -0300] "GET /cormun/servlet/hlogin HTTP/1.1" 200 1740
201.186.225.191 - - [23/Jul/2026:17:31:22 -0300] "GET /cormun/servlet/hlogin HTTP/1.1" 200 1722
201.186.225.191 - - [23/Jul/2026:17:31:24 -0300] "GET /cormun/servlet/hlogin HTTP/1.1" 200 1732
201.186.225.191 - - [23/Jul/2026:17:31:39 -0300] "POST /cormun/servlet/hlogin?ba6a3df6bc0681735062b154a60ba193,gx-no-cache=1784839139152 HTTP/1.1" 200 90
201.186.225.191 - - [23/Jul/2026:17:31:40 -0300] "GET /cormun/servlet/hpexe_link HTTP/1.1" 200 955
201.186.225.191 - - [23/Jul/2026:17:31:40 -0300] "GET /cormun/servlet/hhome HTTP/1.1" 200 4229
190.95.15.17 - - [23/Jul/2026:17:31:46 -0300] "GET /cormun/servlet/permisogoce?5b845c876fc1344a4105cf7fa13558e60df9bc52449b3069c889e65f9dc115e16c1571f15dd5f3d05bcc19074f5a2ea53e4b51fdf290d02c32abc31677d1376e,gx-no-cache=1784839693828 HTTP/1.1" 200 77
201.186.225.191 - - [23/Jul/2026:17:31:50 -0300] "GET /cormun/servlet/trpermisosgoce? HTTP/1.1" 200 12368
190.95.15.17 - - [23/Jul/2026:17:31:55 -0300] "GET /cormun/servlet/permisogoce?5b845c876fc1344a4105cf7fa13558e60df9bc52449b3069c889e65f9dc115e1696bdca648065c00d7e1b86a734591071078c08537956c631f558f2f3bde45e2622b43178a06e95641f11f8df12e9c6fcda3f50026e1ff63d8c146cba7ae05ef,gx-no-cache=1784839702899 HTTP/1.1" 200 77
121.161.100.117 - - [23/Jul/2026:17:32:00 -0300] "-" 400 -
190.95.15.17 - - [23/Jul/2026:17:32:13 -0300] "GET /cormun/servlet/permisogoce?5b845c876fc1344a4105cf7fa13558e658459e99cd50508c0451410ea6033851bc9f1a62384f216843a52419c923c9a4efa45df5e4574e47cd3f01b3b5f814fc,gx-no-cache=1784839721395 HTTP/1.1" 200 48
190.95.15.17 - - [23/Jul/2026:17:32:17 -0300] "POST /cormun/servlet/permisogoce?2a2156bdcd08b646420d2d783fbb05ee,INS,0,,,,gx-no-cache=1784839724509 HTTP/1.1" 200 93
190.95.15.17 - - [23/Jul/2026:17:32:17 -0300] "GET /cormun/servlet/hpexe_return? HTTP/1.1" 200 1003
190.95.15.17 - - [23/Jul/2026:17:32:17 -0300] "GET /cormun/servlet/trpermisosgoce HTTP/1.1" 200 17112
190.95.15.17 - - [23/Jul/2026:17:32:21 -0300] "GET /cormun/servlet/permisogoce?INS,0,,, HTTP/1.1" 200 7269
201.186.225.191 - - [23/Jul/2026:17:32:23 -0300] "GET /cormun/servlet/permisogoce?INS,0,,, HTTP/1.1" 200 7092
201.186.225.191 - - [23/Jul/2026:17:32:42 -0300] "GET /cormun/servlet/permisogoce?7903313300e56b9c6a47c624d41e56cdbbb5ab4a68e46c1883565c384cb751db0302a719e4d663c1a180cd8f32c7c835747d48d0070232f1887d3084e907cd88,gx-no-cache=1784839202114 HTTP/1.1" 200 79
201.186.225.191 - - [23/Jul/2026:17:32:43 -0300] "GET /cormun/static/menuarrow.gif HTTP/1.1" 404 1015
201.186.225.191 - - [23/Jul/2026:17:32:50 -0300] "GET /cormun/servlet/permisogoce?7903313300e56b9c6a47c624d41e56cd02ad5812ddde7953b6ae59954c3b5d140027f45831e6e467d6ccfd533d32911f5fd1aed581fdce14dc9236fe65177747,gx-no-cache=1784839209940 HTTP/1.1" 200 47
190.95.15.17 - - [23/Jul/2026:17:32:50 -0300] "GET /cormun/servlet/permisogoce?5b845c876fc1344a4105cf7fa13558e67fa6134d5e267115877deeac207aa4c36c1571f15dd5f3d05bcc19074f5a2ea53e4b51fdf290d02c32abc31677d1376e,gx-no-cache=1784839758316 HTTP/1.1" 200 86
201.186.225.191 - - [23/Jul/2026:17:32:58 -0300] "POST /cormun/servlet/permisogoce?ba6a3df6bc0681735062b154a60ba193,INS,0,,,,gx-no-cache=1784839217272 HTTP/1.1" 200 93
201.186.225.191 - - [23/Jul/2026:17:32:58 -0300] "GET /cormun/servlet/hpexe_return? HTTP/1.1" 200 1013
201.186.225.191 - - [23/Jul/2026:17:32:58 -0300] "GET /cormun/servlet/trpermisosgoce HTTP/1.1" 200 12665
190.95.15.17 - - [23/Jul/2026:17:33:10 -0300] "GET /cormun/servlet/permisogoce?5b845c876fc1344a4105cf7fa13558e6d00ab6cbef152504db9acbf9483f41a5892c7dff56ab533d49178131a85e3446efa45df5e4574e47cd3f01b3b5f814fc,gx-no-cache=1784839778059 HTTP/1.1" 200 48
190.95.15.17 - - [23/Jul/2026:17:33:19 -0300] "POST /cormun/servlet/permisogoce?2a2156bdcd08b646420d2d783fbb05ee,INS,0,,,,gx-no-cache=1784839786261 HTTP/1.1" 200 93
190.95.15.17 - - [23/Jul/2026:17:33:19 -0300] "GET /cormun/servlet/hpexe_return? HTTP/1.1" 200 1003
190.95.15.17 - - [23/Jul/2026:17:33:19 -0300] "GET /cormun/servlet/trpermisosgoce HTTP/1.1" 200 17248
190.95.15.17 - - [23/Jul/2026:17:33:22 -0300] "GET /cormun/servlet/permisogoce?INS,0,,, HTTP/1.1" 200 7268
190.95.15.17 - - [23/Jul/2026:17:33:36 -0300] "GET /cormun/servlet/permisogoce?5b845c876fc1344a4105cf7fa13558e6eb0417b25f0c201f41a9df4bd2ea4eb66c1571f15dd5f3d05bcc19074f5a2ea53e4b51fdf290d02c32abc31677d1376e,gx-no-cache=1784839804019 HTTP/1.1" 200 85
190.95.15.17 - - [23/Jul/2026:17:33:52 -0300] "GET /cormun/servlet/permisogoce?5b845c876fc1344a4105cf7fa13558e6ebe26d2301d38e2a451ee8be3b50a218bf8442b690b067c3926f2b7e66a07f84efa45df5e4574e47cd3f01b3b5f814fc,gx-no-cache=1784839819938 HTTP/1.1" 200 47
190.95.15.17 - - [23/Jul/2026:17:33:59 -0300] "POST /cormun/servlet/permisogoce?2a2156bdcd08b646420d2d783fbb05ee,INS,0,,,,gx-no-cache=1784839826156 HTTP/1.1" 200 93
190.95.15.17 - - [23/Jul/2026:17:33:59 -0300] "GET /cormun/servlet/hpexe_return? HTTP/1.1" 200 1003
190.95.15.17 - - [23/Jul/2026:17:33:59 -0300] "GET /cormun/servlet/trpermisosgoce HTTP/1.1" 200 17453
190.95.15.17 - - [23/Jul/2026:17:34:02 -0300] "GET /cormun/servlet/permisogoce?INS,0,,, HTTP/1.1" 200 7268
172.236.228.208 - - [23/Jul/2026:17:35:15 -0300] "GET / HTTP/1.1" 200 11217
190.95.15.17 - - [23/Jul/2026:17:36:11 -0300] "GET /cormun/servlet/permisogoce?5b845c876fc1344a4105cf7fa13558e6eede0f7f532ac6af8c6824da6a2aecd56c1571f15dd5f3d05bcc19074f5a2ea53e4b51fdf290d02c32abc31677d1376e,gx-no-cache=1784839958635 HTTP/1.1" 200 74
190.95.15.17 - - [23/Jul/2026:17:36:21 -0300] "GET /cormun/servlet/permisogoce?5b845c876fc1344a4105cf7fa13558e6be1418f241c704bc71e555fc929b0a86996bbf78f23d6640b05da8baae05b1a6efa45df5e4574e47cd3f01b3b5f814fc,gx-no-cache=1784839969282 HTTP/1.1" 200 48
190.95.15.17 - - [23/Jul/2026:17:36:27 -0300] "POST /cormun/servlet/permisogoce?2a2156bdcd08b646420d2d783fbb05ee,INS,0,,,,gx-no-cache=1784839974788 HTTP/1.1" 200 93
190.95.15.17 - - [23/Jul/2026:17:36:27 -0300] "GET /cormun/servlet/hpexe_return? HTTP/1.1" 200 1003
190.95.15.17 - - [23/Jul/2026:17:36:28 -0300] "GET /cormun/servlet/trpermisosgoce HTTP/1.1" 200 17629
190.95.15.17 - - [23/Jul/2026:17:38:06 -0300] "GET /cormun/servlet/permisogoce?INS,0,,, HTTP/1.1" 200 7268
190.95.15.13 - - [23/Jul/2026:17:38:30 -0300] "GET /cormun/servlet/hlogin HTTP/1.1" 200 1724
190.95.15.13 - - [23/Jul/2026:17:38:37 -0300] "POST /cormun/servlet/hlogin?6af770b74c7a9bf5c72e6e147c88c040,gx-no-cache=1784839554243 HTTP/1.1" 200 90
190.95.15.13 - - [23/Jul/2026:17:38:37 -0300] "GET /cormun/servlet/hpexe_link HTTP/1.1" 200 957
190.95.15.13 - - [23/Jul/2026:17:38:37 -0300] "GET /cormun/servlet/trlicencias HTTP/1.1" 200 12707
190.95.15.17 - - [23/Jul/2026:17:39:02 -0300] "GET /cormun/servlet/permisogoce?5b845c876fc1344a4105cf7fa13558e6ef96cc60bb41a4d6c275e9ccce8acebb6c1571f15dd5f3d05bcc19074f5a2ea53e4b51fdf290d02c32abc31677d1376e,gx-no-cache=1784840130195 HTTP/1.1" 200 83
129.222.173.48 - - [23/Jul/2026:17:39:08 -0300] "GET /cormun/servlet/hlogin HTTP/1.1" 200 1725
129.222.173.48 - - [23/Jul/2026:17:39:11 -0300] "POST /cormun/servlet/hlogin?3f1e6ef37db9d647c17b9022be25b837,gx-no-cache=1784839591800 HTTP/1.1" 200 90
129.222.173.48 - - [23/Jul/2026:17:39:11 -0300] "GET /cormun/servlet/hpexe_link HTTP/1.1" 200 957
129.222.173.48 - - [23/Jul/2026:17:39:11 -0300] "GET /cormun/servlet/trlicencias HTTP/1.1" 200 9618
190.95.15.17 - - [23/Jul/2026:17:39:23 -0300] "GET /cormun/servlet/permisogoce?5b845c876fc1344a4105cf7fa13558e6d8e32cb7f6f8315946e125973e305231540acb3bba91d76fe5a5362ba0f15cbaefa45df5e4574e47cd3f01b3b5f814fc,gx-no-cache=1784840150609 HTTP/1.1" 200 47
190.95.15.17 - - [23/Jul/2026:17:39:30 -0300] "POST /cormun/servlet/permisogoce?2a2156bdcd08b646420d2d783fbb05ee,INS,0,,,,gx-no-cache=1784840157548 HTTP/1.1" 200 93
190.95.15.17 - - [23/Jul/2026:17:39:30 -0300] "GET /cormun/servlet/hpexe_return? HTTP/1.1" 200 1003
190.95.15.17 - - [23/Jul/2026:17:39:30 -0300] "GET /cormun/servlet/trpermisosgoce HTTP/1.1" 200 17834
190.95.15.17 - - [23/Jul/2026:17:39:37 -0300] "GET /cormun/servlet/permisogoce?INS,0,,, HTTP/1.1" 200 7268
190.95.1.185 - - [23/Jul/2026:17:39:40 -0300] "GET /cormun/servlet/hlogin HTTP/1.1" 200 1724
190.95.1.185 - - [23/Jul/2026:17:39:43 -0300] "POST /cormun/servlet/hlogin?c24f926cd1b4be8a8836f27abff547e9,gx-no-cache=1784839624654 HTTP/1.1" 200 90
190.95.1.185 - - [23/Jul/2026:17:39:43 -0300] "GET /cormun/servlet/hpexe_link HTTP/1.1" 200 953
190.95.1.185 - - [23/Jul/2026:17:39:43 -0300] "GET /cormun/servlet/hhome HTTP/1.1" 200 4484
190.95.1.185 - - [23/Jul/2026:17:39:45 -0300] "GET /cormun/servlet/trpermisosgoce? HTTP/1.1" 200 13472
190.95.1.185 - - [23/Jul/2026:17:39:56 -0300] "GET /cormun/servlet/permisogoce?INS,0,,, HTTP/1.1" 200 7384
190.95.1.185 - - [23/Jul/2026:17:39:58 -0300] "GET /cormun/servlet/permisogoce?5000e37824cfa2054349db9fe5dbc40d8335bbc8281ea1bdbd46e040677413b8ffce28dfb730724f1450110d3211770dd02e5d761d8cc74cc859a3e6450132a8,gx-no-cache=1784839639791 HTTP/1.1" 200 88
190.95.1.185 - - [23/Jul/2026:17:40:06 -0300] "GET /cormun/static/menuarrow.gif HTTP/1.1" 404 1015
190.95.1.185 - - [23/Jul/2026:17:40:14 -0300] "GET /cormun/servlet/permisogoce?5000e37824cfa2054349db9fe5dbc40d7f93a3838e94b81f77829fc42f4b0406d281306ce3dae1bf79241a05533c0fc1319626be9452616982ae84433a957404,gx-no-cache=1784839656294 HTTP/1.1" 200 47
190.95.1.185 - - [23/Jul/2026:17:40:21 -0300] "POST /cormun/servlet/permisogoce?c24f926cd1b4be8a8836f27abff547e9,INS,0,,,,gx-no-cache=1784839662415 HTTP/1.1" 200 93
190.95.1.185 - - [23/Jul/2026:17:40:21 -0300] "GET /cormun/servlet/hpexe_return? HTTP/1.1" 200 1011
190.95.1.185 - - [23/Jul/2026:17:40:21 -0300] "GET /cormun/servlet/trpermisosgoce HTTP/1.1" 200 13653
190.95.1.185 - - [23/Jul/2026:17:40:25 -0300] "GET /cormun/servlet/apermisogoceprn?17238751,P,20260723164909,PU HTTP/1.1" 200 1660
190.95.15.17 - - [23/Jul/2026:17:40:43 -0300] "GET /cormun/servlet/permisogoce?5b845c876fc1344a4105cf7fa13558e66618d62cec09ee50186269d6041b65406c1571f15dd5f3d05bcc19074f5a2ea53e4b51fdf290d02c32abc31677d1376e,gx-no-cache=1784840230610 HTTP/1.1" 200 86
190.95.15.17 - - [23/Jul/2026:17:40:59 -0300] "GET /cormun/servlet/permisogoce?5b845c876fc1344a4105cf7fa13558e6987e75c8fe6f3d52b2b15d8cc74027dff98695712175405e64f422225df772f583cec890b0800e76b040c33c1d65f211,gx-no-cache=1784840246778 HTTP/1.1" 200 47
190.95.15.31 - - [23/Jul/2026:17:41:07 -0300] "GET /cormun/servlet/hlogin HTTP/1.1" 200 1718
190.95.15.31 - - [23/Jul/2026:17:41:08 -0300] "GET /cormun/servlet/hlogin HTTP/1.1" 200 1728
190.95.15.31 - - [23/Jul/2026:17:41:13 -0300] "POST /cormun/servlet/hlogin?f9c7ba374492f9eaf2498cbb0dc41484,gx-no-cache=1784839711873 HTTP/1.1" 200 90
190.95.15.31 - - [23/Jul/2026:17:41:13 -0300] "GET /cormun/servlet/hpexe_link HTTP/1.1" 200 949
190.95.15.17 - - [23/Jul/2026:17:41:13 -0300] "POST /cormun/servlet/permisogoce?2a2156bdcd08b646420d2d783fbb05ee,INS,0,,,,gx-no-cache=1784840260627 HTTP/1.1" 200 93
190.95.15.17 - - [23/Jul/2026:17:41:13 -0300] "GET /cormun/servlet/hpexe_return? HTTP/1.1" 200 1003
190.95.15.31 - - [23/Jul/2026:17:41:13 -0300] "GET /cormun/servlet/hhome HTTP/1.1" 200 4357
190.95.15.17 - - [23/Jul/2026:17:41:13 -0300] "GET /cormun/servlet/trpermisosgoce HTTP/1.1" 200 18103
190.95.15.17 - - [23/Jul/2026:17:41:17 -0300] "GET /cormun/servlet/permisogoce?INS,0,,, HTTP/1.1" 200 7267
190.95.15.31 - - [23/Jul/2026:17:41:19 -0300] "GET /cormun/servlet/trpermisosgoce? HTTP/1.1" 200 10512
190.95.15.31 - - [23/Jul/2026:17:41:33 -0300] "POST /cormun/servlet/trpermisosgoce?f9c7ba374492f9eaf2498cbb0dc41484,,gx-no-cache=1784839732098 HTTP/1.1" 200 16158
190.95.15.31 - - [23/Jul/2026:17:41:33 -0300] "GET /cormun/static/Resources/PXToolsGridNext.gif HTTP/1.1" 200 369
190.95.15.31 - - [23/Jul/2026:17:41:33 -0300] "GET /cormun/static/Resources/PXToolsGridLast.gif HTTP/1.1" 200 370
190.95.15.17 - - [23/Jul/2026:17:41:42 -0300] "GET /cormun/servlet/permisogoce?5b845c876fc1344a4105cf7fa13558e66618d62cec09ee50186269d6041b65406c1571f15dd5f3d05bcc19074f5a2ea53e4b51fdf290d02c32abc31677d1376e,gx-no-cache=1784840289858 HTTP/1.1" 200 89
190.95.15.17 - - [23/Jul/2026:17:41:57 -0300] "GET /cormun/servlet/permisogoce?5b845c876fc1344a4105cf7fa13558e6987e75c8fe6f3d52b2b15d8cc74027df38a74fbb0a57a62b765fd414c68bac2483cec890b0800e76b040c33c1d65f211,gx-no-cache=1784840304538 HTTP/1.1" 200 48
190.95.15.17 - - [23/Jul/2026:17:42:06 -0300] "POST /cormun/servlet/permisogoce?2a2156bdcd08b646420d2d783fbb05ee,INS,0,,,,gx-no-cache=1784840313987 HTTP/1.1" 200 93
190.95.15.17 - - [23/Jul/2026:17:42:07 -0300] "GET /cormun/servlet/hpexe_return? HTTP/1.1" 200 1003
190.95.15.17 - - [23/Jul/2026:17:42:07 -0300] "GET /cormun/servlet/trpermisosgoce HTTP/1.1" 200 18297
190.95.15.17 - - [23/Jul/2026:17:42:16 -0300] "GET /cormun/servlet/permisogoce?INS,0,,, HTTP/1.1" 200 7267
190.95.15.31 - - [23/Jul/2026:17:42:49 -0300] "GET /cormun/servlet/permisogoce?INS,0,,, HTTP/1.1" 200 7254
205.210.31.90 - - [23/Jul/2026:17:42:57 -0300] "GET / HTTP/1.0" 200 11197
190.95.15.31 - - [23/Jul/2026:17:42:58 -0300] "GET /cormun/servlet/permisogoce?9bea85dfe65c9eadc7512f58bb6152e103a4bfdee9ac2b2ee8956ada91a330c85da9ed41cda0f479acf2f9c2457d0bd8d6357f3dd89f0d892c310b3aed642b37,gx-no-cache=1784839816922 HTTP/1.1" 200 82
190.95.15.31 - - [23/Jul/2026:17:43:04 -0300] "GET /cormun/static/menuarrow.gif HTTP/1.1" 404 1015
190.95.15.17 - - [23/Jul/2026:17:43:08 -0300] "GET /cormun/servlet/permisogoce?5b845c876fc1344a4105cf7fa13558e632489ad4ca842ecdde52ea2f6f23d4e26c1571f15dd5f3d05bcc19074f5a2ea53e4b51fdf290d02c32abc31677d1376e,gx-no-cache=1784840375818 HTTP/1.1" 200 76
190.95.15.31 - - [23/Jul/2026:17:43:15 -0300] "GET /cormun/servlet/permisogoce?9bea85dfe65c9eadc7512f58bb6152e133e6b0d13d963d9465486048b7de0f099793712c7058a3fb9b033af68a88d145f21fe443fce834477ab1c2cdc0b6e39e,gx-no-cache=1784839833983 HTTP/1.1" 200 48
190.95.15.31 - - [23/Jul/2026:17:43:23 -0300] "POST /cormun/servlet/permisogoce?f9c7ba374492f9eaf2498cbb0dc41484,INS,0,,,,gx-no-cache=1784839841409 HTTP/1.1" 200 93
190.95.15.31 - - [23/Jul/2026:17:43:23 -0300] "GET /cormun/servlet/hpexe_return? HTTP/1.1" 200 1008
190.95.15.31 - - [23/Jul/2026:17:43:23 -0300] "GET /cormun/servlet/trpermisosgoce? HTTP/1.1" 200 19018
190.95.15.31 - - [23/Jul/2026:17:43:26 -0300] "GET /cormun/servlet/apermisogoceprn?10804495,P,20260723165203,PU HTTP/1.1" 200 1665
190.95.15.17 - - [23/Jul/2026:17:43:31 -0300] "GET /cormun/servlet/permisogoce?5b845c876fc1344a4105cf7fa13558e64a443d365288f33d00757570905b2d96297c346466b157673b519e8838430b02efa45df5e4574e47cd3f01b3b5f814fc,gx-no-cache=1784840398881 HTTP/1.1" 200 48
190.95.15.17 - - [23/Jul/2026:17:43:40 -0300] "POST /cormun/servlet/permisogoce?2a2156bdcd08b646420d2d783fbb05ee,INS,0,,,,gx-no-cache=1784840407179 HTTP/1.1" 200 93
190.95.15.17 - - [23/Jul/2026:17:43:40 -0300] "GET /cormun/servlet/hpexe_return? HTTP/1.1" 200 1003
190.95.15.17 - - [23/Jul/2026:17:43:40 -0300] "GET /cormun/servlet/trpermisosgoce HTTP/1.1" 200 18467
190.95.15.17 - - [23/Jul/2026:17:44:01 -0300] "POST /cormun/servlet/trpermisosgoce?2a2156bdcd08b646420d2d783fbb05ee,gx-no-cache=1784840428820 HTTP/1.1" 200 5580
190.95.15.17 - - [23/Jul/2026:17:44:30 -0300] "GET /cormun/servlet/permisogoce?INS,0,,, HTTP/1.1" 200 7268
190.95.15.17 - - [23/Jul/2026:17:44:30 -0300] "GET /cormun/servlet/permisogoce?INS,0,,, HTTP/1.1" 200 7268
190.95.15.17 - - [23/Jul/2026:17:44:47 -0300] "GET /cormun/servlet/permisogoce?5b845c876fc1344a4105cf7fa13558e6d388e2cb69a33efba54551486f96ff7c6c1571f15dd5f3d05bcc19074f5a2ea53e4b51fdf290d02c32abc31677d1376e,gx-no-cache=1784840474786 HTTP/1.1" 200 83
190.95.15.17 - - [23/Jul/2026:17:45:06 -0300] "GET /cormun/servlet/permisogoce?5b845c876fc1344a4105cf7fa13558e6a04c53d06b6b5fb437f476a698d3c9cdaa3093d10a49c9a15a6a4c4c2aeca776efa45df5e4574e47cd3f01b3b5f814fc,gx-no-cache=1784840493753 HTTP/1.1" 200 47
190.95.15.17 - - [23/Jul/2026:17:45:15 -0300] "POST /cormun/servlet/permisogoce?2a2156bdcd08b646420d2d783fbb05ee,INS,0,,,,gx-no-cache=1784840502836 HTTP/1.1" 200 93
190.95.15.17 - - [23/Jul/2026:17:45:15 -0300] "GET /cormun/servlet/hpexe_return? HTTP/1.1" 200 1025
190.95.15.17 - - [23/Jul/2026:17:45:15 -0300] "GET /cormun/servlet/trpermisosgoce?gx-no-cache=1784840428820 HTTP/1.1" 200 8449
190.95.15.17 - - [23/Jul/2026:17:45:26 -0300] "GET /cormun/servlet/permisogoce?INS,0,,, HTTP/1.1" 200 7290
190.95.15.17 - - [23/Jul/2026:17:46:22 -0300] "GET /cormun/servlet/permisogoce?5b845c876fc1344a4105cf7fa13558e6eb0417b25f0c201f41a9df4bd2ea4eb66c1571f15dd5f3d05bcc19074f5a2ea53e4b51fdf290d02c32abc31677d1376e,gx-no-cache=1784840569514 HTTP/1.1" 200 84
190.95.15.17 - - [23/Jul/2026:17:46:35 -0300] "GET /cormun/servlet/permisogoce?5b845c876fc1344a4105cf7fa13558e6ebe26d2301d38e2a451ee8be3b50a218750ca6c1ceb54d2889a351441a9e8c96efa45df5e4574e47cd3f01b3b5f814fc,gx-no-cache=1784840583089 HTTP/1.1" 200 47
190.95.15.17 - - [23/Jul/2026:17:46:38 -0300] "POST /cormun/servlet/permisogoce?2a2156bdcd08b646420d2d783fbb05ee,INS,0,,,,gx-no-cache=1784840585842 HTTP/1.1" 200 93
190.95.15.17 - - [23/Jul/2026:17:46:38 -0300] "GET /cormun/servlet/hpexe_return? HTTP/1.1" 200 1025
190.95.15.17 - - [23/Jul/2026:17:46:38 -0300] "GET /cormun/servlet/trpermisosgoce?gx-no-cache=1784840428820 HTTP/1.1" 200 8449
190.95.15.17 - - [23/Jul/2026:17:46:57 -0300] "POST /cormun/servlet/trpermisosgoce?2a2156bdcd08b646420d2d783fbb05ee,gx-no-cache=1784840428820,gx-no-cache=1784840604819 HTTP/1.1" 200 15593
190.95.15.17 - - [23/Jul/2026:17:46:57 -0300] "GET /cormun/static/Resources/PXToolsGridNext.gif HTTP/1.1" 200 369
190.95.15.17 - - [23/Jul/2026:17:46:57 -0300] "GET /cormun/static/Resources/PXToolsGridLast.gif HTTP/1.1" 200 370
190.95.15.17 - - [23/Jul/2026:17:47:09 -0300] "GET /cormun/servlet/permisogoce?INS,0,,, HTTP/1.1" 200 7290
190.95.15.17 - - [23/Jul/2026:17:47:24 -0300] "GET /cormun/servlet/permisogoce?5b845c876fc1344a4105cf7fa13558e6178dfe02fa08c7e240433472a87c6d626c1571f15dd5f3d05bcc19074f5a2ea53e4b51fdf290d02c32abc31677d1376e,gx-no-cache=1784840632002 HTTP/1.1" 200 77
190.95.15.17 - - [23/Jul/2026:17:48:05 -0300] "GET /cormun/servlet/permisogoce?5b845c876fc1344a4105cf7fa13558e64338357afd8894ca0c45dcd388e5e53256d270e32ca3fba570deeb85d032be2defa45df5e4574e47cd3f01b3b5f814fc,gx-no-cache=1784840673129 HTTP/1.1" 200 47
190.95.15.17 - - [23/Jul/2026:17:48:21 -0300] "POST /cormun/servlet/permisogoce?2a2156bdcd08b646420d2d783fbb05ee,INS,0,,,,gx-no-cache=1784840688522 HTTP/1.1" 200 93
190.95.15.17 - - [23/Jul/2026:17:48:21 -0300] "GET /cormun/servlet/hpexe_return? HTTP/1.1" 200 1025
190.95.15.17 - - [23/Jul/2026:17:48:21 -0300] "GET /cormun/servlet/trpermisosgoce?gx-no-cache=1784840428820 HTTP/1.1" 200 18432
190.95.15.17 - - [23/Jul/2026:17:48:27 -0300] "GET /cormun/servlet/permisogoce?INS,0,,, HTTP/1.1" 200 7290
190.95.15.17 - - [23/Jul/2026:17:48:47 -0300] "GET /cormun/servlet/permisogoce?5b845c876fc1344a4105cf7fa13558e6ef96cc60bb41a4d6c275e9ccce8acebb6c1571f15dd5f3d05bcc19074f5a2ea53e4b51fdf290d02c32abc31677d1376e,gx-no-cache=1784840715066 HTTP/1.1" 200 82
201.186.226.5 - - [23/Jul/2026:17:48:53 -0300] "GET /cormun/servlet/hlogin HTTP/1.1" 200 1712
201.186.226.5 - - [23/Jul/2026:17:48:57 -0300] "POST /cormun/servlet/hlogin?8d3e04a5d6d244ce599b378e6d2ceaf5,gx-no-cache=1784840177589 HTTP/1.1" 200 90
201.186.226.5 - - [23/Jul/2026:17:48:58 -0300] "GET /cormun/servlet/hpexe_link HTTP/1.1" 200 945
201.186.226.5 - - [23/Jul/2026:17:48:58 -0300] "GET /cormun/servlet/hhome HTTP/1.1" 200 4133
190.95.15.17 - - [23/Jul/2026:17:48:59 -0300] "GET /cormun/servlet/permisogoce?5b845c876fc1344a4105cf7fa13558e6d8e32cb7f6f8315946e125973e305231fb11a1e006c96583746a31d681f8347defa45df5e4574e47cd3f01b3b5f814fc,gx-no-cache=1784840727057 HTTP/1.1" 200 47
201.186.226.5 - - [23/Jul/2026:17:49:03 -0300] "GET /cormun/servlet/trlicencias? HTTP/1.1" 200 11722
190.95.15.17 - - [23/Jul/2026:17:49:11 -0300] "POST /cormun/servlet/permisogoce?2a2156bdcd08b646420d2d783fbb05ee,INS,0,,,,gx-no-cache=1784840738714 HTTP/1.1" 200 93
190.95.15.17 - - [23/Jul/2026:17:49:11 -0300] "GET /cormun/servlet/hpexe_return? HTTP/1.1" 200 1025
190.95.15.17 - - [23/Jul/2026:17:49:11 -0300] "GET /cormun/servlet/trpermisosgoce?gx-no-cache=1784840428820 HTTP/1.1" 200 18434
190.95.15.17 - - [23/Jul/2026:17:49:15 -0300] "GET /cormun/servlet/permisogoce?INS,0,,, HTTP/1.1" 200 7289
201.186.226.5 - - [23/Jul/2026:17:49:23 -0300] "GET /cormun/servlet/hlogin HTTP/1.1" 200 1731
190.95.15.17 - - [23/Jul/2026:17:50:17 -0300] "GET /cormun/servlet/permisogoce?5b845c876fc1344a4105cf7fa13558e6cb774a7ede06620ec403f8d8233a86eef2d4cab74c15f2ad0dc9619492da187664d640dd1226cce67a0778079ce4d962,gx-no-cache=1784840804657 HTTP/1.1" 200 84
190.95.15.17 - - [23/Jul/2026:17:50:30 -0300] "GET /cormun/servlet/permisogoce?5b845c876fc1344a4105cf7fa13558e60d218a6a5e7dcddce7330217167002967b97c5d3080aef5f82a9285bcf495f8ea52fcce0486cc8828c4025545a83faaf,gx-no-cache=1784840818096 HTTP/1.1" 200 47
190.95.15.17 - - [23/Jul/2026:17:50:39 -0300] "POST /cormun/servlet/permisogoce?2a2156bdcd08b646420d2d783fbb05ee,INS,0,,,,gx-no-cache=1784840826818 HTTP/1.1" 200 93
190.95.15.17 - - [23/Jul/2026:17:50:39 -0300] "GET /cormun/servlet/hpexe_return? HTTP/1.1" 200 1025
190.95.15.17 - - [23/Jul/2026:17:50:40 -0300] "GET /cormun/servlet/trpermisosgoce?gx-no-cache=1784840428820 HTTP/1.1" 200 18458
190.95.15.17 - - [23/Jul/2026:17:50:53 -0300] "GET /cormun/servlet/permisogoce?INS,0,,, HTTP/1.1" 200 7289
190.95.15.17 - - [23/Jul/2026:17:51:15 -0300] "GET /cormun/servlet/permisogoce?5b845c876fc1344a4105cf7fa13558e633078d9d1730cbf202a09bbca2084fa06c1571f15dd5f3d05bcc19074f5a2ea53e4b51fdf290d02c32abc31677d1376e,gx-no-cache=1784840862897 HTTP/1.1" 200 81
190.95.15.17 - - [23/Jul/2026:17:51:33 -0300] "GET /cormun/servlet/permisogoce?5b845c876fc1344a4105cf7fa13558e6e42829a6586bcca127f95829ebb22e24092d48865ac9d831dc334256fb515d8eefa45df5e4574e47cd3f01b3b5f814fc,gx-no-cache=1784840880760 HTTP/1.1" 200 47
190.95.15.17 - - [23/Jul/2026:17:51:47 -0300] "POST /cormun/servlet/permisogoce?2a2156bdcd08b646420d2d783fbb05ee,INS,0,,,,gx-no-cache=1784840894970 HTTP/1.1" 200 93
190.95.15.17 - - [23/Jul/2026:17:51:48 -0300] "GET /cormun/servlet/hpexe_return? HTTP/1.1" 200 1025
190.95.15.17 - - [23/Jul/2026:17:51:48 -0300] "GET /cormun/servlet/trpermisosgoce?gx-no-cache=1784840428820 HTTP/1.1" 200 18504
190.95.2.163 - - [23/Jul/2026:17:51:49 -0300] "GET /cormun/servlet/trlicencias? HTTP/1.1" 200 6052
190.95.2.163 - - [23/Jul/2026:17:51:49 -0300] "GET /cormun/servlet/hlogin HTTP/1.1" 200 1741
190.95.15.17 - - [23/Jul/2026:17:52:11 -0300] "POST /cormun/servlet/trpermisosgoce?2a2156bdcd08b646420d2d783fbb05ee,gx-no-cache=1784840428820,gx-no-cache=1784840918579 HTTP/1.1" 200 5573
190.95.15.17 - - [23/Jul/2026:17:52:24 -0300] "POST /cormun/servlet/trpermisosgoce?2a2156bdcd08b646420d2d783fbb05ee,gx-no-cache=1784840428820,gx-no-cache=1784840931602 HTTP/1.1" 200 15661
190.95.15.17 - - [23/Jul/2026:17:52:29 -0300] "GET /cormun/servlet/permisogoce?INS,0,,, HTTP/1.1" 200 7290
190.95.15.17 - - [23/Jul/2026:17:52:50 -0300] "GET /cormun/servlet/permisogoce?5b845c876fc1344a4105cf7fa13558e67ff3983c28d948d140eb64ce7c1558da6c1571f15dd5f3d05bcc19074f5a2ea53e4b51fdf290d02c32abc31677d1376e,gx-no-cache=1784840957465 HTTP/1.1" 200 92
190.95.15.17 - - [23/Jul/2026:17:53:34 -0300] "GET /cormun/servlet/permisogoce?5b845c876fc1344a4105cf7fa13558e67bd37054fa9e2c500ac3e4c023484cad581d111523f1d61367c4acae1399b4cdefa45df5e4574e47cd3f01b3b5f814fc,gx-no-cache=1784841001848 HTTP/1.1" 200 48
190.95.15.17 - - [23/Jul/2026:17:54:10 -0300] "POST /cormun/servlet/permisogoce?2a2156bdcd08b646420d2d783fbb05ee,INS,0,,,,gx-no-cache=1784841037506 HTTP/1.1" 200 93
190.95.15.17 - - [23/Jul/2026:17:54:10 -0300] "GET /cormun/servlet/hpexe_return? HTTP/1.1" 200 1025
190.95.15.17 - - [23/Jul/2026:17:54:10 -0300] "GET /cormun/servlet/trpermisosgoce?gx-no-cache=1784840428820 HTTP/1.1" 200 18531
190.95.15.17 - - [23/Jul/2026:17:54:13 -0300] "GET /cormun/servlet/permisogoce?INS,0,,, HTTP/1.1" 200 7290
190.95.15.17 - - [23/Jul/2026:17:56:03 -0300] "GET /cormun/servlet/permisogoce?5b845c876fc1344a4105cf7fa13558e649defdbaf07f49e53af7fe7cafd2dfe66c1571f15dd5f3d05bcc19074f5a2ea53e4b51fdf290d02c32abc31677d1376e,gx-no-cache=1784841150729 HTTP/1.1" 200 86
190.95.15.17 - - [23/Jul/2026:17:56:29 -0300] "GET /cormun/servlet/permisogoce?5b845c876fc1344a4105cf7fa13558e6ad73851bb3a34291a2358b27463b208e41c756bddda6fa34cced587e7bcc9adc83cec890b0800e76b040c33c1d65f211,gx-no-cache=1784841177344 HTTP/1.1" 200 49
190.95.15.17 - - [23/Jul/2026:17:56:54 -0300] "POST /cormun/servlet/permisogoce?2a2156bdcd08b646420d2d783fbb05ee,INS,0,,,,gx-no-cache=1784841201169 HTTP/1.1" 200 93
190.95.15.17 - - [23/Jul/2026:17:56:54 -0300] "GET /cormun/servlet/hpexe_return? HTTP/1.1" 200 1025
190.95.15.17 - - [23/Jul/2026:17:56:54 -0300] "GET /cormun/servlet/trpermisosgoce?gx-no-cache=1784840428820 HTTP/1.1" 200 18525
190.95.15.17 - - [23/Jul/2026:17:56:57 -0300] "GET /cormun/servlet/permisogoce?INS,0,,, HTTP/1.1" 200 7290
190.95.15.17 - - [23/Jul/2026:17:57:11 -0300] "GET /cormun/servlet/permisogoce?5b845c876fc1344a4105cf7fa13558e649defdbaf07f49e53af7fe7cafd2dfe66c1571f15dd5f3d05bcc19074f5a2ea53e4b51fdf290d02c32abc31677d1376e,gx-no-cache=1784841219232 HTTP/1.1" 200 82
190.95.15.17 - - [23/Jul/2026:17:57:30 -0300] "GET /cormun/servlet/permisogoce?5b845c876fc1344a4105cf7fa13558e6ad73851bb3a34291a2358b27463b208e6df5e5a4ab43dfb72651e56ab24a569befa45df5e4574e47cd3f01b3b5f814fc,gx-no-cache=1784841238008 HTTP/1.1" 200 48
190.95.15.17 - - [23/Jul/2026:17:57:47 -0300] "POST /cormun/servlet/permisogoce?2a2156bdcd08b646420d2d783fbb05ee,INS,0,,,,gx-no-cache=1784841254225 HTTP/1.1" 200 93
190.95.15.17 - - [23/Jul/2026:17:57:47 -0300] "GET /cormun/servlet/hpexe_return? HTTP/1.1" 200 1025
190.95.15.17 - - [23/Jul/2026:17:57:47 -0300] "GET /cormun/servlet/trpermisosgoce?gx-no-cache=1784840428820 HTTP/1.1" 200 18527
190.95.15.17 - - [23/Jul/2026:17:58:14 -0300] "POST /cormun/servlet/trpermisosgoce?2a2156bdcd08b646420d2d783fbb05ee,gx-no-cache=1784840428820,gx-no-cache=1784841282066 HTTP/1.1" 200 6098
190.95.15.13 - - [23/Jul/2026:17:59:37 -0300] "POST /cormun/servlet/trlicencias?6af770b74c7a9bf5c72e6e147c88c040,gx-no-cache=1784840814025 HTTP/1.1" 200 10353
190.95.15.13 - - [23/Jul/2026:17:59:40 -0300] "GET /cormun/servlet/hlogin HTTP/1.1" 200 1739
190.95.15.17 - - [23/Jul/2026:18:00:19 -0300] "GET /cormun/servlet/permisogoce?INS,0,,, HTTP/1.1" 200 7289
190.95.15.17 - - [23/Jul/2026:18:01:11 -0300] "GET /cormun/servlet/prfichaempleado?,MD,,gxPopupLevel%3D0%3B HTTP/1.1" 200 9352
190.95.15.17 - - [23/Jul/2026:18:01:22 -0300] "GET /cormun/servlet/permisogoce?5b845c876fc1344a4105cf7fa13558e69838eac547ca0fb71447d13349d14d606c1571f15dd5f3d05bcc19074f5a2ea53e4b51fdf290d02c32abc31677d1376e,gx-no-cache=1784841469496 HTTP/1.1" 200 81
190.95.15.17 - - [23/Jul/2026:18:01:37 -0300] "GET /cormun/servlet/permisogoce?5b845c876fc1344a4105cf7fa13558e6f1a74cc5c4899e47539f1e285df1d5e93a6df55fcb0f19bd635af6f52cb984d6efa45df5e4574e47cd3f01b3b5f814fc,gx-no-cache=1784841485223 HTTP/1.1" 200 48
190.95.15.17 - - [23/Jul/2026:18:01:43 -0300] "POST /cormun/servlet/permisogoce?2a2156bdcd08b646420d2d783fbb05ee,INS,0,,,,gx-no-cache=1784841490497 HTTP/1.1" 200 93
190.95.15.17 - - [23/Jul/2026:18:01:43 -0300] "GET /cormun/servlet/hpexe_return? HTTP/1.1" 200 1025
190.95.15.17 - - [23/Jul/2026:18:01:43 -0300] "GET /cormun/servlet/trpermisosgoce?gx-no-cache=1784840428820 HTTP/1.1" 200 8953
190.95.15.17 - - [23/Jul/2026:18:02:14 -0300] "POST /cormun/servlet/trpermisosgoce?2a2156bdcd08b646420d2d783fbb05ee,gx-no-cache=1784840428820,gx-no-cache=1784841521961 HTTP/1.1" 200 5585
190.95.15.17 - - [23/Jul/2026:18:02:37 -0300] "POST /cormun/servlet/trpermisosgoce?2a2156bdcd08b646420d2d783fbb05ee,gx-no-cache=1784840428820,gx-no-cache=1784841544512 HTTP/1.1" 200 15566
190.95.15.17 - - [23/Jul/2026:18:02:56 -0300] "GET /cormun/servlet/permisogoce?INS,0,,, HTTP/1.1" 200 7290
190.95.15.17 - - [23/Jul/2026:18:03:08 -0300] "GET /cormun/servlet/permisogoce?5b845c876fc1344a4105cf7fa13558e6eb0417b25f0c201f41a9df4bd2ea4eb66c1571f15dd5f3d05bcc19074f5a2ea53e4b51fdf290d02c32abc31677d1376e,gx-no-cache=1784841575816 HTTP/1.1" 200 85
190.95.15.17 - - [23/Jul/2026:18:03:23 -0300] "GET /cormun/servlet/permisogoce?5b845c876fc1344a4105cf7fa13558e6ebe26d2301d38e2a451ee8be3b50a2181fe067b9e163026478c2e9bd4f869714efa45df5e4574e47cd3f01b3b5f814fc,gx-no-cache=1784841590895 HTTP/1.1" 200 48
190.95.15.17 - - [23/Jul/2026:18:03:26 -0300] "POST /cormun/servlet/permisogoce?2a2156bdcd08b646420d2d783fbb05ee,INS,0,,,,gx-no-cache=1784841593600 HTTP/1.1" 200 93
190.95.15.17 - - [23/Jul/2026:18:03:26 -0300] "GET /cormun/servlet/hpexe_return? HTTP/1.1" 200 1025
190.95.15.17 - - [23/Jul/2026:18:03:26 -0300] "GET /cormun/servlet/trpermisosgoce?gx-no-cache=1784840428820 HTTP/1.1" 200 18464
190.95.15.17 - - [23/Jul/2026:18:03:28 -0300] "GET /cormun/servlet/permisogoce?INS,0,,, HTTP/1.1" 200 7290
190.95.15.17 - - [23/Jul/2026:18:04:24 -0300] "GET /cormun/servlet/permisogoce?5b845c876fc1344a4105cf7fa13558e6eb5c8a951266d7900c522d41d1998d4e6c1571f15dd5f3d05bcc19074f5a2ea53e4b51fdf290d02c32abc31677d1376e,gx-no-cache=1784841651767 HTTP/1.1" 200 84
190.95.15.17 - - [23/Jul/2026:18:04:40 -0300] "GET /cormun/servlet/permisogoce?5b845c876fc1344a4105cf7fa13558e664ad50d331dd5b252ba735ece6e2698bb7831f2dc68970edc7a5c5ae96aae9b8efa45df5e4574e47cd3f01b3b5f814fc,gx-no-cache=1784841667503 HTTP/1.1" 200 48
190.95.15.17 - - [23/Jul/2026:18:04:51 -0300] "POST /cormun/servlet/permisogoce?2a2156bdcd08b646420d2d783fbb05ee,INS,0,,,,gx-no-cache=1784841678472 HTTP/1.1" 200 93
190.95.15.17 - - [23/Jul/2026:18:04:51 -0300] "GET /cormun/servlet/hpexe_return? HTTP/1.1" 200 1025
190.95.15.17 - - [23/Jul/2026:18:04:51 -0300] "GET /cormun/servlet/trpermisosgoce?gx-no-cache=1784840428820 HTTP/1.1" 200 18410
190.95.15.17 - - [23/Jul/2026:18:05:28 -0300] "GET /cormun/servlet/permisogoce?INS,0,,, HTTP/1.1" 200 7290
190.95.15.17 - - [23/Jul/2026:18:05:40 -0300] "GET /cormun/servlet/permisogoce?5b845c876fc1344a4105cf7fa13558e67859bd1ec50472b5c6c57191b5dd0f506c1571f15dd5f3d05bcc19074f5a2ea53e4b51fdf290d02c32abc31677d1376e,gx-no-cache=1784841727832 HTTP/1.1" 200 88
190.95.15.13 - - [23/Jul/2026:18:05:51 -0300] "GET /cormun/servlet/hlogin HTTP/1.1" 200 1724
190.95.15.17 - - [23/Jul/2026:18:05:54 -0300] "GET /cormun/servlet/permisogoce?5b845c876fc1344a4105cf7fa13558e6b3b1dc2cd808eee4f9f5fc1357ede3bab9de55101450f9e6a79e091258805510efa45df5e4574e47cd3f01b3b5f814fc,gx-no-cache=1784841742046 HTTP/1.1" 200 49
190.95.15.13 - - [23/Jul/2026:18:05:56 -0300] "POST /cormun/servlet/hlogin?6af770b74c7a9bf5c72e6e147c88c040,gx-no-cache=1784841193256 HTTP/1.1" 200 90
190.95.15.13 - - [23/Jul/2026:18:05:56 -0300] "GET /cormun/servlet/hpexe_link HTTP/1.1" 200 978
190.95.15.13 - - [23/Jul/2026:18:05:56 -0300] "GET /cormun/servlet/trlicencias?gx-no-cache=1784840814025 HTTP/1.1" 200 12710
190.95.15.13 - - [23/Jul/2026:18:06:00 -0300] "GET /cormun/servlet/trcontratosolicitud? HTTP/1.1" 200 14690
190.95.15.13 - - [23/Jul/2026:18:06:00 -0300] "GET /cormun/static/gxcfg.js?202211298514361 HTTP/1.1" 200 953
190.95.15.13 - - [23/Jul/2026:18:06:00 -0300] "GET /cormun/static/trcontratosolicitud.js?202211298514531 HTTP/1.1" 200 28237
190.95.15.17 - - [23/Jul/2026:18:06:00 -0300] "POST /cormun/servlet/permisogoce?2a2156bdcd08b646420d2d783fbb05ee,INS,0,,,,gx-no-cache=1784841747179 HTTP/1.1" 200 93
190.95.15.17 - - [23/Jul/2026:18:06:00 -0300] "GET /cormun/servlet/hpexe_return? HTTP/1.1" 200 1025
190.95.15.13 - - [23/Jul/2026:18:06:00 -0300] "GET /cormun//static/Resources/PXToolsGridNew.png HTTP/1.1" 200 427
190.95.15.17 - - [23/Jul/2026:18:06:00 -0300] "GET /cormun/servlet/trpermisosgoce?gx-no-cache=1784840428820 HTTP/1.1" 200 18360
190.95.15.17 - - [23/Jul/2026:18:06:26 -0300] "GET /cormun/servlet/permisogoce?INS,0,,, HTTP/1.1" 200 7290
190.95.15.17 - - [23/Jul/2026:18:07:08 -0300] "GET /cormun/servlet/permisogoce?5b845c876fc1344a4105cf7fa13558e66618d62cec09ee50186269d6041b65406c1571f15dd5f3d05bcc19074f5a2ea53e4b51fdf290d02c32abc31677d1376e,gx-no-cache=1784841815423 HTTP/1.1" 200 86
190.95.15.17 - - [23/Jul/2026:18:07:23 -0300] "GET /cormun/servlet/permisogoce?5b845c876fc1344a4105cf7fa13558e6987e75c8fe6f3d52b2b15d8cc74027dfe40917c8126cbde6e87d8c269309d3c7efa45df5e4574e47cd3f01b3b5f814fc,gx-no-cache=1784841830510 HTTP/1.1" 200 48
190.95.15.17 - - [23/Jul/2026:18:07:27 -0300] "POST /cormun/servlet/permisogoce?2a2156bdcd08b646420d2d783fbb05ee,INS,0,,,,gx-no-cache=1784841834032 HTTP/1.1" 200 93
190.95.15.17 - - [23/Jul/2026:18:07:27 -0300] "GET /cormun/servlet/hpexe_return? HTTP/1.1" 200 1025
190.95.15.17 - - [23/Jul/2026:18:07:27 -0300] "GET /cormun/servlet/trpermisosgoce?gx-no-cache=1784840428820 HTTP/1.1" 200 18379
190.95.15.17 - - [23/Jul/2026:18:08:01 -0300] "GET /cormun/servlet/permisogoce?INS,0,,, HTTP/1.1" 200 7288
190.95.15.17 - - [23/Jul/2026:18:08:17 -0300] "GET /cormun/servlet/permisogoce?5b845c876fc1344a4105cf7fa13558e60bbebc76c15c8273c74c0006dd2886f26c1571f15dd5f3d05bcc19074f5a2ea53e4b51fdf290d02c32abc31677d1376e,gx-no-cache=1784841884631 HTTP/1.1" 200 85
190.95.15.17 - - [23/Jul/2026:18:08:29 -0300] "GET /cormun/servlet/permisogoce?5b845c876fc1344a4105cf7fa13558e668f49aa800aaa10a9fdd4e4ba24f181d19e87f213b00b4d5c6a0572cd094108aefa45df5e4574e47cd3f01b3b5f814fc,gx-no-cache=1784841897198 HTTP/1.1" 200 48
190.95.15.17 - - [23/Jul/2026:18:08:39 -0300] "POST /cormun/servlet/permisogoce?2a2156bdcd08b646420d2d783fbb05ee,INS,0,,,,gx-no-cache=1784841906880 HTTP/1.1" 200 93
190.95.15.17 - - [23/Jul/2026:18:08:39 -0300] "GET /cormun/servlet/hpexe_return? HTTP/1.1" 200 1025
190.95.15.17 - - [23/Jul/2026:18:08:40 -0300] "GET /cormun/servlet/trpermisosgoce?gx-no-cache=1784840428820 HTTP/1.1" 200 18408
190.95.15.17 - - [23/Jul/2026:18:08:42 -0300] "GET /cormun/servlet/permisogoce?INS,0,,, HTTP/1.1" 200 7289
201.186.225.183 - - [23/Jul/2026:18:09:38 -0300] "GET /cormun/servlet/trpermisosgoce? HTTP/1.1" 200 6028
201.186.225.183 - - [23/Jul/2026:18:09:38 -0300] "GET /cormun/servlet/hlogin HTTP/1.1" 200 1738
201.186.225.183 - - [23/Jul/2026:18:09:40 -0300] "POST /cormun/servlet/hlogin?dc8192b5f2ea0b7a9a00fe5422db22b8,gx-no-cache=1784841420905 HTTP/1.1" 200 90
201.186.225.183 - - [23/Jul/2026:18:09:41 -0300] "GET /cormun/servlet/hpexe_link HTTP/1.1" 200 953
201.186.225.183 - - [23/Jul/2026:18:09:41 -0300] "GET /cormun/servlet/trpermisosgoce HTTP/1.1" 200 18614
190.95.15.17 - - [23/Jul/2026:18:09:42 -0300] "GET /cormun/servlet/permisogoce?5b845c876fc1344a4105cf7fa13558e6ce87fcc708bcf6667574e5f2f65f5f9b6c1571f15dd5f3d05bcc19074f5a2ea53e4b51fdf290d02c32abc31677d1376e,gx-no-cache=1784841970143 HTTP/1.1" 200 83
201.186.225.183 - - [23/Jul/2026:18:09:43 -0300] "GET /cormun/servlet/permisogoce?INS,0,,, HTTP/1.1" 200 6834
201.186.225.183 - - [23/Jul/2026:18:09:56 -0300] "GET /cormun/servlet/permisogoce?6017b45730f19ddae54f5e645e777bc6eecf15c19a48195e31221977100b2c8ee39363dddd4463d488b8f865e1a15df6471c10d5e164ec3eb05c6e8a2e5ea230,gx-no-cache=1784841436141 HTTP/1.1" 200 82
201.186.225.183 - - [23/Jul/2026:18:09:57 -0300] "GET /cormun/static/menuarrow.gif HTTP/1.1" 404 1015
190.95.15.17 - - [23/Jul/2026:18:09:59 -0300] "GET /cormun/servlet/permisogoce?5b845c876fc1344a4105cf7fa13558e696aa40758172b5c47ba15eeb118339f9871d0f555d276b3b0b5212399122eddeefa45df5e4574e47cd3f01b3b5f814fc,gx-no-cache=1784841986894 HTTP/1.1" 200 47
201.186.225.183 - - [23/Jul/2026:18:10:00 -0300] "GET /cormun/servlet/permisogoce?6017b45730f19ddae54f5e645e777bc6288d42285f9bb8b649fdd97de8039bba6f6cc968ecdf54c3faf6076111f6749ecff42580596a614debdd53f95d53f3dc,gx-no-cache=1784841440300 HTTP/1.1" 200 48
201.186.225.183 - - [23/Jul/2026:18:10:01 -0300] "POST /cormun/servlet/permisogoce?dc8192b5f2ea0b7a9a00fe5422db22b8,INS,0,,,,gx-no-cache=1784841441402 HTTP/1.1" 200 93
201.186.225.183 - - [23/Jul/2026:18:10:01 -0300] "GET /cormun/servlet/hpexe_return? HTTP/1.1" 200 1006
201.186.225.183 - - [23/Jul/2026:18:10:02 -0300] "GET /cormun/servlet/trpermisosgoce HTTP/1.1" 200 18636
190.95.15.13 - - [23/Jul/2026:18:10:04 -0300] "POST /cormun/servlet/trcontratosolicitud?6af770b74c7a9bf5c72e6e147c88c040,,gx-no-cache=1784841441257 HTTP/1.1" 200 11881
201.186.225.183 - - [23/Jul/2026:18:10:05 -0300] "GET /cormun/servlet/apermisogoceprn?20916630,P,20260723171856,PU HTTP/1.1" 200 1652
190.95.15.17 - - [23/Jul/2026:18:10:06 -0300] "POST /cormun/servlet/permisogoce?2a2156bdcd08b646420d2d783fbb05ee,INS,0,,,,gx-no-cache=1784841993280 HTTP/1.1" 200 93
190.95.15.17 - - [23/Jul/2026:18:10:06 -0300] "GET /cormun/servlet/hpexe_return? HTTP/1.1" 200 1025
190.95.15.17 - - [23/Jul/2026:18:10:06 -0300] "GET /cormun/servlet/trpermisosgoce?gx-no-cache=1784840428820 HTTP/1.1" 200 18423
190.95.15.17 - - [23/Jul/2026:18:10:09 -0300] "GET /cormun/servlet/permisogoce?INS,0,,, HTTP/1.1" 200 7290
201.186.225.183 - - [23/Jul/2026:18:10:12 -0300] "GET /cormun/servlet/permisogoce?INS,0,,, HTTP/1.1" 200 6833
201.186.225.183 - - [23/Jul/2026:18:10:37 -0300] "GET /cormun/servlet/trpermisosgoce? HTTP/1.1" 200 18647
201.186.225.183 - - [23/Jul/2026:18:10:40 -0300] "GET /cormun/servlet/apermisogoceprn?20916630,P,20260723171856,PU HTTP/1.1" 200 1649
201.186.225.183 - - [23/Jul/2026:18:10:54 -0300] "GET /cormun/servlet/permisogoce?INS,0,,, HTTP/1.1" 200 6833
201.186.225.183 - - [23/Jul/2026:18:11:00 -0300] "GET /cormun/servlet/permisogoce?6017b45730f19ddae54f5e645e777bc6a883dcddc8b8e130bed3a79593bcdd06e39363dddd4463d488b8f865e1a15df6471c10d5e164ec3eb05c6e8a2e5ea230,gx-no-cache=1784841500457 HTTP/1.1" 200 86
201.186.225.183 - - [23/Jul/2026:18:11:05 -0300] "GET /cormun/servlet/permisogoce?6017b45730f19ddae54f5e645e777bc6f116bd9cc5da328f913a0716ba4a39caee2ee515b5cc1cfe6bd4f6d496c53f1c4725d0ee50be36670e802bbfbbcbfa79,gx-no-cache=1784841505689 HTTP/1.1" 200 48
201.186.225.183 - - [23/Jul/2026:18:11:07 -0300] "POST /cormun/servlet/permisogoce?dc8192b5f2ea0b7a9a00fe5422db22b8,INS,0,,,,gx-no-cache=1784841506964 HTTP/1.1" 200 93
201.186.225.183 - - [23/Jul/2026:18:11:07 -0300] "GET /cormun/servlet/hpexe_return? HTTP/1.1" 200 1006
201.186.225.183 - - [23/Jul/2026:18:11:07 -0300] "GET /cormun/servlet/trpermisosgoce HTTP/1.1" 200 18651
190.95.15.13 - - [23/Jul/2026:18:11:15 -0300] "GET /cormun/servlet/hlogin HTTP/1.1" 200 1744
201.186.225.183 - - [23/Jul/2026:18:11:16 -0300] "GET /cormun/servlet/apermisogoceprn?20214249,P,20260723172007,PU HTTP/1.1" 200 1654
190.95.2.157 - - [23/Jul/2026:18:11:31 -0300] "GET /cormun/servlet/hlogin HTTP/1.1" 200 1724
190.95.2.157 - - [23/Jul/2026:18:11:37 -0300] "POST /cormun/servlet/hlogin?cf857e9686e0d0400a5144e4accad059,gx-no-cache=1784841537438 HTTP/1.1" 200 90
190.95.2.157 - - [23/Jul/2026:18:11:37 -0300] "GET /cormun/servlet/hpexe_link HTTP/1.1" 200 953
190.95.2.157 - - [23/Jul/2026:18:11:37 -0300] "GET /cormun/servlet/hhome HTTP/1.1" 200 4324
190.95.2.157 - - [23/Jul/2026:18:11:40 -0300] "GET /cormun/servlet/trlicencias? HTTP/1.1" 200 9416
200.126.117.15 - - [23/Jul/2026:18:22:37 -0300] "GET /cormun/servlet/hlogin HTTP/1.1" 200 1722
200.126.117.15 - - [23/Jul/2026:18:22:37 -0300] "GET /cormun/static/gxtimezone.js?85251 HTTP/1.1" 200 5781
200.126.117.15 - - [23/Jul/2026:18:22:37 -0300] "GET /cormun/static/gxcfg.js?2022112219184450 HTTP/1.1" 200 953
200.126.117.15 - - [23/Jul/2026:18:22:37 -0300] "GET /cormun/static/Resources/CormunLogin.png HTTP/1.1" 200 19132
200.126.117.15 - - [23/Jul/2026:18:22:37 -0300] "GET /cormun/static/messages.spa.js?85251 HTTP/1.1" 200 30736
200.126.117.15 - - [23/Jul/2026:18:22:37 -0300] "GET /cormun/static/Resources/Spanish/PXTools.css?1759030 HTTP/1.1" 200 100853
200.126.117.15 - - [23/Jul/2026:18:22:37 -0300] "GET /cormun/static/hlogin.js?2022112219184458 HTTP/1.1" 200 2156
200.126.117.15 - - [23/Jul/2026:18:22:37 -0300] "GET /cormun/static/gxgral.js?85251 HTTP/1.1" 200 384558
200.126.117.15 - - [23/Jul/2026:18:22:37 -0300] "GET /cormun/static/Resources/PXToolsLoginBackground.png HTTP/1.1" 200 1164
200.126.117.15 - - [23/Jul/2026:18:22:37 -0300] "GET /cormun/static/Resources/PXToolsLoginTop.png HTTP/1.1" 200 1337
200.126.117.15 - - [23/Jul/2026:18:22:37 -0300] "GET /cormun/static/Resources/PXToolsButtonLeft.png HTTP/1.1" 200 1310
200.126.117.15 - - [23/Jul/2026:18:22:37 -0300] "GET /cormun/static/Resources/PXToolsButtonRight.png HTTP/1.1" 200 1294
200.126.117.15 - - [23/Jul/2026:18:22:37 -0300] "GET /cormun/static/Resources/PXToolsButtonBackground.png HTTP/1.1" 200 1176
200.126.117.15 - - [23/Jul/2026:18:22:37 -0300] "GET /cormun/static/Resources/PXToolsLoginBottom.png HTTP/1.1" 200 1389
200.126.117.15 - - [23/Jul/2026:18:22:37 -0300] "GET /cormun/static/Resources/indicator.gif HTTP/1.1" 200 1553
200.126.117.15 - - [23/Jul/2026:18:22:37 -0300] "GET /cormun/servlet/hlogin HTTP/1.1" 200 1732
200.126.117.15 - - [23/Jul/2026:18:22:40 -0300] "POST /cormun/servlet/hlogin?69a6efda7d4af6ee0555305f930bc8f6,gx-no-cache=1784842199107 HTTP/1.1" 200 90
200.126.117.15 - - [23/Jul/2026:18:22:40 -0300] "GET /cormun/servlet/hpexe_link HTTP/1.1" 200 951
200.126.117.15 - - [23/Jul/2026:18:22:40 -0300] "GET /cormun/static/hpexe_link.js?20221129847423 HTTP/1.1" 200 625
200.126.117.15 - - [23/Jul/2026:18:22:40 -0300] "GET /cormun/static/gxcfg.js?20221129847421 HTTP/1.1" 200 953
200.126.117.15 - - [23/Jul/2026:18:22:40 -0300] "GET /cormun/static/Resources/Spanish/PXTools.css?8354383 HTTP/1.1" 200 100853
200.126.117.15 - - [23/Jul/2026:18:22:40 -0300] "GET /cormun/servlet/hhome HTTP/1.1" 200 4325
200.126.117.15 - - [23/Jul/2026:18:22:40 -0300] "GET /cormun/static/SmoothNavMenu/resources/ddsmoothmenu-v.css?1112540 HTTP/1.1" 200 1188
200.126.117.15 - - [23/Jul/2026:18:22:40 -0300] "GET /cormun/static/scaMessage/css/jquery.pnotify.default.css?1816380 HTTP/1.1" 200 1707
200.126.117.15 - - [23/Jul/2026:18:22:40 -0300] "GET /cormun/static/gxcfg.js?20201215495537 HTTP/1.1" 200 953
200.126.117.15 - - [23/Jul/2026:18:22:40 -0300] "GET /cormun/static/SmoothNavMenu/resources/ddsmoothmenu.css?1112540 HTTP/1.1" 200 2223
200.126.117.15 - - [23/Jul/2026:18:22:40 -0300] "GET /cormun/static/Shared/jqueryui/jquery-ui.min.css?1345370 HTTP/1.1" 200 30288
200.126.117.15 - - [23/Jul/2026:18:22:40 -0300] "GET /cormun/static/PXToolsJavascripts/pexe_autoreload.js HTTP/1.1" 200 1762
200.126.117.15 - - [23/Jul/2026:18:22:40 -0300] "GET /cormun/static/Resources/Spanish/PXTools.css?14345360 HTTP/1.1" 200 100853
200.126.117.15 - - [23/Jul/2026:18:22:40 -0300] "GET /cormun/static/PXToolsJavascripts/pexe_cookies.js HTTP/1.1" 200 792
200.126.117.15 - - [23/Jul/2026:18:22:40 -0300] "GET /cormun/static/PXToolsJavascripts/pexe_windows.js HTTP/1.1" 200 15249
200.126.117.15 - - [23/Jul/2026:18:22:40 -0300] "GET /cormun/static/PXToolsJavascripts/pexe_grid.js HTTP/1.1" 200 7559
200.126.117.15 - - [23/Jul/2026:18:22:40 -0300] "GET /cormun/static/PXToolsJavascripts/pexe_griddivfix.js HTTP/1.1" 200 6946
200.126.117.15 - - [23/Jul/2026:18:22:40 -0300] "GET /cormun/static/PXToolsJavascripts/pexe_link.js HTTP/1.1" 200 5671
200.126.117.15 - - [23/Jul/2026:18:22:40 -0300] "GET /cormun/static/PXToolsJavascripts/pexe_menudivfix.js HTTP/1.1" 200 333
200.126.117.15 - - [23/Jul/2026:18:22:40 -0300] "GET /cormun/static/PXToolsJavascripts/pexe_menus.js HTTP/1.1" 200 1286
200.126.117.15 - - [23/Jul/2026:18:22:40 -0300] "GET /cormun/static/PXToolsJavascripts/pexe_layers.js HTTP/1.1" 200 4114
200.126.117.15 - - [23/Jul/2026:18:22:40 -0300] "GET /cormun/static/PXToolsJavascripts/pexe_oav.js HTTP/1.1" 200 645
200.126.117.15 - - [23/Jul/2026:18:22:40 -0300] "GET /cormun/static/PXToolsJavascripts/pexe_picture.js HTTP/1.1" 200 689
200.126.117.15 - - [23/Jul/2026:18:22:40 -0300] "GET /cormun/static/PXToolsJavascripts/pexe_oavdivfix.js HTTP/1.1" 200 639
200.126.117.15 - - [23/Jul/2026:18:22:40 -0300] "GET /cormun/static/PXToolsJavascripts/pexe_popup.js HTTP/1.1" 200 15149
