179.57.78.55 - - [21/Jul/2026:18:08:31 -0300] "GET /cormun/servlet/trpermisosadjuntos?12913866,20260721162335,P, HTTP/1.1" 200 6804
179.57.78.55 - - [21/Jul/2026:18:08:33 -0300] "GET /cormun/servlet/trpermisosgoce? HTTP/1.1" 200 11784
190.95.15.13 - - [21/Jul/2026:18:08:36 -0300] "GET /cormun/servlet/prfichaempleado?,MD,,gxPopupLevel%3D0%3B HTTP/1.1" 200 9246
179.57.78.55 - - [21/Jul/2026:18:08:38 -0300] "POST /cormun/servlet/trpermisosgoce?a33c24169ccaa7ca57b6866a50125916,,gx-no-cache=1784668551879 HTTP/1.1" 200 8896
179.57.78.55 - - [21/Jul/2026:18:08:38 -0300] "GET /cormun/static/Shared/jqueryui/images/ui-bg_highlight-soft_100_c6c2c8_1x100.png HTTP/1.1" 404 1117
179.57.78.55 - - [21/Jul/2026:18:08:38 -0300] "GET /cormun/static/Shared/jqueryui/images/ui-icons_82798d_256x240.png HTTP/1.1" 404 1089
179.57.78.55 - - [21/Jul/2026:18:08:38 -0300] "GET /cormun/static/Shared/jqueryui/images/ui-bg_flat_55_fafafa_40x100.png HTTP/1.1" 404 1097
179.57.78.55 - - [21/Jul/2026:18:08:38 -0300] "GET /cormun/static/Shared/jqueryui/images/ui-icons_8d78a5_256x240.png HTTP/1.1" 404 1089
190.95.67.93 - - [21/Jul/2026:18:08:38 -0300] "POST /cormun/servlet/permisosadjuntos?56554c586055819c2160514c761a6165,INS,10001701,P,20260617115242,, HTTP/1.1" 200 116
190.95.67.93 - - [21/Jul/2026:18:08:38 -0300] "GET /cormun/servlet/hpexe_return? HTTP/1.1" 200 1034
190.95.67.93 - - [21/Jul/2026:18:08:38 -0300] "GET /cormun/servlet/trpermisosadjuntos?10001701,20260617115242,P, HTTP/1.1" 200 7228
190.95.67.93 - - [21/Jul/2026:18:08:40 -0300] "POST /cormun/servlet/trpermisosadjuntos?56554c586055819c2160514c761a6165,10001701,20260617115242,P,,gx-no-cache=1784668554871 HTTP/1.1" 200 90
190.95.67.93 - - [21/Jul/2026:18:08:40 -0300] "GET /cormun/servlet/hpexe_link HTTP/1.1" 200 1002
190.95.67.93 - - [21/Jul/2026:18:08:40 -0300] "GET /cormun/servlet/trpermisosgoce?gx-no-cache=1784668206665 HTTP/1.1" 200 17952
190.95.67.93 - - [21/Jul/2026:18:08:46 -0300] "POST /cormun/servlet/trpermisosgoce?56554c586055819c2160514c761a6165,gx-no-cache=1784668206665,gx-no-cache=1784668560146 HTTP/1.1" 200 15168
190.95.15.13 - - [21/Jul/2026:18:08:46 -0300] "POST /cormun/servlet/prfichaempleado?0c5caec12162f80dc5153ca7bde5df6d,,MD,,gxPopupLevel%3D0%3B,gx-no-cache=1784668560849 HTTP/1.1" 200 3385
179.57.78.55 - - [21/Jul/2026:18:08:46 -0300] "GET /cormun/servlet/trpermisosadjuntos?11981479,20260707124542,P, HTTP/1.1" 200 6289
190.95.15.13 - - [21/Jul/2026:18:08:50 -0300] "POST /cormun/servlet/prfichaempleado?0c5caec12162f80dc5153ca7bde5df6d,,MD,,gxPopupLevel%3D0%3B,gx-no-cache=1784668565312 HTTP/1.1" 200 6300
190.95.15.13 - - [21/Jul/2026:18:08:50 -0300] "GET /cormun/static/Resources/PXToolsGridNext.gif HTTP/1.1" 200 369
190.95.15.13 - - [21/Jul/2026:18:08:50 -0300] "GET /cormun/static/Resources/PXToolsGridLast.gif HTTP/1.1" 200 370
190.95.67.93 - - [21/Jul/2026:18:08:57 -0300] "GET /cormun/servlet/trpermisosadjuntos?10001701,20260617115301,P, HTTP/1.1" 200 6675
190.95.67.93 - - [21/Jul/2026:18:08:58 -0300] "GET /cormun/servlet/permisosadjuntos?INS,10001701,P,20260617115301,, HTTP/1.1" 200 5985
190.95.67.93 - - [21/Jul/2026:18:08:59 -0300] "GET /cormun/static/about:blank HTTP/1.1" 404 1011
190.95.67.93 - - [21/Jul/2026:18:09:05 -0300] "POST /cormun/servlet/permisosadjuntos?56554c586055819c2160514c761a6165,INS,10001701,P,20260617115301,, HTTP/1.1" 200 116
190.95.67.93 - - [21/Jul/2026:18:09:05 -0300] "GET /cormun/servlet/hpexe_return? HTTP/1.1" 200 1033
190.95.67.93 - - [21/Jul/2026:18:09:05 -0300] "GET /cormun/servlet/trpermisosadjuntos?10001701,20260617115301,P, HTTP/1.1" 200 7228
179.57.78.55 - - [21/Jul/2026:18:09:08 -0300] "GET /cormun/servlet/permisosadjuntos?INS,11981479,P,20260707124542,, HTTP/1.1" 200 5613
179.57.78.55 - - [21/Jul/2026:18:09:08 -0300] "GET /cormun/static/about:blank HTTP/1.1" 404 1011
190.95.67.93 - - [21/Jul/2026:18:09:09 -0300] "POST /cormun/servlet/trpermisosadjuntos?56554c586055819c2160514c761a6165,10001701,20260617115301,P,,gx-no-cache=1784668583824 HTTP/1.1" 200 90
190.95.67.93 - - [21/Jul/2026:18:09:09 -0300] "GET /cormun/servlet/hpexe_link HTTP/1.1" 200 1001
190.95.67.93 - - [21/Jul/2026:18:09:09 -0300] "GET /cormun/servlet/trpermisosgoce?gx-no-cache=1784668206665 HTTP/1.1" 200 17935
190.95.67.93 - - [21/Jul/2026:18:09:16 -0300] "POST /cormun/servlet/trpermisosgoce?56554c586055819c2160514c761a6165,gx-no-cache=1784668206665,gx-no-cache=1784668590361 HTTP/1.1" 200 15171
179.57.78.55 - - [21/Jul/2026:18:09:26 -0300] "POST /cormun/servlet/permisosadjuntos?a33c24169ccaa7ca57b6866a50125916,INS,11981479,P,20260707124542,, HTTP/1.1" 200 116
179.57.78.55 - - [21/Jul/2026:18:09:26 -0300] "GET /cormun/servlet/hpexe_return? HTTP/1.1" 200 1034
179.57.78.55 - - [21/Jul/2026:18:09:26 -0300] "GET /cormun/servlet/trpermisosadjuntos?11981479,20260707124542,P, HTTP/1.1" 200 6798
179.57.78.55 - - [21/Jul/2026:18:09:27 -0300] "GET /cormun/servlet/trpermisosgoce? HTTP/1.1" 200 11783
190.95.67.93 - - [21/Jul/2026:18:09:32 -0300] "GET /cormun/servlet/trpermisosadjuntos?13945553,20260618092139,P, HTTP/1.1" 200 6674
190.95.67.93 - - [21/Jul/2026:18:09:35 -0300] "GET /cormun/servlet/permisosadjuntos?INS,13945553,P,20260618092139,, HTTP/1.1" 200 5983
190.95.67.93 - - [21/Jul/2026:18:09:35 -0300] "GET /cormun/static/about:blank HTTP/1.1" 404 1011
179.57.78.55 - - [21/Jul/2026:18:09:36 -0300] "POST /cormun/servlet/trpermisosgoce?a33c24169ccaa7ca57b6866a50125916,,gx-no-cache=1784668610414 HTTP/1.1" 200 8905
179.57.78.55 - - [21/Jul/2026:18:09:36 -0300] "GET /cormun/static/Shared/jqueryui/images/ui-bg_highlight-soft_100_c6c2c8_1x100.png HTTP/1.1" 404 1117
179.57.78.55 - - [21/Jul/2026:18:09:36 -0300] "GET /cormun/static/Shared/jqueryui/images/ui-icons_8d78a5_256x240.png HTTP/1.1" 404 1089
179.57.78.55 - - [21/Jul/2026:18:09:36 -0300] "GET /cormun/static/Shared/jqueryui/images/ui-bg_flat_55_fafafa_40x100.png HTTP/1.1" 404 1097
179.57.78.55 - - [21/Jul/2026:18:09:36 -0300] "GET /cormun/static/Shared/jqueryui/images/ui-icons_82798d_256x240.png HTTP/1.1" 404 1089
190.95.67.93 - - [21/Jul/2026:18:09:48 -0300] "POST /cormun/servlet/permisosadjuntos?56554c586055819c2160514c761a6165,INS,13945553,P,20260618092139,, HTTP/1.1" 200 116
190.95.67.93 - - [21/Jul/2026:18:09:48 -0300] "GET /cormun/servlet/hpexe_return? HTTP/1.1" 200 1033
190.95.67.93 - - [21/Jul/2026:18:09:48 -0300] "GET /cormun/servlet/trpermisosadjuntos?13945553,20260618092139,P, HTTP/1.1" 200 7224
190.95.67.93 - - [21/Jul/2026:18:09:51 -0300] "POST /cormun/servlet/trpermisosadjuntos?56554c586055819c2160514c761a6165,13945553,20260618092139,P,,gx-no-cache=1784668625747 HTTP/1.1" 200 90
190.95.67.93 - - [21/Jul/2026:18:09:51 -0300] "GET /cormun/servlet/hpexe_link HTTP/1.1" 200 1002
190.95.67.93 - - [21/Jul/2026:18:09:51 -0300] "GET /cormun/servlet/trpermisosgoce?gx-no-cache=1784668206665 HTTP/1.1" 200 17943
190.95.67.93 - - [21/Jul/2026:18:09:56 -0300] "POST /cormun/servlet/trpermisosgoce?56554c586055819c2160514c761a6165,gx-no-cache=1784668206665,gx-no-cache=1784668630621 HTTP/1.1" 200 15179
190.95.67.93 - - [21/Jul/2026:18:10:01 -0300] "GET /cormun/servlet/trpermisosadjuntos?7924150,20260618092219,P, HTTP/1.1" 200 6679
190.95.67.93 - - [21/Jul/2026:18:10:05 -0300] "GET /cormun/servlet/permisosadjuntos?INS,7924150,P,20260618092219,, HTTP/1.1" 200 5986
190.95.67.93 - - [21/Jul/2026:18:10:05 -0300] "GET /cormun/static/about:blank HTTP/1.1" 404 1011
190.95.67.93 - - [21/Jul/2026:18:10:16 -0300] "POST /cormun/servlet/permisosadjuntos?56554c586055819c2160514c761a6165,INS,7924150,P,20260618092219,, HTTP/1.1" 200 116
190.95.67.93 - - [21/Jul/2026:18:10:16 -0300] "GET /cormun/servlet/hpexe_return? HTTP/1.1" 200 1035
190.95.67.93 - - [21/Jul/2026:18:10:16 -0300] "GET /cormun/servlet/trpermisosadjuntos?7924150,20260618092219,P, HTTP/1.1" 200 7231
190.95.67.93 - - [21/Jul/2026:18:10:20 -0300] "POST /cormun/servlet/trpermisosadjuntos?56554c586055819c2160514c761a6165,7924150,20260618092219,P,,gx-no-cache=1784668654699 HTTP/1.1" 200 90
190.95.67.93 - - [21/Jul/2026:18:10:20 -0300] "GET /cormun/servlet/hpexe_link HTTP/1.1" 200 1002
190.95.67.93 - - [21/Jul/2026:18:10:20 -0300] "GET /cormun/servlet/trpermisosgoce?gx-no-cache=1784668206665 HTTP/1.1" 200 17944
190.95.67.93 - - [21/Jul/2026:18:10:25 -0300] "POST /cormun/servlet/trpermisosgoce?56554c586055819c2160514c761a6165,gx-no-cache=1784668206665,gx-no-cache=1784668659237 HTTP/1.1" 200 15169
190.95.15.13 - - [21/Jul/2026:18:10:28 -0300] "GET /cormun/servlet/permisogoce?15cde61f4944c2fa9d37c95c5ffe787b6d7ca4cb1c80aeb213d8bfd35f43ae09cd5d7d50f56bc388c7ca6575bc521dfc67fdba3edfb5137ff64e251f16bbb237,gx-no-cache=1784668662817 HTTP/1.1" 200 63
190.95.15.13 - - [21/Jul/2026:18:10:28 -0300] "GET /cormun/static/menuarrow.gif HTTP/1.1" 404 1015
190.95.67.93 - - [21/Jul/2026:18:10:30 -0300] "GET /cormun/servlet/trpermisosadjuntos?10001701,20260707083507,P, HTTP/1.1" 200 6675
190.95.67.93 - - [21/Jul/2026:18:10:35 -0300] "GET /cormun/servlet/permisosadjuntos?INS,10001701,P,20260707083507,, HTTP/1.1" 200 5981
190.95.67.93 - - [21/Jul/2026:18:10:35 -0300] "GET /cormun/static/about:blank HTTP/1.1" 404 1011
190.95.15.13 - - [21/Jul/2026:18:10:36 -0300] "GET /cormun/servlet/permisogoce?15cde61f4944c2fa9d37c95c5ffe787bd265e95ac368e8e21d09f88c07ed4b3bc66401c35b2fe6b8c9e0cafcf93a4143b262e53dc55182c64775420d6eb7194d,gx-no-cache=1784668671225 HTTP/1.1" 200 47
190.95.15.13 - - [21/Jul/2026:18:10:38 -0300] "POST /cormun/servlet/permisogoce?0c5caec12162f80dc5153ca7bde5df6d,INS,0,,,,gx-no-cache=1784668672986 HTTP/1.1" 200 93
190.95.15.13 - - [21/Jul/2026:18:10:38 -0300] "GET /cormun/servlet/hpexe_return? HTTP/1.1" 200 1013
190.95.15.13 - - [21/Jul/2026:18:10:38 -0300] "GET /cormun/servlet/trpermisosgoce HTTP/1.1" 200 10127
190.95.67.93 - - [21/Jul/2026:18:10:41 -0300] "POST /cormun/servlet/permisosadjuntos?56554c586055819c2160514c761a6165,INS,10001701,P,20260707083507,, HTTP/1.1" 200 116
190.95.67.93 - - [21/Jul/2026:18:10:41 -0300] "GET /cormun/servlet/hpexe_return? HTTP/1.1" 200 1035
190.95.67.93 - - [21/Jul/2026:18:10:41 -0300] "GET /cormun/servlet/trpermisosadjuntos?10001701,20260707083507,P, HTTP/1.1" 200 7225
190.95.15.13 - - [21/Jul/2026:18:10:42 -0300] "GET /cormun/servlet/permisogoce?INS,0,,, HTTP/1.1" 200 7179
190.95.67.93 - - [21/Jul/2026:18:10:44 -0300] "POST /cormun/servlet/trpermisosadjuntos?56554c586055819c2160514c761a6165,10001701,20260707083507,P,,gx-no-cache=1784668678755 HTTP/1.1" 200 90
190.95.67.93 - - [21/Jul/2026:18:10:44 -0300] "GET /cormun/servlet/hpexe_link HTTP/1.1" 200 1002
190.95.67.93 - - [21/Jul/2026:18:10:44 -0300] "GET /cormun/servlet/trpermisosgoce?gx-no-cache=1784668206665 HTTP/1.1" 200 17935
190.95.15.13 - - [21/Jul/2026:18:10:48 -0300] "GET /cormun/servlet/trpermisosgoce? HTTP/1.1" 200 10130
190.95.67.93 - - [21/Jul/2026:18:10:49 -0300] "POST /cormun/servlet/trpermisosgoce?56554c586055819c2160514c761a6165,gx-no-cache=1784668206665,gx-no-cache=1784668683609 HTTP/1.1" 200 15163
190.95.15.13 - - [21/Jul/2026:18:10:51 -0300] "GET /cormun/servlet/trpermisosadjuntos?16532562,20260721171729,P, HTTP/1.1" 200 6595
190.95.15.13 - - [21/Jul/2026:18:10:53 -0300] "GET /cormun/servlet/permisosadjuntos?INS,16532562,P,20260721171729,, HTTP/1.1" 200 5916
190.95.15.13 - - [21/Jul/2026:18:10:53 -0300] "GET /cormun/static/about:blank HTTP/1.1" 404 1011
190.95.67.93 - - [21/Jul/2026:18:10:58 -0300] "GET /cormun/servlet/trpermisosadjuntos?13343984,20260707083416,P, HTTP/1.1" 200 6675
190.95.67.93 - - [21/Jul/2026:18:11:02 -0300] "GET /cormun/servlet/permisosadjuntos?INS,13343984,P,20260707083416,, HTTP/1.1" 200 5982
190.95.67.93 - - [21/Jul/2026:18:11:02 -0300] "GET /cormun/static/about:blank HTTP/1.1" 404 1011
190.95.15.13 - - [21/Jul/2026:18:11:06 -0300] "POST /cormun/servlet/permisosadjuntos?0c5caec12162f80dc5153ca7bde5df6d,INS,16532562,P,20260721171729,, HTTP/1.1" 200 116
190.95.15.13 - - [21/Jul/2026:18:11:06 -0300] "GET /cormun/servlet/hpexe_return? HTTP/1.1" 200 1041
190.95.15.13 - - [21/Jul/2026:18:11:06 -0300] "GET /cormun/servlet/trpermisosadjuntos?16532562,20260721171729,P, HTTP/1.1" 200 7091
190.95.67.93 - - [21/Jul/2026:18:11:09 -0300] "POST /cormun/servlet/permisosadjuntos?56554c586055819c2160514c761a6165,INS,13343984,P,20260707083416,, HTTP/1.1" 200 116
190.95.67.93 - - [21/Jul/2026:18:11:09 -0300] "GET /cormun/servlet/hpexe_return? HTTP/1.1" 200 1035
190.95.67.93 - - [21/Jul/2026:18:11:09 -0300] "GET /cormun/servlet/trpermisosadjuntos?13343984,20260707083416,P, HTTP/1.1" 200 7220
190.95.67.93 - - [21/Jul/2026:18:11:10 -0300] "POST /cormun/servlet/trpermisosadjuntos?56554c586055819c2160514c761a6165,13343984,20260707083416,P,,gx-no-cache=1784668705351 HTTP/1.1" 200 90
190.95.67.93 - - [21/Jul/2026:18:11:10 -0300] "GET /cormun/servlet/hpexe_link HTTP/1.1" 200 1002
190.95.67.93 - - [21/Jul/2026:18:11:11 -0300] "GET /cormun/servlet/trpermisosgoce?gx-no-cache=1784668206665 HTTP/1.1" 200 17929
190.95.15.13 - - [21/Jul/2026:18:11:14 -0300] "GET /cormun/servlet/trpermisosgoce? HTTP/1.1" 200 10123
190.95.67.93 - - [21/Jul/2026:18:11:15 -0300] "POST /cormun/servlet/trpermisosgoce?56554c586055819c2160514c761a6165,gx-no-cache=1784668206665,gx-no-cache=1784668709789 HTTP/1.1" 200 15134
190.95.15.13 - - [21/Jul/2026:18:11:16 -0300] "GET /cormun/servlet/permisogoce?INS,0,,, HTTP/1.1" 200 7180
162.217.100.196 - - [21/Jul/2026:18:11:23 -0300] "GET / HTTP/1.1" 200 11217
162.217.100.196 - - [21/Jul/2026:18:11:24 -0300] "GET /favicon.ico HTTP/1.1" 200 21630
190.95.15.13 - - [21/Jul/2026:18:11:24 -0300] "GET /cormun/servlet/permisogoce?15cde61f4944c2fa9d37c95c5ffe787b750609bfb6197d3e5690628eace54dbecd5d7d50f56bc388c7ca6575bc521dfc67fdba3edfb5137ff64e251f16bbb237,gx-no-cache=1784668719152 HTTP/1.1" 200 78
190.95.67.93 - - [21/Jul/2026:18:11:31 -0300] "POST /cormun/servlet/trpermisosgoce?56554c586055819c2160514c761a6165,gx-no-cache=1784668206665,gx-no-cache=1784668725886 HTTP/1.1" 200 15129
190.95.15.13 - - [21/Jul/2026:18:11:32 -0300] "GET /cormun/servlet/permisogoce?15cde61f4944c2fa9d37c95c5ffe787b097355ce4ec5e590b2d86d91be2316dd321dd5620d146643b083ba72c8f0e604b262e53dc55182c64775420d6eb7194d,gx-no-cache=1784668727337 HTTP/1.1" 200 48
190.95.15.13 - - [21/Jul/2026:18:11:34 -0300] "POST /cormun/servlet/permisogoce?0c5caec12162f80dc5153ca7bde5df6d,INS,0,,,,gx-no-cache=1784668728393 HTTP/1.1" 200 93
190.95.15.13 - - [21/Jul/2026:18:11:34 -0300] "GET /cormun/servlet/hpexe_return? HTTP/1.1" 200 1013
190.95.15.13 - - [21/Jul/2026:18:11:34 -0300] "GET /cormun/servlet/trpermisosgoce HTTP/1.1" 200 10357
190.95.15.13 - - [21/Jul/2026:18:11:40 -0300] "GET /cormun/servlet/trpermisosadjuntos?19019865,20260721172021,P, HTTP/1.1" 200 6602
190.95.15.13 - - [21/Jul/2026:18:11:41 -0300] "GET /cormun/servlet/permisosadjuntos?INS,19019865,P,20260721172021,, HTTP/1.1" 200 5926
190.95.15.13 - - [21/Jul/2026:18:11:41 -0300] "GET /cormun/static/about:blank HTTP/1.1" 404 1011
190.95.67.93 - - [21/Jul/2026:18:11:43 -0300] "POST /cormun/servlet/trpermisosgoce?56554c586055819c2160514c761a6165,gx-no-cache=1784668206665,gx-no-cache=1784668738095 HTTP/1.1" 200 16418
190.95.67.93 - - [21/Jul/2026:18:11:44 -0300] "GET /cormun/static/Resources/PXToolsGridNext.gif HTTP/1.1" 200 369
190.95.67.93 - - [21/Jul/2026:18:11:44 -0300] "GET /cormun/static/Resources/PXToolsGridLast.gif HTTP/1.1" 200 370
190.95.15.13 - - [21/Jul/2026:18:11:51 -0300] "POST /cormun/servlet/permisosadjuntos?0c5caec12162f80dc5153ca7bde5df6d,INS,19019865,P,20260721172021,, HTTP/1.1" 200 116
190.95.15.13 - - [21/Jul/2026:18:11:51 -0300] "GET /cormun/servlet/hpexe_return? HTTP/1.1" 200 1041
190.95.15.13 - - [21/Jul/2026:18:11:51 -0300] "GET /cormun/servlet/trpermisosadjuntos?19019865,20260721172021,P, HTTP/1.1" 200 7090
190.95.15.13 - - [21/Jul/2026:18:11:57 -0300] "GET /cormun/servlet/trpermisosgoce? HTTP/1.1" 200 10358
190.95.67.93 - - [21/Jul/2026:18:12:01 -0300] "POST /cormun/servlet/trpermisosgoce?56554c586055819c2160514c761a6165,gx-no-cache=1784668206665,gx-no-cache=1784668755403 HTTP/1.1" 200 6311
190.95.67.93 - - [21/Jul/2026:18:12:04 -0300] "GET /cormun/servlet/trpermisosadjuntos?12897389,20260601165033,P, HTTP/1.1" 200 6684
190.95.15.13 - - [21/Jul/2026:18:12:05 -0300] "POST /cormun/servlet/trpermisosgoce?0c5caec12162f80dc5153ca7bde5df6d,,gx-no-cache=1784668759867 HTTP/1.1" 200 7685
190.95.15.13 - - [21/Jul/2026:18:12:05 -0300] "GET /cormun/static/Shared/jqueryui/images/ui-bg_highlight-soft_100_c6c2c8_1x100.png HTTP/1.1" 404 1117
190.95.15.13 - - [21/Jul/2026:18:12:05 -0300] "GET /cormun/static/Shared/jqueryui/images/ui-icons_82798d_256x240.png HTTP/1.1" 404 1089
190.95.15.13 - - [21/Jul/2026:18:12:05 -0300] "GET /cormun/static/Shared/jqueryui/images/ui-bg_flat_55_fafafa_40x100.png HTTP/1.1" 404 1097
190.95.15.13 - - [21/Jul/2026:18:12:05 -0300] "GET /cormun/static/Shared/jqueryui/images/ui-icons_8d78a5_256x240.png HTTP/1.1" 404 1089
190.95.15.13 - - [21/Jul/2026:18:12:06 -0300] "POST /cormun/servlet/trpermisosgoce?0c5caec12162f80dc5153ca7bde5df6d,,gx-no-cache=1784668760769 HTTP/1.1" 200 7677
190.95.67.93 - - [21/Jul/2026:18:12:06 -0300] "GET /cormun/servlet/permisosadjuntos?INS,12897389,P,20260601165033,, HTTP/1.1" 200 5990
190.95.67.93 - - [21/Jul/2026:18:12:06 -0300] "GET /cormun/static/about:blank HTTP/1.1" 404 1011
190.95.15.13 - - [21/Jul/2026:18:12:07 -0300] "POST /cormun/servlet/trpermisosgoce?0c5caec12162f80dc5153ca7bde5df6d,,gx-no-cache=1784668761585 HTTP/1.1" 200 7620
190.95.67.93 - - [21/Jul/2026:18:12:17 -0300] "POST /cormun/servlet/permisosadjuntos?56554c586055819c2160514c761a6165,INS,12897389,P,20260601165033,, HTTP/1.1" 200 116
190.95.67.93 - - [21/Jul/2026:18:12:17 -0300] "GET /cormun/servlet/hpexe_return? HTTP/1.1" 200 1034
190.95.67.93 - - [21/Jul/2026:18:12:17 -0300] "GET /cormun/servlet/trpermisosadjuntos?12897389,20260601165033,P, HTTP/1.1" 200 7233
190.95.67.93 - - [21/Jul/2026:18:12:20 -0300] "POST /cormun/servlet/trpermisosadjuntos?56554c586055819c2160514c761a6165,12897389,20260601165033,P,,gx-no-cache=1784668775255 HTTP/1.1" 200 90
190.95.67.93 - - [21/Jul/2026:18:12:20 -0300] "GET /cormun/servlet/hpexe_link HTTP/1.1" 200 1003
190.95.67.93 - - [21/Jul/2026:18:12:20 -0300] "GET /cormun/servlet/trpermisosgoce?gx-no-cache=1784668206665 HTTP/1.1" 200 9115
190.95.15.13 - - [21/Jul/2026:18:12:23 -0300] "GET /cormun/servlet/hlogin HTTP/1.1" 200 1745
190.95.67.93 - - [21/Jul/2026:18:12:24 -0300] "POST /cormun/servlet/trpermisosgoce?56554c586055819c2160514c761a6165,gx-no-cache=1784668206665,gx-no-cache=1784668779284 HTTP/1.1" 200 6333
190.95.67.93 - - [21/Jul/2026:18:12:37 -0300] "GET /cormun/servlet/trpermisosgoce? HTTP/1.1" 200 9135
190.95.67.93 - - [21/Jul/2026:18:12:42 -0300] "POST /cormun/servlet/trpermisosgoce?56554c586055819c2160514c761a6165,,gx-no-cache=1784668796595 HTTP/1.1" 200 16431
190.95.67.93 - - [21/Jul/2026:18:12:52 -0300] "GET /cormun/servlet/trautorizarpermisogoce? HTTP/1.1" 200 9397
190.95.67.93 - - [21/Jul/2026:18:12:52 -0300] "GET /cormun/static/gxcfg.js?2020121645532 HTTP/1.1" 200 953
190.95.67.93 - - [21/Jul/2026:18:12:52 -0300] "GET /cormun/static/trautorizarpermisogoce.js?2020121651492 HTTP/1.1" 200 34948
190.95.67.93 - - [21/Jul/2026:18:13:05 -0300] "GET /cormun/servlet/trautorizarpermisogoce? HTTP/1.1" 200 9397
190.95.67.93 - - [21/Jul/2026:18:13:30 -0300] "GET /cormun/servlet/trpermisosgoce? HTTP/1.1" 200 19126
190.95.67.93 - - [21/Jul/2026:18:13:37 -0300] "POST /cormun/servlet/trpermisosgoce?56554c586055819c2160514c761a6165,,gx-no-cache=1784668851982 HTTP/1.1" 200 16449
190.95.67.93 - - [21/Jul/2026:18:13:59 -0300] "GET /cormun/servlet/trautorizarpermisogoce? HTTP/1.1" 200 9397
190.95.67.93 - - [21/Jul/2026:18:14:03 -0300] "POST /cormun/servlet/trautorizarpermisogoce?56554c586055819c2160514c761a6165,,gx-no-cache=1784668878207 HTTP/1.1" 200 6419
190.95.67.93 - - [21/Jul/2026:18:14:05 -0300] "POST /cormun/servlet/trautorizarpermisogoce?56554c586055819c2160514c761a6165,,gx-no-cache=1784668879642 HTTP/1.1" 200 6208
190.95.67.93 - - [21/Jul/2026:18:14:06 -0300] "POST /cormun/servlet/trautorizarpermisogoce?56554c586055819c2160514c761a6165,,gx-no-cache=1784668880346 HTTP/1.1" 200 5982
190.95.67.93 - - [21/Jul/2026:18:14:06 -0300] "POST /cormun/servlet/trautorizarpermisogoce?56554c586055819c2160514c761a6165,,gx-no-cache=1784668880962 HTTP/1.1" 200 5748
190.95.67.93 - - [21/Jul/2026:18:14:07 -0300] "POST /cormun/servlet/trautorizarpermisogoce?56554c586055819c2160514c761a6165,,gx-no-cache=1784668881530 HTTP/1.1" 200 5535
190.95.67.93 - - [21/Jul/2026:18:14:07 -0300] "POST /cormun/servlet/trautorizarpermisogoce?56554c586055819c2160514c761a6165,,gx-no-cache=1784668882093 HTTP/1.1" 200 5267
190.95.67.93 - - [21/Jul/2026:18:14:08 -0300] "POST /cormun/servlet/trautorizarpermisogoce?56554c586055819c2160514c761a6165,,gx-no-cache=1784668882734 HTTP/1.1" 200 4511
190.95.67.93 - - [21/Jul/2026:18:14:14 -0300] "GET /cormun/servlet/trpermisosgoce? HTTP/1.1" 200 19120
190.95.1.183 - - [21/Jul/2026:18:36:21 -0300] "GET /cormun/servlet/hlogin HTTP/1.1" 200 1717
190.95.1.183 - - [21/Jul/2026:18:36:22 -0300] "GET /cormun/servlet/hlogin HTTP/1.1" 200 1728
190.95.1.183 - - [21/Jul/2026:18:36:22 -0300] "GET /favicon.ico HTTP/1.1" 200 21630
190.95.1.183 - - [21/Jul/2026:18:36:28 -0300] "POST /cormun/servlet/hlogin?e472ba76ce05b32c859e9060d4a1170a,gx-no-cache=1784670223377 HTTP/1.1" 200 90
190.95.1.183 - - [21/Jul/2026:18:36:28 -0300] "GET /cormun/servlet/hpexe_link HTTP/1.1" 200 947
190.95.1.183 - - [21/Jul/2026:18:36:28 -0300] "GET /cormun/servlet/hhome HTTP/1.1" 200 3972
190.95.1.183 - - [21/Jul/2026:18:36:45 -0300] "GET /cormun/servlet/trlicencias? HTTP/1.1" 200 10110
190.95.1.183 - - [21/Jul/2026:18:36:45 -0300] "GET /cormun/static/gxcfg.js?202211298463625 HTTP/1.1" 200 953
190.95.1.183 - - [21/Jul/2026:18:36:45 -0300] "GET /cormun/static/trlicencias.js?202211298463889 HTTP/1.1" 200 41883
190.95.1.183 - - [21/Jul/2026:18:36:45 -0300] "GET /cormun//static/Resources/PXToolsGridDisplay.png HTTP/1.1" 200 525
190.95.1.183 - - [21/Jul/2026:18:36:45 -0300] "GET /cormun//static/Resources/PXToolsActionDisabled.gif HTTP/1.1" 200 53
190.95.1.183 - - [21/Jul/2026:18:36:45 -0300] "GET /cormun//static/Resources/PXToolsHeaderFavorites.png HTTP/1.1" 200 1414
190.95.1.183 - - [21/Jul/2026:18:36:45 -0300] "GET /cormun//static/Resources/PXToolsActionPrint.png HTTP/1.1" 200 404
190.95.1.183 - - [21/Jul/2026:18:36:45 -0300] "GET /cormun//static/Resources/PXTools/ActionInsert.png HTTP/1.1" 200 1482
190.95.1.183 - - [21/Jul/2026:18:36:45 -0300] "GET /cormun//static/Resources/PXToolsHeaderHelp.png HTTP/1.1" 200 1333
192.155.90.118 - - [21/Jul/2026:18:37:19 -0300] "GET / HTTP/1.1" 200 11217
175.197.136.99 - - [21/Jul/2026:18:54:35 -0300] "-" 400 -
201.186.225.185 - - [21/Jul/2026:19:05:28 -0300] "GET /cormun/servlet/hlogin HTTP/1.1" 200 1710
201.186.225.185 - - [21/Jul/2026:19:05:33 -0300] "POST /cormun/servlet/hlogin?a8caa90409810cc12113c2e8b9b7fe79,gx-no-cache=1784671967922 HTTP/1.1" 200 90
201.186.225.185 - - [21/Jul/2026:19:05:33 -0300] "GET /cormun/servlet/hpexe_link HTTP/1.1" 200 940
201.186.225.185 - - [21/Jul/2026:19:05:33 -0300] "GET /cormun/servlet/hhome HTTP/1.1" 200 4226
201.186.225.185 - - [21/Jul/2026:19:05:36 -0300] "GET /cormun/servlet/trlicencias? HTTP/1.1" 200 11915
191.127.210.159 - - [21/Jul/2026:19:18:30 -0300] "GET /cormun/servlet/hlogin HTTP/1.1" 200 1724
191.127.210.159 - - [21/Jul/2026:19:18:30 -0300] "GET /cormun/static/Resources/Spanish/PXTools.css?1759030 HTTP/1.1" 200 100853
191.127.210.159 - - [21/Jul/2026:19:18:31 -0300] "GET /cormun/static/gxgral.js?85251 HTTP/1.1" 200 384558
191.127.210.159 - - [21/Jul/2026:19:18:31 -0300] "GET /cormun/servlet/hlogin HTTP/1.1" 200 1735
191.127.210.159 - - [21/Jul/2026:19:18:33 -0300] "POST /cormun/servlet/hlogin?cda9607dcf6a812445b0f8f66e8bf31f,gx-no-cache=1784672747839 HTTP/1.1" 200 90
191.127.210.159 - - [21/Jul/2026:19:18:33 -0300] "GET /cormun/servlet/hpexe_link HTTP/1.1" 200 955
191.127.210.159 - - [21/Jul/2026:19:18:33 -0300] "GET /cormun/static/Resources/Spanish/PXTools.css?8354383 HTTP/1.1" 200 100853
191.127.210.159 - - [21/Jul/2026:19:18:33 -0300] "GET /cormun/servlet/hhome HTTP/1.1" 200 3951
191.127.210.159 - - [21/Jul/2026:19:18:33 -0300] "GET /cormun/static/gxui/gxui-all.js HTTP/1.1" 200 107772
191.127.210.159 - - [21/Jul/2026:19:18:33 -0300] "GET /cormun/static/Resources/Spanish/PXTools.css?14345360 HTTP/1.1" 200 100853
191.127.210.159 - - [21/Jul/2026:19:18:33 -0300] "GET /cormun/static/Shared/jquery/jquery-1.4.2.min.js HTTP/1.1" 200 72174
191.127.210.159 - - [21/Jul/2026:19:18:34 -0300] "GET /cormun/static/Shared/jqueryui/jquery-ui.min.js HTTP/1.1" 200 240427
191.127.210.159 - - [21/Jul/2026:19:18:34 -0300] "GET /cormun/static/Shared/jquery/jquery-1.10.2.min.js HTTP/1.1" 200 273199
191.127.210.159 - - [21/Jul/2026:19:18:34 -0300] "GET /cormun/static/Shared/ext/ext-all.js HTTP/1.1" 200 1289687
191.127.210.159 - - [21/Jul/2026:19:18:41 -0300] "GET /cormun/servlet/trlicencias? HTTP/1.1" 200 9370
191.127.210.159 - - [21/Jul/2026:19:18:42 -0300] "GET /cormun/static/Shared/ext/resources/css/ext-all.css?215870 HTTP/1.1" 200 416045
20.163.15.96 - - [21/Jul/2026:19:21:30 -0300] "-" 400 -
172.236.127.133 - - [21/Jul/2026:19:33:14 -0300] "GET / HTTP/1.1" 200 11217
91.92.42.149 - - [21/Jul/2026:20:19:30 -0300] "CONNECT api.myip.la:443 HTTP/1.1" 400 -
184.105.139.68 - - [21/Jul/2026:21:17:32 -0300] "GET / HTTP/1.1" 200 11217
184.105.139.108 - - [21/Jul/2026:21:19:57 -0300] "GET /favicon.ico HTTP/1.1" 200 21630
184.105.139.108 - - [21/Jul/2026:21:21:22 -0300] "GET /?format=json HTTP/1.1" 200 11217
184.105.139.92 - - [21/Jul/2026:21:21:39 -0300] "CONNECT www.shadowserver.org:443 HTTP/1.1" 400 -
184.105.139.68 - - [21/Jul/2026:21:22:04 -0300] "GET /geoserver/web/ HTTP/1.1" 404 989
162.217.100.41 - - [21/Jul/2026:21:26:54 -0300] "GET / HTTP/1.1" 200 11217
162.217.100.41 - - [21/Jul/2026:21:26:55 -0300] "GET /favicon.ico HTTP/1.1" 200 21630
20.168.122.18 - - [21/Jul/2026:22:06:37 -0300] "-" 400 -
172.105.7.20 - - [21/Jul/2026:22:19:27 -0300] "-" 400 -
172.105.7.20 - - [21/Jul/2026:22:19:27 -0300] "GET / HTTP/1.1" 200 11217
172.105.7.20 - - [21/Jul/2026:22:19:28 -0300] "GET /download/powershell/ HTTP/1.1" 404 1001
172.105.7.20 - - [21/Jul/2026:22:19:28 -0300] "GET /get.php HTTP/1.1" 404 975
18.116.101.220 - - [21/Jul/2026:22:35:18 -0300] "GET / HTTP/1.1" 200 11217
18.116.101.220 - - [21/Jul/2026:22:36:25 -0300] "GET / HTTP/1.1" 200 11217
18.116.101.220 - - [21/Jul/2026:22:38:36 -0300] "ü;_cifM$1†å°´~/ÂE[_LþÊ2¿µuȶò7 Ò\ØÙ4¾f[ǹO€D~sîIŠ_9=k>šÛ3[+º&̨̩À/À0À+À,ÀÀ ÀÀ" 400 -
18.116.101.220 - - [21/Jul/2026:22:40:18 -0300] "-" 400 -
167.94.146.49 - - [21/Jul/2026:23:53:11 -0300] "GET / HTTP/1.1" 200 11217
167.94.146.49 - - [21/Jul/2026:23:53:31 -0300] "GET / HTTP/1.1" 200 11217
167.94.146.49 - - [21/Jul/2026:23:53:31 -0300] "PRI * HTTP/2.0" 505 -
167.94.146.49 - - [21/Jul/2026:23:53:32 -0300] "GET /favicon.ico HTTP/1.1" 200 21630
167.94.146.49 - - [21/Jul/2026:23:53:52 -0300] "GET /security.txt HTTP/1.1" 404 985