10.40.40.2 - - [07/Jul/2026:11:38:41 -0300] "GET /cormun/servlet/hpexe_link HTTP/1.1" 200 955
10.40.40.2 - - [07/Jul/2026:11:38:41 -0300] "GET /cormun/servlet/trlicencias HTTP/1.1" 200 17409
10.40.40.2 - - [07/Jul/2026:11:38:48 -0300] "POST /cormun/servlet/trlicencias?395c16397bd1b289e91855919694610e,gx-no-cache=1783435440737 HTTP/1.1" 200 3281
10.40.40.2 - - [07/Jul/2026:11:38:49 -0300] "POST /cormun/servlet/trlicencias?395c16397bd1b289e91855919694610e,gx-no-cache=1783435442573 HTTP/1.1" 200 3282
10.40.40.2 - - [07/Jul/2026:11:38:53 -0300] "POST /cormun/servlet/trlicencias?395c16397bd1b289e91855919694610e,gx-no-cache=1783435446537 HTTP/1.1" 200 15764
10.40.40.2 - - [07/Jul/2026:11:39:09 -0300] "POST /cormun/servlet/trlicencias?395c16397bd1b289e91855919694610e,gx-no-cache=1783435462660 HTTP/1.1" 200 4852
190.95.15.17 - - [07/Jul/2026:11:40:14 -0300] "POST /cormun/servlet/trlicencias?831500ca5c27dfb2d83c37ad3c1c2b0b,,gx-no-cache=1783435572931 HTTP/1.1" 440 972
190.95.15.17 - - [07/Jul/2026:11:40:15 -0300] "GET /cormun/servlet/trlicencias? HTTP/1.1" 200 6053
190.95.15.17 - - [07/Jul/2026:11:40:15 -0300] "GET /cormun/servlet/hlogin HTTP/1.1" 200 1741
190.95.15.17 - - [07/Jul/2026:11:40:18 -0300] "POST /cormun/servlet/hlogin?cf91ed670cc574bd973ff2be156ba980,gx-no-cache=1783435577159 HTTP/1.1" 200 446
190.95.15.17 - - [07/Jul/2026:11:40:21 -0300] "POST /cormun/servlet/hlogin?cf91ed670cc574bd973ff2be156ba980,gx-no-cache=1783435579877 HTTP/1.1" 200 90
190.95.15.17 - - [07/Jul/2026:11:40:21 -0300] "GET /cormun/servlet/hpexe_link HTTP/1.1" 200 960
190.95.15.17 - - [07/Jul/2026:11:40:21 -0300] "GET /cormun/servlet/trlicencias HTTP/1.1" 200 10209
200.126.116.145 - - [07/Jul/2026:11:41:11 -0300] "GET /cormun/servlet/hlogin HTTP/1.1" 200 1726
200.126.116.145 - - [07/Jul/2026:11:41:26 -0300] "POST /cormun/servlet/hlogin?08de1915962b6a6d59f2df2fb49117f8,gx-no-cache=1783435671826 HTTP/1.1" 200 90
200.126.116.145 - - [07/Jul/2026:11:41:26 -0300] "GET /cormun/servlet/hpexe_link HTTP/1.1" 200 954
200.126.116.145 - - [07/Jul/2026:11:41:26 -0300] "GET /cormun/servlet/hhome HTTP/1.1" 200 4338
200.126.116.145 - - [07/Jul/2026:11:41:29 -0300] "GET /cormun/servlet/trlicencias? HTTP/1.1" 200 11965
200.126.116.145 - - [07/Jul/2026:11:41:34 -0300] "GET /cormun/servlet/alicenciaprn?14070981,L,20260706000000,PU HTTP/1.1" 200 1543
201.186.226.3 - - [07/Jul/2026:11:41:56 -0300] "GET /cormun/servlet/hlogin HTTP/1.1" 200 1719
201.186.226.5 - - [07/Jul/2026:11:44:53 -0300] "GET /cormun/servlet/hlogin HTTP/1.1" 200 1718
201.186.226.5 - - [07/Jul/2026:11:44:54 -0300] "GET /cormun/servlet/hlogin HTTP/1.1" 200 1729
201.186.226.5 - - [07/Jul/2026:11:44:56 -0300] "POST /cormun/servlet/hlogin?cef54f52214e53f41a46638e601883c7,gx-no-cache=1783435857841 HTTP/1.1" 200 90
201.186.226.5 - - [07/Jul/2026:11:44:56 -0300] "GET /cormun/servlet/hpexe_link HTTP/1.1" 200 951
201.186.226.5 - - [07/Jul/2026:11:44:57 -0300] "GET /cormun/servlet/hhome HTTP/1.1" 200 4140
201.186.226.5 - - [07/Jul/2026:11:45:00 -0300] "GET /cormun/servlet/trlicencias? HTTP/1.1" 200 9483
201.186.226.3 - - [07/Jul/2026:11:45:00 -0300] "POST /cormun/servlet/hlogin?b9d23308ebcc94ab14e1a03f89fcf64c,gx-no-cache=1783435860520 HTTP/1.1" 200 90
201.186.226.3 - - [07/Jul/2026:11:45:00 -0300] "GET /cormun/servlet/hpexe_link HTTP/1.1" 200 951
201.186.226.3 - - [07/Jul/2026:11:45:01 -0300] "GET /cormun/servlet/hhome HTTP/1.1" 200 3933
201.186.226.3 - - [07/Jul/2026:11:45:05 -0300] "GET /cormun/servlet/trlicencias? HTTP/1.1" 200 9125
201.186.226.3 - - [07/Jul/2026:11:45:16 -0300] "GET /cormun/servlet/alicenciaprn?7646369,L,20260706000000,PU HTTP/1.1" 200 1523
201.186.226.3 - - [07/Jul/2026:11:45:58 -0300] "GET /cormun/servlet/hlogin HTTP/1.1" 200 1735
93.123.72.183 - - [07/Jul/2026:11:45:58 -0300] "GET /SDK/webLanguage HTTP/1.1" 404 991
190.95.1.185 - - [07/Jul/2026:11:47:17 -0300] "GET /cormun/servlet/hlogin HTTP/1.1" 200 1725
190.95.1.185 - - [07/Jul/2026:11:47:20 -0300] "POST /cormun/servlet/hlogin?37e8de5f0ce44de241b575e92c663698,gx-no-cache=1783436000134 HTTP/1.1" 200 90
190.95.1.185 - - [07/Jul/2026:11:47:20 -0300] "GET /cormun/servlet/hpexe_link HTTP/1.1" 200 956
190.95.1.185 - - [07/Jul/2026:11:47:20 -0300] "GET /cormun/servlet/hhome HTTP/1.1" 200 4489
190.95.1.185 - - [07/Jul/2026:11:47:23 -0300] "GET /cormun/servlet/trlicencias? HTTP/1.1" 200 10216
190.95.1.185 - - [07/Jul/2026:11:47:27 -0300] "POST /cormun/servlet/trlicencias?37e8de5f0ce44de241b575e92c663698,,gx-no-cache=1783436007398 HTTP/1.1" 200 7470
190.95.1.185 - - [07/Jul/2026:11:48:29 -0300] "GET /cormun/servlet/trlicencias? HTTP/1.1" 200 10213
179.57.78.71 - - [07/Jul/2026:11:49:04 -0300] "GET /cormun/servlet/trreportecargahoraria? HTTP/1.1" 200 5699
179.57.78.71 - - [07/Jul/2026:11:49:04 -0300] "GET /cormun/servlet/hlogin HTTP/1.1" 200 1747
179.57.78.71 - - [07/Jul/2026:11:49:08 -0300] "POST /cormun/servlet/hlogin?ff4bd9d8897fc3e4cec8b058a308cb81,gx-no-cache=1783436109532 HTTP/1.1" 200 90
179.57.78.71 - - [07/Jul/2026:11:49:08 -0300] "GET /cormun/servlet/hpexe_link HTTP/1.1" 200 965
179.57.78.71 - - [07/Jul/2026:11:49:08 -0300] "GET /cormun/servlet/trreportecargahoraria HTTP/1.1" 200 6649
179.57.78.71 - - [07/Jul/2026:11:49:14 -0300] "GET /cormun/servlet/trreportecargahoraria? HTTP/1.1" 200 6647
179.57.78.71 - - [07/Jul/2026:11:49:37 -0300] "GET /cormun/servlet/hlogin HTTP/1.1" 200 1741
179.57.78.71 - - [07/Jul/2026:11:50:11 -0300] "POST /cormun/servlet/trreportecargahoraria?ff4bd9d8897fc3e4cec8b058a308cb81,,gx-no-cache=1783436172523 HTTP/1.1" 200 3959
190.95.15.17 - - [07/Jul/2026:11:50:18 -0300] "POST /cormun/servlet/trlicencias?cf91ed670cc574bd973ff2be156ba980,gx-no-cache=1783436177549 HTTP/1.1" 200 7467
190.95.15.17 - - [07/Jul/2026:11:50:20 -0300] "POST /cormun/servlet/trlicencias?cf91ed670cc574bd973ff2be156ba980,gx-no-cache=1783436178742 HTTP/1.1" 200 7466
201.186.225.183 - - [07/Jul/2026:11:50:24 -0300] "POST /cormun/servlet/trpermisosgoce?d99bcaab69ddbce9719f25ea8e80ce57,gx-no-cache=1783434396173,gx-no-cache=1783436184516 HTTP/1.1" 200 5954
201.186.225.183 - - [07/Jul/2026:11:50:33 -0300] "GET /cormun/servlet/permisogoce?INS,0,,, HTTP/1.1" 200 6853
190.95.67.95 - - [07/Jul/2026:11:50:38 -0300] "GET /cormun/servlet/hlogin HTTP/1.1" 200 1721
190.95.67.95 - - [07/Jul/2026:11:50:40 -0300] "POST /cormun/servlet/hlogin?07df5df3aa438edc4978c7256f37c136,gx-no-cache=1783436199742 HTTP/1.1" 200 90
190.95.67.95 - - [07/Jul/2026:11:50:40 -0300] "GET /cormun/servlet/hpexe_link HTTP/1.1" 200 957
190.95.67.95 - - [07/Jul/2026:11:50:40 -0300] "GET /cormun/servlet/trlicencias? HTTP/1.1" 200 15169
201.186.225.183 - - [07/Jul/2026:11:50:43 -0300] "GET /cormun/servlet/permisogoce?8dda10b631039f0aaf9647da9a56c933833c9cf9a67d7f73370e41a0b8699b22829778c656727bb4fa2f06930f96074bd0e79a00977d6905a50b6635fd54053e,gx-no-cache=1783436203582 HTTP/1.1" 200 79
201.186.225.183 - - [07/Jul/2026:11:50:52 -0300] "GET /cormun/servlet/permisogoce?8dda10b631039f0aaf9647da9a56c93322493ed3389673b8f753266a57ab6d7e453d943f4973ba0c8f499ca75c0a932696c29a7ec088e4795ec689c3e0fd1243,gx-no-cache=1783436212848 HTTP/1.1" 200 48
201.186.225.183 - - [07/Jul/2026:11:50:54 -0300] "POST /cormun/servlet/permisogoce?d99bcaab69ddbce9719f25ea8e80ce57,INS,0,,,,gx-no-cache=1783436213640 HTTP/1.1" 200 93
201.186.225.183 - - [07/Jul/2026:11:50:54 -0300] "GET /cormun/servlet/hpexe_return? HTTP/1.1" 200 1026
201.186.225.183 - - [07/Jul/2026:11:50:54 -0300] "GET /cormun/servlet/trpermisosgoce?gx-no-cache=1783434396173 HTTP/1.1" 200 8880
201.186.225.183 - - [07/Jul/2026:11:50:57 -0300] "GET /cormun/servlet/apermisogoceprn?15123974,P,20260707105821,PU HTTP/1.1" 200 1643
179.57.78.55 - - [07/Jul/2026:11:51:01 -0300] "POST /cormun/servlet/trlicencias?293697c6440a273c3dc6a7e218b82aba,gx-no-cache=1783436196872 HTTP/1.1" 200 8158
179.57.78.55 - - [07/Jul/2026:11:51:04 -0300] "GET /cormun/servlet/trpermisosgoce? HTTP/1.1" 200 12518
190.95.67.95 - - [07/Jul/2026:11:51:05 -0300] "GET /cormun/servlet/trpermisosgoce? HTTP/1.1" 200 11635
201.186.225.183 - - [07/Jul/2026:11:51:31 -0300] "POST /cormun/servlet/trpermisosgoce?d99bcaab69ddbce9719f25ea8e80ce57,gx-no-cache=1783434396173,gx-no-cache=1783436251390 HTTP/1.1" 200 16007
179.57.78.55 - - [07/Jul/2026:11:52:05 -0300] "GET /cormun/servlet/permisogoce?INS,0,,, HTTP/1.1" 200 6849
190.95.67.95 - - [07/Jul/2026:11:52:22 -0300] "GET /cormun/servlet/trpermisosadjuntos?17525688,20260616154434,P, HTTP/1.1" 200 6342
179.57.78.55 - - [07/Jul/2026:11:52:24 -0300] "GET /cormun/servlet/permisogoce?81745e79c24b560a6f499560ca8a7332854bceffa99fe22bc8e599c992fcf86daa39631b46acc027ac5e14d8cc0222ca7b2d706d3fe9511abadf6a345a8db623,gx-no-cache=1783436279699 HTTP/1.1" 200 84
190.95.67.95 - - [07/Jul/2026:11:52:29 -0300] "POST /cormun/servlet/trpermisosadjuntos?07df5df3aa438edc4978c7256f37c136,17525688,20260616154434,P,,gx-no-cache=1783436308182 HTTP/1.1" 200 90
190.95.67.95 - - [07/Jul/2026:11:52:29 -0300] "GET /cormun/servlet/hpexe_link HTTP/1.1" 200 983
190.95.67.95 - - [07/Jul/2026:11:52:29 -0300] "GET /cormun/servlet/trpermisosgoce HTTP/1.1" 200 11637
179.57.78.55 - - [07/Jul/2026:11:52:31 -0300] "GET /cormun/servlet/permisogoce?81745e79c24b560a6f499560ca8a733262bb481a8f6c18e49cf3f3cdcf0a3128a66caa981e737318a2aba85aa13b3462d9f8ccffc71b979190986d2d3c98057d,gx-no-cache=1783436287010 HTTP/1.1" 200 47
179.57.78.55 - - [07/Jul/2026:11:52:33 -0300] "POST /cormun/servlet/permisogoce?293697c6440a273c3dc6a7e218b82aba,INS,0,,,,gx-no-cache=1783436288774 HTTP/1.1" 200 93
179.57.78.55 - - [07/Jul/2026:11:52:33 -0300] "GET /cormun/servlet/hpexe_return? HTTP/1.1" 200 1011
179.57.78.55 - - [07/Jul/2026:11:52:34 -0300] "GET /cormun/servlet/trpermisosgoce HTTP/1.1" 200 12781
179.57.78.55 - - [07/Jul/2026:11:52:37 -0300] "GET /cormun/servlet/apermisogoceprn?12912142,P,20260707105953,PU HTTP/1.1" 200 1651
190.95.67.95 - - [07/Jul/2026:11:53:14 -0300] "GET /cormun/servlet/permisogoce?UPD,17525688,P,20260616154434, HTTP/1.1" 200 6959
190.95.67.95 - - [07/Jul/2026:11:53:15 -0300] "GET /cormun/servlet/permisogoce?a386b348b8e23eccbc8e9593b71af5a8dce778cd0eb66e9b29893e0ddec443ac3aa49f28ee1866beaf6ffe3f9497e410c4268b39b909b416bbc07d8f189119d6a049f8079262966167f14e5fbd723dc6,gx-no-cache=1783436354362 HTTP/1.1" 200 94
190.95.67.95 - - [07/Jul/2026:11:53:23 -0300] "GET /cormun/servlet/permisogoce?a386b348b8e23eccbc8e9593b71af5a8ce55cc2f14de9cd4d8d00d03e50e7d35514de1b86f04ab27a543fe908d545a56bead76411ed5ef3a572c778cc9b69e7c,gx-no-cache=1783436362217 HTTP/1.1" 200 48
190.95.67.95 - - [07/Jul/2026:11:53:23 -0300] "POST /cormun/servlet/permisogoce?07df5df3aa438edc4978c7256f37c136,UPD,17525688,P,20260616154434,,gx-no-cache=1783436362246 HTTP/1.1" 200 93
190.95.67.95 - - [07/Jul/2026:11:53:23 -0300] "GET /cormun/servlet/hpexe_return? HTTP/1.1" 200 1028
190.95.67.95 - - [07/Jul/2026:11:53:23 -0300] "GET /cormun/servlet/trpermisosgoce HTTP/1.1" 200 11640
190.95.67.95 - - [07/Jul/2026:11:53:37 -0300] "GET /cormun/servlet/apermisogoceprn?17525688,P,20260616154434,PU HTTP/1.1" 200 1694
201.186.225.183 - - [07/Jul/2026:11:54:19 -0300] "GET /cormun/servlet/permisogoce?INS,0,,, HTTP/1.1" 200 6854
201.186.225.183 - - [07/Jul/2026:11:54:26 -0300] "GET /cormun/servlet/permisogoce?8dda10b631039f0aaf9647da9a56c933c37271a8fc4c8c4c7b55fb0260d7bd55829778c656727bb4fa2f06930f96074bd0e79a00977d6905a50b6635fd54053e,gx-no-cache=1783436426972 HTTP/1.1" 200 82
201.186.225.183 - - [07/Jul/2026:11:54:40 -0300] "GET /cormun/servlet/permisogoce?8dda10b631039f0aaf9647da9a56c9336645e83b707608c55b5e3b61e04ee91198d8fbb47f0de7b3830c6920b303721f96c29a7ec088e4795ec689c3e0fd1243,gx-no-cache=1783436440673 HTTP/1.1" 200 48
201.186.225.183 - - [07/Jul/2026:11:54:41 -0300] "POST /cormun/servlet/permisogoce?d99bcaab69ddbce9719f25ea8e80ce57,INS,0,,,,gx-no-cache=1783436441393 HTTP/1.1" 200 93
201.186.225.183 - - [07/Jul/2026:11:54:41 -0300] "GET /cormun/servlet/hpexe_return? HTTP/1.1" 200 1026
201.186.225.183 - - [07/Jul/2026:11:54:42 -0300] "GET /cormun/servlet/trpermisosgoce?gx-no-cache=1783434396173 HTTP/1.1" 200 18765
201.186.225.183 - - [07/Jul/2026:11:54:46 -0300] "GET /cormun/servlet/apermisogoceprn?13598462,P,20260707110207,PU HTTP/1.1" 200 1650
201.186.225.183 - - [07/Jul/2026:11:55:08 -0300] "GET /cormun/servlet/permisogoce?INS,0,,, HTTP/1.1" 200 6854
201.186.225.183 - - [07/Jul/2026:11:55:15 -0300] "GET /cormun/servlet/permisogoce?8dda10b631039f0aaf9647da9a56c9339778db5b84a82788b185a9a4e0ed7296829778c656727bb4fa2f06930f96074bd0e79a00977d6905a50b6635fd54053e,gx-no-cache=1783436475064 HTTP/1.1" 200 84
179.57.78.71 - - [07/Jul/2026:11:55:16 -0300] "þÏûì¿™¸a¹ÐH‘³Öj™`QÐbd03Õü éž!7 *;e9jŸKßΊº®LïãS¼¿ ÝoHá½33[*ZZÀ,À+Ì©À0À/̨À" 400 -
179.57.78.71 - - [07/Jul/2026:11:55:16 -0300] "þ•ùÊ"té3š“ǶFÎÜ/S¢G|ÿkKÁÕdr´ RC¥Ì·ù€9§J J¯°]ÀJ(g™ubØí·[ 9c*zzÀ,À+Ì©À0À/̨À" 400 -
179.57.78.71 - - [07/Jul/2026:11:55:16 -0300] "-" 400 -
179.57.78.71 - - [07/Jul/2026:11:55:16 -0300] "þS.Ýx‰ùTQ½÷í¥WNW„'«ÑƊVÇ}Ç‚{ô Á’\Öý‰èlK¼ ÓAå:‘š " 400 -
179.57.78.71 - - [07/Jul/2026:11:55:16 -0300] "GET /cormun/servlet/hlogin HTTP/1.1" 200 1727
201.186.225.183 - - [07/Jul/2026:11:55:21 -0300] "GET /cormun/servlet/permisogoce?8dda10b631039f0aaf9647da9a56c9332dcb005d2d53b1559fd163354bcc48e5832bb43483de1a25b8fc8c3cb1e1cd02fd06baecca714e63c497d9ae1e9ff676,gx-no-cache=1783436481199 HTTP/1.1" 200 47
201.186.225.183 - - [07/Jul/2026:11:55:22 -0300] "POST /cormun/servlet/permisogoce?d99bcaab69ddbce9719f25ea8e80ce57,INS,0,,,,gx-no-cache=1783436482449 HTTP/1.1" 200 93
201.186.225.183 - - [07/Jul/2026:11:55:22 -0300] "GET /cormun/servlet/hpexe_return? HTTP/1.1" 200 1026
201.186.225.183 - - [07/Jul/2026:11:55:23 -0300] "GET /cormun/servlet/trpermisosgoce?gx-no-cache=1783434396173 HTTP/1.1" 200 18808
201.186.225.183 - - [07/Jul/2026:11:55:26 -0300] "GET /cormun/servlet/apermisogoceprn?19265845,P,20260707110256,PU HTTP/1.1" 200 1655
179.57.78.71 - - [07/Jul/2026:11:55:27 -0300] "POST /cormun/servlet/hlogin?8a3d936e9761205b194e99703907e4ec,gx-no-cache=1783436487170 HTTP/1.1" 200 90
179.57.78.71 - - [07/Jul/2026:11:55:27 -0300] "GET /cormun/servlet/hpexe_link HTTP/1.1" 200 956
179.57.78.71 - - [07/Jul/2026:11:55:27 -0300] "GET /cormun/servlet/hhome HTTP/1.1" 200 4263
179.57.78.71 - - [07/Jul/2026:11:55:30 -0300] "GET /cormun/servlet/trlicencias? HTTP/1.1" 200 10534
179.57.78.71 - - [07/Jul/2026:11:55:37 -0300] "GET /cormun/static/menuarrow.gif HTTP/1.1" 404 1015
179.57.78.71 - - [07/Jul/2026:11:55:44 -0300] "POST /cormun/servlet/trlicencias?8a3d936e9761205b194e99703907e4ec,,gx-no-cache=1783436504168 HTTP/1.1" 200 18236
179.57.78.71 - - [07/Jul/2026:11:55:44 -0300] "GET /cormun/static/Resources/PXToolsGridNext.gif HTTP/1.1" 200 369
179.57.78.71 - - [07/Jul/2026:11:55:44 -0300] "GET /cormun/static/Resources/PXToolsGridLast.gif HTTP/1.1" 200 370
179.57.78.71 - - [07/Jul/2026:11:55:48 -0300] "POST /cormun/servlet/trlicencias?8a3d936e9761205b194e99703907e4ec,,gx-no-cache=1783436508402 HTTP/1.1" 200 101
179.57.78.71 - - [07/Jul/2026:11:55:49 -0300] "GET /cormun/Licencias-5170.xls HTTP/1.1" 200 24576
179.57.78.71 - - [07/Jul/2026:11:56:14 -0300] "GET /cormun/servlet/trfichaempleado? HTTP/1.1" 200 14952
201.186.225.183 - - [07/Jul/2026:11:58:27 -0300] "GET /cormun/servlet/permisogoce?INS,0,,, HTTP/1.1" 200 6854
201.186.225.183 - - [07/Jul/2026:11:58:32 -0300] "GET /cormun/servlet/permisogoce?8dda10b631039f0aaf9647da9a56c933752d3334caf2b1c508ce78386bb88d56896b30be8bab35c5c13509e33cb59d3658ef58576de8eac7bfc6ec81034016a2,gx-no-cache=1783436672978 HTTP/1.1" 200 84
201.186.225.183 - - [07/Jul/2026:11:58:38 -0300] "GET /cormun/servlet/permisogoce?8dda10b631039f0aaf9647da9a56c93335cb714b97297624aac598bc226a63f273ff2e855899082039fd37d78f4ae8341509bb8c94c52797fe90b9da4044b850,gx-no-cache=1783436678570 HTTP/1.1" 200 44
201.186.225.183 - - [07/Jul/2026:11:58:39 -0300] "POST /cormun/servlet/permisogoce?d99bcaab69ddbce9719f25ea8e80ce57,INS,0,,,,gx-no-cache=1783436679548 HTTP/1.1" 200 93
201.186.225.183 - - [07/Jul/2026:11:58:39 -0300] "GET /cormun/servlet/hpexe_return? HTTP/1.1" 200 1026
201.186.225.183 - - [07/Jul/2026:11:58:40 -0300] "GET /cormun/servlet/trpermisosgoce?gx-no-cache=1783434396173 HTTP/1.1" 200 18852
201.186.225.183 - - [07/Jul/2026:11:58:50 -0300] "GET /cormun/servlet/apermisogoceprn?9040511,P,20260707110615,PU HTTP/1.1" 200 1656
201.186.225.183 - - [07/Jul/2026:12:00:57 -0300] "GET /cormun/servlet/apermisogoceprn?19265845,P,20260707110256,PU HTTP/1.1" 200 1660
201.186.225.183 - - [07/Jul/2026:12:01:12 -0300] "GET /cormun/servlet/permisogoce?INS,0,,, HTTP/1.1" 200 6853
201.186.225.183 - - [07/Jul/2026:12:01:23 -0300] "GET /cormun/servlet/permisogoce?8dda10b631039f0aaf9647da9a56c933855480f12d1ea2f07f6bbc49a7e15420896b30be8bab35c5c13509e33cb59d3658ef58576de8eac7bfc6ec81034016a2,gx-no-cache=1783436843721 HTTP/1.1" 200 86
201.186.225.183 - - [07/Jul/2026:12:01:31 -0300] "GET /cormun/servlet/permisogoce?8dda10b631039f0aaf9647da9a56c9332087de637a5c59ca429a53437d3272004a74de346fa62466d7818bd27fd0b9f13f18129f3ee77e83492ec3dfe24d344e,gx-no-cache=1783436851876 HTTP/1.1" 200 48
201.186.225.183 - - [07/Jul/2026:12:01:33 -0300] "POST /cormun/servlet/permisogoce?d99bcaab69ddbce9719f25ea8e80ce57,INS,0,,,,gx-no-cache=1783436853114 HTTP/1.1" 200 93
201.186.225.183 - - [07/Jul/2026:12:01:33 -0300] "GET /cormun/servlet/hpexe_return? HTTP/1.1" 200 1026
201.186.225.183 - - [07/Jul/2026:12:01:33 -0300] "GET /cormun/servlet/trpermisosgoce?gx-no-cache=1783434396173 HTTP/1.1" 200 18783
201.186.225.183 - - [07/Jul/2026:12:02:06 -0300] "GET /cormun/servlet/trpermisosgoce? HTTP/1.1" 200 18799
201.186.225.183 - - [07/Jul/2026:12:02:09 -0300] "GET /cormun/servlet/apermisogoceprn?7067109,P,20260707110900,PU HTTP/1.1" 200 1649
10.40.40.2 - - [07/Jul/2026:12:02:45 -0300] "GET /cormun/servlet/hlogin HTTP/1.1" 200 1719
10.40.40.2 - - [07/Jul/2026:12:02:45 -0300] "GET /cormun/static/Resources/CormunLogin.png HTTP/1.1" 200 19132
10.40.40.2 - - [07/Jul/2026:12:02:45 -0300] "GET /cormun/static/Resources/PXToolsLoginTop.png HTTP/1.1" 200 1337
10.40.40.2 - - [07/Jul/2026:12:02:45 -0300] "GET /cormun/static/Resources/PXToolsLoginBackground.png HTTP/1.1" 200 1164
10.40.40.2 - - [07/Jul/2026:12:02:45 -0300] "GET /cormun/static/Resources/PXToolsButtonBackground.png HTTP/1.1" 200 1176
10.40.40.2 - - [07/Jul/2026:12:02:45 -0300] "GET /cormun/static/Resources/PXToolsButtonRight.png HTTP/1.1" 200 1294
10.40.40.2 - - [07/Jul/2026:12:02:45 -0300] "GET /cormun/static/Resources/PXToolsButtonLeft.png HTTP/1.1" 200 1310
10.40.40.2 - - [07/Jul/2026:12:02:45 -0300] "GET /cormun/static/Resources/PXToolsLoginBottom.png HTTP/1.1" 200 1389
10.40.40.2 - - [07/Jul/2026:12:02:45 -0300] "GET /cormun/servlet/hlogin HTTP/1.1" 200 1729
10.40.40.2 - - [07/Jul/2026:12:02:45 -0300] "GET /cormun/static/Resources/indicator.gif HTTP/1.1" 200 1553
10.40.40.2 - - [07/Jul/2026:12:02:57 -0300] "POST /cormun/servlet/hlogin?0f095a9f1c935a1940e9f1c195b89fda,gx-no-cache=1783436890413 HTTP/1.1" 200 90
10.40.40.2 - - [07/Jul/2026:12:02:57 -0300] "GET /cormun/servlet/hpexe_link HTTP/1.1" 200 949
10.40.40.2 - - [07/Jul/2026:12:02:57 -0300] "GET /cormun/servlet/hhome HTTP/1.1" 200 3203
10.40.40.2 - - [07/Jul/2026:12:02:57 -0300] "GET /cormun/static/Resources/ImgHome.png HTTP/1.1" 200 1364
10.40.40.2 - - [07/Jul/2026:12:02:57 -0300] "GET /cormun/static/Resources/ImgLogin.png HTTP/1.1" 200 1432
10.40.40.2 - - [07/Jul/2026:12:02:57 -0300] "GET /cormun/static/Resources/CormunMP2.png HTTP/1.1" 200 6878
10.40.40.2 - - [07/Jul/2026:12:02:57 -0300] "GET /cormun/static/Resources/Llave.png HTTP/1.1" 200 1395
10.40.40.2 - - [07/Jul/2026:12:02:57 -0300] "GET /cormun/static/Resources/PXToolsDataTitle.png HTTP/1.1" 200 1173
10.40.40.2 - - [07/Jul/2026:12:02:57 -0300] "GET /cormun/static/SmoothNavMenu/resources/images/down.gif HTTP/1.1" 200 854
10.40.40.2 - - [07/Jul/2026:12:03:04 -0300] "GET /cormun/servlet/trlicencias? HTTP/1.1" 200 19203
10.40.40.2 - - [07/Jul/2026:12:03:04 -0300] "GET /cormun/static/Resources/PXTools/calendar.png HTTP/1.1" 200 1306
10.40.40.2 - - [07/Jul/2026:12:03:04 -0300] "GET /cormun/static/Resources/PXToolsAddAllAction.png HTTP/1.1" 200 495
10.40.40.2 - - [07/Jul/2026:12:03:04 -0300] "GET /cormun/static/Resources/PXToolsDataSearch.png HTTP/1.1" 200 435
10.40.40.2 - - [07/Jul/2026:12:03:04 -0300] "GET /cormun/static/Resources/PXToolsGridFirstDisabled.gif HTTP/1.1" 200 100
10.40.40.2 - - [07/Jul/2026:12:03:04 -0300] "GET /cormun/static/Resources/PXToolsGridPreviousDisabled.gif HTTP/1.1" 200 90
10.40.40.2 - - [07/Jul/2026:12:03:04 -0300] "GET /cormun/static/Resources/PXToolsGridNextDisabled.gif HTTP/1.1" 200 90
10.40.40.2 - - [07/Jul/2026:12:03:04 -0300] "GET /cormun/static/Resources/PXToolsGridLastDisabled.gif HTTP/1.1" 200 98
10.40.40.2 - - [07/Jul/2026:12:03:04 -0300] "GET /cormun/static/Resources/PXToolsGridPage.gif HTTP/1.1" 200 725
10.40.40.2 - - [07/Jul/2026:12:03:04 -0300] "GET /cormun/static/Resources/PXToolsActionExcel.png HTTP/1.1" 200 727
10.40.40.2 - - [07/Jul/2026:12:03:04 -0300] "GET /cormun//static/Resources/PXToolsHeaderFavorites.png HTTP/1.1" 200 1414
10.40.40.2 - - [07/Jul/2026:12:03:04 -0300] "GET /cormun/static/Resources/asc.gif HTTP/1.1" 200 67
10.40.40.2 - - [07/Jul/2026:12:03:04 -0300] "GET /cormun/static/Resources/desc.gif HTTP/1.1" 200 65
10.40.40.2 - - [07/Jul/2026:12:03:04 -0300] "GET /cormun//static/Resources/PXToolsActionDisabled.gif HTTP/1.1" 200 53
10.40.40.2 - - [07/Jul/2026:12:03:04 -0300] "GET /cormun//static/Resources/PXToolsGridDisplay.png HTTP/1.1" 200 525
10.40.40.2 - - [07/Jul/2026:12:03:04 -0300] "GET /cormun//static/Resources/PXTools/ActionInsert.png HTTP/1.1" 200 1482
10.40.40.2 - - [07/Jul/2026:12:03:04 -0300] "GET /cormun//static/Resources/PXToolsActionPrint.png HTTP/1.1" 200 404
10.40.40.2 - - [07/Jul/2026:12:03:04 -0300] "GET /cormun//static/Resources/PXToolsHeaderHelp.png HTTP/1.1" 200 1333
10.40.40.2 - - [07/Jul/2026:12:03:04 -0300] "GET /cormun/static/Shared/ext/resources/themes/images/default/panel/bg-headersPanel.png HTTP/1.1" 200 255
10.40.40.2 - - [07/Jul/2026:12:03:04 -0300] "GET /cormun/static/Shared/ext/resources/themes/images/default/tools/tool-sprites.gif HTTP/1.1" 200 5434
201.186.225.183 - - [07/Jul/2026:12:03:14 -0300] "GET /cormun/servlet/permisogoce?INS,0,,, HTTP/1.1" 200 6832
201.186.225.183 - - [07/Jul/2026:12:03:21 -0300] "GET /cormun/servlet/permisogoce?8dda10b631039f0aaf9647da9a56c9337adb59fa3f18dcffb6d035a2bf168b4d829778c656727bb4fa2f06930f96074bd0e79a00977d6905a50b6635fd54053e,gx-no-cache=1783436961117 HTTP/1.1" 200 84
201.186.225.183 - - [07/Jul/2026:12:03:26 -0300] "GET /cormun/servlet/permisogoce?8dda10b631039f0aaf9647da9a56c933e255c3ea7df40baf2b8f1406757176cb917e05892f147b84bcdc0b63ce1b0832fd06baecca714e63c497d9ae1e9ff676,gx-no-cache=1783436966804 HTTP/1.1" 200 48
201.186.225.183 - - [07/Jul/2026:12:03:28 -0300] "POST /cormun/servlet/permisogoce?d99bcaab69ddbce9719f25ea8e80ce57,INS,0,,,,gx-no-cache=1783436967892 HTTP/1.1" 200 93
201.186.225.183 - - [07/Jul/2026:12:03:28 -0300] "GET /cormun/servlet/hpexe_return? HTTP/1.1" 200 1005
201.186.225.183 - - [07/Jul/2026:12:03:28 -0300] "GET /cormun/servlet/trpermisosgoce HTTP/1.1" 200 18845
10.40.40.2 - - [07/Jul/2026:12:03:29 -0300] "POST /cormun/servlet/trlicencias?0f095a9f1c935a1940e9f1c195b89fda,,gx-no-cache=1783436922979 HTTP/1.1" 200 3560
201.186.225.183 - - [07/Jul/2026:12:03:35 -0300] "GET /cormun/servlet/apermisogoceprn?20661687,P,20260707111102,PU HTTP/1.1" 200 1656
190.95.67.99 - - [07/Jul/2026:12:03:38 -0300] "GET /cormun/servlet/trlicencias? HTTP/1.1" 200 6054
190.95.67.99 - - [07/Jul/2026:12:03:42 -0300] "GET /cormun/servlet/hlogin HTTP/1.1" 200 1738
201.186.225.183 - - [07/Jul/2026:12:03:51 -0300] "GET /cormun/servlet/permisogoce?INS,0,,, HTTP/1.1" 200 6831
201.186.225.183 - - [07/Jul/2026:12:03:56 -0300] "GET /cormun/servlet/trpermisosgoce? HTTP/1.1" 200 18848
201.186.225.183 - - [07/Jul/2026:12:04:01 -0300] "POST /cormun/servlet/trpermisosgoce?d99bcaab69ddbce9719f25ea8e80ce57,,gx-no-cache=1783437001471 HTTP/1.1" 200 5055
201.186.225.183 - - [07/Jul/2026:12:04:06 -0300] "GET /cormun/servlet/trpermisosgoce? HTTP/1.1" 200 7780
201.186.225.183 - - [07/Jul/2026:12:04:12 -0300] "POST /cormun/servlet/trpermisosgoce?d99bcaab69ddbce9719f25ea8e80ce57,,gx-no-cache=1783437012331 HTTP/1.1" 200 16111
190.95.1.185 - - [07/Jul/2026:12:04:19 -0300] "GET /cormun/servlet/hlogin HTTP/1.1" 200 1725
190.95.1.185 - - [07/Jul/2026:12:04:22 -0300] "POST /cormun/servlet/hlogin?37e8de5f0ce44de241b575e92c663698,gx-no-cache=1783437022272 HTTP/1.1" 200 90
190.95.1.185 - - [07/Jul/2026:12:04:22 -0300] "GET /cormun/servlet/hpexe_link HTTP/1.1" 200 960
190.95.1.185 - - [07/Jul/2026:12:04:22 -0300] "GET /cormun/servlet/trlicencias HTTP/1.1" 200 10215
190.95.1.185 - - [07/Jul/2026:12:04:36 -0300] "GET /cormun/servlet/licenciaspermisos?DSP,18798703,L,20260608000000, HTTP/1.1" 200 7604
190.95.1.185 - - [07/Jul/2026:12:04:36 -0300] "GET /cormun/static/gxcfg.js?202012153173 HTTP/1.1" 200 953
190.95.1.185 - - [07/Jul/2026:12:04:36 -0300] "GET /cormun/static/licenciaspermisos.js?2020121532136 HTTP/1.1" 200 38753
190.95.1.185 - - [07/Jul/2026:12:04:40 -0300] "POST /cormun/servlet/licenciaspermisos?37e8de5f0ce44de241b575e92c663698,DSP,18798703,L,20260608000000,,gx-no-cache=1783437040209 HTTP/1.1" 200 93
190.95.1.185 - - [07/Jul/2026:12:04:40 -0300] "GET /cormun/servlet/hpexe_return? HTTP/1.1" 200 1033
190.95.1.185 - - [07/Jul/2026:12:04:40 -0300] "GET /cormun/servlet/trlicencias HTTP/1.1" 200 10219
201.186.225.183 - - [07/Jul/2026:12:04:40 -0300] "POST /cormun/servlet/trpermisosgoce?d99bcaab69ddbce9719f25ea8e80ce57,,gx-no-cache=1783437040716 HTTP/1.1" 200 5305
190.95.1.185 - - [07/Jul/2026:12:04:44 -0300] "GET /cormun/static/menuarrow.gif HTTP/1.1" 404 1015
190.95.1.185 - - [07/Jul/2026:12:04:51 -0300] "POST /cormun/servlet/trlicencias?37e8de5f0ce44de241b575e92c663698,gx-no-cache=1783437051225 HTTP/1.1" 200 7751
201.186.225.183 - - [07/Jul/2026:12:04:51 -0300] "GET /cormun/servlet/permisogoce?INS,0,,, HTTP/1.1" 200 6833
201.186.225.183 - - [07/Jul/2026:12:04:58 -0300] "GET /cormun/servlet/permisogoce?8dda10b631039f0aaf9647da9a56c9330a6d6b92ef2cbce8115ddae1798589e4829778c656727bb4fa2f06930f96074bd0e79a00977d6905a50b6635fd54053e,gx-no-cache=1783437058371 HTTP/1.1" 200 80
201.186.225.183 - - [07/Jul/2026:12:05:03 -0300] "GET /cormun/servlet/permisogoce?8dda10b631039f0aaf9647da9a56c93378ee0d8f7ecd2edfe6bd616d8c79a2f5bc966684dcbe74c501177da5a3b2fe7296c29a7ec088e4795ec689c3e0fd1243,gx-no-cache=1783437063996 HTTP/1.1" 200 47
201.186.225.183 - - [07/Jul/2026:12:05:05 -0300] "POST /cormun/servlet/permisogoce?d99bcaab69ddbce9719f25ea8e80ce57,INS,0,,,,gx-no-cache=1783437064859 HTTP/1.1" 200 93
201.186.225.183 - - [07/Jul/2026:12:05:05 -0300] "GET /cormun/servlet/hpexe_return? HTTP/1.1" 200 1005
201.186.225.183 - - [07/Jul/2026:12:05:05 -0300] "GET /cormun/servlet/trpermisosgoce? HTTP/1.1" 200 8247
201.186.225.183 - - [07/Jul/2026:12:05:07 -0300] "GET /cormun/servlet/apermisogoceprn?19220262,P,20260707111239,PU HTTP/1.1" 200 1650
201.186.225.183 - - [07/Jul/2026:12:05:18 -0300] "GET /cormun/servlet/permisogoce?INS,0,,, HTTP/1.1" 200 6832
201.186.225.183 - - [07/Jul/2026:12:05:23 -0300] "GET /cormun/servlet/permisogoce?8dda10b631039f0aaf9647da9a56c9330a6d6b92ef2cbce8115ddae1798589e4829778c656727bb4fa2f06930f96074bd0e79a00977d6905a50b6635fd54053e,gx-no-cache=1783437083409 HTTP/1.1" 200 79
201.186.225.183 - - [07/Jul/2026:12:05:31 -0300] "GET /cormun/servlet/permisogoce?8dda10b631039f0aaf9647da9a56c93378ee0d8f7ecd2edfe6bd616d8c79a2f5e165ad687efe1c2717061ba017363fae96c29a7ec088e4795ec689c3e0fd1243,gx-no-cache=1783437091243 HTTP/1.1" 200 48
201.186.225.183 - - [07/Jul/2026:12:05:32 -0300] "POST /cormun/servlet/permisogoce?d99bcaab69ddbce9719f25ea8e80ce57,INS,0,,,,gx-no-cache=1783437092265 HTTP/1.1" 200 93
201.186.225.183 - - [07/Jul/2026:12:05:32 -0300] "GET /cormun/servlet/hpexe_return? HTTP/1.1" 200 1005
201.186.225.183 - - [07/Jul/2026:12:05:32 -0300] "GET /cormun/servlet/trpermisosgoce HTTP/1.1" 200 8424
201.186.225.183 - - [07/Jul/2026:12:05:35 -0300] "GET /cormun/servlet/apermisogoceprn?19220262,P,20260707111239,PU HTTP/1.1" 200 1648
201.186.225.183 - - [07/Jul/2026:12:05:38 -0300] "GET /cormun/servlet/apermisogoceprn?19220262,P,20260707111306,PU HTTP/1.1" 200 1644
190.95.1.185 - - [07/Jul/2026:12:06:58 -0300] "GET /cormun/servlet/hlogin HTTP/1.1" 200 1726
190.95.1.185 - - [07/Jul/2026:12:07:07 -0300] "POST /cormun/servlet/hlogin?494e1c3b32317f440a6d8a741a288933,gx-no-cache=1783437163782 HTTP/1.1" 200 90
190.95.1.185 - - [07/Jul/2026:12:07:07 -0300] "GET /cormun/servlet/hpexe_link HTTP/1.1" 200 956
190.95.1.185 - - [07/Jul/2026:12:07:07 -0300] "GET /cormun/servlet/hhome HTTP/1.1" 200 4488
190.95.15.13 - - [07/Jul/2026:12:07:07 -0300] "GET /cormun/servlet/hlogin HTTP/1.1" 200 1716
190.95.15.13 - - [07/Jul/2026:12:07:14 -0300] "POST /cormun/servlet/hlogin?71313c3722ec1a83a796100d5dcd868e,gx-no-cache=1783437191721 HTTP/1.1" 200 90
190.95.15.13 - - [07/Jul/2026:12:07:14 -0300] "GET /cormun/servlet/hpexe_link HTTP/1.1" 200 947
190.95.15.13 - - [07/Jul/2026:12:07:14 -0300] "GET /cormun/servlet/hhome HTTP/1.1" 200 4278
190.95.15.13 - - [07/Jul/2026:12:07:19 -0300] "GET /cormun/servlet/trlicencias? HTTP/1.1" 200 10690
190.95.1.185 - - [07/Jul/2026:12:07:20 -0300] "GET /cormun/servlet/trlicencias? HTTP/1.1" 200 10213
190.121.111.10 - - [07/Jul/2026:12:07:23 -0300] "GET /cormun/servlet/trsolicitudgral? HTTP/1.1" 500 10
201.186.225.183 - - [07/Jul/2026:12:07:31 -0300] "POST /cormun/servlet/trpermisosgoce?d99bcaab69ddbce9719f25ea8e80ce57,gx-no-cache=1783437211026 HTTP/1.1" 200 4181
201.186.225.183 - - [07/Jul/2026:12:07:32 -0300] "GET /cormun/servlet/permisogoce?INS,0,,, HTTP/1.1" 200 6832
190.95.15.13 - - [07/Jul/2026:12:07:32 -0300] "GET /cormun/servlet/hlogin HTTP/1.1" 200 1734
201.186.225.183 - - [07/Jul/2026:12:07:40 -0300] "GET /cormun/servlet/permisogoce?8dda10b631039f0aaf9647da9a56c9338b3601ea3ec09199e88cb795cd9e34cb829778c656727bb4fa2f06930f96074bd0e79a00977d6905a50b6635fd54053e,gx-no-cache=1783437220706 HTTP/1.1" 200 77
179.57.78.55 - - [07/Jul/2026:12:07:56 -0300] "GET /cormun/servlet/apermisogoceprn?11888967,P,20260707100815,PU HTTP/1.1" 200 1625
179.57.78.55 - - [07/Jul/2026:12:08:04 -0300] "GET /cormun/servlet/trpermisosadjuntos?11888967,20260707100815,P, HTTP/1.1" 200 6297
179.57.78.55 - - [07/Jul/2026:12:08:04 -0300] "GET /cormun/static/gxcfg.js?2020121641683 HTTP/1.1" 200 953
179.57.78.55 - - [07/Jul/2026:12:08:04 -0300] "GET /cormun/static/trpermisosadjuntos.js?2020121642996 HTTP/1.1" 200 20158
179.57.78.55 - - [07/Jul/2026:12:08:06 -0300] "GET /cormun/servlet/permisosadjuntos?INS,11888967,P,20260707100815,, HTTP/1.1" 200 5618
179.57.78.55 - - [07/Jul/2026:12:08:06 -0300] "GET /cormun/static/gxcfg.js?20201215134212 HTTP/1.1" 200 953
179.57.78.55 - - [07/Jul/2026:12:08:06 -0300] "GET /cormun/static/permisosadjuntos.js?20201215134285 HTTP/1.1" 200 8724
179.57.78.55 - - [07/Jul/2026:12:08:06 -0300] "GET /cormun/static/about:blank HTTP/1.1" 404 1011
179.57.78.55 - - [07/Jul/2026:12:08:12 -0300] "POST /cormun/servlet/permisosadjuntos?293697c6440a273c3dc6a7e218b82aba,INS,11888967,P,20260707100815,, HTTP/1.1" 200 116
179.57.78.55 - - [07/Jul/2026:12:08:12 -0300] "GET /cormun/servlet/hpexe_return? HTTP/1.1" 200 1040
179.57.78.55 - - [07/Jul/2026:12:08:13 -0300] "GET /cormun/servlet/trpermisosadjuntos?11888967,20260707100815,P, HTTP/1.1" 200 6825
201.186.225.183 - - [07/Jul/2026:12:08:13 -0300] "GET /cormun/servlet/permisogoce?8dda10b631039f0aaf9647da9a56c933f3b4c2150d4d10133a097ef0afed2472c64f51cb78f9b81df16291c89135dfc8fd06baecca714e63c497d9ae1e9ff676,gx-no-cache=1783437253973 HTTP/1.1" 200 47
201.186.225.183 - - [07/Jul/2026:12:08:15 -0300] "POST /cormun/servlet/permisogoce?d99bcaab69ddbce9719f25ea8e80ce57,INS,0,,,,gx-no-cache=1783437254722 HTTP/1.1" 200 93
201.186.225.183 - - [07/Jul/2026:12:08:15 -0300] "GET /cormun/servlet/hpexe_return? HTTP/1.1" 200 1027
201.186.225.183 - - [07/Jul/2026:12:08:15 -0300] "GET /cormun/servlet/trpermisosgoce?gx-no-cache=1783437211026 HTTP/1.1" 200 7774
179.57.78.55 - - [07/Jul/2026:12:08:15 -0300] "GET /cormun/servlet/trpermisosgoce? HTTP/1.1" 200 12777
201.186.225.183 - - [07/Jul/2026:12:08:17 -0300] "GET /cormun/servlet/apermisogoceprn?19264056,P,20260707111520,PU HTTP/1.1" 200 1642
179.57.78.55 - - [07/Jul/2026:12:08:21 -0300] "POST /cormun/servlet/trpermisosgoce?293697c6440a273c3dc6a7e218b82aba,,gx-no-cache=1783437236182 HTTP/1.1" 200 9939
179.57.78.55 - - [07/Jul/2026:12:08:21 -0300] "GET /cormun/static/Shared/jqueryui/images/ui-bg_highlight-soft_100_c6c2c8_1x100.png HTTP/1.1" 404 1117
179.57.78.55 - - [07/Jul/2026:12:08:21 -0300] "GET /cormun/static/Shared/jqueryui/images/ui-icons_82798d_256x240.png HTTP/1.1" 404 1089
179.57.78.55 - - [07/Jul/2026:12:08:21 -0300] "GET /cormun/static/Shared/jqueryui/images/ui-bg_flat_55_fafafa_40x100.png HTTP/1.1" 404 1097
179.57.78.55 - - [07/Jul/2026:12:08:21 -0300] "GET /cormun/static/Shared/jqueryui/images/ui-icons_8d78a5_256x240.png HTTP/1.1" 404 1089
201.186.225.183 - - [07/Jul/2026:12:08:31 -0300] "GET /cormun/servlet/permisogoce?INS,0,,, HTTP/1.1" 200 6853
179.57.78.55 - - [07/Jul/2026:12:08:31 -0300] "GET /cormun/servlet/trlicencias? HTTP/1.1" 200 10762
201.186.225.183 - - [07/Jul/2026:12:08:34 -0300] "GET /cormun/servlet/trpermisosgoce? HTTP/1.1" 200 7771
179.57.78.55 - - [07/Jul/2026:12:08:35 -0300] "GET /cormun/servlet/hlogin HTTP/1.1" 200 1741
201.186.225.183 - - [07/Jul/2026:12:08:40 -0300] "POST /cormun/servlet/trpermisosgoce?d99bcaab69ddbce9719f25ea8e80ce57,,gx-no-cache=1783437280341 HTTP/1.1" 200 5500
201.186.225.183 - - [07/Jul/2026:12:08:43 -0300] "GET /cormun/servlet/permisogoce?INS,0,,, HTTP/1.1" 200 6832
179.57.78.55 - - [07/Jul/2026:12:08:44 -0300] "POST /cormun/servlet/hlogin?293697c6440a273c3dc6a7e218b82aba,gx-no-cache=1783437259573 HTTP/1.1" 200 90
179.57.78.55 - - [07/Jul/2026:12:08:44 -0300] "GET /cormun/servlet/hpexe_link HTTP/1.1" 200 953
179.57.78.55 - - [07/Jul/2026:12:08:44 -0300] "GET /cormun/servlet/hhome HTTP/1.1" 200 4081
179.57.78.55 - - [07/Jul/2026:12:08:44 -0300] "GET /cormun/static/gxcfg.js?20201215495537 HTTP/1.1" 200 953
179.57.78.55 - - [07/Jul/2026:12:08:44 -0300] "GET /cormun/static/hhome.js?20201215495544 HTTP/1.1" 200 777
179.57.78.55 - - [07/Jul/2026:12:08:44 -0300] "GET /cormun/static/SmoothNavMenu/resources/images/right.gif HTTP/1.1" 200 860
201.186.225.183 - - [07/Jul/2026:12:08:50 -0300] "GET /cormun/servlet/permisogoce?8dda10b631039f0aaf9647da9a56c933d0509181b27116cbc97f5631cfeb28f7829778c656727bb4fa2f06930f96074bd0e79a00977d6905a50b6635fd54053e,gx-no-cache=1783437290263 HTTP/1.1" 200 81
201.186.225.183 - - [07/Jul/2026:12:08:56 -0300] "GET /cormun/servlet/permisogoce?8dda10b631039f0aaf9647da9a56c9332390b3b18442141c5056fa96c505017e46abfee58a603589609d02f8a462a92b96c29a7ec088e4795ec689c3e0fd1243,gx-no-cache=1783437296081 HTTP/1.1" 200 49
179.57.78.55 - - [07/Jul/2026:12:08:56 -0300] "GET /cormun/servlet/trautorizarpermisogoce? HTTP/1.1" 200 7742
179.57.78.55 - - [07/Jul/2026:12:08:56 -0300] "GET /cormun/static/gxcfg.js?2020121645532 HTTP/1.1" 200 953
179.57.78.55 - - [07/Jul/2026:12:08:56 -0300] "GET /cormun/static/trautorizarpermisogoce.js?2020121651492 HTTP/1.1" 200 34948
201.186.225.183 - - [07/Jul/2026:12:08:57 -0300] "POST /cormun/servlet/permisogoce?d99bcaab69ddbce9719f25ea8e80ce57,INS,0,,,,gx-no-cache=1783437296912 HTTP/1.1" 200 93
201.186.225.183 - - [07/Jul/2026:12:08:57 -0300] "GET /cormun/servlet/hpexe_return? HTTP/1.1" 200 1005
201.186.225.183 - - [07/Jul/2026:12:08:57 -0300] "GET /cormun/servlet/trpermisosgoce? HTTP/1.1" 200 8444
190.95.2.163 - - [07/Jul/2026:12:10:12 -0300] "GET /cormun/servlet/hlogin HTTP/1.1" 200 1738
201.186.225.183 - - [07/Jul/2026:12:10:43 -0300] "GET /cormun/servlet/apermisogoceprn?11365098,P,20260707111631,PU HTTP/1.1" 200 1652
201.186.225.183 - - [07/Jul/2026:12:11:05 -0300] "POST /cormun/servlet/trpermisosgoce?d99bcaab69ddbce9719f25ea8e80ce57,,gx-no-cache=1783437425052 HTTP/1.1" 200 6332
201.186.225.183 - - [07/Jul/2026:12:11:13 -0300] "POST /cormun/servlet/trpermisosgoce?d99bcaab69ddbce9719f25ea8e80ce57,,gx-no-cache=1783437433148 HTTP/1.1" 200 5491
201.186.225.183 - - [07/Jul/2026:12:11:17 -0300] "GET /cormun/servlet/permisogoce?INS,0,,, HTTP/1.1" 200 6832
201.186.225.183 - - [07/Jul/2026:12:11:25 -0300] "GET /cormun/servlet/permisogoce?8dda10b631039f0aaf9647da9a56c93308def53eea1a1c1f396716b3419cab39829778c656727bb4fa2f06930f96074bd0e79a00977d6905a50b6635fd54053e,gx-no-cache=1783437445340 HTTP/1.1" 200 80
201.186.225.183 - - [07/Jul/2026:12:11:30 -0300] "GET /cormun/servlet/permisogoce?8dda10b631039f0aaf9647da9a56c933c8ac5829546c512d9a29d2f1070516f5f480296a8ed9e18b4bbf96a37a3aa83696c29a7ec088e4795ec689c3e0fd1243,gx-no-cache=1783437450965 HTTP/1.1" 200 48
201.186.225.183 - - [07/Jul/2026:12:11:32 -0300] "POST /cormun/servlet/permisogoce?d99bcaab69ddbce9719f25ea8e80ce57,INS,0,,,,gx-no-cache=1783437451757 HTTP/1.1" 200 93
201.186.225.183 - - [07/Jul/2026:12:11:32 -0300] "GET /cormun/servlet/hpexe_return? HTTP/1.1" 200 1005
201.186.225.183 - - [07/Jul/2026:12:11:32 -0300] "GET /cormun/servlet/trpermisosgoce? HTTP/1.1" 200 8434
201.186.225.183 - - [07/Jul/2026:12:11:34 -0300] "GET /cormun/servlet/apermisogoceprn?17137412,P,20260707111905,PU HTTP/1.1" 200 1653
201.186.225.183 - - [07/Jul/2026:12:11:58 -0300] "POST /cormun/servlet/trpermisosgoce?d99bcaab69ddbce9719f25ea8e80ce57,,gx-no-cache=1783437477988 HTTP/1.1" 200 5035
201.186.225.183 - - [07/Jul/2026:12:12:05 -0300] "GET /cormun/servlet/permisogoce?INS,0,,, HTTP/1.1" 200 6833
201.186.225.183 - - [07/Jul/2026:12:12:09 -0300] "GET /cormun/servlet/permisogoce?8dda10b631039f0aaf9647da9a56c933bf0d87f8a061fec9b70b003da599120b829778c656727bb4fa2f06930f96074bd0e79a00977d6905a50b6635fd54053e,gx-no-cache=1783437489980 HTTP/1.1" 200 79
190.101.54.148 - - [07/Jul/2026:12:12:16 -0300] "GET /cormun/servlet/trlicencias HTTP/1.1" 200 6096
190.101.54.148 - - [07/Jul/2026:12:12:16 -0300] "GET /cormun/servlet/hlogin HTTP/1.1" 200 1786
201.186.225.183 - - [07/Jul/2026:12:12:22 -0300] "GET /cormun/servlet/permisogoce?8dda10b631039f0aaf9647da9a56c93393fb3c0088ce6c12f0b9a93b764b81723ae1a2f1e2caf8bbac5275288a93cf69fd06baecca714e63c497d9ae1e9ff676,gx-no-cache=1783437502682 HTTP/1.1" 200 47
201.186.225.183 - - [07/Jul/2026:12:12:24 -0300] "POST /cormun/servlet/permisogoce?d99bcaab69ddbce9719f25ea8e80ce57,INS,0,,,,gx-no-cache=1783437503684 HTTP/1.1" 200 93
201.186.225.183 - - [07/Jul/2026:12:12:24 -0300] "GET /cormun/servlet/hpexe_return? HTTP/1.1" 200 1005
201.186.225.183 - - [07/Jul/2026:12:12:24 -0300] "GET /cormun/servlet/trpermisosgoce? HTTP/1.1" 200 8027
201.186.225.183 - - [07/Jul/2026:12:12:26 -0300] "GET /cormun/servlet/apermisogoceprn?16554422,P,20260707111953,PU HTTP/1.1" 200 1644
190.101.54.148 - - [07/Jul/2026:12:12:27 -0300] "þèGr£0¥Å#ü¥}¤?­þùA>œÆ¨“°W§ò~ çáôâDø#¢ÀÎÂöâ_Œž$L ÖÆ66bÁ*::À,À+Ì©À0À/̨À " 400 -
190.101.54.148 - - [07/Jul/2026:12:12:27 -0300] "þß@»d4íX€6£̑›.ˆ>ßH^­ÑiÃ+Dç› Ÿ$9CMçË3A›3ÚêN?àÐ2Í5U˜6,Èí¾oÿ*êêÀ,À+Ì©À0À/̨À " 400 -
190.101.54.148 - - [07/Jul/2026:12:12:27 -0300] "þ¬-–`H¹žŠ«¨Å³V%3]ěyK¦×ýáQ=á Ýzõ:aóÆ¡ æ‰£á^¡YïÇx¼~…Öèò1[*êêÀ,À+Ì©À0À/̨À " 400 -
190.101.54.148 - - [07/Jul/2026:12:12:27 -0300] "þVo©n›„À/t1`¦O9Ɲ°æU[èT°F*à/~z dx mpI4[vàu¯¨0͒yìÚ­~¢â¶º/^*êêÀ,À+Ì©À0À/̨À" 400 -
190.101.54.148 - - [07/Jul/2026:12:12:27 -0300] "GET /cormun/servlet/hlogin HTTP/1.1" 200 1770
190.101.54.148 - - [07/Jul/2026:12:12:29 -0300] "POST /cormun/servlet/hlogin?5dfd35d799b48cdc5cbdfdf5086b8bc2,gx-no-cache=1783437509415 HTTP/1.1" 200 420
190.101.54.148 - - [07/Jul/2026:12:12:37 -0300] "POST /cormun/servlet/hlogin?5dfd35d799b48cdc5cbdfdf5086b8bc2,gx-no-cache=1783437517202 HTTP/1.1" 200 426
201.186.225.183 - - [07/Jul/2026:12:12:37 -0300] "GET /cormun/servlet/permisogoce?INS,0,,, HTTP/1.1" 200 6832
201.186.225.183 - - [07/Jul/2026:12:12:43 -0300] "GET /cormun/servlet/permisogoce?8dda10b631039f0aaf9647da9a56c933bf0d87f8a061fec9b70b003da599120b829778c656727bb4fa2f06930f96074bd0e79a00977d6905a50b6635fd54053e,gx-no-cache=1783437523953 HTTP/1.1" 200 81
201.186.225.183 - - [07/Jul/2026:12:12:50 -0300] "GET /cormun/servlet/permisogoce?8dda10b631039f0aaf9647da9a56c93393fb3c0088ce6c12f0b9a93b764b81722d071591d0b9341e5e1a89d7d73503a596c29a7ec088e4795ec689c3e0fd1243,gx-no-cache=1783437530181 HTTP/1.1" 200 48
190.101.54.148 - - [07/Jul/2026:12:12:50 -0300] "POST /cormun/servlet/hlogin?5dfd35d799b48cdc5cbdfdf5086b8bc2,gx-no-cache=1783437530276 HTTP/1.1" 200 90
190.101.54.148 - - [07/Jul/2026:12:12:51 -0300] "GET /cormun/servlet/hpexe_link HTTP/1.1" 200 1010
201.186.225.183 - - [07/Jul/2026:12:12:51 -0300] "POST /cormun/servlet/permisogoce?d99bcaab69ddbce9719f25ea8e80ce57,INS,0,,,,gx-no-cache=1783437531187 HTTP/1.1" 200 93
190.101.54.148 - - [07/Jul/2026:12:12:51 -0300] "GET /cormun/servlet/trlicencias HTTP/1.1" 200 11191
201.186.225.183 - - [07/Jul/2026:12:12:51 -0300] "GET /cormun/servlet/hpexe_return? HTTP/1.1" 200 1005
201.186.225.183 - - [07/Jul/2026:12:12:51 -0300] "GET /cormun/servlet/trpermisosgoce HTTP/1.1" 200 8234
201.186.225.183 - - [07/Jul/2026:12:12:53 -0300] "GET /cormun/servlet/apermisogoceprn?16554422,P,20260707111953,PU HTTP/1.1" 200 1643
201.186.225.183 - - [07/Jul/2026:12:12:56 -0300] "GET /cormun/servlet/apermisogoceprn?16554422,P,20260707112025,PU HTTP/1.1" 200 1648
201.186.225.183 - - [07/Jul/2026:12:13:08 -0300] "GET /cormun/servlet/permisogoce?INS,0,,, HTTP/1.1" 200 6833
201.186.225.183 - - [07/Jul/2026:12:13:12 -0300] "GET /cormun/servlet/permisogoce?8dda10b631039f0aaf9647da9a56c933bf0d87f8a061fec9b70b003da599120b829778c656727bb4fa2f06930f96074bd0e79a00977d6905a50b6635fd54053e,gx-no-cache=1783437552776 HTTP/1.1" 200 81
201.186.225.183 - - [07/Jul/2026:12:13:18 -0300] "GET /cormun/servlet/permisogoce?8dda10b631039f0aaf9647da9a56c93393fb3c0088ce6c12f0b9a93b764b81724fdc7b0e50040079e7a7620281530aa596c29a7ec088e4795ec689c3e0fd1243,gx-no-cache=1783437558371 HTTP/1.1" 200 48
201.186.225.183 - - [07/Jul/2026:12:13:19 -0300] "POST /cormun/servlet/permisogoce?d99bcaab69ddbce9719f25ea8e80ce57,INS,0,,,,gx-no-cache=1783437559086 HTTP/1.1" 200 93
201.186.225.183 - - [07/Jul/2026:12:13:19 -0300] "GET /cormun/servlet/hpexe_return? HTTP/1.1" 200 1005
201.186.225.183 - - [07/Jul/2026:12:13:19 -0300] "GET /cormun/servlet/trpermisosgoce HTTP/1.1" 200 8404
201.186.225.183 - - [07/Jul/2026:12:13:22 -0300] "GET /cormun/servlet/apermisogoceprn?16554422,P,20260707112056,PU HTTP/1.1" 200 1647
201.186.225.183 - - [07/Jul/2026:12:13:42 -0300] "POST /cormun/servlet/trpermisosgoce?d99bcaab69ddbce9719f25ea8e80ce57,gx-no-cache=1783437582143 HTTP/1.1" 200 5301
179.57.78.55 - - [07/Jul/2026:12:13:42 -0300] "GET /cormun/servlet/hlogin HTTP/1.1" 200 1746
190.95.67.97 - - [07/Jul/2026:12:13:50 -0300] "GET /cormun/servlet/trsolicitudot? HTTP/1.1" 200 6320
190.95.67.97 - - [07/Jul/2026:12:13:50 -0300] "GET /cormun/static/gxcfg.js?20221129846531 HTTP/1.1" 200 953
190.95.67.97 - - [07/Jul/2026:12:13:50 -0300] "GET /cormun/static/trsolicitudot.js?202211298465651 HTTP/1.1" 200 54040
190.95.67.97 - - [07/Jul/2026:12:13:50 -0300] "GET /cormun/servlet/hlogin HTTP/1.1" 200 1730
190.95.67.97 - - [07/Jul/2026:12:13:56 -0300] "POST /cormun/servlet/hlogin?7aa8cd158f57dbfa0ceeebe5cc072ebe,gx-no-cache=1783437322958 HTTP/1.1" 200 90
190.95.67.97 - - [07/Jul/2026:12:13:56 -0300] "GET /cormun/servlet/hpexe_link HTTP/1.1" 200 949
190.95.67.97 - - [07/Jul/2026:12:13:56 -0300] "GET /cormun/servlet/trsolicitudot HTTP/1.1" 200 6915
190.95.67.97 - - [07/Jul/2026:12:13:59 -0300] "GET /cormun/servlet/trsolicitudot? HTTP/1.1" 200 6914
201.186.225.183 - - [07/Jul/2026:12:14:03 -0300] "POST /cormun/servlet/trpermisosgoce?d99bcaab69ddbce9719f25ea8e80ce57,gx-no-cache=1783437603318 HTTP/1.1" 200 6305
201.186.225.183 - - [07/Jul/2026:12:14:10 -0300] "POST /cormun/servlet/trpermisosgoce?d99bcaab69ddbce9719f25ea8e80ce57,gx-no-cache=1783437610650 HTTP/1.1" 200 4180
201.186.225.183 - - [07/Jul/2026:12:14:12 -0300] "GET /cormun/servlet/permisogoce?INS,0,,, HTTP/1.1" 200 6832
201.186.225.183 - - [07/Jul/2026:12:14:22 -0300] "GET /cormun/servlet/permisogoce?8dda10b631039f0aaf9647da9a56c933dd25fff34fcf5175c1bf64e60115dceb829778c656727bb4fa2f06930f96074bd0e79a00977d6905a50b6635fd54053e,gx-no-cache=1783437622875 HTTP/1.1" 200 69
201.186.225.183 - - [07/Jul/2026:12:14:42 -0300] "GET /cormun/servlet/permisogoce?8dda10b631039f0aaf9647da9a56c933e205014b611d40a576fc8823847469a99d68db5a689e6d6425b3d62676e48dc796c29a7ec088e4795ec689c3e0fd1243,gx-no-cache=1783437642310 HTTP/1.1" 200 46
201.186.225.183 - - [07/Jul/2026:12:14:43 -0300] "POST /cormun/servlet/permisogoce?d99bcaab69ddbce9719f25ea8e80ce57,INS,0,,,,gx-no-cache=1783437643031 HTTP/1.1" 200 93
201.186.225.183 - - [07/Jul/2026:12:14:43 -0300] "GET /cormun/servlet/hpexe_return? HTTP/1.1" 200 1027
201.186.225.183 - - [07/Jul/2026:12:14:43 -0300] "GET /cormun/servlet/trpermisosgoce?gx-no-cache=1783437610650 HTTP/1.1" 200 7755
201.186.225.183 - - [07/Jul/2026:12:14:45 -0300] "GET /cormun/servlet/apermisogoceprn?11868589,P,20260707112200,PU HTTP/1.1" 200 1647
190.95.67.97 - - [07/Jul/2026:12:15:02 -0300] "GET /cormun/servlet/solicitudot?INS,0,0,false, HTTP/1.1" 200 15981
190.95.67.97 - - [07/Jul/2026:12:15:02 -0300] "GET /cormun/static/gxcfg.js?20221129840861 HTTP/1.1" 200 953
190.95.67.97 - - [07/Jul/2026:12:15:02 -0300] "GET /cormun/static/solicitudot.js?20221129840983 HTTP/1.1" 200 74072
190.95.67.97 - - [07/Jul/2026:12:15:08 -0300] "POST /cormun/servlet/solicitudot?gx-no-cache=1783437395262 HTTP/1.1" 200 4188
190.95.67.97 - - [07/Jul/2026:12:15:08 -0300] "POST /cormun/servlet/solicitudot?7aa8cd158f57dbfa0ceeebe5cc072ebe,INS,0,0,false,,gx-no-cache=1783437395422 HTTP/1.1" 200 12805
190.95.67.97 - - [07/Jul/2026:12:15:12 -0300] "GET /cormun/servlet/solicitudot?e12b8a18545c5e8459b2045452da1d173f4e9a1cca425a01aae55944f9e5f69722936e66a80ce897a58f546319a893f5,gx-no-cache=1783437399080 HTTP/1.1" 200 30
201.186.225.183 - - [07/Jul/2026:12:15:18 -0300] "POST /cormun/servlet/trpermisosgoce?d99bcaab69ddbce9719f25ea8e80ce57,gx-no-cache=1783437610650,gx-no-cache=1783437678598 HTTP/1.1" 200 5045
201.186.225.183 - - [07/Jul/2026:12:15:21 -0300] "GET /cormun/servlet/permisogoce?INS,0,,, HTTP/1.1" 200 6854
190.95.67.97 - - [07/Jul/2026:12:15:25 -0300] "GET /cormun/servlet/prbanco?,MD,,gxPopupLevel%3D0%3B HTTP/1.1" 200 6540
190.95.67.97 - - [07/Jul/2026:12:15:25 -0300] "GET /cormun/static/gxcfg.js?20201216131581 HTTP/1.1" 200 953
190.95.67.97 - - [07/Jul/2026:12:15:25 -0300] "GET /cormun/static/prbanco.js?20201216132311 HTTP/1.1" 200 10693
201.186.225.183 - - [07/Jul/2026:12:15:26 -0300] "GET /cormun/servlet/permisogoce?8dda10b631039f0aaf9647da9a56c9333b35bc2d8a037d7c5bbe47eb47e24ce9829778c656727bb4fa2f06930f96074bd0e79a00977d6905a50b6635fd54053e,gx-no-cache=1783437686479 HTTP/1.1" 200 83
179.57.78.55 - - [07/Jul/2026:12:15:34 -0300] "POST /cormun/servlet/hlogin?293697c6440a273c3dc6a7e218b82aba,gx-no-cache=1783437669499 HTTP/1.1" 200 90
179.57.78.55 - - [07/Jul/2026:12:15:34 -0300] "GET /cormun/servlet/hpexe_link HTTP/1.1" 200 953
179.57.78.55 - - [07/Jul/2026:12:15:34 -0300] "GET /cormun/servlet/hhome HTTP/1.1" 200 3983
201.186.225.183 - - [07/Jul/2026:12:15:36 -0300] "GET /cormun/servlet/permisogoce?8dda10b631039f0aaf9647da9a56c933ef590287b96128210b2fcd29b7427d86e1c40922f5ef0c2537d2bbd6847b949796c29a7ec088e4795ec689c3e0fd1243,gx-no-cache=1783437696674 HTTP/1.1" 200 47
179.57.78.55 - - [07/Jul/2026:12:15:37 -0300] "GET /cormun/servlet/trlicencias? HTTP/1.1" 200 10911
201.186.225.183 - - [07/Jul/2026:12:15:37 -0300] "POST /cormun/servlet/permisogoce?d99bcaab69ddbce9719f25ea8e80ce57,INS,0,,,,gx-no-cache=1783437697574 HTTP/1.1" 200 93
201.186.225.183 - - [07/Jul/2026:12:15:37 -0300] "GET /cormun/servlet/hpexe_return? HTTP/1.1" 200 1027
201.186.225.183 - - [07/Jul/2026:12:15:38 -0300] "GET /cormun/servlet/trpermisosgoce?gx-no-cache=1783437610650 HTTP/1.1" 200 8030
201.186.225.183 - - [07/Jul/2026:12:15:39 -0300] "GET /cormun/servlet/apermisogoceprn?14083819,P,20260707112309,PU HTTP/1.1" 200 1646
190.95.67.97 - - [07/Jul/2026:12:15:40 -0300] "GET /cormun/servlet/solicitudot?e12b8a18545c5e8459b2045452da1d17be2e14a889e80851ccde5a7fdbaeca97249cb35b6bcb9ec9a2ed52dcb78208bd22936e66a80ce897a58f546319a893f5,gx-no-cache=1783437427376 HTTP/1.1" 200 30
190.95.67.97 - - [07/Jul/2026:12:16:02 -0300] "GET /cormun/servlet/solicitudot?e12b8a18545c5e8459b2045452da1d17b81b421cdad1594fd64ba6acd496b195,gx-no-cache=1783437449660 HTTP/1.1" 200 42
190.95.67.97 - - [07/Jul/2026:12:16:02 -0300] "POST /cormun/servlet/solicitudot?gx-no-cache=1783437449694 HTTP/1.1" 200 255
190.95.67.97 - - [07/Jul/2026:12:16:02 -0300] "GET /cormun/servlet/solicitudot?e12b8a18545c5e8459b2045452da1d17e8bec886dc05731d3579e2a7c5f97794574e8ed12884f0b8cd89774005826772b676b3831e41cf6e92d2c95f9d9e274f06f3e8806321925b8fef1a1eb4635a36fa4f7ced9a5b5877ec95a82e612197853ba96868785c0ef4c53fd88b83410454d5fa7589013dbeebba414456a52243341136908de91386faea6da3e132058250ff4b5e6a926cf58f16d753b3abdfaca6053d603b40a86f7346d4d03e01841b38cbe919ba4359cddc0bd695d7a60440029adefad55e1c646e509fff62bab733d8887d001fa84ddc19f615bc5e3a9ba0b19344e89aa614b87541e6c312b766276385b9216d3a6e263b6e3b03ab14e5ec5676fef355f108b5fd525addb06ee81e1e785e75a190ec01a91f14e9d210350cdee19746a799113d63d1b16c222a5f2319266c5a3d7223ec97a4730630850da90f601443d8f382ebfb7ddc8ddf023c5574caf088aaa6b3b9c31610db9a3cd5e47c11f7e0c78df22f775d2201dcd2cae05b2ded9f6bb5b83263cf3c006fca76900a,gx-no-cache=1783437449727 HTTP/1.1" 200 30
190.95.67.97 - - [07/Jul/2026:12:16:03 -0300] "POST /cormun/servlet/solicitudot?gx-no-cache=1783437449750 HTTP/1.1" 200 30
190.95.67.97 - - [07/Jul/2026:12:16:03 -0300] "POST /cormun/servlet/solicitudot?gx-no-cache=1783437449786 HTTP/1.1" 200 1505
190.95.67.97 - - [07/Jul/2026:12:16:03 -0300] "POST /cormun/servlet/solicitudot?gx-no-cache=1783437449830 HTTP/1.1" 200 38
