179.57.78.9 - - [18/Jun/2026:10:06:16 -0300] "GET /cormun/static/calendar-setup.js?85251 HTTP/1.1" 200 2588
179.57.78.9 - - [18/Jun/2026:10:06:16 -0300] "GET /cormun/static/calendar-es.js?85251 HTTP/1.1" 200 1901
179.57.78.9 - - [18/Jun/2026:10:06:16 -0300] "GET /cormun/static/Resources/PXTools/calendar.png HTTP/1.1" 200 1306
179.57.78.9 - - [18/Jun/2026:10:06:16 -0300] "GET /cormun/static/gxdec.js?85251 HTTP/1.1" 200 19579
179.57.78.9 - - [18/Jun/2026:10:06:16 -0300] "GET /cormun/static/trlicencias.js?202211298463889 HTTP/1.1" 200 41883
179.57.78.9 - - [18/Jun/2026:10:06:17 -0300] "GET /cormun/static/Shared/ext/resources/css/ext-all.css?215870 HTTP/1.1" 200 416045
179.57.78.9 - - [18/Jun/2026:10:06:17 -0300] "GET /cormun/static/Resources/PXToolsDataSearch.png HTTP/1.1" 200 435
179.57.78.9 - - [18/Jun/2026:10:06:17 -0300] "GET /cormun/static/Resources/PXToolsGridFirstDisabled.gif HTTP/1.1" 200 100
179.57.78.9 - - [18/Jun/2026:10:06:17 -0300] "GET /cormun/static/Resources/PXToolsGridPreviousDisabled.gif HTTP/1.1" 200 90
179.57.78.9 - - [18/Jun/2026:10:06:17 -0300] "GET /cormun/static/Resources/PXToolsGridNextDisabled.gif HTTP/1.1" 200 90
179.57.78.9 - - [18/Jun/2026:10:06:17 -0300] "GET /cormun/static/Resources/PXToolsActionExcel.png HTTP/1.1" 200 727
179.57.78.9 - - [18/Jun/2026:10:06:17 -0300] "GET /cormun/static/Resources/PXToolsGridPage.gif HTTP/1.1" 200 725
179.57.78.9 - - [18/Jun/2026:10:06:17 -0300] "GET /cormun/static/Resources/PXToolsGridLastDisabled.gif HTTP/1.1" 200 98
179.57.78.9 - - [18/Jun/2026:10:06:17 -0300] "GET /cormun/static/Resources/PXToolsAddAllAction.png HTTP/1.1" 200 495
179.57.78.9 - - [18/Jun/2026:10:06:17 -0300] "GET /cormun//static/Resources/PXToolsActionDisabled.gif HTTP/1.1" 200 53
179.57.78.9 - - [18/Jun/2026:10:06:17 -0300] "GET /cormun/static/Resources/desc.gif HTTP/1.1" 200 65
179.57.78.9 - - [18/Jun/2026:10:06:17 -0300] "GET /cormun//static/Resources/PXToolsGridDisplay.png HTTP/1.1" 200 525
179.57.78.9 - - [18/Jun/2026:10:06:17 -0300] "GET /cormun//static/Resources/PXToolsActionPrint.png HTTP/1.1" 200 404
179.57.78.9 - - [18/Jun/2026:10:06:17 -0300] "GET /cormun/static/Resources/asc.gif HTTP/1.1" 200 67
179.57.78.9 - - [18/Jun/2026:10:06:17 -0300] "GET /cormun//static/Resources/PXTools/ActionInsert.png HTTP/1.1" 200 1482
179.57.78.9 - - [18/Jun/2026:10:06:17 -0300] "GET /cormun//static/Resources/PXToolsHeaderHelp.png HTTP/1.1" 200 1333
179.57.78.9 - - [18/Jun/2026:10:06:17 -0300] "GET /cormun//static/Resources/PXToolsHeaderFavorites.png HTTP/1.1" 200 1414
179.57.78.9 - - [18/Jun/2026:10:06:17 -0300] "GET /cormun/static/Shared/ext/resources/themes/images/default/tools/tool-sprites.gif HTTP/1.1" 200 5434
179.57.78.9 - - [18/Jun/2026:10:06:17 -0300] "GET /cormun/static/Shared/ext/resources/themes/images/default/panel/bg-headersPanel.png HTTP/1.1" 200 255
190.95.67.91 - - [18/Jun/2026:10:10:54 -0300] "GET /cormun/servlet/trpermisosgoce? HTTP/1.1" 200 6035
190.95.67.91 - - [18/Jun/2026:10:10:55 -0300] "GET /cormun/servlet/hlogin HTTP/1.1" 200 1742
93.123.72.183 - - [18/Jun/2026:10:11:03 -0300] "GET /SDK/webLanguage HTTP/1.1" 404 991
190.95.67.91 - - [18/Jun/2026:10:11:07 -0300] "POST /cormun/servlet/hlogin?9a9a8f603f41373e81d465b21ac0a6ae,gx-no-cache=1781788654239 HTTP/1.1" 200 90
190.95.67.91 - - [18/Jun/2026:10:11:07 -0300] "GET /cormun/servlet/hpexe_link HTTP/1.1" 200 958
190.95.67.91 - - [18/Jun/2026:10:11:07 -0300] "GET /cormun/servlet/trpermisosgoce HTTP/1.1" 200 19314
190.95.67.93 - - [18/Jun/2026:10:11:18 -0300] "GET /cormun/servlet/hlogin HTTP/1.1" 200 1720
190.95.67.93 - - [18/Jun/2026:10:11:22 -0300] "POST /cormun/servlet/hlogin?e94a2d1928312393555b2785caf482a9,gx-no-cache=1781788669607 HTTP/1.1" 200 90
190.95.67.93 - - [18/Jun/2026:10:11:22 -0300] "GET /cormun/servlet/hpexe_link HTTP/1.1" 200 952
190.95.67.93 - - [18/Jun/2026:10:11:22 -0300] "GET /cormun/servlet/hhome HTTP/1.1" 200 4340
190.95.67.93 - - [18/Jun/2026:10:11:31 -0300] "GET /cormun/servlet/trlicencias? HTTP/1.1" 200 10588
190.95.67.93 - - [18/Jun/2026:10:12:05 -0300] "GET /cormun/servlet/trpermisosgoce? HTTP/1.1" 200 18909
190.95.67.93 - - [18/Jun/2026:10:13:20 -0300] "GET /cormun/servlet/permisogoce?INS,0,,, HTTP/1.1" 200 7233
190.95.67.91 - - [18/Jun/2026:10:13:32 -0300] "GET /cormun/servlet/permisogoce?INS,0,,, HTTP/1.1" 200 7300
190.95.67.93 - - [18/Jun/2026:10:13:35 -0300] "GET /cormun/servlet/permisogoce?9b8c1667154bd40ab34cdb924c4a841a4928e3284374d1287d387a45defef53ce5b7378e0d6f592ef84acfe05b9b79e01e6bf9fcd06e4e698aeb924966cd35bb,gx-no-cache=1781788802675 HTTP/1.1" 200 74
190.95.67.91 - - [18/Jun/2026:10:13:40 -0300] "GET /cormun/servlet/permisogoce?f112abdaab5c28c57b8dfe38ea0a5325aaf854bcd663132a4a54084789f67d00306c4b74027d2c82542c23b041831c20dd865f169fd3dbdecac0447a036ef441,gx-no-cache=1781788806973 HTTP/1.1" 200 82
190.95.67.91 - - [18/Jun/2026:10:13:41 -0300] "GET /cormun/static/menuarrow.gif HTTP/1.1" 404 1015
190.95.67.91 - - [18/Jun/2026:10:13:45 -0300] "GET /cormun/servlet/permisogoce?f112abdaab5c28c57b8dfe38ea0a53250b2dc50253c46fff2e84967f4c8615b63d7c065f1336dc8d3645cc3a6660c55b29e0fa4ebc1255b6e30653fe0bd0bf6b,gx-no-cache=1781788812912 HTTP/1.1" 200 48
190.95.67.91 - - [18/Jun/2026:10:13:52 -0300] "POST /cormun/servlet/permisogoce?9a9a8f603f41373e81d465b21ac0a6ae,INS,0,,,,gx-no-cache=1781788818951 HTTP/1.1" 200 93
190.95.67.91 - - [18/Jun/2026:10:13:52 -0300] "GET /cormun/servlet/hpexe_return? HTTP/1.1" 200 1011
190.95.67.91 - - [18/Jun/2026:10:13:52 -0300] "GET /cormun/servlet/trpermisosgoce HTTP/1.1" 200 19351
190.95.67.93 - - [18/Jun/2026:10:13:55 -0300] "GET /cormun/servlet/permisogoce?9b8c1667154bd40ab34cdb924c4a841aa5b08395d1d78a79e09f8ab3972a4cf1e2d2aa8c3565d0994252660b05e1435dc9cca8a4ae73a3c93a12e9114b93730f2a33045b466403556ea4b781b15b8a1ed5628175b57bdf75dfca447ae821e165,gx-no-cache=1781788822537 HTTP/1.1" 200 226
190.95.67.93 - - [18/Jun/2026:10:13:55 -0300] "GET /cormun/static/Shared/jqueryui/images/ui-bg_highlight-soft_100_c6c2c8_1x100.png HTTP/1.1" 404 1117
190.95.67.93 - - [18/Jun/2026:10:13:55 -0300] "GET /cormun/static/Shared/jqueryui/images/ui-icons_82798d_256x240.png HTTP/1.1" 404 1089
190.95.67.93 - - [18/Jun/2026:10:13:55 -0300] "GET /cormun/static/Shared/jqueryui/images/ui-bg_flat_55_994d53_40x100.png HTTP/1.1" 404 1097
190.95.67.93 - - [18/Jun/2026:10:13:55 -0300] "GET /cormun/static/Shared/jqueryui/images/ui-icons_ebccce_256x240.png HTTP/1.1" 404 1089
190.95.67.91 - - [18/Jun/2026:10:13:57 -0300] "GET /cormun/servlet/trpermisosadjuntos?17507236,20260618092102,P, HTTP/1.1" 200 6722
190.95.67.91 - - [18/Jun/2026:10:13:59 -0300] "GET /cormun/servlet/permisosadjuntos?INS,17507236,P,20260618092102,, HTTP/1.1" 200 6040
190.95.67.91 - - [18/Jun/2026:10:13:59 -0300] "GET /cormun/static/about:blank HTTP/1.1" 404 1011
190.95.67.93 - - [18/Jun/2026:10:13:59 -0300] "GET /cormun/servlet/permisogoce?9b8c1667154bd40ab34cdb924c4a841a2677e0521c24771a2a4105ed38236e9474a11ff627b333a65071787418d89ac1472818218f7601b18ad6b0d4079380d2b010bc6339b49cabe1d67cad4b23160e524151546f469fa39112d5770627a0e7,gx-no-cache=1781788827050 HTTP/1.1" 200 226
190.95.67.93 - - [18/Jun/2026:10:14:04 -0300] "GET /cormun/servlet/trpermisosgoce? HTTP/1.1" 200 18917
190.95.67.91 - - [18/Jun/2026:10:14:07 -0300] "POST /cormun/servlet/permisosadjuntos?9a9a8f603f41373e81d465b21ac0a6ae,INS,17507236,P,20260618092102,, HTTP/1.1" 200 116
190.95.67.91 - - [18/Jun/2026:10:14:07 -0300] "GET /cormun/servlet/hpexe_return? HTTP/1.1" 200 1040
190.95.67.91 - - [18/Jun/2026:10:14:07 -0300] "GET /cormun/servlet/trpermisosadjuntos?17507236,20260618092102,P, HTTP/1.1" 200 7264
190.95.67.93 - - [18/Jun/2026:10:14:09 -0300] "GET /cormun/servlet/permisogoce?INS,0,,, HTTP/1.1" 200 7234
190.95.67.91 - - [18/Jun/2026:10:14:16 -0300] "POST /cormun/servlet/trpermisosadjuntos?9a9a8f603f41373e81d465b21ac0a6ae,17507236,20260618092102,P,,gx-no-cache=1781788843811 HTTP/1.1" 200 90
190.95.67.91 - - [18/Jun/2026:10:14:16 -0300] "GET /cormun/servlet/hpexe_link HTTP/1.1" 200 984
190.95.67.91 - - [18/Jun/2026:10:14:17 -0300] "GET /cormun/servlet/trpermisosgoce HTTP/1.1" 200 19348
190.95.67.93 - - [18/Jun/2026:10:14:18 -0300] "GET /cormun/servlet/permisogoce?9b8c1667154bd40ab34cdb924c4a841a2677e0521c24771a2a4105ed38236e94e5b7378e0d6f592ef84acfe05b9b79e01e6bf9fcd06e4e698aeb924966cd35bb,gx-no-cache=1781788845331 HTTP/1.1" 200 80
190.95.67.91 - - [18/Jun/2026:10:14:19 -0300] "POST /cormun/servlet/trpermisosgoce?9a9a8f603f41373e81d465b21ac0a6ae,gx-no-cache=1781788845881 HTTP/1.1" 200 16292
190.95.67.91 - - [18/Jun/2026:10:14:19 -0300] "GET /cormun/static/Shared/jqueryui/images/ui-icons_82798d_256x240.png HTTP/1.1" 404 1089
190.95.67.91 - - [18/Jun/2026:10:14:19 -0300] "GET /cormun/static/Shared/jqueryui/images/ui-bg_highlight-soft_100_c6c2c8_1x100.png HTTP/1.1" 404 1117
190.95.67.91 - - [18/Jun/2026:10:14:19 -0300] "GET /cormun/static/Shared/jqueryui/images/ui-bg_flat_55_fafafa_40x100.png HTTP/1.1" 404 1097
190.95.67.91 - - [18/Jun/2026:10:14:19 -0300] "GET /cormun/static/Shared/jqueryui/images/ui-icons_8d78a5_256x240.png HTTP/1.1" 404 1089
190.95.67.91 - - [18/Jun/2026:10:14:20 -0300] "GET /cormun/servlet/permisogoce?INS,0,,, HTTP/1.1" 200 7298
190.95.67.93 - - [18/Jun/2026:10:14:20 -0300] "GET /cormun/static/menuarrow.gif HTTP/1.1" 404 1015
190.95.67.91 - - [18/Jun/2026:10:14:26 -0300] "GET /cormun/servlet/permisogoce?f112abdaab5c28c57b8dfe38ea0a5325e24274e8777d625d687a704300972d08306c4b74027d2c82542c23b041831c20dd865f169fd3dbdecac0447a036ef441,gx-no-cache=1781788853171 HTTP/1.1" 200 78
190.95.67.93 - - [18/Jun/2026:10:14:26 -0300] "GET /cormun/servlet/permisogoce?9b8c1667154bd40ab34cdb924c4a841a9136d23c0092056b9d333ab4bb3061e6caf2945db5e11b7c4b0f1a0b9b06a16dce40b3c98e8fbb558587c05ee01c10f9,gx-no-cache=1781788853983 HTTP/1.1" 200 48
190.95.67.93 - - [18/Jun/2026:10:14:30 -0300] "POST /cormun/servlet/permisogoce?e94a2d1928312393555b2785caf482a9,INS,0,,,,gx-no-cache=1781788856802 HTTP/1.1" 200 93
190.95.67.93 - - [18/Jun/2026:10:14:30 -0300] "GET /cormun/servlet/hpexe_return? HTTP/1.1" 200 1011
190.95.67.93 - - [18/Jun/2026:10:14:30 -0300] "GET /cormun/servlet/trpermisosgoce HTTP/1.1" 200 19038
190.95.67.93 - - [18/Jun/2026:10:14:33 -0300] "GET /cormun/servlet/apermisogoceprn?13945553,P,20260618092139,PU HTTP/1.1" 200 1643
190.95.67.91 - - [18/Jun/2026:10:14:33 -0300] "GET /cormun/servlet/permisogoce?f112abdaab5c28c57b8dfe38ea0a5325b4c4458c1ff16005d9e1fb062eda4230f12bf08d5d1431360d97502da1017c90f3c329c76702ba30af2f734f0c142b12,gx-no-cache=1781788860160 HTTP/1.1" 200 49
190.95.67.99 - - [18/Jun/2026:10:14:41 -0300] "POST /cormun/servlet/trlicencias?4d40ad6f24b3342501521df7130fb61b,,gx-no-cache=1781788869762 HTTP/1.1" 200 10031
190.95.67.91 - - [18/Jun/2026:10:14:43 -0300] "POST /cormun/servlet/permisogoce?9a9a8f603f41373e81d465b21ac0a6ae,INS,0,,,,gx-no-cache=1781788870151 HTTP/1.1" 200 93
190.95.67.91 - - [18/Jun/2026:10:14:43 -0300] "GET /cormun/servlet/hpexe_return? HTTP/1.1" 200 1032
190.95.67.91 - - [18/Jun/2026:10:14:43 -0300] "GET /cormun/servlet/trpermisosgoce?gx-no-cache=1781788845881 HTTP/1.1" 200 19302
190.95.67.99 - - [18/Jun/2026:10:14:45 -0300] "POST /cormun/servlet/trlicencias?4d40ad6f24b3342501521df7130fb61b,,gx-no-cache=1781788873902 HTTP/1.1" 200 10031
190.95.67.91 - - [18/Jun/2026:10:14:47 -0300] "GET /cormun/servlet/trpermisosadjuntos?18374545,20260618092150,P, HTTP/1.1" 200 6736
190.95.67.99 - - [18/Jun/2026:10:14:48 -0300] "POST /cormun/servlet/trlicencias?4d40ad6f24b3342501521df7130fb61b,,gx-no-cache=1781788876843 HTTP/1.1" 200 10031
190.95.67.91 - - [18/Jun/2026:10:14:48 -0300] "GET /cormun/servlet/permisosadjuntos?INS,18374545,P,20260618092150,, HTTP/1.1" 200 6039
190.95.67.91 - - [18/Jun/2026:10:14:48 -0300] "GET /cormun/static/about:blank HTTP/1.1" 404 1011
190.95.67.93 - - [18/Jun/2026:10:14:49 -0300] "GET /cormun/servlet/permisogoce?INS,0,,, HTTP/1.1" 200 7234
190.95.67.99 - - [18/Jun/2026:10:14:53 -0300] "POST /cormun/servlet/trlicencias?4d40ad6f24b3342501521df7130fb61b,,gx-no-cache=1781788882017 HTTP/1.1" 200 10029
190.95.67.99 - - [18/Jun/2026:10:14:56 -0300] "POST /cormun/servlet/trlicencias?4d40ad6f24b3342501521df7130fb61b,,gx-no-cache=1781788884656 HTTP/1.1" 200 10029
190.95.67.91 - - [18/Jun/2026:10:14:56 -0300] "POST /cormun/servlet/permisosadjuntos?9a9a8f603f41373e81d465b21ac0a6ae,INS,18374545,P,20260618092150,, HTTP/1.1" 200 116
190.95.67.91 - - [18/Jun/2026:10:14:56 -0300] "GET /cormun/servlet/hpexe_return? HTTP/1.1" 200 1040
190.95.67.91 - - [18/Jun/2026:10:14:56 -0300] "GET /cormun/servlet/trpermisosadjuntos?18374545,20260618092150,P, HTTP/1.1" 200 7245
190.95.67.93 - - [18/Jun/2026:10:14:57 -0300] "GET /cormun/servlet/permisogoce?9b8c1667154bd40ab34cdb924c4a841a35be2f2ec27703f27bae0cddb2f5787d55d1128b2be463e8ab10fbfb4f7031b5da268f48c65fa5303845d33c24e6f434,gx-no-cache=1781788884462 HTTP/1.1" 200 82
190.95.67.93 - - [18/Jun/2026:10:15:03 -0300] "GET /cormun/servlet/permisogoce?9b8c1667154bd40ab34cdb924c4a841a08b2fb173451d959f2a26948aeac34312bcc387e5c8ac17e33b4d08a4dfc454a7bbb5262b58776fa46f34e9e32276ecc,gx-no-cache=1781788890913 HTTP/1.1" 200 48
190.95.67.91 - - [18/Jun/2026:10:15:04 -0300] "POST /cormun/servlet/trpermisosadjuntos?9a9a8f603f41373e81d465b21ac0a6ae,18374545,20260618092150,P,,gx-no-cache=1781788891416 HTTP/1.1" 200 90
190.95.67.91 - - [18/Jun/2026:10:15:04 -0300] "GET /cormun/servlet/hpexe_link HTTP/1.1" 200 1006
190.95.67.91 - - [18/Jun/2026:10:15:04 -0300] "GET /cormun/servlet/trpermisosgoce?gx-no-cache=1781788845881 HTTP/1.1" 200 19299
190.95.67.93 - - [18/Jun/2026:10:15:07 -0300] "POST /cormun/servlet/permisogoce?e94a2d1928312393555b2785caf482a9,INS,0,,,,gx-no-cache=1781788894107 HTTP/1.1" 200 93
190.95.67.93 - - [18/Jun/2026:10:15:07 -0300] "GET /cormun/servlet/hpexe_return? HTTP/1.1" 200 1011
190.95.67.91 - - [18/Jun/2026:10:15:07 -0300] "POST /cormun/servlet/trpermisosgoce?9a9a8f603f41373e81d465b21ac0a6ae,gx-no-cache=1781788845881,gx-no-cache=1781788894066 HTTP/1.1" 200 16295
190.95.67.93 - - [18/Jun/2026:10:15:07 -0300] "GET /cormun/servlet/trpermisosgoce HTTP/1.1" 200 18998
190.95.67.91 - - [18/Jun/2026:10:15:09 -0300] "GET /cormun/servlet/permisogoce?INS,0,,, HTTP/1.1" 200 7320
190.95.67.93 - - [18/Jun/2026:10:15:10 -0300] "GET /cormun/servlet/apermisogoceprn?7924150,P,20260618092219,PU HTTP/1.1" 200 1653
190.95.67.91 - - [18/Jun/2026:10:15:14 -0300] "GET /cormun/servlet/permisogoce?f112abdaab5c28c57b8dfe38ea0a5325ec3d3acba9e3a446d2fc5400561440b7306c4b74027d2c82542c23b041831c20dd865f169fd3dbdecac0447a036ef441,gx-no-cache=1781788901843 HTTP/1.1" 200 93
190.95.67.91 - - [18/Jun/2026:10:15:22 -0300] "GET /cormun/servlet/permisogoce?f112abdaab5c28c57b8dfe38ea0a53255c71c082111c706fba8ad7fbdd23f2d2315b11ac3c8caa0718112c873578c32429e0fa4ebc1255b6e30653fe0bd0bf6b,gx-no-cache=1781788909098 HTTP/1.1" 200 47
190.95.67.91 - - [18/Jun/2026:10:15:24 -0300] "POST /cormun/servlet/permisogoce?9a9a8f603f41373e81d465b21ac0a6ae,INS,0,,,,gx-no-cache=1781788911295 HTTP/1.1" 200 93
190.95.67.91 - - [18/Jun/2026:10:15:24 -0300] "GET /cormun/servlet/hpexe_return? HTTP/1.1" 200 1032
190.95.67.91 - - [18/Jun/2026:10:15:25 -0300] "GET /cormun/servlet/trpermisosgoce?gx-no-cache=1781788845881 HTTP/1.1" 200 19267
190.95.67.91 - - [18/Jun/2026:10:15:26 -0300] "GET /cormun/servlet/trpermisosadjuntos?14026965,20260618092239,P, HTTP/1.1" 200 6751
190.95.67.91 - - [18/Jun/2026:10:15:28 -0300] "GET /cormun/servlet/permisosadjuntos?INS,14026965,P,20260618092239,, HTTP/1.1" 200 6051
190.95.67.91 - - [18/Jun/2026:10:15:28 -0300] "GET /cormun/static/about:blank HTTP/1.1" 404 1011
190.95.67.91 - - [18/Jun/2026:10:15:36 -0300] "POST /cormun/servlet/permisosadjuntos?9a9a8f603f41373e81d465b21ac0a6ae,INS,14026965,P,20260618092239,, HTTP/1.1" 200 116
190.95.67.91 - - [18/Jun/2026:10:15:36 -0300] "GET /cormun/servlet/hpexe_return? HTTP/1.1" 200 1040
190.95.67.91 - - [18/Jun/2026:10:15:37 -0300] "GET /cormun/servlet/trpermisosadjuntos?14026965,20260618092239,P, HTTP/1.1" 200 7291
190.95.67.91 - - [18/Jun/2026:10:15:43 -0300] "POST /cormun/servlet/trpermisosadjuntos?9a9a8f603f41373e81d465b21ac0a6ae,14026965,20260618092239,P,,gx-no-cache=1781788930352 HTTP/1.1" 200 90
190.95.67.91 - - [18/Jun/2026:10:15:43 -0300] "GET /cormun/servlet/hpexe_link HTTP/1.1" 200 1006
190.95.67.91 - - [18/Jun/2026:10:15:43 -0300] "GET /cormun/servlet/trpermisosgoce?gx-no-cache=1781788845881 HTTP/1.1" 200 19264
190.95.67.93 - - [18/Jun/2026:10:15:45 -0300] "GET /cormun/servlet/apermisogoceprn?13945553,P,20260618092139,PU HTTP/1.1" 200 1649
190.95.67.91 - - [18/Jun/2026:10:15:46 -0300] "POST /cormun/servlet/trpermisosgoce?9a9a8f603f41373e81d465b21ac0a6ae,gx-no-cache=1781788845881,gx-no-cache=1781788932858 HTTP/1.1" 200 16284
190.95.67.91 - - [18/Jun/2026:10:15:49 -0300] "GET /cormun/servlet/permisogoce?INS,0,,, HTTP/1.1" 200 7319
190.95.67.91 - - [18/Jun/2026:10:15:55 -0300] "GET /cormun/servlet/permisogoce?f112abdaab5c28c57b8dfe38ea0a5325ff1bbc5a9ac587a3bf9d76fcedb34a0b306c4b74027d2c82542c23b041831c20dd865f169fd3dbdecac0447a036ef441,gx-no-cache=1781788941928 HTTP/1.1" 200 66
190.95.67.91 - - [18/Jun/2026:10:16:01 -0300] "GET /cormun/servlet/permisogoce?f112abdaab5c28c57b8dfe38ea0a53250b2dc50253c46fff2e84967f4c8615b6bb2bc3506776888dcf60d733a3b9697029e0fa4ebc1255b6e30653fe0bd0bf6b,gx-no-cache=1781788948627 HTTP/1.1" 200 47
190.95.67.91 - - [18/Jun/2026:10:16:04 -0300] "POST /cormun/servlet/permisogoce?9a9a8f603f41373e81d465b21ac0a6ae,INS,0,,,,gx-no-cache=1781788951247 HTTP/1.1" 200 93
190.95.67.91 - - [18/Jun/2026:10:16:04 -0300] "GET /cormun/servlet/hpexe_return? HTTP/1.1" 200 1032
190.95.67.91 - - [18/Jun/2026:10:16:04 -0300] "GET /cormun/servlet/trpermisosgoce?gx-no-cache=1781788845881 HTTP/1.1" 200 19236
190.95.67.91 - - [18/Jun/2026:10:16:12 -0300] "GET /cormun/servlet/trpermisosadjuntos?17507006,20260618092319,P, HTTP/1.1" 200 6736
190.95.67.91 - - [18/Jun/2026:10:16:13 -0300] "GET /cormun/servlet/permisosadjuntos?INS,17507006,P,20260618092319,, HTTP/1.1" 200 6035
190.95.67.91 - - [18/Jun/2026:10:16:13 -0300] "GET /cormun/static/about:blank HTTP/1.1" 404 1011
190.95.67.91 - - [18/Jun/2026:10:16:20 -0300] "POST /cormun/servlet/permisosadjuntos?9a9a8f603f41373e81d465b21ac0a6ae,INS,17507006,P,20260618092319,, HTTP/1.1" 200 116
190.95.67.91 - - [18/Jun/2026:10:16:20 -0300] "GET /cormun/servlet/hpexe_return? HTTP/1.1" 200 1040
190.95.67.91 - - [18/Jun/2026:10:16:20 -0300] "GET /cormun/servlet/trpermisosadjuntos?17507006,20260618092319,P, HTTP/1.1" 200 7247
190.95.67.91 - - [18/Jun/2026:10:16:25 -0300] "POST /cormun/servlet/trpermisosadjuntos?9a9a8f603f41373e81d465b21ac0a6ae,17507006,20260618092319,P,,gx-no-cache=1781788971968 HTTP/1.1" 200 90
190.95.67.91 - - [18/Jun/2026:10:16:25 -0300] "GET /cormun/servlet/hpexe_link HTTP/1.1" 200 1006
190.95.67.91 - - [18/Jun/2026:10:16:25 -0300] "GET /cormun/servlet/trpermisosgoce?gx-no-cache=1781788845881 HTTP/1.1" 200 19232
190.95.67.91 - - [18/Jun/2026:10:17:08 -0300] "POST /cormun/servlet/trpermisosgoce?9a9a8f603f41373e81d465b21ac0a6ae,gx-no-cache=1781788845881,gx-no-cache=1781789014970 HTTP/1.1" 200 16237
190.95.67.91 - - [18/Jun/2026:10:18:30 -0300] "GET /cormun/servlet/permisogoce?INS,0,,, HTTP/1.1" 200 7319
190.95.67.91 - - [18/Jun/2026:10:18:36 -0300] "GET /cormun/servlet/permisogoce?f112abdaab5c28c57b8dfe38ea0a532588e01953450cbd932a866a2f1e1b8be9306c4b74027d2c82542c23b041831c20dd865f169fd3dbdecac0447a036ef441,gx-no-cache=1781789103035 HTTP/1.1" 200 82
190.95.67.91 - - [18/Jun/2026:10:18:42 -0300] "GET /cormun/servlet/permisogoce?f112abdaab5c28c57b8dfe38ea0a53250789b2822fab2c13bdba2d3ab95fbda05a6ffeeb001d4cf1e00f9d2167e9e784f3c329c76702ba30af2f734f0c142b12,gx-no-cache=1781789109275 HTTP/1.1" 200 48
190.95.67.91 - - [18/Jun/2026:10:18:46 -0300] "POST /cormun/servlet/permisogoce?9a9a8f603f41373e81d465b21ac0a6ae,INS,0,,,,gx-no-cache=1781789113176 HTTP/1.1" 200 93
190.95.67.91 - - [18/Jun/2026:10:18:46 -0300] "GET /cormun/servlet/hpexe_return? HTTP/1.1" 200 1032
190.95.67.91 - - [18/Jun/2026:10:18:46 -0300] "GET /cormun/servlet/trpermisosgoce?gx-no-cache=1781788845881 HTTP/1.1" 200 19196
190.95.67.91 - - [18/Jun/2026:10:18:49 -0300] "GET /cormun/servlet/trpermisosadjuntos?18375132,20260618092600,P, HTTP/1.1" 200 6739
190.95.67.91 - - [18/Jun/2026:10:18:51 -0300] "GET /cormun/servlet/permisosadjuntos?INS,18375132,P,20260618092600,, HTTP/1.1" 200 6038
190.95.67.91 - - [18/Jun/2026:10:18:51 -0300] "GET /cormun/static/about:blank HTTP/1.1" 404 1011
190.95.67.91 - - [18/Jun/2026:10:18:59 -0300] "POST /cormun/servlet/permisosadjuntos?9a9a8f603f41373e81d465b21ac0a6ae,INS,18375132,P,20260618092600,, HTTP/1.1" 200 116
190.95.67.91 - - [18/Jun/2026:10:18:59 -0300] "GET /cormun/servlet/hpexe_return? HTTP/1.1" 200 1038
190.95.67.91 - - [18/Jun/2026:10:18:59 -0300] "GET /cormun/servlet/trpermisosadjuntos?18375132,20260618092600,P, HTTP/1.1" 200 7249
190.95.15.31 - - [18/Jun/2026:10:19:08 -0300] "GET /cormun/servlet/trlicencias? HTTP/1.1" 200 6043
190.95.67.91 - - [18/Jun/2026:10:19:10 -0300] "POST /cormun/servlet/trpermisosadjuntos?9a9a8f603f41373e81d465b21ac0a6ae,18375132,20260618092600,P,,gx-no-cache=1781789136992 HTTP/1.1" 200 90
190.95.67.91 - - [18/Jun/2026:10:19:10 -0300] "GET /cormun/servlet/hpexe_link HTTP/1.1" 200 1005
190.95.67.91 - - [18/Jun/2026:10:19:10 -0300] "GET /cormun/servlet/trpermisosgoce?gx-no-cache=1781788845881 HTTP/1.1" 200 19193
190.95.15.31 - - [18/Jun/2026:10:19:11 -0300] "GET /cormun/servlet/trlicencias? HTTP/1.1" 200 6042
190.95.15.31 - - [18/Jun/2026:10:19:11 -0300] "GET /cormun/servlet/hlogin HTTP/1.1" 200 1730
190.95.67.91 - - [18/Jun/2026:10:19:13 -0300] "POST /cormun/servlet/trpermisosgoce?9a9a8f603f41373e81d465b21ac0a6ae,gx-no-cache=1781788845881,gx-no-cache=1781789140130 HTTP/1.1" 200 16200
190.95.67.91 - - [18/Jun/2026:10:19:14 -0300] "GET /cormun/servlet/permisogoce?INS,0,,, HTTP/1.1" 200 7320
190.95.67.91 - - [18/Jun/2026:10:19:20 -0300] "GET /cormun/servlet/permisogoce?f112abdaab5c28c57b8dfe38ea0a5325d81b77cc61a7769f83ab4e9431f3a4ff306c4b74027d2c82542c23b041831c20dd865f169fd3dbdecac0447a036ef441,gx-no-cache=1781789147890 HTTP/1.1" 200 76
190.95.15.31 - - [18/Jun/2026:10:19:23 -0300] "POST /cormun/servlet/hlogin?6553a05ba380a0f19bf9cd2fcb2e36e4,gx-no-cache=1781789150381 HTTP/1.1" 200 90
190.95.15.31 - - [18/Jun/2026:10:19:23 -0300] "GET /cormun/servlet/hpexe_link HTTP/1.1" 200 947
190.95.15.31 - - [18/Jun/2026:10:19:24 -0300] "GET /cormun/servlet/trlicencias HTTP/1.1" 200 12436
190.95.67.91 - - [18/Jun/2026:10:19:25 -0300] "GET /cormun/servlet/permisogoce?f112abdaab5c28c57b8dfe38ea0a5325ef507b0663ec6f95368ee4c191f76925b9ea1e1c47e9946c25f88b372847f76df3c329c76702ba30af2f734f0c142b12,gx-no-cache=1781789152344 HTTP/1.1" 200 47
190.95.67.91 - - [18/Jun/2026:10:19:27 -0300] "POST /cormun/servlet/permisogoce?9a9a8f603f41373e81d465b21ac0a6ae,INS,0,,,,gx-no-cache=1781789154488 HTTP/1.1" 200 93
190.95.67.91 - - [18/Jun/2026:10:19:27 -0300] "GET /cormun/servlet/hpexe_return? HTTP/1.1" 200 1032
190.95.67.91 - - [18/Jun/2026:10:19:28 -0300] "GET /cormun/servlet/trpermisosgoce?gx-no-cache=1781788845881 HTTP/1.1" 200 19214
190.95.67.91 - - [18/Jun/2026:10:19:30 -0300] "GET /cormun/servlet/trpermisosadjuntos?11981610,20260618092644,P, HTTP/1.1" 200 6740
190.95.15.31 - - [18/Jun/2026:10:19:30 -0300] "GET /cormun/servlet/trpermisosgoce? HTTP/1.1" 200 15106
190.95.67.91 - - [18/Jun/2026:10:19:32 -0300] "GET /cormun/servlet/permisosadjuntos?INS,11981610,P,20260618092644,, HTTP/1.1" 200 6039
190.95.67.91 - - [18/Jun/2026:10:19:32 -0300] "GET /cormun/static/about:blank HTTP/1.1" 404 1011
190.95.15.31 - - [18/Jun/2026:10:19:33 -0300] "GET /cormun/servlet/permisogoce?INS,0,,, HTTP/1.1" 200 7248
190.95.67.91 - - [18/Jun/2026:10:19:37 -0300] "POST /cormun/servlet/permisosadjuntos?9a9a8f603f41373e81d465b21ac0a6ae,INS,11981610,P,20260618092644,, HTTP/1.1" 200 116
190.95.67.91 - - [18/Jun/2026:10:19:37 -0300] "GET /cormun/servlet/hpexe_return? HTTP/1.1" 200 1040
190.95.67.91 - - [18/Jun/2026:10:19:37 -0300] "GET /cormun/servlet/trpermisosadjuntos?11981610,20260618092644,P, HTTP/1.1" 200 7247
190.95.67.91 - - [18/Jun/2026:10:19:44 -0300] "POST /cormun/servlet/trpermisosadjuntos?9a9a8f603f41373e81d465b21ac0a6ae,11981610,20260618092644,P,,gx-no-cache=1781789170976 HTTP/1.1" 200 90
190.95.67.91 - - [18/Jun/2026:10:19:44 -0300] "GET /cormun/servlet/hpexe_link HTTP/1.1" 200 1006
190.95.67.91 - - [18/Jun/2026:10:19:44 -0300] "GET /cormun/servlet/trpermisosgoce?gx-no-cache=1781788845881 HTTP/1.1" 200 19211
190.95.67.91 - - [18/Jun/2026:10:19:47 -0300] "POST /cormun/servlet/trpermisosgoce?9a9a8f603f41373e81d465b21ac0a6ae,gx-no-cache=1781788845881,gx-no-cache=1781789174274 HTTP/1.1" 200 16218
190.95.15.31 - - [18/Jun/2026:10:19:47 -0300] "GET /cormun/servlet/permisogoce?586553fd952f0e9aa015f912dccf969d1f8cb4b0bdd8de0b5f2d337d2f0371b0c546dfaf816e882c738dbfb4f73f87e6896e3306b87bdb886367d4144d58d2e2,gx-no-cache=1781789174621 HTTP/1.1" 200 79
190.95.67.91 - - [18/Jun/2026:10:19:49 -0300] "GET /cormun/servlet/permisogoce?INS,0,,, HTTP/1.1" 200 7320
190.95.67.91 - - [18/Jun/2026:10:19:54 -0300] "GET /cormun/servlet/permisogoce?f112abdaab5c28c57b8dfe38ea0a5325d81b77cc61a7769f83ab4e9431f3a4ff306c4b74027d2c82542c23b041831c20dd865f169fd3dbdecac0447a036ef441,gx-no-cache=1781789181560 HTTP/1.1" 200 78
190.95.67.91 - - [18/Jun/2026:10:20:00 -0300] "GET /cormun/servlet/permisogoce?f112abdaab5c28c57b8dfe38ea0a5325ef507b0663ec6f95368ee4c191f76925a8f36ae918d20ada0795177185045baef3c329c76702ba30af2f734f0c142b12,gx-no-cache=1781789187259 HTTP/1.1" 200 48
190.95.15.31 - - [18/Jun/2026:10:20:01 -0300] "GET /cormun/static/menuarrow.gif HTTP/1.1" 404 1015
190.95.15.31 - - [18/Jun/2026:10:20:10 -0300] "GET /cormun/servlet/permisogoce?586553fd952f0e9aa015f912dccf969d045bc18a3b1ba235f702a0692f3f4bbd2ba5f1eb4cd24d5cfe6d051cf9a680686cf4afa224cecf97fd0b2526be1370ef,gx-no-cache=1781789197180 HTTP/1.1" 200 48
190.95.67.91 - - [18/Jun/2026:10:20:10 -0300] "POST /cormun/servlet/permisogoce?9a9a8f603f41373e81d465b21ac0a6ae,INS,0,,,,gx-no-cache=1781789197256 HTTP/1.1" 200 93
190.95.67.91 - - [18/Jun/2026:10:20:10 -0300] "GET /cormun/servlet/hpexe_return? HTTP/1.1" 200 1032
190.95.67.91 - - [18/Jun/2026:10:20:10 -0300] "GET /cormun/servlet/trpermisosgoce?gx-no-cache=1781788845881 HTTP/1.1" 200 19150
190.95.67.99 - - [18/Jun/2026:10:20:12 -0300] "POST /cormun/servlet/trlicencias?4d40ad6f24b3342501521df7130fb61b,,gx-no-cache=1781789200950 HTTP/1.1" 200 10029
190.95.15.31 - - [18/Jun/2026:10:20:13 -0300] "POST /cormun/servlet/permisogoce?6553a05ba380a0f19bf9cd2fcb2e36e4,INS,0,,,,gx-no-cache=1781789199686 HTTP/1.1" 200 93
190.95.15.31 - - [18/Jun/2026:10:20:13 -0300] "GET /cormun/servlet/hpexe_return? HTTP/1.1" 200 1001
190.95.15.31 - - [18/Jun/2026:10:20:13 -0300] "GET /cormun/servlet/trpermisosgoce HTTP/1.1" 200 15348
190.95.67.91 - - [18/Jun/2026:10:20:14 -0300] "GET /cormun/servlet/trpermisosadjuntos?11981610,20260618092719,P, HTTP/1.1" 200 6740
190.95.67.99 - - [18/Jun/2026:10:20:14 -0300] "POST /cormun/servlet/trlicencias?4d40ad6f24b3342501521df7130fb61b,,gx-no-cache=1781789202694 HTTP/1.1" 200 10030
190.95.67.91 - - [18/Jun/2026:10:20:15 -0300] "GET /cormun/servlet/permisosadjuntos?INS,11981610,P,20260618092719,, HTTP/1.1" 200 6037
190.95.67.91 - - [18/Jun/2026:10:20:15 -0300] "GET /cormun/static/about:blank HTTP/1.1" 404 1011
190.95.15.31 - - [18/Jun/2026:10:20:16 -0300] "GET /cormun/servlet/apermisogoceprn?19593521,P,20260618092703,PU HTTP/1.1" 200 1668
201.186.225.191 - - [18/Jun/2026:10:20:18 -0300] "GET /cormun/servlet/trlicencias HTTP/1.1" 200 6055
201.186.225.191 - - [18/Jun/2026:10:20:18 -0300] "GET /cormun/servlet/hlogin HTTP/1.1" 200 1739
190.95.67.91 - - [18/Jun/2026:10:20:20 -0300] "POST /cormun/servlet/permisosadjuntos?9a9a8f603f41373e81d465b21ac0a6ae,INS,11981610,P,20260618092719,, HTTP/1.1" 200 116
190.95.67.91 - - [18/Jun/2026:10:20:20 -0300] "GET /cormun/servlet/hpexe_return? HTTP/1.1" 200 1039
190.95.67.91 - - [18/Jun/2026:10:20:20 -0300] "GET /cormun/servlet/trpermisosadjuntos?11981610,20260618092719,P, HTTP/1.1" 200 7244
201.186.225.191 - - [18/Jun/2026:10:20:20 -0300] "POST /cormun/servlet/hlogin?3ba1aa210ed5c6c2b5d0e81bc4d78fa7,gx-no-cache=1781789207610 HTTP/1.1" 200 90
201.186.225.191 - - [18/Jun/2026:10:20:20 -0300] "GET /cormun/servlet/hpexe_link HTTP/1.1" 200 956
201.186.225.191 - - [18/Jun/2026:10:20:20 -0300] "GET /cormun/servlet/trlicencias HTTP/1.1" 200 11858
190.95.67.91 - - [18/Jun/2026:10:20:30 -0300] "POST /cormun/servlet/trpermisosadjuntos?9a9a8f603f41373e81d465b21ac0a6ae,11981610,20260618092719,P,,gx-no-cache=1781789217096 HTTP/1.1" 200 90
190.95.67.91 - - [18/Jun/2026:10:20:30 -0300] "GET /cormun/servlet/hpexe_link HTTP/1.1" 200 1006
190.95.67.91 - - [18/Jun/2026:10:20:30 -0300] "GET /cormun/servlet/trpermisosgoce?gx-no-cache=1781788845881 HTTP/1.1" 200 19147
190.95.1.185 - - [18/Jun/2026:10:20:31 -0300] "GET /cormun/servlet/hlogin HTTP/1.1" 200 1724
190.95.67.91 - - [18/Jun/2026:10:20:33 -0300] "POST /cormun/servlet/trpermisosgoce?9a9a8f603f41373e81d465b21ac0a6ae,gx-no-cache=1781788845881,gx-no-cache=1781789219739 HTTP/1.1" 200 16154
190.95.1.185 - - [18/Jun/2026:10:20:34 -0300] "POST /cormun/servlet/hlogin?a44d00ccd8ffca8d3d1fe1aaced76f09,gx-no-cache=1781789221441 HTTP/1.1" 200 90
190.95.1.185 - - [18/Jun/2026:10:20:34 -0300] "GET /cormun/servlet/hpexe_link HTTP/1.1" 200 955
190.95.1.185 - - [18/Jun/2026:10:20:34 -0300] "GET /cormun/servlet/hhome HTTP/1.1" 200 4488
190.95.67.91 - - [18/Jun/2026:10:20:37 -0300] "GET /cormun/servlet/trautorizarpermisogoce? HTTP/1.1" 200 9435
190.95.67.91 - - [18/Jun/2026:10:20:39 -0300] "POST /cormun/servlet/trautorizarpermisogoce?9a9a8f603f41373e81d465b21ac0a6ae,,gx-no-cache=1781789225993 HTTP/1.1" 200 6239
190.95.67.91 - - [18/Jun/2026:10:20:39 -0300] "POST /cormun/servlet/trautorizarpermisogoce?9a9a8f603f41373e81d465b21ac0a6ae,,gx-no-cache=1781789226599 HTTP/1.1" 200 6019
190.95.67.91 - - [18/Jun/2026:10:20:40 -0300] "POST /cormun/servlet/trautorizarpermisogoce?9a9a8f603f41373e81d465b21ac0a6ae,,gx-no-cache=1781789227231 HTTP/1.1" 200 5815
190.95.67.91 - - [18/Jun/2026:10:20:41 -0300] "POST /cormun/servlet/trautorizarpermisogoce?9a9a8f603f41373e81d465b21ac0a6ae,,gx-no-cache=1781789227815 HTTP/1.1" 200 5566
190.95.1.185 - - [18/Jun/2026:10:20:41 -0300] "GET /cormun/servlet/trlicencias? HTTP/1.1" 200 10716
190.95.67.91 - - [18/Jun/2026:10:20:41 -0300] "POST /cormun/servlet/trautorizarpermisogoce?9a9a8f603f41373e81d465b21ac0a6ae,,gx-no-cache=1781789228407 HTTP/1.1" 200 5291
190.95.67.91 - - [18/Jun/2026:10:20:42 -0300] "POST /cormun/servlet/trautorizarpermisogoce?9a9a8f603f41373e81d465b21ac0a6ae,,gx-no-cache=1781789229055 HTTP/1.1" 200 4534
190.95.67.91 - - [18/Jun/2026:10:20:45 -0300] "GET /cormun/servlet/trlicencias? HTTP/1.1" 200 15671
190.95.67.99 - - [18/Jun/2026:10:21:25 -0300] "POST /cormun/servlet/trlicencias?4d40ad6f24b3342501521df7130fb61b,,gx-no-cache=1781789274086 HTTP/1.1" 200 10030
190.95.15.31 - - [18/Jun/2026:10:21:40 -0300] "GET /cormun/servlet/trlicencias? HTTP/1.1" 200 12435
190.95.15.27 - - [18/Jun/2026:10:23:29 -0300] "GET /cormun/servlet/trlicencias? HTTP/1.1" 200 6046
190.95.15.27 - - [18/Jun/2026:10:23:29 -0300] "GET /cormun/servlet/hlogin HTTP/1.1" 200 1745
190.95.15.27 - - [18/Jun/2026:10:23:29 -0300] "GET /cormun/servlet/trlicencias? HTTP/1.1" 200 6055
190.95.67.99 - - [18/Jun/2026:10:25:03 -0300] "POST /cormun/servlet/trlicencias?4d40ad6f24b3342501521df7130fb61b,,gx-no-cache=1781789492263 HTTP/1.1" 200 10030
190.95.67.99 - - [18/Jun/2026:10:25:08 -0300] "GET /cormun/servlet/trpermisosgoce? HTTP/1.1" 200 14585
45.205.1.241 - - [18/Jun/2026:10:29:30 -0300] "GET / HTTP/1.1" 400 -
190.95.67.93 - - [18/Jun/2026:10:34:29 -0300] "GET /cormun/servlet/trlicencias? HTTP/1.1" 200 10586
190.95.67.93 - - [18/Jun/2026:10:40:06 -0300] "POST /cormun/servlet/trlicencias?e94a2d1928312393555b2785caf482a9,,gx-no-cache=1781790393153 HTTP/1.1" 200 5983
190.95.67.93 - - [18/Jun/2026:10:42:24 -0300] "POST /cormun/servlet/trlicencias?e94a2d1928312393555b2785caf482a9,,gx-no-cache=1781790531642 HTTP/1.1" 200 14467
201.186.225.187 - - [18/Jun/2026:10:43:40 -0300] "POST /cormun/servlet/trlicencias?d5a64baa636b2c631f45a07942d20c70,,gx-no-cache=1781790662649 HTTP/1.1" 440 972
201.186.225.187 - - [18/Jun/2026:10:43:42 -0300] "GET /cormun/servlet/trlicencias? HTTP/1.1" 200 6043
201.186.225.187 - - [18/Jun/2026:10:43:42 -0300] "GET /cormun/servlet/hlogin HTTP/1.1" 200 1731
201.186.225.187 - - [18/Jun/2026:10:43:42 -0300] "GET /cormun/servlet/trlicencias? HTTP/1.1" 200 6043
201.186.225.187 - - [18/Jun/2026:10:43:51 -0300] "POST /cormun/servlet/hlogin?8a304d2533db2b337394050698f2d589,gx-no-cache=1781790673408 HTTP/1.1" 200 90
201.186.225.187 - - [18/Jun/2026:10:43:51 -0300] "GET /cormun/servlet/hpexe_link HTTP/1.1" 200 950
201.186.225.187 - - [18/Jun/2026:10:43:51 -0300] "GET /cormun/servlet/trlicencias HTTP/1.1" 200 11132
201.186.225.187 - - [18/Jun/2026:10:43:55 -0300] "POST /cormun/servlet/trlicencias?8a304d2533db2b337394050698f2d589,gx-no-cache=1781790676970 HTTP/1.1" 200 8522
201.186.225.187 - - [18/Jun/2026:10:43:58 -0300] "POST /cormun/servlet/trlicencias?8a304d2533db2b337394050698f2d589,gx-no-cache=1781790680584 HTTP/1.1" 200 8502
201.186.225.187 - - [18/Jun/2026:10:44:01 -0300] "POST /cormun/servlet/trlicencias?8a304d2533db2b337394050698f2d589,gx-no-cache=1781790683312 HTTP/1.1" 200 8502
192.168.10.151 - - [18/Jun/2026:10:44:35 -0300] "GET /cormun/servlet/hlogin HTTP/1.1" 200 1722
192.168.10.151 - - [18/Jun/2026:10:44:35 -0300] "GET /cormun/static/Resources/Spanish/PXTools.css?1759030 HTTP/1.1" 200 100853
192.168.10.151 - - [18/Jun/2026:10:44:35 -0300] "GET /cormun/static/gxtimezone.js?85251 HTTP/1.1" 200 5781
192.168.10.151 - - [18/Jun/2026:10:44:35 -0300] "GET /cormun/static/gxgral.js?85251 HTTP/1.1" 200 384558
192.168.10.151 - - [18/Jun/2026:10:44:35 -0300] "GET /cormun/static/gxcfg.js?2022112219184450 HTTP/1.1" 200 953
192.168.10.151 - - [18/Jun/2026:10:44:35 -0300] "GET /cormun/static/Resources/CormunLogin.png HTTP/1.1" 200 19132
192.168.10.151 - - [18/Jun/2026:10:44:35 -0300] "GET /cormun/static/messages.spa.js?85251 HTTP/1.1" 200 30736
192.168.10.151 - - [18/Jun/2026:10:44:35 -0300] "GET /cormun/static/hlogin.js?2022112219184458 HTTP/1.1" 200 2156
192.168.10.151 - - [18/Jun/2026:10:44:35 -0300] "GET /cormun/static/Resources/PXToolsLoginTop.png HTTP/1.1" 200 1337
192.168.10.151 - - [18/Jun/2026:10:44:35 -0300] "GET /cormun/static/Resources/PXToolsLoginBackground.png HTTP/1.1" 200 1164
192.168.10.151 - - [18/Jun/2026:10:44:35 -0300] "GET /cormun/static/Resources/PXToolsButtonLeft.png HTTP/1.1" 200 1310
192.168.10.151 - - [18/Jun/2026:10:44:35 -0300] "GET /cormun/servlet/hlogin HTTP/1.1" 200 1732
192.168.10.151 - - [18/Jun/2026:10:44:35 -0300] "GET /cormun/static/Resources/PXToolsLoginBottom.png HTTP/1.1" 200 1389
192.168.10.151 - - [18/Jun/2026:10:44:35 -0300] "GET /cormun/static/Resources/PXToolsButtonBackground.png HTTP/1.1" 200 1176
192.168.10.151 - - [18/Jun/2026:10:44:35 -0300] "GET /cormun/static/Resources/PXToolsButtonBackground.png HTTP/1.1" 200 1176
192.168.10.151 - - [18/Jun/2026:10:44:35 -0300] "GET /cormun/static/Resources/PXToolsLoginBottom.png HTTP/1.1" 200 1389
192.168.10.151 - - [18/Jun/2026:10:44:35 -0300] "GET /cormun/static/Resources/PXToolsButtonRight.png HTTP/1.1" 200 1294
192.168.10.151 - - [18/Jun/2026:10:44:35 -0300] "GET /cormun/static/Resources/indicator.gif HTTP/1.1" 200 1553
192.168.10.151 - - [18/Jun/2026:10:44:35 -0300] "GET /favicon.ico HTTP/1.1" 200 21630
190.95.67.93 - - [18/Jun/2026:10:48:42 -0300] "GET /cormun/servlet/hlogin HTTP/1.1" 200 1724
190.95.67.93 - - [18/Jun/2026:10:48:47 -0300] "POST /cormun/servlet/hlogin?e21459d1a6da514b532850f3e8869ae2,gx-no-cache=1781790913970 HTTP/1.1" 200 90
190.95.67.93 - - [18/Jun/2026:10:48:47 -0300] "GET /cormun/servlet/hpexe_link HTTP/1.1" 200 954
190.95.67.93 - - [18/Jun/2026:10:48:47 -0300] "GET /cormun/servlet/hhome HTTP/1.1" 200 4340
190.95.67.93 - - [18/Jun/2026:10:48:51 -0300] "GET /cormun/servlet/trlicencias? HTTP/1.1" 200 10589
179.57.78.55 - - [18/Jun/2026:10:49:33 -0300] "GET /cormun/servlet/trpermisosgoce? HTTP/1.1" 200 6016
179.57.78.55 - - [18/Jun/2026:10:49:33 -0300] "GET /cormun/servlet/hlogin HTTP/1.1" 200 1734
179.57.78.55 - - [18/Jun/2026:10:49:33 -0300] "GET /cormun/servlet/trpermisosgoce? HTTP/1.1" 200 6026
179.57.78.55 - - [18/Jun/2026:10:49:37 -0300] "POST /cormun/servlet/hlogin?709f3bf41f48b1827701be642f770f35,gx-no-cache=1781790964616 HTTP/1.1" 200 90
179.57.78.55 - - [18/Jun/2026:10:49:38 -0300] "GET /cormun/servlet/hpexe_link HTTP/1.1" 200 953
179.57.78.55 - - [18/Jun/2026:10:49:38 -0300] "GET /cormun/servlet/trpermisosgoce HTTP/1.1" 200 16710
179.57.78.55 - - [18/Jun/2026:10:49:40 -0300] "GET /cormun/servlet/trpermisosgoce? HTTP/1.1" 200 16703
179.57.78.55 - - [18/Jun/2026:10:49:42 -0300] "GET /cormun/static/menuarrow.gif HTTP/1.1" 404 1015
179.57.78.55 - - [18/Jun/2026:10:49:55 -0300] "POST /cormun/servlet/trpermisosgoce?709f3bf41f48b1827701be642f770f35,,gx-no-cache=1781790982474 HTTP/1.1" 200 5056
179.57.78.55 - - [18/Jun/2026:10:50:04 -0300] "POST /cormun/servlet/trpermisosgoce?709f3bf41f48b1827701be642f770f35,,gx-no-cache=1781790991353 HTTP/1.1" 200 15816
201.186.225.185 - - [18/Jun/2026:10:53:49 -0300] "GET /cormun/servlet/hlogin HTTP/1.1" 200 1723
201.186.225.185 - - [18/Jun/2026:10:53:49 -0300] "GET /favicon.ico HTTP/1.1" 200 21630
201.186.225.185 - - [18/Jun/2026:10:53:53 -0300] "POST /cormun/servlet/hlogin?555bacd2035104f326654e5f5742c87f,gx-no-cache=1781791220248 HTTP/1.1" 200 90
201.186.225.185 - - [18/Jun/2026:10:53:53 -0300] "GET /cormun/servlet/hpexe_link HTTP/1.1" 200 953
201.186.225.185 - - [18/Jun/2026:10:53:53 -0300] "GET /cormun/servlet/hhome HTTP/1.1" 200 4239
201.186.225.185 - - [18/Jun/2026:10:53:56 -0300] "GET /cormun/servlet/trlicencias? HTTP/1.1" 200 13495
201.186.226.3 - - [18/Jun/2026:10:56:05 -0300] "GET /cormun/servlet/hlogin HTTP/1.1" 200 1717
201.186.226.3 - - [18/Jun/2026:10:56:18 -0300] "POST /cormun/servlet/hlogin?6bef937e46266d56be2c025b05fd85fa,gx-no-cache=1781791364961 HTTP/1.1" 200 90
201.186.226.3 - - [18/Jun/2026:10:56:18 -0300] "GET /cormun/servlet/hpexe_link HTTP/1.1" 200 949
201.186.226.3 - - [18/Jun/2026:10:56:18 -0300] "GET /cormun/servlet/hhome HTTP/1.1" 200 3932
201.186.226.3 - - [18/Jun/2026:10:56:23 -0300] "GET /cormun/servlet/trlicencias? HTTP/1.1" 200 9833
201.186.226.3 - - [18/Jun/2026:10:56:53 -0300] "GET /cormun/servlet/trlicencias? HTTP/1.1" 200 9831
201.186.226.3 - - [18/Jun/2026:10:57:21 -0300] "GET /cormun/servlet/hlogin HTTP/1.1" 200 1734
190.95.67.99 - - [18/Jun/2026:11:01:40 -0300] "GET /cormun/servlet/trpermisosgoce? HTTP/1.1" 200 6032
190.95.67.93 - - [18/Jun/2026:11:01:42 -0300] "GET /cormun/servlet/trlicencias? HTTP/1.1" 200 10587
190.95.67.99 - - [18/Jun/2026:11:01:46 -0300] "GET /cormun/servlet/hlogin HTTP/1.1" 200 1737
190.95.67.99 - - [18/Jun/2026:11:01:46 -0300] "GET /cormun/servlet/trpermisosgoce? HTTP/1.1" 200 6028
190.95.67.93 - - [18/Jun/2026:11:01:46 -0300] "GET /cormun/servlet/trpermisosgoce? HTTP/1.1" 200 18992
190.95.67.99 - - [18/Jun/2026:11:01:51 -0300] "POST /cormun/servlet/hlogin?df640763795959773c4a9234220e8dd5,gx-no-cache=1781791700228 HTTP/1.1" 200 90
190.95.67.99 - - [18/Jun/2026:11:01:51 -0300] "GET /cormun/servlet/hpexe_link HTTP/1.1" 200 955
190.95.67.99 - - [18/Jun/2026:11:01:52 -0300] "GET /cormun/servlet/trpermisosgoce HTTP/1.1" 200 14440
192.168.10.19 - - [18/Jun/2026:11:08:29 -0300] "GET /cormun/servlet/hlogin HTTP/1.1" 200 1718
192.168.10.19 - - [18/Jun/2026:11:08:35 -0300] "POST /cormun/servlet/hlogin?524789aa34042db37c45edac09bafea8,gx-no-cache=1781792166593 HTTP/1.1" 200 429
192.168.10.19 - - [18/Jun/2026:11:08:37 -0300] "POST /cormun/servlet/hlogin?524789aa34042db37c45edac09bafea8,gx-no-cache=1781792168255 HTTP/1.1" 200 90
192.168.10.19 - - [18/Jun/2026:11:08:37 -0300] "GET /cormun/servlet/hpexe_link HTTP/1.1" 200 949
192.168.10.19 - - [18/Jun/2026:11:08:38 -0300] "GET /cormun/servlet/hhome HTTP/1.1" 200 3836
192.168.10.19 - - [18/Jun/2026:11:08:39 -0300] "GET /cormun/servlet/trsolicitudgral? HTTP/1.1" 200 8325
192.168.10.19 - - [18/Jun/2026:11:08:45 -0300] "POST /cormun/servlet/trsolicitudgral?524789aa34042db37c45edac09bafea8,,gx-no-cache=1781792175746 HTTP/1.1" 200 6663
192.168.10.19 - - [18/Jun/2026:11:08:48 -0300] "GET /cormun/servlet/vesolicitudgral?2026,23713,, HTTP/1.1" 200 8444
192.168.10.19 - - [18/Jun/2026:11:08:49 -0300] "GET /cormun/pexe_scrolldiv.js HTTP/1.1" 404 1009
192.168.10.19 - - [18/Jun/2026:11:08:57 -0300] "GET /cormun/servlet/vesolicitudgral?2026,23713,,SolicitudOTAdjuntos HTTP/1.1" 200 11401
192.168.10.19 - - [18/Jun/2026:11:08:57 -0300] "GET /cormun/pexe_scrolldiv.js HTTP/1.1" 404 1009
192.168.10.19 - - [18/Jun/2026:11:08:58 -0300] "POST /cormun/servlet/acontrolpreferencessavestate?None,RRHH+DANIELA,true HTTP/1.1" 200 35
192.168.10.19 - - [18/Jun/2026:11:08:59 -0300] "GET /cormun/servlet/vesolicitudgral?2026,23713,,General HTTP/1.1" 200 8447
192.168.10.19 - - [18/Jun/2026:11:08:59 -0300] "GET /cormun/pexe_scrolldiv.js HTTP/1.1" 404 1009
192.168.10.19 - - [18/Jun/2026:11:09:09 -0300] "GET /cormun/servlet/vesolicitudgral?2026,23713,,SolicitudOTAdjuntos HTTP/1.1" 200 11404
192.168.10.19 - - [18/Jun/2026:11:09:10 -0300] "GET /cormun/pexe_scrolldiv.js HTTP/1.1" 404 1009
192.168.10.19 - - [18/Jun/2026:11:09:11 -0300] "POST /cormun/servlet/acontrolpreferencessavestate?None,RRHH+DANIELA,true HTTP/1.1" 200 35
192.168.10.19 - - [18/Jun/2026:11:09:12 -0300] "GET /cormun/PublicTempStorage/antecedentes6558117.pdf HTTP/1.1" 200 37101
190.95.67.99 - - [18/Jun/2026:11:09:27 -0300] "GET /cormun/servlet/trlicencias? HTTP/1.1" 200 12467
190.95.67.99 - - [18/Jun/2026:11:09:30 -0300] "POST /cormun/servlet/trlicencias?df640763795959773c4a9234220e8dd5,,gx-no-cache=1781792158772 HTTP/1.1" 200 10026
192.168.10.19 - - [18/Jun/2026:11:09:39 -0300] "GET /cormun/servlet/vesolicitudgral?2026,23713,,SolicitudOTAdjuntos HTTP/1.1" 200 11406
201.186.225.191 - - [18/Jun/2026:11:09:40 -0300] "GET /cormun/servlet/hlogin HTTP/1.1" 200 1725
192.168.10.19 - - [18/Jun/2026:11:09:40 -0300] "POST /cormun/servlet/acontrolpreferencessavestate?None,RRHH+DANIELA,true HTTP/1.1" 200 35
192.168.10.19 - - [18/Jun/2026:11:09:41 -0300] "GET /cormun/PublicTempStorage/curriculum8187706.pdf HTTP/1.1" 200 111211
192.168.10.19 - - [18/Jun/2026:11:09:52 -0300] "GET /cormun/servlet/vesolicitudgral?2026,23713,,SolicitudOTAdjuntos HTTP/1.1" 200 11401
192.168.10.19 - - [18/Jun/2026:11:09:53 -0300] "POST /cormun/servlet/acontrolpreferencessavestate?None,RRHH+DANIELA,true HTTP/1.1" 200 35
192.168.10.19 - - [18/Jun/2026:11:09:53 -0300] "GET /cormun/servlet/vesolicitudgral?2026,23713,,General HTTP/1.1" 200 8447
192.168.10.19 - - [18/Jun/2026:11:09:53 -0300] "GET /cormun/pexe_scrolldiv.js HTTP/1.1" 404 1009
201.186.225.191 - - [18/Jun/2026:11:09:54 -0300] "POST /cormun/servlet/hlogin?53783706f004dc9e6a352d5a859cc976,gx-no-cache=1781792181050 HTTP/1.1" 200 90
201.186.225.191 - - [18/Jun/2026:11:09:54 -0300] "GET /cormun/servlet/hpexe_link HTTP/1.1" 200 956
201.186.225.191 - - [18/Jun/2026:11:09:54 -0300] "GET /cormun/servlet/hhome HTTP/1.1" 200 4226
201.186.225.191 - - [18/Jun/2026:11:09:58 -0300] "GET /cormun/servlet/trlicencias? HTTP/1.1" 200 11993
192.168.10.19 - - [18/Jun/2026:11:10:30 -0300] "GET /cormun/servlet/vesolicitudgral?2026,23713,,SolicitudOTAdjuntos HTTP/1.1" 200 11403
192.168.10.19 - - [18/Jun/2026:11:10:30 -0300] "GET /cormun/pexe_scrolldiv.js HTTP/1.1" 404 1009
192.168.10.19 - - [18/Jun/2026:11:10:31 -0300] "POST /cormun/servlet/acontrolpreferencessavestate?None,RRHH+DANIELA,true HTTP/1.1" 200 35
192.168.10.19 - - [18/Jun/2026:11:12:03 -0300] "GET /cormun/PublicTempStorage/curriculum2258366.pdf HTTP/1.1" 200 111211
179.57.78.71 - - [18/Jun/2026:11:12:13 -0300] "GET /cormun/servlet/trlicencias? HTTP/1.1" 200 6047
179.57.78.71 - - [18/Jun/2026:11:12:13 -0300] "GET /cormun/servlet/hlogin HTTP/1.1" 200 1734
179.57.78.71 - - [18/Jun/2026:11:12:16 -0300] "POST /cormun/servlet/hlogin?b3b52fd708ddd86e2581d06d35c586d3,gx-no-cache=1781792324255 HTTP/1.1" 200 90
179.57.78.71 - - [18/Jun/2026:11:12:16 -0300] "GET /cormun/servlet/hpexe_link HTTP/1.1" 200 955
179.57.78.71 - - [18/Jun/2026:11:12:17 -0300] "GET /cormun/servlet/trlicencias HTTP/1.1" 200 14037
192.168.10.19 - - [18/Jun/2026:11:12:39 -0300] "GET /cormun/servlet/vesolicitudgral?2026,23713,,SolicitudOTAdjuntos HTTP/1.1" 200 11404
192.168.10.19 - - [18/Jun/2026:11:12:40 -0300] "POST /cormun/servlet/acontrolpreferencessavestate?None,RRHH+DANIELA,true HTTP/1.1" 200 35
192.168.10.19 - - [18/Jun/2026:11:12:42 -0300] "GET /cormun/PublicTempStorage/titulo8779379.pdf HTTP/1.1" 200 302283
192.168.10.19 - - [18/Jun/2026:11:13:15 -0300] "GET /cormun/servlet/vesolicitudgral?2026,23713,,SolicitudOTAdjuntos HTTP/1.1" 200 11404
192.168.10.19 - - [18/Jun/2026:11:13:16 -0300] "POST /cormun/servlet/acontrolpreferencessavestate?None,RRHH+DANIELA,true HTTP/1.1" 200 35
192.168.10.19 - - [18/Jun/2026:11:13:17 -0300] "GET /cormun/PublicTempStorage/afp6991381.pdf HTTP/1.1" 200 50308
192.168.10.19 - - [18/Jun/2026:11:13:30 -0300] "GET /cormun/servlet/vesolicitudgral?2026,23713,,SolicitudOTAdjuntos HTTP/1.1" 200 11403
192.168.10.19 - - [18/Jun/2026:11:13:31 -0300] "POST /cormun/servlet/acontrolpreferencessavestate?None,RRHH+DANIELA,true HTTP/1.1" 200 35
192.168.10.19 - - [18/Jun/2026:11:13:33 -0300] "GET /cormun/PublicTempStorage/fonasa2163064.pdf HTTP/1.1" 200 37625
192.168.10.19 - - [18/Jun/2026:11:13:37 -0300] "GET /cormun/servlet/vesolicitudgral?2026,23713,,SolicitudOTAdjuntos HTTP/1.1" 200 11405
192.168.10.19 - - [18/Jun/2026:11:13:39 -0300] "POST /cormun/servlet/acontrolpreferencessavestate?None,RRHH+DANIELA,true HTTP/1.1" 200 35
192.168.10.19 - - [18/Jun/2026:11:14:48 -0300] "GET /cormun/servlet/vesolicitudgral?2026,23713,,General HTTP/1.1" 200 8447
192.168.10.19 - - [18/Jun/2026:11:14:48 -0300] "GET /cormun/pexe_scrolldiv.js HTTP/1.1" 404 1009
201.186.225.191 - - [18/Jun/2026:11:19:41 -0300] "GET /cormun/servlet/trlicencias HTTP/1.1" 200 6051
201.186.225.191 - - [18/Jun/2026:11:19:41 -0300] "GET /cormun/servlet/hlogin HTTP/1.1" 200 1733
201.186.225.191 - - [18/Jun/2026:11:19:44 -0300] "POST /cormun/servlet/hlogin?0fbbace79ac4deb41f8240786e908083,gx-no-cache=1781792771222 HTTP/1.1" 200 90
201.186.225.191 - - [18/Jun/2026:11:19:44 -0300] "GET /cormun/servlet/hpexe_link HTTP/1.1" 200 954
201.186.225.191 - - [18/Jun/2026:11:19:44 -0300] "GET /cormun/servlet/trlicencias HTTP/1.1" 200 11855
190.95.67.99 - - [18/Jun/2026:11:20:45 -0300] "POST /cormun/servlet/trlicencias?df640763795959773c4a9234220e8dd5,,gx-no-cache=1781792833679 HTTP/1.1" 200 10027
192.168.10.19 - - [18/Jun/2026:11:21:11 -0300] "GET /cormun/servlet/trsolicitudgral? HTTP/1.1" 200 9753
192.168.10.19 - - [18/Jun/2026:11:21:23 -0300] "POST /cormun/servlet/trsolicitudgral?524789aa34042db37c45edac09bafea8,,gx-no-cache=1781792933769 HTTP/1.1" 200 5254
190.95.67.93 - - [18/Jun/2026:11:23:50 -0300] "GET /cormun/servlet/hlogin HTTP/1.1" 200 1724
190.95.67.93 - - [18/Jun/2026:11:23:52 -0300] "POST /cormun/servlet/hlogin?e21459d1a6da514b532850f3e8869ae2,gx-no-cache=1781793019706 HTTP/1.1" 200 90
190.95.67.93 - - [18/Jun/2026:11:23:52 -0300] "GET /cormun/servlet/hpexe_link HTTP/1.1" 200 959
190.95.67.93 - - [18/Jun/2026:11:23:53 -0300] "GET /cormun/servlet/trpermisosgoce HTTP/1.1" 200 19000
179.57.78.55 - - [18/Jun/2026:11:25:03 -0300] "GET /cormun/servlet/hlogin HTTP/1.1" 200 1719
179.57.78.55 - - [18/Jun/2026:11:25:03 -0300] "GET /cormun/static/gxtimezone.js?85251 HTTP/1.1" 200 5781
179.57.78.55 - - [18/Jun/2026:11:25:03 -0300] "GET /cormun/static/gxcfg.js?2022112219184450 HTTP/1.1" 200 953
179.57.78.55 - - [18/Jun/2026:11:25:03 -0300] "GET /cormun/static/Resources/CormunLogin.png HTTP/1.1" 200 19132
179.57.78.55 - - [18/Jun/2026:11:25:03 -0300] "GET /cormun/static/messages.spa.js?85251 HTTP/1.1" 200 30736
179.57.78.55 - - [18/Jun/2026:11:25:03 -0300] "GET /cormun/static/Resources/Spanish/PXTools.css?1759030 HTTP/1.1" 200 100853
179.57.78.55 - - [18/Jun/2026:11:25:03 -0300] "GET /cormun/static/gxgral.js?85251 HTTP/1.1" 200 384558
179.57.78.55 - - [18/Jun/2026:11:25:03 -0300] "GET /cormun/static/hlogin.js?2022112219184458 HTTP/1.1" 200 2156
179.57.78.55 - - [18/Jun/2026:11:25:03 -0300] "GET /cormun/static/Resources/PXToolsLoginTop.png HTTP/1.1" 200 1337
179.57.78.55 - - [18/Jun/2026:11:25:03 -0300] "GET /cormun/static/Resources/PXToolsLoginBackground.png HTTP/1.1" 200 1164
179.57.78.55 - - [18/Jun/2026:11:25:03 -0300] "GET /cormun/static/Resources/PXToolsButtonLeft.png HTTP/1.1" 200 1310
179.57.78.55 - - [18/Jun/2026:11:25:03 -0300] "GET /cormun/static/Resources/PXToolsButtonRight.png HTTP/1.1" 200 1294
179.57.78.55 - - [18/Jun/2026:11:25:03 -0300] "GET /cormun/static/Resources/PXToolsButtonBackground.png HTTP/1.1" 200 1176
179.57.78.55 - - [18/Jun/2026:11:25:03 -0300] "GET /cormun/static/Resources/PXToolsLoginBottom.png HTTP/1.1" 200 1389
179.57.78.55 - - [18/Jun/2026:11:25:03 -0300] "GET /cormun/static/Resources/indicator.gif HTTP/1.1" 200 1553
179.57.78.55 - - [18/Jun/2026:11:25:05 -0300] "POST /cormun/servlet/hlogin?b4998194175cf466d6e2a2b30a7cd560,gx-no-cache=1781793092048 HTTP/1.1" 200 90
179.57.78.55 - - [18/Jun/2026:11:25:05 -0300] "GET /cormun/servlet/hpexe_link HTTP/1.1" 200 950
179.57.78.55 - - [18/Jun/2026:11:25:06 -0300] "GET /cormun/static/Resources/Spanish/PXTools.css?8354383 HTTP/1.1" 200 100853
179.57.78.55 - - [18/Jun/2026:11:25:06 -0300] "GET /cormun/static/gxcfg.js?20221129847421 HTTP/1.1" 200 953
179.57.78.55 - - [18/Jun/2026:11:25:06 -0300] "GET /cormun/static/hpexe_link.js?20221129847423 HTTP/1.1" 200 625
179.57.78.55 - - [18/Jun/2026:11:25:06 -0300] "GET /cormun/servlet/hhome HTTP/1.1" 200 3977
179.57.78.55 - - [18/Jun/2026:11:25:06 -0300] "GET /cormun/static/Resources/Spanish/PXTools.css?14345360 HTTP/1.1" 200 100853
