190.95.15.13 - - [15/Jun/2026:18:09:42 -0300] "POST /cormun/servlet/trpermisosgoce?b89bf79ab02abafdbe012778ca9ce451,,gx-no-cache=1781558172446 HTTP/1.1" 200 4472
190.95.15.13 - - [15/Jun/2026:18:09:46 -0300] "POST /cormun/servlet/trpermisosgoce?b89bf79ab02abafdbe012778ca9ce451,,gx-no-cache=1781558176197 HTTP/1.1" 200 4472
190.95.15.13 - - [15/Jun/2026:18:09:47 -0300] "GET /cormun/servlet/hlogin HTTP/1.1" 200 1735
201.186.225.193 - - [15/Jun/2026:18:10:23 -0300] "POST /cormun/servlet/trlicencias?61538719472d04a477b5ea33812c5b36,,gx-no-cache=1781558213703 HTTP/1.1" 200 4447
201.186.225.193 - - [15/Jun/2026:18:10:34 -0300] "POST /cormun/servlet/trlicencias?61538719472d04a477b5ea33812c5b36,,gx-no-cache=1781558224966 HTTP/1.1" 200 4439
201.186.225.193 - - [15/Jun/2026:18:10:43 -0300] "POST /cormun/servlet/trlicencias?61538719472d04a477b5ea33812c5b36,,gx-no-cache=1781558233686 HTTP/1.1" 200 4556
201.186.225.193 - - [15/Jun/2026:18:10:43 -0300] "GET /cormun/static/Resources/PXToolsGridNext.gif HTTP/1.1" 200 369
201.186.225.193 - - [15/Jun/2026:18:10:43 -0300] "GET /cormun/static/Resources/PXToolsGridLast.gif HTTP/1.1" 200 370
201.186.225.193 - - [15/Jun/2026:18:10:47 -0300] "POST /cormun/servlet/trlicencias?61538719472d04a477b5ea33812c5b36,,gx-no-cache=1781558238110 HTTP/1.1" 200 5683
201.186.225.193 - - [15/Jun/2026:18:11:11 -0300] "POST /cormun/servlet/trlicencias?61538719472d04a477b5ea33812c5b36,,gx-no-cache=1781558262174 HTTP/1.1" 200 5688
201.186.225.193 - - [15/Jun/2026:18:11:27 -0300] "POST /cormun/servlet/trlicencias?61538719472d04a477b5ea33812c5b36,,gx-no-cache=1781558278222 HTTP/1.1" 200 4443
201.186.225.193 - - [15/Jun/2026:18:11:41 -0300] "POST /cormun/servlet/trlicencias?61538719472d04a477b5ea33812c5b36,,gx-no-cache=1781558292062 HTTP/1.1" 200 5678
201.186.225.193 - - [15/Jun/2026:18:11:57 -0300] "POST /cormun/servlet/trlicencias?61538719472d04a477b5ea33812c5b36,,gx-no-cache=1781558307630 HTTP/1.1" 200 4442
201.186.225.193 - - [15/Jun/2026:18:12:12 -0300] "POST /cormun/servlet/trlicencias?61538719472d04a477b5ea33812c5b36,,gx-no-cache=1781558323598 HTTP/1.1" 200 4441
201.186.225.193 - - [15/Jun/2026:18:12:27 -0300] "POST /cormun/servlet/trlicencias?61538719472d04a477b5ea33812c5b36,,gx-no-cache=1781558338326 HTTP/1.1" 200 5682
201.186.225.193 - - [15/Jun/2026:18:12:42 -0300] "POST /cormun/servlet/trlicencias?61538719472d04a477b5ea33812c5b36,,gx-no-cache=1781558353294 HTTP/1.1" 200 4443
201.186.225.193 - - [15/Jun/2026:18:13:08 -0300] "POST /cormun/servlet/trlicencias?61538719472d04a477b5ea33812c5b36,,gx-no-cache=1781558379126 HTTP/1.1" 200 4442
201.186.225.193 - - [15/Jun/2026:18:13:18 -0300] "POST /cormun/servlet/trlicencias?61538719472d04a477b5ea33812c5b36,,gx-no-cache=1781558389430 HTTP/1.1" 200 5673
201.186.225.193 - - [15/Jun/2026:18:13:31 -0300] "POST /cormun/servlet/trlicencias?61538719472d04a477b5ea33812c5b36,,gx-no-cache=1781558401974 HTTP/1.1" 200 5985
190.95.15.13 - - [15/Jun/2026:18:14:01 -0300] "GET /cormun/servlet/hlogin HTTP/1.1" 200 1715
190.95.15.13 - - [15/Jun/2026:18:14:09 -0300] "POST /cormun/servlet/hlogin?b89bf79ab02abafdbe012778ca9ce451,gx-no-cache=1781558439053 HTTP/1.1" 200 90
190.95.15.13 - - [15/Jun/2026:18:14:09 -0300] "GET /cormun/servlet/hpexe_link HTTP/1.1" 200 953
190.95.15.13 - - [15/Jun/2026:18:14:09 -0300] "GET /cormun/servlet/trpermisosgoce? HTTP/1.1" 200 7217
190.95.15.13 - - [15/Jun/2026:18:14:13 -0300] "POST /cormun/servlet/trpermisosgoce?b89bf79ab02abafdbe012778ca9ce451,,gx-no-cache=1781558443686 HTTP/1.1" 200 9566
190.95.15.13 - - [15/Jun/2026:18:14:15 -0300] "GET /cormun/servlet/trlicencias? HTTP/1.1" 200 12823
201.186.225.193 - - [15/Jun/2026:18:14:20 -0300] "POST /cormun/servlet/trlicencias?61538719472d04a477b5ea33812c5b36,,gx-no-cache=1781558451480 HTTP/1.1" 200 4442
190.95.15.13 - - [15/Jun/2026:18:14:35 -0300] "GET /cormun/servlet/hlogin HTTP/1.1" 200 1733
201.186.225.193 - - [15/Jun/2026:18:14:45 -0300] "POST /cormun/servlet/trlicencias?61538719472d04a477b5ea33812c5b36,,gx-no-cache=1781558475759 HTTP/1.1" 200 4443
201.186.225.193 - - [15/Jun/2026:18:15:11 -0300] "POST /cormun/servlet/trlicencias?61538719472d04a477b5ea33812c5b36,,gx-no-cache=1781558502015 HTTP/1.1" 200 4443
201.186.225.193 - - [15/Jun/2026:18:16:03 -0300] "POST /cormun/servlet/trlicencias?61538719472d04a477b5ea33812c5b36,,gx-no-cache=1781558554590 HTTP/1.1" 200 5684
201.186.225.193 - - [15/Jun/2026:18:16:47 -0300] "POST /cormun/servlet/trlicencias?61538719472d04a477b5ea33812c5b36,,gx-no-cache=1781558598095 HTTP/1.1" 200 4444
201.186.225.193 - - [15/Jun/2026:18:17:13 -0300] "POST /cormun/servlet/trlicencias?61538719472d04a477b5ea33812c5b36,,gx-no-cache=1781558624142 HTTP/1.1" 200 4444
201.186.225.193 - - [15/Jun/2026:18:17:27 -0300] "POST /cormun/servlet/trlicencias?61538719472d04a477b5ea33812c5b36,,gx-no-cache=1781558637759 HTTP/1.1" 200 4444
201.186.225.193 - - [15/Jun/2026:18:17:39 -0300] "POST /cormun/servlet/trlicencias?61538719472d04a477b5ea33812c5b36,,gx-no-cache=1781558649894 HTTP/1.1" 200 4443
201.186.225.193 - - [15/Jun/2026:18:17:50 -0300] "POST /cormun/servlet/trlicencias?61538719472d04a477b5ea33812c5b36,,gx-no-cache=1781558661510 HTTP/1.1" 200 4442
93.123.72.183 - - [15/Jun/2026:18:19:00 -0300] "GET /SDK/webLanguage HTTP/1.1" 404 991
201.186.225.193 - - [15/Jun/2026:18:19:09 -0300] "POST /cormun/servlet/trlicencias?61538719472d04a477b5ea33812c5b36,,gx-no-cache=1781558739678 HTTP/1.1" 200 4444
190.95.15.17 - - [15/Jun/2026:18:19:11 -0300] "GET /cormun/servlet/permisogoce?INS,0,,, HTTP/1.1" 200 7272
190.95.15.17 - - [15/Jun/2026:18:19:12 -0300] "GET /cormun/static/gxcfg.js?20201215124560 HTTP/1.1" 200 953
190.95.15.17 - - [15/Jun/2026:18:19:12 -0300] "GET /cormun/static/Resources/prompt.gif HTTP/1.1" 200 902
190.95.15.17 - - [15/Jun/2026:18:19:12 -0300] "GET /cormun/static/permisogoce.js?20201215124939 HTTP/1.1" 200 27790
201.186.225.193 - - [15/Jun/2026:18:19:21 -0300] "POST /cormun/servlet/trlicencias?61538719472d04a477b5ea33812c5b36,,gx-no-cache=1781558752070 HTTP/1.1" 200 4444
201.186.225.193 - - [15/Jun/2026:18:19:32 -0300] "POST /cormun/servlet/trlicencias?61538719472d04a477b5ea33812c5b36,,gx-no-cache=1781558763390 HTTP/1.1" 200 5678
201.186.225.193 - - [15/Jun/2026:18:19:44 -0300] "POST /cormun/servlet/trlicencias?61538719472d04a477b5ea33812c5b36,,gx-no-cache=1781558774806 HTTP/1.1" 200 4443
190.95.15.17 - - [15/Jun/2026:18:19:45 -0300] "GET /cormun/servlet/permisogoce?f381c3b52909b307835b4e70fc2a6dfb448950878bad5efa7480ffe3797cc695afa631e2897613c328bd527ec61473903f0bf61d3c287fbeeb89768643b4b119,gx-no-cache=1781559268039 HTTP/1.1" 200 86
190.95.15.17 - - [15/Jun/2026:18:20:01 -0300] "GET /cormun/servlet/permisogoce?f381c3b52909b307835b4e70fc2a6dfbb7c764930862b57e54ebc0df617b60c480176ea3aa3fc0d9d762214b860d3b9a3a97b1e394e383dc3497126c36855886,gx-no-cache=1781559283940 HTTP/1.1" 200 47
190.95.15.17 - - [15/Jun/2026:18:20:04 -0300] "POST /cormun/servlet/permisogoce?fc31e24791e9491fb22c8f28d1c99237,INS,0,,,,gx-no-cache=1781559286016 HTTP/1.1" 200 93
190.95.15.17 - - [15/Jun/2026:18:20:04 -0300] "GET /cormun/servlet/hpexe_return? HTTP/1.1" 200 1007
190.95.15.17 - - [15/Jun/2026:18:20:04 -0300] "GET /cormun/static/gxcfg.js?20221129846035 HTTP/1.1" 200 953
190.95.15.17 - - [15/Jun/2026:18:20:04 -0300] "GET /cormun/static/hpexe_return.js?20221129846037 HTTP/1.1" 200 1633
190.95.15.17 - - [15/Jun/2026:18:20:04 -0300] "GET /cormun/servlet/trpermisosgoce HTTP/1.1" 200 13019
201.186.225.193 - - [15/Jun/2026:18:20:42 -0300] "POST /cormun/servlet/trlicencias?61538719472d04a477b5ea33812c5b36,,gx-no-cache=1781558832982 HTTP/1.1" 200 5670
190.95.15.17 - - [15/Jun/2026:18:21:45 -0300] "GET /cormun/servlet/permisogoce?INS,0,,, HTTP/1.1" 200 7272
190.95.15.17 - - [15/Jun/2026:18:22:01 -0300] "GET /cormun/servlet/permisogoce?f381c3b52909b307835b4e70fc2a6dfbad615af3f19c71960dc0e1c98b9ef6a7afa631e2897613c328bd527ec61473903f0bf61d3c287fbeeb89768643b4b119,gx-no-cache=1781559403596 HTTP/1.1" 200 88
190.95.15.17 - - [15/Jun/2026:18:22:23 -0300] "GET /cormun/servlet/permisogoce?f381c3b52909b307835b4e70fc2a6dfbd294107796b48bf22b58a56cb6813061d47f8ef0eb822c7f7d8838d87616a9853a97b1e394e383dc3497126c36855886,gx-no-cache=1781559425972 HTTP/1.1" 200 48
190.95.15.17 - - [15/Jun/2026:18:22:26 -0300] "POST /cormun/servlet/permisogoce?fc31e24791e9491fb22c8f28d1c99237,INS,0,,,,gx-no-cache=1781559428673 HTTP/1.1" 200 93
190.95.15.17 - - [15/Jun/2026:18:22:26 -0300] "GET /cormun/servlet/hpexe_return? HTTP/1.1" 200 1007
190.95.15.17 - - [15/Jun/2026:18:22:26 -0300] "GET /cormun/servlet/trpermisosgoce HTTP/1.1" 200 13207
201.186.225.191 - - [15/Jun/2026:18:23:39 -0300] "GET /cormun/servlet/hlogin HTTP/1.1" 200 1721
201.186.225.191 - - [15/Jun/2026:18:23:42 -0300] "POST /cormun/servlet/hlogin?fa5865913dc0ce9666232754e161da48,gx-no-cache=1781559013444 HTTP/1.1" 200 90
201.186.225.191 - - [15/Jun/2026:18:23:42 -0300] "GET /cormun/servlet/hpexe_link HTTP/1.1" 200 949
201.186.225.191 - - [15/Jun/2026:18:23:42 -0300] "GET /cormun/servlet/hhome HTTP/1.1" 200 4225
201.186.225.191 - - [15/Jun/2026:18:23:47 -0300] "GET /cormun/servlet/trlicencias? HTTP/1.1" 200 11973
201.186.225.191 - - [15/Jun/2026:18:26:02 -0300] "GET /cormun/servlet/trlicencias? HTTP/1.1" 200 11980
66.249.65.70 - - [15/Jun/2026:18:34:16 -0300] "GET /robots.txt HTTP/1.1" 404 981
66.249.65.71 - - [15/Jun/2026:18:34:16 -0300] "GET /favicon.ico HTTP/1.1" 200 21630
201.186.225.191 - - [15/Jun/2026:18:34:28 -0300] "GET /cormun/servlet/trlicencias? HTTP/1.1" 200 11980
190.95.1.185 - - [15/Jun/2026:18:51:45 -0300] "GET /cormun/servlet/trpermisosgoce? HTTP/1.1" 200 6033
190.95.1.185 - - [15/Jun/2026:18:51:45 -0300] "GET /cormun/servlet/hlogin HTTP/1.1" 200 1739
66.132.172.197 - - [15/Jun/2026:18:51:50 -0300] "GET / HTTP/1.1" 200 11217
66.132.172.197 - - [15/Jun/2026:18:51:52 -0300] "PRI * HTTP/2.0" 505 -
66.132.172.197 - - [15/Jun/2026:18:51:55 -0300] "GET /favicon.ico HTTP/1.1" 200 21630
66.132.172.197 - - [15/Jun/2026:18:52:52 -0300] "GET /wiki HTTP/1.1" 404 969
122.222.101.180 - - [15/Jun/2026:18:54:51 -0300] "-" 400 -
167.94.146.49 - - [15/Jun/2026:19:07:34 -0300] "GET / HTTP/1.1" 200 11217
167.94.146.49 - - [15/Jun/2026:19:07:53 -0300] "GET / HTTP/1.1" 200 11217
167.94.146.49 - - [15/Jun/2026:19:07:53 -0300] "PRI * HTTP/2.0" 505 -
167.94.146.49 - - [15/Jun/2026:19:07:54 -0300] "GET /favicon.ico HTTP/1.1" 200 21630
167.94.146.49 - - [15/Jun/2026:19:07:57 -0300] "îêƒÈj¡tûÇ7°j̔ º³Ü_KgÍv¢ " 400 -
167.94.146.49 - - [15/Jun/2026:19:07:58 -0300] "GET /robots.txt HTTP/1.1" 404 981
31.59.160.12 - - [15/Jun/2026:19:26:33 -0300] "GET /SDK/webLanguage HTTP/1.1" 404 991
69.164.217.245 - - [15/Jun/2026:19:32:54 -0300] "-" 400 -
93.123.72.183 - - [15/Jun/2026:19:37:11 -0300] "GET /SDK/webLanguage HTTP/1.1" 404 991
45.79.181.251 - - [15/Jun/2026:19:44:02 -0300] "GET / HTTP/1.1" 200 11217
172.104.11.46 - - [15/Jun/2026:20:24:38 -0300] "GET / HTTP/1.1" 200 11217
98.98.9.61 - - [15/Jun/2026:20:25:56 -0300] "GET /cormun/servlet/hlogin HTTP/1.1" 200 1720
190.44.40.102 - - [15/Jun/2026:20:26:08 -0300] "GET /cormun/servlet/hlogin HTTP/1.1" 200 1717
190.44.40.102 - - [15/Jun/2026:20:26:08 -0300] "GET /cormun/servlet/hlogin HTTP/1.1" 200 1727
190.44.40.102 - - [15/Jun/2026:20:26:17 -0300] "POST /cormun/servlet/hlogin?a502cbd2a70ebd7f2f794d79908f0320,gx-no-cache=1781566351991 HTTP/1.1" 200 90
190.44.40.102 - - [15/Jun/2026:20:26:18 -0300] "GET /cormun/servlet/hpexe_link HTTP/1.1" 200 949
190.44.40.102 - - [15/Jun/2026:20:26:18 -0300] "GET /cormun/servlet/hhome HTTP/1.1" 200 4239
190.44.40.102 - - [15/Jun/2026:20:26:29 -0300] "GET /cormun/servlet/trlicencias? HTTP/1.1" 200 13171
31.59.160.12 - - [15/Jun/2026:22:05:20 -0300] "GET /SDK/webLanguage HTTP/1.1" 404 991
195.170.172.225 - - [15/Jun/2026:22:15:16 -0300] "ü Eօ©Á»HPä‚)èE&ª tÉpXØ®¡Ü4 Ù Ún_MÍÊáîª} F+җÀþù،?Íc–À,À0À+À/̨̩£Ÿ¢žÌªÀ¯À­À$À(À" 400 -
195.170.172.225 - - [15/Jun/2026:22:15:43 -0300] "-" 400 -
195.170.172.225 - - [15/Jun/2026:22:16:01 -0300] "GET / HTTP/1.1" 200 11217
195.170.172.225 - - [15/Jun/2026:22:16:06 -0300] "POST / HTTP/1.1" 200 11217
195.170.172.225 - - [15/Jun/2026:22:16:20 -0300] "POST / HTTP/1.1" 200 11217
195.170.172.225 - - [15/Jun/2026:22:16:24 -0300] "GET /WuEL HTTP/1.1" 404 969
195.170.172.225 - - [15/Jun/2026:22:16:40 -0300] "GET /a HTTP/1.1" 404 963
195.170.172.225 - - [15/Jun/2026:22:16:41 -0300] "GET /download/file.ext HTTP/1.1" 404 995
195.170.172.225 - - [15/Jun/2026:22:16:41 -0300] "GET /SiteLoader HTTP/1.1" 404 981
195.170.172.225 - - [15/Jun/2026:22:17:00 -0300] "GET /mPlayer HTTP/1.1" 404 975
195.170.172.225 - - [15/Jun/2026:22:17:02 -0300] "POST / HTTP/1.1" 200 11217
195.170.172.225 - - [15/Jun/2026:22:17:46 -0300] "GET / HTTP/1.1" 400 -
209.38.104.31 - - [15/Jun/2026:23:46:10 -0300] "GET / HTTP/1.1" 200 11217
209.38.104.31 - - [15/Jun/2026:23:46:10 -0300] "GET /favicon.ico HTTP/1.1" 200 21630
93.123.72.183 - - [15/Jun/2026:23:49:08 -0300] "GET /SDK/webLanguage HTTP/1.1" 404 991