190.95.1.183 - - [12/Jun/2026:09:49:57 -0300] "POST /cormun/servlet/solicitudot?gx-no-cache=1781268993187 HTTP/1.1" 200 1507
190.95.1.183 - - [12/Jun/2026:09:49:58 -0300] "POST /cormun/servlet/solicitudot?gx-no-cache=1781268993227 HTTP/1.1" 200 38
190.95.2.163 - - [12/Jun/2026:09:50:35 -0300] "GET /cormun/servlet/hlogin HTTP/1.1" 200 1719
190.95.1.183 - - [12/Jun/2026:09:50:37 -0300] "GET /cormun/servlet/solicitudot?ddff2380a9b483d858e1645d6c4ae97864ac639b5d0906de094a19addd65527d5315d9e3b40369846a39b9277dcf8255c36f5f16340558747fc534c4a382e3bef528d74e5603327aa828241ea927cf795170bc7f379b401f64f35862ef68b6e21b5a07d3b98cd83af79c36c05bff0c35,gx-no-cache=1781269032507 HTTP/1.1" 200 110
190.95.1.183 - - [12/Jun/2026:09:50:37 -0300] "POST /cormun/servlet/solicitudot?gx-no-cache=1781269032541 HTTP/1.1" 200 83
190.95.2.163 - - [12/Jun/2026:09:50:47 -0300] "POST /cormun/servlet/hlogin?38ecd30ee29b923c654c67840f9da5f5,gx-no-cache=1781269040988 HTTP/1.1" 200 90
190.95.2.163 - - [12/Jun/2026:09:50:47 -0300] "GET /cormun/servlet/hpexe_link HTTP/1.1" 200 949
190.95.2.163 - - [12/Jun/2026:09:50:47 -0300] "GET /cormun/servlet/hhome HTTP/1.1" 200 3997
190.95.1.183 - - [12/Jun/2026:09:50:48 -0300] "GET /cormun/servlet/solicitudot?ddff2380a9b483d858e1645d6c4ae9780f6b2783c666c11f547fbcde9c1c6d55af17a69396cd5aac84c333d3e114e812b7fa726ae89d2295a530309c1ba667993a4b5f36c13c59db30584e148c0b6b64c6251947482d83f3b37648538a1d3882aa382d000f83f78e2ab5083b98e1defe,gx-no-cache=1781269043930 HTTP/1.1" 200 29
190.95.1.183 - - [12/Jun/2026:09:50:48 -0300] "GET /cormun/static/menuarrow.gif HTTP/1.1" 404 1015
190.95.2.163 - - [12/Jun/2026:09:50:52 -0300] "GET /cormun/servlet/trpermisosgoce? HTTP/1.1" 200 14947
190.95.1.183 - - [12/Jun/2026:09:51:01 -0300] "GET /cormun/servlet/solicitudot?ddff2380a9b483d858e1645d6c4ae9786f666a8725be3d3cacec4a107ca5d23f8dbcf13c768169978c17adf55926b2dd,gx-no-cache=1781269056609 HTTP/1.1" 200 30
190.95.2.163 - - [12/Jun/2026:09:51:02 -0300] "GET /cormun/servlet/trpermisosadjuntos?16988200,20260602150408,P, HTTP/1.1" 200 6315
190.95.2.163 - - [12/Jun/2026:09:51:02 -0300] "GET /cormun/static/gxcfg.js?2020121641683 HTTP/1.1" 200 953
190.95.2.163 - - [12/Jun/2026:09:51:02 -0300] "GET /cormun/static/trpermisosadjuntos.js?2020121642996 HTTP/1.1" 200 20158
190.95.2.163 - - [12/Jun/2026:09:51:06 -0300] "GET /cormun/servlet/permisosadjuntos?INS,16988200,P,20260602150408,, HTTP/1.1" 200 5635
190.95.2.163 - - [12/Jun/2026:09:51:07 -0300] "GET /cormun/static/permisosadjuntos.js?20201215134285 HTTP/1.1" 200 8724
190.95.2.163 - - [12/Jun/2026:09:51:07 -0300] "GET /cormun/static/gxcfg.js?20201215134212 HTTP/1.1" 200 953
190.95.2.163 - - [12/Jun/2026:09:51:07 -0300] "GET /cormun/static/about:blank HTTP/1.1" 404 1011
190.95.1.183 - - [12/Jun/2026:09:51:12 -0300] "POST /cormun/servlet/solicitudot?gx-no-cache=1781269067849 HTTP/1.1" 200 30
190.95.1.183 - - [12/Jun/2026:09:51:22 -0300] "POST /cormun/servlet/solicitudot?98352ba31f1e4194f058d52494b99101,INS,0,0,false,,gx-no-cache=1781269077969 HTTP/1.1" 200 93
190.95.1.183 - - [12/Jun/2026:09:51:22 -0300] "GET /cormun/servlet/hpexe_return? HTTP/1.1" 200 1008
190.95.1.183 - - [12/Jun/2026:09:51:23 -0300] "GET /cormun/servlet/trsolicitudot HTTP/1.1" 200 8599
190.95.1.183 - - [12/Jun/2026:09:51:23 -0300] "GET /favicon.ico HTTP/1.1" 200 21630
190.95.1.183 - - [12/Jun/2026:09:51:26 -0300] "POST /cormun/servlet/trsolicitudot?98352ba31f1e4194f058d52494b99101,gx-no-cache=1781269082020 HTTP/1.1" 200 107
190.95.1.183 - - [12/Jun/2026:09:51:26 -0300] "GET /cormun/servlet/trsolicitudadjuntos?2026,23736, HTTP/1.1" 200 6087
190.95.1.183 - - [12/Jun/2026:09:51:30 -0300] "GET /cormun/servlet/solicitudotadjuntos?INS,2026,23736,,1, HTTP/1.1" 200 6034
190.95.1.183 - - [12/Jun/2026:09:51:30 -0300] "GET /cormun/static/gxcfg.js?202211298385187 HTTP/1.1" 200 953
190.95.1.183 - - [12/Jun/2026:09:51:30 -0300] "GET /cormun/static/solicitudotadjuntos.js?202211298385196 HTTP/1.1" 200 11771
190.95.1.183 - - [12/Jun/2026:09:51:30 -0300] "GET /cormun/static/about:blank HTTP/1.1" 404 1011
190.95.1.183 - - [12/Jun/2026:09:51:30 -0300] "GET /cormun/servlet/solicitudotadjuntos?ddff2380a9b483d858e1645d6c4ae97839fab50cdd95e5648b60ac5f442e5db75ccc3b2f4620c2d935d8446edb4383b4,gx-no-cache=1781269086099 HTTP/1.1" 200 30
190.95.1.183 - - [12/Jun/2026:09:51:30 -0300] "POST /cormun/servlet/solicitudotadjuntos?98352ba31f1e4194f058d52494b99101,INS,2026,23736,,1,,gx-no-cache=1781269086119 HTTP/1.1" 200 3867
190.95.1.183 - - [12/Jun/2026:09:51:34 -0300] "POST /cormun/servlet/solicitudotadjuntos?gx-no-cache=1781269089720 HTTP/1.1" 200 26
190.95.2.163 - - [12/Jun/2026:09:51:35 -0300] "POST /cormun/servlet/permisosadjuntos?38ecd30ee29b923c654c67840f9da5f5,INS,16988200,P,20260602150408,, HTTP/1.1" 200 116
190.95.2.163 - - [12/Jun/2026:09:51:35 -0300] "GET /cormun/servlet/hpexe_return? HTTP/1.1" 200 1036
190.95.2.163 - - [12/Jun/2026:09:51:35 -0300] "GET /cormun/servlet/trpermisosadjuntos?16988200,20260602150408,P, HTTP/1.1" 200 6772
190.95.1.183 - - [12/Jun/2026:09:51:41 -0300] "GET /cormun/servlet/solicitudotadjuntos?ddff2380a9b483d858e1645d6c4ae978fd3aa493561cef1be5f9ef24a1179150,gx-no-cache=1781269096342 HTTP/1.1" 200 30
190.95.1.183 - - [12/Jun/2026:09:51:41 -0300] "GET /cormun/servlet/solicitudotadjuntos?ddff2380a9b483d858e1645d6c4ae978fd3aa493561cef1be5f9ef24a1179150,gx-no-cache=1781269096355 HTTP/1.1" 200 30
190.95.1.183 - - [12/Jun/2026:09:51:41 -0300] "POST /cormun/servlet/solicitudotadjuntos?98352ba31f1e4194f058d52494b99101,INS,2026,23736,,1, HTTP/1.1" 200 116
190.95.1.183 - - [12/Jun/2026:09:51:41 -0300] "GET /cormun/servlet/hpexe_return? HTTP/1.1" 200 1025
190.95.1.183 - - [12/Jun/2026:09:51:41 -0300] "GET /cormun/servlet/trsolicitudadjuntos?2026,23736, HTTP/1.1" 200 9324
190.95.1.183 - - [12/Jun/2026:09:51:44 -0300] "GET /cormun/servlet/solicitudotadjuntos?INS,2026,23736,,1, HTTP/1.1" 200 6034
190.95.1.183 - - [12/Jun/2026:09:51:44 -0300] "GET /cormun/static/about:blank HTTP/1.1" 404 1011
190.95.1.183 - - [12/Jun/2026:09:51:44 -0300] "GET /cormun/servlet/solicitudotadjuntos?ddff2380a9b483d858e1645d6c4ae97839fab50cdd95e5648b60ac5f442e5db75ccc3b2f4620c2d935d8446edb4383b4,gx-no-cache=1781269099963 HTTP/1.1" 200 30
190.95.1.183 - - [12/Jun/2026:09:51:44 -0300] "POST /cormun/servlet/solicitudotadjuntos?98352ba31f1e4194f058d52494b99101,INS,2026,23736,,1,,gx-no-cache=1781269099983 HTTP/1.1" 200 3867
190.95.2.163 - - [12/Jun/2026:09:51:45 -0300] "GET /cormun/servlet/trpermisosgoce? HTTP/1.1" 200 14961
190.95.1.183 - - [12/Jun/2026:09:51:48 -0300] "POST /cormun/servlet/solicitudotadjuntos?gx-no-cache=1781269103430 HTTP/1.1" 200 26
190.95.2.163 - - [12/Jun/2026:09:51:53 -0300] "GET /cormun/servlet/trpermisosadjuntos?16988200,20260603090002,P, HTTP/1.1" 200 6316
190.95.2.163 - - [12/Jun/2026:09:51:56 -0300] "GET /cormun/servlet/permisosadjuntos?INS,16988200,P,20260603090002,, HTTP/1.1" 200 5635
190.95.2.163 - - [12/Jun/2026:09:51:56 -0300] "GET /cormun/static/about:blank HTTP/1.1" 404 1011
200.126.116.145 - - [12/Jun/2026:09:52:21 -0300] "GET /cormun/servlet/trlicencias? HTTP/1.1" 200 6050
200.126.116.145 - - [12/Jun/2026:09:52:21 -0300] "GET /cormun/servlet/hlogin HTTP/1.1" 200 1737
190.95.2.163 - - [12/Jun/2026:09:52:22 -0300] "POST /cormun/servlet/permisosadjuntos?38ecd30ee29b923c654c67840f9da5f5,INS,16988200,P,20260603090002,, HTTP/1.1" 200 116
190.95.2.163 - - [12/Jun/2026:09:52:22 -0300] "GET /cormun/servlet/hpexe_return? HTTP/1.1" 200 1035
190.95.2.163 - - [12/Jun/2026:09:52:22 -0300] "GET /cormun/servlet/trpermisosadjuntos?16988200,20260603090002,P, HTTP/1.1" 200 6772
190.95.2.163 - - [12/Jun/2026:09:52:27 -0300] "GET /cormun/servlet/trpermisosgoce? HTTP/1.1" 200 14961
190.95.2.163 - - [12/Jun/2026:09:52:34 -0300] "GET /cormun/static/menuarrow.gif HTTP/1.1" 404 1015
200.126.116.145 - - [12/Jun/2026:09:52:43 -0300] "POST /cormun/servlet/hlogin?e88d3e5daa7acdf9d611a4a43aa66e61,gx-no-cache=1781269159326 HTTP/1.1" 200 90
200.126.116.145 - - [12/Jun/2026:09:52:44 -0300] "GET /cormun/servlet/hpexe_link HTTP/1.1" 200 956
200.126.116.145 - - [12/Jun/2026:09:52:44 -0300] "GET /cormun/servlet/trlicencias HTTP/1.1" 200 15068
190.95.2.163 - - [12/Jun/2026:09:52:46 -0300] "POST /cormun/servlet/trpermisosgoce?38ecd30ee29b923c654c67840f9da5f5,,gx-no-cache=1781269159674 HTTP/1.1" 200 14244
190.95.2.163 - - [12/Jun/2026:09:52:53 -0300] "GET /cormun/servlet/trpermisosadjuntos?26578128,20260507093102,P, HTTP/1.1" 200 6315
200.126.116.145 - - [12/Jun/2026:09:52:57 -0300] "GET /cormun/servlet/trlicencias? HTTP/1.1" 200 15043
190.95.2.163 - - [12/Jun/2026:09:52:59 -0300] "GET /cormun/servlet/permisosadjuntos?INS,26578128,P,20260507093102,, HTTP/1.1" 200 5635
190.95.2.163 - - [12/Jun/2026:09:52:59 -0300] "GET /cormun/static/about:blank HTTP/1.1" 404 1011
190.95.2.163 - - [12/Jun/2026:09:53:13 -0300] "POST /cormun/servlet/permisosadjuntos?38ecd30ee29b923c654c67840f9da5f5,INS,26578128,P,20260507093102,, HTTP/1.1" 200 116
190.95.2.163 - - [12/Jun/2026:09:53:13 -0300] "GET /cormun/servlet/hpexe_return? HTTP/1.1" 200 1037
190.95.2.163 - - [12/Jun/2026:09:53:13 -0300] "GET /cormun/servlet/trpermisosadjuntos?26578128,20260507093102,P, HTTP/1.1" 200 6773
190.95.2.163 - - [12/Jun/2026:09:53:18 -0300] "GET /cormun/servlet/trpermisosgoce? HTTP/1.1" 200 16996
190.95.2.163 - - [12/Jun/2026:09:53:27 -0300] "GET /cormun/servlet/trpermisosadjuntos?19590668,20260609085311,P, HTTP/1.1" 200 6319
190.95.2.163 - - [12/Jun/2026:09:53:30 -0300] "GET /cormun/servlet/permisosadjuntos?INS,19590668,P,20260609085311,, HTTP/1.1" 200 5641
190.95.2.163 - - [12/Jun/2026:09:53:30 -0300] "GET /cormun/static/about:blank HTTP/1.1" 404 1011
190.95.1.183 - - [12/Jun/2026:09:53:32 -0300] "GET /cormun/servlet/solicitudotadjuntos?ddff2380a9b483d858e1645d6c4ae978fd3aa493561cef1be5f9ef24a1179150,gx-no-cache=1781269207863 HTTP/1.1" 200 30
190.95.1.183 - - [12/Jun/2026:09:53:32 -0300] "GET /cormun/servlet/solicitudotadjuntos?ddff2380a9b483d858e1645d6c4ae978fd3aa493561cef1be5f9ef24a1179150,gx-no-cache=1781269207887 HTTP/1.1" 200 30
190.95.1.183 - - [12/Jun/2026:09:53:32 -0300] "POST /cormun/servlet/solicitudotadjuntos?98352ba31f1e4194f058d52494b99101,INS,2026,23736,,1, HTTP/1.1" 200 116
190.95.1.183 - - [12/Jun/2026:09:53:32 -0300] "GET /cormun/servlet/hpexe_return? HTTP/1.1" 200 1025
190.95.1.183 - - [12/Jun/2026:09:53:32 -0300] "GET /cormun/servlet/trsolicitudadjuntos?2026,23736, HTTP/1.1" 200 9640
190.95.1.183 - - [12/Jun/2026:09:53:35 -0300] "GET /cormun/servlet/solicitudotadjuntos?INS,2026,23736,,1, HTTP/1.1" 200 6033
190.95.1.183 - - [12/Jun/2026:09:53:35 -0300] "GET /cormun/static/about:blank HTTP/1.1" 404 1011
190.95.1.183 - - [12/Jun/2026:09:53:35 -0300] "GET /cormun/servlet/solicitudotadjuntos?ddff2380a9b483d858e1645d6c4ae97839fab50cdd95e5648b60ac5f442e5db75ccc3b2f4620c2d935d8446edb4383b4,gx-no-cache=1781269210900 HTTP/1.1" 200 30
190.95.1.183 - - [12/Jun/2026:09:53:35 -0300] "POST /cormun/servlet/solicitudotadjuntos?98352ba31f1e4194f058d52494b99101,INS,2026,23736,,1,,gx-no-cache=1781269210914 HTTP/1.1" 200 3865
190.95.2.163 - - [12/Jun/2026:09:53:45 -0300] "POST /cormun/servlet/permisosadjuntos?38ecd30ee29b923c654c67840f9da5f5,INS,19590668,P,20260609085311,, HTTP/1.1" 200 116
190.95.2.163 - - [12/Jun/2026:09:53:45 -0300] "GET /cormun/servlet/hpexe_return? HTTP/1.1" 200 1036
190.95.2.163 - - [12/Jun/2026:09:53:45 -0300] "GET /cormun/servlet/trpermisosadjuntos?19590668,20260609085311,P, HTTP/1.1" 200 6775
190.95.2.163 - - [12/Jun/2026:09:53:52 -0300] "GET /cormun/servlet/trpermisosgoce? HTTP/1.1" 200 17004
190.95.1.183 - - [12/Jun/2026:09:53:59 -0300] "POST /cormun/servlet/solicitudotadjuntos?gx-no-cache=1781269234359 HTTP/1.1" 200 26
190.95.2.163 - - [12/Jun/2026:09:53:59 -0300] "POST /cormun/servlet/trpermisosgoce?38ecd30ee29b923c654c67840f9da5f5,,gx-no-cache=1781269232595 HTTP/1.1" 200 14268
190.95.2.163 - - [12/Jun/2026:09:53:59 -0300] "GET /cormun/static/Shared/jqueryui/images/ui-icons_82798d_256x240.png HTTP/1.1" 404 1089
190.95.2.163 - - [12/Jun/2026:09:53:59 -0300] "GET /cormun/static/Shared/jqueryui/images/ui-bg_highlight-soft_100_c6c2c8_1x100.png HTTP/1.1" 404 1117
190.95.2.163 - - [12/Jun/2026:09:53:59 -0300] "GET /cormun/static/Shared/jqueryui/images/ui-icons_8d78a5_256x240.png HTTP/1.1" 404 1089
190.95.2.163 - - [12/Jun/2026:09:53:59 -0300] "GET /cormun/static/Shared/jqueryui/images/ui-bg_flat_55_fafafa_40x100.png HTTP/1.1" 404 1097
190.95.2.163 - - [12/Jun/2026:09:54:09 -0300] "POST /cormun/servlet/trpermisosgoce?38ecd30ee29b923c654c67840f9da5f5,,gx-no-cache=1781269243051 HTTP/1.1" 200 14275
190.95.2.163 - - [12/Jun/2026:09:54:22 -0300] "POST /cormun/servlet/trpermisosgoce?38ecd30ee29b923c654c67840f9da5f5,,gx-no-cache=1781269255525 HTTP/1.1" 200 14274
190.95.1.183 - - [12/Jun/2026:09:54:29 -0300] "GET /cormun/servlet/solicitudotadjuntos?ddff2380a9b483d858e1645d6c4ae978fd3aa493561cef1be5f9ef24a1179150,gx-no-cache=1781269264583 HTTP/1.1" 200 30
190.95.1.183 - - [12/Jun/2026:09:54:29 -0300] "GET /cormun/servlet/solicitudotadjuntos?ddff2380a9b483d858e1645d6c4ae978fd3aa493561cef1be5f9ef24a1179150,gx-no-cache=1781269264606 HTTP/1.1" 200 30
190.95.1.183 - - [12/Jun/2026:09:54:29 -0300] "POST /cormun/servlet/solicitudotadjuntos?98352ba31f1e4194f058d52494b99101,INS,2026,23736,,1, HTTP/1.1" 200 116
190.95.1.183 - - [12/Jun/2026:09:54:29 -0300] "GET /cormun/servlet/hpexe_return? HTTP/1.1" 200 1025
190.95.1.183 - - [12/Jun/2026:09:54:29 -0300] "GET /cormun/servlet/trsolicitudadjuntos?2026,23736, HTTP/1.1" 200 9921
190.95.2.163 - - [12/Jun/2026:09:54:30 -0300] "POST /cormun/servlet/trpermisosgoce?38ecd30ee29b923c654c67840f9da5f5,,gx-no-cache=1781269264065 HTTP/1.1" 200 14266
190.95.1.183 - - [12/Jun/2026:09:54:31 -0300] "GET /cormun/servlet/solicitudotadjuntos?INS,2026,23736,,1, HTTP/1.1" 200 6034
190.95.1.183 - - [12/Jun/2026:09:54:31 -0300] "GET /cormun/static/about:blank HTTP/1.1" 404 1011
190.95.1.183 - - [12/Jun/2026:09:54:32 -0300] "GET /cormun/servlet/solicitudotadjuntos?ddff2380a9b483d858e1645d6c4ae97839fab50cdd95e5648b60ac5f442e5db75ccc3b2f4620c2d935d8446edb4383b4,gx-no-cache=1781269267425 HTTP/1.1" 200 30
190.95.1.183 - - [12/Jun/2026:09:54:32 -0300] "POST /cormun/servlet/solicitudotadjuntos?98352ba31f1e4194f058d52494b99101,INS,2026,23736,,1,,gx-no-cache=1781269267440 HTTP/1.1" 200 3866
190.95.1.183 - - [12/Jun/2026:09:54:36 -0300] "POST /cormun/servlet/solicitudotadjuntos?gx-no-cache=1781269271516 HTTP/1.1" 200 26
190.95.2.163 - - [12/Jun/2026:09:54:51 -0300] "GET /cormun/servlet/hlogin HTTP/1.1" 200 1719
190.95.1.183 - - [12/Jun/2026:09:54:55 -0300] "GET /cormun/servlet/solicitudotadjuntos?ddff2380a9b483d858e1645d6c4ae978fd3aa493561cef1be5f9ef24a1179150,gx-no-cache=1781269291116 HTTP/1.1" 200 30
190.95.1.183 - - [12/Jun/2026:09:54:55 -0300] "GET /cormun/servlet/solicitudotadjuntos?ddff2380a9b483d858e1645d6c4ae978fd3aa493561cef1be5f9ef24a1179150,gx-no-cache=1781269291127 HTTP/1.1" 200 30
190.95.1.183 - - [12/Jun/2026:09:54:56 -0300] "POST /cormun/servlet/solicitudotadjuntos?98352ba31f1e4194f058d52494b99101,INS,2026,23736,,1, HTTP/1.1" 200 116
190.95.1.183 - - [12/Jun/2026:09:54:56 -0300] "GET /cormun/servlet/hpexe_return? HTTP/1.1" 200 1025
190.95.1.183 - - [12/Jun/2026:09:54:56 -0300] "GET /cormun/servlet/trsolicitudadjuntos?2026,23736, HTTP/1.1" 200 10312
190.95.2.163 - - [12/Jun/2026:09:54:56 -0300] "POST /cormun/servlet/hlogin?38ecd30ee29b923c654c67840f9da5f5,gx-no-cache=1781269290210 HTTP/1.1" 200 90
190.95.2.163 - - [12/Jun/2026:09:54:56 -0300] "GET /cormun/servlet/hpexe_link HTTP/1.1" 200 949
190.95.2.163 - - [12/Jun/2026:09:54:56 -0300] "GET /cormun/servlet/hhome HTTP/1.1" 200 4197
190.95.2.163 - - [12/Jun/2026:09:54:56 -0300] "GET /cormun/static/SmoothNavMenu/resources/images/right.gif HTTP/1.1" 200 860
190.95.1.183 - - [12/Jun/2026:09:54:58 -0300] "GET /cormun/servlet/solicitudotadjuntos?INS,2026,23736,,1, HTTP/1.1" 200 6034
190.95.1.183 - - [12/Jun/2026:09:54:58 -0300] "GET /cormun/static/about:blank HTTP/1.1" 404 1011
190.95.1.183 - - [12/Jun/2026:09:54:59 -0300] "GET /cormun/servlet/solicitudotadjuntos?ddff2380a9b483d858e1645d6c4ae97839fab50cdd95e5648b60ac5f442e5db75ccc3b2f4620c2d935d8446edb4383b4,gx-no-cache=1781269294525 HTTP/1.1" 200 30
190.95.1.183 - - [12/Jun/2026:09:54:59 -0300] "POST /cormun/servlet/solicitudotadjuntos?98352ba31f1e4194f058d52494b99101,INS,2026,23736,,1,,gx-no-cache=1781269294541 HTTP/1.1" 200 3866
190.95.2.163 - - [12/Jun/2026:09:55:01 -0300] "GET /cormun/servlet/trautorizarpermisogoce? HTTP/1.1" 200 8363
190.95.2.163 - - [12/Jun/2026:09:55:02 -0300] "GET /cormun/static/gxcfg.js?2020121645532 HTTP/1.1" 200 953
190.95.2.163 - - [12/Jun/2026:09:55:02 -0300] "GET /cormun/static/trautorizarpermisogoce.js?2020121651492 HTTP/1.1" 200 34948
190.95.1.183 - - [12/Jun/2026:09:55:05 -0300] "POST /cormun/servlet/solicitudotadjuntos?gx-no-cache=1781269301244 HTTP/1.1" 200 26
190.95.1.183 - - [12/Jun/2026:09:55:11 -0300] "GET /cormun/servlet/solicitudotadjuntos?ddff2380a9b483d858e1645d6c4ae978fd3aa493561cef1be5f9ef24a1179150,gx-no-cache=1781269306994 HTTP/1.1" 200 30
190.95.1.183 - - [12/Jun/2026:09:55:11 -0300] "GET /cormun/servlet/solicitudotadjuntos?ddff2380a9b483d858e1645d6c4ae978fd3aa493561cef1be5f9ef24a1179150,gx-no-cache=1781269307006 HTTP/1.1" 200 30
190.95.1.183 - - [12/Jun/2026:09:55:11 -0300] "POST /cormun/servlet/solicitudotadjuntos?98352ba31f1e4194f058d52494b99101,INS,2026,23736,,1, HTTP/1.1" 200 116
190.95.1.183 - - [12/Jun/2026:09:55:11 -0300] "GET /cormun/servlet/hpexe_return? HTTP/1.1" 200 1025
190.95.1.183 - - [12/Jun/2026:09:55:11 -0300] "GET /cormun/servlet/trsolicitudadjuntos?2026,23736, HTTP/1.1" 200 10540
200.126.117.15 - - [12/Jun/2026:09:55:12 -0300] "GET /cormun/servlet/hlogin HTTP/1.1" 200 1720
200.126.117.15 - - [12/Jun/2026:09:55:12 -0300] "GET /cormun/static/gxtimezone.js?85251 HTTP/1.1" 200 5781
200.126.117.15 - - [12/Jun/2026:09:55:12 -0300] "GET /cormun/static/gxcfg.js?2022112219184450 HTTP/1.1" 200 953
200.126.117.15 - - [12/Jun/2026:09:55:12 -0300] "GET /cormun/static/Resources/CormunLogin.png HTTP/1.1" 200 19132
200.126.117.15 - - [12/Jun/2026:09:55:12 -0300] "GET /cormun/static/messages.spa.js?85251 HTTP/1.1" 200 30736
200.126.117.15 - - [12/Jun/2026:09:55:12 -0300] "GET /cormun/static/Resources/Spanish/PXTools.css?1759030 HTTP/1.1" 200 100853
200.126.117.15 - - [12/Jun/2026:09:55:12 -0300] "GET /cormun/static/hlogin.js?2022112219184458 HTTP/1.1" 200 2156
200.126.117.15 - - [12/Jun/2026:09:55:12 -0300] "GET /cormun/static/gxgral.js?85251 HTTP/1.1" 200 384558
200.126.117.15 - - [12/Jun/2026:09:55:12 -0300] "GET /cormun/static/Resources/PXToolsLoginBackground.png HTTP/1.1" 200 1164
200.126.117.15 - - [12/Jun/2026:09:55:12 -0300] "GET /cormun/static/Resources/PXToolsLoginTop.png HTTP/1.1" 200 1337
200.126.117.15 - - [12/Jun/2026:09:55:12 -0300] "GET /cormun/static/Resources/PXToolsButtonRight.png HTTP/1.1" 200 1294
200.126.117.15 - - [12/Jun/2026:09:55:12 -0300] "GET /cormun/static/Resources/PXToolsButtonBackground.png HTTP/1.1" 200 1176
200.126.117.15 - - [12/Jun/2026:09:55:12 -0300] "GET /cormun/static/Resources/PXToolsLoginBottom.png HTTP/1.1" 200 1389
200.126.117.15 - - [12/Jun/2026:09:55:12 -0300] "GET /cormun/static/Resources/PXToolsButtonLeft.png HTTP/1.1" 200 1310
200.126.117.15 - - [12/Jun/2026:09:55:12 -0300] "GET /cormun/static/Resources/indicator.gif HTTP/1.1" 200 1553
200.126.117.15 - - [12/Jun/2026:09:55:12 -0300] "GET /cormun/servlet/hlogin HTTP/1.1" 200 1731
200.126.117.15 - - [12/Jun/2026:09:55:12 -0300] "GET /favicon.ico HTTP/1.1" 200 21630
190.95.1.183 - - [12/Jun/2026:09:55:14 -0300] "GET /cormun/servlet/solicitudotadjuntos?INS,2026,23736,,1, HTTP/1.1" 200 6034
190.95.1.183 - - [12/Jun/2026:09:55:14 -0300] "GET /cormun/static/about:blank HTTP/1.1" 404 1011
190.95.1.183 - - [12/Jun/2026:09:55:14 -0300] "GET /cormun/servlet/solicitudotadjuntos?ddff2380a9b483d858e1645d6c4ae97839fab50cdd95e5648b60ac5f442e5db75ccc3b2f4620c2d935d8446edb4383b4,gx-no-cache=1781269309886 HTTP/1.1" 200 30
190.95.1.183 - - [12/Jun/2026:09:55:14 -0300] "POST /cormun/servlet/solicitudotadjuntos?98352ba31f1e4194f058d52494b99101,INS,2026,23736,,1,,gx-no-cache=1781269309903 HTTP/1.1" 200 3866
200.126.117.15 - - [12/Jun/2026:09:55:15 -0300] "POST /cormun/servlet/hlogin?951181fecd0f84ef2cfba09e3baf79f0,gx-no-cache=1781269310236 HTTP/1.1" 200 90
200.126.117.15 - - [12/Jun/2026:09:55:15 -0300] "GET /cormun/servlet/hpexe_link HTTP/1.1" 200 951
200.126.117.15 - - [12/Jun/2026:09:55:15 -0300] "GET /cormun/static/gxcfg.js?20221129847421 HTTP/1.1" 200 953
200.126.117.15 - - [12/Jun/2026:09:55:15 -0300] "GET /cormun/static/hpexe_link.js?20221129847423 HTTP/1.1" 200 625
200.126.117.15 - - [12/Jun/2026:09:55:15 -0300] "GET /cormun/static/Resources/Spanish/PXTools.css?8354383 HTTP/1.1" 200 100853
200.126.117.15 - - [12/Jun/2026:09:55:15 -0300] "GET /cormun/servlet/hhome HTTP/1.1" 200 4123
200.126.117.15 - - [12/Jun/2026:09:55:16 -0300] "GET /cormun/static/SmoothNavMenu/resources/ddsmoothmenu.css?1112540 HTTP/1.1" 200 2223
200.126.117.15 - - [12/Jun/2026:09:55:16 -0300] "GET /cormun/static/scaMessage/css/jquery.pnotify.default.css?1816380 HTTP/1.1" 200 1707
200.126.117.15 - - [12/Jun/2026:09:55:16 -0300] "GET /cormun/static/Shared/jqueryui/jquery-ui.min.css?1345370 HTTP/1.1" 200 30288
200.126.117.15 - - [12/Jun/2026:09:55:16 -0300] "GET /cormun/static/gxcfg.js?20201215495537 HTTP/1.1" 200 953
200.126.117.15 - - [12/Jun/2026:09:55:16 -0300] "GET /cormun/static/SmoothNavMenu/resources/ddsmoothmenu-v.css?1112540 HTTP/1.1" 200 1188
200.126.117.15 - - [12/Jun/2026:09:55:16 -0300] "GET /cormun/static/PXToolsJavascripts/pexe_autoreload.js HTTP/1.1" 200 1762
200.126.117.15 - - [12/Jun/2026:09:55:16 -0300] "GET /cormun/static/Resources/Spanish/PXTools.css?14345360 HTTP/1.1" 200 100853
200.126.117.15 - - [12/Jun/2026:09:55:16 -0300] "GET /cormun/static/PXToolsJavascripts/pexe_cookies.js HTTP/1.1" 200 792
200.126.117.15 - - [12/Jun/2026:09:55:16 -0300] "GET /cormun/static/PXToolsJavascripts/pexe_windows.js HTTP/1.1" 200 15249
200.126.117.15 - - [12/Jun/2026:09:55:16 -0300] "GET /cormun/static/PXToolsJavascripts/pexe_grid.js HTTP/1.1" 200 7559
200.126.117.15 - - [12/Jun/2026:09:55:16 -0300] "GET /cormun/static/PXToolsJavascripts/pexe_griddivfix.js HTTP/1.1" 200 6946
200.126.117.15 - - [12/Jun/2026:09:55:16 -0300] "GET /cormun/static/PXToolsJavascripts/pexe_link.js HTTP/1.1" 200 5671
200.126.117.15 - - [12/Jun/2026:09:55:16 -0300] "GET /cormun/static/PXToolsJavascripts/pexe_menudivfix.js HTTP/1.1" 200 333
200.126.117.15 - - [12/Jun/2026:09:55:16 -0300] "GET /cormun/static/PXToolsJavascripts/pexe_menus.js HTTP/1.1" 200 1286
200.126.117.15 - - [12/Jun/2026:09:55:16 -0300] "GET /cormun/static/PXToolsJavascripts/pexe_oav.js HTTP/1.1" 200 645
200.126.117.15 - - [12/Jun/2026:09:55:16 -0300] "GET /cormun/static/PXToolsJavascripts/pexe_layers.js HTTP/1.1" 200 4114
200.126.117.15 - - [12/Jun/2026:09:55:16 -0300] "GET /cormun/static/PXToolsJavascripts/pexe_oavdivfix.js HTTP/1.1" 200 639
200.126.117.15 - - [12/Jun/2026:09:55:16 -0300] "GET /cormun/static/PXToolsJavascripts/pexe_picture.js HTTP/1.1" 200 689
200.126.117.15 - - [12/Jun/2026:09:55:16 -0300] "GET /cormun/static/PXToolsJavascripts/pexe_popup.js HTTP/1.1" 200 15149
200.126.117.15 - - [12/Jun/2026:09:55:16 -0300] "GET /cormun/static/PXToolsJavascripts/pexe_scrolldiv.js HTTP/1.1" 200 4138
200.126.117.15 - - [12/Jun/2026:09:55:16 -0300] "GET /cormun/static/PXToolsJavascripts/pexe_tabdivfix.js HTTP/1.1" 200 898
200.126.117.15 - - [12/Jun/2026:09:55:16 -0300] "GET /cormun/static/PXToolsJavascripts/pexe_tabs.js HTTP/1.1" 200 3748
200.126.117.15 - - [12/Jun/2026:09:55:16 -0300] "GET /cormun/static/PXToolsJavascripts/pexe_upload.js HTTP/1.1" 200 1423
200.126.117.15 - - [12/Jun/2026:09:55:16 -0300] "GET /cormun/static/PXToolsJavascripts/PXToolsJavascriptsRender.js HTTP/1.1" 200 367
200.126.117.15 - - [12/Jun/2026:09:55:16 -0300] "GET /cormun/static/Resources/CormunMP2.png HTTP/1.1" 200 6878
200.126.117.15 - - [12/Jun/2026:09:55:16 -0300] "GET /cormun/static/Resources/ImgHome.png HTTP/1.1" 200 1364
200.126.117.15 - - [12/Jun/2026:09:55:16 -0300] "GET /cormun/static/Resources/ImgLogin.png HTTP/1.1" 200 1432
200.126.117.15 - - [12/Jun/2026:09:55:16 -0300] "GET /cormun/static/Resources/Llave.png HTTP/1.1" 200 1395
200.126.117.15 - - [12/Jun/2026:09:55:16 -0300] "GET /cormun/static/RunJS/RunJS.js HTTP/1.1" 200 288
200.126.117.15 - - [12/Jun/2026:09:55:16 -0300] "GET /cormun/static/Shared/ext/locale/ext-lang-en.js HTTP/1.1" 200 10940
200.126.117.15 - - [12/Jun/2026:09:55:16 -0300] "GET /cormun/static/Resources/PXToolsDataTitle.png HTTP/1.1" 200 1173
200.126.117.15 - - [12/Jun/2026:09:55:16 -0300] "GET /cormun/static/hhome.js?20201215495544 HTTP/1.1" 200 777
200.126.117.15 - - [12/Jun/2026:09:55:16 -0300] "GET /cormun/static/hwchdr01.js?2022112219251119 HTTP/1.1" 200 996
200.126.117.15 - - [12/Jun/2026:09:55:16 -0300] "GET /cormun/static/gxui/gxui-all.js HTTP/1.1" 200 107772
200.126.117.15 - - [12/Jun/2026:09:55:16 -0300] "GET /cormun/static/hpexe_recentlink.js?20201214471090 HTTP/1.1" 200 2144
200.126.117.15 - - [12/Jun/2026:09:55:16 -0300] "GET /cormun/static/hpexe_scripts.js?20201214471411 HTTP/1.1" 200 1544
200.126.117.15 - - [12/Jun/2026:09:55:16 -0300] "GET /cormun/static/hpexe_messagecontroller.js?202211298371222 HTTP/1.1" 200 870
200.126.117.15 - - [12/Jun/2026:09:55:16 -0300] "GET /cormun/static/hpexe_messagepopupcomponent.js?2020121447232 HTTP/1.1" 200 605
200.126.117.15 - - [12/Jun/2026:09:55:16 -0300] "GET /cormun/static/hpexe_messagegenexuscomponent.js?20221129836373 HTTP/1.1" 200 587
200.126.117.15 - - [12/Jun/2026:09:55:16 -0300] "GET /cormun/static/cmcontrolpreferences.js?20199141926336 HTTP/1.1" 200 1375
200.126.117.15 - - [12/Jun/2026:09:55:16 -0300] "GET /cormun/static/Shared/jquery/jquery-1.4.2.min.js HTTP/1.1" 200 72174
200.126.117.15 - - [12/Jun/2026:09:55:16 -0300] "GET /cormun/static/SmoothNavMenu/resources/ddsmoothmenu.js HTTP/1.1" 200 12712
200.126.117.15 - - [12/Jun/2026:09:55:16 -0300] "GET /cormun/static/SmoothNavMenu/resources/SmoothNavMenuRender.js HTTP/1.1" 200 5951
200.126.117.15 - - [12/Jun/2026:09:55:16 -0300] "GET /cormun/static/scaMessage/js/jquery.pnotify.min.js HTTP/1.1" 200 13038
200.126.117.15 - - [12/Jun/2026:09:55:16 -0300] "GET /cormun/static/scaMessage/scaMessageRender.js HTTP/1.1" 200 11977
200.126.117.15 - - [12/Jun/2026:09:55:16 -0300] "GET /cormun/static/hmpwkw03.js?20221129844354 HTTP/1.1" 200 3971
200.126.117.15 - - [12/Jun/2026:09:55:16 -0300] "GET /cormun/static/Shared/jqueryui/jquery-ui.min.js HTTP/1.1" 200 240427
200.126.117.15 - - [12/Jun/2026:09:55:16 -0300] "GET /cormun/static/Shared/ext/ext-all.js HTTP/1.1" 200 1289687
200.126.117.15 - - [12/Jun/2026:09:55:16 -0300] "GET /cormun/static/Shared/jquery/jquery-1.10.2.min.js HTTP/1.1" 200 273199
200.126.117.15 - - [12/Jun/2026:09:55:16 -0300] "GET /cormun/static/SmoothNavMenu/resources/images/down.gif HTTP/1.1" 200 854
200.126.117.15 - - [12/Jun/2026:09:55:16 -0300] "GET /cormun/static/SmoothNavMenu/resources/images/right.gif HTTP/1.1" 200 860
190.95.1.183 - - [12/Jun/2026:09:55:17 -0300] "POST /cormun/servlet/solicitudotadjuntos?gx-no-cache=1781269312724 HTTP/1.1" 200 26
190.95.2.163 - - [12/Jun/2026:09:55:18 -0300] "POST /cormun/servlet/trautorizarpermisogoce?38ecd30ee29b923c654c67840f9da5f5,,gx-no-cache=1781269311721 HTTP/1.1" 200 5569
190.95.2.163 - - [12/Jun/2026:09:55:18 -0300] "GET /cormun/static/Shared/jqueryui/images/ui-bg_highlight-soft_100_c6c2c8_1x100.png HTTP/1.1" 404 1117
190.95.2.163 - - [12/Jun/2026:09:55:18 -0300] "GET /cormun/static/Shared/jqueryui/images/ui-icons_82798d_256x240.png HTTP/1.1" 404 1089
190.95.2.163 - - [12/Jun/2026:09:55:18 -0300] "GET /cormun/static/Shared/jqueryui/images/ui-icons_8d78a5_256x240.png HTTP/1.1" 404 1089
190.95.2.163 - - [12/Jun/2026:09:55:18 -0300] "GET /cormun/static/Shared/jqueryui/images/ui-bg_flat_55_fafafa_40x100.png HTTP/1.1" 404 1097
190.95.2.163 - - [12/Jun/2026:09:55:19 -0300] "POST /cormun/servlet/trautorizarpermisogoce?38ecd30ee29b923c654c67840f9da5f5,,gx-no-cache=1781269312763 HTTP/1.1" 200 5284
190.95.2.163 - - [12/Jun/2026:09:55:20 -0300] "POST /cormun/servlet/trautorizarpermisogoce?38ecd30ee29b923c654c67840f9da5f5,,gx-no-cache=1781269313780 HTTP/1.1" 200 4530
200.126.117.15 - - [12/Jun/2026:09:55:22 -0300] "GET /cormun/servlet/trlicencias? HTTP/1.1" 200 11124
200.126.117.15 - - [12/Jun/2026:09:55:22 -0300] "GET /cormun/static/calendar-system.css?85620 HTTP/1.1" 200 5572
200.126.117.15 - - [12/Jun/2026:09:55:22 -0300] "GET /cormun/static/gxui/gxui-all.css?120300 HTTP/1.1" 200 2179
200.126.117.15 - - [12/Jun/2026:09:55:22 -0300] "GET /cormun/static/calendar.js?85251 HTTP/1.1" 200 26246
200.126.117.15 - - [12/Jun/2026:09:55:22 -0300] "GET /cormun/static/calendar-setup.js?85251 HTTP/1.1" 200 2588
200.126.117.15 - - [12/Jun/2026:09:55:22 -0300] "GET /cormun/static/gxcfg.js?202211298463625 HTTP/1.1" 200 953
200.126.117.15 - - [12/Jun/2026:09:55:22 -0300] "GET /cormun/static/calendar-es.js?85251 HTTP/1.1" 200 1901
200.126.117.15 - - [12/Jun/2026:09:55:22 -0300] "GET /cormun/static/Resources/PXTools/calendar.png HTTP/1.1" 200 1306
200.126.117.15 - - [12/Jun/2026:09:55:22 -0300] "GET /cormun/static/gxdec.js?85251 HTTP/1.1" 200 19579
200.126.117.15 - - [12/Jun/2026:09:55:22 -0300] "GET /cormun/static/trlicencias.js?202211298463889 HTTP/1.1" 200 41883
200.126.117.15 - - [12/Jun/2026:09:55:22 -0300] "GET /cormun/static/Resources/PXToolsDataSearch.png HTTP/1.1" 200 435
200.126.117.15 - - [12/Jun/2026:09:55:22 -0300] "GET /cormun/static/Resources/PXToolsGridFirstDisabled.gif HTTP/1.1" 200 100
200.126.117.15 - - [12/Jun/2026:09:55:22 -0300] "GET /cormun/static/Resources/PXToolsGridPreviousDisabled.gif HTTP/1.1" 200 90
200.126.117.15 - - [12/Jun/2026:09:55:22 -0300] "GET /cormun/static/Resources/PXToolsGridNextDisabled.gif HTTP/1.1" 200 90
200.126.117.15 - - [12/Jun/2026:09:55:22 -0300] "GET /cormun/static/Resources/PXToolsGridLastDisabled.gif HTTP/1.1" 200 98
200.126.117.15 - - [12/Jun/2026:09:55:22 -0300] "GET /cormun/static/Resources/PXToolsGridPage.gif HTTP/1.1" 200 725
200.126.117.15 - - [12/Jun/2026:09:55:22 -0300] "GET /cormun/static/Resources/PXToolsActionExcel.png HTTP/1.1" 200 727
200.126.117.15 - - [12/Jun/2026:09:55:22 -0300] "GET /cormun/static/Resources/PXToolsAddAllAction.png HTTP/1.1" 200 495
200.126.117.15 - - [12/Jun/2026:09:55:22 -0300] "GET /cormun/static/Shared/ext/resources/css/ext-all.css?215870 HTTP/1.1" 200 416045
200.126.117.15 - - [12/Jun/2026:09:55:22 -0300] "GET /cormun//static/Resources/PXToolsGridDisplay.png HTTP/1.1" 200 525
200.126.117.15 - - [12/Jun/2026:09:55:22 -0300] "GET /cormun//static/Resources/PXTools/ActionInsert.png HTTP/1.1" 200 1482
200.126.117.15 - - [12/Jun/2026:09:55:22 -0300] "GET /cormun//static/Resources/PXToolsActionPrint.png HTTP/1.1" 200 404
200.126.117.15 - - [12/Jun/2026:09:55:22 -0300] "GET /cormun/static/Resources/asc.gif HTTP/1.1" 200 67
200.126.117.15 - - [12/Jun/2026:09:55:22 -0300] "GET /cormun//static/Resources/PXToolsActionDisabled.gif HTTP/1.1" 200 53
200.126.117.15 - - [12/Jun/2026:09:55:22 -0300] "GET /cormun/static/Resources/desc.gif HTTP/1.1" 200 65
200.126.117.15 - - [12/Jun/2026:09:55:22 -0300] "GET /cormun//static/Resources/PXToolsHeaderHelp.png HTTP/1.1" 200 1333
200.126.117.15 - - [12/Jun/2026:09:55:22 -0300] "GET /cormun//static/Resources/PXToolsHeaderFavorites.png HTTP/1.1" 200 1414
200.126.117.15 - - [12/Jun/2026:09:55:22 -0300] "GET /cormun/static/Shared/ext/resources/themes/images/default/panel/bg-headersPanel.png HTTP/1.1" 200 255
200.126.117.15 - - [12/Jun/2026:09:55:22 -0300] "GET /cormun/static/Shared/ext/resources/themes/images/default/tools/tool-sprites.gif HTTP/1.1" 200 5434
190.95.1.183 - - [12/Jun/2026:09:55:27 -0300] "GET /cormun/servlet/solicitudotadjuntos?ddff2380a9b483d858e1645d6c4ae978fd3aa493561cef1be5f9ef24a1179150,gx-no-cache=1781269322572 HTTP/1.1" 200 30
190.95.1.183 - - [12/Jun/2026:09:55:27 -0300] "GET /cormun/servlet/solicitudotadjuntos?ddff2380a9b483d858e1645d6c4ae978fd3aa493561cef1be5f9ef24a1179150,gx-no-cache=1781269322585 HTTP/1.1" 200 30
190.95.1.183 - - [12/Jun/2026:09:55:27 -0300] "POST /cormun/servlet/solicitudotadjuntos?98352ba31f1e4194f058d52494b99101,INS,2026,23736,,1, HTTP/1.1" 200 116
190.95.1.183 - - [12/Jun/2026:09:55:27 -0300] "GET /cormun/servlet/hpexe_return? HTTP/1.1" 200 1025
190.95.1.183 - - [12/Jun/2026:09:55:27 -0300] "GET /cormun/servlet/trsolicitudadjuntos?2026,23736, HTTP/1.1" 200 10786
190.95.1.183 - - [12/Jun/2026:09:55:32 -0300] "POST /cormun/servlet/trsolicitudadjuntos?98352ba31f1e4194f058d52494b99101,2026,23736,,gx-no-cache=1781269328090 HTTP/1.1" 200 90
190.95.1.183 - - [12/Jun/2026:09:55:32 -0300] "GET /cormun/servlet/hpexe_link HTTP/1.1" 200 968
190.95.1.183 - - [12/Jun/2026:09:55:32 -0300] "GET /cormun/servlet/trsolicitudot HTTP/1.1" 200 8596
190.95.2.163 - - [12/Jun/2026:09:55:39 -0300] "GET /cormun/servlet/hlogin HTTP/1.1" 200 1719
190.95.2.163 - - [12/Jun/2026:09:55:44 -0300] "POST /cormun/servlet/hlogin?38ecd30ee29b923c654c67840f9da5f5,gx-no-cache=1781269338493 HTTP/1.1" 200 90
190.95.2.163 - - [12/Jun/2026:09:55:44 -0300] "GET /cormun/servlet/hpexe_link HTTP/1.1" 200 949
190.95.2.163 - - [12/Jun/2026:09:55:45 -0300] "GET /cormun/servlet/hhome HTTP/1.1" 200 3997
190.95.2.163 - - [12/Jun/2026:09:55:49 -0300] "GET /cormun/servlet/trpermisosgoce? HTTP/1.1" 200 16971
190.95.1.183 - - [12/Jun/2026:09:55:51 -0300] "POST /cormun/servlet/trsolicitudot?98352ba31f1e4194f058d52494b99101,gx-no-cache=1781269347002 HTTP/1.1" 200 4564
190.95.1.183 - - [12/Jun/2026:09:55:51 -0300] "GET /cormun/static/Shared/jqueryui/images/ui-bg_highlight-soft_100_c6c2c8_1x100.png HTTP/1.1" 404 1117
190.95.1.183 - - [12/Jun/2026:09:55:51 -0300] "GET /cormun/static/Shared/jqueryui/images/ui-icons_82798d_256x240.png HTTP/1.1" 404 1089
190.95.1.183 - - [12/Jun/2026:09:55:51 -0300] "GET /cormun/static/Shared/jqueryui/images/ui-icons_8d78a5_256x240.png HTTP/1.1" 404 1089
190.95.1.183 - - [12/Jun/2026:09:55:51 -0300] "GET /cormun/static/Shared/jqueryui/images/ui-bg_flat_55_fafafa_40x100.png HTTP/1.1" 404 1097
190.95.1.183 - - [12/Jun/2026:09:55:51 -0300] "POST /cormun/servlet/trsolicitudot?98352ba31f1e4194f058d52494b99101,gx-no-cache=1781269347114 HTTP/1.1" 200 4326
190.95.2.163 - - [12/Jun/2026:09:56:09 -0300] "GET /cormun/servlet/hlogin HTTP/1.1" 200 1719
190.95.2.163 - - [12/Jun/2026:09:56:18 -0300] "POST /cormun/servlet/hlogin?38ecd30ee29b923c654c67840f9da5f5,gx-no-cache=1781269371649 HTTP/1.1" 200 90
190.95.2.163 - - [12/Jun/2026:09:56:18 -0300] "GET /cormun/servlet/hpexe_link HTTP/1.1" 200 949
190.95.2.163 - - [12/Jun/2026:09:56:18 -0300] "GET /cormun/servlet/hhome HTTP/1.1" 200 4197
190.95.2.163 - - [12/Jun/2026:09:56:24 -0300] "GET /cormun/servlet/trautorizarpermisogoce? HTTP/1.1" 200 7030
190.95.2.163 - - [12/Jun/2026:09:56:28 -0300] "GET /cormun/static/menuarrow.gif HTTP/1.1" 404 1015
190.95.2.163 - - [12/Jun/2026:09:56:32 -0300] "POST /cormun/servlet/trautorizarpermisogoce?38ecd30ee29b923c654c67840f9da5f5,,gx-no-cache=1781269386385 HTTP/1.1" 200 5243
190.95.15.9 - - [12/Jun/2026:09:56:33 -0300] "GET /cormun/servlet/hlogin HTTP/1.1" 200 1725
190.95.2.163 - - [12/Jun/2026:09:56:35 -0300] "POST /cormun/servlet/trautorizarpermisogoce?38ecd30ee29b923c654c67840f9da5f5,,gx-no-cache=1781269388530 HTTP/1.1" 200 4519
190.95.2.163 - - [12/Jun/2026:09:56:35 -0300] "GET /cormun/static/Shared/jqueryui/images/ui-bg_highlight-soft_100_c6c2c8_1x100.png HTTP/1.1" 404 1117
190.95.2.163 - - [12/Jun/2026:09:56:35 -0300] "GET /cormun/static/Shared/jqueryui/images/ui-icons_82798d_256x240.png HTTP/1.1" 404 1089
190.95.2.163 - - [12/Jun/2026:09:56:35 -0300] "GET /cormun/static/Shared/jqueryui/images/ui-bg_flat_55_fafafa_40x100.png HTTP/1.1" 404 1097
190.95.2.163 - - [12/Jun/2026:09:56:35 -0300] "GET /cormun/static/Shared/jqueryui/images/ui-icons_8d78a5_256x240.png HTTP/1.1" 404 1089
190.95.15.9 - - [12/Jun/2026:09:56:42 -0300] "POST /cormun/servlet/hlogin?d1cc1c04f22020f945e37a34432ef383,gx-no-cache=1781269397577 HTTP/1.1" 200 90
190.95.15.9 - - [12/Jun/2026:09:56:42 -0300] "GET /cormun/servlet/hpexe_link HTTP/1.1" 200 953
190.95.15.9 - - [12/Jun/2026:09:56:43 -0300] "GET /cormun/servlet/hhome HTTP/1.1" 200 4304
93.123.72.183 - - [12/Jun/2026:09:56:51 -0300] "GET /SDK/webLanguage HTTP/1.1" 404 991
190.95.15.9 - - [12/Jun/2026:09:57:00 -0300] "GET /cormun/servlet/trsolicitudot? HTTP/1.1" 200 7522
190.95.15.9 - - [12/Jun/2026:09:57:15 -0300] "GET /cormun/static/menuarrow.gif HTTP/1.1" 404 1015
190.95.15.9 - - [12/Jun/2026:09:57:23 -0300] "POST /cormun/servlet/trsolicitudot?d1cc1c04f22020f945e37a34432ef383,,gx-no-cache=1781269438218 HTTP/1.1" 200 4634
190.95.15.9 - - [12/Jun/2026:09:57:27 -0300] "POST /cormun/servlet/trsolicitudot?d1cc1c04f22020f945e37a34432ef383,,gx-no-cache=1781269442137 HTTP/1.1" 200 9990
190.95.15.9 - - [12/Jun/2026:09:59:02 -0300] "GET /cormun/servlet/trsolicitudot? HTTP/1.1" 200 12821
190.95.15.9 - - [12/Jun/2026:09:59:05 -0300] "GET /cormun/servlet/solicitudot?INS,0,0,false, HTTP/1.1" 200 16376
190.95.67.99 - - [12/Jun/2026:10:00:15 -0300] "GET /cormun/servlet/trpermisosgoce? HTTP/1.1" 200 6029
190.95.67.99 - - [12/Jun/2026:10:00:18 -0300] "GET /cormun/servlet/hlogin HTTP/1.1" 200 1739
190.95.15.23 - - [12/Jun/2026:10:01:19 -0300] "GET /cormun/servlet/hlogin HTTP/1.1" 200 1723
190.95.15.23 - - [12/Jun/2026:10:01:23 -0300] "POST /cormun/servlet/hlogin?4eb5fb2ee1c7468f3e341c179869b3be,gx-no-cache=1781269679638 HTTP/1.1" 200 90
190.95.15.23 - - [12/Jun/2026:10:01:23 -0300] "GET /cormun/servlet/hpexe_link HTTP/1.1" 200 959
190.95.15.23 - - [12/Jun/2026:10:01:24 -0300] "GET /cormun/servlet/trlicencias HTTP/1.1" 200 13170
190.95.15.9 - - [12/Jun/2026:10:01:48 -0300] "POST /cormun/servlet/solicitudot?gx-no-cache=1781269703512 HTTP/1.1" 200 4146
190.95.15.9 - - [12/Jun/2026:10:01:48 -0300] "POST /cormun/servlet/solicitudot?d1cc1c04f22020f945e37a34432ef383,INS,0,0,false,,gx-no-cache=1781269703643 HTTP/1.1" 200 13013
190.95.15.9 - - [12/Jun/2026:10:01:54 -0300] "GET /cormun/servlet/solicitudot?d516a440358e8d52848f330df09039ab3fe27b73abfd2cd7a5bc33728caf03e9f30608ab17c7edc54f21e8273d4dd4a5,gx-no-cache=1781269709442 HTTP/1.1" 200 30
190.95.15.9 - - [12/Jun/2026:10:05:08 -0300] "GET /cormun/servlet/prbanco?,MD,,gxPopupLevel%3D0%3B HTTP/1.1" 200 6697
190.95.15.9 - - [12/Jun/2026:10:05:15 -0300] "GET /cormun/servlet/solicitudot?d516a440358e8d52848f330df09039ab922e3c4b2bdffaf3ebd965845fe817c5636fe4e0a78bed4947db0b69ec8df7f987d8f6044c46421eaaf3776ed77e3adb,gx-no-cache=1781269910250 HTTP/1.1" 200 30
190.95.15.9 - - [12/Jun/2026:10:05:16 -0300] "GET /cormun/servlet/solicitudot?d516a440358e8d52848f330df09039abd029589af2f504584f982a95113af230,gx-no-cache=1781269911570 HTTP/1.1" 200 53
190.95.15.9 - - [12/Jun/2026:10:05:26 -0300] "POST /cormun/servlet/solicitudot?gx-no-cache=1781269921923 HTTP/1.1" 200 240
190.95.15.9 - - [12/Jun/2026:10:05:26 -0300] "GET /cormun/servlet/solicitudot?d516a440358e8d52848f330df09039ab344620bb52bfd3562207f4cf96cc3dbde541b902fc559f0838ee90d5d2ec441f5032c13789bd9937423f97344b46b476717d00223c39e6e2c5af90df37753294f6179195ce33685214184467f516fed470ae5437654a2be2ee552dca9ce6a3e8ac7a872f9e1fc63933f4466964bc7e9ef3d34df0c0b3ef30a3f7dd9d42d7ef30f2e1ac0c927ec44aa879773f6f264bc4b6c12cf532cf8b924125c134b76184be473bbbc65356445477247dacbf0be1e82aca780b99016e74f3e53ca0a02cc458ce768ff1170790e3c6ad996383cc297b9a32b18f3296bda50d52e97dacc84d8a848fa072d4339d1c4987a0d59f7fcc6ba230160626843b62242038f7e6b24d1d9bda5bd33f28fef49c8c04df6ca9480bef4c500ae21f897914ddfb92a2c070d73aa4597a9b8d2cbb9f6494379ffb9120e90975f5a779a41141d8e55a9b8e78203f01ef15ffb377506f21951ea398809ee2b9c86cf4e24720a8f81e0192db0c3e43b62a18d6b89a0c15b616050c5c2460,gx-no-cache=1781269921955 HTTP/1.1" 200 30
190.95.15.9 - - [12/Jun/2026:10:05:29 -0300] "POST /cormun/servlet/solicitudot?gx-no-cache=1781269924289 HTTP/1.1" 200 30
190.95.15.9 - - [12/Jun/2026:10:06:23 -0300] "GET /cormun/servlet/prlicenciaspermisos?10627923,L,,MD,,gxPopupLevel%3D0%3B HTTP/1.1" 200 6459
190.95.15.9 - - [12/Jun/2026:10:06:23 -0300] "GET /cormun/static/gxcfg.js?2020121559567 HTTP/1.1" 200 953
190.95.15.9 - - [12/Jun/2026:10:06:23 -0300] "GET /cormun/static/prlicenciaspermisos.js?2020121559821 HTTP/1.1" 200 13379
190.95.15.9 - - [12/Jun/2026:10:06:26 -0300] "POST /cormun/servlet/solicitudot?gx-no-cache=1781269981850 HTTP/1.1" 200 1508
190.95.15.9 - - [12/Jun/2026:10:06:34 -0300] "POST /cormun/servlet/solicitudot?gx-no-cache=1781269989098 HTTP/1.1" 200 41
190.95.15.9 - - [12/Jun/2026:10:06:34 -0300] "GET /cormun/servlet/solicitudot?d516a440358e8d52848f330df09039ab1e9ce34c3d819f3fa1b563b93d8977febdfc31354c8ae24608c47f17f39dec34f34e5ca4f630c75882969db6cb9e350f8731a9479d6fde3de3b8c4dff64e398b5e93abc18cfea3ef11d414a5f82303f84d853a1f0e5e584bf2a6a3723f833cd9,gx-no-cache=1781269989123 HTTP/1.1" 200 110
190.95.15.9 - - [12/Jun/2026:10:06:34 -0300] "POST /cormun/servlet/solicitudot?gx-no-cache=1781269989144 HTTP/1.1" 200 79
190.95.15.9 - - [12/Jun/2026:10:06:38 -0300] "GET /cormun/servlet/solicitudot?d516a440358e8d52848f330df09039ab37754b4427d4ff9dc69e6d11782725e7076e04ef44972830810c22172c282d70dee5e86c8e489883b20cd4323c74083071df65e468dca486276b6913d89299dd49698a5be7794998dad9d0133780f48587231d97e94e3da9c9e9843c6b32bf9d,gx-no-cache=1781269993496 HTTP/1.1" 200 29
190.95.15.9 - - [12/Jun/2026:10:07:04 -0300] "GET /cormun/servlet/solicitudot?d516a440358e8d52848f330df09039abdaf582882f57585c16746e02a800012fd67d88ee3744b2e3c171479cf0765934,gx-no-cache=1781270019818 HTTP/1.1" 200 30
190.95.15.9 - - [12/Jun/2026:10:07:04 -0300] "POST /cormun/servlet/solicitudot?gx-no-cache=1781270019850 HTTP/1.1" 200 34
190.95.15.9 - - [12/Jun/2026:10:07:14 -0300] "GET /cormun/servlet/prlicenciaspermisos?10627923,L,,MD,,gxPopupLevel%3D0%3B HTTP/1.1" 200 6459
190.95.15.9 - - [12/Jun/2026:10:07:20 -0300] "GET /cormun/servlet/solicitudot?d516a440358e8d52848f330df09039ab1e9ce34c3d819f3fa1b563b93d8977febdfc31354c8ae24608c47f17f39dec34f34e5ca4f630c75882969db6cb9e350f8731a9479d6fde3de3b8c4dff64e398b5e93abc18cfea3ef11d414a5f82303f84d853a1f0e5e584bf2a6a3723f833cd9,gx-no-cache=1781270036001 HTTP/1.1" 200 110
190.95.15.9 - - [12/Jun/2026:10:07:21 -0300] "GET /cormun/servlet/solicitudot?d516a440358e8d52848f330df09039abdaf582882f57585c16746e02a800012fed5baffde22d1753af86ffe59c3a9ba6,gx-no-cache=1781270036022 HTTP/1.1" 200 30
190.95.15.9 - - [12/Jun/2026:10:07:23 -0300] "GET /cormun/servlet/solicitudot?d516a440358e8d52848f330df09039ab1e9ce34c3d819f3fa1b563b93d8977febdfc31354c8ae24608c47f17f39dec34f34e5ca4f630c75882969db6cb9e350f8731a9479d6fde3de3b8c4dff64e398b5e93abc18cfea3ef11d414a5f82303f84d853a1f0e5e584bf2a6a3723f833cd9,gx-no-cache=1781270038746 HTTP/1.1" 200 110
190.95.15.9 - - [12/Jun/2026:10:07:29 -0300] "POST /cormun/servlet/solicitudot?gx-no-cache=1781270044184 HTTP/1.1" 200 120
190.95.15.9 - - [12/Jun/2026:10:07:29 -0300] "GET /cormun/static/Shared/jqueryui/images/ui-bg_flat_55_994d53_40x100.png HTTP/1.1" 404 1097
190.95.15.9 - - [12/Jun/2026:10:07:29 -0300] "GET /cormun/static/Shared/jqueryui/images/ui-icons_ebccce_256x240.png HTTP/1.1" 404 1089
190.95.15.9 - - [12/Jun/2026:10:07:29 -0300] "GET /cormun/static/Shared/jqueryui/images/ui-icons_82798d_256x240.png HTTP/1.1" 404 1089
190.95.15.9 - - [12/Jun/2026:10:07:29 -0300] "GET /cormun/static/Shared/jqueryui/images/ui-bg_highlight-soft_100_c6c2c8_1x100.png HTTP/1.1" 404 1117
190.95.15.9 - - [12/Jun/2026:10:07:29 -0300] "POST /cormun/servlet/solicitudot?d1cc1c04f22020f945e37a34432ef383,INS,0,0,false,,gx-no-cache=1781270044456 HTTP/1.1" 200 13420
190.95.15.9 - - [12/Jun/2026:10:07:37 -0300] "GET /cormun/servlet/prlicenciaspermisos?10627923,L,,MD,,gxPopupLevel%3D0%3B HTTP/1.1" 200 6459
190.95.15.9 - - [12/Jun/2026:10:07:42 -0300] "POST /cormun/servlet/solicitudot?gx-no-cache=1781270057096 HTTP/1.1" 200 41
190.95.15.9 - - [12/Jun/2026:10:07:42 -0300] "GET /cormun/servlet/solicitudot?d516a440358e8d52848f330df09039ab1e9ce34c3d819f3fa1b563b93d8977febdfc31354c8ae24608c47f17f39dec34f34e5ca4f630c75882969db6cb9e350f8731a9479d6fde3de3b8c4dff64e398b5e93abc18cfea3ef11d414a5f82303f84d853a1f0e5e584bf2a6a3723f833cd9,gx-no-cache=1781270057116 HTTP/1.1" 200 110
190.95.15.9 - - [12/Jun/2026:10:07:52 -0300] "GET /cormun/servlet/prlicenciaspermisos?10627923,L,,MD,,gxPopupLevel%3D0%3B HTTP/1.1" 200 6459
190.95.15.9 - - [12/Jun/2026:10:07:57 -0300] "GET /cormun/servlet/solicitudot?d516a440358e8d52848f330df09039ab1e9ce34c3d819f3fa1b563b93d8977febdfc31354c8ae24608c47f17f39dec34f34e5ca4f630c75882969db6cb9e350f8731a9479d6fde3de3b8c4dff64e398b5e93abc18cfea3ef11d414a5f82303f84d853a1f0e5e584bf2a6a3723f833cd9,gx-no-cache=1781270072424 HTTP/1.1" 200 110
190.95.15.9 - - [12/Jun/2026:10:07:59 -0300] "GET /cormun/servlet/solicitudot?d516a440358e8d52848f330df09039ab1e9ce34c3d819f3fa1b563b93d8977febdfc31354c8ae24608c47f17f39dec34f34e5ca4f630c75882969db6cb9e350f8731a9479d6fde3de3b8c4dff64e398b5e93abc18cfea3ef11d414a5f82303f84d853a1f0e5e584bf2a6a3723f833cd9,gx-no-cache=1781270074426 HTTP/1.1" 200 110
190.95.15.9 - - [12/Jun/2026:10:08:03 -0300] "POST /cormun/servlet/solicitudot?gx-no-cache=1781270078577 HTTP/1.1" 200 34
190.95.15.9 - - [12/Jun/2026:10:08:03 -0300] "POST /cormun/servlet/solicitudot?d1cc1c04f22020f945e37a34432ef383,INS,0,0,false,,gx-no-cache=1781270078600 HTTP/1.1" 200 93
190.95.15.9 - - [12/Jun/2026:10:08:03 -0300] "GET /cormun/servlet/hpexe_return? HTTP/1.1" 200 1012
190.95.15.9 - - [12/Jun/2026:10:08:04 -0300] "GET /cormun/servlet/trsolicitudot HTTP/1.1" 200 13457
190.95.15.9 - - [12/Jun/2026:10:08:08 -0300] "POST /cormun/servlet/trsolicitudot?d1cc1c04f22020f945e37a34432ef383,gx-no-cache=1781270083348 HTTP/1.1" 200 107
190.95.15.9 - - [12/Jun/2026:10:08:08 -0300] "GET /cormun/servlet/trsolicitudadjuntos?2026,23737, HTTP/1.1" 200 6408
190.95.15.9 - - [12/Jun/2026:10:09:25 -0300] "GET /cormun/servlet/trlicencias? HTTP/1.1" 200 11618
190.95.15.9 - - [12/Jun/2026:10:09:33 -0300] "GET /cormun/servlet/solicitudotadjuntos?INS,2026,23737,,1, HTTP/1.1" 200 6355
190.95.15.9 - - [12/Jun/2026:10:09:33 -0300] "GET /cormun/static/about:blank HTTP/1.1" 404 1011
190.95.15.9 - - [12/Jun/2026:10:09:34 -0300] "GET /cormun/servlet/solicitudotadjuntos?d516a440358e8d52848f330df09039ab10fb422169fa4fd49da185ca0727930dbde58d5b2396fc87005191141e252173,gx-no-cache=1781270169458 HTTP/1.1" 200 30
190.95.15.9 - - [12/Jun/2026:10:09:34 -0300] "POST /cormun/servlet/solicitudotadjuntos?d1cc1c04f22020f945e37a34432ef383,INS,2026,23737,,1,,gx-no-cache=1781270169476 HTTP/1.1" 200 4158
190.95.15.9 - - [12/Jun/2026:10:09:38 -0300] "POST /cormun/servlet/solicitudotadjuntos?gx-no-cache=1781270173089 HTTP/1.1" 200 26
190.95.15.9 - - [12/Jun/2026:10:10:00 -0300] "GET /cormun/servlet/solicitudotadjuntos?d516a440358e8d52848f330df09039ab96c44d8c46c3ebd92ffff614d3a8745c,gx-no-cache=1781270195657 HTTP/1.1" 200 30
190.95.15.9 - - [12/Jun/2026:10:10:00 -0300] "GET /cormun/servlet/solicitudotadjuntos?d516a440358e8d52848f330df09039ab96c44d8c46c3ebd92ffff614d3a8745c,gx-no-cache=1781270195682 HTTP/1.1" 200 30
190.95.15.9 - - [12/Jun/2026:10:10:00 -0300] "POST /cormun/servlet/solicitudotadjuntos?d1cc1c04f22020f945e37a34432ef383,INS,2026,23737,,1, HTTP/1.1" 200 116
190.95.15.9 - - [12/Jun/2026:10:10:00 -0300] "GET /cormun/servlet/hpexe_return? HTTP/1.1" 200 1028
190.95.15.9 - - [12/Jun/2026:10:10:01 -0300] "GET /cormun/servlet/trlicencias HTTP/1.1" 200 11622
10.40.40.2 - - [12/Jun/2026:10:10:39 -0300] "POST /cormun/servlet/trlicencias?294d4a3b4d2d614cd3cf5d71f9fc0438,gx-no-cache=1781270227376 HTTP/1.1" 440 972
10.40.40.2 - - [12/Jun/2026:10:10:40 -0300] "GET /cormun/servlet/trlicencias HTTP/1.1" 200 6050
10.40.40.2 - - [12/Jun/2026:10:10:41 -0300] "GET /cormun/servlet/hlogin HTTP/1.1" 200 1738
10.40.40.2 - - [12/Jun/2026:10:10:41 -0300] "GET /cormun/servlet/trlicencias HTTP/1.1" 200 6050
10.40.40.2 - - [12/Jun/2026:10:10:43 -0300] "POST /cormun/servlet/hlogin?207df1f803c33181f46f8ea9f6cadbef,gx-no-cache=1781270230722 HTTP/1.1" 200 90
10.40.40.2 - - [12/Jun/2026:10:10:43 -0300] "GET /cormun/servlet/hpexe_link HTTP/1.1" 200 956
10.40.40.2 - - [12/Jun/2026:10:10:43 -0300] "GET /cormun/servlet/trlicencias HTTP/1.1" 200 19133
10.40.40.2 - - [12/Jun/2026:10:10:47 -0300] "POST /cormun/servlet/trlicencias?207df1f803c33181f46f8ea9f6cadbef,gx-no-cache=1781270235099 HTTP/1.1" 200 4859
200.126.116.145 - - [12/Jun/2026:10:11:11 -0300] "GET /cormun/servlet/trlicencias? HTTP/1.1" 200 15066
10.40.40.2 - - [12/Jun/2026:10:14:52 -0300] "GET /cormun/servlet/alicenciaprn?16996618,L,20260612000000,PU HTTP/1.1" 200 1558
200.126.116.145 - - [12/Jun/2026:10:15:57 -0300] "GET /cormun/servlet/trlicencias? HTTP/1.1" 200 15043
10.40.40.2 - - [12/Jun/2026:10:16:12 -0300] "GET /cormun/servlet/trlicencias HTTP/1.1" 200 7364
10.40.40.2 - - [12/Jun/2026:10:16:12 -0300] "GET /cormun/static/gxui/gxui-all.css?120300 HTTP/1.1" 200 2179
10.40.40.2 - - [12/Jun/2026:10:16:12 -0300] "GET /cormun/static/calendar-system.css?85620 HTTP/1.1" 200 5572
10.40.40.2 - - [12/Jun/2026:10:16:12 -0300] "GET /cormun/static/SmoothNavMenu/resources/ddsmoothmenu.css?1112540 HTTP/1.1" 200 2223
10.40.40.2 - - [12/Jun/2026:10:16:12 -0300] "GET /cormun/static/SmoothNavMenu/resources/ddsmoothmenu-v.css?1112540 HTTP/1.1" 200 1188
10.40.40.2 - - [12/Jun/2026:10:16:12 -0300] "GET /cormun/static/scaMessage/css/jquery.pnotify.default.css?1816380 HTTP/1.1" 200 1707
10.40.40.2 - - [12/Jun/2026:10:16:12 -0300] "GET /cormun/static/Shared/jqueryui/jquery-ui.min.css?1345370 HTTP/1.1" 200 30288
10.40.40.2 - - [12/Jun/2026:10:16:13 -0300] "GET /cormun/static/Resources/Spanish/PXTools.css?8354383 HTTP/1.1" 200 100853
10.40.40.2 - - [12/Jun/2026:10:16:14 -0300] "GET /cormun/static/Shared/ext/resources/css/ext-all.css?215870 HTTP/1.1" 200 416045
10.40.40.2 - - [12/Jun/2026:10:16:14 -0300] "GET /cormun/static/Resources/indicator.gif HTTP/1.1" 200 1553
10.40.40.2 - - [12/Jun/2026:10:16:14 -0300] "GET /cormun/static/Shared/ext/resources/themes/images/default/panel/bg-headersPanel.png HTTP/1.1" 200 255
