190.95.1.185 - - [09/Jun/2026:16:49:07 -0300] "GET /cormun/servlet/solicitudot?958db30d4ffcacfc997e6779f25c552df7dccdee293f155800dfb8ede233b91f925e7f9c075aa530ac113e741092dd61e27a57418b2077d3da8bca7e38327b32,gx-no-cache=1781034946558 HTTP/1.1" 200 30
190.95.1.185 - - [09/Jun/2026:16:49:07 -0300] "GET /cormun/servlet/solicitudot?958db30d4ffcacfc997e6779f25c552d755af4329a6573e1a6ffa9bbabcc36dd,gx-no-cache=1781034946575 HTTP/1.1" 200 53
190.95.15.9 - - [09/Jun/2026:16:49:19 -0300] "POST /cormun/servlet/solicitudot?gx-no-cache=1781034958126 HTTP/1.1" 200 30
190.95.15.9 - - [09/Jun/2026:16:49:19 -0300] "POST /cormun/servlet/solicitudot?gx-no-cache=1781034958163 HTTP/1.1" 200 1506
190.95.15.9 - - [09/Jun/2026:16:49:19 -0300] "POST /cormun/servlet/solicitudot?gx-no-cache=1781034958199 HTTP/1.1" 200 38
190.95.15.9 - - [09/Jun/2026:16:49:19 -0300] "GET /cormun/servlet/solicitudot?7bc64925a490cb141b07b502e1ee57531eb2d21d827c22a0292d60ac79436da3e2da2f6df435d84315c38de8c787ab476bc5242c8a53300de9b06908c451366eaeb807f980bbd3af4f10bda2fd10fe03b39035311e658c6cf58efb4b322b6dba302a601ae682385c86a8446963a35c61,gx-no-cache=1781034958219 HTTP/1.1" 200 110
190.95.15.9 - - [09/Jun/2026:16:49:19 -0300] "POST /cormun/servlet/solicitudot?gx-no-cache=1781034958238 HTTP/1.1" 200 97
190.95.1.185 - - [09/Jun/2026:16:49:20 -0300] "POST /cormun/servlet/solicitudot?gx-no-cache=1781034959477 HTTP/1.1" 200 240
190.95.1.185 - - [09/Jun/2026:16:49:20 -0300] "GET /cormun/servlet/solicitudot?958db30d4ffcacfc997e6779f25c552ddcd197ae58756e1383111457ad654beabc6c23a1dd5e211ddb6141723e3524be446e357ed7d18713a52f04d02deac78b3dedc9c3d2842b4e5c31e3e046395b0d4cdf05337033e7630ce5423f16e975d1b7b67e39a15f6d45f7eeeda38f7dddb9d7e268af691a0a3bc3575257a4a3bcdfd8abc68f5571d56487282b0384abbf4914e32d5a69c65876aaf451684cb66d9367a22d1cab2fd5e4f0f3bf04d299d03ce5470cad7608e65b0f4e2efccb2ff6044938c536837be1d8007d604f8e60622f5d5904ee203caaf85c45a53437cb4c52f12e0a5d7b1f6309a8117e888763e45617cd272baee1cc500bc9e0c12d698389a1be68cb609d5a23a4d795b6b05977ee1947d5b2871bfe4e400feffec85fe735c887a501c12ea828502b4f0847d96e4b3e8f443720a5b2afa0084542799fb87293a0927f977a7e6a543226eddd57a595ddd76d93f003c0ece2486909fc8c577707a37e709d0fbdc2aead0bcd3baad1278b5f8a3c2f4ba690ea89ca368370b8d7,gx-no-cache=1781034959503 HTTP/1.1" 200 30
190.95.1.185 - - [09/Jun/2026:16:49:23 -0300] "POST /cormun/servlet/solicitudot?gx-no-cache=1781034962637 HTTP/1.1" 200 30
190.95.1.185 - - [09/Jun/2026:16:50:24 -0300] "GET /cormun/static/Resources/PXTools/ClosePrompt.png HTTP/1.1" 200 1036
190.95.1.185 - - [09/Jun/2026:16:50:24 -0300] "GET /cormun/static/Resources/resize.gif HTTP/1.1" 200 77
190.95.1.185 - - [09/Jun/2026:16:50:25 -0300] "GET /cormun/servlet/prfichaempleado?,MD,,gxPopupLevel%3D0%3B HTTP/1.1" 200 9456
190.95.1.185 - - [09/Jun/2026:16:50:25 -0300] "GET /cormun/static/gxcfg.js?20201215571085 HTTP/1.1" 200 953
190.95.1.185 - - [09/Jun/2026:16:50:25 -0300] "GET /cormun/static/Resources/PXToolsMenuSearch.png HTTP/1.1" 200 336
190.95.1.185 - - [09/Jun/2026:16:50:25 -0300] "GET /cormun/static/prfichaempleado.js?20201215572193 HTTP/1.1" 200 16005
190.95.1.185 - - [09/Jun/2026:16:50:25 -0300] "GET /cormun/static/menusearch.js?20201214473581 HTTP/1.1" 200 1424
190.95.1.185 - - [09/Jun/2026:16:50:25 -0300] "GET /cormun/static/Resources/PXToolsMenuSearchCancel.png HTTP/1.1" 200 306
190.95.1.185 - - [09/Jun/2026:16:50:25 -0300] "GET /cormun/static/hmpwkw011.js?202211298443482 HTTP/1.1" 200 1968
190.95.1.185 - - [09/Jun/2026:16:50:34 -0300] "POST /cormun/servlet/prfichaempleado?bdcdab88c940ff0dd5d074679b61e240,,MD,,gxPopupLevel%3D0%3B,gx-no-cache=1781035033630 HTTP/1.1" 200 4298
190.95.15.9 - - [09/Jun/2026:16:50:47 -0300] "POST /cormun/servlet/solicitudot?gx-no-cache=1781035046372 HTTP/1.1" 200 30
190.95.15.9 - - [09/Jun/2026:16:50:52 -0300] "POST /cormun/servlet/solicitudot?gx-no-cache=1781035051414 HTTP/1.1" 200 1506
190.95.15.9 - - [09/Jun/2026:16:50:52 -0300] "POST /cormun/servlet/solicitudot?gx-no-cache=1781035051448 HTTP/1.1" 200 38
190.95.15.9 - - [09/Jun/2026:16:50:52 -0300] "GET /cormun/servlet/solicitudot?7bc64925a490cb141b07b502e1ee57531eb2d21d827c22a0292d60ac79436da3e2da2f6df435d84315c38de8c787ab476bc5242c8a53300de9b06908c451366eaeb807f980bbd3af4f10bda2fd10fe03b39035311e658c6cf58efb4b322b6dba302a601ae682385c86a8446963a35c61,gx-no-cache=1781035051468 HTTP/1.1" 200 110
190.95.15.9 - - [09/Jun/2026:16:50:52 -0300] "POST /cormun/servlet/solicitudot?gx-no-cache=1781035051487 HTTP/1.1" 200 97
190.95.1.185 - - [09/Jun/2026:16:50:57 -0300] "POST /cormun/servlet/solicitudot?gx-no-cache=1781035056501 HTTP/1.1" 200 1508
190.95.1.185 - - [09/Jun/2026:16:50:57 -0300] "GET /cormun/static/menuarrow.gif HTTP/1.1" 404 1015
190.95.1.185 - - [09/Jun/2026:16:51:04 -0300] "POST /cormun/servlet/solicitudot?gx-no-cache=1781035063802 HTTP/1.1" 200 118
190.95.1.185 - - [09/Jun/2026:16:51:04 -0300] "GET /cormun/static/Shared/jqueryui/images/ui-bg_highlight-soft_100_c6c2c8_1x100.png HTTP/1.1" 404 1117
190.95.1.185 - - [09/Jun/2026:16:51:04 -0300] "GET /cormun/static/Shared/jqueryui/images/ui-icons_82798d_256x240.png HTTP/1.1" 404 1089
190.95.1.185 - - [09/Jun/2026:16:51:04 -0300] "GET /cormun/static/Shared/jqueryui/images/ui-bg_flat_55_994d53_40x100.png HTTP/1.1" 404 1097
190.95.1.185 - - [09/Jun/2026:16:51:04 -0300] "GET /cormun/static/Shared/jqueryui/images/ui-icons_ebccce_256x240.png HTTP/1.1" 404 1089
190.95.1.185 - - [09/Jun/2026:16:51:04 -0300] "GET /cormun/servlet/solicitudot?958db30d4ffcacfc997e6779f25c552d8515857b032d05bfa94dd4b9a72e2b6e36ebbc2104a2632e182e9c38d9f3a2a8b57a3ae2b6d5c4d087f5c0b793376dedeea07c51391f3fd052139294d324685ceebcfe5c196b5e28f776eed9c9a384cd8de54ccdd63fee0030ada0fb79dc7b3c,gx-no-cache=1781035063839 HTTP/1.1" 200 110
190.95.1.185 - - [09/Jun/2026:16:51:04 -0300] "POST /cormun/servlet/solicitudot?gx-no-cache=1781035063857 HTTP/1.1" 200 79
190.95.15.9 - - [09/Jun/2026:16:51:05 -0300] "GET /cormun/servlet/solicitudot?7bc64925a490cb141b07b502e1ee575386e93ca99016f88935c653ec1e67f5f1baba14ae9b49229ca553807e23fbc9aaceb452a9cd5f4d128bddd76acf04c0b049b6d1f2909273b4e902599ad3482acb2dc4fe4578c37b3dbc6803cbfbd0abe95852903e949c13d535ef1a68317a0a87,gx-no-cache=1781035064084 HTTP/1.1" 200 29
190.95.15.9 - - [09/Jun/2026:16:51:09 -0300] "GET /cormun/servlet/solicitudot?7bc64925a490cb141b07b502e1ee57532be945888afaaa9b7701998f47f85ba27fdac39a5b2b07758be54d84eec40489,gx-no-cache=1781035068819 HTTP/1.1" 200 30
190.95.15.9 - - [09/Jun/2026:16:51:27 -0300] "POST /cormun/servlet/solicitudot?gx-no-cache=1781035086028 HTTP/1.1" 200 30
190.95.1.185 - - [09/Jun/2026:16:51:36 -0300] "GET /cormun/servlet/prfichaempleado?,MD,,gxPopupLevel%3D0%3B HTTP/1.1" 200 9456
190.95.1.185 - - [09/Jun/2026:16:51:42 -0300] "GET /cormun/servlet/trlicencias? HTTP/1.1" 200 11323
190.95.1.185 - - [09/Jun/2026:16:51:42 -0300] "GET /cormun//static/Resources/PXToolsActionDisabled.gif HTTP/1.1" 200 53
190.95.1.185 - - [09/Jun/2026:16:51:42 -0300] "GET /cormun//static/Resources/PXToolsGridDisplay.png HTTP/1.1" 200 525
190.95.1.185 - - [09/Jun/2026:16:51:42 -0300] "GET /cormun//static/Resources/PXTools/ActionInsert.png HTTP/1.1" 200 1482
190.95.1.185 - - [09/Jun/2026:16:51:42 -0300] "GET /cormun//static/Resources/PXToolsHeaderFavorites.png HTTP/1.1" 200 1414
190.95.1.185 - - [09/Jun/2026:16:51:42 -0300] "GET /cormun//static/Resources/PXToolsActionPrint.png HTTP/1.1" 200 404
190.95.1.185 - - [09/Jun/2026:16:51:42 -0300] "GET /cormun//static/Resources/PXToolsHeaderHelp.png HTTP/1.1" 200 1333
190.95.1.187 - - [09/Jun/2026:16:51:56 -0300] "GET /cormun/servlet/hlogin HTTP/1.1" 200 1713
190.95.1.187 - - [09/Jun/2026:16:51:58 -0300] "POST /cormun/servlet/hlogin?622eafd71ce4d511199adcf34d870f8b,gx-no-cache=1781035115303 HTTP/1.1" 200 90
190.95.1.187 - - [09/Jun/2026:16:51:58 -0300] "GET /cormun/servlet/hpexe_link HTTP/1.1" 200 946
190.95.1.187 - - [09/Jun/2026:16:51:58 -0300] "GET /cormun/servlet/hhome HTTP/1.1" 200 4011
190.95.1.187 - - [09/Jun/2026:16:52:00 -0300] "GET /cormun/servlet/trlicencias? HTTP/1.1" 200 15864
200.126.110.43 - - [09/Jun/2026:16:52:06 -0300] "GET /cormun/servlet/trlicencias HTTP/1.1" 200 6053
200.126.110.43 - - [09/Jun/2026:16:52:08 -0300] "GET /cormun/servlet/hlogin HTTP/1.1" 200 1738
200.126.110.43 - - [09/Jun/2026:16:52:08 -0300] "GET /cormun/servlet/trlicencias HTTP/1.1" 200 6050
200.126.110.43 - - [09/Jun/2026:16:52:08 -0300] "GET /cormun/servlet/trlicencias HTTP/1.1" 200 6050
190.95.1.187 - - [09/Jun/2026:16:52:11 -0300] "GET /cormun/servlet/trpermisosgoce? HTTP/1.1" 200 18425
190.95.1.187 - - [09/Jun/2026:16:52:13 -0300] "GET /cormun/servlet/permisogoce?INS,0,,, HTTP/1.1" 200 6875
190.95.1.185 - - [09/Jun/2026:16:52:15 -0300] "GET /cormun/servlet/trsolicitudot? HTTP/1.1" 200 7706
190.95.1.185 - - [09/Jun/2026:16:52:18 -0300] "GET /cormun/servlet/solicitudot?INS,0,0,false, HTTP/1.1" 200 16564
190.95.15.9 - - [09/Jun/2026:16:52:27 -0300] "POST /cormun/servlet/solicitudot?b59f53d517d5651aed16870e1231724b,INS,0,0,false,,gx-no-cache=1781035145734 HTTP/1.1" 200 93
190.95.15.9 - - [09/Jun/2026:16:52:27 -0300] "GET /cormun/servlet/hpexe_return? HTTP/1.1" 200 1009
190.95.15.9 - - [09/Jun/2026:16:52:27 -0300] "GET /cormun/servlet/trsolicitudot HTTP/1.1" 200 8897
190.95.1.185 - - [09/Jun/2026:16:52:29 -0300] "POST /cormun/servlet/solicitudot?gx-no-cache=1781035148953 HTTP/1.1" 200 4174
190.95.1.187 - - [09/Jun/2026:16:52:30 -0300] "GET /cormun/servlet/permisogoce?ff09c7651d59624d864c070adf18ead08e473754962095f14bfe51394073c72952ad6341320261c9a4d5b4c84e5ff2c0af125c1622180ce9a44baaf398894eea,gx-no-cache=1781035146710 HTTP/1.1" 200 86
190.95.1.185 - - [09/Jun/2026:16:52:30 -0300] "POST /cormun/servlet/solicitudot?bdcdab88c940ff0dd5d074679b61e240,INS,0,0,false,,gx-no-cache=1781035149076 HTTP/1.1" 200 13026
190.95.1.185 - - [09/Jun/2026:16:52:32 -0300] "GET /cormun/servlet/solicitudot?958db30d4ffcacfc997e6779f25c552d22e14d72e30ba9e290daf0c76a557b68e27a57418b2077d3da8bca7e38327b32,gx-no-cache=1781035152037 HTTP/1.1" 200 30
190.95.1.185 - - [09/Jun/2026:16:52:33 -0300] "GET /cormun/servlet/solicitudot?958db30d4ffcacfc997e6779f25c552df7dccdee293f155800dfb8ede233b91f925e7f9c075aa530ac113e741092dd61e27a57418b2077d3da8bca7e38327b32,gx-no-cache=1781035152061 HTTP/1.1" 200 30
190.95.1.185 - - [09/Jun/2026:16:52:33 -0300] "GET /cormun/servlet/solicitudot?958db30d4ffcacfc997e6779f25c552d755af4329a6573e1a6ffa9bbabcc36dd,gx-no-cache=1781035152083 HTTP/1.1" 200 53
190.95.1.187 - - [09/Jun/2026:16:52:34 -0300] "GET /cormun/static/menuarrow.gif HTTP/1.1" 404 1015
190.95.15.9 - - [09/Jun/2026:16:52:40 -0300] "POST /cormun/servlet/trsolicitudot?b59f53d517d5651aed16870e1231724b,gx-no-cache=1781035159349 HTTP/1.1" 200 107
190.95.15.9 - - [09/Jun/2026:16:52:40 -0300] "GET /cormun/servlet/trsolicitudadjuntos?2026,23719, HTTP/1.1" 200 6402
190.95.1.185 - - [09/Jun/2026:16:52:42 -0300] "POST /cormun/servlet/solicitudot?gx-no-cache=1781035161482 HTTP/1.1" 200 240
190.95.1.185 - - [09/Jun/2026:16:52:42 -0300] "GET /cormun/servlet/solicitudot?958db30d4ffcacfc997e6779f25c552ddcd197ae58756e1383111457ad654beabc6c23a1dd5e211ddb6141723e3524be446e357ed7d18713a52f04d02deac78b3dedc9c3d2842b4e5c31e3e046395b0d4cdf05337033e7630ce5423f16e975d1b7b67e39a15f6d45f7eeeda38f7dddb9d7e268af691a0a3bc3575257a4a3bcdfd8abc68f5571d56487282b0384abbf4914e32d5a69c65876aaf451684cb66d9367a22d1cab2fd5e4f0f3bf04d299d03ce5470cad7608e65b0f4e2efccb2ff6044938c536837be1d8007d604f8e60622f5d5904ee203caaf85c45a53437cb4c52f12e0a5d7b1f6309a8117e888763e45617cd272baee1cc500bc9e0c12d698389a1be68cb609d5a23a4d795b6b05977ee1947d5b2871bfe4e400feffec85fe735c887a501c12ea828502b4f0847d96e4b3e8f443720a5b2afa0084542799fb87293a0927f977a7e6a543226eddd57a595ddd76d93f003c0ece2486909fc8c577707a37e709d0fbdc2aead0bcd3baad1278b5f8a3c2f4ba690ea89ca368370b8d7,gx-no-cache=1781035161507 HTTP/1.1" 200 30
190.95.1.187 - - [09/Jun/2026:16:52:42 -0300] "GET /cormun/servlet/permisogoce?ff09c7651d59624d864c070adf18ead0ee7b688fdd8cca9a9f88ad0102bebcb9604dbbe78f372d27c0b572a643fdc31eec153ab4247404fcb1304dad93e5df1b,gx-no-cache=1781035159454 HTTP/1.1" 200 47
190.95.1.185 - - [09/Jun/2026:16:52:45 -0300] "POST /cormun/servlet/solicitudot?gx-no-cache=1781035164941 HTTP/1.1" 200 30
201.186.226.3 - - [09/Jun/2026:16:52:46 -0300] "GET /cormun/servlet/hlogin HTTP/1.1" 200 1717
190.95.1.187 - - [09/Jun/2026:16:52:46 -0300] "POST /cormun/servlet/permisogoce?622eafd71ce4d511199adcf34d870f8b,INS,0,,,,gx-no-cache=1781035162201 HTTP/1.1" 200 93
190.95.1.187 - - [09/Jun/2026:16:52:46 -0300] "GET /cormun/servlet/hpexe_return? HTTP/1.1" 200 1004
190.95.1.187 - - [09/Jun/2026:16:52:46 -0300] "GET /cormun/servlet/trpermisosgoce HTTP/1.1" 200 18500
190.95.15.9 - - [09/Jun/2026:16:52:50 -0300] "GET /cormun/servlet/trsolicitudot HTTP/1.1" 200 8897
190.95.1.185 - - [09/Jun/2026:16:52:52 -0300] "GET /cormun/servlet/prfichaempleado?,MD,,gxPopupLevel%3D0%3B HTTP/1.1" 200 9456
190.95.15.9 - - [09/Jun/2026:16:52:52 -0300] "GET /cormun/servlet/vesolicitudot?2026,23719,, HTTP/1.1" 200 8697
190.95.15.9 - - [09/Jun/2026:16:52:52 -0300] "GET /cormun/pexe_scrolldiv.js HTTP/1.1" 404 1009
190.95.1.187 - - [09/Jun/2026:16:52:55 -0300] "GET /cormun/servlet/trpermisosadjuntos?7701196,20260609160004,P, HTTP/1.1" 200 6337
190.95.1.187 - - [09/Jun/2026:16:52:57 -0300] "GET /cormun/servlet/permisosadjuntos?INS,7701196,P,20260609160004,, HTTP/1.1" 200 5652
190.95.1.187 - - [09/Jun/2026:16:52:57 -0300] "GET /cormun/static/about:blank HTTP/1.1" 404 1011
201.186.226.3 - - [09/Jun/2026:16:52:58 -0300] "POST /cormun/servlet/hlogin?c7a7dd57dbdeb21c4f2a867cfd1e77fb,gx-no-cache=1781035177484 HTTP/1.1" 200 90
201.186.226.3 - - [09/Jun/2026:16:52:58 -0300] "GET /cormun/servlet/hpexe_link HTTP/1.1" 200 948
201.186.226.3 - - [09/Jun/2026:16:52:58 -0300] "GET /cormun/servlet/hhome HTTP/1.1" 200 3930
190.95.1.185 - - [09/Jun/2026:16:53:03 -0300] "POST /cormun/servlet/prfichaempleado?bdcdab88c940ff0dd5d074679b61e240,,MD,,gxPopupLevel%3D0%3B,gx-no-cache=1781035182590 HTTP/1.1" 200 4298
201.186.226.3 - - [09/Jun/2026:16:53:08 -0300] "GET /cormun/servlet/trpermisosgoce? HTTP/1.1" 200 12685
190.95.1.187 - - [09/Jun/2026:16:53:13 -0300] "POST /cormun/servlet/permisosadjuntos?622eafd71ce4d511199adcf34d870f8b,INS,7701196,P,20260609160004,, HTTP/1.1" 200 116
190.95.1.187 - - [09/Jun/2026:16:53:13 -0300] "GET /cormun/servlet/hpexe_return? HTTP/1.1" 200 1031
190.95.1.187 - - [09/Jun/2026:16:53:13 -0300] "GET /cormun/servlet/trpermisosadjuntos?7701196,20260609160004,P, HTTP/1.1" 200 6829
190.95.1.187 - - [09/Jun/2026:16:53:15 -0300] "POST /cormun/servlet/trpermisosadjuntos?622eafd71ce4d511199adcf34d870f8b,7701196,20260609160004,P,,gx-no-cache=1781035192296 HTTP/1.1" 200 90
190.95.1.187 - - [09/Jun/2026:16:53:15 -0300] "GET /cormun/servlet/hpexe_link HTTP/1.1" 200 977
201.186.226.3 - - [09/Jun/2026:16:53:15 -0300] "GET /cormun/servlet/trlicencias? HTTP/1.1" 200 10297
190.95.1.187 - - [09/Jun/2026:16:53:15 -0300] "GET /cormun/servlet/trpermisosgoce HTTP/1.1" 200 18496
190.95.15.9 - - [09/Jun/2026:16:53:16 -0300] "POST /cormun/servlet/vesolicitudot?b59f53d517d5651aed16870e1231724b,2026,23719,,,gx-no-cache=1781035195254 HTTP/1.1" 200 93
190.95.15.9 - - [09/Jun/2026:16:53:16 -0300] "GET /cormun/servlet/hpexe_return? HTTP/1.1" 200 1011
190.95.15.9 - - [09/Jun/2026:16:53:16 -0300] "GET /cormun/servlet/trsolicitudot HTTP/1.1" 200 8897
190.95.1.187 - - [09/Jun/2026:16:53:18 -0300] "POST /cormun/servlet/trpermisosgoce?622eafd71ce4d511199adcf34d870f8b,gx-no-cache=1781035194619 HTTP/1.1" 200 15735
190.95.1.187 - - [09/Jun/2026:16:53:18 -0300] "GET /cormun/static/Shared/jqueryui/images/ui-icons_82798d_256x240.png HTTP/1.1" 404 1089
190.95.1.187 - - [09/Jun/2026:16:53:18 -0300] "GET /cormun/static/Shared/jqueryui/images/ui-bg_highlight-soft_100_c6c2c8_1x100.png HTTP/1.1" 404 1117
190.95.1.187 - - [09/Jun/2026:16:53:18 -0300] "GET /cormun/static/Shared/jqueryui/images/ui-bg_flat_55_fafafa_40x100.png HTTP/1.1" 404 1097
190.95.1.187 - - [09/Jun/2026:16:53:18 -0300] "GET /cormun/static/Shared/jqueryui/images/ui-icons_8d78a5_256x240.png HTTP/1.1" 404 1089
190.95.15.9 - - [09/Jun/2026:16:53:18 -0300] "POST /cormun/servlet/trsolicitudot?b59f53d517d5651aed16870e1231724b,gx-no-cache=1781035197549 HTTP/1.1" 200 113
190.95.15.9 - - [09/Jun/2026:16:53:18 -0300] "GET /cormun/servlet/solicitudot?UPD,2026,23719,false, HTTP/1.1" 200 17090
190.95.15.9 - - [09/Jun/2026:16:53:19 -0300] "POST /cormun/servlet/solicitudot?gx-no-cache=1781035198337 HTTP/1.1" 200 4170
190.95.15.9 - - [09/Jun/2026:16:53:19 -0300] "POST /cormun/servlet/solicitudot?b59f53d517d5651aed16870e1231724b,UPD,2026,23719,false,,gx-no-cache=1781035198439 HTTP/1.1" 200 13163
190.95.15.9 - - [09/Jun/2026:16:53:19 -0300] "GET /cormun/servlet/solicitudot?7bc64925a490cb141b07b502e1ee5753885b6dc76dbe50bccc2ea86b6c6faaa31e66650a0d39737f6fb8126b8d6b3722,gx-no-cache=1781035198543 HTTP/1.1" 200 30
190.95.15.9 - - [09/Jun/2026:16:53:19 -0300] "GET /cormun/servlet/solicitudot?7bc64925a490cb141b07b502e1ee57534506bc7492014e75332ed652ecf779a744a8f0eb66c58305bc731d3bd23073232ce10c80e3140329767f13b447c1ce307f34d2f4f0b3c83af4a3c63310366f7a,gx-no-cache=1781035198564 HTTP/1.1" 200 30
190.95.15.9 - - [09/Jun/2026:16:53:19 -0300] "GET /cormun/servlet/solicitudot?7bc64925a490cb141b07b502e1ee5753feef4fb71012c8a08f6f55165dd0cb56135a48bd7934fdad0fb0f129b5f9e5dd,gx-no-cache=1781035198582 HTTP/1.1" 200 45
190.95.15.9 - - [09/Jun/2026:16:53:19 -0300] "POST /cormun/servlet/solicitudot?gx-no-cache=1781035198600 HTTP/1.1" 200 297
190.95.15.9 - - [09/Jun/2026:16:53:19 -0300] "GET /cormun/servlet/solicitudot?7bc64925a490cb141b07b502e1ee5753450b1f2d50470f32db1f45fc08ae93f704345a492973a4b3a7bd1321e71d14d0bbe4ee06f2044d1bc89c1abb3d563b0e7293ee65becc2e43cef1f36c0cb9ef0a47e32bb3adce4b335457ddd6450cc8f5640da6b77a8e656bc154cc6b8ece67d20ee8d04720dfe75dbca5b9514e27ab755243a300e647c9969a2e291124d3f7e045bbeae12f0fa6716a6b8ee75d12cce6a2fcc6ad21d794a751b1c90726d2f1d464400b96cbfad32884a8c89b9ce15ade709466a7fec3c14e4b67bdb65afffff4355efb1b6a1f0cddbfa9cedd90e94f87b10f831a4e9b6e1a0ec7fbb4cd86cc2dc22effc11680d852a5fe0008f08ed65a2285c69bad72814c16a586d16e283a6c0a02b6c73ff53506c4582bf02b824e443ab7069a5adb743abea0860a78dc815cc62990df13f84c46c3b7a4a1fd06a19522a9901699acca462a4fbe9ac0038b114f69aebc49232fc9b74f313474fa071726921336960911e5d8f2c6892864f0d9b93e603478ebe3310bdc1e38771fff9f0835fb68efd38d503ed97ae30f8adcc4,gx-no-cache=1781035198625 HTTP/1.1" 200 30
190.95.15.9 - - [09/Jun/2026:16:53:19 -0300] "POST /cormun/servlet/solicitudot?gx-no-cache=1781035198645 HTTP/1.1" 200 30
190.95.15.9 - - [09/Jun/2026:16:53:19 -0300] "POST /cormun/servlet/solicitudot?gx-no-cache=1781035198667 HTTP/1.1" 200 1506
190.95.15.9 - - [09/Jun/2026:16:53:19 -0300] "POST /cormun/servlet/solicitudot?gx-no-cache=1781035198700 HTTP/1.1" 200 41
190.95.15.9 - - [09/Jun/2026:16:53:22 -0300] "GET /cormun/servlet/solicitudot?7bc64925a490cb141b07b502e1ee57531eb2d21d827c22a0292d60ac79436da3e2da2f6df435d84315c38de8c787ab476bc5242c8a53300de9b06908c451366eaeb807f980bbd3af4f10bda2fd10fe03b39035311e658c6cf58efb4b322b6dba302a601ae682385c86a8446963a35c61,gx-no-cache=1781035201197 HTTP/1.1" 200 110
190.95.15.9 - - [09/Jun/2026:16:53:22 -0300] "POST /cormun/servlet/solicitudot?gx-no-cache=1781035201218 HTTP/1.1" 200 96
190.95.15.9 - - [09/Jun/2026:16:53:22 -0300] "GET /cormun/servlet/solicitudot?7bc64925a490cb141b07b502e1ee57531359481c1358cce6f11351b3dc17dbc890cd117caecffa9bd9ff89c65e732d61e5c54dc24ce1b553b6a9141af7a6b6b1d0a4f502a37a3432f6eefe4437b29647ba46fb42eb8d19af65082bf7c0a128e658443e49670d4bb93408ab45db0b1881,gx-no-cache=1781035201293 HTTP/1.1" 200 29
190.95.15.9 - - [09/Jun/2026:16:53:22 -0300] "GET /cormun/servlet/solicitudot?7bc64925a490cb141b07b502e1ee57532be945888afaaa9b7701998f47f85ba27fdac39a5b2b07758be54d84eec40489,gx-no-cache=1781035201310 HTTP/1.1" 200 30
190.95.15.9 - - [09/Jun/2026:16:53:22 -0300] "POST /cormun/servlet/solicitudot?gx-no-cache=1781035201327 HTTP/1.1" 200 30
190.95.1.187 - - [09/Jun/2026:16:53:25 -0300] "GET /cormun/servlet/permisogoce?INS,0,,, HTTP/1.1" 200 6876
190.95.1.187 - - [09/Jun/2026:16:53:29 -0300] "GET /cormun/servlet/permisogoce?ff09c7651d59624d864c070adf18ead08e473754962095f14bfe51394073c72952ad6341320261c9a4d5b4c84e5ff2c0af125c1622180ce9a44baaf398894eea,gx-no-cache=1781035206029 HTTP/1.1" 200 88
190.95.1.187 - - [09/Jun/2026:16:53:37 -0300] "GET /cormun/servlet/permisogoce?ff09c7651d59624d864c070adf18ead0ee7b688fdd8cca9a9f88ad0102bebcb9b582ab57512367c42010b43bdc97f4a1ec153ab4247404fcb1304dad93e5df1b,gx-no-cache=1781035214285 HTTP/1.1" 200 49
190.95.15.9 - - [09/Jun/2026:16:53:37 -0300] "POST /cormun/servlet/solicitudot?b59f53d517d5651aed16870e1231724b,UPD,2026,23719,false,,gx-no-cache=1781035216419 HTTP/1.1" 200 93
190.95.15.9 - - [09/Jun/2026:16:53:37 -0300] "GET /cormun/servlet/hpexe_return? HTTP/1.1" 200 1015
190.95.15.9 - - [09/Jun/2026:16:53:37 -0300] "GET /cormun/servlet/trsolicitudot HTTP/1.1" 200 8897
190.95.1.187 - - [09/Jun/2026:16:53:40 -0300] "POST /cormun/servlet/permisogoce?622eafd71ce4d511199adcf34d870f8b,INS,0,,,,gx-no-cache=1781035216587 HTTP/1.1" 200 93
190.95.1.187 - - [09/Jun/2026:16:53:40 -0300] "GET /cormun/servlet/hpexe_return? HTTP/1.1" 200 1025
190.95.1.187 - - [09/Jun/2026:16:53:40 -0300] "GET /cormun/servlet/trpermisosgoce?gx-no-cache=1781035194619 HTTP/1.1" 200 18405
190.95.15.9 - - [09/Jun/2026:16:53:48 -0300] "POST /cormun/servlet/trsolicitudot?b59f53d517d5651aed16870e1231724b,gx-no-cache=1781035227412 HTTP/1.1" 200 113
190.95.15.9 - - [09/Jun/2026:16:53:48 -0300] "GET /cormun/servlet/solicitudot?UPD,2026,23719,false, HTTP/1.1" 200 17091
190.95.15.9 - - [09/Jun/2026:16:53:49 -0300] "POST /cormun/servlet/solicitudot?gx-no-cache=1781035228218 HTTP/1.1" 200 4170
190.95.15.9 - - [09/Jun/2026:16:53:49 -0300] "POST /cormun/servlet/solicitudot?b59f53d517d5651aed16870e1231724b,UPD,2026,23719,false,,gx-no-cache=1781035228321 HTTP/1.1" 200 13164
190.95.15.9 - - [09/Jun/2026:16:53:49 -0300] "GET /cormun/servlet/solicitudot?7bc64925a490cb141b07b502e1ee5753885b6dc76dbe50bccc2ea86b6c6faaa31e66650a0d39737f6fb8126b8d6b3722,gx-no-cache=1781035228426 HTTP/1.1" 200 30
190.95.15.9 - - [09/Jun/2026:16:53:49 -0300] "GET /cormun/servlet/solicitudot?7bc64925a490cb141b07b502e1ee57534506bc7492014e75332ed652ecf779a744a8f0eb66c58305bc731d3bd23073232ce10c80e3140329767f13b447c1ce307f34d2f4f0b3c83af4a3c63310366f7a,gx-no-cache=1781035228445 HTTP/1.1" 200 30
190.95.15.9 - - [09/Jun/2026:16:53:49 -0300] "GET /cormun/servlet/solicitudot?7bc64925a490cb141b07b502e1ee5753feef4fb71012c8a08f6f55165dd0cb56135a48bd7934fdad0fb0f129b5f9e5dd,gx-no-cache=1781035228462 HTTP/1.1" 200 45
190.95.15.9 - - [09/Jun/2026:16:53:49 -0300] "POST /cormun/servlet/solicitudot?gx-no-cache=1781035228481 HTTP/1.1" 200 297
190.95.15.9 - - [09/Jun/2026:16:53:49 -0300] "GET /cormun/servlet/solicitudot?7bc64925a490cb141b07b502e1ee5753450b1f2d50470f32db1f45fc08ae93f704345a492973a4b3a7bd1321e71d14d0bbe4ee06f2044d1bc89c1abb3d563b0e7293ee65becc2e43cef1f36c0cb9ef0a47e32bb3adce4b335457ddd6450cc8f5640da6b77a8e656bc154cc6b8ece67d20ee8d04720dfe75dbca5b9514e27ab755243a300e647c9969a2e291124d3f7e045bbeae12f0fa6716a6b8ee75d12cce6a2fcc6ad21d794a751b1c90726d2f1d464400b96cbfad32884a8c89b9ce15ade709466a7fec3c14e4b67bdb65afffff4355efb1b6a1f0cddbfa9cedd90e94f87b10f831a4e9b6e1a0ec7fbb4cd86cc2dc22effc11680d852a5fe0008f08ed65a2285c69bad72814c16a586d16e283a6c0a02b6c73ff53506c4582bf02b824e443ab7069a5adb743abea0860a78dc815cc62990df13f84c46c3b7a4a1fd06a19522a9901699acca462a4fbe9ac0038b114f69aebc49232fc9b74f313474fa071726921336960911e5d8f2c6892864f0d9b93e603478ebe3310bdc1e38771fff9f0835fb68efd38d503ed97ae30f8adcc4,gx-no-cache=1781035228504 HTTP/1.1" 200 30
190.95.15.9 - - [09/Jun/2026:16:53:49 -0300] "POST /cormun/servlet/solicitudot?gx-no-cache=1781035228526 HTTP/1.1" 200 30
190.95.15.9 - - [09/Jun/2026:16:53:49 -0300] "POST /cormun/servlet/solicitudot?gx-no-cache=1781035228548 HTTP/1.1" 200 1506
190.95.15.9 - - [09/Jun/2026:16:53:49 -0300] "POST /cormun/servlet/solicitudot?gx-no-cache=1781035228581 HTTP/1.1" 200 41
190.95.15.9 - - [09/Jun/2026:16:53:51 -0300] "GET /cormun/servlet/solicitudot?7bc64925a490cb141b07b502e1ee57531eb2d21d827c22a0292d60ac79436da3e2da2f6df435d84315c38de8c787ab476bc5242c8a53300de9b06908c451366eaeb807f980bbd3af4f10bda2fd10fe03b39035311e658c6cf58efb4b322b6dba302a601ae682385c86a8446963a35c61,gx-no-cache=1781035230469 HTTP/1.1" 200 110
190.95.15.9 - - [09/Jun/2026:16:53:51 -0300] "POST /cormun/servlet/solicitudot?gx-no-cache=1781035230492 HTTP/1.1" 200 96
190.95.15.9 - - [09/Jun/2026:16:53:51 -0300] "GET /cormun/servlet/solicitudot?7bc64925a490cb141b07b502e1ee57531359481c1358cce6f11351b3dc17dbc890cd117caecffa9bd9ff89c65e732d61e5c54dc24ce1b553b6a9141af7a6b6b1d0a4f502a37a3432f6eefe4437b29647ba46fb42eb8d19af65082bf7c0a128e658443e49670d4bb93408ab45db0b1881,gx-no-cache=1781035230520 HTTP/1.1" 200 29
190.95.15.9 - - [09/Jun/2026:16:53:51 -0300] "GET /cormun/servlet/solicitudot?7bc64925a490cb141b07b502e1ee57532be945888afaaa9b7701998f47f85ba27fdac39a5b2b07758be54d84eec40489,gx-no-cache=1781035230538 HTTP/1.1" 200 30
190.95.15.9 - - [09/Jun/2026:16:53:51 -0300] "POST /cormun/servlet/solicitudot?gx-no-cache=1781035230555 HTTP/1.1" 200 30
190.95.1.187 - - [09/Jun/2026:16:53:52 -0300] "GET /cormun/servlet/trpermisosadjuntos?7701196,20260609160115,P, HTTP/1.1" 200 6359
190.95.1.187 - - [09/Jun/2026:16:53:53 -0300] "GET /cormun/servlet/permisosadjuntos?INS,7701196,P,20260609160115,, HTTP/1.1" 200 5651
190.95.1.187 - - [09/Jun/2026:16:53:53 -0300] "GET /cormun/static/about:blank HTTP/1.1" 404 1011
190.95.1.185 - - [09/Jun/2026:16:54:01 -0300] "GET /cormun/servlet/prlicenciaspermisos?15524079,L,,MD,,gxPopupLevel%3D0%3B HTTP/1.1" 200 6132
190.95.1.185 - - [09/Jun/2026:16:54:01 -0300] "GET /cormun/static/gxcfg.js?2020121559567 HTTP/1.1" 200 953
190.95.1.185 - - [09/Jun/2026:16:54:01 -0300] "GET /cormun/static/prlicenciaspermisos.js?2020121559821 HTTP/1.1" 200 13379
190.95.1.185 - - [09/Jun/2026:16:54:04 -0300] "POST /cormun/servlet/solicitudot?gx-no-cache=1781035243699 HTTP/1.1" 200 1508
190.95.15.9 - - [09/Jun/2026:16:54:05 -0300] "POST /cormun/servlet/solicitudot?b59f53d517d5651aed16870e1231724b,UPD,2026,23719,false,,gx-no-cache=1781035244428 HTTP/1.1" 200 93
190.95.15.9 - - [09/Jun/2026:16:54:05 -0300] "GET /cormun/servlet/hpexe_return? HTTP/1.1" 200 1015
190.95.15.9 - - [09/Jun/2026:16:54:05 -0300] "GET /cormun/servlet/trsolicitudot HTTP/1.1" 200 8897
190.95.1.185 - - [09/Jun/2026:16:54:08 -0300] "POST /cormun/servlet/solicitudot?gx-no-cache=1781035247535 HTTP/1.1" 200 41
190.95.1.185 - - [09/Jun/2026:16:54:08 -0300] "GET /cormun/servlet/solicitudot?958db30d4ffcacfc997e6779f25c552d8515857b032d05bfa94dd4b9a72e2b6e36ebbc2104a2632e182e9c38d9f3a2a8b57a3ae2b6d5c4d087f5c0b793376dedeea07c51391f3fd052139294d324685ceebcfe5c196b5e28f776eed9c9a384cd8de54ccdd63fee0030ada0fb79dc7b3c,gx-no-cache=1781035247557 HTTP/1.1" 200 110
190.95.1.185 - - [09/Jun/2026:16:54:08 -0300] "POST /cormun/servlet/solicitudot?gx-no-cache=1781035247575 HTTP/1.1" 200 79
190.95.1.187 - - [09/Jun/2026:16:54:11 -0300] "POST /cormun/servlet/permisosadjuntos?622eafd71ce4d511199adcf34d870f8b,INS,7701196,P,20260609160115,, HTTP/1.1" 200 116
190.95.1.187 - - [09/Jun/2026:16:54:11 -0300] "GET /cormun/servlet/hpexe_return? HTTP/1.1" 200 1030
190.95.1.187 - - [09/Jun/2026:16:54:11 -0300] "GET /cormun/servlet/trpermisosadjuntos?7701196,20260609160115,P, HTTP/1.1" 200 6829
190.95.1.185 - - [09/Jun/2026:16:54:13 -0300] "GET /cormun/servlet/solicitudot?958db30d4ffcacfc997e6779f25c552dbe05d3451706f16a6aab6c69eedae027c3b98f1e940281461326d01cfb4f92edd6fa6bc13bff4c6e2728b38828796ccb6e2c8402c61ee4e8de6e27753c7cd477c89000b6312678ef9c8940e996cb67200f5d24b818decfb5f4599b5c4a803af6,gx-no-cache=1781035252197 HTTP/1.1" 200 29
190.95.1.187 - - [09/Jun/2026:16:54:16 -0300] "POST /cormun/servlet/trpermisosadjuntos?622eafd71ce4d511199adcf34d870f8b,7701196,20260609160115,P,,gx-no-cache=1781035252951 HTTP/1.1" 200 90
190.95.1.187 - - [09/Jun/2026:16:54:16 -0300] "GET /cormun/servlet/hpexe_link HTTP/1.1" 200 999
190.95.1.187 - - [09/Jun/2026:16:54:16 -0300] "GET /cormun/servlet/trpermisosgoce?gx-no-cache=1781035194619 HTTP/1.1" 200 18228
190.95.1.185 - - [09/Jun/2026:16:54:16 -0300] "GET /cormun/servlet/solicitudot?958db30d4ffcacfc997e6779f25c552dead3e62180fc86b3e0e13d0204747d51cc8a2361f97b81043b5660f7e9b159c5,gx-no-cache=1781035255527 HTTP/1.1" 200 30
190.95.1.185 - - [09/Jun/2026:16:54:16 -0300] "POST /cormun/servlet/solicitudot?gx-no-cache=1781035255545 HTTP/1.1" 200 34
190.95.1.187 - - [09/Jun/2026:16:54:18 -0300] "POST /cormun/servlet/trpermisosgoce?622eafd71ce4d511199adcf34d870f8b,gx-no-cache=1781035194619,gx-no-cache=1781035255202 HTTP/1.1" 200 15692
190.95.1.187 - - [09/Jun/2026:16:54:21 -0300] "GET /cormun/servlet/permisogoce?INS,0,,, HTTP/1.1" 200 6897
190.95.1.187 - - [09/Jun/2026:16:54:26 -0300] "GET /cormun/servlet/permisogoce?ff09c7651d59624d864c070adf18ead0bd30b2ac5534ccc55051f6d9dedc552552ad6341320261c9a4d5b4c84e5ff2c0af125c1622180ce9a44baaf398894eea,gx-no-cache=1781035262781 HTTP/1.1" 200 78
190.95.1.187 - - [09/Jun/2026:16:54:34 -0300] "GET /cormun/servlet/permisogoce?ff09c7651d59624d864c070adf18ead090c7c76bee8adece2a591c93ae08c37fd49f21acf462c0f1d5388063ea600d316a2b309dc5ec127167db58924559af0e,gx-no-cache=1781035271206 HTTP/1.1" 200 47
190.95.1.185 - - [09/Jun/2026:16:54:35 -0300] "POST /cormun/servlet/solicitudot?bdcdab88c940ff0dd5d074679b61e240,INS,0,0,false,,gx-no-cache=1781035273478 HTTP/1.1" 200 93
190.95.1.185 - - [09/Jun/2026:16:54:35 -0300] "GET /cormun/servlet/hpexe_return? HTTP/1.1" 200 1012
190.95.1.185 - - [09/Jun/2026:16:54:35 -0300] "GET /cormun/static/gxcfg.js?20221129846035 HTTP/1.1" 200 953
190.95.1.185 - - [09/Jun/2026:16:54:35 -0300] "GET /cormun/static/hpexe_return.js?20221129846037 HTTP/1.1" 200 1633
190.95.1.185 - - [09/Jun/2026:16:54:35 -0300] "GET /cormun/servlet/trsolicitudot HTTP/1.1" 200 9122
190.95.1.185 - - [09/Jun/2026:16:54:35 -0300] "GET /cormun//static/Resources/PXToolsActionView.png HTTP/1.1" 200 398
190.95.1.185 - - [09/Jun/2026:16:54:35 -0300] "GET /cormun//static/Resources/PXToolsGridUpdate.png HTTP/1.1" 200 470
190.95.1.185 - - [09/Jun/2026:16:54:35 -0300] "GET /cormun//static/Resources/PXToolsRemoveAllAction.png HTTP/1.1" 200 487
190.95.1.185 - - [09/Jun/2026:16:54:35 -0300] "GET /cormun//static/Resources/PXToolsGridDelete.png HTTP/1.1" 200 538
190.95.1.187 - - [09/Jun/2026:16:54:37 -0300] "POST /cormun/servlet/permisogoce?622eafd71ce4d511199adcf34d870f8b,INS,0,,,,gx-no-cache=1781035273542 HTTP/1.1" 200 93
190.95.1.187 - - [09/Jun/2026:16:54:37 -0300] "GET /cormun/servlet/hpexe_return? HTTP/1.1" 200 1025
190.95.1.187 - - [09/Jun/2026:16:54:37 -0300] "GET /cormun/servlet/trpermisosgoce?gx-no-cache=1781035194619 HTTP/1.1" 200 18420
190.95.1.187 - - [09/Jun/2026:16:54:44 -0300] "GET /cormun/servlet/trpermisosadjuntos?8598361,20260609160211,P, HTTP/1.1" 200 6353
190.95.1.187 - - [09/Jun/2026:16:54:45 -0300] "GET /cormun/servlet/permisosadjuntos?INS,8598361,P,20260609160211,, HTTP/1.1" 200 5646
190.95.1.187 - - [09/Jun/2026:16:54:45 -0300] "GET /cormun/static/about:blank HTTP/1.1" 404 1011
201.186.226.3 - - [09/Jun/2026:16:54:51 -0300] "GET /cormun/servlet/hlogin HTTP/1.1" 200 1733
190.95.1.187 - - [09/Jun/2026:16:55:00 -0300] "POST /cormun/servlet/permisosadjuntos?622eafd71ce4d511199adcf34d870f8b,INS,8598361,P,20260609160211,, HTTP/1.1" 200 116
190.95.1.187 - - [09/Jun/2026:16:55:00 -0300] "GET /cormun/servlet/hpexe_return? HTTP/1.1" 200 1030
190.95.1.187 - - [09/Jun/2026:16:55:00 -0300] "GET /cormun/servlet/trpermisosadjuntos?8598361,20260609160211,P, HTTP/1.1" 200 6827
190.95.1.187 - - [09/Jun/2026:16:55:02 -0300] "POST /cormun/servlet/trpermisosadjuntos?622eafd71ce4d511199adcf34d870f8b,8598361,20260609160211,P,,gx-no-cache=1781035299578 HTTP/1.1" 200 90
190.95.1.187 - - [09/Jun/2026:16:55:02 -0300] "GET /cormun/servlet/hpexe_link HTTP/1.1" 200 998
190.95.1.187 - - [09/Jun/2026:16:55:03 -0300] "GET /cormun/servlet/trpermisosgoce?gx-no-cache=1781035194619 HTTP/1.1" 200 18287
190.95.1.187 - - [09/Jun/2026:16:55:05 -0300] "POST /cormun/servlet/trpermisosgoce?622eafd71ce4d511199adcf34d870f8b,gx-no-cache=1781035194619,gx-no-cache=1781035301399 HTTP/1.1" 200 15712
190.95.1.187 - - [09/Jun/2026:16:55:09 -0300] "GET /cormun/servlet/permisogoce?INS,0,,, HTTP/1.1" 200 6897
190.95.1.187 - - [09/Jun/2026:16:55:19 -0300] "GET /cormun/servlet/permisogoce?ff09c7651d59624d864c070adf18ead0d45d3fd1f356f5e1f01e9337aad5a8ac61d7e60b75c6aad26d89d604c12cf11d24928476e38b824f47227699e44236d4,gx-no-cache=1781035316165 HTTP/1.1" 200 78
190.95.1.187 - - [09/Jun/2026:16:55:27 -0300] "GET /cormun/servlet/permisogoce?ff09c7651d59624d864c070adf18ead086086b8452e4e9befdd0981da1c38b11f5b9e988ea25dd57a5eb0125c2d0d369fa8ba010de3b6dde580470fbbefb9927,gx-no-cache=1781035324605 HTTP/1.1" 200 47
190.95.1.187 - - [09/Jun/2026:16:55:30 -0300] "POST /cormun/servlet/permisogoce?622eafd71ce4d511199adcf34d870f8b,INS,0,,,,gx-no-cache=1781035326610 HTTP/1.1" 200 93
190.95.1.187 - - [09/Jun/2026:16:55:30 -0300] "GET /cormun/servlet/hpexe_return? HTTP/1.1" 200 1025
190.95.1.187 - - [09/Jun/2026:16:55:30 -0300] "GET /cormun/servlet/trpermisosgoce?gx-no-cache=1781035194619 HTTP/1.1" 200 18282
190.95.1.187 - - [09/Jun/2026:16:55:37 -0300] "GET /cormun/servlet/trpermisosadjuntos?15806791,20260609160259,P, HTTP/1.1" 200 6354
190.95.1.187 - - [09/Jun/2026:16:55:39 -0300] "GET /cormun/servlet/permisosadjuntos?INS,15806791,P,20260609160259,, HTTP/1.1" 200 5649
190.95.1.187 - - [09/Jun/2026:16:55:39 -0300] "GET /cormun/static/about:blank HTTP/1.1" 404 1011
190.95.1.187 - - [09/Jun/2026:16:55:51 -0300] "POST /cormun/servlet/permisosadjuntos?622eafd71ce4d511199adcf34d870f8b,INS,15806791,P,20260609160259,, HTTP/1.1" 200 116
190.95.1.187 - - [09/Jun/2026:16:55:51 -0300] "GET /cormun/servlet/hpexe_return? HTTP/1.1" 200 1032
190.95.1.187 - - [09/Jun/2026:16:55:51 -0300] "GET /cormun/servlet/trpermisosadjuntos?15806791,20260609160259,P, HTTP/1.1" 200 6829
190.95.1.187 - - [09/Jun/2026:16:55:54 -0300] "POST /cormun/servlet/trpermisosadjuntos?622eafd71ce4d511199adcf34d870f8b,15806791,20260609160259,P,,gx-no-cache=1781035350767 HTTP/1.1" 200 90
190.95.1.187 - - [09/Jun/2026:16:55:54 -0300] "GET /cormun/servlet/hpexe_link HTTP/1.1" 200 1001
190.95.1.187 - - [09/Jun/2026:16:55:54 -0300] "GET /cormun/servlet/trpermisosgoce?gx-no-cache=1781035194619 HTTP/1.1" 200 18406
190.95.1.187 - - [09/Jun/2026:16:55:56 -0300] "POST /cormun/servlet/trpermisosgoce?622eafd71ce4d511199adcf34d870f8b,gx-no-cache=1781035194619,gx-no-cache=1781035352795 HTTP/1.1" 200 15701
190.95.1.187 - - [09/Jun/2026:16:56:01 -0300] "GET /cormun/servlet/permisogoce?INS,0,,, HTTP/1.1" 200 6897
190.95.1.187 - - [09/Jun/2026:16:56:07 -0300] "GET /cormun/servlet/permisogoce?ff09c7651d59624d864c070adf18ead073b30385e503b57065c00bd6e7e046a461d7e60b75c6aad26d89d604c12cf11d24928476e38b824f47227699e44236d4,gx-no-cache=1781035364133 HTTP/1.1" 200 85
190.95.1.187 - - [09/Jun/2026:16:57:10 -0300] "GET /cormun/servlet/permisogoce?ff09c7651d59624d864c070adf18ead05fb7709a4009e044bab4062e2835fae9df225a44a03077cd5b75032dd6f6217cfa8ba010de3b6dde580470fbbefb9927,gx-no-cache=1781035426844 HTTP/1.1" 200 48
190.95.1.187 - - [09/Jun/2026:16:57:12 -0300] "POST /cormun/servlet/permisogoce?622eafd71ce4d511199adcf34d870f8b,INS,0,,,,gx-no-cache=1781035428832 HTTP/1.1" 200 93
190.95.1.187 - - [09/Jun/2026:16:57:12 -0300] "GET /cormun/servlet/hpexe_return? HTTP/1.1" 200 1025
190.95.1.187 - - [09/Jun/2026:16:57:12 -0300] "GET /cormun/servlet/trpermisosgoce?gx-no-cache=1781035194619 HTTP/1.1" 200 18353
190.95.1.187 - - [09/Jun/2026:16:57:23 -0300] "GET /cormun/servlet/trpermisosadjuntos?18044023,20260609160351,P, HTTP/1.1" 200 6356
190.95.1.187 - - [09/Jun/2026:16:57:24 -0300] "GET /cormun/servlet/permisosadjuntos?INS,18044023,P,20260609160351,, HTTP/1.1" 200 5652
190.95.1.187 - - [09/Jun/2026:16:57:25 -0300] "GET /cormun/static/about:blank HTTP/1.1" 404 1011
190.95.1.187 - - [09/Jun/2026:16:57:35 -0300] "POST /cormun/servlet/permisosadjuntos?622eafd71ce4d511199adcf34d870f8b,INS,18044023,P,20260609160351,, HTTP/1.1" 200 116
190.95.1.187 - - [09/Jun/2026:16:57:35 -0300] "GET /cormun/servlet/hpexe_return? HTTP/1.1" 200 1031
190.95.1.187 - - [09/Jun/2026:16:57:36 -0300] "GET /cormun/servlet/trpermisosadjuntos?18044023,20260609160351,P, HTTP/1.1" 200 6832
190.95.1.187 - - [09/Jun/2026:16:57:38 -0300] "POST /cormun/servlet/trpermisosadjuntos?622eafd71ce4d511199adcf34d870f8b,18044023,20260609160351,P,,gx-no-cache=1781035454843 HTTP/1.1" 200 90
190.95.1.187 - - [09/Jun/2026:16:57:38 -0300] "GET /cormun/servlet/hpexe_link HTTP/1.1" 200 999
190.95.1.187 - - [09/Jun/2026:16:57:38 -0300] "GET /cormun/servlet/trpermisosgoce?gx-no-cache=1781035194619 HTTP/1.1" 200 18317
190.95.1.187 - - [09/Jun/2026:16:57:41 -0300] "POST /cormun/servlet/trpermisosgoce?622eafd71ce4d511199adcf34d870f8b,gx-no-cache=1781035194619,gx-no-cache=1781035458273 HTTP/1.1" 200 15516
190.95.1.187 - - [09/Jun/2026:16:57:45 -0300] "GET /cormun/servlet/permisogoce?INS,0,,, HTTP/1.1" 200 6897
190.95.1.187 - - [09/Jun/2026:16:57:59 -0300] "GET /cormun/servlet/permisogoce?ff09c7651d59624d864c070adf18ead02631f62d269fbc6f73ce8012fdab7d7b61d7e60b75c6aad26d89d604c12cf11d24928476e38b824f47227699e44236d4,gx-no-cache=1781035476305 HTTP/1.1" 200 92
190.95.1.187 - - [09/Jun/2026:16:58:06 -0300] "GET /cormun/servlet/permisogoce?ff09c7651d59624d864c070adf18ead0f7c4e04f058defc67a0d870f9727739e07fb525eada1907d9abf8a9c700fef68fa8ba010de3b6dde580470fbbefb9927,gx-no-cache=1781035483405 HTTP/1.1" 200 47
190.95.1.187 - - [09/Jun/2026:16:58:09 -0300] "POST /cormun/servlet/permisogoce?622eafd71ce4d511199adcf34d870f8b,INS,0,,,,gx-no-cache=1781035485689 HTTP/1.1" 200 93
190.95.1.187 - - [09/Jun/2026:16:58:09 -0300] "GET /cormun/servlet/hpexe_return? HTTP/1.1" 200 1025
190.95.1.187 - - [09/Jun/2026:16:58:09 -0300] "GET /cormun/servlet/trpermisosgoce?gx-no-cache=1781035194619 HTTP/1.1" 200 18339
190.95.15.9 - - [09/Jun/2026:16:58:16 -0300] "POST /cormun/servlet/trsolicitudot?b59f53d517d5651aed16870e1231724b,gx-no-cache=1781035495037 HTTP/1.1" 200 107
190.95.15.9 - - [09/Jun/2026:16:58:16 -0300] "GET /cormun/servlet/trsolicitudadjuntos?2026,23719, HTTP/1.1" 200 6402
190.95.15.9 - - [09/Jun/2026:16:58:18 -0300] "GET /cormun/servlet/solicitudotadjuntos?INS,2026,23719,,1, HTTP/1.1" 200 6349
190.95.15.9 - - [09/Jun/2026:16:58:18 -0300] "GET /cormun/static/gxcfg.js?202211298385187 HTTP/1.1" 200 953
190.95.15.9 - - [09/Jun/2026:16:58:18 -0300] "GET /cormun/static/solicitudotadjuntos.js?202211298385196 HTTP/1.1" 200 11771
190.95.15.9 - - [09/Jun/2026:16:58:18 -0300] "GET /cormun/static/about:blank HTTP/1.1" 404 1011
190.95.15.9 - - [09/Jun/2026:16:58:18 -0300] "GET /cormun/servlet/solicitudotadjuntos?7bc64925a490cb141b07b502e1ee5753910cc8e7d1aed8512a67a806709dcc08b967a6da2964e2171d6cabccc8b027b2,gx-no-cache=1781035497668 HTTP/1.1" 200 30
190.95.15.9 - - [09/Jun/2026:16:58:18 -0300] "POST /cormun/servlet/solicitudotadjuntos?b59f53d517d5651aed16870e1231724b,INS,2026,23719,,1,,gx-no-cache=1781035497688 HTTP/1.1" 200 4149
190.95.1.187 - - [09/Jun/2026:16:58:21 -0300] "GET /cormun/servlet/trpermisosadjuntos?14550284,20260609160535,P, HTTP/1.1" 200 6365
190.95.1.187 - - [09/Jun/2026:16:58:23 -0300] "GET /cormun/servlet/permisosadjuntos?INS,14550284,P,20260609160535,, HTTP/1.1" 200 5661
190.95.1.187 - - [09/Jun/2026:16:58:23 -0300] "GET /cormun/static/about:blank HTTP/1.1" 404 1011
190.95.15.9 - - [09/Jun/2026:16:58:24 -0300] "POST /cormun/servlet/solicitudotadjuntos?gx-no-cache=1781035502876 HTTP/1.1" 200 26
190.95.1.187 - - [09/Jun/2026:16:58:39 -0300] "POST /cormun/servlet/permisosadjuntos?622eafd71ce4d511199adcf34d870f8b,INS,14550284,P,20260609160535,, HTTP/1.1" 200 116
190.95.1.187 - - [09/Jun/2026:16:58:39 -0300] "GET /cormun/servlet/hpexe_return? HTTP/1.1" 200 1033
190.95.1.187 - - [09/Jun/2026:16:58:39 -0300] "GET /cormun/servlet/trpermisosadjuntos?14550284,20260609160535,P, HTTP/1.1" 200 6851
190.95.1.187 - - [09/Jun/2026:16:58:41 -0300] "POST /cormun/servlet/trpermisosadjuntos?622eafd71ce4d511199adcf34d870f8b,14550284,20260609160535,P,,gx-no-cache=1781035518316 HTTP/1.1" 200 90
190.95.1.187 - - [09/Jun/2026:16:58:41 -0300] "GET /cormun/servlet/hpexe_link HTTP/1.1" 200 1000
190.95.1.187 - - [09/Jun/2026:16:58:41 -0300] "GET /cormun/servlet/trpermisosgoce?gx-no-cache=1781035194619 HTTP/1.1" 200 18336
190.95.1.187 - - [09/Jun/2026:16:58:44 -0300] "POST /cormun/servlet/trpermisosgoce?622eafd71ce4d511199adcf34d870f8b,gx-no-cache=1781035194619,gx-no-cache=1781035520922 HTTP/1.1" 200 15640
190.95.1.187 - - [09/Jun/2026:16:58:48 -0300] "GET /cormun/servlet/permisogoce?INS,0,,, HTTP/1.1" 200 6897
190.95.1.187 - - [09/Jun/2026:16:58:53 -0300] "GET /cormun/servlet/permisogoce?ff09c7651d59624d864c070adf18ead0b173d9b6e8ac86657f5e0f24b6ceec5e61d7e60b75c6aad26d89d604c12cf11d24928476e38b824f47227699e44236d4,gx-no-cache=1781035530061 HTTP/1.1" 200 74
190.95.1.187 - - [09/Jun/2026:16:59:00 -0300] "GET /cormun/servlet/permisogoce?ff09c7651d59624d864c070adf18ead097032d81e7f92935c6a4e999fab1a140c8bedb42dca5680dcec38dc4464f4fbfea7538762dfd4414f55ea89c48505e50,gx-no-cache=1781035537294 HTTP/1.1" 200 47
190.95.1.187 - - [09/Jun/2026:16:59:04 -0300] "POST /cormun/servlet/permisogoce?622eafd71ce4d511199adcf34d870f8b,INS,0,,,,gx-no-cache=1781035540524 HTTP/1.1" 200 93
190.95.1.187 - - [09/Jun/2026:16:59:04 -0300] "GET /cormun/servlet/hpexe_return? HTTP/1.1" 200 1025
190.95.1.187 - - [09/Jun/2026:16:59:04 -0300] "GET /cormun/servlet/trpermisosgoce?gx-no-cache=1781035194619 HTTP/1.1" 200 18305
190.95.1.187 - - [09/Jun/2026:16:59:21 -0300] "POST /cormun/servlet/trpermisosgoce?622eafd71ce4d511199adcf34d870f8b,gx-no-cache=1781035194619,gx-no-cache=1781035557921 HTTP/1.1" 200 15656
190.95.1.187 - - [09/Jun/2026:16:59:22 -0300] "GET /cormun/servlet/trpermisosadjuntos?17440098,20260609160639,P, HTTP/1.1" 200 6351
190.95.1.187 - - [09/Jun/2026:16:59:24 -0300] "GET /cormun/servlet/permisosadjuntos?INS,17440098,P,20260609160639,, HTTP/1.1" 200 5648
190.95.1.187 - - [09/Jun/2026:16:59:24 -0300] "GET /cormun/static/about:blank HTTP/1.1" 404 1011
190.95.1.187 - - [09/Jun/2026:16:59:37 -0300] "POST /cormun/servlet/permisosadjuntos?622eafd71ce4d511199adcf34d870f8b,INS,17440098,P,20260609160639,, HTTP/1.1" 200 116
190.95.1.187 - - [09/Jun/2026:16:59:37 -0300] "GET /cormun/servlet/hpexe_return? HTTP/1.1" 200 1032
190.95.1.187 - - [09/Jun/2026:16:59:37 -0300] "GET /cormun/servlet/trpermisosadjuntos?17440098,20260609160639,P, HTTP/1.1" 200 6824
190.95.1.187 - - [09/Jun/2026:16:59:39 -0300] "POST /cormun/servlet/trpermisosadjuntos?622eafd71ce4d511199adcf34d870f8b,17440098,20260609160639,P,,gx-no-cache=1781035576644 HTTP/1.1" 200 90
190.95.1.187 - - [09/Jun/2026:16:59:39 -0300] "GET /cormun/servlet/hpexe_link HTTP/1.1" 200 1000
190.95.1.187 - - [09/Jun/2026:16:59:40 -0300] "GET /cormun/servlet/trpermisosgoce?gx-no-cache=1781035194619 HTTP/1.1" 200 18302
190.95.1.187 - - [09/Jun/2026:16:59:44 -0300] "POST /cormun/servlet/trpermisosgoce?622eafd71ce4d511199adcf34d870f8b,gx-no-cache=1781035194619,gx-no-cache=1781035580559 HTTP/1.1" 200 15621
190.95.1.187 - - [09/Jun/2026:16:59:50 -0300] "GET /cormun/servlet/permisogoce?INS,0,,, HTTP/1.1" 200 6897
190.95.1.187 - - [09/Jun/2026:16:59:54 -0300] "GET /cormun/servlet/permisogoce?ff09c7651d59624d864c070adf18ead0541a8ecaf025d4900028b6e539ee906961d7e60b75c6aad26d89d604c12cf11d24928476e38b824f47227699e44236d4,gx-no-cache=1781035591621 HTTP/1.1" 200 86
190.95.1.187 - - [09/Jun/2026:17:00:02 -0300] "GET /cormun/servlet/permisogoce?ff09c7651d59624d864c070adf18ead0701f3d0ab7b1626345d2ef619a88b82994357c952590c578ca73600fa1164374fa8ba010de3b6dde580470fbbefb9927,gx-no-cache=1781035599253 HTTP/1.1" 200 47
190.95.1.187 - - [09/Jun/2026:17:00:05 -0300] "POST /cormun/servlet/permisogoce?622eafd71ce4d511199adcf34d870f8b,INS,0,,,,gx-no-cache=1781035601444 HTTP/1.1" 200 93
190.95.1.187 - - [09/Jun/2026:17:00:05 -0300] "GET /cormun/servlet/hpexe_return? HTTP/1.1" 200 1025
190.95.1.187 - - [09/Jun/2026:17:00:05 -0300] "GET /cormun/servlet/trpermisosgoce?gx-no-cache=1781035194619 HTTP/1.1" 200 18329
190.95.1.187 - - [09/Jun/2026:17:00:15 -0300] "GET /cormun/servlet/trpermisosadjuntos?19249493,20260609160740,P, HTTP/1.1" 200 6360
190.95.1.187 - - [09/Jun/2026:17:00:17 -0300] "GET /cormun/servlet/permisosadjuntos?INS,19249493,P,20260609160740,, HTTP/1.1" 200 5656
190.95.1.187 - - [09/Jun/2026:17:00:17 -0300] "GET /cormun/static/about:blank HTTP/1.1" 404 1011
190.95.1.187 - - [09/Jun/2026:17:00:30 -0300] "POST /cormun/servlet/permisosadjuntos?622eafd71ce4d511199adcf34d870f8b,INS,19249493,P,20260609160740,, HTTP/1.1" 200 116
190.95.1.187 - - [09/Jun/2026:17:00:31 -0300] "GET /cormun/servlet/hpexe_return? HTTP/1.1" 200 1032
190.95.1.187 - - [09/Jun/2026:17:00:31 -0300] "GET /cormun/servlet/trpermisosadjuntos?19249493,20260609160740,P, HTTP/1.1" 200 6839
190.95.1.187 - - [09/Jun/2026:17:00:35 -0300] "POST /cormun/servlet/trpermisosadjuntos?622eafd71ce4d511199adcf34d870f8b,19249493,20260609160740,P,,gx-no-cache=1781035631777 HTTP/1.1" 200 90
190.95.1.187 - - [09/Jun/2026:17:00:35 -0300] "GET /cormun/servlet/hpexe_link HTTP/1.1" 200 1000
190.95.1.187 - - [09/Jun/2026:17:00:35 -0300] "GET /cormun/servlet/trpermisosgoce?gx-no-cache=1781035194619 HTTP/1.1" 200 18326
190.95.1.187 - - [09/Jun/2026:17:00:37 -0300] "POST /cormun/servlet/trpermisosgoce?622eafd71ce4d511199adcf34d870f8b,gx-no-cache=1781035194619,gx-no-cache=1781035634164 HTTP/1.1" 200 15631
190.95.1.187 - - [09/Jun/2026:17:00:39 -0300] "GET /cormun/servlet/permisogoce?INS,0,,, HTTP/1.1" 200 6897
190.95.1.187 - - [09/Jun/2026:17:00:44 -0300] "GET /cormun/servlet/permisogoce?ff09c7651d59624d864c070adf18ead04b5c97aeb4bacc627ac93d1c02204bd552ad6341320261c9a4d5b4c84e5ff2c0af125c1622180ce9a44baaf398894eea,gx-no-cache=1781035640732 HTTP/1.1" 200 226
190.95.1.187 - - [09/Jun/2026:17:00:44 -0300] "GET /cormun/static/Shared/jqueryui/images/ui-icons_ebccce_256x240.png HTTP/1.1" 404 1089
190.95.1.187 - - [09/Jun/2026:17:00:44 -0300] "GET /cormun/static/Shared/jqueryui/images/ui-bg_flat_55_994d53_40x100.png HTTP/1.1" 404 1097
190.95.1.187 - - [09/Jun/2026:17:00:53 -0300] "GET /cormun/servlet/permisogoce?ff09c7651d59624d864c070adf18ead0701d9b3f611dca16a4fe548b8ca79ac961d7e60b75c6aad26d89d604c12cf11d24928476e38b824f47227699e44236d4,gx-no-cache=1781035649993 HTTP/1.1" 200 226
190.95.1.187 - - [09/Jun/2026:17:01:00 -0300] "GET /cormun/servlet/permisogoce?ff09c7651d59624d864c070adf18ead0701d9b3f611dca16a4fe548b8ca79ac961d7e60b75c6aad26d89d604c12cf11d24928476e38b824f47227699e44236d4,gx-no-cache=1781035656964 HTTP/1.1" 200 226
190.95.1.187 - - [09/Jun/2026:17:01:08 -0300] "GET /cormun/servlet/permisogoce?ff09c7651d59624d864c070adf18ead0e5a56c6c3a7a4482d3c230d1ac5f011561d7e60b75c6aad26d89d604c12cf11d24928476e38b824f47227699e44236d4,gx-no-cache=1781035665483 HTTP/1.1" 200 83
201.186.225.185 - - [09/Jun/2026:17:01:16 -0300] "GET /cormun/servlet/solicitudot?INS,0,0,false, HTTP/1.1" 200 15218
201.186.225.185 - - [09/Jun/2026:17:01:17 -0300] "GET /cormun/servlet/hlogin HTTP/1.1" 200 1741
190.95.1.187 - - [09/Jun/2026:17:01:18 -0300] "GET /cormun/servlet/permisogoce?ff09c7651d59624d864c070adf18ead031f6e010dd29e48ca06b4b7300ae7016d99a7182aed71b441838a0b97de2e226fa8ba010de3b6dde580470fbbefb9927,gx-no-cache=1781035674797 HTTP/1.1" 200 48
190.95.1.187 - - [09/Jun/2026:17:01:20 -0300] "POST /cormun/servlet/permisogoce?622eafd71ce4d511199adcf34d870f8b,INS,0,,,,gx-no-cache=1781035676976 HTTP/1.1" 200 93
190.95.1.187 - - [09/Jun/2026:17:01:20 -0300] "GET /cormun/servlet/hpexe_return? HTTP/1.1" 200 1025
190.95.1.187 - - [09/Jun/2026:17:01:20 -0300] "GET /cormun/servlet/trpermisosgoce?gx-no-cache=1781035194619 HTTP/1.1" 200 18336
201.186.225.185 - - [09/Jun/2026:17:01:22 -0300] "POST /cormun/servlet/hlogin?46f706e53b6c2a12d7cdbe573344dcbb,gx-no-cache=1781035681727 HTTP/1.1" 200 90
201.186.225.185 - - [09/Jun/2026:17:01:22 -0300] "GET /cormun/servlet/hpexe_link HTTP/1.1" 200 962
201.186.225.185 - - [09/Jun/2026:17:01:22 -0300] "GET /cormun/servlet/solicitudot?INS,0,0,false, HTTP/1.1" 200 16054
190.95.1.187 - - [09/Jun/2026:17:01:28 -0300] "GET /cormun/servlet/trpermisosadjuntos?13719561,20260609160829,P, HTTP/1.1" 200 6357
201.186.225.185 - - [09/Jun/2026:17:01:29 -0300] "GET /cormun/servlet/trsolicitudot? HTTP/1.1" 200 8834
190.95.1.187 - - [09/Jun/2026:17:01:30 -0300] "GET /cormun/servlet/permisosadjuntos?INS,13719561,P,20260609160829,, HTTP/1.1" 200 5652
190.95.1.187 - - [09/Jun/2026:17:01:30 -0300] "GET /cormun/static/about:blank HTTP/1.1" 404 1011
201.186.225.185 - - [09/Jun/2026:17:01:32 -0300] "GET /cormun/servlet/solicitudot?INS,0,0,false, HTTP/1.1" 200 16052
190.95.1.187 - - [09/Jun/2026:17:01:44 -0300] "POST /cormun/servlet/permisosadjuntos?622eafd71ce4d511199adcf34d870f8b,INS,13719561,P,20260609160829,, HTTP/1.1" 200 116
190.95.1.187 - - [09/Jun/2026:17:01:44 -0300] "GET /cormun/servlet/hpexe_return? HTTP/1.1" 200 1032
190.95.1.187 - - [09/Jun/2026:17:01:44 -0300] "GET /cormun/servlet/trpermisosadjuntos?13719561,20260609160829,P, HTTP/1.1" 200 6832
201.186.225.185 - - [09/Jun/2026:17:01:45 -0300] "POST /cormun/servlet/solicitudot?gx-no-cache=1781035704570 HTTP/1.1" 200 4115
201.186.225.185 - - [09/Jun/2026:17:01:45 -0300] "GET /cormun/static/Shared/jqueryui/images/ui-bg_highlight-soft_100_c6c2c8_1x100.png HTTP/1.1" 404 1117
201.186.225.185 - - [09/Jun/2026:17:01:45 -0300] "GET /cormun/static/Shared/jqueryui/images/ui-icons_ebccce_256x240.png HTTP/1.1" 404 1089
201.186.225.185 - - [09/Jun/2026:17:01:45 -0300] "GET /cormun/static/Shared/jqueryui/images/ui-icons_82798d_256x240.png HTTP/1.1" 404 1089
201.186.225.185 - - [09/Jun/2026:17:01:45 -0300] "GET /cormun/static/Shared/jqueryui/images/ui-bg_flat_55_994d53_40x100.png HTTP/1.1" 404 1097
201.186.225.185 - - [09/Jun/2026:17:01:45 -0300] "GET /cormun/servlet/solicitudot?701e432bc8ece25ce9c08e7b77d6bba654cb4b133c69a38f33137cf788052f55,gx-no-cache=1781035704650 HTTP/1.1" 200 111
