179.57.78.9 - - [05/Jun/2026:13:36:35 -0300] "POST /cormun/servlet/solicitudot?gx-no-cache=1780677802400 HTTP/1.1" 200 4055
179.57.78.9 - - [05/Jun/2026:13:36:36 -0300] "POST /cormun/servlet/solicitudot?4b2b2e09544904e016872431b085987c,INS,0,0,false,,gx-no-cache=1780677802496 HTTP/1.1" 200 12940
179.57.78.9 - - [05/Jun/2026:13:36:38 -0300] "GET /cormun/servlet/solicitudot?2c1e367a88ec16312aa19d2be5f02718c298f28ae8195c6b48a41ec28e79586025e80a516fd8afbedf49102cbc393e0c,gx-no-cache=1780677805186 HTTP/1.1" 200 30
179.57.78.55 - - [05/Jun/2026:13:36:54 -0300] "GET /cormun/servlet/trlicencias? HTTP/1.1" 200 6056
179.57.78.55 - - [05/Jun/2026:13:36:54 -0300] "GET /cormun/servlet/hlogin HTTP/1.1" 200 1744
179.57.78.55 - - [05/Jun/2026:13:36:54 -0300] "GET /cormun/servlet/trlicencias? HTTP/1.1" 200 6056
179.57.78.55 - - [05/Jun/2026:13:37:05 -0300] "POST /cormun/servlet/hlogin?db2564c19510fd44980809b2d05034c5,gx-no-cache=1780677830388 HTTP/1.1" 200 90
179.57.78.55 - - [05/Jun/2026:13:37:05 -0300] "GET /cormun/servlet/hpexe_link HTTP/1.1" 200 961
179.57.78.55 - - [05/Jun/2026:13:37:05 -0300] "GET /cormun/servlet/trlicencias HTTP/1.1" 200 11284
179.57.78.9 - - [05/Jun/2026:13:38:29 -0300] "GET /cormun/servlet/prbanco?,MD,,gxPopupLevel%3D0%3B HTTP/1.1" 200 6765
179.57.78.9 - - [05/Jun/2026:13:38:29 -0300] "GET /cormun/static/gxcfg.js?20201216131581 HTTP/1.1" 200 953
179.57.78.9 - - [05/Jun/2026:13:38:29 -0300] "GET /cormun/static/prbanco.js?20201216132311 HTTP/1.1" 200 10693
190.95.15.27 - - [05/Jun/2026:13:38:29 -0300] "POST /cormun/servlet/solicitudotadjuntos?gx-no-cache=1780677916360 HTTP/1.1" 440 972
190.95.15.27 - - [05/Jun/2026:13:38:31 -0300] "GET /cormun/servlet/solicitudotadjuntos?INS,2026,23706,,1, HTTP/1.1" 200 5222
190.95.15.27 - - [05/Jun/2026:13:38:31 -0300] "GET /cormun/static/about:blank HTTP/1.1" 404 1011
190.95.15.27 - - [05/Jun/2026:13:38:31 -0300] "GET /cormun/servlet/hlogin HTTP/1.1" 200 1761
179.57.78.9 - - [05/Jun/2026:13:38:35 -0300] "GET /cormun/servlet/solicitudot?2c1e367a88ec16312aa19d2be5f0271887680f1caf951eb1d9534bd460e439e1489dd0723aa6baa13a1c04ff413163f5,gx-no-cache=1780677922096 HTTP/1.1" 200 30
190.95.15.27 - - [05/Jun/2026:13:38:38 -0300] "POST /cormun/servlet/hlogin?e290cef1198f0952d3a4e76b0a89fb82,gx-no-cache=1780677924661 HTTP/1.1" 200 90
190.95.15.27 - - [05/Jun/2026:13:38:38 -0300] "GET /cormun/servlet/hpexe_link HTTP/1.1" 200 977
190.95.15.27 - - [05/Jun/2026:13:38:38 -0300] "GET /cormun/servlet/solicitudotadjuntos?INS,2026,23706,,1, HTTP/1.1" 200 5844
190.95.15.27 - - [05/Jun/2026:13:38:38 -0300] "GET /cormun/static/about:blank HTTP/1.1" 404 1011
190.95.15.27 - - [05/Jun/2026:13:38:38 -0300] "GET /cormun/servlet/solicitudotadjuntos?f4158fda11cfeaf729a6c7ab2a2b93370e1fb7dc37ee2d45c90a89e30dd994a720c3c137a1445c7088cc253d7477aa45,gx-no-cache=1780677925442 HTTP/1.1" 200 30
190.95.15.27 - - [05/Jun/2026:13:38:39 -0300] "POST /cormun/servlet/solicitudotadjuntos?e290cef1198f0952d3a4e76b0a89fb82,INS,2026,23706,,1,,gx-no-cache=1780677925469 HTTP/1.1" 200 3606
179.57.78.9 - - [05/Jun/2026:13:38:42 -0300] "GET /cormun/servlet/solicitudot?2c1e367a88ec16312aa19d2be5f0271834efd132f7a428f43f90d31655b5f15c,gx-no-cache=1780677929433 HTTP/1.1" 200 45
190.95.15.27 - - [05/Jun/2026:13:38:45 -0300] "POST /cormun/servlet/solicitudotadjuntos?gx-no-cache=1780677932361 HTTP/1.1" 200 26
190.95.15.27 - - [05/Jun/2026:13:38:46 -0300] "GET /cormun/servlet/solicitudotadjuntos?f4158fda11cfeaf729a6c7ab2a2b9337859e4d29f5e7cd265f26c99cf373df21,gx-no-cache=1780677933400 HTTP/1.1" 200 30
190.95.15.27 - - [05/Jun/2026:13:38:46 -0300] "GET /cormun/servlet/solicitudotadjuntos?f4158fda11cfeaf729a6c7ab2a2b9337859e4d29f5e7cd265f26c99cf373df21,gx-no-cache=1780677933418 HTTP/1.1" 200 30
190.95.15.27 - - [05/Jun/2026:13:38:47 -0300] "POST /cormun/servlet/solicitudotadjuntos?e290cef1198f0952d3a4e76b0a89fb82,INS,2026,23706,,1,,gx-no-cache=1780677933442 HTTP/1.1" 200 93
190.95.15.27 - - [05/Jun/2026:13:38:47 -0300] "GET /cormun/servlet/hpexe_return? HTTP/1.1" 200 1021
190.95.15.27 - - [05/Jun/2026:13:38:47 -0300] "GET /cormun/servlet/hhome HTTP/1.1" 200 3964
190.95.15.27 - - [05/Jun/2026:13:38:50 -0300] "GET /cormun/servlet/solicitudotadjuntos?INS,2026,23706,,1, HTTP/1.1" 200 6018
190.95.15.27 - - [05/Jun/2026:13:38:50 -0300] "GET /cormun/static/about:blank HTTP/1.1" 404 1011
190.95.15.27 - - [05/Jun/2026:13:38:50 -0300] "GET /cormun/servlet/solicitudotadjuntos?f4158fda11cfeaf729a6c7ab2a2b93370e1fb7dc37ee2d45c90a89e30dd994a720c3c137a1445c7088cc253d7477aa45,gx-no-cache=1780677937147 HTTP/1.1" 200 30
190.95.15.27 - - [05/Jun/2026:13:38:50 -0300] "POST /cormun/servlet/solicitudotadjuntos?e290cef1198f0952d3a4e76b0a89fb82,INS,2026,23706,,1,,gx-no-cache=1780677937171 HTTP/1.1" 200 3868
190.95.15.27 - - [05/Jun/2026:13:38:53 -0300] "POST /cormun/servlet/solicitudotadjuntos?gx-no-cache=1780677940067 HTTP/1.1" 200 26
179.57.78.9 - - [05/Jun/2026:13:38:56 -0300] "POST /cormun/servlet/solicitudot?gx-no-cache=1780677943343 HTTP/1.1" 200 255
190.95.15.27 - - [05/Jun/2026:13:38:58 -0300] "GET /cormun/servlet/solicitudotadjuntos?f4158fda11cfeaf729a6c7ab2a2b9337859e4d29f5e7cd265f26c99cf373df21,gx-no-cache=1780677944899 HTTP/1.1" 200 30
190.95.15.27 - - [05/Jun/2026:13:38:58 -0300] "GET /cormun/servlet/solicitudotadjuntos?f4158fda11cfeaf729a6c7ab2a2b9337859e4d29f5e7cd265f26c99cf373df21,gx-no-cache=1780677944917 HTTP/1.1" 200 30
190.95.15.27 - - [05/Jun/2026:13:38:58 -0300] "POST /cormun/servlet/solicitudotadjuntos?e290cef1198f0952d3a4e76b0a89fb82,INS,2026,23706,,1, HTTP/1.1" 200 6164
190.95.15.27 - - [05/Jun/2026:13:38:58 -0300] "GET /cormun/static/Shared/jqueryui/images/ui-icons_82798d_256x240.png HTTP/1.1" 404 1089
190.95.15.27 - - [05/Jun/2026:13:38:58 -0300] "GET /cormun/static/Shared/jqueryui/images/ui-bg_highlight-soft_100_c6c2c8_1x100.png HTTP/1.1" 404 1117
190.95.15.27 - - [05/Jun/2026:13:38:58 -0300] "GET /cormun/static/Shared/jqueryui/images/ui-icons_ebccce_256x240.png HTTP/1.1" 404 1089
190.95.15.27 - - [05/Jun/2026:13:38:58 -0300] "GET /cormun/static/Shared/jqueryui/images/ui-bg_flat_55_994d53_40x100.png HTTP/1.1" 404 1097
190.95.15.27 - - [05/Jun/2026:13:38:58 -0300] "GET /cormun/PrivateTempStorage/upload_00001219.pdf HTTP/1.1" 200 39184
179.57.78.9 - - [05/Jun/2026:13:38:58 -0300] "GET /cormun/servlet/solicitudot?2c1e367a88ec16312aa19d2be5f02718f975dd86962de50882a835c95e36a8c7041521fd682db33295a3ffa909e5cb20161282eb778748bd40b6a5d3796aafadb6a2544063d36423a93e1786121f2f83d2bb76726cb9602f47f0d0846263b1992c38201c9bd91c413af0c23b098c051691b4620c3d1f52ae50bc82dc0a6f9c76520b8b30e9eccb345649496eb76a8f228f35359c0f99a01950989fcdd1022c4393eb3e7d5f7e75e87fc15b3bf061c97233f463e2b0063e62859925bb39f731ad8b2a116af57d88649e3d142085d5179eb405874496bd465d0da2be48f74fbe5ec579b36e7da13e212b8bf359e17dbde1ecb54fd07e909f7c600981174a58f8ca2602453cdca1f7e69495b6ffa5de2df84f306bdc44df979082175d7bff25cd5c23a0e9625eb6dc79f240951acde9cced27326d72c5dd6165d5ed2b696708ec4041a054c9f6bdb604b589670f09696264734ca5bad354758c2da384bd304c76009968a384bbdb882d9004652781a241157777ecd9cb1ddcb0fdeb15f423a371f7,gx-no-cache=1780677945464 HTTP/1.1" 200 30
190.95.15.27 - - [05/Jun/2026:13:39:00 -0300] "GET /cormun/servlet/solicitudotadjuntos?f4158fda11cfeaf729a6c7ab2a2b9337c500ec440e0ec0622ce3a85b01e2dc613694598c5c8a6392b8fd3afa4e4006db,gx-no-cache=1780677947276 HTTP/1.1" 200 30
190.95.15.27 - - [05/Jun/2026:13:39:00 -0300] "POST /cormun/servlet/solicitudotadjuntos?e290cef1198f0952d3a4e76b0a89fb82,INS,2026,23706,,1, HTTP/1.1" 200 6163
190.95.15.27 - - [05/Jun/2026:13:39:00 -0300] "GET /cormun/PrivateTempStorage/upload_00001231.pdf HTTP/1.1" 200 39184
190.95.15.27 - - [05/Jun/2026:13:39:01 -0300] "GET /cormun/servlet/solicitudotadjuntos?f4158fda11cfeaf729a6c7ab2a2b9337233e68d8c37a3e14b21656745df0633d3694598c5c8a6392b8fd3afa4e4006db,gx-no-cache=1780677948444 HTTP/1.1" 200 30
190.95.15.27 - - [05/Jun/2026:13:39:02 -0300] "POST /cormun/servlet/solicitudotadjuntos?e290cef1198f0952d3a4e76b0a89fb82,INS,2026,23706,,1, HTTP/1.1" 200 6163
190.95.15.27 - - [05/Jun/2026:13:39:02 -0300] "GET /cormun/PrivateTempStorage/upload_00001243.pdf HTTP/1.1" 200 39184
190.95.15.27 - - [05/Jun/2026:13:39:04 -0300] "GET /cormun/servlet/trsolicitudot? HTTP/1.1" 200 8619
190.95.15.27 - - [05/Jun/2026:13:39:07 -0300] "POST /cormun/servlet/trsolicitudot?e290cef1198f0952d3a4e76b0a89fb82,,gx-no-cache=1780677953897 HTTP/1.1" 200 107
190.95.15.27 - - [05/Jun/2026:13:39:07 -0300] "GET /cormun/servlet/trsolicitudadjuntos?2026,23706, HTTP/1.1" 200 10142
190.95.15.27 - - [05/Jun/2026:13:39:12 -0300] "GET /cormun/servlet/solicitudotadjuntos?INS,2026,23706,,1, HTTP/1.1" 200 6024
190.95.15.27 - - [05/Jun/2026:13:39:13 -0300] "GET /cormun/static/about:blank HTTP/1.1" 404 1011
190.95.15.27 - - [05/Jun/2026:13:39:13 -0300] "GET /cormun/servlet/solicitudotadjuntos?f4158fda11cfeaf729a6c7ab2a2b93370e1fb7dc37ee2d45c90a89e30dd994a720c3c137a1445c7088cc253d7477aa45,gx-no-cache=1780677959993 HTTP/1.1" 200 30
190.95.15.27 - - [05/Jun/2026:13:39:13 -0300] "POST /cormun/servlet/solicitudotadjuntos?e290cef1198f0952d3a4e76b0a89fb82,INS,2026,23706,,1,,gx-no-cache=1780677960022 HTTP/1.1" 200 3880
179.57.78.9 - - [05/Jun/2026:13:39:15 -0300] "POST /cormun/servlet/solicitudot?gx-no-cache=1780677961807 HTTP/1.1" 200 30
179.57.78.9 - - [05/Jun/2026:13:39:16 -0300] "POST /cormun/servlet/solicitudot?gx-no-cache=1780677963222 HTTP/1.1" 200 1505
179.57.78.9 - - [05/Jun/2026:13:39:16 -0300] "POST /cormun/servlet/solicitudot?gx-no-cache=1780677963260 HTTP/1.1" 200 38
179.57.78.9 - - [05/Jun/2026:13:39:41 -0300] "GET /cormun/servlet/solicitudot?2c1e367a88ec16312aa19d2be5f0271841e14ecbb7f0d81ba5bb9638045cc8be79a0a50692b8c0bd112b4f89857eed511124ab2a8be53e6746ca8102d3897a0d6293326658966f7a15746fd21785a13019700a8ae3d253fdfc0116c79bc81e124cb1065647938229453e54c42b80b8de,gx-no-cache=1780677987739 HTTP/1.1" 200 110
201.186.225.191 - - [05/Jun/2026:13:39:48 -0300] "GET /cormun/servlet/hlogin HTTP/1.1" 200 1718
179.57.78.9 - - [05/Jun/2026:13:39:50 -0300] "POST /cormun/servlet/solicitudot?gx-no-cache=1780677996633 HTTP/1.1" 200 110
179.57.78.9 - - [05/Jun/2026:13:39:56 -0300] "GET /cormun/servlet/solicitudot?2c1e367a88ec16312aa19d2be5f02718a02f2509fdd619787caafca90cdce5bf75892321275b7e33c1ce14dca8633f735af08e9791e795196f0c352d69a06f82973899f81d680e46d17b579195f74b56253b3a788e65a1d45d26ffe9362b5797bf3028445a8f007ff0e90f58cdd74643,gx-no-cache=1780678003055 HTTP/1.1" 200 29
179.57.78.9 - - [05/Jun/2026:13:39:56 -0300] "GET /cormun/static/menuarrow.gif HTTP/1.1" 404 1015
179.57.78.9 - - [05/Jun/2026:13:39:59 -0300] "GET /cormun/servlet/solicitudot?2c1e367a88ec16312aa19d2be5f027185082e37e673fc8db6f406535c419acca66c211cefe1ab20cdca069cd9b41e077,gx-no-cache=1780678005518 HTTP/1.1" 200 30
201.186.225.191 - - [05/Jun/2026:13:40:09 -0300] "POST /cormun/servlet/hlogin?5f5f8c7bf5a91f3b64283a0c9f168d8d,gx-no-cache=1780678014459 HTTP/1.1" 200 90
201.186.225.191 - - [05/Jun/2026:13:40:09 -0300] "GET /cormun/servlet/hpexe_link HTTP/1.1" 200 951
201.186.225.191 - - [05/Jun/2026:13:40:09 -0300] "GET /cormun/servlet/hhome HTTP/1.1" 200 4217
201.186.225.191 - - [05/Jun/2026:13:40:14 -0300] "GET /cormun/servlet/trpermisosgoce? HTTP/1.1" 200 15549
179.57.78.9 - - [05/Jun/2026:13:40:16 -0300] "POST /cormun/servlet/solicitudot?gx-no-cache=1780678023154 HTTP/1.1" 200 30
179.57.78.9 - - [05/Jun/2026:13:40:32 -0300] "POST /cormun/servlet/solicitudot?4b2b2e09544904e016872431b085987c,INS,0,0,false,,gx-no-cache=1780678037841 HTTP/1.1" 200 93
179.57.78.9 - - [05/Jun/2026:13:40:32 -0300] "GET /cormun/servlet/hpexe_return? HTTP/1.1" 200 1006
179.57.78.9 - - [05/Jun/2026:13:40:32 -0300] "GET /cormun/servlet/trsolicitudot HTTP/1.1" 200 8964
179.57.78.9 - - [05/Jun/2026:13:40:36 -0300] "POST /cormun/servlet/trsolicitudot?4b2b2e09544904e016872431b085987c,gx-no-cache=1780678043170 HTTP/1.1" 200 107
179.57.78.9 - - [05/Jun/2026:13:40:36 -0300] "GET /cormun/servlet/trsolicitudadjuntos?2026,23707, HTTP/1.1" 200 6454
179.57.78.9 - - [05/Jun/2026:13:40:36 -0300] "GET /cormun/static/gxcfg.js?20201215574222 HTTP/1.1" 200 953
179.57.78.9 - - [05/Jun/2026:13:40:36 -0300] "GET /cormun/static/trsolicitudadjuntos.js?20201215574932 HTTP/1.1" 200 17921
179.57.78.9 - - [05/Jun/2026:13:40:40 -0300] "GET /cormun/servlet/solicitudotadjuntos?INS,2026,23707,,1, HTTP/1.1" 200 6396
179.57.78.9 - - [05/Jun/2026:13:40:40 -0300] "GET /cormun/static/gxcfg.js?202211298385187 HTTP/1.1" 200 953
179.57.78.9 - - [05/Jun/2026:13:40:40 -0300] "GET /cormun/static/solicitudotadjuntos.js?202211298385196 HTTP/1.1" 200 11771
179.57.78.9 - - [05/Jun/2026:13:40:40 -0300] "GET /cormun/static/about:blank HTTP/1.1" 404 1011
179.57.78.9 - - [05/Jun/2026:13:40:40 -0300] "GET /cormun/servlet/solicitudotadjuntos?2c1e367a88ec16312aa19d2be5f02718467ff1dce547f3fdc2f9cef1e3e1e7b93737086cf15a69b41e0970f3b6b6e393,gx-no-cache=1780678047357 HTTP/1.1" 200 30
179.57.78.9 - - [05/Jun/2026:13:40:40 -0300] "POST /cormun/servlet/solicitudotadjuntos?4b2b2e09544904e016872431b085987c,INS,2026,23707,,1,,gx-no-cache=1780678047375 HTTP/1.1" 200 4185
179.57.78.9 - - [05/Jun/2026:13:40:42 -0300] "POST /cormun/servlet/solicitudotadjuntos?gx-no-cache=1780678048856 HTTP/1.1" 200 26
201.186.225.191 - - [05/Jun/2026:13:40:54 -0300] "GET /cormun/servlet/permisogoce?INS,0,,, HTTP/1.1" 200 7078
179.57.78.9 - - [05/Jun/2026:13:40:57 -0300] "GET /cormun/servlet/solicitudotadjuntos?2c1e367a88ec16312aa19d2be5f02718ec878dfc722953fe72265616ff899fc2,gx-no-cache=1780678064159 HTTP/1.1" 200 30
179.57.78.9 - - [05/Jun/2026:13:40:57 -0300] "GET /cormun/servlet/solicitudotadjuntos?2c1e367a88ec16312aa19d2be5f02718ec878dfc722953fe72265616ff899fc2,gx-no-cache=1780678064173 HTTP/1.1" 200 30
179.57.78.9 - - [05/Jun/2026:13:40:57 -0300] "POST /cormun/servlet/solicitudotadjuntos?4b2b2e09544904e016872431b085987c,INS,2026,23707,,1, HTTP/1.1" 200 116
179.57.78.9 - - [05/Jun/2026:13:40:57 -0300] "GET /cormun/servlet/hpexe_return? HTTP/1.1" 200 1024
179.57.78.9 - - [05/Jun/2026:13:40:57 -0300] "GET /cormun/servlet/trsolicitudadjuntos?2026,23707, HTTP/1.1" 200 9711
179.57.78.9 - - [05/Jun/2026:13:40:59 -0300] "GET /cormun/servlet/solicitudotadjuntos?INS,2026,23707,,1, HTTP/1.1" 200 6396
179.57.78.9 - - [05/Jun/2026:13:40:59 -0300] "GET /cormun/static/about:blank HTTP/1.1" 404 1011
179.57.78.9 - - [05/Jun/2026:13:41:00 -0300] "GET /cormun/servlet/solicitudotadjuntos?2c1e367a88ec16312aa19d2be5f02718467ff1dce547f3fdc2f9cef1e3e1e7b93737086cf15a69b41e0970f3b6b6e393,gx-no-cache=1780678066888 HTTP/1.1" 200 30
179.57.78.9 - - [05/Jun/2026:13:41:00 -0300] "POST /cormun/servlet/solicitudotadjuntos?4b2b2e09544904e016872431b085987c,INS,2026,23707,,1,,gx-no-cache=1780678066907 HTTP/1.1" 200 4185
179.57.78.9 - - [05/Jun/2026:13:41:02 -0300] "POST /cormun/servlet/solicitudotadjuntos?gx-no-cache=1780678069343 HTTP/1.1" 200 26
201.186.225.187 - - [05/Jun/2026:13:41:04 -0300] "GET /cormun/servlet/hlogin HTTP/1.1" 200 1718
179.57.78.9 - - [05/Jun/2026:13:41:08 -0300] "GET /cormun/servlet/solicitudotadjuntos?2c1e367a88ec16312aa19d2be5f02718ec878dfc722953fe72265616ff899fc2,gx-no-cache=1780678074478 HTTP/1.1" 200 30
179.57.78.9 - - [05/Jun/2026:13:41:08 -0300] "GET /cormun/servlet/solicitudotadjuntos?2c1e367a88ec16312aa19d2be5f02718ec878dfc722953fe72265616ff899fc2,gx-no-cache=1780678074499 HTTP/1.1" 200 30
179.57.78.9 - - [05/Jun/2026:13:41:08 -0300] "POST /cormun/servlet/solicitudotadjuntos?4b2b2e09544904e016872431b085987c,INS,2026,23707,,1, HTTP/1.1" 200 116
179.57.78.9 - - [05/Jun/2026:13:41:08 -0300] "GET /cormun/servlet/hpexe_return? HTTP/1.1" 200 1024
179.57.78.9 - - [05/Jun/2026:13:41:08 -0300] "GET /cormun/servlet/trsolicitudadjuntos?2026,23707, HTTP/1.1" 200 9976
201.186.225.187 - - [05/Jun/2026:13:41:08 -0300] "POST /cormun/servlet/hlogin?bd7b6e1c7c15a8cd5d3aeffc371d8232,gx-no-cache=1780678073634 HTTP/1.1" 200 90
201.186.225.187 - - [05/Jun/2026:13:41:08 -0300] "GET /cormun/servlet/hpexe_link HTTP/1.1" 200 950
201.186.225.187 - - [05/Jun/2026:13:41:08 -0300] "GET /cormun/servlet/hhome HTTP/1.1" 200 4182
179.57.78.9 - - [05/Jun/2026:13:41:09 -0300] "GET /cormun/servlet/solicitudotadjuntos?INS,2026,23707,,1, HTTP/1.1" 200 6396
179.57.78.9 - - [05/Jun/2026:13:41:09 -0300] "GET /cormun/static/about:blank HTTP/1.1" 404 1011
179.57.78.9 - - [05/Jun/2026:13:41:10 -0300] "GET /cormun/servlet/solicitudotadjuntos?2c1e367a88ec16312aa19d2be5f02718467ff1dce547f3fdc2f9cef1e3e1e7b93737086cf15a69b41e0970f3b6b6e393,gx-no-cache=1780678076969 HTTP/1.1" 200 30
179.57.78.9 - - [05/Jun/2026:13:41:10 -0300] "POST /cormun/servlet/solicitudotadjuntos?4b2b2e09544904e016872431b085987c,INS,2026,23707,,1,,gx-no-cache=1780678076988 HTTP/1.1" 200 4185
201.186.225.191 - - [05/Jun/2026:13:41:11 -0300] "GET /cormun/servlet/permisogoce?ec4c518ec2529ccbaeba8920d2ee730dcde780106d970a54a0975d4302d9d3e1b2a7cdbc665ee8dce987b06019c9869dddaff7b7db90d9c143ea868355b40cab,gx-no-cache=1780678076344 HTTP/1.1" 200 90
201.186.225.191 - - [05/Jun/2026:13:41:11 -0300] "GET /cormun/static/menuarrow.gif HTTP/1.1" 404 1015
179.57.78.9 - - [05/Jun/2026:13:41:12 -0300] "POST /cormun/servlet/solicitudotadjuntos?gx-no-cache=1780678079215 HTTP/1.1" 200 26
201.186.225.187 - - [05/Jun/2026:13:41:17 -0300] "GET /cormun/servlet/trautorizarsolicitud? HTTP/1.1" 200 8727
201.186.225.187 - - [05/Jun/2026:13:41:17 -0300] "GET /cormun/static/gxcfg.js?202211298474254 HTTP/1.1" 200 953
201.186.225.187 - - [05/Jun/2026:13:41:17 -0300] "GET /cormun/static/trautorizarsolicitud.js?202211298474588 HTTP/1.1" 200 53909
201.186.225.187 - - [05/Jun/2026:13:41:17 -0300] "GET /cormun//static/Resources/PXToolsActionView.png HTTP/1.1" 200 398
201.186.225.187 - - [05/Jun/2026:13:41:17 -0300] "GET /cormun//static/Resources/PXToolsRemoveAllAction.png HTTP/1.1" 200 487
201.186.225.187 - - [05/Jun/2026:13:41:17 -0300] "GET /cormun//static/Resources/PXToolsGridDelete.png HTTP/1.1" 200 538
201.186.225.187 - - [05/Jun/2026:13:41:17 -0300] "GET /cormun//static/Resources/PXTools/ActionInsert.png HTTP/1.1" 200 1482
201.186.225.187 - - [05/Jun/2026:13:41:17 -0300] "GET /cormun//static/Resources/PXToolsGridUpdate.png HTTP/1.1" 200 470
179.57.78.9 - - [05/Jun/2026:13:41:18 -0300] "GET /cormun/servlet/solicitudotadjuntos?2c1e367a88ec16312aa19d2be5f02718ec878dfc722953fe72265616ff899fc2,gx-no-cache=1780678084822 HTTP/1.1" 200 30
179.57.78.9 - - [05/Jun/2026:13:41:18 -0300] "GET /cormun/servlet/solicitudotadjuntos?2c1e367a88ec16312aa19d2be5f02718ec878dfc722953fe72265616ff899fc2,gx-no-cache=1780678084834 HTTP/1.1" 200 30
179.57.78.9 - - [05/Jun/2026:13:41:18 -0300] "POST /cormun/servlet/solicitudotadjuntos?4b2b2e09544904e016872431b085987c,INS,2026,23707,,1, HTTP/1.1" 200 116
179.57.78.9 - - [05/Jun/2026:13:41:18 -0300] "GET /cormun/servlet/hpexe_return? HTTP/1.1" 200 1024
179.57.78.9 - - [05/Jun/2026:13:41:18 -0300] "GET /cormun/servlet/trsolicitudadjuntos?2026,23707, HTTP/1.1" 200 10237
179.57.78.9 - - [05/Jun/2026:13:41:20 -0300] "GET /cormun/servlet/solicitudotadjuntos?INS,2026,23707,,1, HTTP/1.1" 200 6396
179.57.78.9 - - [05/Jun/2026:13:41:20 -0300] "GET /cormun/static/about:blank HTTP/1.1" 404 1011
179.57.78.9 - - [05/Jun/2026:13:41:20 -0300] "GET /cormun/servlet/solicitudotadjuntos?2c1e367a88ec16312aa19d2be5f02718467ff1dce547f3fdc2f9cef1e3e1e7b93737086cf15a69b41e0970f3b6b6e393,gx-no-cache=1780678087410 HTTP/1.1" 200 30
179.57.78.9 - - [05/Jun/2026:13:41:20 -0300] "POST /cormun/servlet/solicitudotadjuntos?4b2b2e09544904e016872431b085987c,INS,2026,23707,,1,,gx-no-cache=1780678087429 HTTP/1.1" 200 4185
201.186.225.191 - - [05/Jun/2026:13:41:21 -0300] "GET /cormun/servlet/permisogoce?ec4c518ec2529ccbaeba8920d2ee730d5cac9a801fbcce491c4ae7f1377aceff845d381bec64c26e3124e68dc398150af1a49585f2df19765b3ddeffacefb0b8,gx-no-cache=1780678086191 HTTP/1.1" 200 47
179.57.78.9 - - [05/Jun/2026:13:41:23 -0300] "POST /cormun/servlet/solicitudotadjuntos?gx-no-cache=1780678089687 HTTP/1.1" 200 26
201.186.225.191 - - [05/Jun/2026:13:41:23 -0300] "POST /cormun/servlet/permisogoce?5f5f8c7bf5a91f3b64283a0c9f168d8d,INS,0,,,,gx-no-cache=1780678088368 HTTP/1.1" 200 93
201.186.225.191 - - [05/Jun/2026:13:41:23 -0300] "GET /cormun/servlet/hpexe_return? HTTP/1.1" 200 1008
201.186.225.191 - - [05/Jun/2026:13:41:23 -0300] "GET /cormun/servlet/trpermisosgoce HTTP/1.1" 200 15826
179.57.78.9 - - [05/Jun/2026:13:41:30 -0300] "GET /cormun/servlet/solicitudotadjuntos?2c1e367a88ec16312aa19d2be5f02718ec878dfc722953fe72265616ff899fc2,gx-no-cache=1780678097381 HTTP/1.1" 200 30
179.57.78.9 - - [05/Jun/2026:13:41:30 -0300] "GET /cormun/servlet/solicitudotadjuntos?2c1e367a88ec16312aa19d2be5f02718ec878dfc722953fe72265616ff899fc2,gx-no-cache=1780678097393 HTTP/1.1" 200 30
179.57.78.9 - - [05/Jun/2026:13:41:31 -0300] "POST /cormun/servlet/solicitudotadjuntos?4b2b2e09544904e016872431b085987c,INS,2026,23707,,1, HTTP/1.1" 200 116
179.57.78.9 - - [05/Jun/2026:13:41:31 -0300] "GET /cormun/servlet/hpexe_return? HTTP/1.1" 200 1024
179.57.78.9 - - [05/Jun/2026:13:41:31 -0300] "GET /cormun/servlet/trsolicitudadjuntos?2026,23707, HTTP/1.1" 200 10599
179.57.78.9 - - [05/Jun/2026:13:41:33 -0300] "GET /cormun/servlet/solicitudotadjuntos?INS,2026,23707,,1, HTTP/1.1" 200 6396
179.57.78.9 - - [05/Jun/2026:13:41:33 -0300] "GET /cormun/static/about:blank HTTP/1.1" 404 1011
179.57.78.9 - - [05/Jun/2026:13:41:34 -0300] "GET /cormun/servlet/solicitudotadjuntos?2c1e367a88ec16312aa19d2be5f02718467ff1dce547f3fdc2f9cef1e3e1e7b93737086cf15a69b41e0970f3b6b6e393,gx-no-cache=1780678100910 HTTP/1.1" 200 30
179.57.78.9 - - [05/Jun/2026:13:41:34 -0300] "POST /cormun/servlet/solicitudotadjuntos?4b2b2e09544904e016872431b085987c,INS,2026,23707,,1,,gx-no-cache=1780678100929 HTTP/1.1" 200 4185
179.57.78.9 - - [05/Jun/2026:13:41:37 -0300] "POST /cormun/servlet/solicitudotadjuntos?gx-no-cache=1780678103575 HTTP/1.1" 200 26
179.57.78.9 - - [05/Jun/2026:13:41:41 -0300] "GET /cormun/servlet/solicitudotadjuntos?2c1e367a88ec16312aa19d2be5f02718ec878dfc722953fe72265616ff899fc2,gx-no-cache=1780678107893 HTTP/1.1" 200 30
179.57.78.9 - - [05/Jun/2026:13:41:41 -0300] "GET /cormun/servlet/solicitudotadjuntos?2c1e367a88ec16312aa19d2be5f02718ec878dfc722953fe72265616ff899fc2,gx-no-cache=1780678107911 HTTP/1.1" 200 30
179.57.78.9 - - [05/Jun/2026:13:41:41 -0300] "POST /cormun/servlet/solicitudotadjuntos?4b2b2e09544904e016872431b085987c,INS,2026,23707,,1, HTTP/1.1" 200 116
179.57.78.9 - - [05/Jun/2026:13:41:41 -0300] "GET /cormun/servlet/hpexe_return? HTTP/1.1" 200 1024
179.57.78.9 - - [05/Jun/2026:13:41:41 -0300] "GET /cormun/servlet/trsolicitudadjuntos?2026,23707, HTTP/1.1" 200 10808
201.186.226.3 - - [05/Jun/2026:13:41:42 -0300] "GET /cormun/servlet/hlogin HTTP/1.1" 200 1719
179.57.78.9 - - [05/Jun/2026:13:41:43 -0300] "GET /cormun/servlet/solicitudotadjuntos?INS,2026,23707,,1, HTTP/1.1" 200 6396
179.57.78.9 - - [05/Jun/2026:13:41:43 -0300] "GET /cormun/static/about:blank HTTP/1.1" 404 1011
179.57.78.9 - - [05/Jun/2026:13:41:44 -0300] "GET /cormun/servlet/solicitudotadjuntos?2c1e367a88ec16312aa19d2be5f02718467ff1dce547f3fdc2f9cef1e3e1e7b93737086cf15a69b41e0970f3b6b6e393,gx-no-cache=1780678110979 HTTP/1.1" 200 30
179.57.78.9 - - [05/Jun/2026:13:41:44 -0300] "POST /cormun/servlet/solicitudotadjuntos?4b2b2e09544904e016872431b085987c,INS,2026,23707,,1,,gx-no-cache=1780678110996 HTTP/1.1" 200 4185
179.57.78.9 - - [05/Jun/2026:13:41:46 -0300] "POST /cormun/servlet/solicitudotadjuntos?gx-no-cache=1780678113463 HTTP/1.1" 200 26
201.186.225.187 - - [05/Jun/2026:13:41:47 -0300] "POST /cormun/servlet/trautorizarsolicitud?bd7b6e1c7c15a8cd5d3aeffc371d8232,,gx-no-cache=1780678112879 HTTP/1.1" 200 4790
201.186.225.187 - - [05/Jun/2026:13:41:47 -0300] "GET /cormun/static/Shared/jqueryui/images/ui-bg_highlight-soft_100_c6c2c8_1x100.png HTTP/1.1" 404 1117
201.186.225.187 - - [05/Jun/2026:13:41:47 -0300] "GET /cormun/static/Shared/jqueryui/images/ui-bg_flat_55_fafafa_40x100.png HTTP/1.1" 404 1097
201.186.225.187 - - [05/Jun/2026:13:41:47 -0300] "GET /cormun/static/Shared/jqueryui/images/ui-icons_82798d_256x240.png HTTP/1.1" 404 1089
201.186.225.187 - - [05/Jun/2026:13:41:47 -0300] "GET /cormun/static/Shared/jqueryui/images/ui-icons_8d78a5_256x240.png HTTP/1.1" 404 1089
201.186.225.187 - - [05/Jun/2026:13:41:48 -0300] "POST /cormun/servlet/trautorizarsolicitud?bd7b6e1c7c15a8cd5d3aeffc371d8232,,gx-no-cache=1780678113074 HTTP/1.1" 200 4532
179.57.78.9 - - [05/Jun/2026:13:41:50 -0300] "GET /cormun/servlet/solicitudotadjuntos?2c1e367a88ec16312aa19d2be5f02718ec878dfc722953fe72265616ff899fc2,gx-no-cache=1780678117030 HTTP/1.1" 200 30
179.57.78.9 - - [05/Jun/2026:13:41:50 -0300] "GET /cormun/servlet/solicitudotadjuntos?2c1e367a88ec16312aa19d2be5f02718ec878dfc722953fe72265616ff899fc2,gx-no-cache=1780678117041 HTTP/1.1" 200 30
179.57.78.9 - - [05/Jun/2026:13:41:53 -0300] "POST /cormun/servlet/solicitudotadjuntos?4b2b2e09544904e016872431b085987c,INS,2026,23707,,1, HTTP/1.1" 200 116
179.57.78.9 - - [05/Jun/2026:13:41:53 -0300] "GET /cormun/servlet/hpexe_return? HTTP/1.1" 200 1024
179.57.78.9 - - [05/Jun/2026:13:41:54 -0300] "GET /cormun/servlet/trsolicitudadjuntos?2026,23707, HTTP/1.1" 200 10975
201.186.226.3 - - [05/Jun/2026:13:41:54 -0300] "POST /cormun/servlet/hlogin?cf04a0b1f8c9cc639e87ae0c5681d57b,gx-no-cache=1780678119075 HTTP/1.1" 200 90
201.186.226.3 - - [05/Jun/2026:13:41:54 -0300] "GET /cormun/servlet/hpexe_link HTTP/1.1" 200 948
201.186.226.3 - - [05/Jun/2026:13:41:54 -0300] "GET /cormun/servlet/hhome HTTP/1.1" 200 3927
179.57.78.9 - - [05/Jun/2026:13:41:55 -0300] "POST /cormun/servlet/trsolicitudadjuntos?4b2b2e09544904e016872431b085987c,2026,23707,,gx-no-cache=1780678122088 HTTP/1.1" 200 90
179.57.78.9 - - [05/Jun/2026:13:41:55 -0300] "GET /cormun/servlet/hpexe_link HTTP/1.1" 200 965
179.57.78.9 - - [05/Jun/2026:13:41:55 -0300] "GET /cormun/servlet/trsolicitudot HTTP/1.1" 200 8961
201.186.225.187 - - [05/Jun/2026:13:41:56 -0300] "GET /cormun/servlet/trsolicitudot? HTTP/1.1" 200 7398
179.57.78.9 - - [05/Jun/2026:13:41:58 -0300] "GET /cormun/servlet/vesolicitudot?2026,23707,, HTTP/1.1" 200 8684
179.57.78.9 - - [05/Jun/2026:13:41:58 -0300] "GET /cormun/static/gxcfg.js?202211298465857 HTTP/1.1" 200 953
179.57.78.9 - - [05/Jun/2026:13:41:58 -0300] "GET /cormun/pexe_scrolldiv.js HTTP/1.1" 404 1009
179.57.78.9 - - [05/Jun/2026:13:41:58 -0300] "GET /cormun/static/Resources/PXToolsTabFirstSelected.png HTTP/1.1" 200 1270
179.57.78.9 - - [05/Jun/2026:13:41:58 -0300] "GET /cormun/static/vesolicitudot.js?202211298465886 HTTP/1.1" 200 6091
179.57.78.9 - - [05/Jun/2026:13:41:58 -0300] "GET /cormun/static/hwcviewtabs.js?201991422154026 HTTP/1.1" 200 1074
179.57.78.9 - - [05/Jun/2026:13:41:58 -0300] "GET /cormun/static/Resources/PXToolsTabLastUnselected.png HTTP/1.1" 200 1297
179.57.78.9 - - [05/Jun/2026:13:41:58 -0300] "GET /cormun/static/hpexe_tabsview.js?2020121447381 HTTP/1.1" 200 1661
179.57.78.9 - - [05/Jun/2026:13:41:58 -0300] "GET /cormun/static/Resources/PXToolsTabPrevious.gif HTTP/1.1" 200 172
179.57.78.9 - - [05/Jun/2026:13:41:58 -0300] "GET /cormun/static/Resources/PXToolsTabNext.gif HTTP/1.1" 200 168
179.57.78.9 - - [05/Jun/2026:13:41:58 -0300] "GET /cormun/static/tbsolicitudot01.js?20201214462316 HTTP/1.1" 200 30566
179.57.78.9 - - [05/Jun/2026:13:41:58 -0300] "GET /cormun/static/calendar-system.css HTTP/1.1" 200 5572
179.57.78.9 - - [05/Jun/2026:13:41:58 -0300] "GET /cormun/static/Resources/PXToolsTabBackUnselected.png HTTP/1.1" 200 1175
179.57.78.9 - - [05/Jun/2026:13:41:58 -0300] "GET /cormun/static/Resources/PXToolsTabBackSelected.png HTTP/1.1" 200 1157
179.57.78.9 - - [05/Jun/2026:13:41:58 -0300] "GET /cormun/static/Resources/PXToolsTabSelectedUnselected.png HTTP/1.1" 200 1451
179.57.78.9 - - [05/Jun/2026:13:41:58 -0300] "GET /cormun/static/Resources/PXToolsTabUnselectedUnselected.png HTTP/1.1" 200 1470
201.186.226.3 - - [05/Jun/2026:13:41:58 -0300] "GET /cormun/servlet/trpermisosgoce? HTTP/1.1" 200 11408
201.186.225.187 - - [05/Jun/2026:13:42:02 -0300] "GET /cormun/static/menuarrow.gif HTTP/1.1" 404 1015
201.186.226.3 - - [05/Jun/2026:13:42:03 -0300] "GET /cormun/servlet/trlicencias? HTTP/1.1" 200 10090
190.95.67.95 - - [05/Jun/2026:13:42:25 -0300] "GET /cormun/servlet/hlogin HTTP/1.1" 200 1720
190.95.67.95 - - [05/Jun/2026:13:42:27 -0300] "POST /cormun/servlet/hlogin?b5ec4846fa12e619f3b40fd2a62861a0,gx-no-cache=1780678152565 HTTP/1.1" 200 90
190.95.67.95 - - [05/Jun/2026:13:42:27 -0300] "GET /cormun/servlet/hpexe_link HTTP/1.1" 200 952
190.95.67.95 - - [05/Jun/2026:13:42:28 -0300] "GET /cormun/servlet/hhome HTTP/1.1" 200 4007
190.95.67.95 - - [05/Jun/2026:13:42:32 -0300] "GET /cormun/servlet/trpermisosgoce? HTTP/1.1" 200 15841
201.186.226.3 - - [05/Jun/2026:13:42:33 -0300] "GET /cormun/servlet/hlogin HTTP/1.1" 200 1733
190.95.67.95 - - [05/Jun/2026:13:42:36 -0300] "GET /cormun/servlet/permisogoce?INS,0,,, HTTP/1.1" 200 6876
179.57.78.9 - - [05/Jun/2026:13:42:40 -0300] "POST /cormun/servlet/vesolicitudot?4b2b2e09544904e016872431b085987c,2026,23707,,,gx-no-cache=1780678167233 HTTP/1.1" 200 93
179.57.78.9 - - [05/Jun/2026:13:42:40 -0300] "GET /cormun/servlet/hpexe_return? HTTP/1.1" 200 1008
179.57.78.9 - - [05/Jun/2026:13:42:40 -0300] "GET /cormun/servlet/trsolicitudot HTTP/1.1" 200 8964
190.95.67.95 - - [05/Jun/2026:13:42:43 -0300] "GET /cormun/servlet/prfichaempleado?,MD,,gxPopupLevel%3D0%3B HTTP/1.1" 200 9235
201.186.225.187 - - [05/Jun/2026:13:43:01 -0300] "GET /cormun/servlet/solicitudot?INS,0,0,false, HTTP/1.1" 200 16248
201.186.225.187 - - [05/Jun/2026:13:43:01 -0300] "GET /cormun/static/gxcfg.js?20221129840861 HTTP/1.1" 200 953
201.186.225.187 - - [05/Jun/2026:13:43:01 -0300] "GET /cormun/static/Resources/prompt.gif HTTP/1.1" 200 902
201.186.225.187 - - [05/Jun/2026:13:43:01 -0300] "GET /cormun/static/solicitudot.js?20221129840983 HTTP/1.1" 200 74072
190.95.67.95 - - [05/Jun/2026:13:43:03 -0300] "POST /cormun/servlet/prfichaempleado?b5ec4846fa12e619f3b40fd2a62861a0,,MD,,gxPopupLevel%3D0%3B,gx-no-cache=1780678188174 HTTP/1.1" 200 3404
190.95.67.95 - - [05/Jun/2026:13:43:06 -0300] "GET /cormun/servlet/permisogoce?8629f9f2bfe2d6aa16c64189921c66bb85b73879f723648dfdbf89c6aaac871a7bdaf1192bdce0fd55654c46459c7ae9c12c3b288488c955bc2291b44a6dac11,gx-no-cache=1780678191241 HTTP/1.1" 200 81
190.95.67.95 - - [05/Jun/2026:13:43:06 -0300] "GET /cormun/static/menuarrow.gif HTTP/1.1" 404 1015
190.95.67.95 - - [05/Jun/2026:13:43:12 -0300] "GET /cormun/servlet/permisogoce?8629f9f2bfe2d6aa16c64189921c66bb4aed5dd6be10973502116c5ffdc5331997a09d5d995334df8f68c3efbae0295a79ae1bbdf99e263753748e36f4e4d443,gx-no-cache=1780678197343 HTTP/1.1" 200 47
190.95.67.95 - - [05/Jun/2026:13:43:15 -0300] "POST /cormun/servlet/permisogoce?b5ec4846fa12e619f3b40fd2a62861a0,INS,0,,,,gx-no-cache=1780678199798 HTTP/1.1" 200 93
190.95.67.95 - - [05/Jun/2026:13:43:15 -0300] "GET /cormun/servlet/hpexe_return? HTTP/1.1" 200 1010
190.95.67.95 - - [05/Jun/2026:13:43:15 -0300] "GET /cormun/servlet/trpermisosgoce HTTP/1.1" 200 16046
201.186.225.187 - - [05/Jun/2026:13:43:19 -0300] "POST /cormun/servlet/solicitudot?gx-no-cache=1780678204802 HTTP/1.1" 200 4115
201.186.225.187 - - [05/Jun/2026:13:43:19 -0300] "GET /cormun/static/Shared/jqueryui/images/ui-bg_flat_55_994d53_40x100.png HTTP/1.1" 404 1097
201.186.225.187 - - [05/Jun/2026:13:43:19 -0300] "GET /cormun/static/Shared/jqueryui/images/ui-icons_ebccce_256x240.png HTTP/1.1" 404 1089
201.186.225.187 - - [05/Jun/2026:13:43:19 -0300] "GET /cormun/servlet/solicitudot?c04b0ad4431fc123fe831f852c9c68d3894ffbd479a8114f43286434866f9c1c,gx-no-cache=1780678204892 HTTP/1.1" 200 111
201.186.225.187 - - [05/Jun/2026:13:43:19 -0300] "GET /cormun/servlet/solicitudot?c04b0ad4431fc123fe831f852c9c68d387158a7a6547beeebe1a848b740b6bad,gx-no-cache=1780678204929 HTTP/1.1" 200 94
201.186.225.187 - - [05/Jun/2026:13:43:19 -0300] "GET /cormun/servlet/solicitudot?c04b0ad4431fc123fe831f852c9c68d3e954325c65d97b8eeb8c47070d9411cc,gx-no-cache=1780678204961 HTTP/1.1" 200 29
201.186.225.187 - - [05/Jun/2026:13:43:19 -0300] "GET /cormun/servlet/solicitudot?c04b0ad4431fc123fe831f852c9c68d3ce22704d6d41dcdbc087ec4cb0fd4f77bff90643a41174c0bb812f9491dc72d8fe7a703d8418029210053c59b393a9f97050b7cd82e21d1ae0b812c022dafef0d59ee7cf693c5428fbe8d71cc7f2b56f67677494c1d05ee6cee52e2da2ddb382a8a0c0826bc4d2431c2bd87e9334e38dc38e21b2c43664df50c2b2870dbe8e261bc382b4342e222dce185dd10b6b74b0c7c2b902a42552b01ba3a17a91dd2664932875232d3df1efe7b35d1b7b1a869b76cfaf810a96c41737cc7213b589bfc58fd5d6a8704769cf8131508142223795be502c9373b74c5683f6cc025ebc018ac6ee7cde85ddc2e75b6ca23e321a31406b0197067723b6b0b5df0537bafc2a1e469810d2ae69979f63a7f3eb0ef4d40b57a4bf06032010ec4bce342c6058f936fd6ce872ffda54a61b2589411530cb58aa7adbb2d484824084e9312fc9e4de9d,gx-no-cache=1780678205005 HTTP/1.1" 200 297
201.186.225.187 - - [05/Jun/2026:13:43:19 -0300] "GET /cormun/servlet/solicitudot?c04b0ad4431fc123fe831f852c9c68d3c2b6f260018ff9a303f4dde9f62cf40d5e4a85a94a6991bc2da28f33c0aa4b0e76c79285a93f9007b9cbe618d8e876cbf5fd1ab104b73af54f4b7387fad241f34179172d13e153c402adf600ce382f4f8849cd55b5a274bd9d929b3235080b72926ca9bf97ade740f9f2b05a7ca6e7469aa466d610fd7e055fd3e85536ac541449b46346629b15c626ff0f22cdd4c1b301c56f736bed309f12d77435a715ab288f5c2d44ddb6af854a511ebeac1f20c7e465b8a0a76bb94f7ef0b1bdd2851e26be2b19c2896a2cd446e3faae96b6f176da71dc75edbecabecf60f65646e30eeb59e42f70a0fa06c8d4643b005bd961240e5f8526e2fc45cc25209424052ed8f4b62e4f194dae0aea3031dba2dcc0f92795b28af03ddada597ffe7abd1f8d5dad614e89503513456e963d04bf3454ef2030d86ae04a375b99b41f5482683e5570a2dc0432ce557ad0eb6d870f96405457fbd97c490d9208883d93172ce4183a2ae0dd83b2b9b8e45114240d77d358a81ba51010d892c74e468099ff5249078205,gx-no-cache=1780678205057 HTTP/1.1" 200 30
201.186.225.187 - - [05/Jun/2026:13:43:19 -0300] "POST /cormun/servlet/solicitudot?gx-no-cache=1780678205092 HTTP/1.1" 200 30
201.186.225.187 - - [05/Jun/2026:13:43:20 -0300] "POST /cormun/servlet/solicitudot?gx-no-cache=1780678205161 HTTP/1.1" 200 1500
201.186.225.187 - - [05/Jun/2026:13:43:20 -0300] "POST /cormun/servlet/solicitudot?gx-no-cache=1780678205209 HTTP/1.1" 200 38
201.186.225.187 - - [05/Jun/2026:13:43:20 -0300] "GET /cormun/servlet/solicitudot?c04b0ad4431fc123fe831f852c9c68d3634b0cfa122a9c6d260b76cddc9923646160ebeca9d1c24eda5ceceda25ceeb5219a8e4177121fa7281fd5508e1ec8769fa17f54a2b91aea26df6568cc3bbf4ffc55e0cf6dcb22f4a05cf5f824a8572a1bfb21dff73f68f680a4d7e99eb777b4,gx-no-cache=1780678205247 HTTP/1.1" 200 110
201.186.225.187 - - [05/Jun/2026:13:43:20 -0300] "POST /cormun/servlet/solicitudot?gx-no-cache=1780678205284 HTTP/1.1" 200 64
201.186.225.187 - - [05/Jun/2026:13:43:20 -0300] "GET /cormun/servlet/solicitudot?c04b0ad4431fc123fe831f852c9c68d33cc88f26c8216ea2016709d5f1cd4a65c6ee7cde85ddc2e75b6ca23e321a31406b0197067723b6b0b5df0537bafc2a1e6da3e65560ed3b1db3c6dbf75830f0d5,gx-no-cache=1780678205320 HTTP/1.1" 200 29
179.57.78.9 - - [05/Jun/2026:13:43:20 -0300] "POST /cormun/servlet/trsolicitudot?4b2b2e09544904e016872431b085987c,gx-no-cache=1780678207202 HTTP/1.1" 200 4838
179.57.78.9 - - [05/Jun/2026:13:43:20 -0300] "GET /cormun/static/Shared/jqueryui/images/ui-bg_highlight-soft_100_c6c2c8_1x100.png HTTP/1.1" 404 1117
179.57.78.9 - - [05/Jun/2026:13:43:20 -0300] "GET /cormun/static/Shared/jqueryui/images/ui-icons_82798d_256x240.png HTTP/1.1" 404 1089
179.57.78.9 - - [05/Jun/2026:13:43:20 -0300] "GET /cormun/static/Shared/jqueryui/images/ui-bg_flat_55_fafafa_40x100.png HTTP/1.1" 404 1097
179.57.78.9 - - [05/Jun/2026:13:43:20 -0300] "GET /cormun/static/Shared/jqueryui/images/ui-icons_8d78a5_256x240.png HTTP/1.1" 404 1089
179.57.78.9 - - [05/Jun/2026:13:43:20 -0300] "POST /cormun/servlet/trsolicitudot?4b2b2e09544904e016872431b085987c,gx-no-cache=1780678207327 HTTP/1.1" 200 4611
190.95.67.95 - - [05/Jun/2026:13:43:22 -0300] "GET /cormun/servlet/apermisogoceprn?15104832,P,20260605125036,PU HTTP/1.1" 200 1651
179.57.78.9 - - [05/Jun/2026:13:43:23 -0300] "GET /cormun/servlet/trautorizarsolicitud? HTTP/1.1" 200 8855
179.57.78.9 - - [05/Jun/2026:13:43:25 -0300] "POST /cormun/servlet/trautorizarsolicitud?4b2b2e09544904e016872431b085987c,,gx-no-cache=1780678211953 HTTP/1.1" 200 4767
179.57.78.9 - - [05/Jun/2026:13:43:25 -0300] "POST /cormun/servlet/trautorizarsolicitud?4b2b2e09544904e016872431b085987c,,gx-no-cache=1780678212071 HTTP/1.1" 200 4538
179.57.78.71 - - [05/Jun/2026:13:43:30 -0300] "GET /cormun/servlet/trautorizarsolicitud? HTTP/1.1" 200 6224
179.57.78.71 - - [05/Jun/2026:13:43:31 -0300] "GET /cormun/static/gxcfg.js?202211298474254 HTTP/1.1" 200 953
179.57.78.71 - - [05/Jun/2026:13:43:31 -0300] "GET /cormun/static/trautorizarsolicitud.js?202211298474588 HTTP/1.1" 200 53909
179.57.78.71 - - [05/Jun/2026:13:43:31 -0300] "GET /cormun/servlet/hlogin HTTP/1.1" 200 1739
179.57.78.71 - - [05/Jun/2026:13:43:34 -0300] "POST /cormun/servlet/hlogin?beb32d22e0d732857bc8eac53ca85e45,gx-no-cache=1780678219546 HTTP/1.1" 200 90
179.57.78.71 - - [05/Jun/2026:13:43:34 -0300] "GET /cormun/servlet/hpexe_link HTTP/1.1" 200 959
179.57.78.71 - - [05/Jun/2026:13:43:34 -0300] "GET /cormun/servlet/trautorizarsolicitud HTTP/1.1" 200 8634
190.95.15.27 - - [05/Jun/2026:13:43:44 -0300] "POST /cormun/servlet/solicitudotadjuntos?gx-no-cache=1780678230711 HTTP/1.1" 200 26
190.95.67.99 - - [05/Jun/2026:13:43:44 -0300] "GET /cormun/servlet/trsolicitudot? HTTP/1.1" 200 6333
190.95.67.99 - - [05/Jun/2026:13:43:45 -0300] "GET /cormun/static/gxcfg.js?20221129846531 HTTP/1.1" 200 953
190.95.67.99 - - [05/Jun/2026:13:43:45 -0300] "GET /cormun/static/trsolicitudot.js?202211298465651 HTTP/1.1" 200 54040
190.95.67.99 - - [05/Jun/2026:13:43:46 -0300] "GET /cormun/servlet/hlogin HTTP/1.1" 200 1740
201.186.225.187 - - [05/Jun/2026:13:43:46 -0300] "POST /cormun/servlet/solicitudot?gx-no-cache=1780678231910 HTTP/1.1" 200 4115
201.186.225.187 - - [05/Jun/2026:13:43:46 -0300] "GET /cormun/servlet/solicitudot?c04b0ad4431fc123fe831f852c9c68d3894ffbd479a8114f43286434866f9c1c,gx-no-cache=1780678232013 HTTP/1.1" 200 111
201.186.225.187 - - [05/Jun/2026:13:43:47 -0300] "GET /cormun/servlet/solicitudot?c04b0ad4431fc123fe831f852c9c68d387158a7a6547beeebe1a848b740b6bad,gx-no-cache=1780678232063 HTTP/1.1" 200 94
201.186.225.187 - - [05/Jun/2026:13:43:47 -0300] "POST /cormun/servlet/solicitudot?gx-no-cache=1780678232143 HTTP/1.1" 200 30
201.186.225.187 - - [05/Jun/2026:13:43:47 -0300] "POST /cormun/servlet/solicitudot?gx-no-cache=1780678232192 HTTP/1.1" 200 1500
201.186.225.187 - - [05/Jun/2026:13:43:47 -0300] "POST /cormun/servlet/solicitudot?gx-no-cache=1780678232235 HTTP/1.1" 200 38
201.186.225.187 - - [05/Jun/2026:13:43:47 -0300] "GET /cormun/servlet/solicitudot?c04b0ad4431fc123fe831f852c9c68d3634b0cfa122a9c6d260b76cddc9923646160ebeca9d1c24eda5ceceda25ceeb5219a8e4177121fa7281fd5508e1ec8769fa17f54a2b91aea26df6568cc3bbf4ffc55e0cf6dcb22f4a05cf5f824a8572a1bfb21dff73f68f680a4d7e99eb777b4,gx-no-cache=1780678232268 HTTP/1.1" 200 110
201.186.225.187 - - [05/Jun/2026:13:43:47 -0300] "POST /cormun/servlet/solicitudot?gx-no-cache=1780678232305 HTTP/1.1" 200 64
190.95.67.99 - - [05/Jun/2026:13:43:49 -0300] "POST /cormun/servlet/hlogin?dc2426d000ad31e24aeeb2c17baa307a,gx-no-cache=1780678235005 HTTP/1.1" 200 90
190.95.67.99 - - [05/Jun/2026:13:43:49 -0300] "GET /cormun/servlet/hpexe_link HTTP/1.1" 200 957
190.95.67.99 - - [05/Jun/2026:13:43:49 -0300] "GET /cormun/servlet/trsolicitudot HTTP/1.1" 200 7358
179.57.78.71 - - [05/Jun/2026:13:43:53 -0300] "GET /cormun/servlet/veautorizarsolicitud?2026,23704,, HTTP/1.1" 200 8682
179.57.78.71 - - [05/Jun/2026:13:43:53 -0300] "GET /cormun/static/gxcfg.js?202211298474783 HTTP/1.1" 200 953
179.57.78.71 - - [05/Jun/2026:13:43:53 -0300] "GET /cormun/pexe_scrolldiv.js HTTP/1.1" 404 1009
179.57.78.71 - - [05/Jun/2026:13:43:53 -0300] "GET /cormun/static/Resources/PXToolsTabFirstSelected.png HTTP/1.1" 200 1270
179.57.78.71 - - [05/Jun/2026:13:43:53 -0300] "GET /cormun/static/hwcviewtabs.js?201991422154026 HTTP/1.1" 200 1074
179.57.78.71 - - [05/Jun/2026:13:43:53 -0300] "GET /cormun/static/veautorizarsolicitud.js?202211298474813 HTTP/1.1" 200 6140
179.57.78.71 - - [05/Jun/2026:13:43:53 -0300] "GET /cormun/static/Resources/PXToolsTabLastUnselected.png HTTP/1.1" 200 1297
179.57.78.71 - - [05/Jun/2026:13:43:53 -0300] "GET /cormun/static/hpexe_tabsview.js?2020121447381 HTTP/1.1" 200 1661
179.57.78.71 - - [05/Jun/2026:13:43:53 -0300] "GET /cormun/static/Resources/PXToolsTabPrevious.gif HTTP/1.1" 200 172
179.57.78.71 - - [05/Jun/2026:13:43:53 -0300] "GET /cormun/static/Resources/PXToolsTabNext.gif HTTP/1.1" 200 168
179.57.78.71 - - [05/Jun/2026:13:43:53 -0300] "GET /cormun/static/tbautorizarsolicitud01.js?20221129837213 HTTP/1.1" 200 30580
179.57.78.71 - - [05/Jun/2026:13:43:53 -0300] "GET /cormun/static/calendar-system.css HTTP/1.1" 200 5572
179.57.78.71 - - [05/Jun/2026:13:43:53 -0300] "GET /cormun/static/Resources/PXToolsTabBackSelected.png HTTP/1.1" 200 1157
179.57.78.71 - - [05/Jun/2026:13:43:53 -0300] "GET /cormun/static/Resources/PXToolsTabBackUnselected.png HTTP/1.1" 200 1175
179.57.78.71 - - [05/Jun/2026:13:43:53 -0300] "GET /cormun/static/Resources/PXToolsTabUnselectedUnselected.png HTTP/1.1" 200 1470
179.57.78.71 - - [05/Jun/2026:13:43:53 -0300] "GET /cormun/static/Resources/PXToolsTabSelectedUnselected.png HTTP/1.1" 200 1451
190.95.15.27 - - [05/Jun/2026:13:43:58 -0300] "GET /cormun/servlet/solicitudotadjuntos?f4158fda11cfeaf729a6c7ab2a2b9337859e4d29f5e7cd265f26c99cf373df21,gx-no-cache=1780678244739 HTTP/1.1" 200 30
190.95.15.27 - - [05/Jun/2026:13:43:58 -0300] "GET /cormun/servlet/solicitudotadjuntos?f4158fda11cfeaf729a6c7ab2a2b9337859e4d29f5e7cd265f26c99cf373df21,gx-no-cache=1780678244759 HTTP/1.1" 200 30
190.95.15.27 - - [05/Jun/2026:13:43:58 -0300] "POST /cormun/servlet/solicitudotadjuntos?e290cef1198f0952d3a4e76b0a89fb82,INS,2026,23706,,1, HTTP/1.1" 200 116
190.95.15.27 - - [05/Jun/2026:13:43:58 -0300] "GET /cormun/servlet/hpexe_return? HTTP/1.1" 200 1021
190.95.15.27 - - [05/Jun/2026:13:43:58 -0300] "GET /cormun/servlet/hhome HTTP/1.1" 200 3964
190.95.67.99 - - [05/Jun/2026:13:44:00 -0300] "POST /cormun/servlet/trsolicitudot?dc2426d000ad31e24aeeb2c17baa307a,gx-no-cache=1780678246153 HTTP/1.1" 200 5790
190.95.67.99 - - [05/Jun/2026:13:44:00 -0300] "GET /cormun//static/Resources/PXToolsRemoveAllAction.png HTTP/1.1" 200 487
190.95.67.99 - - [05/Jun/2026:13:44:00 -0300] "GET /cormun//static/Resources/PXToolsActionView.png HTTP/1.1" 200 398
190.95.15.27 - - [05/Jun/2026:13:44:04 -0300] "GET /cormun/servlet/trsolicitudot? HTTP/1.1" 200 8615
190.95.15.27 - - [05/Jun/2026:13:44:06 -0300] "POST /cormun/servlet/trsolicitudot?e290cef1198f0952d3a4e76b0a89fb82,,gx-no-cache=1780678253058 HTTP/1.1" 200 107
190.95.15.27 - - [05/Jun/2026:13:44:06 -0300] "GET /cormun/servlet/trsolicitudadjuntos?2026,23706, HTTP/1.1" 200 10366
190.95.15.27 - - [05/Jun/2026:13:44:18 -0300] "GET /cormun/servlet/solicitudotadjuntos?DLT,2026,23706,CERTIF1,0, HTTP/1.1" 200 6004
190.95.15.27 - - [05/Jun/2026:13:44:18 -0300] "GET /cormun/static/Shared/jqueryui/images/ui-bg_flat_55_fafafa_40x100.png HTTP/1.1" 404 1097
190.95.15.27 - - [05/Jun/2026:13:44:18 -0300] "GET /cormun/static/Shared/jqueryui/images/ui-icons_8d78a5_256x240.png HTTP/1.1" 404 1089
190.95.15.27 - - [05/Jun/2026:13:44:18 -0300] "GET /cormun/PublicTempStorage/cerificado_de_titulo6097403.pdf HTTP/1.1" 200 156112
190.95.15.27 - - [05/Jun/2026:13:44:21 -0300] "POST /cormun/servlet/solicitudotadjuntos?e290cef1198f0952d3a4e76b0a89fb82,DLT,2026,23706,CERTIF1,0,,gx-no-cache=1780678267699 HTTP/1.1" 200 93
190.95.15.27 - - [05/Jun/2026:13:44:21 -0300] "GET /cormun/servlet/hpexe_return? HTTP/1.1" 200 1032
190.95.15.27 - - [05/Jun/2026:13:44:21 -0300] "GET /cormun/servlet/trsolicitudadjuntos?2026,23706, HTTP/1.1" 200 10149
190.95.15.27 - - [05/Jun/2026:13:44:24 -0300] "GET /cormun/servlet/solicitudotadjuntos?DLT,2026,23706,CERTIF5,0, HTTP/1.1" 200 5896
190.95.15.27 - - [05/Jun/2026:13:44:24 -0300] "GET /cormun/static/about:blank HTTP/1.1" 404 1011
201.186.225.183 - - [05/Jun/2026:13:44:24 -0300] "GET /cormun/servlet/trsolicitudot? HTTP/1.1" 200 6329
190.95.15.27 - - [05/Jun/2026:13:44:25 -0300] "POST /cormun/servlet/solicitudotadjuntos?e290cef1198f0952d3a4e76b0a89fb82,DLT,2026,23706,CERTIF5,0,,gx-no-cache=1780678271731 HTTP/1.1" 200 93
190.95.15.27 - - [05/Jun/2026:13:44:25 -0300] "GET /cormun/servlet/hpexe_return? HTTP/1.1" 200 1032
190.95.15.27 - - [05/Jun/2026:13:44:25 -0300] "GET /cormun/servlet/trsolicitudadjuntos?2026,23706, HTTP/1.1" 200 9834
201.186.225.183 - - [05/Jun/2026:13:44:25 -0300] "GET /cormun/servlet/hlogin HTTP/1.1" 200 1737
179.57.78.71 - - [05/Jun/2026:13:44:26 -0300] "GET /cormun/servlet/trvisualizadoreventos? HTTP/1.1" 200 7052
179.57.78.71 - - [05/Jun/2026:13:44:26 -0300] "GET /cormun/static/gxcfg.js?202211298474834 HTTP/1.1" 200 953
179.57.78.71 - - [05/Jun/2026:13:44:26 -0300] "GET /cormun/static/trvisualizadoreventos.js?202211298474971 HTTP/1.1" 200 19318
179.57.78.71 - - [05/Jun/2026:13:44:26 -0300] "GET /cormun/static/Resources/PXToolsActionPrint.png HTTP/1.1" 200 404
201.186.225.183 - - [05/Jun/2026:13:44:29 -0300] "POST /cormun/servlet/hlogin?c0bc04ef2cc9987f57d7df1f47376bd1,gx-no-cache=1780678274831 HTTP/1.1" 200 90
201.186.225.183 - - [05/Jun/2026:13:44:29 -0300] "GET /cormun/servlet/hpexe_link HTTP/1.1" 200 955
201.186.225.183 - - [05/Jun/2026:13:44:29 -0300] "GET /cormun/servlet/trsolicitudot HTTP/1.1" 200 7015
201.186.225.187 - - [05/Jun/2026:13:44:32 -0300] "GET /cormun/servlet/solicitudot?c04b0ad4431fc123fe831f852c9c68d363573c3b839c339db20a6edf645d8acfcedd540129289c000ae9e425f8d7aba9,gx-no-cache=1780678277231 HTTP/1.1" 200 134
201.186.225.183 - - [05/Jun/2026:13:44:37 -0300] "POST /cormun/servlet/trsolicitudot?c0bc04ef2cc9987f57d7df1f47376bd1,gx-no-cache=1780678282319 HTTP/1.1" 200 9518
190.95.15.27 - - [05/Jun/2026:13:44:43 -0300] "GET /cormun/servlet/solicitudotadjuntos?INS,2026,23706,,1, HTTP/1.1" 200 6018
190.95.15.27 - - [05/Jun/2026:13:44:43 -0300] "GET /cormun/static/about:blank HTTP/1.1" 404 1011
190.95.15.27 - - [05/Jun/2026:13:44:43 -0300] "GET /cormun/servlet/solicitudotadjuntos?f4158fda11cfeaf729a6c7ab2a2b93370e1fb7dc37ee2d45c90a89e30dd994a720c3c137a1445c7088cc253d7477aa45,gx-no-cache=1780678290210 HTTP/1.1" 200 30
190.95.15.27 - - [05/Jun/2026:13:44:43 -0300] "POST /cormun/servlet/solicitudotadjuntos?e290cef1198f0952d3a4e76b0a89fb82,INS,2026,23706,,1,,gx-no-cache=1780678290233 HTTP/1.1" 200 3876
190.95.15.27 - - [05/Jun/2026:13:44:51 -0300] "POST /cormun/servlet/solicitudotadjuntos?gx-no-cache=1780678297524 HTTP/1.1" 200 26
190.95.15.27 - - [05/Jun/2026:13:44:53 -0300] "GET /cormun/servlet/trsolicitudadjuntos?2026,23706, HTTP/1.1" 200 9834
201.186.225.187 - - [05/Jun/2026:13:45:03 -0300] "POST /cormun/servlet/solicitudot?gx-no-cache=1780678308517 HTTP/1.1" 200 30
190.95.15.27 - - [05/Jun/2026:13:45:13 -0300] "GET /cormun/servlet/solicitudotadjuntos?INS,2026,23706,,1, HTTP/1.1" 200 6018
190.95.15.27 - - [05/Jun/2026:13:45:13 -0300] "GET /cormun/static/about:blank HTTP/1.1" 404 1011
190.95.15.27 - - [05/Jun/2026:13:45:14 -0300] "GET /cormun/servlet/solicitudotadjuntos?f4158fda11cfeaf729a6c7ab2a2b93370e1fb7dc37ee2d45c90a89e30dd994a720c3c137a1445c7088cc253d7477aa45,gx-no-cache=1780678320565 HTTP/1.1" 200 30
190.95.15.27 - - [05/Jun/2026:13:45:14 -0300] "POST /cormun/servlet/solicitudotadjuntos?e290cef1198f0952d3a4e76b0a89fb82,INS,2026,23706,,1,,gx-no-cache=1780678320585 HTTP/1.1" 200 3876
201.186.225.183 - - [05/Jun/2026:13:45:15 -0300] "POST /cormun/servlet/trsolicitudot?c0bc04ef2cc9987f57d7df1f47376bd1,gx-no-cache=1780678319991 HTTP/1.1" 200 4093
190.95.15.27 - - [05/Jun/2026:13:45:17 -0300] "POST /cormun/servlet/solicitudotadjuntos?gx-no-cache=1780678323504 HTTP/1.1" 200 26
201.186.225.183 - - [05/Jun/2026:13:45:22 -0300] "POST /cormun/servlet/trsolicitudot?c0bc04ef2cc9987f57d7df1f47376bd1,gx-no-cache=1780678327158 HTTP/1.1" 200 5561
190.95.15.27 - - [05/Jun/2026:13:45:46 -0300] "GET /cormun/servlet/solicitudotadjuntos?f4158fda11cfeaf729a6c7ab2a2b9337859e4d29f5e7cd265f26c99cf373df21,gx-no-cache=1780678352923 HTTP/1.1" 200 30
190.95.15.27 - - [05/Jun/2026:13:45:46 -0300] "GET /cormun/servlet/solicitudotadjuntos?f4158fda11cfeaf729a6c7ab2a2b9337859e4d29f5e7cd265f26c99cf373df21,gx-no-cache=1780678352952 HTTP/1.1" 200 30
190.95.15.27 - - [05/Jun/2026:13:45:46 -0300] "POST /cormun/servlet/solicitudotadjuntos?e290cef1198f0952d3a4e76b0a89fb82,INS,2026,23706,,1, HTTP/1.1" 200 116
190.95.15.27 - - [05/Jun/2026:13:45:46 -0300] "GET /cormun/servlet/hpexe_return? HTTP/1.1" 200 1026
190.95.15.27 - - [05/Jun/2026:13:45:46 -0300] "GET /cormun/servlet/trsolicitudadjuntos?2026,23706, HTTP/1.1" 200 10181
190.95.15.27 - - [05/Jun/2026:13:45:53 -0300] "GET /cormun/servlet/solicitudotadjuntos?INS,2026,23706,,1, HTTP/1.1" 200 6018
190.95.15.27 - - [05/Jun/2026:13:45:54 -0300] "GET /cormun/static/about:blank HTTP/1.1" 404 1011
190.95.15.27 - - [05/Jun/2026:13:45:54 -0300] "GET /cormun/servlet/solicitudotadjuntos?f4158fda11cfeaf729a6c7ab2a2b93370e1fb7dc37ee2d45c90a89e30dd994a720c3c137a1445c7088cc253d7477aa45,gx-no-cache=1780678361035 HTTP/1.1" 200 30
190.95.15.27 - - [05/Jun/2026:13:45:54 -0300] "POST /cormun/servlet/solicitudotadjuntos?e290cef1198f0952d3a4e76b0a89fb82,INS,2026,23706,,1,,gx-no-cache=1780678361061 HTTP/1.1" 200 3876
190.95.15.27 - - [05/Jun/2026:13:46:09 -0300] "POST /cormun/servlet/solicitudotadjuntos?gx-no-cache=1780678375950 HTTP/1.1" 200 26
190.95.15.27 - - [05/Jun/2026:13:46:16 -0300] "GET /cormun/servlet/solicitudotadjuntos?f4158fda11cfeaf729a6c7ab2a2b9337859e4d29f5e7cd265f26c99cf373df21,gx-no-cache=1780678382810 HTTP/1.1" 200 30
190.95.15.27 - - [05/Jun/2026:13:46:16 -0300] "GET /cormun/servlet/solicitudotadjuntos?f4158fda11cfeaf729a6c7ab2a2b9337859e4d29f5e7cd265f26c99cf373df21,gx-no-cache=1780678382829 HTTP/1.1" 200 30
190.95.15.27 - - [05/Jun/2026:13:46:16 -0300] "POST /cormun/servlet/solicitudotadjuntos?e290cef1198f0952d3a4e76b0a89fb82,INS,2026,23706,,1, HTTP/1.1" 200 116
190.95.15.27 - - [05/Jun/2026:13:46:16 -0300] "GET /cormun/servlet/hpexe_return? HTTP/1.1" 200 1026
