190.95.67.91 - - [03/Jun/2026:09:45:12 -0300] "POST /cormun/servlet/solicitudot?gx-no-cache=1780491121104 HTTP/1.1" 200 255
190.95.67.91 - - [03/Jun/2026:09:45:12 -0300] "GET /cormun/servlet/solicitudot?740c6f7b9343ff9b9b6775296fe0cd1e7a570c99fef30893944ec93377e485a50037efddfa60426889525c5fdb5039ae7f8a9425dca47ebc93e8b89d4cd32728ade858ba3aaad0503e8dfb9d272956150974be430d1f8dd41c62b192a24606ada670d37596eb895ba5b30b2a2d5cb575489aedb11e73459cc376939a812f12fe52f66f41c7147e64ee03f9e468f4c5a4f20254d4029bb7763abcb505835de11455157b2967e6a53680d5617f2d50ff50b375d6b7ec358992360717d87ee1175acb2fabe45c5b2142b2fa9162e2982a31c8efe4af47a4b104df45b1a901b9ff5886e725aab1ff046ff1950f9fe78136f9e79be7e13d9a7f8f736ee28da178b27cd12111354acecb5dcaebc997c8eb651a8d7526b39bcd44c371a5c01605df915bed579030ba8d8934d387642685a2e590e019058ba5123a08f468831f6c827b082c90d7076c4593cc62da623681001b69239e6a53045e7ddf042c7ae835cb733415ad780034207edb02e4a2cced5ff0373282f47f21d7715c4791fa53da4696cf,gx-no-cache=1780491121124 HTTP/1.1" 200 30
190.95.67.91 - - [03/Jun/2026:09:45:15 -0300] "POST /cormun/servlet/solicitudot?gx-no-cache=1780491124918 HTTP/1.1" 200 30
190.95.67.91 - - [03/Jun/2026:09:45:19 -0300] "POST /cormun/servlet/solicitudot?gx-no-cache=1780491128061 HTTP/1.1" 200 1507
190.95.67.91 - - [03/Jun/2026:09:45:19 -0300] "POST /cormun/servlet/solicitudot?gx-no-cache=1780491128093 HTTP/1.1" 200 38
190.95.67.91 - - [03/Jun/2026:09:45:58 -0300] "GET /cormun/servlet/solicitudot?740c6f7b9343ff9b9b6775296fe0cd1e6186079785ba9015bf6f4bf39fe4bec335ab5049a63fb7ecf570071decee04f9d568e577ce66f9ef3b7612a529a5b59f72a8faa4dce5660ebf6a9d99cd345308cebeb634200679476133b16c480f19060158a1f7eed3e575ed1f57b543dd25dd,gx-no-cache=1780491167945 HTTP/1.1" 200 110
190.95.67.91 - - [03/Jun/2026:09:46:48 -0300] "POST /cormun/servlet/solicitudot?gx-no-cache=1780491217351 HTTP/1.1" 200 97
190.95.67.99 - - [03/Jun/2026:09:46:51 -0300] "GET /cormun/servlet/trlicencias? HTTP/1.1" 200 10492
190.95.67.99 - - [03/Jun/2026:09:47:07 -0300] "POST /cormun/servlet/trlicencias?d89052c33df0c3775cda7297f0170b46,,gx-no-cache=1780491237237 HTTP/1.1" 200 7930
190.95.67.91 - - [03/Jun/2026:09:47:10 -0300] "POST /cormun/servlet/solicitudot?gx-no-cache=1780491239334 HTTP/1.1" 200 97
190.95.67.91 - - [03/Jun/2026:09:47:17 -0300] "GET /cormun/servlet/solicitudot?740c6f7b9343ff9b9b6775296fe0cd1eac0fd0543d4ffc9577ab26e9b5b6ed0b0ed0324c06dd0ca91c0b55d0da5290d3b72c5aa6a3face5483de0fdea957a71b39474024f83ba96f8d6ffbd864c5b566e45fa1f1336f9c17f1c57069f00f1fd57a44f87816498dfbf5970866b965bdc5d8ac4c3c5075d0e7e4de613feffabce2e0ae1dbb9278285f0915a0fb6862c8c5ffaab267d394ff2c52a08ea3a1787d778f40624e101ed67e1cddfa3ba9f540a7f17aeeb8187db8e074f527c548b1fa97be40339d7054e6a4916d37d51eb2b1a8,gx-no-cache=1780491246053 HTTP/1.1" 200 29
190.95.67.91 - - [03/Jun/2026:09:47:23 -0300] "GET /cormun/static/menuarrow.gif HTTP/1.1" 404 1015
190.95.67.91 - - [03/Jun/2026:09:47:26 -0300] "GET /cormun/servlet/solicitudot?740c6f7b9343ff9b9b6775296fe0cd1ec2e35a5ca369055ccaa1241f1b7c3a272f0538855e199620660514d91fb58ea3,gx-no-cache=1780491255367 HTTP/1.1" 200 30
190.95.67.91 - - [03/Jun/2026:09:47:34 -0300] "POST /cormun/servlet/solicitudot?gx-no-cache=1780491263704 HTTP/1.1" 200 30
201.186.225.187 - - [03/Jun/2026:09:47:40 -0300] "GET /cormun/servlet/trpermisosgoce? HTTP/1.1" 200 11552
201.186.225.187 - - [03/Jun/2026:09:47:43 -0300] "GET /cormun/servlet/permisogoce?INS,0,,, HTTP/1.1" 200 6831
190.95.67.91 - - [03/Jun/2026:09:47:51 -0300] "POST /cormun/servlet/solicitudot?8cb96d3f7ffb71d489d37534c15808d3,INS,0,0,false,,gx-no-cache=1780491280238 HTTP/1.1" 200 93
190.95.67.91 - - [03/Jun/2026:09:47:51 -0300] "GET /cormun/servlet/hpexe_return? HTTP/1.1" 200 1004
190.95.67.91 - - [03/Jun/2026:09:47:52 -0300] "GET /cormun/servlet/trsolicitudot HTTP/1.1" 200 9039
201.186.225.187 - - [03/Jun/2026:09:47:57 -0300] "GET /cormun/servlet/permisogoce?fbfed73b155b7bec09c397ecf1ba9052868d90faa8403fa5f1a77ab8a81e25227a6f79ab82b2e4a2cee5d68646ad1e3c5578a27352143f048acaa8678fdf57a8,gx-no-cache=1780491335333 HTTP/1.1" 200 79
201.186.225.187 - - [03/Jun/2026:09:48:00 -0300] "GET /cormun/static/menuarrow.gif HTTP/1.1" 404 1015
190.95.67.91 - - [03/Jun/2026:09:48:04 -0300] "POST /cormun/servlet/trsolicitudot?8cb96d3f7ffb71d489d37534c15808d3,gx-no-cache=1780491293966 HTTP/1.1" 200 113
190.95.67.91 - - [03/Jun/2026:09:48:05 -0300] "GET /cormun/servlet/solicitudot?UPD,2026,23685,false, HTTP/1.1" 200 17127
190.95.67.91 - - [03/Jun/2026:09:48:05 -0300] "POST /cormun/servlet/solicitudot?gx-no-cache=1780491294732 HTTP/1.1" 200 4121
190.95.67.91 - - [03/Jun/2026:09:48:05 -0300] "POST /cormun/servlet/solicitudot?8cb96d3f7ffb71d489d37534c15808d3,UPD,2026,23685,false,,gx-no-cache=1780491294832 HTTP/1.1" 200 13150
190.95.67.91 - - [03/Jun/2026:09:48:05 -0300] "GET /cormun/servlet/solicitudot?740c6f7b9343ff9b9b6775296fe0cd1eabb665590dcfe45516280ca94bc194a2bece704713df6edfdd24c92484a98074,gx-no-cache=1780491294909 HTTP/1.1" 200 30
190.95.67.91 - - [03/Jun/2026:09:48:05 -0300] "GET /cormun/servlet/solicitudot?740c6f7b9343ff9b9b6775296fe0cd1e85179af28f7e5549e9f079b29fa208d6e0b9823e06d53b03b0fe57c356fad9e0e8195b7d580ceace1064e091cf1d9e5e,gx-no-cache=1780491294927 HTTP/1.1" 200 30
190.95.67.91 - - [03/Jun/2026:09:48:05 -0300] "GET /cormun/servlet/solicitudot?740c6f7b9343ff9b9b6775296fe0cd1e11b98c77417c10a5466814b5b9ee949836dfca6bed8ea51836e7db08df098a9dd5705f4c2174b3ad87399e7c3feefcc88579367cff45be97a7c9448eb9117dd257301240504a670e8b822865fc35f5c8,gx-no-cache=1780491294942 HTTP/1.1" 200 70
190.95.67.91 - - [03/Jun/2026:09:48:05 -0300] "POST /cormun/servlet/solicitudot?gx-no-cache=1780491294958 HTTP/1.1" 200 254
190.95.67.91 - - [03/Jun/2026:09:48:05 -0300] "GET /cormun/servlet/solicitudot?740c6f7b9343ff9b9b6775296fe0cd1e7a570c99fef30893944ec93377e485a50037efddfa60426889525c5fdb5039ae7f8a9425dca47ebc93e8b89d4cd32728ade858ba3aaad0503e8dfb9d272956150974be430d1f8dd41c62b192a24606ada670d37596eb895ba5b30b2a2d5cb575489aedb11e73459cc376939a812f12fe52f66f41c7147e64ee03f9e468f4c5a4f20254d4029bb7763abcb505835de11455157b2967e6a53680d5617f2d50ff50b375d6b7ec358992360717d87ee1175acb2fabe45c5b2142b2fa9162e2982a31c8efe4af47a4b104df45b1a901b9ff5886e725aab1ff046ff1950f9fe78136f9e79be7e13d9a7f8f736ee28da178b27cd12111354acecb5dcaebc997c8eb651a8d7526b39bcd44c371a5c01605df915bed579030ba8d8934d387642685a2e590e019058ba5123a08f468831f6c827b082c90d7076c4593cc62da623681001b69239e6a53045e7ddf042c7ae835cb733415ad780034207edb02e4a2cced5ff0377dd8d41c8e64674e387ec893dd728e9d,gx-no-cache=1780491294977 HTTP/1.1" 200 30
190.95.67.91 - - [03/Jun/2026:09:48:06 -0300] "POST /cormun/servlet/solicitudot?gx-no-cache=1780491294992 HTTP/1.1" 200 30
190.95.67.91 - - [03/Jun/2026:09:48:06 -0300] "POST /cormun/servlet/solicitudot?gx-no-cache=1780491295009 HTTP/1.1" 200 1507
190.95.67.91 - - [03/Jun/2026:09:48:06 -0300] "POST /cormun/servlet/solicitudot?gx-no-cache=1780491295028 HTTP/1.1" 200 41
201.186.225.187 - - [03/Jun/2026:09:48:06 -0300] "GET /cormun/servlet/permisogoce?fbfed73b155b7bec09c397ecf1ba9052038fc5bbde882bbebad715282c35bc9b218904ecb0f8f89dfc475a62b8c371dc72fba81792ad56936cb0a0fb07708d74,gx-no-cache=1780491344346 HTTP/1.1" 200 47
190.95.67.91 - - [03/Jun/2026:09:48:07 -0300] "GET /cormun/servlet/solicitudot?740c6f7b9343ff9b9b6775296fe0cd1e6186079785ba9015bf6f4bf39fe4bec335ab5049a63fb7ecf570071decee04f9d568e577ce66f9ef3b7612a529a5b59f72a8faa4dce5660ebf6a9d99cd345308cebeb634200679476133b16c480f19060158a1f7eed3e575ed1f57b543dd25dd,gx-no-cache=1780491296760 HTTP/1.1" 200 110
201.186.225.187 - - [03/Jun/2026:09:48:09 -0300] "POST /cormun/servlet/permisogoce?6c3352b19ec3c1ce7080770b858e835f,INS,0,,,,gx-no-cache=1780491347013 HTTP/1.1" 200 93
201.186.225.187 - - [03/Jun/2026:09:48:09 -0300] "GET /cormun/servlet/hpexe_return? HTTP/1.1" 200 1011
201.186.225.187 - - [03/Jun/2026:09:48:09 -0300] "GET /cormun/servlet/trpermisosgoce HTTP/1.1" 200 11791
201.186.225.187 - - [03/Jun/2026:09:48:12 -0300] "GET /cormun/servlet/apermisogoceprn?13098789,P,20260603085547,PU HTTP/1.1" 200 1644
190.95.67.91 - - [03/Jun/2026:09:48:16 -0300] "POST /cormun/servlet/solicitudot?gx-no-cache=1780491305783 HTTP/1.1" 200 97
190.95.67.91 - - [03/Jun/2026:09:48:18 -0300] "GET /cormun/servlet/solicitudot?740c6f7b9343ff9b9b6775296fe0cd1e2a1997c38c20036e392286ab93b0ecf1b28201e6011a6a7d6bfc15791c80750a2fe10542eae33613f782c71432b62487b79d95014b89541af06dd00c6a823192164747479795f196fd79266fd78bc17e03d1ee1ead847a801473c8c53afe6d8cb5e72736f02f7d32fc99df8960469dd7dc7d3b96b0b0175b2f5e62f831abd6570058b683afc775fc95c76eba03fd69c182e1bbab1419834afd27598d23b7a35246da0e8f4183b269152ad1a8f5213260d0dbf12068e4a2c498e75ec83e30990f,gx-no-cache=1780491307077 HTTP/1.1" 200 29
190.95.67.91 - - [03/Jun/2026:09:48:18 -0300] "GET /cormun/servlet/solicitudot?740c6f7b9343ff9b9b6775296fe0cd1ec2e35a5ca369055ccaa1241f1b7c3a272f0538855e199620660514d91fb58ea3,gx-no-cache=1780491307093 HTTP/1.1" 200 30
190.95.67.91 - - [03/Jun/2026:09:48:18 -0300] "POST /cormun/servlet/solicitudot?gx-no-cache=1780491307110 HTTP/1.1" 200 30
190.95.67.91 - - [03/Jun/2026:09:48:18 -0300] "POST /cormun/servlet/solicitudot?8cb96d3f7ffb71d489d37534c15808d3,UPD,2026,23685,false,,gx-no-cache=1780491307126 HTTP/1.1" 200 93
190.95.67.91 - - [03/Jun/2026:09:48:18 -0300] "GET /cormun/servlet/hpexe_return? HTTP/1.1" 200 1009
190.95.67.91 - - [03/Jun/2026:09:48:18 -0300] "GET /cormun/servlet/trsolicitudot HTTP/1.1" 200 9042
190.95.67.91 - - [03/Jun/2026:09:48:40 -0300] "POST /cormun/servlet/trsolicitudot?8cb96d3f7ffb71d489d37534c15808d3,gx-no-cache=1780491329831 HTTP/1.1" 200 107
190.95.67.91 - - [03/Jun/2026:09:48:40 -0300] "GET /cormun/servlet/trsolicitudadjuntos?2026,23685, HTTP/1.1" 200 6499
190.95.67.91 - - [03/Jun/2026:09:48:43 -0300] "GET /cormun/servlet/solicitudotadjuntos?INS,2026,23685,,1, HTTP/1.1" 200 6440
190.95.67.91 - - [03/Jun/2026:09:48:45 -0300] "GET /cormun/static/about:blank HTTP/1.1" 404 1011
190.95.67.91 - - [03/Jun/2026:09:48:45 -0300] "GET /cormun/servlet/solicitudotadjuntos?740c6f7b9343ff9b9b6775296fe0cd1e3a32029180c78fc42222cb1139f646122cc0aefbc6aa59baf93ca559833775f7,gx-no-cache=1780491334542 HTTP/1.1" 200 30
190.95.67.91 - - [03/Jun/2026:09:48:45 -0300] "POST /cormun/servlet/solicitudotadjuntos?8cb96d3f7ffb71d489d37534c15808d3,INS,2026,23685,,1,,gx-no-cache=1780491334562 HTTP/1.1" 200 4183
190.95.67.91 - - [03/Jun/2026:09:48:47 -0300] "POST /cormun/servlet/solicitudotadjuntos?gx-no-cache=1780491336544 HTTP/1.1" 200 26
201.186.225.183 - - [03/Jun/2026:09:49:06 -0300] "GET /cormun/servlet/trlicencias? HTTP/1.1" 200 6051
201.186.225.183 - - [03/Jun/2026:09:49:06 -0300] "GET /cormun/servlet/hlogin HTTP/1.1" 200 1738
201.186.225.183 - - [03/Jun/2026:09:49:09 -0300] "POST /cormun/servlet/hlogin?d75c99a8ac2e375b9070f4c779a7dbe1,gx-no-cache=1780491357471 HTTP/1.1" 200 90
201.186.225.183 - - [03/Jun/2026:09:49:09 -0300] "GET /cormun/servlet/hpexe_link HTTP/1.1" 200 956
201.186.225.183 - - [03/Jun/2026:09:49:09 -0300] "GET /cormun/servlet/trlicencias HTTP/1.1" 200 19681
190.95.67.91 - - [03/Jun/2026:09:49:15 -0300] "GET /cormun/servlet/solicitudotadjuntos?740c6f7b9343ff9b9b6775296fe0cd1e3139fd6e8a4f4afa5440c9e3c5889986,gx-no-cache=1780491364541 HTTP/1.1" 200 30
190.95.67.91 - - [03/Jun/2026:09:49:15 -0300] "GET /cormun/servlet/solicitudotadjuntos?740c6f7b9343ff9b9b6775296fe0cd1e3139fd6e8a4f4afa5440c9e3c5889986,gx-no-cache=1780491364558 HTTP/1.1" 200 30
190.95.67.91 - - [03/Jun/2026:09:49:15 -0300] "POST /cormun/servlet/solicitudotadjuntos?8cb96d3f7ffb71d489d37534c15808d3,INS,2026,23685,,1, HTTP/1.1" 200 116
190.95.67.91 - - [03/Jun/2026:09:49:15 -0300] "GET /cormun/servlet/hpexe_return? HTTP/1.1" 200 1021
190.95.67.91 - - [03/Jun/2026:09:49:15 -0300] "GET /cormun/servlet/trsolicitudadjuntos?2026,23685, HTTP/1.1" 200 9753
190.95.67.91 - - [03/Jun/2026:09:49:17 -0300] "GET /cormun/servlet/solicitudotadjuntos?INS,2026,23685,,1, HTTP/1.1" 200 6440
190.95.67.91 - - [03/Jun/2026:09:49:17 -0300] "GET /cormun/static/about:blank HTTP/1.1" 404 1011
190.95.67.91 - - [03/Jun/2026:09:49:18 -0300] "GET /cormun/servlet/solicitudotadjuntos?740c6f7b9343ff9b9b6775296fe0cd1e3a32029180c78fc42222cb1139f646122cc0aefbc6aa59baf93ca559833775f7,gx-no-cache=1780491367375 HTTP/1.1" 200 30
190.95.67.91 - - [03/Jun/2026:09:49:18 -0300] "POST /cormun/servlet/solicitudotadjuntos?8cb96d3f7ffb71d489d37534c15808d3,INS,2026,23685,,1,,gx-no-cache=1780491367393 HTTP/1.1" 200 4183
190.95.67.91 - - [03/Jun/2026:09:49:22 -0300] "POST /cormun/servlet/solicitudotadjuntos?gx-no-cache=1780491371725 HTTP/1.1" 200 26
190.95.67.91 - - [03/Jun/2026:09:49:29 -0300] "GET /cormun/servlet/solicitudotadjuntos?740c6f7b9343ff9b9b6775296fe0cd1e3139fd6e8a4f4afa5440c9e3c5889986,gx-no-cache=1780491378028 HTTP/1.1" 200 30
190.95.67.91 - - [03/Jun/2026:09:49:29 -0300] "GET /cormun/servlet/solicitudotadjuntos?740c6f7b9343ff9b9b6775296fe0cd1e3139fd6e8a4f4afa5440c9e3c5889986,gx-no-cache=1780491378040 HTTP/1.1" 200 30
190.95.67.91 - - [03/Jun/2026:09:49:29 -0300] "POST /cormun/servlet/solicitudotadjuntos?8cb96d3f7ffb71d489d37534c15808d3,INS,2026,23685,,1, HTTP/1.1" 200 116
190.95.67.91 - - [03/Jun/2026:09:49:29 -0300] "GET /cormun/servlet/hpexe_return? HTTP/1.1" 200 1021
190.95.67.91 - - [03/Jun/2026:09:49:29 -0300] "GET /cormun/servlet/trsolicitudadjuntos?2026,23685, HTTP/1.1" 200 10014
190.95.67.91 - - [03/Jun/2026:09:49:31 -0300] "GET /cormun/servlet/solicitudotadjuntos?INS,2026,23685,,1, HTTP/1.1" 200 6440
190.95.67.91 - - [03/Jun/2026:09:49:31 -0300] "GET /cormun/static/about:blank HTTP/1.1" 404 1011
190.95.67.91 - - [03/Jun/2026:09:49:31 -0300] "GET /cormun/servlet/solicitudotadjuntos?740c6f7b9343ff9b9b6775296fe0cd1e3a32029180c78fc42222cb1139f646122cc0aefbc6aa59baf93ca559833775f7,gx-no-cache=1780491380606 HTTP/1.1" 200 30
190.95.67.91 - - [03/Jun/2026:09:49:31 -0300] "POST /cormun/servlet/solicitudotadjuntos?8cb96d3f7ffb71d489d37534c15808d3,INS,2026,23685,,1,,gx-no-cache=1780491380618 HTTP/1.1" 200 4183
190.95.67.91 - - [03/Jun/2026:09:49:33 -0300] "POST /cormun/servlet/solicitudotadjuntos?gx-no-cache=1780491382381 HTTP/1.1" 200 26
201.186.225.183 - - [03/Jun/2026:09:49:38 -0300] "POST /cormun/servlet/trlicencias?d75c99a8ac2e375b9070f4c779a7dbe1,gx-no-cache=1780491386650 HTTP/1.1" 200 5692
190.95.67.91 - - [03/Jun/2026:09:49:46 -0300] "GET /cormun/servlet/solicitudotadjuntos?740c6f7b9343ff9b9b6775296fe0cd1e3139fd6e8a4f4afa5440c9e3c5889986,gx-no-cache=1780491395740 HTTP/1.1" 200 30
190.95.67.91 - - [03/Jun/2026:09:49:46 -0300] "GET /cormun/servlet/solicitudotadjuntos?740c6f7b9343ff9b9b6775296fe0cd1e3139fd6e8a4f4afa5440c9e3c5889986,gx-no-cache=1780491395753 HTTP/1.1" 200 30
190.95.67.91 - - [03/Jun/2026:09:49:46 -0300] "POST /cormun/servlet/solicitudotadjuntos?8cb96d3f7ffb71d489d37534c15808d3,INS,2026,23685,,1, HTTP/1.1" 200 116
190.95.67.91 - - [03/Jun/2026:09:49:46 -0300] "GET /cormun/servlet/hpexe_return? HTTP/1.1" 200 1021
190.95.67.91 - - [03/Jun/2026:09:49:47 -0300] "GET /cormun/servlet/trsolicitudadjuntos?2026,23685, HTTP/1.1" 200 10291
190.95.67.91 - - [03/Jun/2026:09:49:48 -0300] "GET /cormun/servlet/solicitudotadjuntos?INS,2026,23685,,1, HTTP/1.1" 200 6440
190.95.67.91 - - [03/Jun/2026:09:49:48 -0300] "GET /cormun/static/about:blank HTTP/1.1" 404 1011
190.95.67.91 - - [03/Jun/2026:09:49:49 -0300] "GET /cormun/servlet/solicitudotadjuntos?740c6f7b9343ff9b9b6775296fe0cd1e3a32029180c78fc42222cb1139f646122cc0aefbc6aa59baf93ca559833775f7,gx-no-cache=1780491398413 HTTP/1.1" 200 30
190.95.67.91 - - [03/Jun/2026:09:49:49 -0300] "POST /cormun/servlet/solicitudotadjuntos?8cb96d3f7ffb71d489d37534c15808d3,INS,2026,23685,,1,,gx-no-cache=1780491398427 HTTP/1.1" 200 4183
190.95.67.91 - - [03/Jun/2026:09:49:52 -0300] "POST /cormun/servlet/solicitudotadjuntos?gx-no-cache=1780491401469 HTTP/1.1" 200 26
190.95.67.91 - - [03/Jun/2026:09:49:57 -0300] "GET /cormun/servlet/solicitudotadjuntos?740c6f7b9343ff9b9b6775296fe0cd1e3139fd6e8a4f4afa5440c9e3c5889986,gx-no-cache=1780491406892 HTTP/1.1" 200 30
190.95.67.91 - - [03/Jun/2026:09:49:57 -0300] "GET /cormun/servlet/solicitudotadjuntos?740c6f7b9343ff9b9b6775296fe0cd1e3139fd6e8a4f4afa5440c9e3c5889986,gx-no-cache=1780491406904 HTTP/1.1" 200 30
190.95.67.91 - - [03/Jun/2026:09:49:57 -0300] "POST /cormun/servlet/solicitudotadjuntos?8cb96d3f7ffb71d489d37534c15808d3,INS,2026,23685,,1, HTTP/1.1" 200 116
190.95.67.91 - - [03/Jun/2026:09:49:58 -0300] "GET /cormun/servlet/hpexe_return? HTTP/1.1" 200 1021
190.95.67.91 - - [03/Jun/2026:09:49:58 -0300] "GET /cormun/servlet/trsolicitudadjuntos?2026,23685, HTTP/1.1" 200 10668
190.95.67.91 - - [03/Jun/2026:09:50:00 -0300] "GET /cormun/servlet/solicitudotadjuntos?INS,2026,23685,,1, HTTP/1.1" 200 6440
190.95.67.91 - - [03/Jun/2026:09:50:00 -0300] "GET /cormun/static/about:blank HTTP/1.1" 404 1011
190.95.67.91 - - [03/Jun/2026:09:50:00 -0300] "GET /cormun/servlet/solicitudotadjuntos?740c6f7b9343ff9b9b6775296fe0cd1e3a32029180c78fc42222cb1139f646122cc0aefbc6aa59baf93ca559833775f7,gx-no-cache=1780491409969 HTTP/1.1" 200 30
190.95.67.91 - - [03/Jun/2026:09:50:01 -0300] "POST /cormun/servlet/solicitudotadjuntos?8cb96d3f7ffb71d489d37534c15808d3,INS,2026,23685,,1,,gx-no-cache=1780491409981 HTTP/1.1" 200 4183
190.95.67.91 - - [03/Jun/2026:09:50:03 -0300] "POST /cormun/servlet/solicitudotadjuntos?gx-no-cache=1780491412245 HTTP/1.1" 200 26
190.95.67.91 - - [03/Jun/2026:09:50:07 -0300] "GET /cormun/servlet/solicitudotadjuntos?740c6f7b9343ff9b9b6775296fe0cd1e3139fd6e8a4f4afa5440c9e3c5889986,gx-no-cache=1780491416204 HTTP/1.1" 200 30
190.95.67.91 - - [03/Jun/2026:09:50:07 -0300] "GET /cormun/servlet/solicitudotadjuntos?740c6f7b9343ff9b9b6775296fe0cd1e3139fd6e8a4f4afa5440c9e3c5889986,gx-no-cache=1780491416217 HTTP/1.1" 200 30
190.95.67.91 - - [03/Jun/2026:09:50:07 -0300] "POST /cormun/servlet/solicitudotadjuntos?8cb96d3f7ffb71d489d37534c15808d3,INS,2026,23685,,1, HTTP/1.1" 200 116
190.95.67.91 - - [03/Jun/2026:09:50:07 -0300] "GET /cormun/servlet/hpexe_return? HTTP/1.1" 200 1021
190.95.67.91 - - [03/Jun/2026:09:50:07 -0300] "GET /cormun/servlet/trsolicitudadjuntos?2026,23685, HTTP/1.1" 200 10840
201.186.225.183 - - [03/Jun/2026:09:50:09 -0300] "POST /cormun/servlet/trlicencias?d75c99a8ac2e375b9070f4c779a7dbe1,gx-no-cache=1780491417286 HTTP/1.1" 200 17808
201.186.225.183 - - [03/Jun/2026:09:50:09 -0300] "GET /cormun/static/Resources/PXToolsGridNext.gif HTTP/1.1" 200 369
201.186.225.183 - - [03/Jun/2026:09:50:09 -0300] "GET /cormun/static/Resources/PXToolsGridLast.gif HTTP/1.1" 200 370
190.95.67.91 - - [03/Jun/2026:09:50:09 -0300] "GET /cormun/servlet/solicitudotadjuntos?INS,2026,23685,,1, HTTP/1.1" 200 6440
190.95.67.91 - - [03/Jun/2026:09:50:09 -0300] "GET /cormun/static/about:blank HTTP/1.1" 404 1011
190.95.67.91 - - [03/Jun/2026:09:50:10 -0300] "GET /cormun/servlet/solicitudotadjuntos?740c6f7b9343ff9b9b6775296fe0cd1e3a32029180c78fc42222cb1139f646122cc0aefbc6aa59baf93ca559833775f7,gx-no-cache=1780491419299 HTTP/1.1" 200 30
190.95.67.91 - - [03/Jun/2026:09:50:10 -0300] "POST /cormun/servlet/solicitudotadjuntos?8cb96d3f7ffb71d489d37534c15808d3,INS,2026,23685,,1,,gx-no-cache=1780491419313 HTTP/1.1" 200 4183
190.95.67.91 - - [03/Jun/2026:09:50:12 -0300] "POST /cormun/servlet/solicitudotadjuntos?gx-no-cache=1780491421501 HTTP/1.1" 200 26
190.95.67.91 - - [03/Jun/2026:09:50:18 -0300] "GET /cormun/servlet/solicitudotadjuntos?740c6f7b9343ff9b9b6775296fe0cd1e3139fd6e8a4f4afa5440c9e3c5889986,gx-no-cache=1780491427476 HTTP/1.1" 200 30
190.95.67.91 - - [03/Jun/2026:09:50:18 -0300] "GET /cormun/servlet/solicitudotadjuntos?740c6f7b9343ff9b9b6775296fe0cd1e3139fd6e8a4f4afa5440c9e3c5889986,gx-no-cache=1780491427488 HTTP/1.1" 200 30
190.95.67.91 - - [03/Jun/2026:09:50:18 -0300] "POST /cormun/servlet/solicitudotadjuntos?8cb96d3f7ffb71d489d37534c15808d3,INS,2026,23685,,1, HTTP/1.1" 200 116
190.95.67.91 - - [03/Jun/2026:09:50:18 -0300] "GET /cormun/servlet/hpexe_return? HTTP/1.1" 200 1021
77.22.112.180 - - [03/Jun/2026:09:50:18 -0300] "GET /manager/text/list HTTP/1.1" 401 2474
190.95.67.91 - - [03/Jun/2026:09:50:18 -0300] "GET /cormun/servlet/trsolicitudadjuntos?2026,23685, HTTP/1.1" 200 11026
190.95.67.91 - - [03/Jun/2026:09:50:21 -0300] "GET /cormun/servlet/solicitudotadjuntos?INS,2026,23685,,2, HTTP/1.1" 200 6439
190.95.67.91 - - [03/Jun/2026:09:50:21 -0300] "GET /cormun/static/about:blank HTTP/1.1" 404 1011
190.95.67.91 - - [03/Jun/2026:09:50:22 -0300] "GET /cormun/servlet/solicitudotadjuntos?740c6f7b9343ff9b9b6775296fe0cd1e3a32029180c78fc42222cb1139f646122cc0aefbc6aa59baf93ca559833775f7,gx-no-cache=1780491431350 HTTP/1.1" 200 30
190.95.67.91 - - [03/Jun/2026:09:50:22 -0300] "POST /cormun/servlet/solicitudotadjuntos?8cb96d3f7ffb71d489d37534c15808d3,INS,2026,23685,,2,,gx-no-cache=1780491431370 HTTP/1.1" 200 4325
190.95.67.91 - - [03/Jun/2026:09:50:27 -0300] "POST /cormun/servlet/solicitudotadjuntos?gx-no-cache=1780491436637 HTTP/1.1" 200 26
190.95.67.91 - - [03/Jun/2026:09:50:32 -0300] "GET /cormun/servlet/solicitudotadjuntos?740c6f7b9343ff9b9b6775296fe0cd1e3139fd6e8a4f4afa5440c9e3c5889986,gx-no-cache=1780491441844 HTTP/1.1" 200 30
190.95.67.91 - - [03/Jun/2026:09:50:32 -0300] "GET /cormun/servlet/solicitudotadjuntos?740c6f7b9343ff9b9b6775296fe0cd1e3139fd6e8a4f4afa5440c9e3c5889986,gx-no-cache=1780491441856 HTTP/1.1" 200 30
190.95.67.91 - - [03/Jun/2026:09:50:32 -0300] "POST /cormun/servlet/solicitudotadjuntos?8cb96d3f7ffb71d489d37534c15808d3,INS,2026,23685,,2, HTTP/1.1" 200 116
190.95.67.91 - - [03/Jun/2026:09:50:32 -0300] "GET /cormun/servlet/hpexe_return? HTTP/1.1" 200 1021
190.95.67.91 - - [03/Jun/2026:09:50:33 -0300] "GET /cormun/servlet/trsolicitudadjuntos?2026,23685, HTTP/1.1" 200 11247
190.95.67.91 - - [03/Jun/2026:09:50:59 -0300] "POST /cormun/servlet/trsolicitudadjuntos?8cb96d3f7ffb71d489d37534c15808d3,2026,23685,,gx-no-cache=1780491468013 HTTP/1.1" 200 90
190.95.67.91 - - [03/Jun/2026:09:50:59 -0300] "GET /cormun/servlet/hpexe_link HTTP/1.1" 200 964
190.95.67.91 - - [03/Jun/2026:09:51:00 -0300] "GET /cormun/servlet/trsolicitudot HTTP/1.1" 200 9039
190.95.67.91 - - [03/Jun/2026:09:51:09 -0300] "POST /cormun/servlet/trsolicitudot?8cb96d3f7ffb71d489d37534c15808d3,gx-no-cache=1780491478063 HTTP/1.1" 200 4849
190.95.67.91 - - [03/Jun/2026:09:51:09 -0300] "GET /cormun/static/Shared/jqueryui/images/ui-icons_82798d_256x240.png HTTP/1.1" 404 1089
190.95.67.91 - - [03/Jun/2026:09:51:09 -0300] "GET /cormun/static/Shared/jqueryui/images/ui-icons_8d78a5_256x240.png HTTP/1.1" 404 1089
190.95.67.91 - - [03/Jun/2026:09:51:09 -0300] "GET /cormun/static/Shared/jqueryui/images/ui-bg_highlight-soft_100_c6c2c8_1x100.png HTTP/1.1" 404 1117
190.95.67.91 - - [03/Jun/2026:09:51:09 -0300] "GET /cormun/static/Shared/jqueryui/images/ui-bg_flat_55_fafafa_40x100.png HTTP/1.1" 404 1097
190.95.67.91 - - [03/Jun/2026:09:51:09 -0300] "POST /cormun/servlet/trsolicitudot?8cb96d3f7ffb71d489d37534c15808d3,gx-no-cache=1780491478182 HTTP/1.1" 200 4606
201.186.225.185 - - [03/Jun/2026:09:51:27 -0300] "GET /cormun/servlet/hlogin HTTP/1.1" 200 1719
201.186.225.185 - - [03/Jun/2026:09:51:27 -0300] "GET /cormun/servlet/hlogin HTTP/1.1" 200 1729
201.186.225.185 - - [03/Jun/2026:09:51:30 -0300] "POST /cormun/servlet/hlogin?bd4edc63d3df678fbe11c452949b2b72,gx-no-cache=1780491498636 HTTP/1.1" 200 90
201.186.225.185 - - [03/Jun/2026:09:51:30 -0300] "GET /cormun/servlet/hpexe_link HTTP/1.1" 200 951
201.186.225.185 - - [03/Jun/2026:09:51:30 -0300] "GET /cormun/servlet/hhome HTTP/1.1" 200 4233
201.186.225.185 - - [03/Jun/2026:09:51:33 -0300] "GET /cormun/servlet/trlicencias? HTTP/1.1" 200 12596
190.95.2.163 - - [03/Jun/2026:09:51:36 -0300] "GET /cormun/servlet/hlogin HTTP/1.1" 200 1721
190.95.2.163 - - [03/Jun/2026:09:51:44 -0300] "POST /cormun/servlet/hlogin?c75ba5d5467d014330074cb4ba4e8ba7,gx-no-cache=1780491510784 HTTP/1.1" 200 90
190.95.2.163 - - [03/Jun/2026:09:51:46 -0300] "GET /cormun/servlet/hpexe_link HTTP/1.1" 200 952
190.95.2.163 - - [03/Jun/2026:09:51:47 -0300] "GET /cormun/servlet/hhome HTTP/1.1" 200 4196
190.95.2.163 - - [03/Jun/2026:09:51:54 -0300] "GET /cormun/servlet/trpermisosgoce? HTTP/1.1" 200 14214
190.95.2.163 - - [03/Jun/2026:09:51:58 -0300] "GET /cormun/servlet/permisogoce?INS,0,,, HTTP/1.1" 200 7055
190.95.2.163 - - [03/Jun/2026:09:52:01 -0300] "GET /cormun/servlet/prfichaempleado?,MD,,gxPopupLevel%3D0%3B HTTP/1.1" 200 9122
190.95.2.163 - - [03/Jun/2026:09:52:08 -0300] "POST /cormun/servlet/prfichaempleado?c75ba5d5467d014330074cb4ba4e8ba7,,MD,,gxPopupLevel%3D0%3B,gx-no-cache=1780491535350 HTTP/1.1" 200 6307
190.95.2.163 - - [03/Jun/2026:09:52:27 -0300] "GET /cormun/servlet/permisogoce?05159e545b80732a0244d8f6c7892319690ada559cfaeeffa45b0a95b415e926c82705523206133401761ff0f9bc54279fa2f9536cdf9c6677e1ab8571b2c58f,gx-no-cache=1780491554158 HTTP/1.1" 200 80
190.95.2.163 - - [03/Jun/2026:09:52:29 -0300] "GET /cormun/static/menuarrow.gif HTTP/1.1" 404 1015
190.95.2.163 - - [03/Jun/2026:09:52:35 -0300] "GET /cormun/servlet/permisogoce?05159e545b80732a0244d8f6c789231985071ba84d7f15e16b0ecf1e9cbea3d5b52b656f9629e42ab5df26318dcfa224ebe63964b5eb9291bd5bb95864dca479,gx-no-cache=1780491562758 HTTP/1.1" 200 47
190.95.2.163 - - [03/Jun/2026:09:52:39 -0300] "POST /cormun/servlet/permisogoce?c75ba5d5467d014330074cb4ba4e8ba7,INS,0,,,,gx-no-cache=1780491565671 HTTP/1.1" 200 93
190.95.2.163 - - [03/Jun/2026:09:52:39 -0300] "GET /cormun/servlet/hpexe_return? HTTP/1.1" 200 1011
190.95.2.163 - - [03/Jun/2026:09:52:39 -0300] "GET /cormun/servlet/trpermisosgoce HTTP/1.1" 200 14350
190.95.2.163 - - [03/Jun/2026:09:52:47 -0300] "GET /cormun/servlet/apermisogoceprn?16988200,P,20260603090002,PU HTTP/1.1" 200 1658
190.95.2.163 - - [03/Jun/2026:09:53:02 -0300] "GET /cormun/servlet/permisogoce?INS,0,,, HTTP/1.1" 200 7055
190.95.2.163 - - [03/Jun/2026:09:53:06 -0300] "GET /cormun/servlet/prfichaempleado?,MD,,gxPopupLevel%3D0%3B HTTP/1.1" 200 9122
190.95.2.163 - - [03/Jun/2026:09:53:14 -0300] "POST /cormun/servlet/prfichaempleado?c75ba5d5467d014330074cb4ba4e8ba7,,MD,,gxPopupLevel%3D0%3B,gx-no-cache=1780491600406 HTTP/1.1" 200 3398
190.95.2.163 - - [03/Jun/2026:09:53:18 -0300] "GET /cormun/servlet/permisogoce?05159e545b80732a0244d8f6c789231932d5c60e08023a2962799697d940a110c82705523206133401761ff0f9bc54279fa2f9536cdf9c6677e1ab8571b2c58f,gx-no-cache=1780491605032 HTTP/1.1" 200 76
190.95.2.163 - - [03/Jun/2026:09:53:27 -0300] "GET /cormun/servlet/permisogoce?05159e545b80732a0244d8f6c7892319e6513c90e0dcf9538817cc5a6fadcd33d0193c46211175e4c9c7f7d05a625f58ebe63964b5eb9291bd5bb95864dca479,gx-no-cache=1780491614102 HTTP/1.1" 200 47
190.95.2.163 - - [03/Jun/2026:09:53:31 -0300] "POST /cormun/servlet/permisogoce?c75ba5d5467d014330074cb4ba4e8ba7,INS,0,,,,gx-no-cache=1780491618031 HTTP/1.1" 200 93
190.95.2.163 - - [03/Jun/2026:09:53:31 -0300] "GET /cormun/servlet/hpexe_return? HTTP/1.1" 200 1011
190.95.2.163 - - [03/Jun/2026:09:53:31 -0300] "GET /cormun/servlet/trpermisosgoce HTTP/1.1" 200 14514
190.95.2.163 - - [03/Jun/2026:09:53:36 -0300] "GET /cormun/servlet/apermisogoceprn?26578128,P,20260603090107,PU HTTP/1.1" 200 1643
190.95.2.163 - - [03/Jun/2026:09:53:50 -0300] "GET /cormun/servlet/permisogoce?INS,0,,, HTTP/1.1" 200 7055
190.95.2.163 - - [03/Jun/2026:09:53:53 -0300] "GET /cormun/servlet/prfichaempleado?,MD,,gxPopupLevel%3D0%3B HTTP/1.1" 200 9122
190.95.2.163 - - [03/Jun/2026:09:54:00 -0300] "POST /cormun/servlet/prfichaempleado?c75ba5d5467d014330074cb4ba4e8ba7,,MD,,gxPopupLevel%3D0%3B,gx-no-cache=1780491647293 HTTP/1.1" 200 3480
190.95.2.163 - - [03/Jun/2026:09:54:07 -0300] "POST /cormun/servlet/prfichaempleado?c75ba5d5467d014330074cb4ba4e8ba7,,MD,,gxPopupLevel%3D0%3B,gx-no-cache=1780491654390 HTTP/1.1" 200 4095
190.95.2.163 - - [03/Jun/2026:09:54:16 -0300] "GET /cormun/servlet/permisogoce?05159e545b80732a0244d8f6c7892319a4f7ad75936d933f1831f6d4962ada44c82705523206133401761ff0f9bc54279fa2f9536cdf9c6677e1ab8571b2c58f,gx-no-cache=1780491663239 HTTP/1.1" 200 80
190.95.2.163 - - [03/Jun/2026:09:54:22 -0300] "GET /cormun/servlet/permisogoce?05159e545b80732a0244d8f6c7892319a6b7deb981a214e634ca5bf958f962f5f17d93971705d90a4dd3fee1b70e093d7fdbbc827fced02744b6744198902119,gx-no-cache=1780491669536 HTTP/1.1" 200 46
190.95.2.163 - - [03/Jun/2026:09:54:26 -0300] "POST /cormun/servlet/permisogoce?c75ba5d5467d014330074cb4ba4e8ba7,INS,0,,,,gx-no-cache=1780491673271 HTTP/1.1" 200 93
190.95.2.163 - - [03/Jun/2026:09:54:26 -0300] "GET /cormun/servlet/hpexe_return? HTTP/1.1" 200 1011
190.95.2.163 - - [03/Jun/2026:09:54:26 -0300] "GET /cormun/servlet/trpermisosgoce HTTP/1.1" 200 14729
190.95.2.163 - - [03/Jun/2026:09:54:31 -0300] "GET /cormun/servlet/apermisogoceprn?19591125,P,20260603090154,PU HTTP/1.1" 200 1666
190.95.2.163 - - [03/Jun/2026:09:55:09 -0300] "POST /cormun/servlet/trpermisosgoce?c75ba5d5467d014330074cb4ba4e8ba7,gx-no-cache=1780491716208 HTTP/1.1" 200 7167
186.174.66.116 - - [03/Jun/2026:09:55:42 -0300] "GET /cormun/servlet/trsolicitudot? HTTP/1.1" 200 6332
186.174.66.116 - - [03/Jun/2026:09:55:42 -0300] "GET /cormun/servlet/hlogin HTTP/1.1" 200 1743
186.174.66.116 - - [03/Jun/2026:09:55:45 -0300] "POST /cormun/servlet/hlogin?305c96bc7e0a4a25f75117a35faabef8,gx-no-cache=1780491756287 HTTP/1.1" 200 90
186.174.66.116 - - [03/Jun/2026:09:55:45 -0300] "GET /cormun/servlet/hpexe_link HTTP/1.1" 200 959
186.174.66.116 - - [03/Jun/2026:09:55:45 -0300] "GET /cormun/servlet/trsolicitudot HTTP/1.1" 200 8409
186.174.66.116 - - [03/Jun/2026:09:56:34 -0300] "GET /cormun/servlet/solicitudot?INS,0,0,false, HTTP/1.1" 200 16005
186.174.66.116 - - [03/Jun/2026:09:56:53 -0300] "POST /cormun/servlet/solicitudot?gx-no-cache=1780491823904 HTTP/1.1" 200 4055
186.174.66.116 - - [03/Jun/2026:09:56:53 -0300] "POST /cormun/servlet/solicitudot?305c96bc7e0a4a25f75117a35faabef8,INS,0,0,false,,gx-no-cache=1780491824143 HTTP/1.1" 200 12669
186.174.66.116 - - [03/Jun/2026:09:56:55 -0300] "GET /cormun/servlet/solicitudot?da91ad7a7a4ecf9e345f0e692e8d9049181a9698341077da4ae9de00d1dc09612c192f39668a167d66649a89efca51e0,gx-no-cache=1780491826626 HTTP/1.1" 200 30
77.22.112.180 - - [03/Jun/2026:09:58:42 -0300] "GET /manager/text/list HTTP/1.1" 401 2474
201.186.225.187 - - [03/Jun/2026:09:59:51 -0300] "GET /cormun/servlet/hlogin HTTP/1.1" 200 1722
186.174.66.116 - - [03/Jun/2026:10:00:04 -0300] "GET /cormun/servlet/solicitudot?da91ad7a7a4ecf9e345f0e692e8d9049ba1b7f80bca3db2a01ddf885ccf5c8924c8722d07fb46d1d60baf9d2a0054aba1d0dbece77afad2827762e67b418191b,gx-no-cache=1780492015103 HTTP/1.1" 200 30
201.186.225.187 - - [03/Jun/2026:10:00:05 -0300] "GET /cormun/servlet/trsolicitudot? HTTP/1.1" 200 6331
201.186.225.187 - - [03/Jun/2026:10:00:05 -0300] "GET /cormun/servlet/hlogin HTTP/1.1" 200 1739
186.174.66.116 - - [03/Jun/2026:10:00:06 -0300] "GET /cormun/servlet/solicitudot?da91ad7a7a4ecf9e345f0e692e8d90497f80959a1ed2d4fb3cfe7e6efacb9ca4,gx-no-cache=1780492017271 HTTP/1.1" 200 53
201.186.225.187 - - [03/Jun/2026:10:00:11 -0300] "POST /cormun/servlet/hlogin?6c3352b19ec3c1ce7080770b858e835f,gx-no-cache=1780492069339 HTTP/1.1" 200 90
201.186.225.187 - - [03/Jun/2026:10:00:11 -0300] "GET /cormun/servlet/hpexe_link HTTP/1.1" 200 959
201.186.225.187 - - [03/Jun/2026:10:00:11 -0300] "GET /cormun/servlet/trsolicitudot HTTP/1.1" 200 7006
201.186.225.187 - - [03/Jun/2026:10:00:14 -0300] "GET /cormun/servlet/solicitudot?INS,0,0,false, HTTP/1.1" 200 16046
190.95.2.163 - - [03/Jun/2026:10:00:16 -0300] "GET /cormun/servlet/permisogoce?INS,0,,, HTTP/1.1" 200 7054
190.95.2.163 - - [03/Jun/2026:10:00:19 -0300] "GET /cormun/servlet/prfichaempleado?,MD,,gxPopupLevel%3D0%3B HTTP/1.1" 200 9122
186.174.66.116 - - [03/Jun/2026:10:00:22 -0300] "POST /cormun/servlet/solicitudot?gx-no-cache=1780492032905 HTTP/1.1" 200 297
186.174.66.116 - - [03/Jun/2026:10:00:22 -0300] "GET /cormun/servlet/solicitudot?da91ad7a7a4ecf9e345f0e692e8d9049ab10aad72b3a18901b17f8e15b79ac0ec598c56acaa63657b1cf9391dee34b47fe5622a6589ef47d77ee13d69a067ee7a4952b9443a75df5a6479f7961c9628c25f7c314665778a9da78eff89b9dd2eee387509e79c584302a781d76a08d4225fbf983a85ce3d848613a923268252d96ae9975a8f25bf7779e231b2e803b0d6870e024e1bf4809e682ba7aee66472bbb8637e3357808ae2e6f3e2d879599d42ebc70edf46bb78cf35b38cdd1ab10920025509053bc79313e712a9d44a0a598b728f5ff595e714b44c95b714d8ae862c968860306039456b3e9de7c5ac43960a13ff7067b385c993c17176bf17ba4b7879d6a9f8998e2cfd8561d2d750ce5c6e34e032ae9e25f725ccd86fcb9ee88480603fa145ebcff5a526f66eb04b034ce968912ba27d5dc169eab4b24a33d9af5607415d677aafc5afd064046800ee660ff252b53f9a76b0ac7e4929e2247e07cccab0760a83e895b0217208ef44e6772a3a50e8d5518c929de6ad84c7a96db29705453ff0c435ff5a745b2374c1bbcda04,gx-no-cache=1780492032999 HTTP/1.1" 200 30
201.186.225.187 - - [03/Jun/2026:10:00:23 -0300] "POST /cormun/servlet/solicitudot?gx-no-cache=1780492081621 HTTP/1.1" 200 4190
201.186.225.187 - - [03/Jun/2026:10:00:23 -0300] "POST /cormun/servlet/solicitudot?6c3352b19ec3c1ce7080770b858e835f,INS,0,0,false,,gx-no-cache=1780492081770 HTTP/1.1" 200 12820
201.186.225.187 - - [03/Jun/2026:10:00:25 -0300] "GET /cormun/servlet/solicitudot?e4d232332535a30dc5cd6934e4256ce23a9ee86f05fd26de40f323008b25c216a3121e920f570d237342f5fa48b25083,gx-no-cache=1780492082927 HTTP/1.1" 200 30
190.95.2.163 - - [03/Jun/2026:10:00:25 -0300] "POST /cormun/servlet/prfichaempleado?c75ba5d5467d014330074cb4ba4e8ba7,,MD,,gxPopupLevel%3D0%3B,gx-no-cache=1780492032615 HTTP/1.1" 200 4122
190.95.2.163 - - [03/Jun/2026:10:00:35 -0300] "GET /cormun/servlet/permisogoce?05159e545b80732a0244d8f6c789231947f247eb8179b3a48362b63dbeed28dcc82705523206133401761ff0f9bc54279fa2f9536cdf9c6677e1ab8571b2c58f,gx-no-cache=1780492041965 HTTP/1.1" 200 83
186.174.66.116 - - [03/Jun/2026:10:00:36 -0300] "POST /cormun/servlet/solicitudot?gx-no-cache=1780492047265 HTTP/1.1" 200 30
190.95.2.163 - - [03/Jun/2026:10:00:39 -0300] "GET /cormun/servlet/permisogoce?05159e545b80732a0244d8f6c7892319fbc0da669bb0b9487ac6b2c2c19ee81f223353a0d8090b07c8802cc0247e6f6e7fdbbc827fced02744b6744198902119,gx-no-cache=1780492046268 HTTP/1.1" 200 46
186.174.66.116 - - [03/Jun/2026:10:00:39 -0300] "POST /cormun/servlet/solicitudot?gx-no-cache=1780492050651 HTTP/1.1" 200 1505
186.174.66.116 - - [03/Jun/2026:10:00:40 -0300] "POST /cormun/servlet/solicitudot?gx-no-cache=1780492050783 HTTP/1.1" 200 38
190.95.2.163 - - [03/Jun/2026:10:00:42 -0300] "POST /cormun/servlet/permisogoce?c75ba5d5467d014330074cb4ba4e8ba7,INS,0,,,,gx-no-cache=1780492049093 HTTP/1.1" 200 93
190.95.2.163 - - [03/Jun/2026:10:00:42 -0300] "GET /cormun/servlet/hpexe_return? HTTP/1.1" 200 1032
190.95.2.163 - - [03/Jun/2026:10:00:42 -0300] "GET /cormun/servlet/trpermisosgoce?gx-no-cache=1780491716208 HTTP/1.1" 200 10023
201.186.225.187 - - [03/Jun/2026:10:00:42 -0300] "GET /cormun/servlet/solicitudot?e4d232332535a30dc5cd6934e4256ce21e133ae7f740b05a7f139312536d4ea7374e3cf24f60590a07b01fc3c95f5ac312297f584bb541732f2aa03727693bf6,gx-no-cache=1780492100683 HTTP/1.1" 200 30
201.186.225.187 - - [03/Jun/2026:10:00:42 -0300] "GET /cormun/servlet/solicitudot?e4d232332535a30dc5cd6934e4256ce2e967ae02db2e2b6d082b13e77caaba9a,gx-no-cache=1780492100714 HTTP/1.1" 200 60
201.186.225.187 - - [03/Jun/2026:10:00:42 -0300] "POST /cormun/servlet/solicitudot?gx-no-cache=1780492100757 HTTP/1.1" 200 255
201.186.225.187 - - [03/Jun/2026:10:00:43 -0300] "GET /cormun/servlet/solicitudot?e4d232332535a30dc5cd6934e4256ce20b7f9b8d035a25e52eefdf42c7e99377f065a38edcad2b915ae10c331f114baaa941fa5f79c450041ea56527abeff9dbd604ac216fa8298bd2ddf7393779d4ad401489f69f23ac8e64faf1566df702076d7629a34fd386700504083bb98ba368906a93fcb237047fbbe16aa6412e0b6bbf5d601d3fdd69b17cc217d1e80c487cb390470eedcb7b4a8045b4e1626a6e628ea58b644d828190d13df1f07651b8b59671a2cdce2a6b974b42451b501dc9bc816100ccff0e14ca4a416dd14d489b0053f6da570d42f1c4779faf8116aedb0e28f4caa829f0a3043d2b299a89248b7df9470f6e6449cd9ca1bf0e715ea1fe8695faf494f197d92dcb4a74afbaa27e766a986d715c39d0c8cdece327b3178fe618b82069f0c94dcde3dfe5e48185d1c6ba44a6cf7b851e3c4c099c5b9cf85926dba3acade14cb58986458a75f70059bf02e308c0b02232fa18142aa5c2c46ec3ca503b6b2e4ff323e513e28a4ca916f4c2fb695d0542e68cb749214e88e35b90,gx-no-cache=1780492100808 HTTP/1.1" 200 30
201.186.225.187 - - [03/Jun/2026:10:00:43 -0300] "POST /cormun/servlet/solicitudot?gx-no-cache=1780492100848 HTTP/1.1" 200 30
201.186.225.187 - - [03/Jun/2026:10:00:43 -0300] "POST /cormun/servlet/solicitudot?gx-no-cache=1780492100902 HTTP/1.1" 200 1507
201.186.225.187 - - [03/Jun/2026:10:00:43 -0300] "POST /cormun/servlet/solicitudot?gx-no-cache=1780492100946 HTTP/1.1" 200 38
201.186.225.187 - - [03/Jun/2026:10:00:43 -0300] "GET /cormun/servlet/solicitudot?e4d232332535a30dc5cd6934e4256ce27d61ef66ead9b0b41c0a1ed0aab2c9eae87f672b8d5f752c77da5be2ded0939a063fcc51c07f242273845efacfd800c1d527341d50114f33c3d23632257b965eb9a4dbeb41d15fb173d70a5489fe286a2b25fbcb66c241bc0acb8ee112a9c544,gx-no-cache=1780492100973 HTTP/1.1" 200 110
201.186.225.187 - - [03/Jun/2026:10:00:43 -0300] "POST /cormun/servlet/solicitudot?gx-no-cache=1780492101012 HTTP/1.1" 200 110
186.174.66.116 - - [03/Jun/2026:10:00:44 -0300] "GET /cormun/servlet/solicitudot?da91ad7a7a4ecf9e345f0e692e8d90499b7a2d440b22517e8a3f2acfe3c2868e726892ca23b34e1f819d3e21150fc60c3d58233940ffff9846afc673b5ddd3a8167d2f2089b7f26fcc9f7978573788163be2f97113f963b83b4bc270fa340d97d9b8270b141e4c151a32d8b005a878ba,gx-no-cache=1780492054816 HTTP/1.1" 200 110
190.95.2.163 - - [03/Jun/2026:10:00:51 -0300] "GET /cormun/servlet/apermisogoceprn?12571209,P,20260603090820,PU HTTP/1.1" 200 1660
201.186.225.187 - - [03/Jun/2026:10:00:54 -0300] "POST /cormun/servlet/solicitudot?gx-no-cache=1780492112337 HTTP/1.1" 200 30
201.186.225.187 - - [03/Jun/2026:10:00:59 -0300] "POST /cormun/servlet/solicitudot?gx-no-cache=1780492116836 HTTP/1.1" 200 1507
201.186.225.187 - - [03/Jun/2026:10:00:59 -0300] "POST /cormun/servlet/solicitudot?gx-no-cache=1780492116871 HTTP/1.1" 200 38
201.186.225.187 - - [03/Jun/2026:10:00:59 -0300] "GET /cormun/servlet/solicitudot?e4d232332535a30dc5cd6934e4256ce27d61ef66ead9b0b41c0a1ed0aab2c9eae87f672b8d5f752c77da5be2ded0939a063fcc51c07f242273845efacfd800c1d527341d50114f33c3d23632257b965eb9a4dbeb41d15fb173d70a5489fe286a2b25fbcb66c241bc0acb8ee112a9c544,gx-no-cache=1780492116905 HTTP/1.1" 200 110
201.186.225.187 - - [03/Jun/2026:10:00:59 -0300] "POST /cormun/servlet/solicitudot?gx-no-cache=1780492116942 HTTP/1.1" 200 110
201.186.225.187 - - [03/Jun/2026:10:00:59 -0300] "GET /cormun/servlet/solicitudot?e4d232332535a30dc5cd6934e4256ce2a121cb6df61f77bbbaf521bcea118aeea2da77088cdeb8ad45653e8f9385f5b92d92c38ecada2ad3908f9aebf3e9c44c9d5c6292537cab24ba4bc7be4600eaa561f2838bab601c307a7979a484490cde1d86f1b1c8a975ae3021be92881fa839d8b8e5d96a4ec7fe7df688c8aee6c013d14acec6995118549f0e26d97e73bc3e0d7929e4b1932846f80189647f97268f,gx-no-cache=1780492116983 HTTP/1.1" 200 29
186.174.66.116 - - [03/Jun/2026:10:00:59 -0300] "POST /cormun/servlet/solicitudot?gx-no-cache=1780492070107 HTTP/1.1" 200 83
186.174.66.116 - - [03/Jun/2026:10:01:06 -0300] "GET /cormun/servlet/solicitudot?da91ad7a7a4ecf9e345f0e692e8d9049a3909a8640d7ff442ebc662703d0526379070b778f82b165217915c652895e48914d8b8eaeaf2eebcb0a02752f6aa0829def38005e031f4fb012c1624820ac8caa859c996a84ead7398bdade8eb5007ff509096e60aec2fe3b78d17b304b8f5b,gx-no-cache=1780492077352 HTTP/1.1" 200 29
186.174.66.116 - - [03/Jun/2026:10:01:06 -0300] "GET /cormun/static/menuarrow.gif HTTP/1.1" 404 1015
186.174.66.116 - - [03/Jun/2026:10:01:09 -0300] "GET /cormun/servlet/solicitudot?da91ad7a7a4ecf9e345f0e692e8d9049e9ba20fee4c7c6424480b0d2c6fe7ad3e338d3411d3a0431e78513bf5e5e7c09,gx-no-cache=1780492080616 HTTP/1.1" 200 30
190.95.2.163 - - [03/Jun/2026:10:02:52 -0300] "GET /cormun/servlet/trpermisosadjuntos?9279153,20260527081115,P, HTTP/1.1" 200 6531
190.95.2.163 - - [03/Jun/2026:10:02:52 -0300] "GET /cormun/static/gxcfg.js?2020121641683 HTTP/1.1" 200 953
190.95.2.163 - - [03/Jun/2026:10:02:52 -0300] "GET /cormun/static/trpermisosadjuntos.js?2020121642996 HTTP/1.1" 200 20158
190.95.2.163 - - [03/Jun/2026:10:02:57 -0300] "GET /cormun/servlet/permisosadjuntos?INS,9279153,P,20260527081115,, HTTP/1.1" 200 5837
190.95.2.163 - - [03/Jun/2026:10:02:57 -0300] "GET /cormun/static/gxcfg.js?20201215134212 HTTP/1.1" 200 953
190.95.2.163 - - [03/Jun/2026:10:02:57 -0300] "GET /cormun/static/permisosadjuntos.js?20201215134285 HTTP/1.1" 200 8724
190.95.2.163 - - [03/Jun/2026:10:02:57 -0300] "GET /cormun/static/about:blank HTTP/1.1" 404 1011
190.121.111.10 - - [03/Jun/2026:10:03:01 -0300] "GET /cormun/servlet/hlogin HTTP/1.1" 200 1717
190.95.2.163 - - [03/Jun/2026:10:03:09 -0300] "POST /cormun/servlet/permisosadjuntos?c75ba5d5467d014330074cb4ba4e8ba7,INS,9279153,P,20260527081115,, HTTP/1.1" 200 116
190.95.2.163 - - [03/Jun/2026:10:03:09 -0300] "GET /cormun/servlet/hpexe_return? HTTP/1.1" 200 1038
190.95.2.163 - - [03/Jun/2026:10:03:10 -0300] "GET /cormun/servlet/trpermisosadjuntos?9279153,20260527081115,P, HTTP/1.1" 200 7046
190.95.2.163 - - [03/Jun/2026:10:03:17 -0300] "POST /cormun/servlet/acontrolpreferencessavestate?None,OPOBLETE,true HTTP/1.1" 200 35
190.95.2.163 - - [03/Jun/2026:10:03:19 -0300] "POST /cormun/servlet/acontrolpreferencessavestate?None,OPOBLETE,true HTTP/1.1" 200 35
190.95.2.163 - - [03/Jun/2026:10:03:20 -0300] "POST /cormun/servlet/trpermisosadjuntos?c75ba5d5467d014330074cb4ba4e8ba7,9279153,20260527081115,P,,gx-no-cache=1780492207143 HTTP/1.1" 200 90
190.95.2.163 - - [03/Jun/2026:10:03:20 -0300] "GET /cormun/servlet/hpexe_link HTTP/1.1" 200 1005
190.95.2.163 - - [03/Jun/2026:10:03:20 -0300] "GET /cormun/servlet/trpermisosgoce?gx-no-cache=1780491716208 HTTP/1.1" 200 10011
190.95.2.163 - - [03/Jun/2026:10:03:39 -0300] "GET /cormun/servlet/trpermisosadjuntos?9279153,20260527081115,P, HTTP/1.1" 200 7062
190.95.2.163 - - [03/Jun/2026:10:03:42 -0300] "POST /cormun/servlet/trpermisosadjuntos?c75ba5d5467d014330074cb4ba4e8ba7,9279153,20260527081115,P,,gx-no-cache=1780492229823 HTTP/1.1" 200 90
190.95.2.163 - - [03/Jun/2026:10:03:43 -0300] "GET /cormun/servlet/hpexe_link HTTP/1.1" 200 1005
190.95.2.163 - - [03/Jun/2026:10:03:43 -0300] "GET /cormun/servlet/trpermisosgoce?gx-no-cache=1780491716208 HTTP/1.1" 200 10020
190.95.2.163 - - [03/Jun/2026:10:03:47 -0300] "POST /cormun/servlet/trpermisosgoce?c75ba5d5467d014330074cb4ba4e8ba7,gx-no-cache=1780491716208,gx-no-cache=1780492234369 HTTP/1.1" 200 7172
190.95.2.163 - - [03/Jun/2026:10:03:48 -0300] "GET /cormun/static/Shared/jqueryui/images/ui-icons_82798d_256x240.png HTTP/1.1" 404 1089
190.95.2.163 - - [03/Jun/2026:10:03:48 -0300] "GET /cormun/static/Shared/jqueryui/images/ui-bg_highlight-soft_100_c6c2c8_1x100.png HTTP/1.1" 404 1117
190.95.2.163 - - [03/Jun/2026:10:03:48 -0300] "GET /cormun/static/Shared/jqueryui/images/ui-icons_8d78a5_256x240.png HTTP/1.1" 404 1089
190.95.2.163 - - [03/Jun/2026:10:03:48 -0300] "GET /cormun/static/Shared/jqueryui/images/ui-bg_flat_55_fafafa_40x100.png HTTP/1.1" 404 1097
201.186.225.187 - - [03/Jun/2026:10:03:49 -0300] "GET /cormun/servlet/solicitudot?e4d232332535a30dc5cd6934e4256ce27d61ef66ead9b0b41c0a1ed0aab2c9eae87f672b8d5f752c77da5be2ded0939a063fcc51c07f242273845efacfd800c1d527341d50114f33c3d23632257b965eb9a4dbeb41d15fb173d70a5489fe286a2b25fbcb66c241bc0acb8ee112a9c544,gx-no-cache=1780492287624 HTTP/1.1" 200 110
201.186.225.187 - - [03/Jun/2026:10:03:53 -0300] "POST /cormun/servlet/solicitudot?gx-no-cache=1780492291310 HTTP/1.1" 200 30
201.186.225.187 - - [03/Jun/2026:10:03:53 -0300] "POST /cormun/servlet/solicitudot?gx-no-cache=1780492291356 HTTP/1.1" 200 1507
201.186.225.187 - - [03/Jun/2026:10:03:53 -0300] "POST /cormun/servlet/solicitudot?gx-no-cache=1780492291402 HTTP/1.1" 200 38
201.186.225.187 - - [03/Jun/2026:10:03:53 -0300] "GET /cormun/servlet/solicitudot?e4d232332535a30dc5cd6934e4256ce27d61ef66ead9b0b41c0a1ed0aab2c9eae87f672b8d5f752c77da5be2ded0939a063fcc51c07f242273845efacfd800c1d527341d50114f33c3d23632257b965eb9a4dbeb41d15fb173d70a5489fe286a2b25fbcb66c241bc0acb8ee112a9c544,gx-no-cache=1780492291438 HTTP/1.1" 200 110
201.186.225.187 - - [03/Jun/2026:10:03:53 -0300] "POST /cormun/servlet/solicitudot?gx-no-cache=1780492291465 HTTP/1.1" 200 110
201.186.225.187 - - [03/Jun/2026:10:04:03 -0300] "GET /cormun/servlet/solicitudot?e4d232332535a30dc5cd6934e4256ce23a5247b120ed22df2ef7496d1e0b7a9e2981ac68ddd332b393e746125eee1f23,gx-no-cache=1780492301536 HTTP/1.1" 200 134
201.186.225.187 - - [03/Jun/2026:10:04:03 -0300] "GET /cormun/static/Shared/jqueryui/images/ui-bg_highlight-soft_100_c6c2c8_1x100.png HTTP/1.1" 404 1117
201.186.225.187 - - [03/Jun/2026:10:04:03 -0300] "GET /cormun/static/Shared/jqueryui/images/ui-icons_82798d_256x240.png HTTP/1.1" 404 1089
201.186.225.187 - - [03/Jun/2026:10:04:03 -0300] "GET /cormun/static/Shared/jqueryui/images/ui-bg_flat_55_994d53_40x100.png HTTP/1.1" 404 1097
201.186.225.187 - - [03/Jun/2026:10:04:03 -0300] "GET /cormun/static/Shared/jqueryui/images/ui-icons_ebccce_256x240.png HTTP/1.1" 404 1089
190.95.2.163 - - [03/Jun/2026:10:04:23 -0300] "POST /cormun/servlet/trpermisosgoce?c75ba5d5467d014330074cb4ba4e8ba7,gx-no-cache=1780491716208,gx-no-cache=1780492269927 HTTP/1.1" 200 5316
190.95.2.163 - - [03/Jun/2026:10:04:34 -0300] "POST /cormun/servlet/trpermisosgoce?c75ba5d5467d014330074cb4ba4e8ba7,gx-no-cache=1780491716208,gx-no-cache=1780492281039 HTTP/1.1" 200 5337
190.95.2.163 - - [03/Jun/2026:10:04:38 -0300] "GET /cormun/servlet/trpermisosadjuntos?9279153,20260527081115,P, HTTP/1.1" 200 7061
190.95.2.163 - - [03/Jun/2026:10:04:47 -0300] "POST /cormun/servlet/trpermisosadjuntos?c75ba5d5467d014330074cb4ba4e8ba7,9279153,20260527081115,P,,gx-no-cache=1780492294071 HTTP/1.1" 200 90
190.95.2.163 - - [03/Jun/2026:10:04:47 -0300] "GET /cormun/servlet/hpexe_link HTTP/1.1" 200 1005
190.95.2.163 - - [03/Jun/2026:10:04:48 -0300] "GET /cormun/servlet/trpermisosgoce?gx-no-cache=1780491716208 HTTP/1.1" 200 7966
201.186.225.187 - - [03/Jun/2026:10:04:52 -0300] "POST /cormun/servlet/solicitudot?6c3352b19ec3c1ce7080770b858e835f,INS,0,0,false,,gx-no-cache=1780492349956 HTTP/1.1" 200 93
201.186.225.187 - - [03/Jun/2026:10:04:52 -0300] "GET /cormun/servlet/hpexe_return? HTTP/1.1" 200 1010
201.186.225.187 - - [03/Jun/2026:10:04:52 -0300] "GET /cormun/servlet/trsolicitudot HTTP/1.1" 200 7008
190.95.2.163 - - [03/Jun/2026:10:04:54 -0300] "POST /cormun/servlet/trpermisosgoce?c75ba5d5467d014330074cb4ba4e8ba7,gx-no-cache=1780491716208,gx-no-cache=1780492301096 HTTP/1.1" 200 5337
179.57.78.71 - - [03/Jun/2026:10:05:03 -0300] "GET /cormun/servlet/hlogin HTTP/1.1" 200 1724
179.57.78.71 - - [03/Jun/2026:10:05:04 -0300] "GET /cormun/servlet/hlogin HTTP/1.1" 200 1735
179.57.78.71 - - [03/Jun/2026:10:05:08 -0300] "POST /cormun/servlet/hlogin?7d9665d965e516a28ac88dc9d4cc44ba,gx-no-cache=1780492316768 HTTP/1.1" 200 90
179.57.78.71 - - [03/Jun/2026:10:05:08 -0300] "GET /cormun/servlet/hpexe_link HTTP/1.1" 200 953
179.57.78.71 - - [03/Jun/2026:10:05:09 -0300] "GET /cormun/servlet/hhome HTTP/1.1" 200 4274
179.57.78.71 - - [03/Jun/2026:10:05:13 -0300] "GET /cormun/servlet/trlicencias? HTTP/1.1" 200 14564
190.95.2.163 - - [03/Jun/2026:10:05:13 -0300] "GET /cormun/servlet/hlogin HTTP/1.1" 200 1758
190.95.2.163 - - [03/Jun/2026:10:05:22 -0300] "POST /cormun/servlet/hlogin?c75ba5d5467d014330074cb4ba4e8ba7,gx-no-cache=1780492329292 HTTP/1.1" 200 90
190.95.2.163 - - [03/Jun/2026:10:05:22 -0300] "GET /cormun/servlet/hpexe_link HTTP/1.1" 200 979
190.95.2.163 - - [03/Jun/2026:10:05:23 -0300] "GET /cormun/servlet/trpermisosgoce?gx-no-cache=1780491716208 HTTP/1.1" 200 7966
190.95.2.163 - - [03/Jun/2026:10:05:29 -0300] "GET /cormun/servlet/permisogoce?DSP,9279153,P,20260527081115, HTTP/1.1" 200 6929
190.95.2.163 - - [03/Jun/2026:10:05:35 -0300] "POST /cormun/servlet/permisogoce?c75ba5d5467d014330074cb4ba4e8ba7,DSP,9279153,P,20260527081115,,gx-no-cache=1780492342648 HTTP/1.1" 200 93
190.95.2.163 - - [03/Jun/2026:10:05:35 -0300] "GET /cormun/servlet/hpexe_return? HTTP/1.1" 200 1049
190.95.2.163 - - [03/Jun/2026:10:05:36 -0300] "GET /cormun/servlet/trpermisosgoce?gx-no-cache=1780491716208 HTTP/1.1" 200 7968
190.95.2.163 - - [03/Jun/2026:10:05:41 -0300] "GET /cormun/servlet/trpermisosadjuntos?9279153,20260527081115,P, HTTP/1.1" 200 7062
190.95.2.163 - - [03/Jun/2026:10:05:47 -0300] "GET /cormun/servlet/permisosadjuntos?INS,9279153,P,20260527081115,, HTTP/1.1" 200 5838
190.95.2.163 - - [03/Jun/2026:10:05:47 -0300] "GET /cormun/static/about:blank HTTP/1.1" 404 1011
190.95.2.163 - - [03/Jun/2026:10:05:55 -0300] "POST /cormun/servlet/permisosadjuntos?c75ba5d5467d014330074cb4ba4e8ba7,INS,9279153,P,20260527081115,, HTTP/1.1" 200 116
190.95.2.163 - - [03/Jun/2026:10:05:55 -0300] "GET /cormun/servlet/hpexe_return? HTTP/1.1" 200 1038
190.95.2.163 - - [03/Jun/2026:10:05:55 -0300] "GET /cormun/servlet/trpermisosadjuntos?9279153,20260527081115,P, HTTP/1.1" 200 7142
190.95.2.163 - - [03/Jun/2026:10:06:00 -0300] "GET /cormun/servlet/permisosadjuntos?DLT,9279153,P,20260527081115,20260603091101, HTTP/1.1" 200 5895
190.95.2.163 - - [03/Jun/2026:10:06:03 -0300] "GET /cormun/PublicTempStorage/pa_n%B068_jorge_araya495140.pdf HTTP/1.1" 200 893110
186.174.66.116 - - [03/Jun/2026:10:06:06 -0300] "POST /cormun/servlet/solicitudot?gx-no-cache=1780492377138 HTTP/1.1" 200 30
190.95.2.163 - - [03/Jun/2026:10:06:07 -0300] "POST /cormun/servlet/permisosadjuntos?c75ba5d5467d014330074cb4ba4e8ba7,DLT,9279153,P,20260527081115,20260603091101,,gx-no-cache=1780492373862 HTTP/1.1" 200 93
190.95.2.163 - - [03/Jun/2026:10:06:07 -0300] "GET /cormun/servlet/hpexe_return? HTTP/1.1" 200 1047
190.95.2.163 - - [03/Jun/2026:10:06:07 -0300] "GET /cormun/servlet/trpermisosadjuntos?9279153,20260527081115,P, HTTP/1.1" 200 7046
190.95.2.163 - - [03/Jun/2026:10:06:51 -0300] "POST /cormun/servlet/trpermisosadjuntos?c75ba5d5467d014330074cb4ba4e8ba7,9279153,20260527081115,P,,gx-no-cache=1780492378783 HTTP/1.1" 500 10
77.22.112.180 - - [03/Jun/2026:10:07:05 -0300] "GET /manager/text/list HTTP/1.1" 401 2474
190.95.2.163 - - [03/Jun/2026:10:07:23 -0300] "GET /cormun/servlet/trpermisosadjuntos?9279153,20260527081115,P, HTTP/1.1" 200 7031
