190.95.1.129 - - [01/Jun/2026:13:19:55 -0300] "GET /cormun/static/Shared/jqueryui/images/ui-icons_ebccce_256x240.png HTTP/1.1" 404 1089
190.121.111.10 - - [01/Jun/2026:13:19:56 -0300] "GET /cormun/servlet/trsolicitudgral? HTTP/1.1" 200 15495
190.95.1.129 - - [01/Jun/2026:13:19:59 -0300] "GET /cormun/servlet/solicitudot?960bd67690ac91300dcb1a39347ee48d1dbc8c6142491e172e8e7675c27d67a0ac5ea5c818480aab6888d1387a983c54,gx-no-cache=1780331178777 HTTP/1.1" 200 134
190.95.1.129 - - [01/Jun/2026:13:19:59 -0300] "POST /cormun/servlet/solicitudot?gx-no-cache=1780331178800 HTTP/1.1" 200 30
190.95.1.129 - - [01/Jun/2026:13:20:59 -0300] "GET /cormun/servlet/solicitudot?960bd67690ac91300dcb1a39347ee48d701d2f03dbd6e8a23cb5e76f7f6ede5363431ade36cdd933115aace126d78310,gx-no-cache=1780331238540 HTTP/1.1" 200 30
190.95.1.129 - - [01/Jun/2026:13:21:12 -0300] "POST /cormun/servlet/solicitudot?gx-no-cache=1780331251871 HTTP/1.1" 200 30
190.95.1.129 - - [01/Jun/2026:13:21:12 -0300] "POST /cormun/servlet/solicitudot?0fa0cfce45812f9ad324c4a077100971,INS,0,0,false,,gx-no-cache=1780331251892 HTTP/1.1" 200 93
190.95.1.129 - - [01/Jun/2026:13:21:12 -0300] "GET /cormun/servlet/hpexe_return? HTTP/1.1" 200 1007
190.95.1.129 - - [01/Jun/2026:13:21:12 -0300] "GET /cormun/static/gxcfg.js?20221129846035 HTTP/1.1" 200 953
190.95.1.129 - - [01/Jun/2026:13:21:12 -0300] "GET /cormun/static/hpexe_return.js?20221129846037 HTTP/1.1" 200 1633
190.95.1.129 - - [01/Jun/2026:13:21:12 -0300] "GET /cormun/servlet/trsolicitudot HTTP/1.1" 200 7473
190.95.1.129 - - [01/Jun/2026:13:21:49 -0300] "POST /cormun/servlet/trsolicitudot?0fa0cfce45812f9ad324c4a077100971,gx-no-cache=1780331288662 HTTP/1.1" 200 6070
172.226.126.36 - - [01/Jun/2026:13:22:04 -0300] "GET /cormun/servlet/hlogin HTTP/1.1" 200 1766
172.226.126.36 - - [01/Jun/2026:13:22:05 -0300] "GET /cormun/static/gxhtmlSD.js?85251 HTTP/1.1" 200 50424
172.226.126.36 - - [01/Jun/2026:13:22:05 -0300] "GET /cormun/static/gxapiSD.js?85251 HTTP/1.1" 200 78773
172.226.126.36 - - [01/Jun/2026:13:22:05 -0300] "GET /cormun/static/rijndaelSD.js?85251 HTTP/1.1" 200 6763
172.226.126.36 - - [01/Jun/2026:13:22:05 -0300] "GET /cormun/static/gxcfg.js?85251 HTTP/1.1" 200 953
172.226.126.36 - - [01/Jun/2026:13:22:05 -0300] "GET /cormun/static/JavaScripTableSD.js?85251 HTTP/1.1" 200 25100
172.226.126.36 - - [01/Jun/2026:13:22:05 -0300] "GET /cormun/static/gxfrmutlSD.js?85251 HTTP/1.1" 200 89044
172.226.126.36 - - [01/Jun/2026:13:22:05 -0300] "GET /cormun/static/hlogin.js?2022112219184458 HTTP/1.1" 200 2156
172.226.126.36 - - [01/Jun/2026:13:22:05 -0300] "GET /cormun/static/Resources/CormunLogin.png HTTP/1.1" 200 19132
172.226.126.36 - - [01/Jun/2026:13:22:05 -0300] "GET /cormun/static/Resources/PXToolsLoginBackground.png HTTP/1.1" 200 1164
172.226.126.36 - - [01/Jun/2026:13:22:05 -0300] "GET /cormun/static/Resources/PXToolsButtonRight.png HTTP/1.1" 200 1294
172.226.126.36 - - [01/Jun/2026:13:22:05 -0300] "GET /cormun/servlet/hlogin HTTP/1.1" 200 1776
172.226.126.36 - - [01/Jun/2026:13:22:05 -0300] "GET /cormun/static/Resources/PXToolsLoginBackground.png HTTP/1.1" 200 1164
172.226.126.36 - - [01/Jun/2026:13:22:05 -0300] "GET /cormun/static/Resources/PXToolsButtonRight.png HTTP/1.1" 200 1294
190.95.1.129 - - [01/Jun/2026:13:22:12 -0300] "POST /cormun/servlet/trsolicitudot?0fa0cfce45812f9ad324c4a077100971,gx-no-cache=1780331312240 HTTP/1.1" 200 107
190.95.1.129 - - [01/Jun/2026:13:22:12 -0300] "GET /cormun/servlet/trsolicitudadjuntos?2026,23667, HTTP/1.1" 200 6342
190.95.1.129 - - [01/Jun/2026:13:22:12 -0300] "GET /cormun/static/gxcfg.js?20201215574222 HTTP/1.1" 200 953
190.95.1.129 - - [01/Jun/2026:13:22:12 -0300] "GET /cormun/static/trsolicitudadjuntos.js?20201215574932 HTTP/1.1" 200 17921
190.95.1.129 - - [01/Jun/2026:13:22:14 -0300] "GET /cormun/servlet/solicitudotadjuntos?INS,2026,23667,,1, HTTP/1.1" 200 6290
190.95.1.129 - - [01/Jun/2026:13:22:14 -0300] "GET /cormun/static/solicitudotadjuntos.js?202211298385196 HTTP/1.1" 200 11771
190.95.1.129 - - [01/Jun/2026:13:22:14 -0300] "GET /cormun/static/gxcfg.js?202211298385187 HTTP/1.1" 200 953
190.95.1.129 - - [01/Jun/2026:13:22:14 -0300] "GET /cormun/static/about:blank HTTP/1.1" 404 1011
190.95.1.129 - - [01/Jun/2026:13:22:15 -0300] "GET /cormun/servlet/solicitudotadjuntos?960bd67690ac91300dcb1a39347ee48d93a4db7b029f5124edec28c097b8694d502c5afd2e29a5b7d9c9ce6fb891e456,gx-no-cache=1780331314914 HTTP/1.1" 200 30
190.95.1.129 - - [01/Jun/2026:13:22:15 -0300] "POST /cormun/servlet/solicitudotadjuntos?0fa0cfce45812f9ad324c4a077100971,INS,2026,23667,,1,,gx-no-cache=1780331314932 HTTP/1.1" 200 4190
10.40.40.2 - - [01/Jun/2026:13:22:17 -0300] "POST /cormun/servlet/trlicencias?256d9981a2aafcccbcb552df9ea243a1,gx-no-cache=1780331301337 HTTP/1.1" 440 972
190.95.1.129 - - [01/Jun/2026:13:22:17 -0300] "POST /cormun/servlet/solicitudotadjuntos?gx-no-cache=1780331317536 HTTP/1.1" 200 26
10.40.40.2 - - [01/Jun/2026:13:22:18 -0300] "GET /cormun/servlet/trlicencias HTTP/1.1" 200 6048
10.40.40.2 - - [01/Jun/2026:13:22:18 -0300] "GET /cormun/servlet/hlogin HTTP/1.1" 200 1734
10.40.40.2 - - [01/Jun/2026:13:22:21 -0300] "POST /cormun/servlet/hlogin?e6147d1993955181a9d0264f418495c1,gx-no-cache=1780331305491 HTTP/1.1" 200 90
10.40.40.2 - - [01/Jun/2026:13:22:21 -0300] "GET /cormun/servlet/hpexe_link HTTP/1.1" 200 955
10.40.40.2 - - [01/Jun/2026:13:22:22 -0300] "GET /cormun/servlet/trlicencias HTTP/1.1" 200 18919
172.226.126.36 - - [01/Jun/2026:13:22:24 -0300] "POST /cormun/servlet/hlogin?09f0b31fb91cb7b505662583eeb40525,gx-no-cache=1780331323640 HTTP/1.1" 200 446
190.95.67.91 - - [01/Jun/2026:13:22:28 -0300] "GET /cormun/servlet/trlicencias? HTTP/1.1" 200 18862
10.40.40.2 - - [01/Jun/2026:13:22:28 -0300] "POST /cormun/servlet/trlicencias?e6147d1993955181a9d0264f418495c1,gx-no-cache=1780331312406 HTTP/1.1" 200 3286
190.95.15.13 - - [01/Jun/2026:13:22:30 -0300] "POST /cormun/servlet/trlicencias?e89a22d98ba6004aa18ea409b463f039,,gx-no-cache=1780331310848 HTTP/1.1" 200 10794
172.226.126.36 - - [01/Jun/2026:13:22:37 -0300] "POST /cormun/servlet/hlogin?09f0b31fb91cb7b505662583eeb40525,gx-no-cache=1780331336542 HTTP/1.1" 200 446
190.95.1.129 - - [01/Jun/2026:13:22:40 -0300] "GET /cormun/servlet/solicitudotadjuntos?960bd67690ac91300dcb1a39347ee48d9bcde7c2458361b48529cc171d53e8d7,gx-no-cache=1780331340191 HTTP/1.1" 200 30
190.95.1.129 - - [01/Jun/2026:13:22:40 -0300] "GET /cormun/servlet/solicitudotadjuntos?960bd67690ac91300dcb1a39347ee48d9bcde7c2458361b48529cc171d53e8d7,gx-no-cache=1780331340212 HTTP/1.1" 200 30
190.95.1.129 - - [01/Jun/2026:13:22:40 -0300] "POST /cormun/servlet/solicitudotadjuntos?0fa0cfce45812f9ad324c4a077100971,INS,2026,23667,,1, HTTP/1.1" 200 6671
190.95.1.129 - - [01/Jun/2026:13:22:40 -0300] "GET /cormun/static/Shared/jqueryui/images/ui-bg_highlight-soft_100_c6c2c8_1x100.png HTTP/1.1" 404 1117
190.95.1.129 - - [01/Jun/2026:13:22:40 -0300] "GET /cormun/static/Shared/jqueryui/images/ui-bg_flat_55_994d53_40x100.png HTTP/1.1" 404 1097
190.95.1.129 - - [01/Jun/2026:13:22:40 -0300] "GET /cormun/static/Shared/jqueryui/images/ui-icons_82798d_256x240.png HTTP/1.1" 404 1089
190.95.1.129 - - [01/Jun/2026:13:22:40 -0300] "GET /cormun/static/Shared/jqueryui/images/ui-icons_ebccce_256x240.png HTTP/1.1" 404 1089
190.95.1.129 - - [01/Jun/2026:13:22:40 -0300] "GET /cormun/PrivateTempStorage/upload_00004465.jpg HTTP/1.1" 200 121152
190.95.1.129 - - [01/Jun/2026:13:22:47 -0300] "POST /cormun/servlet/solicitudotadjuntos?gx-no-cache=1780331346679 HTTP/1.1" 200 26
190.95.1.129 - - [01/Jun/2026:13:22:50 -0300] "GET /cormun/servlet/solicitudotadjuntos?960bd67690ac91300dcb1a39347ee48d86a8b35649566aff64e8a9a96e2da93273a5784936f5b38f7329a5b8cbee0569,gx-no-cache=1780331349989 HTTP/1.1" 200 30
190.95.1.129 - - [01/Jun/2026:13:22:50 -0300] "GET /cormun/servlet/solicitudotadjuntos?960bd67690ac91300dcb1a39347ee48d86a8b35649566aff64e8a9a96e2da93273a5784936f5b38f7329a5b8cbee0569,gx-no-cache=1780331350000 HTTP/1.1" 200 30
190.95.1.129 - - [01/Jun/2026:13:22:50 -0300] "POST /cormun/servlet/solicitudotadjuntos?0fa0cfce45812f9ad324c4a077100971,INS,2026,23667,,1, HTTP/1.1" 200 6661
190.95.1.129 - - [01/Jun/2026:13:22:50 -0300] "GET /cormun/PrivateTempStorage/upload_00004477.jpg HTTP/1.1" 200 121152
190.95.1.129 - - [01/Jun/2026:13:22:53 -0300] "POST /cormun/servlet/solicitudotadjuntos?0fa0cfce45812f9ad324c4a077100971,INS,2026,23667,,1, HTTP/1.1" 200 116
190.95.1.129 - - [01/Jun/2026:13:22:53 -0300] "GET /cormun/servlet/hpexe_return? HTTP/1.1" 200 1025
190.95.1.129 - - [01/Jun/2026:13:22:53 -0300] "GET /cormun/servlet/trsolicitudadjuntos?2026,23667, HTTP/1.1" 200 6345
190.95.1.129 - - [01/Jun/2026:13:23:10 -0300] "GET /cormun/servlet/solicitudotadjuntos?INS,2026,23667,,1, HTTP/1.1" 200 6290
190.95.1.129 - - [01/Jun/2026:13:23:10 -0300] "GET /cormun/static/about:blank HTTP/1.1" 404 1011
190.95.1.129 - - [01/Jun/2026:13:23:11 -0300] "GET /cormun/servlet/solicitudotadjuntos?960bd67690ac91300dcb1a39347ee48d93a4db7b029f5124edec28c097b8694d502c5afd2e29a5b7d9c9ce6fb891e456,gx-no-cache=1780331370744 HTTP/1.1" 200 30
190.95.1.129 - - [01/Jun/2026:13:23:11 -0300] "POST /cormun/servlet/solicitudotadjuntos?0fa0cfce45812f9ad324c4a077100971,INS,2026,23667,,1,,gx-no-cache=1780331370760 HTTP/1.1" 200 4190
190.95.1.129 - - [01/Jun/2026:13:23:13 -0300] "POST /cormun/servlet/solicitudotadjuntos?gx-no-cache=1780331373359 HTTP/1.1" 200 26
190.95.1.129 - - [01/Jun/2026:13:23:19 -0300] "GET /cormun/servlet/solicitudotadjuntos?960bd67690ac91300dcb1a39347ee48d9bcde7c2458361b48529cc171d53e8d7,gx-no-cache=1780331379230 HTTP/1.1" 200 30
190.95.1.129 - - [01/Jun/2026:13:23:19 -0300] "GET /cormun/servlet/solicitudotadjuntos?960bd67690ac91300dcb1a39347ee48d9bcde7c2458361b48529cc171d53e8d7,gx-no-cache=1780331379244 HTTP/1.1" 200 30
190.95.1.129 - - [01/Jun/2026:13:23:19 -0300] "POST /cormun/servlet/solicitudotadjuntos?0fa0cfce45812f9ad324c4a077100971,INS,2026,23667,,1, HTTP/1.1" 200 116
190.95.1.129 - - [01/Jun/2026:13:23:19 -0300] "GET /cormun/servlet/hpexe_return? HTTP/1.1" 200 1025
190.95.1.129 - - [01/Jun/2026:13:23:19 -0300] "GET /cormun/servlet/trsolicitudadjuntos?2026,23667, HTTP/1.1" 200 9584
172.225.84.158 - - [01/Jun/2026:13:23:22 -0300] "POST /cormun/servlet/hlogin?09f0b31fb91cb7b505662583eeb40525,gx-no-cache=1780331380937 HTTP/1.1" 200 446
190.95.1.129 - - [01/Jun/2026:13:23:22 -0300] "GET /cormun/servlet/solicitudotadjuntos?INS,2026,23667,,1, HTTP/1.1" 200 6290
190.95.1.129 - - [01/Jun/2026:13:23:22 -0300] "GET /cormun/static/about:blank HTTP/1.1" 404 1011
190.95.1.129 - - [01/Jun/2026:13:23:22 -0300] "GET /cormun/servlet/solicitudotadjuntos?960bd67690ac91300dcb1a39347ee48d93a4db7b029f5124edec28c097b8694d502c5afd2e29a5b7d9c9ce6fb891e456,gx-no-cache=1780331382502 HTTP/1.1" 200 30
190.95.1.129 - - [01/Jun/2026:13:23:23 -0300] "POST /cormun/servlet/solicitudotadjuntos?0fa0cfce45812f9ad324c4a077100971,INS,2026,23667,,1,,gx-no-cache=1780331382520 HTTP/1.1" 200 4189
190.95.1.129 - - [01/Jun/2026:13:23:25 -0300] "POST /cormun/servlet/solicitudotadjuntos?gx-no-cache=1780331385407 HTTP/1.1" 200 26
190.95.1.129 - - [01/Jun/2026:13:23:32 -0300] "GET /cormun/servlet/solicitudotadjuntos?960bd67690ac91300dcb1a39347ee48d9bcde7c2458361b48529cc171d53e8d7,gx-no-cache=1780331391590 HTTP/1.1" 200 30
190.95.1.129 - - [01/Jun/2026:13:23:32 -0300] "GET /cormun/servlet/solicitudotadjuntos?960bd67690ac91300dcb1a39347ee48d9bcde7c2458361b48529cc171d53e8d7,gx-no-cache=1780331391603 HTTP/1.1" 200 30
190.95.1.129 - - [01/Jun/2026:13:23:33 -0300] "POST /cormun/servlet/solicitudotadjuntos?0fa0cfce45812f9ad324c4a077100971,INS,2026,23667,,1, HTTP/1.1" 200 116
190.95.1.129 - - [01/Jun/2026:13:23:33 -0300] "GET /cormun/servlet/hpexe_return? HTTP/1.1" 200 1025
190.95.1.129 - - [01/Jun/2026:13:23:33 -0300] "GET /cormun/servlet/trsolicitudadjuntos?2026,23667, HTTP/1.1" 200 9858
190.95.1.129 - - [01/Jun/2026:13:23:36 -0300] "GET /cormun/servlet/solicitudotadjuntos?INS,2026,23667,,1, HTTP/1.1" 200 6290
190.95.1.129 - - [01/Jun/2026:13:23:36 -0300] "GET /cormun/static/about:blank HTTP/1.1" 404 1011
190.95.1.129 - - [01/Jun/2026:13:23:37 -0300] "GET /cormun/servlet/solicitudotadjuntos?960bd67690ac91300dcb1a39347ee48d93a4db7b029f5124edec28c097b8694d502c5afd2e29a5b7d9c9ce6fb891e456,gx-no-cache=1780331396898 HTTP/1.1" 200 30
190.95.1.129 - - [01/Jun/2026:13:23:37 -0300] "POST /cormun/servlet/solicitudotadjuntos?0fa0cfce45812f9ad324c4a077100971,INS,2026,23667,,1,,gx-no-cache=1780331396913 HTTP/1.1" 200 4189
10.40.40.2 - - [01/Jun/2026:13:23:46 -0300] "POST /cormun/servlet/trlicencias?e6147d1993955181a9d0264f418495c1,gx-no-cache=1780331390497 HTTP/1.1" 200 4585
190.95.1.129 - - [01/Jun/2026:13:23:47 -0300] "POST /cormun/servlet/solicitudotadjuntos?gx-no-cache=1780331407077 HTTP/1.1" 200 26
190.95.67.93 - - [01/Jun/2026:13:27:03 -0300] "GET /cormun/servlet/trpermisosadjuntos?12516879,20260512080246,P, HTTP/1.1" 200 6674
190.95.67.93 - - [01/Jun/2026:13:27:06 -0300] "GET /cormun/servlet/permisosadjuntos?INS,12516879,P,20260512080246,, HTTP/1.1" 200 5982
190.95.67.93 - - [01/Jun/2026:13:27:06 -0300] "GET /cormun/static/about:blank HTTP/1.1" 404 1011
190.95.67.93 - - [01/Jun/2026:13:27:20 -0300] "POST /cormun/servlet/permisosadjuntos?1be10dbade3e4e37da0e9eec14bcd466,INS,12516879,P,20260512080246,, HTTP/1.1" 200 116
190.95.67.93 - - [01/Jun/2026:13:27:20 -0300] "GET /cormun/servlet/hpexe_return? HTTP/1.1" 200 1041
190.95.67.93 - - [01/Jun/2026:13:27:20 -0300] "GET /cormun/servlet/trpermisosadjuntos?12516879,20260512080246,P, HTTP/1.1" 200 7223
190.95.67.93 - - [01/Jun/2026:13:27:24 -0300] "POST /cormun/servlet/trpermisosadjuntos?1be10dbade3e4e37da0e9eec14bcd466,12516879,20260512080246,P,,gx-no-cache=1780331627169 HTTP/1.1" 200 90
190.95.67.93 - - [01/Jun/2026:13:27:24 -0300] "GET /cormun/servlet/hpexe_link HTTP/1.1" 200 1008
190.95.67.93 - - [01/Jun/2026:13:27:24 -0300] "GET /cormun/servlet/trpermisosgoce?gx-no-cache=1780330199580 HTTP/1.1" 200 18884
190.95.67.93 - - [01/Jun/2026:13:27:40 -0300] "POST /cormun/servlet/trpermisosgoce?1be10dbade3e4e37da0e9eec14bcd466,gx-no-cache=1780330199580,gx-no-cache=1780331643650 HTTP/1.1" 200 15999
190.95.67.93 - - [01/Jun/2026:13:27:43 -0300] "GET /cormun/servlet/trpermisosadjuntos?12516879,20260512080246,P, HTTP/1.1" 200 7241
190.95.67.93 - - [01/Jun/2026:13:27:46 -0300] "GET /cormun/servlet/trpermisosgoce?gx-no-cache=1780330199580 HTTP/1.1" 200 18880
190.95.15.13 - - [01/Jun/2026:13:28:27 -0300] "POST /cormun/servlet/trlicencias?e89a22d98ba6004aa18ea409b463f039,,gx-no-cache=1780331684137 HTTP/1.1" 200 4451
190.95.15.13 - - [01/Jun/2026:13:28:40 -0300] "POST /cormun/servlet/trlicencias?e89a22d98ba6004aa18ea409b463f039,,gx-no-cache=1780331697207 HTTP/1.1" 200 4453
190.95.15.13 - - [01/Jun/2026:13:28:42 -0300] "POST /cormun/servlet/trlicencias?e89a22d98ba6004aa18ea409b463f039,,gx-no-cache=1780331699607 HTTP/1.1" 200 4450
190.95.67.93 - - [01/Jun/2026:13:28:44 -0300] "GET /cormun/servlet/trpermisosadjuntos?19852529,20260512080501,P, HTTP/1.1" 200 6679
190.95.15.13 - - [01/Jun/2026:13:28:45 -0300] "GET /cormun/static/menuarrow.gif HTTP/1.1" 404 1015
190.95.67.93 - - [01/Jun/2026:13:28:47 -0300] "GET /cormun/servlet/permisosadjuntos?INS,19852529,P,20260512080501,, HTTP/1.1" 200 5986
190.95.67.93 - - [01/Jun/2026:13:28:47 -0300] "GET /cormun/static/about:blank HTTP/1.1" 404 1011
190.95.15.13 - - [01/Jun/2026:13:28:49 -0300] "POST /cormun/servlet/trlicencias?e89a22d98ba6004aa18ea409b463f039,,gx-no-cache=1780331706231 HTTP/1.1" 200 5939
190.95.67.93 - - [01/Jun/2026:13:28:56 -0300] "POST /cormun/servlet/permisosadjuntos?1be10dbade3e4e37da0e9eec14bcd466,INS,19852529,P,20260512080501,, HTTP/1.1" 200 116
190.95.67.93 - - [01/Jun/2026:13:28:56 -0300] "GET /cormun/servlet/hpexe_return? HTTP/1.1" 200 1040
190.95.67.93 - - [01/Jun/2026:13:28:57 -0300] "GET /cormun/servlet/trpermisosadjuntos?19852529,20260512080501,P, HTTP/1.1" 200 7233
190.95.67.93 - - [01/Jun/2026:13:28:59 -0300] "POST /cormun/servlet/trpermisosadjuntos?1be10dbade3e4e37da0e9eec14bcd466,19852529,20260512080501,P,,gx-no-cache=1780331722608 HTTP/1.1" 200 90
190.95.67.93 - - [01/Jun/2026:13:28:59 -0300] "GET /cormun/servlet/hpexe_link HTTP/1.1" 200 1007
190.95.67.93 - - [01/Jun/2026:13:28:59 -0300] "GET /cormun/servlet/trpermisosgoce?gx-no-cache=1780330199580 HTTP/1.1" 200 18880
190.95.67.93 - - [01/Jun/2026:13:29:07 -0300] "POST /cormun/servlet/trpermisosgoce?1be10dbade3e4e37da0e9eec14bcd466,gx-no-cache=1780330199580,gx-no-cache=1780331730571 HTTP/1.1" 200 16000
190.95.67.93 - - [01/Jun/2026:13:29:20 -0300] "GET /cormun/servlet/trpermisosadjuntos?18379144,20260512080018,P, HTTP/1.1" 200 6685
190.95.67.93 - - [01/Jun/2026:13:29:22 -0300] "GET /cormun/servlet/permisosadjuntos?INS,18379144,P,20260512080018,, HTTP/1.1" 200 5989
190.95.67.93 - - [01/Jun/2026:13:29:22 -0300] "GET /cormun/static/about:blank HTTP/1.1" 404 1011
190.95.67.93 - - [01/Jun/2026:13:29:37 -0300] "POST /cormun/servlet/permisosadjuntos?1be10dbade3e4e37da0e9eec14bcd466,INS,18379144,P,20260512080018,, HTTP/1.1" 200 116
190.95.67.93 - - [01/Jun/2026:13:29:37 -0300] "GET /cormun/servlet/hpexe_return? HTTP/1.1" 200 1039
190.95.67.93 - - [01/Jun/2026:13:29:37 -0300] "GET /cormun/servlet/trpermisosadjuntos?18379144,20260512080018,P, HTTP/1.1" 200 7236
190.95.67.93 - - [01/Jun/2026:13:29:40 -0300] "POST /cormun/servlet/trpermisosadjuntos?1be10dbade3e4e37da0e9eec14bcd466,18379144,20260512080018,P,,gx-no-cache=1780331763520 HTTP/1.1" 200 90
190.95.67.93 - - [01/Jun/2026:13:29:40 -0300] "GET /cormun/servlet/hpexe_link HTTP/1.1" 200 1007
190.95.67.93 - - [01/Jun/2026:13:29:40 -0300] "GET /cormun/servlet/trpermisosgoce?gx-no-cache=1780330199580 HTTP/1.1" 200 18882
190.95.67.93 - - [01/Jun/2026:13:29:46 -0300] "POST /cormun/servlet/trpermisosgoce?1be10dbade3e4e37da0e9eec14bcd466,gx-no-cache=1780330199580,gx-no-cache=1780331769214 HTTP/1.1" 200 15992
190.95.67.93 - - [01/Jun/2026:13:30:01 -0300] "GET /cormun/servlet/trpermisosadjuntos?13947570,20260512153739,P, HTTP/1.1" 200 6687
190.95.67.93 - - [01/Jun/2026:13:30:04 -0300] "GET /cormun/servlet/permisosadjuntos?INS,13947570,P,20260512153739,, HTTP/1.1" 200 5993
190.95.67.93 - - [01/Jun/2026:13:30:04 -0300] "GET /cormun/static/about:blank HTTP/1.1" 404 1011
190.95.67.93 - - [01/Jun/2026:13:30:19 -0300] "POST /cormun/servlet/permisosadjuntos?1be10dbade3e4e37da0e9eec14bcd466,INS,13947570,P,20260512153739,, HTTP/1.1" 200 116
190.95.67.93 - - [01/Jun/2026:13:30:19 -0300] "GET /cormun/servlet/hpexe_return? HTTP/1.1" 200 1040
190.95.67.93 - - [01/Jun/2026:13:30:19 -0300] "GET /cormun/servlet/trpermisosadjuntos?13947570,20260512153739,P, HTTP/1.1" 200 7244
190.95.67.93 - - [01/Jun/2026:13:30:23 -0300] "POST /cormun/servlet/trpermisosadjuntos?1be10dbade3e4e37da0e9eec14bcd466,13947570,20260512153739,P,,gx-no-cache=1780331806968 HTTP/1.1" 200 90
190.95.67.93 - - [01/Jun/2026:13:30:23 -0300] "GET /cormun/servlet/hpexe_link HTTP/1.1" 200 1008
190.95.67.93 - - [01/Jun/2026:13:30:24 -0300] "GET /cormun/servlet/trpermisosgoce?gx-no-cache=1780330199580 HTTP/1.1" 200 18879
190.95.67.93 - - [01/Jun/2026:13:30:32 -0300] "GET /cormun/servlet/trpermisosadjuntos?13947570,20260512153739,P, HTTP/1.1" 200 7259
190.95.67.93 - - [01/Jun/2026:13:30:35 -0300] "GET /cormun/servlet/trpermisosgoce?gx-no-cache=1780330199580 HTTP/1.1" 200 18879
190.95.67.93 - - [01/Jun/2026:13:30:43 -0300] "POST /cormun/servlet/trpermisosgoce?1be10dbade3e4e37da0e9eec14bcd466,gx-no-cache=1780330199580,gx-no-cache=1780331826363 HTTP/1.1" 200 15989
190.95.15.13 - - [01/Jun/2026:13:31:20 -0300] "POST /cormun/servlet/trlicencias?e89a22d98ba6004aa18ea409b463f039,,gx-no-cache=1780331856088 HTTP/1.1" 200 5939
190.95.15.13 - - [01/Jun/2026:13:31:36 -0300] "GET /cormun/servlet/hlogin HTTP/1.1" 200 1736
190.95.15.13 - - [01/Jun/2026:13:31:45 -0300] "POST /cormun/servlet/hlogin?e89a22d98ba6004aa18ea409b463f039,gx-no-cache=1780331882023 HTTP/1.1" 200 90
190.95.15.13 - - [01/Jun/2026:13:31:45 -0300] "GET /cormun/servlet/hpexe_link HTTP/1.1" 200 954
190.95.15.13 - - [01/Jun/2026:13:31:45 -0300] "GET /cormun/servlet/trlicencias? HTTP/1.1" 200 8585
190.95.67.93 - - [01/Jun/2026:13:31:47 -0300] "POST /cormun/servlet/trpermisosgoce?1be10dbade3e4e37da0e9eec14bcd466,gx-no-cache=1780330199580,gx-no-cache=1780331890536 HTTP/1.1" 200 10890
190.95.67.93 - - [01/Jun/2026:13:31:50 -0300] "GET /cormun/servlet/trpermisosadjuntos?13117033,20260421112439,P, HTTP/1.1" 200 6678
190.95.15.13 - - [01/Jun/2026:13:31:53 -0300] "POST /cormun/servlet/trlicencias?e89a22d98ba6004aa18ea409b463f039,,gx-no-cache=1780331890247 HTTP/1.1" 200 16499
190.95.67.93 - - [01/Jun/2026:13:31:54 -0300] "GET /cormun/servlet/permisosadjuntos?INS,13117033,P,20260421112439,, HTTP/1.1" 200 5987
190.95.67.93 - - [01/Jun/2026:13:31:54 -0300] "GET /cormun/static/about:blank HTTP/1.1" 404 1011
190.95.67.93 - - [01/Jun/2026:13:32:25 -0300] "POST /cormun/servlet/permisosadjuntos?1be10dbade3e4e37da0e9eec14bcd466,INS,13117033,P,20260421112439,, HTTP/1.1" 200 116
190.95.67.93 - - [01/Jun/2026:13:32:25 -0300] "GET /cormun/servlet/hpexe_return? HTTP/1.1" 200 1041
190.95.67.93 - - [01/Jun/2026:13:32:25 -0300] "GET /cormun/servlet/trpermisosadjuntos?13117033,20260421112439,P, HTTP/1.1" 200 7225
190.95.67.93 - - [01/Jun/2026:13:32:28 -0300] "POST /cormun/servlet/trpermisosadjuntos?1be10dbade3e4e37da0e9eec14bcd466,13117033,20260421112439,P,,gx-no-cache=1780331931216 HTTP/1.1" 200 90
190.95.67.93 - - [01/Jun/2026:13:32:28 -0300] "GET /cormun/servlet/hpexe_link HTTP/1.1" 200 1007
190.95.67.93 - - [01/Jun/2026:13:32:28 -0300] "GET /cormun/servlet/trpermisosgoce?gx-no-cache=1780330199580 HTTP/1.1" 200 13831
190.95.67.93 - - [01/Jun/2026:13:32:35 -0300] "POST /cormun/servlet/trpermisosgoce?1be10dbade3e4e37da0e9eec14bcd466,gx-no-cache=1780330199580,gx-no-cache=1780331938673 HTTP/1.1" 200 10883
190.95.67.93 - - [01/Jun/2026:13:32:47 -0300] "POST /cormun/servlet/trpermisosgoce?1be10dbade3e4e37da0e9eec14bcd466,gx-no-cache=1780330199580,gx-no-cache=1780331950575 HTTP/1.1" 200 15967
190.95.67.93 - - [01/Jun/2026:13:32:54 -0300] "GET /cormun/servlet/trpermisosadjuntos?11671454,20260512171425,P, HTTP/1.1" 200 6687
190.95.67.97 - - [01/Jun/2026:13:32:59 -0300] "GET /cormun/servlet/trpermisosgoce? HTTP/1.1" 200 6035
190.95.67.97 - - [01/Jun/2026:13:33:00 -0300] "GET /cormun/servlet/hlogin HTTP/1.1" 200 1742
190.95.67.93 - - [01/Jun/2026:13:33:01 -0300] "GET /cormun/servlet/permisosadjuntos?INS,11671454,P,20260512171425,, HTTP/1.1" 200 5996
190.95.67.93 - - [01/Jun/2026:13:33:01 -0300] "GET /cormun/static/about:blank HTTP/1.1" 404 1011
190.95.67.93 - - [01/Jun/2026:13:33:13 -0300] "POST /cormun/servlet/permisosadjuntos?1be10dbade3e4e37da0e9eec14bcd466,INS,11671454,P,20260512171425,, HTTP/1.1" 200 116
190.95.67.93 - - [01/Jun/2026:13:33:13 -0300] "GET /cormun/servlet/hpexe_return? HTTP/1.1" 200 1040
190.95.67.93 - - [01/Jun/2026:13:33:13 -0300] "GET /cormun/servlet/trpermisosadjuntos?11671454,20260512171425,P, HTTP/1.1" 200 7234
190.95.67.93 - - [01/Jun/2026:13:33:17 -0300] "POST /cormun/servlet/trpermisosadjuntos?1be10dbade3e4e37da0e9eec14bcd466,11671454,20260512171425,P,,gx-no-cache=1780331980600 HTTP/1.1" 200 90
190.95.67.93 - - [01/Jun/2026:13:33:17 -0300] "GET /cormun/servlet/hpexe_link HTTP/1.1" 200 1007
190.95.67.93 - - [01/Jun/2026:13:33:17 -0300] "GET /cormun/servlet/trpermisosgoce?gx-no-cache=1780330199580 HTTP/1.1" 200 18878
190.95.67.93 - - [01/Jun/2026:13:33:26 -0300] "POST /cormun/servlet/trpermisosgoce?1be10dbade3e4e37da0e9eec14bcd466,gx-no-cache=1780330199580,gx-no-cache=1780331988962 HTTP/1.1" 200 16001
190.95.67.93 - - [01/Jun/2026:13:33:33 -0300] "GET /cormun/servlet/trpermisosadjuntos?11671454,20260512171351,P, HTTP/1.1" 200 6688
190.95.67.93 - - [01/Jun/2026:13:33:34 -0300] "GET /cormun/servlet/permisosadjuntos?INS,11671454,P,20260512171351,, HTTP/1.1" 200 5996
190.95.67.93 - - [01/Jun/2026:13:33:35 -0300] "GET /cormun/static/about:blank HTTP/1.1" 404 1011
190.95.67.93 - - [01/Jun/2026:13:33:46 -0300] "POST /cormun/servlet/permisosadjuntos?1be10dbade3e4e37da0e9eec14bcd466,INS,11671454,P,20260512171351,, HTTP/1.1" 200 116
190.95.67.93 - - [01/Jun/2026:13:33:46 -0300] "GET /cormun/servlet/hpexe_return? HTTP/1.1" 200 1039
190.95.67.93 - - [01/Jun/2026:13:33:46 -0300] "GET /cormun/servlet/trpermisosadjuntos?11671454,20260512171351,P, HTTP/1.1" 200 7232
190.95.67.93 - - [01/Jun/2026:13:33:48 -0300] "POST /cormun/servlet/trpermisosadjuntos?1be10dbade3e4e37da0e9eec14bcd466,11671454,20260512171351,P,,gx-no-cache=1780332011536 HTTP/1.1" 200 90
190.95.67.93 - - [01/Jun/2026:13:33:48 -0300] "GET /cormun/servlet/hpexe_link HTTP/1.1" 200 1008
190.95.67.93 - - [01/Jun/2026:13:33:48 -0300] "GET /cormun/servlet/trpermisosgoce?gx-no-cache=1780330199580 HTTP/1.1" 200 18871
190.95.67.93 - - [01/Jun/2026:13:33:55 -0300] "POST /cormun/servlet/trpermisosgoce?1be10dbade3e4e37da0e9eec14bcd466,gx-no-cache=1780330199580,gx-no-cache=1780332018579 HTTP/1.1" 200 15986
190.95.67.93 - - [01/Jun/2026:13:34:11 -0300] "GET /cormun/servlet/trpermisosadjuntos?11671454,20260512171320,P, HTTP/1.1" 200 6688
190.95.67.93 - - [01/Jun/2026:13:34:12 -0300] "GET /cormun/servlet/permisosadjuntos?INS,11671454,P,20260512171320,, HTTP/1.1" 200 5997
190.95.67.93 - - [01/Jun/2026:13:34:12 -0300] "GET /cormun/static/about:blank HTTP/1.1" 404 1011
190.121.111.10 - - [01/Jun/2026:13:34:18 -0300] "POST /cormun/servlet/trsolicitudgral?a8d2c999e9ebe63350bcd7f3d2a60bed,,gx-no-cache=1780332115456 HTTP/1.1" 200 11899
190.121.111.10 - - [01/Jun/2026:13:34:19 -0300] "GET /cormun/servlet/trautorizarot? HTTP/1.1" 200 12534
190.121.111.10 - - [01/Jun/2026:13:34:19 -0300] "GET /cormun/static/gxui/gxui-all.css?120300 HTTP/1.1" 200 2179
190.121.111.10 - - [01/Jun/2026:13:34:19 -0300] "GET /cormun/static/calendar-system.css?85620 HTTP/1.1" 200 5572
190.121.111.10 - - [01/Jun/2026:13:34:19 -0300] "GET /cormun/static/gxcfg.js?202012169508 HTTP/1.1" 200 953
190.121.111.10 - - [01/Jun/2026:13:34:19 -0300] "GET /cormun/static/trautorizarot.js?2020121695965 HTTP/1.1" 200 53844
190.121.111.10 - - [01/Jun/2026:13:34:19 -0300] "GET /cormun/static/Shared/ext/resources/css/ext-all.css?215870 HTTP/1.1" 200 416045
190.121.111.10 - - [01/Jun/2026:13:34:20 -0300] "GET /cormun//static/Resources/PXToolsDataSearchRemember.gif HTTP/1.1" 200 1153
190.95.67.93 - - [01/Jun/2026:13:34:25 -0300] "POST /cormun/servlet/permisosadjuntos?1be10dbade3e4e37da0e9eec14bcd466,INS,11671454,P,20260512171320,, HTTP/1.1" 200 116
190.95.67.93 - - [01/Jun/2026:13:34:25 -0300] "GET /cormun/servlet/hpexe_return? HTTP/1.1" 200 1039
190.95.67.93 - - [01/Jun/2026:13:34:25 -0300] "GET /cormun/servlet/trpermisosadjuntos?11671454,20260512171320,P, HTTP/1.1" 200 7234
190.121.111.10 - - [01/Jun/2026:13:34:25 -0300] "GET /cormun/servlet/veautorizarot?2026,23645,, HTTP/1.1" 200 8364
190.121.111.10 - - [01/Jun/2026:13:34:25 -0300] "GET /cormun/static/gxcfg.js?20221129845189 HTTP/1.1" 200 953
190.121.111.10 - - [01/Jun/2026:13:34:25 -0300] "GET /cormun/pexe_scrolldiv.js HTTP/1.1" 404 1009
190.121.111.10 - - [01/Jun/2026:13:34:25 -0300] "GET /cormun/static/Resources/Spanish/PXTools.css?8354383 HTTP/1.1" 200 100853
190.121.111.10 - - [01/Jun/2026:13:34:25 -0300] "GET /cormun/static/veautorizarot.js?202211298451841 HTTP/1.1" 200 6707
190.121.111.10 - - [01/Jun/2026:13:34:25 -0300] "GET /cormun/static/hwcviewtabs.js?201991422154026 HTTP/1.1" 200 1074
190.121.111.10 - - [01/Jun/2026:13:34:25 -0300] "GET /cormun/static/hpexe_tabsview.js?2020121447381 HTTP/1.1" 200 1661
190.121.111.10 - - [01/Jun/2026:13:34:25 -0300] "GET /cormun/static/tbautorizarot01.js?202211298384595 HTTP/1.1" 200 31227
190.121.111.10 - - [01/Jun/2026:13:34:26 -0300] "GET /cormun/static/Resources/PXToolsTabBackSelected.png HTTP/1.1" 200 1157
190.121.111.10 - - [01/Jun/2026:13:34:26 -0300] "GET /cormun/static/Resources/PXToolsTabBackUnselected.png HTTP/1.1" 200 1175
190.95.67.93 - - [01/Jun/2026:13:34:28 -0300] "POST /cormun/servlet/trpermisosadjuntos?1be10dbade3e4e37da0e9eec14bcd466,11671454,20260512171320,P,,gx-no-cache=1780332051249 HTTP/1.1" 200 90
190.95.67.93 - - [01/Jun/2026:13:34:28 -0300] "GET /cormun/servlet/hpexe_link HTTP/1.1" 200 1008
190.95.67.93 - - [01/Jun/2026:13:34:28 -0300] "GET /cormun/servlet/trpermisosgoce?gx-no-cache=1780330199580 HTTP/1.1" 200 18871
190.95.67.95 - - [01/Jun/2026:13:34:32 -0300] "GET /cormun/servlet/trpermisosgoce? HTTP/1.1" 200 15228
190.121.111.10 - - [01/Jun/2026:13:34:32 -0300] "GET /cormun/servlet/trautorizarot? HTTP/1.1" 200 12534
190.95.67.95 - - [01/Jun/2026:13:34:35 -0300] "GET /cormun/servlet/permisogoce?INS,0,,, HTTP/1.1" 200 6872
190.95.67.93 - - [01/Jun/2026:13:34:36 -0300] "POST /cormun/servlet/trpermisosgoce?1be10dbade3e4e37da0e9eec14bcd466,gx-no-cache=1780330199580,gx-no-cache=1780332059354 HTTP/1.1" 200 15986
190.121.111.10 - - [01/Jun/2026:13:34:39 -0300] "POST /cormun/servlet/trautorizarot?a8d2c999e9ebe63350bcd7f3d2a60bed,,gx-no-cache=1780332137077 HTTP/1.1" 200 9127
190.121.111.10 - - [01/Jun/2026:13:34:41 -0300] "GET /cormun/servlet/trsolicitudgral? HTTP/1.1" 200 15068
190.95.67.95 - - [01/Jun/2026:13:34:44 -0300] "GET /cormun/servlet/permisogoce?e8a5186cc790d5b6534a4eb30fe572775e537a63bba716bbbc8c9b68016ae99cb20825fc3a48e8d82b2585c5886e19ce9a29d5af41533a0336fd475d8c5e1b15,gx-no-cache=1780332063718 HTTP/1.1" 200 81
190.95.67.93 - - [01/Jun/2026:13:34:44 -0300] "GET /cormun/servlet/trpermisosadjuntos?19526595,20260511084903,P, HTTP/1.1" 200 6680
190.121.111.10 - - [01/Jun/2026:13:34:46 -0300] "POST /cormun/servlet/trsolicitudgral?a8d2c999e9ebe63350bcd7f3d2a60bed,,gx-no-cache=1780332143300 HTTP/1.1" 200 26971
190.121.111.10 - - [01/Jun/2026:13:34:46 -0300] "GET /cormun/static/Resources/PXToolsGridNext.gif HTTP/1.1" 200 369
190.121.111.10 - - [01/Jun/2026:13:34:46 -0300] "GET /cormun/static/Resources/PXToolsGridLast.gif HTTP/1.1" 200 370
190.95.67.93 - - [01/Jun/2026:13:34:48 -0300] "GET /cormun/servlet/permisosadjuntos?INS,19526595,P,20260511084903,, HTTP/1.1" 200 5988
190.95.67.93 - - [01/Jun/2026:13:34:48 -0300] "GET /cormun/static/about:blank HTTP/1.1" 404 1011
190.121.111.10 - - [01/Jun/2026:13:34:49 -0300] "POST /cormun/servlet/trsolicitudgral?a8d2c999e9ebe63350bcd7f3d2a60bed,,gx-no-cache=1780332147203 HTTP/1.1" 200 6617
190.95.67.95 - - [01/Jun/2026:13:34:50 -0300] "GET /cormun/servlet/permisogoce?e8a5186cc790d5b6534a4eb30fe57277050176b69678639182cc02ba1f6710a17e0687602ea4bebe3b4ef99e6de4a73ec329fe7169cd15c45e0a06a34ebef674,gx-no-cache=1780332070244 HTTP/1.1" 200 47
190.95.67.95 - - [01/Jun/2026:13:34:54 -0300] "POST /cormun/servlet/permisogoce?7f55359045929f12a296c782ba81787f,INS,0,,,,gx-no-cache=1780332073302 HTTP/1.1" 200 93
190.95.67.95 - - [01/Jun/2026:13:34:54 -0300] "GET /cormun/servlet/hpexe_return? HTTP/1.1" 200 1007
190.95.67.95 - - [01/Jun/2026:13:34:54 -0300] "GET /cormun/servlet/trpermisosgoce HTTP/1.1" 200 15404
190.95.67.93 - - [01/Jun/2026:13:34:56 -0300] "POST /cormun/servlet/permisosadjuntos?1be10dbade3e4e37da0e9eec14bcd466,INS,19526595,P,20260511084903,, HTTP/1.1" 200 116
190.95.67.93 - - [01/Jun/2026:13:34:56 -0300] "GET /cormun/servlet/hpexe_return? HTTP/1.1" 200 1039
190.95.67.93 - - [01/Jun/2026:13:34:56 -0300] "GET /cormun/servlet/trpermisosadjuntos?19526595,20260511084903,P, HTTP/1.1" 200 7233
190.95.67.95 - - [01/Jun/2026:13:34:57 -0300] "GET /cormun/servlet/apermisogoceprn?7778577,P,20260601124212,PU HTTP/1.1" 200 1646
190.95.67.93 - - [01/Jun/2026:13:35:01 -0300] "POST /cormun/servlet/trpermisosadjuntos?1be10dbade3e4e37da0e9eec14bcd466,19526595,20260511084903,P,,gx-no-cache=1780332084481 HTTP/1.1" 200 90
190.95.67.93 - - [01/Jun/2026:13:35:01 -0300] "GET /cormun/servlet/hpexe_link HTTP/1.1" 200 1008
190.95.67.93 - - [01/Jun/2026:13:35:01 -0300] "GET /cormun/servlet/trpermisosgoce?gx-no-cache=1780330199580 HTTP/1.1" 200 18871
190.95.1.129 - - [01/Jun/2026:13:35:04 -0300] "GET /cormun/servlet/solicitudotadjuntos?960bd67690ac91300dcb1a39347ee48d9bcde7c2458361b48529cc171d53e8d7,gx-no-cache=1780332084014 HTTP/1.1" 200 30
190.95.1.129 - - [01/Jun/2026:13:35:04 -0300] "GET /cormun/servlet/solicitudotadjuntos?960bd67690ac91300dcb1a39347ee48d9bcde7c2458361b48529cc171d53e8d7,gx-no-cache=1780332084035 HTTP/1.1" 200 30
190.95.1.129 - - [01/Jun/2026:13:35:04 -0300] "POST /cormun/servlet/solicitudotadjuntos?0fa0cfce45812f9ad324c4a077100971,INS,2026,23667,,1, HTTP/1.1" 200 116
190.95.1.129 - - [01/Jun/2026:13:35:04 -0300] "GET /cormun/servlet/hpexe_return? HTTP/1.1" 200 1025
190.95.1.129 - - [01/Jun/2026:13:35:04 -0300] "GET /cormun/servlet/trsolicitudadjuntos?2026,23667, HTTP/1.1" 200 10118
190.95.1.129 - - [01/Jun/2026:13:35:09 -0300] "GET /cormun/servlet/solicitudotadjuntos?INS,2026,23667,,1, HTTP/1.1" 200 6290
190.95.1.129 - - [01/Jun/2026:13:35:09 -0300] "GET /cormun/static/about:blank HTTP/1.1" 404 1011
190.95.67.93 - - [01/Jun/2026:13:35:09 -0300] "POST /cormun/servlet/trpermisosgoce?1be10dbade3e4e37da0e9eec14bcd466,gx-no-cache=1780330199580,gx-no-cache=1780332092666 HTTP/1.1" 200 15980
190.95.1.129 - - [01/Jun/2026:13:35:10 -0300] "GET /cormun/servlet/solicitudotadjuntos?960bd67690ac91300dcb1a39347ee48d93a4db7b029f5124edec28c097b8694d502c5afd2e29a5b7d9c9ce6fb891e456,gx-no-cache=1780332089799 HTTP/1.1" 200 30
190.95.1.129 - - [01/Jun/2026:13:35:10 -0300] "POST /cormun/servlet/solicitudotadjuntos?0fa0cfce45812f9ad324c4a077100971,INS,2026,23667,,1,,gx-no-cache=1780332089816 HTTP/1.1" 200 4190
190.95.1.129 - - [01/Jun/2026:13:35:18 -0300] "POST /cormun/servlet/solicitudotadjuntos?gx-no-cache=1780332098367 HTTP/1.1" 200 26
190.95.1.129 - - [01/Jun/2026:13:35:22 -0300] "GET /cormun/servlet/solicitudotadjuntos?960bd67690ac91300dcb1a39347ee48d9bcde7c2458361b48529cc171d53e8d7,gx-no-cache=1780332102118 HTTP/1.1" 200 30
190.95.1.129 - - [01/Jun/2026:13:35:22 -0300] "GET /cormun/servlet/solicitudotadjuntos?960bd67690ac91300dcb1a39347ee48d9bcde7c2458361b48529cc171d53e8d7,gx-no-cache=1780332102129 HTTP/1.1" 200 30
190.95.1.129 - - [01/Jun/2026:13:35:22 -0300] "POST /cormun/servlet/solicitudotadjuntos?0fa0cfce45812f9ad324c4a077100971,INS,2026,23667,,1, HTTP/1.1" 200 116
190.95.1.129 - - [01/Jun/2026:13:35:22 -0300] "GET /cormun/servlet/hpexe_return? HTTP/1.1" 200 1025
190.95.1.129 - - [01/Jun/2026:13:35:22 -0300] "GET /cormun/servlet/trsolicitudadjuntos?2026,23667, HTTP/1.1" 200 10462
190.95.1.129 - - [01/Jun/2026:13:35:25 -0300] "GET /cormun/servlet/solicitudotadjuntos?INS,2026,23667,,1, HTTP/1.1" 200 6290
190.95.1.129 - - [01/Jun/2026:13:35:25 -0300] "GET /cormun/static/about:blank HTTP/1.1" 404 1011
190.95.1.129 - - [01/Jun/2026:13:35:26 -0300] "GET /cormun/servlet/solicitudotadjuntos?960bd67690ac91300dcb1a39347ee48d93a4db7b029f5124edec28c097b8694d502c5afd2e29a5b7d9c9ce6fb891e456,gx-no-cache=1780332105730 HTTP/1.1" 200 30
190.95.1.129 - - [01/Jun/2026:13:35:26 -0300] "POST /cormun/servlet/solicitudotadjuntos?0fa0cfce45812f9ad324c4a077100971,INS,2026,23667,,1,,gx-no-cache=1780332105756 HTTP/1.1" 200 4190
190.95.1.129 - - [01/Jun/2026:13:35:38 -0300] "POST /cormun/servlet/solicitudotadjuntos?gx-no-cache=1780332117617 HTTP/1.1" 200 26
190.95.67.93 - - [01/Jun/2026:13:35:48 -0300] "GET /cormun/servlet/trpermisosadjuntos?9521772,20260513080745,P, HTTP/1.1" 200 6682
190.95.1.129 - - [01/Jun/2026:13:35:49 -0300] "GET /cormun/servlet/solicitudotadjuntos?960bd67690ac91300dcb1a39347ee48d9bcde7c2458361b48529cc171d53e8d7,gx-no-cache=1780332129158 HTTP/1.1" 200 30
190.95.1.129 - - [01/Jun/2026:13:35:49 -0300] "GET /cormun/servlet/solicitudotadjuntos?960bd67690ac91300dcb1a39347ee48d9bcde7c2458361b48529cc171d53e8d7,gx-no-cache=1780332129172 HTTP/1.1" 200 30
190.95.1.129 - - [01/Jun/2026:13:35:49 -0300] "POST /cormun/servlet/solicitudotadjuntos?0fa0cfce45812f9ad324c4a077100971,INS,2026,23667,,1, HTTP/1.1" 200 6574
190.95.1.129 - - [01/Jun/2026:13:35:49 -0300] "GET /cormun/static/Shared/jqueryui/images/ui-bg_highlight-soft_100_c6c2c8_1x100.png HTTP/1.1" 404 1117
190.95.1.129 - - [01/Jun/2026:13:35:49 -0300] "GET /cormun/static/Shared/jqueryui/images/ui-icons_ebccce_256x240.png HTTP/1.1" 404 1089
190.95.1.129 - - [01/Jun/2026:13:35:49 -0300] "GET /cormun/static/Shared/jqueryui/images/ui-icons_82798d_256x240.png HTTP/1.1" 404 1089
190.95.1.129 - - [01/Jun/2026:13:35:49 -0300] "GET /cormun/static/Shared/jqueryui/images/ui-bg_flat_55_994d53_40x100.png HTTP/1.1" 404 1097
190.95.1.129 - - [01/Jun/2026:13:35:49 -0300] "GET /cormun/PrivateTempStorage/upload_00004594.pdf HTTP/1.1" 200 71037
190.95.67.93 - - [01/Jun/2026:13:35:50 -0300] "GET /cormun/servlet/permisosadjuntos?INS,9521772,P,20260513080745,, HTTP/1.1" 200 5987
190.95.67.93 - - [01/Jun/2026:13:35:50 -0300] "GET /cormun/static/about:blank HTTP/1.1" 404 1011
190.95.1.129 - - [01/Jun/2026:13:35:56 -0300] "POST /cormun/servlet/solicitudotadjuntos?0fa0cfce45812f9ad324c4a077100971,INS,2026,23667,,1, HTTP/1.1" 200 116
190.95.1.129 - - [01/Jun/2026:13:35:56 -0300] "GET /cormun/servlet/hpexe_return? HTTP/1.1" 200 1025
190.95.1.129 - - [01/Jun/2026:13:35:56 -0300] "GET /cormun/servlet/trsolicitudadjuntos?2026,23667, HTTP/1.1" 200 10458
190.95.1.129 - - [01/Jun/2026:13:36:02 -0300] "GET /cormun/servlet/trsolicitudot? HTTP/1.1" 200 8889
190.95.67.93 - - [01/Jun/2026:13:36:04 -0300] "POST /cormun/servlet/permisosadjuntos?1be10dbade3e4e37da0e9eec14bcd466,INS,9521772,P,20260513080745,, HTTP/1.1" 200 116
190.95.67.93 - - [01/Jun/2026:13:36:04 -0300] "GET /cormun/servlet/hpexe_return? HTTP/1.1" 200 1039
190.95.67.93 - - [01/Jun/2026:13:36:04 -0300] "GET /cormun/servlet/trpermisosadjuntos?9521772,20260513080745,P, HTTP/1.1" 200 7233
190.95.67.93 - - [01/Jun/2026:13:36:07 -0300] "POST /cormun/servlet/trpermisosadjuntos?1be10dbade3e4e37da0e9eec14bcd466,9521772,20260513080745,P,,gx-no-cache=1780332150120 HTTP/1.1" 200 90
190.95.67.93 - - [01/Jun/2026:13:36:07 -0300] "GET /cormun/servlet/hpexe_link HTTP/1.1" 200 1007
190.95.67.93 - - [01/Jun/2026:13:36:07 -0300] "GET /cormun/servlet/trpermisosgoce?gx-no-cache=1780330199580 HTTP/1.1" 200 18862
190.95.1.129 - - [01/Jun/2026:13:36:07 -0300] "POST /cormun/servlet/trsolicitudot?0fa0cfce45812f9ad324c4a077100971,,gx-no-cache=1780332147328 HTTP/1.1" 200 4888
190.95.1.129 - - [01/Jun/2026:13:36:07 -0300] "GET /cormun/static/Shared/jqueryui/images/ui-bg_flat_55_fafafa_40x100.png HTTP/1.1" 404 1097
190.95.1.129 - - [01/Jun/2026:13:36:07 -0300] "GET /cormun/static/Shared/jqueryui/images/ui-icons_8d78a5_256x240.png HTTP/1.1" 404 1089
190.95.1.129 - - [01/Jun/2026:13:36:07 -0300] "POST /cormun/servlet/trsolicitudot?0fa0cfce45812f9ad324c4a077100971,,gx-no-cache=1780332147434 HTTP/1.1" 200 4640
190.95.67.93 - - [01/Jun/2026:13:36:12 -0300] "POST /cormun/servlet/trpermisosgoce?1be10dbade3e4e37da0e9eec14bcd466,gx-no-cache=1780330199580,gx-no-cache=1780332154874 HTTP/1.1" 200 15977
190.95.67.93 - - [01/Jun/2026:13:36:18 -0300] "GET /cormun/servlet/trpermisosadjuntos?15805592,20260513080357,P, HTTP/1.1" 200 6683
190.95.67.93 - - [01/Jun/2026:13:36:55 -0300] "GET /cormun/servlet/permisosadjuntos?INS,15805592,P,20260513080357,, HTTP/1.1" 200 5991
190.95.67.93 - - [01/Jun/2026:13:36:55 -0300] "GET /cormun/static/about:blank HTTP/1.1" 404 1011
190.95.67.93 - - [01/Jun/2026:13:37:04 -0300] "POST /cormun/servlet/permisosadjuntos?1be10dbade3e4e37da0e9eec14bcd466,INS,15805592,P,20260513080357,, HTTP/1.1" 200 116
190.95.67.93 - - [01/Jun/2026:13:37:04 -0300] "GET /cormun/servlet/hpexe_return? HTTP/1.1" 200 1041
190.95.67.93 - - [01/Jun/2026:13:37:04 -0300] "GET /cormun/servlet/trpermisosadjuntos?15805592,20260513080357,P, HTTP/1.1" 200 7237
190.95.67.93 - - [01/Jun/2026:13:37:06 -0300] "POST /cormun/servlet/trpermisosadjuntos?1be10dbade3e4e37da0e9eec14bcd466,15805592,20260513080357,P,,gx-no-cache=1780332209424 HTTP/1.1" 200 90
190.95.67.93 - - [01/Jun/2026:13:37:06 -0300] "GET /cormun/servlet/hpexe_link HTTP/1.1" 200 1006
190.95.67.93 - - [01/Jun/2026:13:37:06 -0300] "GET /cormun/servlet/trpermisosgoce?gx-no-cache=1780330199580 HTTP/1.1" 200 18860
190.95.67.93 - - [01/Jun/2026:13:37:12 -0300] "POST /cormun/servlet/trpermisosgoce?1be10dbade3e4e37da0e9eec14bcd466,gx-no-cache=1780330199580,gx-no-cache=1780332215355 HTTP/1.1" 200 15967
190.95.1.129 - - [01/Jun/2026:13:37:26 -0300] "POST /cormun/servlet/trsolicitudot?0fa0cfce45812f9ad324c4a077100971,,gx-no-cache=1780332226448 HTTP/1.1" 200 4659
190.95.67.93 - - [01/Jun/2026:13:37:46 -0300] "GET /cormun/servlet/trpermisosadjuntos?19987818,20260512075859,P, HTTP/1.1" 200 6681
190.95.67.93 - - [01/Jun/2026:13:37:48 -0300] "GET /cormun/servlet/permisosadjuntos?INS,19987818,P,20260512075859,, HTTP/1.1" 200 5988
190.95.67.93 - - [01/Jun/2026:13:37:48 -0300] "GET /cormun/static/about:blank HTTP/1.1" 404 1011
190.95.67.93 - - [01/Jun/2026:13:38:13 -0300] "POST /cormun/servlet/permisosadjuntos?1be10dbade3e4e37da0e9eec14bcd466,INS,19987818,P,20260512075859,, HTTP/1.1" 200 116
190.95.67.93 - - [01/Jun/2026:13:38:13 -0300] "GET /cormun/servlet/hpexe_return? HTTP/1.1" 200 1040
190.95.67.93 - - [01/Jun/2026:13:38:13 -0300] "GET /cormun/servlet/trpermisosadjuntos?19987818,20260512075859,P, HTTP/1.1" 200 7241
190.95.67.93 - - [01/Jun/2026:13:38:15 -0300] "POST /cormun/servlet/trpermisosadjuntos?1be10dbade3e4e37da0e9eec14bcd466,19987818,20260512075859,P,,gx-no-cache=1780332279016 HTTP/1.1" 200 90
190.95.67.93 - - [01/Jun/2026:13:38:15 -0300] "GET /cormun/servlet/hpexe_link HTTP/1.1" 200 1008
190.95.67.93 - - [01/Jun/2026:13:38:16 -0300] "GET /cormun/servlet/trpermisosgoce?gx-no-cache=1780330199580 HTTP/1.1" 200 18853
190.95.67.93 - - [01/Jun/2026:13:38:22 -0300] "POST /cormun/servlet/trpermisosgoce?1be10dbade3e4e37da0e9eec14bcd466,gx-no-cache=1780330199580,gx-no-cache=1780332284971 HTTP/1.1" 200 15962
190.95.67.93 - - [01/Jun/2026:13:38:33 -0300] "GET /cormun/servlet/trpermisosadjuntos?7594271,20260514080748,P, HTTP/1.1" 200 6680
190.95.67.93 - - [01/Jun/2026:13:38:37 -0300] "GET /cormun/servlet/permisosadjuntos?INS,7594271,P,20260514080748,, HTTP/1.1" 200 5988
190.95.67.93 - - [01/Jun/2026:13:38:37 -0300] "GET /cormun/static/about:blank HTTP/1.1" 404 1011
190.95.67.93 - - [01/Jun/2026:13:38:44 -0300] "POST /cormun/servlet/permisosadjuntos?1be10dbade3e4e37da0e9eec14bcd466,INS,7594271,P,20260514080748,, HTTP/1.1" 200 116
190.95.67.93 - - [01/Jun/2026:13:38:44 -0300] "GET /cormun/servlet/hpexe_return? HTTP/1.1" 200 1038
190.95.67.93 - - [01/Jun/2026:13:38:44 -0300] "GET /cormun/servlet/trpermisosadjuntos?7594271,20260514080748,P, HTTP/1.1" 200 7228
190.95.67.93 - - [01/Jun/2026:13:38:46 -0300] "POST /cormun/servlet/trpermisosadjuntos?1be10dbade3e4e37da0e9eec14bcd466,7594271,20260514080748,P,,gx-no-cache=1780332309752 HTTP/1.1" 200 90
190.95.67.93 - - [01/Jun/2026:13:38:46 -0300] "GET /cormun/servlet/hpexe_link HTTP/1.1" 200 1007
190.95.67.93 - - [01/Jun/2026:13:38:46 -0300] "GET /cormun/servlet/trpermisosgoce?gx-no-cache=1780330199580 HTTP/1.1" 200 18849
190.95.67.93 - - [01/Jun/2026:13:38:52 -0300] "POST /cormun/servlet/trpermisosgoce?1be10dbade3e4e37da0e9eec14bcd466,gx-no-cache=1780330199580,gx-no-cache=1780332314923 HTTP/1.1" 200 15962
190.95.67.93 - - [01/Jun/2026:13:39:08 -0300] "GET /cormun/servlet/trpermisosadjuntos?17811729,20260514092719,P, HTTP/1.1" 200 6681
190.95.67.93 - - [01/Jun/2026:13:39:10 -0300] "GET /cormun/servlet/permisosadjuntos?INS,17811729,P,20260514092719,, HTTP/1.1" 200 5988
190.95.67.93 - - [01/Jun/2026:13:39:10 -0300] "GET /cormun/static/about:blank HTTP/1.1" 404 1011
190.95.67.93 - - [01/Jun/2026:13:39:23 -0300] "POST /cormun/servlet/permisosadjuntos?1be10dbade3e4e37da0e9eec14bcd466,INS,17811729,P,20260514092719,, HTTP/1.1" 200 116
190.95.67.93 - - [01/Jun/2026:13:39:23 -0300] "GET /cormun/servlet/hpexe_return? HTTP/1.1" 200 1039
190.95.67.93 - - [01/Jun/2026:13:39:23 -0300] "GET /cormun/servlet/trpermisosadjuntos?17811729,20260514092719,P, HTTP/1.1" 200 7240
190.95.67.93 - - [01/Jun/2026:13:39:26 -0300] "POST /cormun/servlet/trpermisosadjuntos?1be10dbade3e4e37da0e9eec14bcd466,17811729,20260514092719,P,,gx-no-cache=1780332349969 HTTP/1.1" 200 90
190.95.67.93 - - [01/Jun/2026:13:39:26 -0300] "GET /cormun/servlet/hpexe_link HTTP/1.1" 200 1007
190.95.67.93 - - [01/Jun/2026:13:39:27 -0300] "GET /cormun/servlet/trpermisosgoce?gx-no-cache=1780330199580 HTTP/1.1" 200 18844
190.95.67.93 - - [01/Jun/2026:13:39:34 -0300] "POST /cormun/servlet/trpermisosgoce?1be10dbade3e4e37da0e9eec14bcd466,gx-no-cache=1780330199580,gx-no-cache=1780332357658 HTTP/1.1" 200 15953
190.95.67.93 - - [01/Jun/2026:13:39:48 -0300] "GET /cormun/servlet/trpermisosadjuntos?13301971,20260515080206,P, HTTP/1.1" 200 6678
190.95.67.93 - - [01/Jun/2026:13:39:50 -0300] "GET /cormun/servlet/permisosadjuntos?INS,13301971,P,20260515080206,, HTTP/1.1" 200 5987
190.95.67.93 - - [01/Jun/2026:13:39:50 -0300] "GET /cormun/static/about:blank HTTP/1.1" 404 1011
190.121.111.10 - - [01/Jun/2026:13:39:52 -0300] "GET /cormun/servlet/vesolicitudgral?2026,23645,, HTTP/1.1" 200 8413
190.121.111.10 - - [01/Jun/2026:13:39:52 -0300] "GET /cormun/static/gxcfg.js?20201215594983 HTTP/1.1" 200 953
190.121.111.10 - - [01/Jun/2026:13:39:52 -0300] "GET /cormun/pexe_scrolldiv.js HTTP/1.1" 404 1009
190.121.111.10 - - [01/Jun/2026:13:39:52 -0300] "GET /cormun/static/vesolicitudgral.js?20201215595069 HTTP/1.1" 200 6721
190.121.111.10 - - [01/Jun/2026:13:39:52 -0300] "GET /cormun/static/tbsolicitudgral01.js?20199142226376 HTTP/1.1" 200 31320
190.95.67.93 - - [01/Jun/2026:13:40:01 -0300] "POST /cormun/servlet/permisosadjuntos?1be10dbade3e4e37da0e9eec14bcd466,INS,13301971,P,20260515080206,, HTTP/1.1" 200 116
190.95.67.93 - - [01/Jun/2026:13:40:02 -0300] "GET /cormun/servlet/hpexe_return? HTTP/1.1" 200 1039
190.95.67.93 - - [01/Jun/2026:13:40:02 -0300] "GET /cormun/servlet/trpermisosadjuntos?13301971,20260515080206,P, HTTP/1.1" 200 7230
190.95.67.93 - - [01/Jun/2026:13:40:04 -0300] "POST /cormun/servlet/trpermisosadjuntos?1be10dbade3e4e37da0e9eec14bcd466,13301971,20260515080206,P,,gx-no-cache=1780332387712 HTTP/1.1" 200 90
190.95.67.93 - - [01/Jun/2026:13:40:04 -0300] "GET /cormun/servlet/hpexe_link HTTP/1.1" 200 1006
190.95.67.93 - - [01/Jun/2026:13:40:04 -0300] "GET /cormun/servlet/trpermisosgoce?gx-no-cache=1780330199580 HTTP/1.1" 200 18835
190.95.15.13 - - [01/Jun/2026:13:40:07 -0300] "GET /cormun/servlet/hlogin HTTP/1.1" 200 1736
190.95.67.93 - - [01/Jun/2026:13:40:10 -0300] "POST /cormun/servlet/trpermisosgoce?1be10dbade3e4e37da0e9eec14bcd466,gx-no-cache=1780330199580,gx-no-cache=1780332393186 HTTP/1.1" 200 15952
190.95.67.99 - - [01/Jun/2026:13:40:18 -0300] "GET /cormun/servlet/hhome HTTP/1.1" 200 3323
190.95.67.99 - - [01/Jun/2026:13:40:19 -0300] "GET /cormun/static/Resources/Spanish/PXTools.css?14345360 HTTP/1.1" 200 100853
190.95.67.99 - - [01/Jun/2026:13:40:19 -0300] "GET /cormun/static/Shared/jqueryui/jquery-ui.min.css?1345370 HTTP/1.1" 200 30288
190.95.67.99 - - [01/Jun/2026:13:40:19 -0300] "GET /cormun/static/SmoothNavMenu/resources/ddsmoothmenu.css?1112540 HTTP/1.1" 200 2223
190.95.67.99 - - [01/Jun/2026:13:40:19 -0300] "GET /cormun/static/SmoothNavMenu/resources/ddsmoothmenu-v.css?1112540 HTTP/1.1" 200 1188
190.95.67.99 - - [01/Jun/2026:13:40:19 -0300] "GET /cormun/static/scaMessage/css/jquery.pnotify.default.css?1816380 HTTP/1.1" 200 1707
190.95.67.99 - - [01/Jun/2026:13:40:19 -0300] "GET /cormun/static/gxcfg.js?20201215495537 HTTP/1.1" 200 953
190.95.67.99 - - [01/Jun/2026:13:40:19 -0300] "GET /cormun/static/gxtimezone.js?85251 HTTP/1.1" 200 5781
190.95.67.99 - - [01/Jun/2026:13:40:19 -0300] "GET /cormun/static/PXToolsJavascripts/pexe_cookies.js HTTP/1.1" 200 792
190.95.67.99 - - [01/Jun/2026:13:40:19 -0300] "GET /cormun/static/PXToolsJavascripts/pexe_autoreload.js HTTP/1.1" 200 1762
190.95.67.99 - - [01/Jun/2026:13:40:19 -0300] "GET /cormun/static/PXToolsJavascripts/pexe_windows.js HTTP/1.1" 200 15249
190.95.67.99 - - [01/Jun/2026:13:40:19 -0300] "GET /cormun/static/PXToolsJavascripts/pexe_grid.js HTTP/1.1" 200 7559
190.95.67.99 - - [01/Jun/2026:13:40:19 -0300] "GET /cormun/static/PXToolsJavascripts/pexe_griddivfix.js HTTP/1.1" 200 6946
190.95.67.99 - - [01/Jun/2026:13:40:19 -0300] "GET /cormun/static/PXToolsJavascripts/pexe_menudivfix.js HTTP/1.1" 200 333
190.95.67.99 - - [01/Jun/2026:13:40:19 -0300] "GET /cormun/static/PXToolsJavascripts/pexe_link.js HTTP/1.1" 200 5671
190.95.67.99 - - [01/Jun/2026:13:40:19 -0300] "GET /cormun/static/PXToolsJavascripts/pexe_menus.js HTTP/1.1" 200 1286
190.95.67.99 - - [01/Jun/2026:13:40:19 -0300] "GET /cormun/static/PXToolsJavascripts/pexe_picture.js HTTP/1.1" 200 689
190.95.67.99 - - [01/Jun/2026:13:40:19 -0300] "GET /cormun/static/PXToolsJavascripts/pexe_oavdivfix.js HTTP/1.1" 200 639
190.95.67.99 - - [01/Jun/2026:13:40:19 -0300] "GET /cormun/static/PXToolsJavascripts/pexe_layers.js HTTP/1.1" 200 4114
190.95.67.99 - - [01/Jun/2026:13:40:19 -0300] "GET /cormun/static/PXToolsJavascripts/pexe_oav.js HTTP/1.1" 200 645
190.95.67.99 - - [01/Jun/2026:13:40:19 -0300] "GET /cormun/static/PXToolsJavascripts/pexe_popup.js HTTP/1.1" 200 15149
190.95.67.99 - - [01/Jun/2026:13:40:19 -0300] "GET /cormun/static/PXToolsJavascripts/pexe_scrolldiv.js HTTP/1.1" 200 4138
190.95.67.99 - - [01/Jun/2026:13:40:19 -0300] "GET /cormun/static/PXToolsJavascripts/pexe_tabdivfix.js HTTP/1.1" 200 898
190.95.67.99 - - [01/Jun/2026:13:40:19 -0300] "GET /cormun/static/PXToolsJavascripts/pexe_tabs.js HTTP/1.1" 200 3748
190.95.67.99 - - [01/Jun/2026:13:40:19 -0300] "GET /cormun/static/PXToolsJavascripts/pexe_upload.js HTTP/1.1" 200 1423
190.95.67.99 - - [01/Jun/2026:13:40:19 -0300] "GET /cormun/static/gxgral.js?85251 HTTP/1.1" 200 384558
190.95.67.99 - - [01/Jun/2026:13:40:19 -0300] "GET /cormun/static/PXToolsJavascripts/PXToolsJavascriptsRender.js HTTP/1.1" 200 367
190.95.67.99 - - [01/Jun/2026:13:40:19 -0300] "GET /cormun/static/Resources/CormunMP2.png HTTP/1.1" 200 6878
190.95.67.99 - - [01/Jun/2026:13:40:19 -0300] "GET /cormun/static/Resources/ImgHome.png HTTP/1.1" 200 1364
190.95.67.99 - - [01/Jun/2026:13:40:19 -0300] "GET /cormun/static/Resources/ImgLogin.png HTTP/1.1" 200 1432
190.95.67.99 - - [01/Jun/2026:13:40:19 -0300] "GET /cormun/static/Resources/Llave.png HTTP/1.1" 200 1395
