10.40.40.2 - - [01/Jun/2026:12:09:38 -0300] "GET /cormun/static/Resources/indicator.gif HTTP/1.1" 200 1553
10.40.40.2 - - [01/Jun/2026:12:09:40 -0300] "POST /cormun/servlet/hlogin?ae2d2dded1512c4ec8c7413497a8bf0d,gx-no-cache=1780326944605 HTTP/1.1" 200 90
10.40.40.2 - - [01/Jun/2026:12:09:40 -0300] "GET /cormun/servlet/hpexe_link HTTP/1.1" 200 949
10.40.40.2 - - [01/Jun/2026:12:09:40 -0300] "GET /cormun/servlet/hhome HTTP/1.1" 200 3475
10.40.40.2 - - [01/Jun/2026:12:09:40 -0300] "GET /cormun/static/Resources/CormunMP2.png HTTP/1.1" 200 6878
10.40.40.2 - - [01/Jun/2026:12:09:40 -0300] "GET /cormun/static/Resources/ImgHome.png HTTP/1.1" 200 1364
10.40.40.2 - - [01/Jun/2026:12:09:40 -0300] "GET /cormun/static/Resources/ImgLogin.png HTTP/1.1" 200 1432
10.40.40.2 - - [01/Jun/2026:12:09:40 -0300] "GET /cormun/static/Resources/Llave.png HTTP/1.1" 200 1395
10.40.40.2 - - [01/Jun/2026:12:09:40 -0300] "GET /cormun/static/Resources/PXToolsDataTitle.png HTTP/1.1" 200 1173
10.40.40.2 - - [01/Jun/2026:12:09:41 -0300] "GET /cormun/static/SmoothNavMenu/resources/images/right.gif HTTP/1.1" 200 860
10.40.40.2 - - [01/Jun/2026:12:09:41 -0300] "GET /cormun/static/SmoothNavMenu/resources/images/down.gif HTTP/1.1" 200 854
10.40.40.2 - - [01/Jun/2026:12:09:43 -0300] "GET /cormun/servlet/trlicenciasgenerales? HTTP/1.1" 200 8061
10.40.40.2 - - [01/Jun/2026:12:09:43 -0300] "GET /cormun/static/Resources/PXTools/calendar.png HTTP/1.1" 200 1306
10.40.40.2 - - [01/Jun/2026:12:09:43 -0300] "GET /cormun/static/Resources/PXToolsDataSearch.png HTTP/1.1" 200 435
10.40.40.2 - - [01/Jun/2026:12:09:43 -0300] "GET /cormun/static/Resources/PXToolsGridPreviousDisabled.gif HTTP/1.1" 200 90
10.40.40.2 - - [01/Jun/2026:12:09:43 -0300] "GET /cormun/static/Resources/PXToolsGridLastDisabled.gif HTTP/1.1" 200 98
10.40.40.2 - - [01/Jun/2026:12:09:43 -0300] "GET /cormun/static/Resources/PXToolsGridNextDisabled.gif HTTP/1.1" 200 90
10.40.40.2 - - [01/Jun/2026:12:09:43 -0300] "GET /cormun/static/Resources/PXToolsGridFirstDisabled.gif HTTP/1.1" 200 100
10.40.40.2 - - [01/Jun/2026:12:09:43 -0300] "GET /cormun/static/Resources/PXToolsGridPage.gif HTTP/1.1" 200 725
10.40.40.2 - - [01/Jun/2026:12:09:43 -0300] "GET /cormun/static/Resources/PXToolsActionExcel.png HTTP/1.1" 200 727
10.40.40.2 - - [01/Jun/2026:12:09:43 -0300] "GET /cormun/static/Resources/asc.gif HTTP/1.1" 200 67
10.40.40.2 - - [01/Jun/2026:12:09:43 -0300] "GET /cormun/static/Resources/desc.gif HTTP/1.1" 200 65
10.40.40.2 - - [01/Jun/2026:12:09:43 -0300] "GET /cormun/static/Shared/ext/resources/themes/images/default/tools/tool-sprites.gif HTTP/1.1" 200 5434
10.40.40.2 - - [01/Jun/2026:12:09:43 -0300] "GET /cormun/static/Shared/ext/resources/themes/images/default/panel/bg-headersPanel.png HTTP/1.1" 200 255
10.40.40.2 - - [01/Jun/2026:12:09:46 -0300] "GET /cormun/static/menuarrow.gif HTTP/1.1" 404 1015
10.40.40.2 - - [01/Jun/2026:12:09:51 -0300] "POST /cormun/servlet/trlicenciasgenerales?ae2d2dded1512c4ec8c7413497a8bf0d,,gx-no-cache=1780326955760 HTTP/1.1" 200 13903
10.40.40.2 - - [01/Jun/2026:12:09:51 -0300] "GET /cormun//static/Resources/PXToolsHeaderFavorites.png HTTP/1.1" 200 1414
10.40.40.2 - - [01/Jun/2026:12:09:52 -0300] "GET /cormun//static/Resources/PXToolsGridDisplay.png HTTP/1.1" 200 525
10.40.40.2 - - [01/Jun/2026:12:09:52 -0300] "GET /cormun//static/Resources/PXTools/ActionInsert.png HTTP/1.1" 200 1482
10.40.40.2 - - [01/Jun/2026:12:09:52 -0300] "GET /cormun//static/Resources/PXToolsHeaderHelp.png HTTP/1.1" 200 1333
190.95.15.23 - - [01/Jun/2026:12:13:02 -0300] "GET /cormun/servlet/hlogin HTTP/1.1" 200 1716
190.95.15.23 - - [01/Jun/2026:12:13:03 -0300] "GET /cormun/servlet/hlogin HTTP/1.1" 200 1727
190.95.15.23 - - [01/Jun/2026:12:13:07 -0300] "POST /cormun/servlet/hlogin?55b29b69ff1a9293bc72e0029fde2c23,gx-no-cache=1780327166660 HTTP/1.1" 200 90
190.95.15.23 - - [01/Jun/2026:12:13:07 -0300] "GET /cormun/servlet/hpexe_link HTTP/1.1" 200 948
190.95.15.23 - - [01/Jun/2026:12:13:07 -0300] "GET /cormun/servlet/hhome HTTP/1.1" 200 4175
190.95.15.23 - - [01/Jun/2026:12:13:12 -0300] "GET /cormun/servlet/trlicencias? HTTP/1.1" 200 12269
192.168.10.19 - - [01/Jun/2026:12:15:59 -0300] "GET /cormun/servlet/hlogin HTTP/1.1" 200 1720
192.168.10.19 - - [01/Jun/2026:12:16:04 -0300] "POST /cormun/servlet/hlogin?ea875a3741c68f810b3063f5bc248ea9,gx-no-cache=1780327422664 HTTP/1.1" 200 90
192.168.10.19 - - [01/Jun/2026:12:16:05 -0300] "GET /cormun/servlet/hpexe_link HTTP/1.1" 200 950
192.168.10.19 - - [01/Jun/2026:12:16:05 -0300] "GET /cormun/servlet/hhome HTTP/1.1" 200 3838
192.168.10.19 - - [01/Jun/2026:12:16:07 -0300] "GET /cormun/servlet/trsolicitudgral? HTTP/1.1" 200 15910
192.168.10.19 - - [01/Jun/2026:12:16:24 -0300] "POST /cormun/servlet/trsolicitudgral?ea875a3741c68f810b3063f5bc248ea9,,gx-no-cache=1780327442161 HTTP/1.1" 200 5252
192.168.10.19 - - [01/Jun/2026:12:16:28 -0300] "POST /cormun/servlet/trsolicitudgral?ea875a3741c68f810b3063f5bc248ea9,,gx-no-cache=1780327446359 HTTP/1.1" 200 6619
192.168.10.19 - - [01/Jun/2026:12:16:30 -0300] "GET /cormun/servlet/vesolicitudgral?2026,23665,, HTTP/1.1" 200 8453
192.168.10.19 - - [01/Jun/2026:12:16:30 -0300] "GET /cormun/pexe_scrolldiv.js HTTP/1.1" 404 1009
190.95.67.91 - - [01/Jun/2026:12:17:16 -0300] "POST /cormun/servlet/trpermisosgoce?63d69d5c4ad7d0bbfdc0e7cfe65e446b,,gx-no-cache=1780327415511 HTTP/1.1" 200 16579
190.95.67.91 - - [01/Jun/2026:12:17:20 -0300] "POST /cormun/servlet/trpermisosgoce?63d69d5c4ad7d0bbfdc0e7cfe65e446b,,gx-no-cache=1780327419111 HTTP/1.1" 200 104
190.95.67.91 - - [01/Jun/2026:12:17:20 -0300] "GET /cormun/PermisosGoce-2094.xls HTTP/1.1" 200 40448
190.95.15.31 - - [01/Jun/2026:12:17:26 -0300] "GET /cormun/servlet/hlogin HTTP/1.1" 200 1721
190.95.15.31 - - [01/Jun/2026:12:17:36 -0300] "GET /favicon.ico HTTP/1.1" 200 21630
190.95.15.31 - - [01/Jun/2026:12:17:39 -0300] "POST /cormun/servlet/hlogin?af6127ec46405450a3ecc1ed24b1b39d,gx-no-cache=1780327438254 HTTP/1.1" 200 90
190.95.15.31 - - [01/Jun/2026:12:17:39 -0300] "GET /cormun/servlet/hpexe_link HTTP/1.1" 200 952
190.95.15.31 - - [01/Jun/2026:12:17:39 -0300] "GET /cormun/servlet/hhome HTTP/1.1" 200 4358
190.95.15.31 - - [01/Jun/2026:12:17:45 -0300] "GET /cormun/servlet/trlicencias? HTTP/1.1" 200 12609
190.95.15.31 - - [01/Jun/2026:12:18:10 -0300] "POST /cormun/servlet/trlicencias?af6127ec46405450a3ecc1ed24b1b39d,,gx-no-cache=1780327469318 HTTP/1.1" 200 15979
190.95.67.91 - - [01/Jun/2026:12:19:33 -0300] "POST /cormun/servlet/trpermisosgoce?63d69d5c4ad7d0bbfdc0e7cfe65e446b,,gx-no-cache=1780327552863 HTTP/1.1" 200 16577
190.95.67.91 - - [01/Jun/2026:12:19:37 -0300] "GET /cormun/servlet/trlicencias? HTTP/1.1" 200 18861
192.168.10.19 - - [01/Jun/2026:12:20:32 -0300] "GET /cormun/servlet/trsolicitudgral? HTTP/1.1" 200 9710
190.121.111.10 - - [01/Jun/2026:12:23:27 -0300] "GET /cormun/servlet/vesolicitudgral?2026,23630,,SolicitudOTAdjuntos HTTP/1.1" 200 10914
190.121.111.10 - - [01/Jun/2026:12:23:27 -0300] "GET /cormun/pexe_scrolldiv.js HTTP/1.1" 404 1009
190.121.111.10 - - [01/Jun/2026:12:23:27 -0300] "GET /cormun/static/tbsolicitudgral02.js?202211298373061 HTTP/1.1" 200 13312
190.121.111.10 - - [01/Jun/2026:12:23:27 -0300] "GET /cormun/static/Resources/PXToolsTabUnselectedSelected.png HTTP/1.1" 200 1458
190.121.111.10 - - [01/Jun/2026:12:23:27 -0300] "GET /cormun/static/Resources/PXToolsTabFirstUnselected.png HTTP/1.1" 200 1278
190.121.111.10 - - [01/Jun/2026:12:23:27 -0300] "GET /cormun/servlet/hlogin HTTP/1.1" 200 1757
190.121.111.10 - - [01/Jun/2026:12:23:27 -0300] "GET /cormun/static/gxcfg.js?2022112219184450 HTTP/1.1" 200 953
190.121.111.10 - - [01/Jun/2026:12:23:27 -0300] "GET /cormun/static/Resources/CormunLogin.png HTTP/1.1" 200 19132
190.121.111.10 - - [01/Jun/2026:12:23:27 -0300] "GET /cormun/static/hlogin.js?2022112219184458 HTTP/1.1" 200 2156
190.121.111.10 - - [01/Jun/2026:12:23:27 -0300] "GET /cormun/static/Resources/Spanish/PXTools.css?1759030 HTTP/1.1" 200 100853
190.121.111.10 - - [01/Jun/2026:12:23:27 -0300] "GET /cormun/static/Resources/PXToolsLoginTop.png HTTP/1.1" 200 1337
190.121.111.10 - - [01/Jun/2026:12:23:27 -0300] "GET /cormun/static/Resources/PXToolsLoginBackground.png HTTP/1.1" 200 1164
190.121.111.10 - - [01/Jun/2026:12:23:27 -0300] "GET /cormun/static/Resources/PXToolsLoginBottom.png HTTP/1.1" 200 1389
190.121.111.10 - - [01/Jun/2026:12:23:29 -0300] "POST /cormun/servlet/hlogin?cc000ba0bac6fa7279073a6e63d44fec,gx-no-cache=1780327867571 HTTP/1.1" 200 90
190.121.111.10 - - [01/Jun/2026:12:23:29 -0300] "GET /cormun/servlet/hpexe_link HTTP/1.1" 200 980
190.121.111.10 - - [01/Jun/2026:12:23:30 -0300] "GET /cormun/static/gxcfg.js?20221129847421 HTTP/1.1" 200 953
190.121.111.10 - - [01/Jun/2026:12:23:30 -0300] "GET /cormun/static/hpexe_link.js?20221129847423 HTTP/1.1" 200 625
190.121.111.10 - - [01/Jun/2026:12:23:30 -0300] "GET /cormun/static/Resources/Spanish/PXTools.css?8354383 HTTP/1.1" 200 100853
190.121.111.10 - - [01/Jun/2026:12:23:30 -0300] "GET /cormun/servlet/vesolicitudgral?2026,23630,,SolicitudOTAdjuntos HTTP/1.1" 200 11411
190.121.111.10 - - [01/Jun/2026:12:23:30 -0300] "GET /cormun/pexe_scrolldiv.js HTTP/1.1" 404 1009
190.121.111.10 - - [01/Jun/2026:12:23:31 -0300] "POST /cormun/servlet/acontrolpreferencessavestate?None,RRHH+DANIELA,true HTTP/1.1" 200 35
190.121.111.10 - - [01/Jun/2026:12:23:34 -0300] "GET /cormun/PublicTempStorage/titulo.javiera_ga%7E%B3mez5520219.pdf HTTP/1.1" 200 297971
190.121.111.10 - - [01/Jun/2026:12:23:48 -0300] "GET /cormun/servlet/vesolicitudgral?2026,23630,,SolicitudOTAdjuntos HTTP/1.1" 200 11410
190.121.111.10 - - [01/Jun/2026:12:23:49 -0300] "POST /cormun/servlet/acontrolpreferencessavestate?None,RRHH+DANIELA,true HTTP/1.1" 200 35
185.226.93.242 - - [01/Jun/2026:12:25:02 -0300] "GET /login HTTP/1.1" 404 971
192.168.10.19 - - [01/Jun/2026:12:25:54 -0300] "GET /cormun/servlet/hlogin HTTP/1.1" 200 1720
192.168.10.19 - - [01/Jun/2026:12:25:57 -0300] "POST /cormun/servlet/hlogin?ea875a3741c68f810b3063f5bc248ea9,gx-no-cache=1780328015261 HTTP/1.1" 200 90
192.168.10.19 - - [01/Jun/2026:12:25:57 -0300] "GET /cormun/servlet/hpexe_link HTTP/1.1" 200 957
192.168.10.19 - - [01/Jun/2026:12:25:57 -0300] "GET /cormun/servlet/trsolicitudgral HTTP/1.1" 200 9711
192.168.10.19 - - [01/Jun/2026:12:26:01 -0300] "POST /cormun/servlet/trsolicitudgral?ea875a3741c68f810b3063f5bc248ea9,gx-no-cache=1780328019070 HTTP/1.1" 200 5253
192.168.10.19 - - [01/Jun/2026:12:26:03 -0300] "GET /cormun/static/menuarrow.gif HTTP/1.1" 404 1015
192.168.10.19 - - [01/Jun/2026:12:26:06 -0300] "POST /cormun/servlet/trsolicitudgral?ea875a3741c68f810b3063f5bc248ea9,gx-no-cache=1780328024285 HTTP/1.1" 200 6634
190.121.111.10 - - [01/Jun/2026:12:28:07 -0300] "GET /cormun/servlet/trsolicitudgral? HTTP/1.1" 200 15919
190.121.111.10 - - [01/Jun/2026:12:28:07 -0300] "GET /cormun/static/gxcfg.js?20191021621534 HTTP/1.1" 200 953
190.121.111.10 - - [01/Jun/2026:12:28:07 -0300] "GET /cormun/static/Resources/PXTools/calendar.png HTTP/1.1" 200 1306
190.121.111.10 - - [01/Jun/2026:12:28:07 -0300] "GET /cormun/static/trsolicitudgral.js?20191021621224 HTTP/1.1" 200 55166
190.121.111.10 - - [01/Jun/2026:12:28:07 -0300] "GET /cormun/static/Resources/PXToolsActionExcel.png HTTP/1.1" 200 727
190.121.111.10 - - [01/Jun/2026:12:28:07 -0300] "GET /cormun/static/Resources/PXToolsAddAllStandardAction.png HTTP/1.1" 200 628
190.121.111.10 - - [01/Jun/2026:12:28:07 -0300] "GET /cormun/static/Resources/PXToolsDataSearch.png HTTP/1.1" 200 435
190.121.111.10 - - [01/Jun/2026:12:28:07 -0300] "GET /cormun/static/Resources/PXToolsRemoveAllStandardAction.png HTTP/1.1" 200 495
190.121.111.10 - - [01/Jun/2026:12:28:07 -0300] "GET /cormun/static/Resources/PXToolsButtonLeft.png HTTP/1.1" 200 1310
190.121.111.10 - - [01/Jun/2026:12:28:07 -0300] "GET /cormun/static/Resources/PXToolsButtonBackground.png HTTP/1.1" 200 1176
190.121.111.10 - - [01/Jun/2026:12:28:07 -0300] "GET /cormun/static/Resources/PXToolsButtonRight.png HTTP/1.1" 200 1294
190.121.111.10 - - [01/Jun/2026:12:28:07 -0300] "GET /cormun//static/Resources/PXToolsGridUpdate.png HTTP/1.1" 200 470
190.121.111.10 - - [01/Jun/2026:12:28:07 -0300] "GET /cormun//static/Resources/PXToolsGridDelete.png HTTP/1.1" 200 538
192.168.10.19 - - [01/Jun/2026:12:32:11 -0300] "POST /cormun/servlet/trsolicitudgral?ea875a3741c68f810b3063f5bc248ea9,gx-no-cache=1780328388844 HTTP/1.1" 200 5248
192.168.10.19 - - [01/Jun/2026:12:32:16 -0300] "POST /cormun/servlet/trsolicitudgral?ea875a3741c68f810b3063f5bc248ea9,gx-no-cache=1780328394132 HTTP/1.1" 200 5252
10.40.40.2 - - [01/Jun/2026:12:33:27 -0300] "GET /cormun/servlet/hlogin HTTP/1.1" 200 1723
10.40.40.2 - - [01/Jun/2026:12:33:30 -0300] "POST /cormun/servlet/hlogin?29d9e29b18958a8a7eac36f5b260eaf2,gx-no-cache=1780328374140 HTTP/1.1" 200 90
10.40.40.2 - - [01/Jun/2026:12:33:30 -0300] "GET /cormun/servlet/hpexe_link HTTP/1.1" 200 952
10.40.40.2 - - [01/Jun/2026:12:33:30 -0300] "GET /cormun/servlet/hhome HTTP/1.1" 200 3196
10.40.40.2 - - [01/Jun/2026:12:33:34 -0300] "GET /cormun/servlet/trlicencias? HTTP/1.1" 200 19395
190.95.67.95 - - [01/Jun/2026:12:35:17 -0300] "GET /cormun/servlet/hlogin HTTP/1.1" 200 1718
190.95.67.95 - - [01/Jun/2026:12:35:18 -0300] "GET /favicon.ico HTTP/1.1" 200 21630
190.95.67.95 - - [01/Jun/2026:12:35:36 -0300] "POST /cormun/servlet/hlogin?7f55359045929f12a296c782ba81787f,gx-no-cache=1780328515635 HTTP/1.1" 200 90
190.95.67.95 - - [01/Jun/2026:12:35:36 -0300] "GET /cormun/servlet/hpexe_link HTTP/1.1" 200 948
190.95.67.95 - - [01/Jun/2026:12:35:36 -0300] "GET /cormun/servlet/hhome HTTP/1.1" 200 4003
190.95.67.95 - - [01/Jun/2026:12:35:43 -0300] "GET /cormun/servlet/trsolicitudot? HTTP/1.1" 200 7217
190.95.67.95 - - [01/Jun/2026:12:35:46 -0300] "GET /cormun/servlet/solicitudot?INS,0,0,false, HTTP/1.1" 200 16080
190.95.67.95 - - [01/Jun/2026:12:35:49 -0300] "GET /cormun/servlet/prfichaempleado?,MD,,gxPopupLevel%3D0%3B HTTP/1.1" 200 9231
190.95.67.95 - - [01/Jun/2026:12:36:10 -0300] "POST /cormun/servlet/prfichaempleado?7f55359045929f12a296c782ba81787f,,MD,,gxPopupLevel%3D0%3B,gx-no-cache=1780328550364 HTTP/1.1" 200 3408
190.95.67.95 - - [01/Jun/2026:12:36:15 -0300] "POST /cormun/servlet/solicitudot?gx-no-cache=1780328555356 HTTP/1.1" 200 4172
190.95.67.95 - - [01/Jun/2026:12:36:16 -0300] "POST /cormun/servlet/solicitudot?7f55359045929f12a296c782ba81787f,INS,0,0,false,,gx-no-cache=1780328555485 HTTP/1.1" 200 12794
190.95.67.95 - - [01/Jun/2026:12:36:20 -0300] "GET /cormun/servlet/solicitudot?abfbe4a926cc7f9375e61c841481248233d5a37344580da37d2a07fd2abbddf4ac65c0caa1c41426710f4c75f6252b4d,gx-no-cache=1780328559798 HTTP/1.1" 200 30
190.95.67.95 - - [01/Jun/2026:12:36:34 -0300] "GET /cormun/servlet/solicitudot?abfbe4a926cc7f9375e61c84148124829e641cd9517f90665271b3bd782475986b508b02a22f742dfab934189c0e1c19ac65c0caa1c41426710f4c75f6252b4d,gx-no-cache=1780328573520 HTTP/1.1" 200 30
190.95.67.95 - - [01/Jun/2026:12:36:34 -0300] "GET /cormun/servlet/solicitudot?abfbe4a926cc7f9375e61c841481248274811a4c7dd629e55ffd1a5e2c93674a,gx-no-cache=1780328573547 HTTP/1.1" 200 53
190.95.67.95 - - [01/Jun/2026:12:36:34 -0300] "POST /cormun/servlet/solicitudot?gx-no-cache=1780328573569 HTTP/1.1" 200 297
190.95.67.95 - - [01/Jun/2026:12:36:34 -0300] "GET /cormun/servlet/solicitudot?abfbe4a926cc7f9375e61c84148124828b041ff8753de9a1590b46e9e0b25c7908362d87ad92f651ac5758d8ca7985bb25e60ff18233b3a96ef7c9b44cfe0ea6e7b748c280701006bbf917973e5bbe828b1d0d4db32db5a18cc1a8bb4f1010077e9bf44743df08f1b2a2952df9e30d59b0c1cee709f729db1a5c774b5a8bcee7f2a47bfe9c3a7e9d56d23fb9d62fc963a144c13b2d16d9934721a628730a6abdde62eaaed824ac1d77c99be17d6bae4e7b0de76136b20e04da82141c858e7d23bf761ce1cf6351047d35c12d5e57f5099d3eac0889cff568090a6bf1f78e0e379323fcfaeab4593953f25435048ced817b4a6c97dbf72d051251b63c125ba650c0c228ac0f339977fb50223407b763f4eda92f0b1d64dd638a4f0da871caf67323c8df79a19c420fa9754c8473bed0815c2f420dbd586e0e059dc9ba8f754c2394cf2e0681d9755a2f74fe2747f83b552b33065fdf1fbdb73af7704720aff86603ff1ee725df6f782f17d8a2a2136e63dfdd344a7860854d16a6148de1d87894642da94da2785a981f69d040ff4f6417,gx-no-cache=1780328573598 HTTP/1.1" 200 30
190.95.67.95 - - [01/Jun/2026:12:36:37 -0300] "POST /cormun/servlet/solicitudot?gx-no-cache=1780328576499 HTTP/1.1" 200 30
190.95.67.95 - - [01/Jun/2026:12:36:39 -0300] "POST /cormun/servlet/solicitudot?gx-no-cache=1780328578899 HTTP/1.1" 200 1505
190.95.67.95 - - [01/Jun/2026:12:36:39 -0300] "POST /cormun/servlet/solicitudot?gx-no-cache=1780328578948 HTTP/1.1" 200 38
190.95.67.95 - - [01/Jun/2026:12:36:39 -0300] "GET /cormun/servlet/solicitudot?abfbe4a926cc7f9375e61c841481248221683670c71c4ac44eaa8aebcd91cc66d38466f4fa9818f99bf0fd07e3eaafe6e176ce25e894ef9c21baf36f1a6567f178ad8af4e6d55f5be4c801507ad9392b2c4c1927a423af4850ca4537606434e9ca6e924261a1166910a2dad7824a4d75,gx-no-cache=1780328578976 HTTP/1.1" 200 110
190.95.67.95 - - [01/Jun/2026:12:36:46 -0300] "POST /cormun/servlet/solicitudot?gx-no-cache=1780328586000 HTTP/1.1" 200 69
190.95.67.95 - - [01/Jun/2026:12:36:49 -0300] "GET /cormun/servlet/solicitudot?abfbe4a926cc7f9375e61c8414812482ef8f55883dabafb507b38279bfa1389c4d67ec677fdbcd262bfd08639ded885e7e478943980f4ed71919275d8098280118026bd86281aa1cd039f847561dbd76d8268b89a73527c3097f560d0e2716e02899e61ce025ed1c0c0861e0f47b6463,gx-no-cache=1780328588868 HTTP/1.1" 200 29
190.95.67.95 - - [01/Jun/2026:12:36:49 -0300] "GET /cormun/static/menuarrow.gif HTTP/1.1" 404 1015
190.95.67.95 - - [01/Jun/2026:12:37:02 -0300] "GET /cormun/servlet/solicitudot?abfbe4a926cc7f9375e61c8414812482988eaf8ced8ba067a7f372f09b3e30178e27286d010e3e6d3cfa158161df7023,gx-no-cache=1780328602193 HTTP/1.1" 200 134
190.95.67.95 - - [01/Jun/2026:12:37:02 -0300] "GET /cormun/static/Shared/jqueryui/images/ui-bg_highlight-soft_100_c6c2c8_1x100.png HTTP/1.1" 404 1117
190.95.67.95 - - [01/Jun/2026:12:37:02 -0300] "GET /cormun/static/Shared/jqueryui/images/ui-icons_82798d_256x240.png HTTP/1.1" 404 1089
190.95.67.95 - - [01/Jun/2026:12:37:02 -0300] "GET /cormun/static/Shared/jqueryui/images/ui-icons_ebccce_256x240.png HTTP/1.1" 404 1089
190.95.67.95 - - [01/Jun/2026:12:37:02 -0300] "GET /cormun/static/Shared/jqueryui/images/ui-bg_flat_55_994d53_40x100.png HTTP/1.1" 404 1097
190.95.67.95 - - [01/Jun/2026:12:37:03 -0300] "GET /cormun/servlet/solicitudot?abfbe4a926cc7f9375e61c8414812482988eaf8ced8ba067a7f372f09b3e30178e27286d010e3e6d3cfa158161df7023,gx-no-cache=1780328603333 HTTP/1.1" 200 134
190.95.67.95 - - [01/Jun/2026:12:37:03 -0300] "POST /cormun/servlet/solicitudot?gx-no-cache=1780328603364 HTTP/1.1" 200 30
190.95.67.95 - - [01/Jun/2026:12:37:15 -0300] "GET /cormun/servlet/solicitudot?abfbe4a926cc7f9375e61c8414812482988eaf8ced8ba067a7f372f09b3e3017e1eb94d3bb85ebdff735136de699d340,gx-no-cache=1780328615385 HTTP/1.1" 200 134
190.95.67.95 - - [01/Jun/2026:12:37:27 -0300] "GET /cormun/servlet/solicitudot?abfbe4a926cc7f9375e61c8414812482cd8dfcbef5ff0f54398e847415074706e1eb94d3bb85ebdff735136de699d340,gx-no-cache=1780328627066 HTTP/1.1" 200 30
10.40.40.2 - - [01/Jun/2026:12:37:30 -0300] "POST /cormun/servlet/trlicencias?13daba2b3dd1b65be1caca78f4c3b17d,gx-no-cache=1780328613978 HTTP/1.1" 440 972
10.40.40.2 - - [01/Jun/2026:12:37:31 -0300] "GET /cormun/servlet/trlicencias HTTP/1.1" 200 6053
10.40.40.2 - - [01/Jun/2026:12:37:31 -0300] "GET /cormun/servlet/hlogin HTTP/1.1" 200 1740
10.40.40.2 - - [01/Jun/2026:12:37:37 -0300] "POST /cormun/servlet/hlogin?01246ba43dfe205f73b915af7ff3dd2b,gx-no-cache=1780328620951 HTTP/1.1" 200 90
10.40.40.2 - - [01/Jun/2026:12:37:37 -0300] "GET /cormun/servlet/hpexe_link HTTP/1.1" 200 959
10.40.40.2 - - [01/Jun/2026:12:37:37 -0300] "GET /cormun/servlet/trlicencias HTTP/1.1" 200 18995
190.95.67.95 - - [01/Jun/2026:12:37:42 -0300] "POST /cormun/servlet/solicitudot?gx-no-cache=1780328641695 HTTP/1.1" 200 30
10.40.40.2 - - [01/Jun/2026:12:37:49 -0300] "POST /cormun/servlet/trlicencias?01246ba43dfe205f73b915af7ff3dd2b,gx-no-cache=1780328633267 HTTP/1.1" 200 4841
190.95.67.95 - - [01/Jun/2026:12:38:27 -0300] "POST /cormun/servlet/solicitudot?7f55359045929f12a296c782ba81787f,INS,0,0,false,,gx-no-cache=1780328686925 HTTP/1.1" 200 93
190.95.67.95 - - [01/Jun/2026:12:38:27 -0300] "GET /cormun/servlet/hpexe_return? HTTP/1.1" 200 1007
190.95.67.95 - - [01/Jun/2026:12:38:28 -0300] "GET /cormun/servlet/trsolicitudot HTTP/1.1" 200 8620
190.95.67.95 - - [01/Jun/2026:12:38:33 -0300] "POST /cormun/servlet/trsolicitudot?7f55359045929f12a296c782ba81787f,gx-no-cache=1780328692605 HTTP/1.1" 200 4580
190.95.67.95 - - [01/Jun/2026:12:38:33 -0300] "GET /cormun/static/Shared/jqueryui/images/ui-bg_highlight-soft_100_c6c2c8_1x100.png HTTP/1.1" 404 1117
190.95.67.95 - - [01/Jun/2026:12:38:33 -0300] "GET /cormun/static/Shared/jqueryui/images/ui-icons_82798d_256x240.png HTTP/1.1" 404 1089
190.95.67.95 - - [01/Jun/2026:12:38:33 -0300] "GET /cormun/static/Shared/jqueryui/images/ui-icons_8d78a5_256x240.png HTTP/1.1" 404 1089
190.95.67.95 - - [01/Jun/2026:12:38:33 -0300] "GET /cormun/static/Shared/jqueryui/images/ui-bg_flat_55_fafafa_40x100.png HTTP/1.1" 404 1097
190.95.67.95 - - [01/Jun/2026:12:38:33 -0300] "POST /cormun/servlet/trsolicitudot?7f55359045929f12a296c782ba81787f,gx-no-cache=1780328692737 HTTP/1.1" 200 4331
190.95.67.95 - - [01/Jun/2026:12:38:41 -0300] "GET /cormun/servlet/hlogin HTTP/1.1" 200 1718
190.95.67.95 - - [01/Jun/2026:12:38:47 -0300] "POST /cormun/servlet/hlogin?7f55359045929f12a296c782ba81787f,gx-no-cache=1780328706458 HTTP/1.1" 200 90
190.95.67.95 - - [01/Jun/2026:12:38:47 -0300] "GET /cormun/servlet/hpexe_link HTTP/1.1" 200 948
190.95.67.95 - - [01/Jun/2026:12:38:47 -0300] "GET /cormun/servlet/hhome HTTP/1.1" 200 4316
190.95.67.95 - - [01/Jun/2026:12:38:51 -0300] "GET /cormun/servlet/trautorizarsolicitud? HTTP/1.1" 200 8821
190.95.67.95 - - [01/Jun/2026:12:38:58 -0300] "POST /cormun/servlet/trautorizarsolicitud?7f55359045929f12a296c782ba81787f,,gx-no-cache=1780328717917 HTTP/1.1" 200 4781
190.95.67.95 - - [01/Jun/2026:12:38:58 -0300] "GET /cormun/static/Shared/jqueryui/images/ui-bg_highlight-soft_100_c6c2c8_1x100.png HTTP/1.1" 404 1117
190.95.67.95 - - [01/Jun/2026:12:38:58 -0300] "GET /cormun/static/Shared/jqueryui/images/ui-icons_82798d_256x240.png HTTP/1.1" 404 1089
190.95.67.95 - - [01/Jun/2026:12:38:58 -0300] "GET /cormun/static/Shared/jqueryui/images/ui-bg_flat_55_fafafa_40x100.png HTTP/1.1" 404 1097
190.95.67.95 - - [01/Jun/2026:12:38:58 -0300] "GET /cormun/static/Shared/jqueryui/images/ui-icons_8d78a5_256x240.png HTTP/1.1" 404 1089
190.95.67.95 - - [01/Jun/2026:12:38:58 -0300] "POST /cormun/servlet/trautorizarsolicitud?7f55359045929f12a296c782ba81787f,,gx-no-cache=1780328718030 HTTP/1.1" 200 4528
179.57.78.9 - - [01/Jun/2026:12:48:38 -0300] "GET /cormun/servlet/hlogin HTTP/1.1" 200 1715
179.57.78.9 - - [01/Jun/2026:12:48:41 -0300] "POST /cormun/servlet/hlogin?7bea0bd3b68e23a0da6a06daea0a3624,gx-no-cache=1780329300803 HTTP/1.1" 200 90
179.57.78.9 - - [01/Jun/2026:12:48:41 -0300] "GET /cormun/servlet/hpexe_link HTTP/1.1" 200 947
179.57.78.9 - - [01/Jun/2026:12:48:41 -0300] "GET /cormun/servlet/hhome HTTP/1.1" 200 4344
179.57.78.9 - - [01/Jun/2026:12:48:43 -0300] "GET /cormun/servlet/trlicencias? HTTP/1.1" 200 11464
201.186.226.3 - - [01/Jun/2026:12:50:53 -0300] "GET /cormun/servlet/hlogin HTTP/1.1" 200 1721
201.186.226.3 - - [01/Jun/2026:12:51:06 -0300] "POST /cormun/servlet/hlogin?5e5be7f9ce3ab2c6d075a487e07d47b5,gx-no-cache=1780329445668 HTTP/1.1" 200 90
201.186.226.3 - - [01/Jun/2026:12:51:06 -0300] "GET /cormun/servlet/hpexe_link HTTP/1.1" 200 951
201.186.226.3 - - [01/Jun/2026:12:51:06 -0300] "GET /cormun/servlet/hhome HTTP/1.1" 200 3935
201.186.226.3 - - [01/Jun/2026:12:51:10 -0300] "GET /cormun/servlet/trpermisosgoce? HTTP/1.1" 200 10583
190.95.1.185 - - [01/Jun/2026:12:51:14 -0300] "GET /cormun/servlet/hlogin HTTP/1.1" 200 1717
190.95.1.185 - - [01/Jun/2026:12:51:18 -0300] "POST /cormun/servlet/hlogin?8c965801505d6f0d0adb58c568456749,gx-no-cache=1780329457717 HTTP/1.1" 200 90
190.95.1.185 - - [01/Jun/2026:12:51:18 -0300] "GET /cormun/servlet/hpexe_link HTTP/1.1" 200 946
190.95.1.185 - - [01/Jun/2026:12:51:18 -0300] "GET /cormun/servlet/hhome HTTP/1.1" 200 4479
201.186.226.3 - - [01/Jun/2026:12:51:19 -0300] "GET /cormun/servlet/trlicencias? HTTP/1.1" 200 10096
190.95.1.185 - - [01/Jun/2026:12:51:21 -0300] "GET /cormun/servlet/trpermisosgoce? HTTP/1.1" 200 16603
190.95.1.185 - - [01/Jun/2026:12:51:28 -0300] "GET /cormun/servlet/permisogoce?INS,0,,, HTTP/1.1" 200 7379
190.95.1.185 - - [01/Jun/2026:12:51:30 -0300] "GET /cormun/servlet/permisogoce?f3172a70f889b3425911a14013b23e3c3d338cfca52c291ee75edc97ae2c122a6bb3de3cad7b2a3d61e8b26e3236ad27faa146e47aec5d7dcaa739451f6df3ca,gx-no-cache=1780329469686 HTTP/1.1" 200 80
190.95.1.185 - - [01/Jun/2026:12:51:30 -0300] "GET /cormun/static/menuarrow.gif HTTP/1.1" 404 1015
190.95.67.93 - - [01/Jun/2026:12:51:32 -0300] "GET /cormun/servlet/trpermisosgoce HTTP/1.1" 200 6037
190.95.1.185 - - [01/Jun/2026:12:51:33 -0300] "GET /cormun/servlet/permisogoce?f3172a70f889b3425911a14013b23e3cfaf5c2320dc3ce64483d41e4f2073cd74dca5efe2eb9e1602a84c187b9a1828f4b03b60387c1bd3b4eeca12002cc2895,gx-no-cache=1780329472476 HTTP/1.1" 200 47
190.95.67.93 - - [01/Jun/2026:12:51:33 -0300] "GET /cormun/servlet/hlogin HTTP/1.1" 200 1741
190.95.1.185 - - [01/Jun/2026:12:51:36 -0300] "GET /cormun/servlet/permisogoce?f3172a70f889b3425911a14013b23e3cfaf5c2320dc3ce64483d41e4f2073cd78019dd011b3028cdd606ee1767d1d6f317b35e427daa3958611a9e10366f30b5,gx-no-cache=1780329475942 HTTP/1.1" 200 47
190.95.1.185 - - [01/Jun/2026:12:51:43 -0300] "POST /cormun/servlet/permisogoce?8c965801505d6f0d0adb58c568456749,INS,0,,,,gx-no-cache=1780329482180 HTTP/1.1" 200 93
190.95.1.185 - - [01/Jun/2026:12:51:43 -0300] "GET /cormun/servlet/hpexe_return? HTTP/1.1" 200 1006
190.95.1.185 - - [01/Jun/2026:12:51:43 -0300] "GET /cormun/servlet/trpermisosgoce HTTP/1.1" 200 16817
190.95.1.185 - - [01/Jun/2026:12:51:46 -0300] "GET /cormun/servlet/apermisogoceprn?18798703,P,20260601115906,PU HTTP/1.1" 200 1654
201.186.226.3 - - [01/Jun/2026:12:52:00 -0300] "GET /cormun/servlet/hlogin HTTP/1.1" 200 1739
192.168.10.19 - - [01/Jun/2026:12:52:31 -0300] "POST /cormun/servlet/trsolicitudgral?ea875a3741c68f810b3063f5bc248ea9,gx-no-cache=1780329608881 HTTP/1.1" 200 7725
190.95.67.93 - - [01/Jun/2026:12:52:41 -0300] "POST /cormun/servlet/hlogin?1be10dbade3e4e37da0e9eec14bcd466,gx-no-cache=1780329544753 HTTP/1.1" 200 90
190.95.67.93 - - [01/Jun/2026:12:52:41 -0300] "GET /cormun/servlet/hpexe_link HTTP/1.1" 200 960
190.95.67.93 - - [01/Jun/2026:12:52:41 -0300] "GET /cormun/servlet/trpermisosgoce HTTP/1.1" 200 18845
192.168.10.19 - - [01/Jun/2026:12:53:06 -0300] "POST /cormun/servlet/trsolicitudgral?ea875a3741c68f810b3063f5bc248ea9,gx-no-cache=1780329643609 HTTP/1.1" 200 5258
192.168.10.19 - - [01/Jun/2026:12:53:46 -0300] "POST /cormun/servlet/trsolicitudgral?ea875a3741c68f810b3063f5bc248ea9,gx-no-cache=1780329683760 HTTP/1.1" 200 6636
192.168.10.19 - - [01/Jun/2026:12:53:50 -0300] "GET /cormun/servlet/vesolicitudgral?2026,23531,, HTTP/1.1" 200 8424
192.168.10.19 - - [01/Jun/2026:12:53:51 -0300] "GET /cormun/pexe_scrolldiv.js HTTP/1.1" 404 1009
190.95.67.93 - - [01/Jun/2026:12:54:16 -0300] "GET /cormun/servlet/trpermisosadjuntos?19852529,20260527171449,P, HTTP/1.1" 200 6659
190.95.67.93 - - [01/Jun/2026:12:54:16 -0300] "GET /cormun/static/gxcfg.js?2020121641683 HTTP/1.1" 200 953
190.95.67.93 - - [01/Jun/2026:12:54:16 -0300] "GET /cormun/static/trpermisosadjuntos.js?2020121642996 HTTP/1.1" 200 20158
190.95.67.93 - - [01/Jun/2026:12:54:18 -0300] "GET /cormun/servlet/permisosadjuntos?INS,19852529,P,20260527171449,, HTTP/1.1" 200 5987
190.95.67.93 - - [01/Jun/2026:12:54:18 -0300] "GET /cormun/static/gxcfg.js?20201215134212 HTTP/1.1" 200 953
190.95.67.93 - - [01/Jun/2026:12:54:18 -0300] "GET /cormun/static/permisosadjuntos.js?20201215134285 HTTP/1.1" 200 8724
190.95.67.93 - - [01/Jun/2026:12:54:18 -0300] "GET /cormun/static/about:blank HTTP/1.1" 404 1011
192.168.10.19 - - [01/Jun/2026:12:54:33 -0300] "GET /cormun/servlet/vesolicitudgral?2026,23531,,SolicitudOTAdjuntos HTTP/1.1" 200 11451
192.168.10.19 - - [01/Jun/2026:12:54:33 -0300] "GET /cormun/pexe_scrolldiv.js HTTP/1.1" 404 1009
192.168.10.19 - - [01/Jun/2026:12:54:34 -0300] "POST /cormun/servlet/acontrolpreferencessavestate?None,RRHH+DANIELA,true HTTP/1.1" 200 35
190.95.67.93 - - [01/Jun/2026:12:54:38 -0300] "POST /cormun/servlet/permisosadjuntos?1be10dbade3e4e37da0e9eec14bcd466,INS,19852529,P,20260527171449,, HTTP/1.1" 200 116
190.95.67.93 - - [01/Jun/2026:12:54:38 -0300] "GET /cormun/servlet/hpexe_return? HTTP/1.1" 200 1040
190.95.67.93 - - [01/Jun/2026:12:54:38 -0300] "GET /cormun/servlet/trpermisosadjuntos?19852529,20260527171449,P, HTTP/1.1" 200 7236
192.168.10.19 - - [01/Jun/2026:12:54:39 -0300] "GET /cormun/PublicTempStorage/certificado_de_4to_medio3750175.pdf HTTP/1.1" 200 40845
190.95.67.93 - - [01/Jun/2026:12:54:41 -0300] "POST /cormun/servlet/trpermisosadjuntos?1be10dbade3e4e37da0e9eec14bcd466,19852529,20260527171449,P,,gx-no-cache=1780329664539 HTTP/1.1" 200 90
190.95.67.93 - - [01/Jun/2026:12:54:41 -0300] "GET /cormun/servlet/hpexe_link HTTP/1.1" 200 984
190.95.67.93 - - [01/Jun/2026:12:54:41 -0300] "GET /cormun/servlet/trpermisosgoce HTTP/1.1" 200 18845
192.168.10.19 - - [01/Jun/2026:12:54:43 -0300] "GET /cormun/servlet/vesolicitudgral?2026,23531,,SolicitudOTAdjuntos HTTP/1.1" 200 11454
192.168.10.19 - - [01/Jun/2026:12:54:44 -0300] "POST /cormun/servlet/acontrolpreferencessavestate?None,RRHH+DANIELA,true HTTP/1.1" 200 35
190.95.67.93 - - [01/Jun/2026:12:54:46 -0300] "GET /cormun/servlet/trpermisosadjuntos?19852529,20260527171449,P, HTTP/1.1" 200 7232
192.168.10.19 - - [01/Jun/2026:12:54:48 -0300] "GET /cormun/servlet/vesolicitudgral?2026,23531,,General HTTP/1.1" 200 8425
192.168.10.19 - - [01/Jun/2026:12:54:48 -0300] "GET /cormun/pexe_scrolldiv.js HTTP/1.1" 404 1009
190.95.67.93 - - [01/Jun/2026:12:54:49 -0300] "POST /cormun/servlet/trpermisosadjuntos?1be10dbade3e4e37da0e9eec14bcd466,19852529,20260527171449,P,,gx-no-cache=1780329672552 HTTP/1.1" 200 90
190.95.67.93 - - [01/Jun/2026:12:54:49 -0300] "GET /cormun/servlet/hpexe_link HTTP/1.1" 200 984
190.95.67.93 - - [01/Jun/2026:12:54:49 -0300] "GET /cormun/servlet/trpermisosgoce HTTP/1.1" 200 18845
190.95.67.93 - - [01/Jun/2026:12:54:56 -0300] "POST /cormun/servlet/trpermisosgoce?1be10dbade3e4e37da0e9eec14bcd466,gx-no-cache=1780329679198 HTTP/1.1" 200 15961
190.95.67.93 - - [01/Jun/2026:12:54:56 -0300] "GET /cormun/static/Shared/jqueryui/images/ui-icons_82798d_256x240.png HTTP/1.1" 404 1089
190.95.67.93 - - [01/Jun/2026:12:54:56 -0300] "GET /cormun/static/Shared/jqueryui/images/ui-bg_highlight-soft_100_c6c2c8_1x100.png HTTP/1.1" 404 1117
190.95.67.93 - - [01/Jun/2026:12:54:56 -0300] "GET /cormun/static/Shared/jqueryui/images/ui-icons_8d78a5_256x240.png HTTP/1.1" 404 1089
190.95.67.93 - - [01/Jun/2026:12:54:56 -0300] "GET /cormun/static/Shared/jqueryui/images/ui-bg_flat_55_fafafa_40x100.png HTTP/1.1" 404 1097
179.57.78.55 - - [01/Jun/2026:12:55:08 -0300] "GET /cormun/servlet/trlicencias? HTTP/1.1" 200 6047
179.57.78.55 - - [01/Jun/2026:12:55:08 -0300] "GET /cormun/servlet/hlogin HTTP/1.1" 200 1735
190.95.67.93 - - [01/Jun/2026:12:55:13 -0300] "GET /cormun/servlet/trpermisosadjuntos?10681823,20260527164919,P, HTTP/1.1" 200 6657
190.95.67.93 - - [01/Jun/2026:12:55:15 -0300] "GET /cormun/servlet/permisosadjuntos?INS,10681823,P,20260527164919,, HTTP/1.1" 200 5984
190.95.67.93 - - [01/Jun/2026:12:55:15 -0300] "GET /cormun/static/about:blank HTTP/1.1" 404 1011
179.57.78.55 - - [01/Jun/2026:12:55:15 -0300] "POST /cormun/servlet/hlogin?cd2d2ad308e973e26ef4666d2d5507a3,gx-no-cache=1780329695069 HTTP/1.1" 200 90
179.57.78.55 - - [01/Jun/2026:12:55:16 -0300] "GET /cormun/servlet/hpexe_link HTTP/1.1" 200 953
179.57.78.55 - - [01/Jun/2026:12:55:16 -0300] "GET /cormun/servlet/trlicencias HTTP/1.1" 200 12019
190.95.67.93 - - [01/Jun/2026:12:55:30 -0300] "POST /cormun/servlet/permisosadjuntos?1be10dbade3e4e37da0e9eec14bcd466,INS,10681823,P,20260527164919,, HTTP/1.1" 200 116
190.95.67.93 - - [01/Jun/2026:12:55:30 -0300] "GET /cormun/servlet/hpexe_return? HTTP/1.1" 200 1041
190.95.67.93 - - [01/Jun/2026:12:55:30 -0300] "GET /cormun/servlet/trpermisosadjuntos?10681823,20260527164919,P, HTTP/1.1" 200 7223
190.95.67.93 - - [01/Jun/2026:12:55:32 -0300] "POST /cormun/servlet/trpermisosadjuntos?1be10dbade3e4e37da0e9eec14bcd466,10681823,20260527164919,P,,gx-no-cache=1780329716057 HTTP/1.1" 200 90
190.95.67.93 - - [01/Jun/2026:12:55:32 -0300] "GET /cormun/servlet/hpexe_link HTTP/1.1" 200 1007
190.95.67.93 - - [01/Jun/2026:12:55:33 -0300] "GET /cormun/servlet/trpermisosgoce?gx-no-cache=1780329679198 HTTP/1.1" 200 18866
201.187.130.253 - - [01/Jun/2026:12:55:38 -0300] "GET /cormun/servlet/hlogin HTTP/1.1" 200 1724
201.187.130.253 - - [01/Jun/2026:12:55:38 -0300] "GET /cormun/static/gxtimezone.js?85251 HTTP/1.1" 200 5781
201.187.130.253 - - [01/Jun/2026:12:55:38 -0300] "GET /cormun/static/hlogin.js?2022112219184458 HTTP/1.1" 200 2156
201.187.130.253 - - [01/Jun/2026:12:55:38 -0300] "GET /cormun/static/gxcfg.js?2022112219184450 HTTP/1.1" 200 953
201.187.130.253 - - [01/Jun/2026:12:55:38 -0300] "GET /cormun/static/messages.spa.js?85251 HTTP/1.1" 200 30736
201.187.130.253 - - [01/Jun/2026:12:55:38 -0300] "GET /cormun/static/Resources/Spanish/PXTools.css?1759030 HTTP/1.1" 200 100853
201.187.130.253 - - [01/Jun/2026:12:55:38 -0300] "GET /cormun/static/gxgral.js?85251 HTTP/1.1" 200 384558
201.187.130.253 - - [01/Jun/2026:12:55:38 -0300] "GET /cormun/static/Resources/CormunLogin.png HTTP/1.1" 200 19132
201.187.130.253 - - [01/Jun/2026:12:55:38 -0300] "GET /cormun/static/Resources/PXToolsButtonLeft.png HTTP/1.1" 200 1310
201.187.130.253 - - [01/Jun/2026:12:55:38 -0300] "GET /cormun/static/Resources/PXToolsLoginTop.png HTTP/1.1" 200 1337
201.187.130.253 - - [01/Jun/2026:12:55:38 -0300] "GET /cormun/static/Resources/PXToolsLoginBackground.png HTTP/1.1" 200 1164
201.187.130.253 - - [01/Jun/2026:12:55:38 -0300] "GET /cormun/static/Resources/PXToolsButtonRight.png HTTP/1.1" 200 1294
201.187.130.253 - - [01/Jun/2026:12:55:38 -0300] "GET /cormun/static/Resources/PXToolsButtonBackground.png HTTP/1.1" 200 1176
201.187.130.253 - - [01/Jun/2026:12:55:38 -0300] "GET /cormun/static/Resources/PXToolsLoginBottom.png HTTP/1.1" 200 1389
201.187.130.253 - - [01/Jun/2026:12:55:38 -0300] "GET /cormun/static/Resources/indicator.gif HTTP/1.1" 200 1553
201.187.130.253 - - [01/Jun/2026:12:55:38 -0300] "GET /cormun/servlet/hlogin HTTP/1.1" 200 1735
201.187.130.253 - - [01/Jun/2026:12:55:38 -0300] "GET /favicon.ico HTTP/1.1" 200 21630
190.95.67.93 - - [01/Jun/2026:12:55:39 -0300] "POST /cormun/servlet/trpermisosgoce?1be10dbade3e4e37da0e9eec14bcd466,gx-no-cache=1780329679198,gx-no-cache=1780329722298 HTTP/1.1" 200 15966
190.95.67.93 - - [01/Jun/2026:12:56:24 -0300] "GET /cormun/servlet/trpermisosadjuntos?7924150,20260526095549,P, HTTP/1.1" 200 6679
190.95.67.93 - - [01/Jun/2026:12:56:26 -0300] "GET /cormun/servlet/permisosadjuntos?INS,7924150,P,20260526095549,, HTTP/1.1" 200 5984
190.95.67.93 - - [01/Jun/2026:12:56:26 -0300] "GET /cormun/static/about:blank HTTP/1.1" 404 1011
190.95.67.93 - - [01/Jun/2026:12:56:42 -0300] "POST /cormun/servlet/permisosadjuntos?1be10dbade3e4e37da0e9eec14bcd466,INS,7924150,P,20260526095549,, HTTP/1.1" 200 116
190.95.67.93 - - [01/Jun/2026:12:56:42 -0300] "GET /cormun/servlet/hpexe_return? HTTP/1.1" 200 1040
190.95.67.93 - - [01/Jun/2026:12:56:42 -0300] "GET /cormun/servlet/trpermisosadjuntos?7924150,20260526095549,P, HTTP/1.1" 200 7229
190.95.67.93 - - [01/Jun/2026:12:56:44 -0300] "POST /cormun/servlet/trpermisosadjuntos?1be10dbade3e4e37da0e9eec14bcd466,7924150,20260526095549,P,,gx-no-cache=1780329787753 HTTP/1.1" 200 90
190.95.67.93 - - [01/Jun/2026:12:56:44 -0300] "GET /cormun/servlet/hpexe_link HTTP/1.1" 200 1007
190.95.67.93 - - [01/Jun/2026:12:56:44 -0300] "GET /cormun/servlet/trpermisosgoce?gx-no-cache=1780329679198 HTTP/1.1" 200 18872
190.95.67.93 - - [01/Jun/2026:12:56:49 -0300] "POST /cormun/servlet/trpermisosgoce?1be10dbade3e4e37da0e9eec14bcd466,gx-no-cache=1780329679198,gx-no-cache=1780329792218 HTTP/1.1" 200 15970
190.95.67.97 - - [01/Jun/2026:12:56:51 -0300] "GET /cormun/servlet/trpermisosgoce? HTTP/1.1" 200 6039
190.95.67.97 - - [01/Jun/2026:12:56:51 -0300] "GET /cormun/servlet/hlogin HTTP/1.1" 200 1744
190.95.67.97 - - [01/Jun/2026:12:56:57 -0300] "POST /cormun/servlet/hlogin?706966bd365d4c8175a84926f899f35b,gx-no-cache=1780329645507 HTTP/1.1" 200 90
190.95.67.97 - - [01/Jun/2026:12:56:57 -0300] "GET /cormun/servlet/hpexe_link HTTP/1.1" 200 962
190.95.67.97 - - [01/Jun/2026:12:56:57 -0300] "GET /cormun/servlet/trpermisosgoce HTTP/1.1" 200 12537
190.95.67.93 - - [01/Jun/2026:12:56:59 -0300] "GET /cormun/servlet/trpermisosadjuntos?13945989,20260526094222,P, HTTP/1.1" 200 6680
190.95.67.97 - - [01/Jun/2026:12:56:59 -0300] "GET /cormun/servlet/permisogoce?INS,0,,, HTTP/1.1" 200 6756
190.95.67.93 - - [01/Jun/2026:12:57:01 -0300] "GET /cormun/servlet/permisosadjuntos?INS,13945989,P,20260526094222,, HTTP/1.1" 200 5987
190.95.67.93 - - [01/Jun/2026:12:57:02 -0300] "GET /cormun/static/about:blank HTTP/1.1" 404 1011
190.95.67.97 - - [01/Jun/2026:12:57:05 -0300] "GET /cormun/servlet/permisogoce?1ac7ebeaddf348be8ce3d0a37c2c4ee108b22f8edf9cf94bb7ea00db0cf4d4fdf5e188f04f19c0c8472ff7b43fbf3a61bf6a60c42d0fdd9b801917789c4929a6,gx-no-cache=1780329653893 HTTP/1.1" 200 81
190.95.67.97 - - [01/Jun/2026:12:57:11 -0300] "GET /cormun/servlet/permisogoce?1ac7ebeaddf348be8ce3d0a37c2c4ee164f89eaa75914a911001d3a630a7c2dfadfe12c912087b6af582f000c87e7424cbae53d2e19da29e1f73a92d8f06dc2c,gx-no-cache=1780329659370 HTTP/1.1" 200 47
190.95.67.97 - - [01/Jun/2026:12:57:13 -0300] "POST /cormun/servlet/permisogoce?706966bd365d4c8175a84926f899f35b,INS,0,,,,gx-no-cache=1780329660791 HTTP/1.1" 200 93
190.95.67.97 - - [01/Jun/2026:12:57:13 -0300] "GET /cormun/servlet/hpexe_return? HTTP/1.1" 200 1014
190.95.67.97 - - [01/Jun/2026:12:57:13 -0300] "GET /cormun/servlet/trpermisosgoce HTTP/1.1" 200 12741
190.95.67.93 - - [01/Jun/2026:12:57:13 -0300] "POST /cormun/servlet/permisosadjuntos?1be10dbade3e4e37da0e9eec14bcd466,INS,13945989,P,20260526094222,, HTTP/1.1" 200 116
190.95.67.93 - - [01/Jun/2026:12:57:13 -0300] "GET /cormun/servlet/hpexe_return? HTTP/1.1" 200 1041
190.95.67.93 - - [01/Jun/2026:12:57:13 -0300] "GET /cormun/servlet/trpermisosadjuntos?13945989,20260526094222,P, HTTP/1.1" 200 7233
190.95.67.93 - - [01/Jun/2026:12:57:16 -0300] "POST /cormun/servlet/trpermisosadjuntos?1be10dbade3e4e37da0e9eec14bcd466,13945989,20260526094222,P,,gx-no-cache=1780329819241 HTTP/1.1" 200 90
190.95.67.93 - - [01/Jun/2026:12:57:16 -0300] "GET /cormun/servlet/hpexe_link HTTP/1.1" 200 1008
190.95.1.129 - - [01/Jun/2026:12:57:16 -0300] "GET /cormun/servlet/hlogin HTTP/1.1" 200 1720
190.95.1.129 - - [01/Jun/2026:12:57:16 -0300] "GET /favicon.ico HTTP/1.1" 200 21630
190.95.67.93 - - [01/Jun/2026:12:57:16 -0300] "GET /cormun/servlet/trpermisosgoce?gx-no-cache=1780329679198 HTTP/1.1" 200 18874
190.95.67.97 - - [01/Jun/2026:12:57:16 -0300] "GET /cormun/servlet/apermisogoceprn?16491377,P,20260601120437,PU HTTP/1.1" 200 1654
190.95.67.91 - - [01/Jun/2026:12:57:17 -0300] "GET /cormun/servlet/trlicencias? HTTP/1.1" 200 6046
190.95.67.91 - - [01/Jun/2026:12:57:18 -0300] "GET /cormun/servlet/hlogin HTTP/1.1" 200 1734
192.168.10.19 - - [01/Jun/2026:12:57:19 -0300] "GET /cormun/servlet/trsolicitudgral? HTTP/1.1" 200 9712
190.95.67.93 - - [01/Jun/2026:12:57:20 -0300] "POST /cormun/servlet/trpermisosgoce?1be10dbade3e4e37da0e9eec14bcd466,gx-no-cache=1780329679198,gx-no-cache=1780329823292 HTTP/1.1" 200 15971
192.168.10.19 - - [01/Jun/2026:12:57:22 -0300] "POST /cormun/servlet/trsolicitudgral?ea875a3741c68f810b3063f5bc248ea9,,gx-no-cache=1780329900010 HTTP/1.1" 200 6638
192.168.10.19 - - [01/Jun/2026:12:57:23 -0300] "GET /cormun/servlet/vesolicitudgral?2026,23531,, HTTP/1.1" 200 8424
192.168.10.19 - - [01/Jun/2026:12:57:23 -0300] "GET /cormun/pexe_scrolldiv.js HTTP/1.1" 404 1009
190.95.1.129 - - [01/Jun/2026:12:57:24 -0300] "POST /cormun/servlet/hlogin?0fa0cfce45812f9ad324c4a077100971,gx-no-cache=1780329824254 HTTP/1.1" 200 90
190.95.1.129 - - [01/Jun/2026:12:57:24 -0300] "GET /cormun/servlet/hpexe_link HTTP/1.1" 200 949
190.95.1.129 - - [01/Jun/2026:12:57:24 -0300] "GET /cormun/servlet/hhome HTTP/1.1" 200 4238
192.168.10.19 - - [01/Jun/2026:12:57:24 -0300] "POST /cormun/servlet/vesolicitudgral?ea875a3741c68f810b3063f5bc248ea9,2026,23531,,,gx-no-cache=1780329902370 HTTP/1.1" 200 12364
192.168.10.19 - - [01/Jun/2026:12:57:24 -0300] "GET /cormun/static/Shared/jqueryui/images/ui-bg_highlight-soft_100_c6c2c8_1x100.png HTTP/1.1" 404 1117
192.168.10.19 - - [01/Jun/2026:12:57:24 -0300] "GET /cormun/static/Shared/jqueryui/images/ui-icons_82798d_256x240.png HTTP/1.1" 404 1089
192.168.10.19 - - [01/Jun/2026:12:57:24 -0300] "GET /cormun/static/Shared/jqueryui/images/ui-icons_8d78a5_256x240.png HTTP/1.1" 404 1089
192.168.10.19 - - [01/Jun/2026:12:57:24 -0300] "GET /cormun/static/Shared/jqueryui/images/ui-bg_flat_55_fafafa_40x100.png HTTP/1.1" 404 1097
192.168.10.19 - - [01/Jun/2026:12:57:24 -0300] "POST /cormun/servlet/vesolicitudgral?ea875a3741c68f810b3063f5bc248ea9,2026,23531,,,gx-no-cache=1780329902545 HTTP/1.1" 200 12295
192.168.10.19 - - [01/Jun/2026:12:57:26 -0300] "GET /cormun/servlet/trsolicitudgral? HTTP/1.1" 200 8351
190.95.67.91 - - [01/Jun/2026:12:57:26 -0300] "POST /cormun/servlet/hlogin?ba7d2502523c6bc509f6f15481b01fc8,gx-no-cache=1780329825878 HTTP/1.1" 200 90
190.95.67.91 - - [01/Jun/2026:12:57:26 -0300] "GET /cormun/servlet/hpexe_link HTTP/1.1" 200 955
190.95.67.91 - - [01/Jun/2026:12:57:27 -0300] "GET /cormun/servlet/trlicencias HTTP/1.1" 200 18864
190.95.1.129 - - [01/Jun/2026:12:57:28 -0300] "GET /cormun/servlet/trsolicitudot? HTTP/1.1" 200 8879
190.95.1.129 - - [01/Jun/2026:12:57:28 -0300] "GET /cormun/static/gxcfg.js?20221129846531 HTTP/1.1" 200 953
190.95.1.129 - - [01/Jun/2026:12:57:28 -0300] "GET /cormun/static/trsolicitudot.js?202211298465651 HTTP/1.1" 200 54040
190.95.67.93 - - [01/Jun/2026:12:57:32 -0300] "GET /cormun/servlet/trpermisosadjuntos?19158149,20260526094449,P, HTTP/1.1" 200 6673
190.95.15.13 - - [01/Jun/2026:12:57:32 -0300] "GET /cormun/servlet/hlogin HTTP/1.1" 200 1720
190.95.15.13 - - [01/Jun/2026:12:57:32 -0300] "POST /cormun/servlet/hlogin?43ea23846d2943d7fad37d2c7916c01e,gx-no-cache=1780329820081 HTTP/1.1" 440 972
190.95.67.93 - - [01/Jun/2026:12:57:34 -0300] "GET /cormun/servlet/permisosadjuntos?INS,19158149,P,20260526094449,, HTTP/1.1" 200 5981
190.95.67.93 - - [01/Jun/2026:12:57:35 -0300] "GET /cormun/static/about:blank HTTP/1.1" 404 1011
190.95.67.91 - - [01/Jun/2026:12:57:38 -0300] "GET /cormun/servlet/trlicencias? HTTP/1.1" 200 18862
190.95.67.93 - - [01/Jun/2026:12:57:48 -0300] "POST /cormun/servlet/permisosadjuntos?1be10dbade3e4e37da0e9eec14bcd466,INS,19158149,P,20260526094449,, HTTP/1.1" 200 116
190.95.67.93 - - [01/Jun/2026:12:57:48 -0300] "GET /cormun/servlet/hpexe_return? HTTP/1.1" 200 1039
190.95.67.93 - - [01/Jun/2026:12:57:48 -0300] "GET /cormun/servlet/trpermisosadjuntos?19158149,20260526094449,P, HTTP/1.1" 200 7222
190.95.67.93 - - [01/Jun/2026:12:57:50 -0300] "POST /cormun/servlet/trpermisosadjuntos?1be10dbade3e4e37da0e9eec14bcd466,19158149,20260526094449,P,,gx-no-cache=1780329853888 HTTP/1.1" 200 90
190.95.67.93 - - [01/Jun/2026:12:57:50 -0300] "GET /cormun/servlet/hpexe_link HTTP/1.1" 200 1006
190.95.67.93 - - [01/Jun/2026:12:57:51 -0300] "GET /cormun/servlet/trpermisosgoce?gx-no-cache=1780329679198 HTTP/1.1" 200 18876
190.95.15.13 - - [01/Jun/2026:12:57:52 -0300] "POST /cormun/servlet/hlogin?83dff8b980c877756df6ef80ae5957c7,gx-no-cache=1780329849358 HTTP/1.1" 440 972
190.95.15.13 - - [01/Jun/2026:12:57:53 -0300] "GET /cormun/servlet/hlogin HTTP/1.1" 200 1728
190.95.67.93 - - [01/Jun/2026:12:57:55 -0300] "POST /cormun/servlet/trpermisosgoce?1be10dbade3e4e37da0e9eec14bcd466,gx-no-cache=1780329679198,gx-no-cache=1780329858794 HTTP/1.1" 200 15978
190.95.15.13 - - [01/Jun/2026:12:58:00 -0300] "POST /cormun/servlet/hlogin?e89a22d98ba6004aa18ea409b463f039,gx-no-cache=1780329857366 HTTP/1.1" 200 90
190.95.15.13 - - [01/Jun/2026:12:58:00 -0300] "GET /cormun/servlet/hpexe_link HTTP/1.1" 200 948
190.95.15.13 - - [01/Jun/2026:12:58:00 -0300] "GET /cormun/servlet/hhome HTTP/1.1" 200 4282
190.95.15.13 - - [01/Jun/2026:12:58:05 -0300] "GET /cormun/servlet/trpermisosgoce? HTTP/1.1" 200 12443
190.95.1.129 - - [01/Jun/2026:12:58:13 -0300] "POST /cormun/servlet/trsolicitudot?0fa0cfce45812f9ad324c4a077100971,,gx-no-cache=1780329873313 HTTP/1.1" 200 4646
190.95.1.129 - - [01/Jun/2026:12:58:15 -0300] "POST /cormun/servlet/trsolicitudot?0fa0cfce45812f9ad324c4a077100971,,gx-no-cache=1780329874984 HTTP/1.1" 200 4645
190.95.1.129 - - [01/Jun/2026:12:58:16 -0300] "POST /cormun/servlet/trsolicitudot?0fa0cfce45812f9ad324c4a077100971,,gx-no-cache=1780329876120 HTTP/1.1" 200 4646
190.95.1.129 - - [01/Jun/2026:12:58:18 -0300] "GET /cormun/servlet/solicitudot?INS,0,0,false, HTTP/1.1" 200 16311
190.95.1.129 - - [01/Jun/2026:12:58:18 -0300] "GET /cormun/static/gxcfg.js?20221129840861 HTTP/1.1" 200 953
190.95.1.129 - - [01/Jun/2026:12:58:18 -0300] "GET /cormun/static/Resources/prompt.gif HTTP/1.1" 200 902
190.95.1.129 - - [01/Jun/2026:12:58:18 -0300] "GET /cormun/static/solicitudot.js?20221129840983 HTTP/1.1" 200 74072
190.95.1.129 - - [01/Jun/2026:12:58:20 -0300] "GET /cormun/servlet/trsolicitudot? HTTP/1.1" 200 7471
190.95.1.129 - - [01/Jun/2026:12:58:23 -0300] "GET /cormun/static/menuarrow.gif HTTP/1.1" 404 1015
190.95.67.93 - - [01/Jun/2026:12:58:24 -0300] "GET /cormun/servlet/trpermisosadjuntos?20442206,20260519115359,P, HTTP/1.1" 200 6681
190.95.67.93 - - [01/Jun/2026:12:58:27 -0300] "GET /cormun/servlet/permisosadjuntos?INS,20442206,P,20260519115359,, HTTP/1.1" 200 5989
190.95.15.15 - - [01/Jun/2026:12:58:27 -0300] "GET /cormun/servlet/trpermisosgoce? HTTP/1.1" 200 6034
190.95.67.93 - - [01/Jun/2026:12:58:27 -0300] "GET /cormun/static/about:blank HTTP/1.1" 404 1011
190.95.15.15 - - [01/Jun/2026:12:58:27 -0300] "GET /cormun/servlet/hlogin HTTP/1.1" 200 1743
190.95.15.15 - - [01/Jun/2026:12:58:34 -0300] "POST /cormun/servlet/hlogin?1bfa993243b005fae2b5b1fa7b552ec0,gx-no-cache=1780329893046 HTTP/1.1" 200 90
190.95.15.15 - - [01/Jun/2026:12:58:34 -0300] "GET /cormun/servlet/hpexe_link HTTP/1.1" 200 959
190.95.15.15 - - [01/Jun/2026:12:58:34 -0300] "GET /cormun/servlet/trpermisosgoce HTTP/1.1" 200 14827
190.95.15.15 - - [01/Jun/2026:12:58:37 -0300] "GET /cormun/servlet/permisogoce?INS,0,,, HTTP/1.1" 200 6859
190.95.67.93 - - [01/Jun/2026:12:58:42 -0300] "POST /cormun/servlet/permisosadjuntos?1be10dbade3e4e37da0e9eec14bcd466,INS,20442206,P,20260519115359,, HTTP/1.1" 200 116
190.95.67.93 - - [01/Jun/2026:12:58:42 -0300] "GET /cormun/servlet/hpexe_return? HTTP/1.1" 200 1038
190.95.67.93 - - [01/Jun/2026:12:58:42 -0300] "GET /cormun/servlet/trpermisosadjuntos?20442206,20260519115359,P, HTTP/1.1" 200 7229
190.95.67.93 - - [01/Jun/2026:12:58:46 -0300] "POST /cormun/servlet/trpermisosadjuntos?1be10dbade3e4e37da0e9eec14bcd466,20442206,20260519115359,P,,gx-no-cache=1780329909464 HTTP/1.1" 200 90
190.95.67.93 - - [01/Jun/2026:12:58:46 -0300] "GET /cormun/servlet/hpexe_link HTTP/1.1" 200 1006
190.95.67.93 - - [01/Jun/2026:12:58:46 -0300] "GET /cormun/servlet/trpermisosgoce?gx-no-cache=1780329679198 HTTP/1.1" 200 18867
190.95.15.15 - - [01/Jun/2026:12:58:46 -0300] "GET /cormun/servlet/permisogoce?bce198fcc6165ff7ea9637694641419e7ae57d83ab5c01c4819d4c3e40ec5867daced904874e9dbc964178e1209535a3d85d9ac83f4a53b9b4014742101dfec0,gx-no-cache=1780329905899 HTTP/1.1" 200 82
190.95.1.129 - - [01/Jun/2026:12:58:51 -0300] "POST /cormun/servlet/trsolicitudot?0fa0cfce45812f9ad324c4a077100971,,gx-no-cache=1780329910673 HTTP/1.1" 200 4646
190.95.15.15 - - [01/Jun/2026:12:58:53 -0300] "GET /cormun/servlet/permisogoce?bce198fcc6165ff7ea9637694641419e579d41a3d33f8149602d79c5fe7f51eafc1b3a90e183f444504727346dd5c4052b828ac442deaacb3e7e2df0844dfa4b,gx-no-cache=1780329912063 HTTP/1.1" 200 47
190.95.67.93 - - [01/Jun/2026:12:58:53 -0300] "GET /cormun/servlet/trpermisosadjuntos?20442206,20260519115359,P, HTTP/1.1" 200 7246
190.95.1.129 - - [01/Jun/2026:12:58:54 -0300] "POST /cormun/servlet/trsolicitudot?0fa0cfce45812f9ad324c4a077100971,,gx-no-cache=1780329913840 HTTP/1.1" 200 4642
190.95.15.15 - - [01/Jun/2026:12:58:55 -0300] "POST /cormun/servlet/permisogoce?1bfa993243b005fae2b5b1fa7b552ec0,INS,0,,,,gx-no-cache=1780329913761 HTTP/1.1" 200 93
190.95.15.15 - - [01/Jun/2026:12:58:55 -0300] "GET /cormun/servlet/hpexe_return? HTTP/1.1" 200 1012
190.95.15.15 - - [01/Jun/2026:12:58:55 -0300] "GET /cormun/servlet/trpermisosgoce HTTP/1.1" 200 15033
190.95.67.93 - - [01/Jun/2026:12:58:55 -0300] "POST /cormun/servlet/trpermisosadjuntos?1be10dbade3e4e37da0e9eec14bcd466,20442206,20260519115359,P,,gx-no-cache=1780329918976 HTTP/1.1" 200 90
190.95.67.93 - - [01/Jun/2026:12:58:55 -0300] "GET /cormun/servlet/hpexe_link HTTP/1.1" 200 1006
190.95.67.93 - - [01/Jun/2026:12:58:56 -0300] "GET /cormun/servlet/trpermisosgoce?gx-no-cache=1780329679198 HTTP/1.1" 200 18867
190.95.15.15 - - [01/Jun/2026:12:58:58 -0300] "GET /cormun/servlet/apermisogoceprn?16881993,P,20260601120614,PU HTTP/1.1" 200 1646
190.95.1.129 - - [01/Jun/2026:12:59:00 -0300] "POST /cormun/servlet/trsolicitudot?0fa0cfce45812f9ad324c4a077100971,,gx-no-cache=1780329920007 HTTP/1.1" 200 4643
190.95.67.93 - - [01/Jun/2026:12:59:01 -0300] "POST /cormun/servlet/trpermisosgoce?1be10dbade3e4e37da0e9eec14bcd466,gx-no-cache=1780329679198,gx-no-cache=1780329923965 HTTP/1.1" 200 15989
190.95.1.129 - - [01/Jun/2026:12:59:03 -0300] "POST /cormun/servlet/trsolicitudot?0fa0cfce45812f9ad324c4a077100971,,gx-no-cache=1780329922952 HTTP/1.1" 200 4643
190.95.1.129 - - [01/Jun/2026:12:59:06 -0300] "POST /cormun/servlet/trsolicitudot?0fa0cfce45812f9ad324c4a077100971,,gx-no-cache=1780329925775 HTTP/1.1" 200 4645
