190.95.67.91 - - [01/Jun/2026:11:50:50 -0300] "GET /cormun/servlet/hpexe_link HTTP/1.1" 200 978
190.95.67.91 - - [01/Jun/2026:11:50:51 -0300] "GET /cormun/servlet/trpermisosgoce HTTP/1.1" 200 19502
190.95.67.91 - - [01/Jun/2026:11:50:53 -0300] "POST /cormun/servlet/trpermisosgoce?63d69d5c4ad7d0bbfdc0e7cfe65e446b,gx-no-cache=1780325832051 HTTP/1.1" 200 16616
190.95.67.91 - - [01/Jun/2026:11:50:53 -0300] "GET /cormun/static/Shared/jqueryui/images/ui-bg_highlight-soft_100_c6c2c8_1x100.png HTTP/1.1" 404 1117
190.95.67.91 - - [01/Jun/2026:11:50:53 -0300] "GET /cormun/static/Shared/jqueryui/images/ui-icons_82798d_256x240.png HTTP/1.1" 404 1089
190.95.67.91 - - [01/Jun/2026:11:50:53 -0300] "GET /cormun/static/Shared/jqueryui/images/ui-icons_8d78a5_256x240.png HTTP/1.1" 404 1089
190.95.67.91 - - [01/Jun/2026:11:50:53 -0300] "GET /cormun/static/Shared/jqueryui/images/ui-bg_flat_55_fafafa_40x100.png HTTP/1.1" 404 1097
190.95.67.91 - - [01/Jun/2026:11:50:54 -0300] "GET /cormun/servlet/permisogoce?INS,0,,, HTTP/1.1" 200 7283
190.95.67.91 - - [01/Jun/2026:11:51:03 -0300] "GET /cormun/servlet/permisogoce?3eee9bb45e02f13c04329ecdc129454d4906726ac52c30f7a4d65c473c7f6233b40af71af198a417ee8eed45474bc539509a1583cb2f6508cd4e43280257ee9d,gx-no-cache=1780325842738 HTTP/1.1" 200 86
190.95.67.91 - - [01/Jun/2026:11:51:17 -0300] "GET /cormun/servlet/permisogoce?3eee9bb45e02f13c04329ecdc129454d075b0e6e893239b5a3619850c375f52d540cd3ab7f1781284d1905ece0da154e6b6e7209fe55a39b6368ac8c34f25a92,gx-no-cache=1780325856972 HTTP/1.1" 200 48
190.95.67.91 - - [01/Jun/2026:11:51:25 -0300] "POST /cormun/servlet/permisogoce?63d69d5c4ad7d0bbfdc0e7cfe65e446b,INS,0,,,,gx-no-cache=1780325864217 HTTP/1.1" 200 93
190.95.67.91 - - [01/Jun/2026:11:51:25 -0300] "GET /cormun/servlet/hpexe_return? HTTP/1.1" 200 1025
190.95.67.91 - - [01/Jun/2026:11:51:25 -0300] "GET /cormun/servlet/trpermisosgoce?gx-no-cache=1780325832051 HTTP/1.1" 200 19455
190.95.67.91 - - [01/Jun/2026:11:51:33 -0300] "GET /cormun/servlet/trpermisosadjuntos?8326894,20260601105832,P, HTTP/1.1" 200 6727
190.95.67.91 - - [01/Jun/2026:11:51:35 -0300] "GET /cormun/servlet/permisosadjuntos?INS,8326894,P,20260601105832,, HTTP/1.1" 200 6028
190.95.67.91 - - [01/Jun/2026:11:51:35 -0300] "GET /cormun/static/about:blank HTTP/1.1" 404 1011
190.95.67.91 - - [01/Jun/2026:11:52:30 -0300] "POST /cormun/servlet/permisosadjuntos?63d69d5c4ad7d0bbfdc0e7cfe65e446b,INS,8326894,P,20260601105832,, HTTP/1.1" 200 116
190.95.67.91 - - [01/Jun/2026:11:52:30 -0300] "GET /cormun/servlet/hpexe_return? HTTP/1.1" 200 1030
190.95.67.91 - - [01/Jun/2026:11:52:30 -0300] "GET /cormun/servlet/trpermisosadjuntos?8326894,20260601105832,P, HTTP/1.1" 200 7237
190.95.67.91 - - [01/Jun/2026:11:52:34 -0300] "POST /cormun/servlet/trpermisosadjuntos?63d69d5c4ad7d0bbfdc0e7cfe65e446b,8326894,20260601105832,P,,gx-no-cache=1780325933450 HTTP/1.1" 200 90
190.95.67.91 - - [01/Jun/2026:11:52:34 -0300] "GET /cormun/servlet/hpexe_link HTTP/1.1" 200 996
190.95.67.91 - - [01/Jun/2026:11:52:34 -0300] "GET /cormun/servlet/trpermisosgoce?gx-no-cache=1780325832051 HTTP/1.1" 200 19452
190.95.67.91 - - [01/Jun/2026:11:52:46 -0300] "POST /cormun/servlet/trpermisosgoce?63d69d5c4ad7d0bbfdc0e7cfe65e446b,gx-no-cache=1780325832051,gx-no-cache=1780325945834 HTTP/1.1" 200 16608
190.95.67.91 - - [01/Jun/2026:11:52:48 -0300] "GET /cormun/servlet/permisogoce?INS,0,,, HTTP/1.1" 200 7304
190.95.67.91 - - [01/Jun/2026:11:52:56 -0300] "GET /cormun/servlet/permisogoce?3eee9bb45e02f13c04329ecdc129454dc23ef972d6e9ef91d67f5cf68127e3524ef7676118fef5384977a06f2063f0e05c6ef7b57b5264b52c6b6d6aa04855aa,gx-no-cache=1780325956222 HTTP/1.1" 200 84
190.95.67.91 - - [01/Jun/2026:11:53:06 -0300] "GET /cormun/servlet/permisogoce?3eee9bb45e02f13c04329ecdc129454dc8c2944a5de9dde7cc54711ecb29d14c5e896f1605443dabdecaa325e127a519718d5620028e7fca0bf6fdc7d47cb1e4,gx-no-cache=1780325965468 HTTP/1.1" 200 47
190.95.67.91 - - [01/Jun/2026:11:53:19 -0300] "POST /cormun/servlet/permisogoce?63d69d5c4ad7d0bbfdc0e7cfe65e446b,INS,0,,,,gx-no-cache=1780325978888 HTTP/1.1" 200 93
190.95.67.91 - - [01/Jun/2026:11:53:19 -0300] "GET /cormun/servlet/hpexe_return? HTTP/1.1" 200 1025
190.95.67.91 - - [01/Jun/2026:11:53:20 -0300] "GET /cormun/servlet/trpermisosgoce?gx-no-cache=1780325832051 HTTP/1.1" 200 19572
190.95.67.91 - - [01/Jun/2026:11:53:22 -0300] "GET /cormun/servlet/trpermisosadjuntos?18645994,20260601110025,P, HTTP/1.1" 200 6732
190.95.67.91 - - [01/Jun/2026:11:53:58 -0300] "GET /cormun/servlet/permisosadjuntos?INS,18645994,P,20260601110025,, HTTP/1.1" 200 6034
190.95.67.91 - - [01/Jun/2026:11:53:58 -0300] "GET /cormun/static/about:blank HTTP/1.1" 404 1011
190.95.67.91 - - [01/Jun/2026:11:54:14 -0300] "POST /cormun/servlet/permisosadjuntos?63d69d5c4ad7d0bbfdc0e7cfe65e446b,INS,18645994,P,20260601110025,, HTTP/1.1" 200 116
190.95.67.91 - - [01/Jun/2026:11:54:14 -0300] "GET /cormun/servlet/hpexe_return? HTTP/1.1" 200 1033
190.95.67.91 - - [01/Jun/2026:11:54:14 -0300] "GET /cormun/servlet/trpermisosadjuntos?18645994,20260601110025,P, HTTP/1.1" 200 7270
190.95.67.91 - - [01/Jun/2026:11:54:17 -0300] "POST /cormun/servlet/trpermisosadjuntos?63d69d5c4ad7d0bbfdc0e7cfe65e446b,18645994,20260601110025,P,,gx-no-cache=1780326036569 HTTP/1.1" 200 90
190.95.67.91 - - [01/Jun/2026:11:54:17 -0300] "GET /cormun/servlet/hpexe_link HTTP/1.1" 200 999
190.95.67.91 - - [01/Jun/2026:11:54:17 -0300] "GET /cormun/servlet/trpermisosgoce?gx-no-cache=1780325832051 HTTP/1.1" 200 19569
190.95.67.91 - - [01/Jun/2026:11:54:20 -0300] "POST /cormun/servlet/trpermisosgoce?63d69d5c4ad7d0bbfdc0e7cfe65e446b,gx-no-cache=1780325832051,gx-no-cache=1780326039976 HTTP/1.1" 200 16676
190.95.67.91 - - [01/Jun/2026:11:54:24 -0300] "GET /cormun/servlet/permisogoce?INS,0,,, HTTP/1.1" 200 7303
190.95.67.91 - - [01/Jun/2026:11:54:30 -0300] "GET /cormun/servlet/permisogoce?3eee9bb45e02f13c04329ecdc129454df1bd2ea34d1a88f6f7bc56ee4d5185be4ef7676118fef5384977a06f2063f0e05c6ef7b57b5264b52c6b6d6aa04855aa,gx-no-cache=1780326050028 HTTP/1.1" 200 74
190.95.67.91 - - [01/Jun/2026:11:54:45 -0300] "GET /cormun/servlet/permisogoce?3eee9bb45e02f13c04329ecdc129454db6c19c72f83cb12dbdfb8f5dc57635b2a5d7f50d6923a18fbd6d7e7575cde091718d5620028e7fca0bf6fdc7d47cb1e4,gx-no-cache=1780326064946 HTTP/1.1" 200 47
190.95.67.97 - - [01/Jun/2026:11:55:03 -0300] "GET /cormun/servlet/trsolicitudot? HTTP/1.1" 200 7113
190.95.67.97 - - [01/Jun/2026:11:55:03 -0300] "GET /cormun/static/gxcfg.js?20221129846531 HTTP/1.1" 200 953
190.95.67.97 - - [01/Jun/2026:11:55:03 -0300] "GET /cormun/static/trsolicitudot.js?202211298465651 HTTP/1.1" 200 54040
190.95.67.97 - - [01/Jun/2026:11:55:09 -0300] "GET /cormun/servlet/solicitudot?INS,0,0,false, HTTP/1.1" 200 15976
190.95.67.97 - - [01/Jun/2026:11:55:09 -0300] "GET /cormun/static/gxcfg.js?20221129840861 HTTP/1.1" 200 953
190.95.67.97 - - [01/Jun/2026:11:55:09 -0300] "GET /cormun/static/solicitudot.js?20221129840983 HTTP/1.1" 200 74072
190.95.67.97 - - [01/Jun/2026:11:55:29 -0300] "POST /cormun/servlet/solicitudot?gx-no-cache=1780325957823 HTTP/1.1" 200 4175
190.95.67.97 - - [01/Jun/2026:11:55:29 -0300] "POST /cormun/servlet/solicitudot?60b42feee881fca6e99c720bede65202,INS,0,0,false,,gx-no-cache=1780325958015 HTTP/1.1" 200 12797
190.95.67.97 - - [01/Jun/2026:11:55:34 -0300] "GET /cormun/servlet/solicitudot?fe286ae61c39406ef4f05b98fba794cef6af76e3a1a01ee9b0201f8239485d0686caddf3828a9fe52b1d46a9428a65d8,gx-no-cache=1780325962796 HTTP/1.1" 200 30
190.95.67.97 - - [01/Jun/2026:11:55:50 -0300] "GET /cormun/servlet/solicitudot?fe286ae61c39406ef4f05b98fba794ce21c0db7536e71500eb1039413fd126a52332cda54966ad25a2d71a2031af3493634739a0d0d4c37ea82eb810255a75f6,gx-no-cache=1780325978812 HTTP/1.1" 200 30
190.95.67.97 - - [01/Jun/2026:11:55:50 -0300] "GET /cormun/servlet/solicitudot?fe286ae61c39406ef4f05b98fba794cedc604c3c5ce7b264268bfe064b4bb7ad,gx-no-cache=1780325978833 HTTP/1.1" 200 51
190.95.67.97 - - [01/Jun/2026:11:55:50 -0300] "POST /cormun/servlet/solicitudot?gx-no-cache=1780325978859 HTTP/1.1" 200 255
190.95.67.97 - - [01/Jun/2026:11:55:50 -0300] "GET /cormun/servlet/solicitudot?fe286ae61c39406ef4f05b98fba794ce30bc855192d339e4854aeb08a0e3ae658c30f5e42685ba8dbc2ce2c973febc2a39dca382835caf03b31f917e57b2ac8564c19796d9c6be27062c38563d6d79b0484f182df5bca9adeec3eabb3f8c87a61ae3847969622fc463d9a8d0820a81fa19a4207110bf89ccf5ae854a94e8626c52a5be5d6e40de461aeaeb23cd7cbe57f502e9cbf7ff28441024cb43f9ccdd4da3af2f1df9c13597b9e5094a9e7ce06bb36f6c09996f6d3e4e6f2e9199a5219fa692fa507cd17fd79cf8b117478f8529dca14e7e568e48b34b78fe31c03824ed51c7f48b3502f1909d203efa05b29a56c73f577d4e50ae79c5e9f85cd217168502af7d59ec2e7d7c90d854f8b2116d59ada19b6ff2d2ac52384db0ec636ed6aaed16d06157c06db6ee5fb5c9a5bc69e7885cc7a9485cf3dbf1157c30e7c156393979ccfb8dde8cc6dc538b3b9bf6aef3974ac6e3db225f150b473e80852a7fa216d3ef4aa1675962f2e698edb87e5cb22a78da1360234d19138d7ba9f619da99,gx-no-cache=1780325978892 HTTP/1.1" 200 30
190.95.67.97 - - [01/Jun/2026:11:55:50 -0300] "POST /cormun/servlet/solicitudot?gx-no-cache=1780325978914 HTTP/1.1" 200 30
190.95.67.97 - - [01/Jun/2026:11:55:50 -0300] "POST /cormun/servlet/solicitudot?gx-no-cache=1780325978949 HTTP/1.1" 200 1506
190.95.67.97 - - [01/Jun/2026:11:55:50 -0300] "POST /cormun/servlet/solicitudot?gx-no-cache=1780325978983 HTTP/1.1" 200 38
190.95.67.97 - - [01/Jun/2026:11:55:50 -0300] "GET /cormun/servlet/solicitudot?fe286ae61c39406ef4f05b98fba794ce887a16c580235e71f79ce660174dcebcf9c25fa8d37779dd5d57a5252ed27c90470adc81741ebe98c5aec277bcba8c5f32ac6060e83ca61de80f4c4bc800fe52b48fddc4d378072ba9a492b5e1c393bb3cacd20339cca712da5300dc597e2ee4,gx-no-cache=1780325979007 HTTP/1.1" 200 110
190.95.67.97 - - [01/Jun/2026:11:56:00 -0300] "POST /cormun/servlet/solicitudot?gx-no-cache=1780325988367 HTTP/1.1" 200 69
190.95.67.97 - - [01/Jun/2026:11:56:05 -0300] "GET /cormun/servlet/solicitudot?fe286ae61c39406ef4f05b98fba794ceb89b761cd5d7d41380fcaed46c45be26181b8d8ef0f9a28448a76966ce1652502d7d8f9b08f544da2799971ac7bdc62379df55ff05b2114b04ad6bd6c0f4b55336d14fab090037c0f8dd5bfe5d80ae43606a34a4e1bac8d8d4bb15f51ba18ce391135584afa07eb82036d0a0fc738b0217ef932393e717aef6ba38c803458eada6b1ae6309f45ca97d63ac0516761a6d,gx-no-cache=1780325993299 HTTP/1.1" 200 29
190.95.67.91 - - [01/Jun/2026:11:56:11 -0300] "POST /cormun/servlet/permisogoce?63d69d5c4ad7d0bbfdc0e7cfe65e446b,INS,0,,,,gx-no-cache=1780326150368 HTTP/1.1" 200 93
190.95.67.91 - - [01/Jun/2026:11:56:11 -0300] "GET /cormun/servlet/hpexe_return? HTTP/1.1" 200 1025
190.95.67.91 - - [01/Jun/2026:11:56:11 -0300] "GET /cormun/servlet/trpermisosgoce?gx-no-cache=1780325832051 HTTP/1.1" 200 19568
190.95.67.97 - - [01/Jun/2026:11:56:11 -0300] "GET /cormun/servlet/solicitudot?fe286ae61c39406ef4f05b98fba794cecb360350973b9540dfdc965b90e26ba322b77dcb93bc29d65e19c97194b59ef5,gx-no-cache=1780326000116 HTTP/1.1" 200 134
190.95.67.97 - - [01/Jun/2026:11:56:12 -0300] "GET /cormun/static/Shared/jqueryui/images/ui-bg_highlight-soft_100_c6c2c8_1x100.png HTTP/1.1" 404 1117
190.95.67.97 - - [01/Jun/2026:11:56:12 -0300] "GET /cormun/static/Shared/jqueryui/images/ui-icons_82798d_256x240.png HTTP/1.1" 404 1089
190.95.67.97 - - [01/Jun/2026:11:56:12 -0300] "GET /cormun/static/Shared/jqueryui/images/ui-bg_flat_55_994d53_40x100.png HTTP/1.1" 404 1097
190.95.67.97 - - [01/Jun/2026:11:56:12 -0300] "GET /cormun/static/Shared/jqueryui/images/ui-icons_ebccce_256x240.png HTTP/1.1" 404 1089
190.95.67.91 - - [01/Jun/2026:11:56:17 -0300] "GET /cormun/servlet/trpermisosadjuntos?19265848,20260601110202,P, HTTP/1.1" 200 6724
190.95.67.91 - - [01/Jun/2026:11:56:18 -0300] "GET /cormun/servlet/permisosadjuntos?INS,19265848,P,20260601110202,, HTTP/1.1" 200 6025
190.95.67.91 - - [01/Jun/2026:11:56:18 -0300] "GET /cormun/static/about:blank HTTP/1.1" 404 1011
190.95.67.97 - - [01/Jun/2026:11:56:20 -0300] "GET /cormun/servlet/solicitudot?fe286ae61c39406ef4f05b98fba794ce3d94179f8b3585284cbbf460ffbdef2322b77dcb93bc29d65e19c97194b59ef5,gx-no-cache=1780326008130 HTTP/1.1" 200 30
190.95.67.97 - - [01/Jun/2026:11:56:20 -0300] "POST /cormun/servlet/solicitudot?gx-no-cache=1780326008153 HTTP/1.1" 200 30
190.95.67.91 - - [01/Jun/2026:11:56:40 -0300] "POST /cormun/servlet/permisosadjuntos?63d69d5c4ad7d0bbfdc0e7cfe65e446b,INS,19265848,P,20260601110202,, HTTP/1.1" 200 116
190.95.67.91 - - [01/Jun/2026:11:56:40 -0300] "GET /cormun/servlet/hpexe_return? HTTP/1.1" 200 1032
190.95.67.91 - - [01/Jun/2026:11:56:40 -0300] "GET /cormun/servlet/trpermisosadjuntos?19265848,20260601110202,P, HTTP/1.1" 200 7231
190.95.67.97 - - [01/Jun/2026:11:56:47 -0300] "GET /cormun/static/Shared/jqueryui/images/ui-bg_highlight-soft_100_eae6ea_1x100.png HTTP/1.1" 404 1117
190.95.67.97 - - [01/Jun/2026:11:57:06 -0300] "POST /cormun/servlet/solicitudot?gx-no-cache=1780326055003 HTTP/1.1" 200 30
190.95.67.91 - - [01/Jun/2026:11:57:37 -0300] "POST /cormun/servlet/trpermisosadjuntos?63d69d5c4ad7d0bbfdc0e7cfe65e446b,19265848,20260601110202,P,,gx-no-cache=1780326237362 HTTP/1.1" 200 90
190.95.67.91 - - [01/Jun/2026:11:57:38 -0300] "GET /cormun/servlet/hpexe_link HTTP/1.1" 200 998
190.95.67.91 - - [01/Jun/2026:11:57:38 -0300] "GET /cormun/servlet/trpermisosgoce?gx-no-cache=1780325832051 HTTP/1.1" 200 19565
190.95.67.91 - - [01/Jun/2026:11:57:40 -0300] "POST /cormun/servlet/trpermisosgoce?63d69d5c4ad7d0bbfdc0e7cfe65e446b,gx-no-cache=1780325832051,gx-no-cache=1780326239636 HTTP/1.1" 200 16692
190.95.67.91 - - [01/Jun/2026:11:57:48 -0300] "GET /cormun/servlet/permisogoce?INS,0,,, HTTP/1.1" 200 7304
190.95.67.97 - - [01/Jun/2026:11:57:48 -0300] "POST /cormun/servlet/solicitudot?gx-no-cache=1780326096430 HTTP/1.1" 200 1506
190.95.67.97 - - [01/Jun/2026:11:57:48 -0300] "POST /cormun/servlet/solicitudot?gx-no-cache=1780326096481 HTTP/1.1" 200 41
190.95.67.97 - - [01/Jun/2026:11:57:48 -0300] "GET /cormun/servlet/solicitudot?fe286ae61c39406ef4f05b98fba794ce887a16c580235e71f79ce660174dcebcf9c25fa8d37779dd5d57a5252ed27c90470adc81741ebe98c5aec277bcba8c5f32ac6060e83ca61de80f4c4bc800fe52b48fddc4d378072ba9a492b5e1c393bb3cacd20339cca712da5300dc597e2ee4,gx-no-cache=1780326096504 HTTP/1.1" 200 110
190.95.67.97 - - [01/Jun/2026:11:57:48 -0300] "POST /cormun/servlet/solicitudot?gx-no-cache=1780326096535 HTTP/1.1" 200 102
190.95.67.97 - - [01/Jun/2026:11:57:48 -0300] "GET /cormun/servlet/solicitudot?fe286ae61c39406ef4f05b98fba794ce3d94179f8b3585284cbbf460ffbdef2322b77dcb93bc29d65e19c97194b59ef5,gx-no-cache=1780326096562 HTTP/1.1" 200 30
190.95.67.97 - - [01/Jun/2026:11:57:48 -0300] "POST /cormun/servlet/solicitudot?gx-no-cache=1780326096583 HTTP/1.1" 200 30
190.95.67.97 - - [01/Jun/2026:11:57:48 -0300] "POST /cormun/servlet/solicitudot?60b42feee881fca6e99c720bede65202,INS,0,0,false,,gx-no-cache=1780326096617 HTTP/1.1" 200 93
190.95.67.97 - - [01/Jun/2026:11:57:48 -0300] "GET /cormun/servlet/hpexe_return? HTTP/1.1" 200 1013
190.95.67.97 - - [01/Jun/2026:11:57:48 -0300] "GET /cormun/servlet/trsolicitudot HTTP/1.1" 200 8508
190.95.67.97 - - [01/Jun/2026:11:57:49 -0300] "GET /cormun//static/Resources/PXToolsActionView.png HTTP/1.1" 200 398
190.95.67.97 - - [01/Jun/2026:11:57:49 -0300] "GET /cormun//static/Resources/PXToolsRemoveAllAction.png HTTP/1.1" 200 487
190.95.67.91 - - [01/Jun/2026:11:57:54 -0300] "GET /cormun/servlet/permisogoce?3eee9bb45e02f13c04329ecdc129454dc09d736976afced9e5e4e54f47ee8af44ef7676118fef5384977a06f2063f0e05c6ef7b57b5264b52c6b6d6aa04855aa,gx-no-cache=1780326253867 HTTP/1.1" 200 76
190.95.15.15 - - [01/Jun/2026:11:57:54 -0300] "GET /cormun/servlet/trlicencias? HTTP/1.1" 200 6057
190.95.15.15 - - [01/Jun/2026:11:57:55 -0300] "GET /cormun/servlet/hlogin HTTP/1.1" 200 1740
190.95.67.97 - - [01/Jun/2026:11:58:01 -0300] "POST /cormun/servlet/trsolicitudot?60b42feee881fca6e99c720bede65202,gx-no-cache=1780326109639 HTTP/1.1" 200 112
190.95.67.97 - - [01/Jun/2026:11:58:01 -0300] "GET /cormun/servlet/solicitudot?UPD,2026,23665,false, HTTP/1.1" 200 16619
190.95.15.15 - - [01/Jun/2026:11:58:02 -0300] "POST /cormun/servlet/hlogin?f518d29ddb16e1cd291fa1e8bc867978,gx-no-cache=1780326261372 HTTP/1.1" 200 90
190.95.15.15 - - [01/Jun/2026:11:58:02 -0300] "GET /cormun/servlet/hpexe_link HTTP/1.1" 200 957
190.95.15.15 - - [01/Jun/2026:11:58:02 -0300] "GET /cormun/servlet/trlicencias HTTP/1.1" 200 12380
190.95.67.91 - - [01/Jun/2026:11:58:02 -0300] "GET /cormun/servlet/permisogoce?3eee9bb45e02f13c04329ecdc129454d33e6b81f1436464d5c92732a239be8c05c39675197525ec2e8a0bef096815e05b59b8341c526b1f1d2252ea8da286fe8,gx-no-cache=1780326261953 HTTP/1.1" 200 47
190.95.67.97 - - [01/Jun/2026:11:58:02 -0300] "POST /cormun/servlet/solicitudot?gx-no-cache=1780326110645 HTTP/1.1" 200 4135
190.95.67.97 - - [01/Jun/2026:11:58:02 -0300] "POST /cormun/servlet/solicitudot?60b42feee881fca6e99c720bede65202,UPD,2026,23665,false,,gx-no-cache=1780326110778 HTTP/1.1" 200 12849
190.95.67.97 - - [01/Jun/2026:11:58:02 -0300] "GET /cormun/servlet/solicitudot?fe286ae61c39406ef4f05b98fba794cef6af76e3a1a01ee9b0201f8239485d06db97bcfe2996df5b63279f371e0f7882,gx-no-cache=1780326110892 HTTP/1.1" 200 30
190.95.67.97 - - [01/Jun/2026:11:58:02 -0300] "GET /cormun/servlet/solicitudot?fe286ae61c39406ef4f05b98fba794ce21c0db7536e71500eb1039413fd126a52332cda54966ad25a2d71a2031af349311c865f3936748f8895068cc61153601,gx-no-cache=1780326110923 HTTP/1.1" 200 30
190.95.67.97 - - [01/Jun/2026:11:58:02 -0300] "GET /cormun/servlet/solicitudot?fe286ae61c39406ef4f05b98fba794cecbff2b98311d0f9875ce9b9b9d17b0db84f7130bed7810f5d2932dca394beec40a298c16d9979d8e617b8110ca6fcc0a,gx-no-cache=1780326110943 HTTP/1.1" 200 51
190.95.67.97 - - [01/Jun/2026:11:58:02 -0300] "POST /cormun/servlet/solicitudot?gx-no-cache=1780326110965 HTTP/1.1" 200 254
190.95.67.97 - - [01/Jun/2026:11:58:02 -0300] "GET /cormun/servlet/solicitudot?fe286ae61c39406ef4f05b98fba794ce30bc855192d339e4854aeb08a0e3ae658c30f5e42685ba8dbc2ce2c973febc2a39dca382835caf03b31f917e57b2ac8564c19796d9c6be27062c38563d6d79b0484f182df5bca9adeec3eabb3f8c87a61ae3847969622fc463d9a8d0820a81fa19a4207110bf89ccf5ae854a94e8626c52a5be5d6e40de461aeaeb23cd7cbe57f502e9cbf7ff28441024cb43f9ccdd4da3af2f1df9c13597b9e5094a9e7ce06bb36f6c09996f6d3e4e6f2e9199a5219fa692fa507cd17fd79cf8b117478f8529dca14e7e568e48b34b78fe31c03824ed51c7f48b3502f1909d203efa05b29a56c73f577d4e50ae79c5e9f85cd217168502af7d59ec2e7d7c90d854f8b2116d59ada19b6ff2d2ac52384db0ec636ed6aaed16d06157c06db6ee5fb5c9a5bc69e7885cc7a9485cf3dbf1157c30e7c156393979ccfb8dde8cc6dc538b3b9bf6aef3974ac6e3db225f150b473e80852a7fa216d3ef4aa1675962f2e698edb87e5cb25b262c385929fb8ed4a511eed6c3c7a5,gx-no-cache=1780326110992 HTTP/1.1" 200 30
190.95.67.97 - - [01/Jun/2026:11:58:02 -0300] "POST /cormun/servlet/solicitudot?gx-no-cache=1780326111015 HTTP/1.1" 200 30
190.95.67.97 - - [01/Jun/2026:11:58:02 -0300] "POST /cormun/servlet/solicitudot?gx-no-cache=1780326111048 HTTP/1.1" 200 1506
190.95.67.97 - - [01/Jun/2026:11:58:02 -0300] "POST /cormun/servlet/solicitudot?gx-no-cache=1780326111083 HTTP/1.1" 200 41
190.95.67.97 - - [01/Jun/2026:11:58:05 -0300] "GET /cormun/servlet/solicitudot?fe286ae61c39406ef4f05b98fba794ce887a16c580235e71f79ce660174dcebcf9c25fa8d37779dd5d57a5252ed27c90470adc81741ebe98c5aec277bcba8c5f32ac6060e83ca61de80f4c4bc800fe52b48fddc4d378072ba9a492b5e1c393bb3cacd20339cca712da5300dc597e2ee4,gx-no-cache=1780326113226 HTTP/1.1" 200 110
190.95.67.97 - - [01/Jun/2026:11:58:05 -0300] "POST /cormun/servlet/solicitudot?gx-no-cache=1780326113251 HTTP/1.1" 200 97
190.95.67.97 - - [01/Jun/2026:11:58:16 -0300] "POST /cormun/servlet/solicitudot?gx-no-cache=1780326125114 HTTP/1.1" 200 69
190.95.67.97 - - [01/Jun/2026:11:58:19 -0300] "GET /cormun/servlet/solicitudot?fe286ae61c39406ef4f05b98fba794cec1eab4042b6aad61dde11b8bf7c3e5f7c2977c6c66b3e8ce9cc00dd61513d58e492dafab4a73cbcb0a19a9e0f12bf955efac4c8913662386c0a60a602f1f52e82f76286e2ab1a4ec6e6387f2937802f5105ddacb2f84f005ea3013e5b87a8ea0fa8ce2e3856b39eabdb6858bffccf31971fa35facbf20f8a8367b341d38b30ec555b6ee8f3b9abf14a5039de40e607bc,gx-no-cache=1780326127397 HTTP/1.1" 200 29
190.95.67.97 - - [01/Jun/2026:11:58:19 -0300] "GET /cormun/servlet/solicitudot?fe286ae61c39406ef4f05b98fba794ce3d94179f8b3585284cbbf460ffbdef2322b77dcb93bc29d65e19c97194b59ef5,gx-no-cache=1780326127417 HTTP/1.1" 200 30
190.95.67.97 - - [01/Jun/2026:11:58:19 -0300] "POST /cormun/servlet/solicitudot?gx-no-cache=1780326127437 HTTP/1.1" 200 30
190.95.67.97 - - [01/Jun/2026:11:58:19 -0300] "POST /cormun/servlet/solicitudot?60b42feee881fca6e99c720bede65202,UPD,2026,23665,false,,gx-no-cache=1780326127460 HTTP/1.1" 200 93
190.95.67.97 - - [01/Jun/2026:11:58:19 -0300] "GET /cormun/servlet/hpexe_return? HTTP/1.1" 200 1019
190.95.67.97 - - [01/Jun/2026:11:58:19 -0300] "GET /cormun/servlet/trsolicitudot HTTP/1.1" 200 8505
190.95.67.97 - - [01/Jun/2026:11:58:44 -0300] "POST /cormun/servlet/trsolicitudot?60b42feee881fca6e99c720bede65202,gx-no-cache=1780326152226 HTTP/1.1" 200 112
190.95.67.97 - - [01/Jun/2026:11:58:44 -0300] "GET /cormun/servlet/solicitudot?UPD,2026,23665,false, HTTP/1.1" 200 16598
190.95.67.97 - - [01/Jun/2026:11:58:45 -0300] "POST /cormun/servlet/solicitudot?gx-no-cache=1780326153237 HTTP/1.1" 200 4135
190.95.67.97 - - [01/Jun/2026:11:58:45 -0300] "POST /cormun/servlet/solicitudot?60b42feee881fca6e99c720bede65202,UPD,2026,23665,false,,gx-no-cache=1780326153381 HTTP/1.1" 200 12828
190.95.67.97 - - [01/Jun/2026:11:58:45 -0300] "GET /cormun/servlet/solicitudot?fe286ae61c39406ef4f05b98fba794cef6af76e3a1a01ee9b0201f8239485d06db97bcfe2996df5b63279f371e0f7882,gx-no-cache=1780326153520 HTTP/1.1" 200 30
190.95.67.97 - - [01/Jun/2026:11:58:45 -0300] "GET /cormun/servlet/solicitudot?fe286ae61c39406ef4f05b98fba794ce21c0db7536e71500eb1039413fd126a52332cda54966ad25a2d71a2031af349311c865f3936748f8895068cc61153601,gx-no-cache=1780326153546 HTTP/1.1" 200 30
190.95.67.97 - - [01/Jun/2026:11:58:45 -0300] "GET /cormun/servlet/solicitudot?fe286ae61c39406ef4f05b98fba794cecbff2b98311d0f9875ce9b9b9d17b0db84f7130bed7810f5d2932dca394beec40a298c16d9979d8e617b8110ca6fcc0a,gx-no-cache=1780326153571 HTTP/1.1" 200 51
190.95.67.97 - - [01/Jun/2026:11:58:45 -0300] "POST /cormun/servlet/solicitudot?gx-no-cache=1780326153595 HTTP/1.1" 200 254
190.95.67.97 - - [01/Jun/2026:11:58:45 -0300] "GET /cormun/servlet/solicitudot?fe286ae61c39406ef4f05b98fba794ce30bc855192d339e4854aeb08a0e3ae658c30f5e42685ba8dbc2ce2c973febc2a39dca382835caf03b31f917e57b2ac8564c19796d9c6be27062c38563d6d79b0484f182df5bca9adeec3eabb3f8c87a61ae3847969622fc463d9a8d0820a81fa19a4207110bf89ccf5ae854a94e8626c52a5be5d6e40de461aeaeb23cd7cbe57f502e9cbf7ff28441024cb43f9ccdd4da3af2f1df9c13597b9e5094a9e7ce06bb36f6c09996f6d3e4e6f2e9199a5219fa692fa507cd17fd79cf8b117478f8529dca14e7e568e48b34b78fe31c03824ed51c7f48b3502f1909d203efa05b29a56c73f577d4e50ae79c5e9f85cd217168502af7d59ec2e7d7c90d854f8b2116d59ada19b6ff2d2ac52384db0ec636ed6aaed16d06157c06db6ee5fb5c9a5bc69e7885cc7a9485cf3dbf1157c30e7c156393979ccfb8dde8cc6dc538b3b9bf6aef3974ac6e3db225f150b473e80852a7fa216d3ef4aa1675962f2e698edb87e5cb25b262c385929fb8ed4a511eed6c3c7a5,gx-no-cache=1780326153628 HTTP/1.1" 200 30
190.95.67.97 - - [01/Jun/2026:11:58:45 -0300] "POST /cormun/servlet/solicitudot?gx-no-cache=1780326153649 HTTP/1.1" 200 30
190.95.67.97 - - [01/Jun/2026:11:58:45 -0300] "POST /cormun/servlet/solicitudot?gx-no-cache=1780326153681 HTTP/1.1" 200 1506
190.95.67.97 - - [01/Jun/2026:11:58:45 -0300] "POST /cormun/servlet/solicitudot?gx-no-cache=1780326153715 HTTP/1.1" 200 41
179.57.78.55 - - [01/Jun/2026:11:58:47 -0300] "GET /cormun/servlet/licenciaspermisos?INS,0,,, HTTP/1.1" 200 7589
179.57.78.55 - - [01/Jun/2026:11:58:50 -0300] "POST /cormun/servlet/licenciaspermisos?ae29f424f37546733cbce05643bb6342,INS,0,,,,gx-no-cache=1780326309750 HTTP/1.1" 200 93
179.57.78.55 - - [01/Jun/2026:11:58:50 -0300] "GET /cormun/servlet/hpexe_return? HTTP/1.1" 200 1007
179.57.78.55 - - [01/Jun/2026:11:58:50 -0300] "GET /cormun/servlet/trlicencias HTTP/1.1" 200 12020
190.95.67.91 - - [01/Jun/2026:11:58:51 -0300] "POST /cormun/servlet/permisogoce?63d69d5c4ad7d0bbfdc0e7cfe65e446b,INS,0,,,,gx-no-cache=1780326310545 HTTP/1.1" 200 93
190.95.67.91 - - [01/Jun/2026:11:58:51 -0300] "GET /cormun/servlet/hpexe_return? HTTP/1.1" 200 1025
190.95.67.91 - - [01/Jun/2026:11:58:51 -0300] "GET /cormun/servlet/trpermisosgoce?gx-no-cache=1780325832051 HTTP/1.1" 200 19555
179.57.78.55 - - [01/Jun/2026:11:58:52 -0300] "GET /cormun/servlet/trpermisosgoce? HTTP/1.1" 200 15683
190.95.67.91 - - [01/Jun/2026:11:58:53 -0300] "GET /cormun/servlet/trpermisosadjuntos?16490945,20260601110525,P, HTTP/1.1" 200 6724
179.57.78.55 - - [01/Jun/2026:11:58:54 -0300] "GET /cormun/servlet/permisogoce?INS,0,,, HTTP/1.1" 200 6842
190.95.67.91 - - [01/Jun/2026:11:58:55 -0300] "GET /cormun/servlet/permisosadjuntos?INS,16490945,P,20260601110525,, HTTP/1.1" 200 6026
190.95.67.91 - - [01/Jun/2026:11:58:55 -0300] "GET /cormun/static/about:blank HTTP/1.1" 404 1011
190.95.67.97 - - [01/Jun/2026:11:58:57 -0300] "GET /cormun/servlet/solicitudot?fe286ae61c39406ef4f05b98fba794ce887a16c580235e71f79ce660174dcebcf9c25fa8d37779dd5d57a5252ed27c90470adc81741ebe98c5aec277bcba8c5f32ac6060e83ca61de80f4c4bc800fe52b48fddc4d378072ba9a492b5e1c393bb3cacd20339cca712da5300dc597e2ee4,gx-no-cache=1780326165216 HTTP/1.1" 200 110
190.95.67.97 - - [01/Jun/2026:11:58:57 -0300] "POST /cormun/servlet/solicitudot?gx-no-cache=1780326165240 HTTP/1.1" 200 64
190.95.67.97 - - [01/Jun/2026:11:58:57 -0300] "GET /cormun/servlet/solicitudot?fe286ae61c39406ef4f05b98fba794cec1eab4042b6aad61dde11b8bf7c3e5f7c2977c6c66b3e8ce9cc00dd61513d58e492dafab4a73cbcb0a19a9e0f12bf955efac4c8913662386c0a60a602f1f52e82f76286e2ab1a4ec6e6387f2937802f5105ddacb2f84f005ea3013e5b87a8ea0fa8ce2e3856b39eabdb6858bffccf31971fa35facbf20f8a8367b341d38b30ec555b6ee8f3b9abf14a5039de40e607bc,gx-no-cache=1780326165271 HTTP/1.1" 200 29
190.95.67.97 - - [01/Jun/2026:11:58:57 -0300] "GET /cormun/servlet/solicitudot?fe286ae61c39406ef4f05b98fba794ce3d94179f8b3585284cbbf460ffbdef2322b77dcb93bc29d65e19c97194b59ef5,gx-no-cache=1780326165290 HTTP/1.1" 200 30
190.95.67.97 - - [01/Jun/2026:11:58:57 -0300] "POST /cormun/servlet/solicitudot?gx-no-cache=1780326165313 HTTP/1.1" 200 30
190.95.67.97 - - [01/Jun/2026:11:58:57 -0300] "POST /cormun/servlet/solicitudot?60b42feee881fca6e99c720bede65202,UPD,2026,23665,false,,gx-no-cache=1780326165336 HTTP/1.1" 200 93
190.95.67.97 - - [01/Jun/2026:11:58:57 -0300] "GET /cormun/servlet/hpexe_return? HTTP/1.1" 200 1019
190.95.67.97 - - [01/Jun/2026:11:58:57 -0300] "GET /cormun/servlet/trsolicitudot HTTP/1.1" 200 8505
190.95.67.91 - - [01/Jun/2026:11:59:12 -0300] "POST /cormun/servlet/permisosadjuntos?63d69d5c4ad7d0bbfdc0e7cfe65e446b,INS,16490945,P,20260601110525,, HTTP/1.1" 200 116
190.95.67.91 - - [01/Jun/2026:11:59:12 -0300] "GET /cormun/servlet/hpexe_return? HTTP/1.1" 200 1032
190.95.67.91 - - [01/Jun/2026:11:59:12 -0300] "GET /cormun/servlet/trpermisosadjuntos?16490945,20260601110525,P, HTTP/1.1" 200 7267
190.95.67.91 - - [01/Jun/2026:11:59:19 -0300] "POST /cormun/servlet/trpermisosadjuntos?63d69d5c4ad7d0bbfdc0e7cfe65e446b,16490945,20260601110525,P,,gx-no-cache=1780326338497 HTTP/1.1" 200 90
190.95.67.91 - - [01/Jun/2026:11:59:19 -0300] "GET /cormun/servlet/hpexe_link HTTP/1.1" 200 999
190.95.67.91 - - [01/Jun/2026:11:59:19 -0300] "GET /cormun/servlet/trpermisosgoce?gx-no-cache=1780325832051 HTTP/1.1" 200 19541
190.95.67.91 - - [01/Jun/2026:11:59:21 -0300] "POST /cormun/servlet/trpermisosgoce?63d69d5c4ad7d0bbfdc0e7cfe65e446b,gx-no-cache=1780325832051,gx-no-cache=1780326340746 HTTP/1.1" 200 16695
190.95.67.97 - - [01/Jun/2026:11:59:55 -0300] "POST /cormun/servlet/trsolicitudot?60b42feee881fca6e99c720bede65202,gx-no-cache=1780326223970 HTTP/1.1" 200 112
190.95.67.97 - - [01/Jun/2026:11:59:55 -0300] "GET /cormun/servlet/solicitudot?UPD,2026,23665,false, HTTP/1.1" 200 16598
190.95.67.97 - - [01/Jun/2026:11:59:56 -0300] "POST /cormun/servlet/solicitudot?gx-no-cache=1780326224999 HTTP/1.1" 200 4135
190.95.67.97 - - [01/Jun/2026:11:59:57 -0300] "POST /cormun/servlet/solicitudot?60b42feee881fca6e99c720bede65202,UPD,2026,23665,false,,gx-no-cache=1780326225142 HTTP/1.1" 200 12828
190.95.67.97 - - [01/Jun/2026:11:59:57 -0300] "GET /cormun/servlet/solicitudot?fe286ae61c39406ef4f05b98fba794cef6af76e3a1a01ee9b0201f8239485d06db97bcfe2996df5b63279f371e0f7882,gx-no-cache=1780326225266 HTTP/1.1" 200 30
190.95.67.97 - - [01/Jun/2026:11:59:57 -0300] "GET /cormun/servlet/solicitudot?fe286ae61c39406ef4f05b98fba794ce21c0db7536e71500eb1039413fd126a52332cda54966ad25a2d71a2031af349311c865f3936748f8895068cc61153601,gx-no-cache=1780326225295 HTTP/1.1" 200 30
190.95.67.97 - - [01/Jun/2026:11:59:57 -0300] "GET /cormun/servlet/solicitudot?fe286ae61c39406ef4f05b98fba794cecbff2b98311d0f9875ce9b9b9d17b0db84f7130bed7810f5d2932dca394beec40a298c16d9979d8e617b8110ca6fcc0a,gx-no-cache=1780326225314 HTTP/1.1" 200 51
190.95.67.97 - - [01/Jun/2026:11:59:57 -0300] "POST /cormun/servlet/solicitudot?gx-no-cache=1780326225336 HTTP/1.1" 200 254
190.95.67.97 - - [01/Jun/2026:11:59:57 -0300] "GET /cormun/servlet/solicitudot?fe286ae61c39406ef4f05b98fba794ce30bc855192d339e4854aeb08a0e3ae658c30f5e42685ba8dbc2ce2c973febc2a39dca382835caf03b31f917e57b2ac8564c19796d9c6be27062c38563d6d79b0484f182df5bca9adeec3eabb3f8c87a61ae3847969622fc463d9a8d0820a81fa19a4207110bf89ccf5ae854a94e8626c52a5be5d6e40de461aeaeb23cd7cbe57f502e9cbf7ff28441024cb43f9ccdd4da3af2f1df9c13597b9e5094a9e7ce06bb36f6c09996f6d3e4e6f2e9199a5219fa692fa507cd17fd79cf8b117478f8529dca14e7e568e48b34b78fe31c03824ed51c7f48b3502f1909d203efa05b29a56c73f577d4e50ae79c5e9f85cd217168502af7d59ec2e7d7c90d854f8b2116d59ada19b6ff2d2ac52384db0ec636ed6aaed16d06157c06db6ee5fb5c9a5bc69e7885cc7a9485cf3dbf1157c30e7c156393979ccfb8dde8cc6dc538b3b9bf6aef3974ac6e3db225f150b473e80852a7fa216d3ef4aa1675962f2e698edb87e5cb25b262c385929fb8ed4a511eed6c3c7a5,gx-no-cache=1780326225362 HTTP/1.1" 200 30
190.95.67.97 - - [01/Jun/2026:11:59:57 -0300] "POST /cormun/servlet/solicitudot?gx-no-cache=1780326225382 HTTP/1.1" 200 30
190.95.67.97 - - [01/Jun/2026:11:59:57 -0300] "POST /cormun/servlet/solicitudot?gx-no-cache=1780326225410 HTTP/1.1" 200 1506
190.95.67.97 - - [01/Jun/2026:11:59:57 -0300] "POST /cormun/servlet/solicitudot?gx-no-cache=1780326225442 HTTP/1.1" 200 41
179.57.78.55 - - [01/Jun/2026:12:00:12 -0300] "GET /cormun/servlet/permisogoce?3949a01e4e482b0a58ea2afb0f729a9d174eb4a2021b4cbbc774033660c7d42ada55d5aa45ea9631e36ee858d14522baff1534fcc5524a117bc968770f5e6ac1,gx-no-cache=1780326391739 HTTP/1.1" 200 74
179.57.78.55 - - [01/Jun/2026:12:00:24 -0300] "GET /cormun/servlet/permisogoce?3949a01e4e482b0a58ea2afb0f729a9df27ed57469adc770526a8526079823f6351bc58089c078d1b4b06a0800bcec38f16e7f950004a9df76b62299961f26d6,gx-no-cache=1780326403268 HTTP/1.1" 200 47
190.95.67.91 - - [01/Jun/2026:12:00:29 -0300] "GET /cormun/servlet/permisogoce?INS,0,,, HTTP/1.1" 200 7304
179.57.78.55 - - [01/Jun/2026:12:00:30 -0300] "POST /cormun/servlet/permisogoce?ae29f424f37546733cbce05643bb6342,INS,0,,,,gx-no-cache=1780326409307 HTTP/1.1" 200 93
179.57.78.55 - - [01/Jun/2026:12:00:30 -0300] "GET /cormun/servlet/hpexe_return? HTTP/1.1" 200 1005
179.57.78.55 - - [01/Jun/2026:12:00:30 -0300] "GET /cormun/servlet/trpermisosgoce HTTP/1.1" 200 15952
201.186.225.183 - - [01/Jun/2026:12:00:33 -0300] "GET /cormun/servlet/apermisogoceprn?17354766,P,20260601105532,PU HTTP/1.1" 200 1645
179.57.78.55 - - [01/Jun/2026:12:00:33 -0300] "GET /cormun/servlet/apermisogoceprn?18650917,P,20260601110631,PU HTTP/1.1" 200 1643
190.95.67.91 - - [01/Jun/2026:12:00:35 -0300] "GET /cormun/servlet/permisogoce?3eee9bb45e02f13c04329ecdc129454d8f321b67b77a8546b7ce4ff6c74a9711b40af71af198a417ee8eed45474bc539509a1583cb2f6508cd4e43280257ee9d,gx-no-cache=1780326415060 HTTP/1.1" 200 74
190.95.67.97 - - [01/Jun/2026:12:00:37 -0300] "POST /cormun/servlet/solicitudot?gx-no-cache=1780326265992 HTTP/1.1" 200 254
190.95.67.97 - - [01/Jun/2026:12:00:37 -0300] "GET /cormun/servlet/solicitudot?fe286ae61c39406ef4f05b98fba794ce30bc855192d339e4854aeb08a0e3ae658c30f5e42685ba8dbc2ce2c973febc2a39dca382835caf03b31f917e57b2ac8564c19796d9c6be27062c38563d6d79b0484f182df5bca9adeec3eabb3f8c87a61ae3847969622fc463d9a8d0820a81fa19a4207110bf89ccf5ae854a94e8626c52a5be5d6e40de461aeaeb23cd7cbe57f502e9cbf7ff28441024cb43f9ccdd4da3af2f1df9c13597b9e5094a9e7ce06bb36f6c09996f6d3e4e6f2e9199a5219fa692fa507cd17fd79cf8b117478f8529dca14e7e568e48b34b78fe31c03824ed51c7f48b3502f1909d203efa05b29a56c73f577d4e50ae79c5e9f85cd217168502af7d59ec2e7d7c90d854f8b2116d59ada19b6ff2d2ac52384db0ec636ed6aaed16d06157c06db6ee5fb5c9a5bc69e7885cc7a9485cf3dbf1157c30e7c156393979ccfb8dde8cc6dc538b3b9bf6aef3974ac6e3db225f150b473e80852a7fa216d3ef4aa1675962f2e698edb87e5cb25b262c385929fb8ed4a511eed6c3c7a5,gx-no-cache=1780326266034 HTTP/1.1" 200 30
190.95.67.97 - - [01/Jun/2026:12:00:37 -0300] "POST /cormun/servlet/solicitudot?gx-no-cache=1780326266055 HTTP/1.1" 200 30
190.95.67.97 - - [01/Jun/2026:12:00:37 -0300] "POST /cormun/servlet/solicitudot?gx-no-cache=1780326266087 HTTP/1.1" 200 1506
190.95.67.97 - - [01/Jun/2026:12:00:37 -0300] "POST /cormun/servlet/solicitudot?gx-no-cache=1780326266118 HTTP/1.1" 200 41
190.95.67.97 - - [01/Jun/2026:12:00:38 -0300] "GET /cormun/servlet/solicitudot?fe286ae61c39406ef4f05b98fba794ce887a16c580235e71f79ce660174dcebcf9c25fa8d37779dd5d57a5252ed27c90470adc81741ebe98c5aec277bcba8c5f32ac6060e83ca61de80f4c4bc800fe52b48fddc4d378072ba9a492b5e1c393bb3cacd20339cca712da5300dc597e2ee4,gx-no-cache=1780326266141 HTTP/1.1" 200 110
190.95.67.97 - - [01/Jun/2026:12:00:38 -0300] "POST /cormun/servlet/solicitudot?gx-no-cache=1780326266164 HTTP/1.1" 200 64
190.95.67.97 - - [01/Jun/2026:12:00:38 -0300] "GET /cormun/servlet/solicitudot?fe286ae61c39406ef4f05b98fba794cec1eab4042b6aad61dde11b8bf7c3e5f7c2977c6c66b3e8ce9cc00dd61513d58e492dafab4a73cbcb0a19a9e0f12bf955efac4c8913662386c0a60a602f1f52e82f76286e2ab1a4ec6e6387f2937802f5105ddacb2f84f005ea3013e5b87a8ea0fa8ce2e3856b39eabdb6858bffccf31971fa35facbf20f8a8367b341d38b30ec555b6ee8f3b9abf14a5039de40e607bc,gx-no-cache=1780326266188 HTTP/1.1" 200 29
190.95.67.97 - - [01/Jun/2026:12:00:38 -0300] "GET /cormun/servlet/solicitudot?fe286ae61c39406ef4f05b98fba794ce3d94179f8b3585284cbbf460ffbdef2322b77dcb93bc29d65e19c97194b59ef5,gx-no-cache=1780326266206 HTTP/1.1" 200 30
190.95.67.97 - - [01/Jun/2026:12:00:38 -0300] "POST /cormun/servlet/solicitudot?gx-no-cache=1780326266227 HTTP/1.1" 200 30
190.95.67.97 - - [01/Jun/2026:12:00:38 -0300] "POST /cormun/servlet/solicitudot?60b42feee881fca6e99c720bede65202,UPD,2026,23665,false,,gx-no-cache=1780326266250 HTTP/1.1" 200 93
190.95.67.97 - - [01/Jun/2026:12:00:38 -0300] "GET /cormun/servlet/hpexe_return? HTTP/1.1" 200 1019
190.95.67.97 - - [01/Jun/2026:12:00:38 -0300] "GET /cormun/servlet/trsolicitudot HTTP/1.1" 200 8505
201.186.225.183 - - [01/Jun/2026:12:00:50 -0300] "GET /cormun/servlet/permisogoce?INS,0,,, HTTP/1.1" 200 6834
201.186.225.183 - - [01/Jun/2026:12:00:59 -0300] "GET /cormun/servlet/permisogoce?307f855e93a531fe9ac1e33d08f4e09b452b005888907fc90767c65cc9ecff764b6da489b9c37680d05cf2b43099b83dece30e257f8f306d1443de40ff4cbbe4,gx-no-cache=1780326439039 HTTP/1.1" 200 226
190.95.67.91 - - [01/Jun/2026:12:01:04 -0300] "GET /cormun/servlet/permisogoce?3eee9bb45e02f13c04329ecdc129454d063ec64d38b6fa9082ba47925261dcd452a66b758503f63ffb0f8bfe2a7befed6b6e7209fe55a39b6368ac8c34f25a92,gx-no-cache=1780326443816 HTTP/1.1" 200 46
201.186.225.183 - - [01/Jun/2026:12:01:06 -0300] "GET /cormun/servlet/permisogoce?307f855e93a531fe9ac1e33d08f4e09b0b0df827cd4f91e5f6b8722dd6f041181da57248d8a4bf4467fc0195c4e055e90bb561c5419c8d701fcc84f8796d690b,gx-no-cache=1780326446122 HTTP/1.1" 200 47
201.186.225.183 - - [01/Jun/2026:12:01:08 -0300] "POST /cormun/servlet/permisogoce?30a8620d91e7a99289555253ad607391,INS,0,,,,gx-no-cache=1780326447516 HTTP/1.1" 200 4485
201.186.225.183 - - [01/Jun/2026:12:01:15 -0300] "GET /cormun/servlet/permisogoce?307f855e93a531fe9ac1e33d08f4e09b977912a81fcf9531d8fc93e12f01bb3ee6fc5560924e5fb503af899d1450c275ebb298774f834b62b61a472554dfe256,gx-no-cache=1780326454414 HTTP/1.1" 200 83
201.186.225.183 - - [01/Jun/2026:12:01:16 -0300] "GET /cormun/servlet/permisogoce?307f855e93a531fe9ac1e33d08f4e09b0b0df827cd4f91e5f6b8722dd6f0411837e2ae582bd68a4e4d07856358b65aafb7215409712ac6f781d8933de7f6ae9c,gx-no-cache=1780326455920 HTTP/1.1" 200 48
201.186.225.183 - - [01/Jun/2026:12:01:17 -0300] "POST /cormun/servlet/permisogoce?30a8620d91e7a99289555253ad607391,INS,0,,,,gx-no-cache=1780326456679 HTTP/1.1" 200 93
201.186.225.183 - - [01/Jun/2026:12:01:17 -0300] "GET /cormun/servlet/hpexe_return? HTTP/1.1" 200 1008
201.186.225.183 - - [01/Jun/2026:12:01:18 -0300] "GET /cormun/servlet/trpermisosgoce HTTP/1.1" 200 18487
190.95.67.91 - - [01/Jun/2026:12:01:19 -0300] "POST /cormun/servlet/permisogoce?63d69d5c4ad7d0bbfdc0e7cfe65e446b,INS,0,,,,gx-no-cache=1780326458505 HTTP/1.1" 200 93
190.95.67.91 - - [01/Jun/2026:12:01:19 -0300] "GET /cormun/servlet/hpexe_return? HTTP/1.1" 200 1025
190.95.67.91 - - [01/Jun/2026:12:01:19 -0300] "GET /cormun/servlet/trpermisosgoce?gx-no-cache=1780325832051 HTTP/1.1" 200 19495
190.95.67.91 - - [01/Jun/2026:12:01:22 -0300] "GET /cormun/servlet/trpermisosadjuntos?8544929,20260601110807,P, HTTP/1.1" 200 6724
190.95.67.91 - - [01/Jun/2026:12:01:23 -0300] "GET /cormun/servlet/permisosadjuntos?INS,8544929,P,20260601110807,, HTTP/1.1" 200 6026
190.95.67.91 - - [01/Jun/2026:12:01:24 -0300] "GET /cormun/static/about:blank HTTP/1.1" 404 1011
201.186.225.183 - - [01/Jun/2026:12:01:30 -0300] "GET /cormun/servlet/apermisogoceprn?17354766,P,20260601110828,PU HTTP/1.1" 200 1645
190.95.67.91 - - [01/Jun/2026:12:01:31 -0300] "POST /cormun/servlet/permisosadjuntos?63d69d5c4ad7d0bbfdc0e7cfe65e446b,INS,8544929,P,20260601110807,, HTTP/1.1" 200 116
190.95.67.91 - - [01/Jun/2026:12:01:31 -0300] "GET /cormun/servlet/hpexe_return? HTTP/1.1" 200 1030
190.95.67.91 - - [01/Jun/2026:12:01:32 -0300] "GET /cormun/servlet/trpermisosadjuntos?8544929,20260601110807,P, HTTP/1.1" 200 7234
190.95.67.91 - - [01/Jun/2026:12:01:45 -0300] "POST /cormun/servlet/trpermisosadjuntos?63d69d5c4ad7d0bbfdc0e7cfe65e446b,8544929,20260601110807,P,,gx-no-cache=1780326485105 HTTP/1.1" 200 90
190.95.67.91 - - [01/Jun/2026:12:01:45 -0300] "GET /cormun/servlet/hpexe_link HTTP/1.1" 200 996
190.95.67.91 - - [01/Jun/2026:12:01:45 -0300] "GET /cormun/servlet/trpermisosgoce?gx-no-cache=1780325832051 HTTP/1.1" 200 19528
201.186.225.191 - - [01/Jun/2026:12:01:48 -0300] "GET /cormun/servlet/hlogin HTTP/1.1" 200 1714
190.95.67.91 - - [01/Jun/2026:12:01:48 -0300] "POST /cormun/servlet/trpermisosgoce?63d69d5c4ad7d0bbfdc0e7cfe65e446b,gx-no-cache=1780325832051,gx-no-cache=1780326487259 HTTP/1.1" 200 16636
190.95.67.91 - - [01/Jun/2026:12:01:49 -0300] "GET /cormun/servlet/permisogoce?INS,0,,, HTTP/1.1" 200 7304
190.95.67.91 - - [01/Jun/2026:12:01:54 -0300] "GET /cormun/servlet/permisogoce?3eee9bb45e02f13c04329ecdc129454d7403a9c02be887c53c696c096ead44ac4ef7676118fef5384977a06f2063f0e05c6ef7b57b5264b52c6b6d6aa04855aa,gx-no-cache=1780326494130 HTTP/1.1" 200 79
179.57.78.55 - - [01/Jun/2026:12:02:00 -0300] "POST /cormun/servlet/trpermisosgoce?ae29f424f37546733cbce05643bb6342,gx-no-cache=1780326499188 HTTP/1.1" 200 16155
179.57.78.55 - - [01/Jun/2026:12:02:00 -0300] "GET /cormun/static/Resources/PXToolsGridNext.gif HTTP/1.1" 200 369
179.57.78.55 - - [01/Jun/2026:12:02:00 -0300] "GET /cormun/static/Resources/PXToolsGridLast.gif HTTP/1.1" 200 370
201.186.225.191 - - [01/Jun/2026:12:02:02 -0300] "POST /cormun/servlet/hlogin?2e3e35d7f6ceb159dbedae3479a0fa4e,gx-no-cache=1780326502064 HTTP/1.1" 200 90
201.186.225.191 - - [01/Jun/2026:12:02:02 -0300] "GET /cormun/servlet/hpexe_link HTTP/1.1" 200 945
201.186.225.191 - - [01/Jun/2026:12:02:03 -0300] "GET /cormun/servlet/hhome HTTP/1.1" 200 4210
190.95.67.91 - - [01/Jun/2026:12:02:03 -0300] "GET /cormun/servlet/permisogoce?3eee9bb45e02f13c04329ecdc129454db9ce347519ac446727860be82cf8341130607a5e9ffde90c84958226a94d3bceb59b8341c526b1f1d2252ea8da286fe8,gx-no-cache=1780326503358 HTTP/1.1" 200 46
201.186.225.191 - - [01/Jun/2026:12:02:07 -0300] "GET /cormun/servlet/trpermisosgoce? HTTP/1.1" 200 14047
179.57.78.55 - - [01/Jun/2026:12:02:16 -0300] "POST /cormun/servlet/trpermisosgoce?ae29f424f37546733cbce05643bb6342,gx-no-cache=1780326515244 HTTP/1.1" 200 15829
179.57.78.55 - - [01/Jun/2026:12:02:16 -0300] "GET /cormun/static/Resources/PXToolsGridPrevious.gif HTTP/1.1" 200 369
179.57.78.55 - - [01/Jun/2026:12:02:16 -0300] "GET /cormun/static/Resources/PXToolsGridFirst.gif HTTP/1.1" 200 379
190.95.67.91 - - [01/Jun/2026:12:02:19 -0300] "POST /cormun/servlet/permisogoce?63d69d5c4ad7d0bbfdc0e7cfe65e446b,INS,0,,,,gx-no-cache=1780326518200 HTTP/1.1" 200 93
190.95.67.91 - - [01/Jun/2026:12:02:19 -0300] "GET /cormun/servlet/hpexe_return? HTTP/1.1" 200 1025
190.95.67.91 - - [01/Jun/2026:12:02:19 -0300] "GET /cormun/servlet/trpermisosgoce?gx-no-cache=1780325832051 HTTP/1.1" 200 19473
179.57.78.55 - - [01/Jun/2026:12:02:22 -0300] "POST /cormun/servlet/trpermisosgoce?ae29f424f37546733cbce05643bb6342,gx-no-cache=1780326521755 HTTP/1.1" 200 16155
190.95.67.91 - - [01/Jun/2026:12:02:23 -0300] "GET /cormun/servlet/trpermisosadjuntos?20024306,20260601110927,P, HTTP/1.1" 200 6726
190.95.67.91 - - [01/Jun/2026:12:02:25 -0300] "GET /cormun/servlet/permisosadjuntos?INS,20024306,P,20260601110927,, HTTP/1.1" 200 6026
190.95.67.91 - - [01/Jun/2026:12:02:25 -0300] "GET /cormun/static/about:blank HTTP/1.1" 404 1011
190.95.67.91 - - [01/Jun/2026:12:02:56 -0300] "POST /cormun/servlet/permisosadjuntos?63d69d5c4ad7d0bbfdc0e7cfe65e446b,INS,20024306,P,20260601110927,, HTTP/1.1" 200 116
190.95.67.91 - - [01/Jun/2026:12:02:56 -0300] "GET /cormun/servlet/hpexe_return? HTTP/1.1" 200 1031
190.95.67.91 - - [01/Jun/2026:12:02:57 -0300] "GET /cormun/servlet/trpermisosadjuntos?20024306,20260601110927,P, HTTP/1.1" 200 7248
201.186.225.191 - - [01/Jun/2026:12:02:57 -0300] "GET /cormun/servlet/permisogoce?INS,0,,, HTTP/1.1" 200 7072
190.95.67.91 - - [01/Jun/2026:12:02:59 -0300] "POST /cormun/servlet/trpermisosadjuntos?63d69d5c4ad7d0bbfdc0e7cfe65e446b,20024306,20260601110927,P,,gx-no-cache=1780326558521 HTTP/1.1" 200 90
190.95.67.91 - - [01/Jun/2026:12:02:59 -0300] "GET /cormun/servlet/hpexe_link HTTP/1.1" 200 998
190.95.67.91 - - [01/Jun/2026:12:02:59 -0300] "GET /cormun/servlet/trpermisosgoce?gx-no-cache=1780325832051 HTTP/1.1" 200 19470
190.95.67.91 - - [01/Jun/2026:12:03:01 -0300] "POST /cormun/servlet/trpermisosgoce?63d69d5c4ad7d0bbfdc0e7cfe65e446b,gx-no-cache=1780325832051,gx-no-cache=1780326560745 HTTP/1.1" 200 16644
190.95.67.91 - - [01/Jun/2026:12:03:07 -0300] "GET /cormun/servlet/trautorizarpermisogoce? HTTP/1.1" 200 9983
190.95.67.91 - - [01/Jun/2026:12:03:10 -0300] "POST /cormun/servlet/trautorizarpermisogoce?63d69d5c4ad7d0bbfdc0e7cfe65e446b,,gx-no-cache=1780326569233 HTTP/1.1" 200 6941
190.95.67.91 - - [01/Jun/2026:12:03:10 -0300] "POST /cormun/servlet/trautorizarpermisogoce?63d69d5c4ad7d0bbfdc0e7cfe65e446b,,gx-no-cache=1780326569888 HTTP/1.1" 200 6744
190.95.67.91 - - [01/Jun/2026:12:03:11 -0300] "POST /cormun/servlet/trautorizarpermisogoce?63d69d5c4ad7d0bbfdc0e7cfe65e446b,,gx-no-cache=1780326570479 HTTP/1.1" 200 6503
190.95.67.91 - - [01/Jun/2026:12:03:11 -0300] "POST /cormun/servlet/trautorizarpermisogoce?63d69d5c4ad7d0bbfdc0e7cfe65e446b,,gx-no-cache=1780326570959 HTTP/1.1" 200 6274
190.95.67.91 - - [01/Jun/2026:12:03:12 -0300] "POST /cormun/servlet/trautorizarpermisogoce?63d69d5c4ad7d0bbfdc0e7cfe65e446b,,gx-no-cache=1780326571463 HTTP/1.1" 200 6022
190.95.67.91 - - [01/Jun/2026:12:03:12 -0300] "POST /cormun/servlet/trautorizarpermisogoce?63d69d5c4ad7d0bbfdc0e7cfe65e446b,,gx-no-cache=1780326571966 HTTP/1.1" 200 5813
190.95.67.91 - - [01/Jun/2026:12:03:13 -0300] "POST /cormun/servlet/trautorizarpermisogoce?63d69d5c4ad7d0bbfdc0e7cfe65e446b,,gx-no-cache=1780326572383 HTTP/1.1" 200 5571
190.95.67.91 - - [01/Jun/2026:12:03:13 -0300] "POST /cormun/servlet/trautorizarpermisogoce?63d69d5c4ad7d0bbfdc0e7cfe65e446b,,gx-no-cache=1780326572727 HTTP/1.1" 200 5293
190.95.67.91 - - [01/Jun/2026:12:03:14 -0300] "POST /cormun/servlet/trautorizarpermisogoce?63d69d5c4ad7d0bbfdc0e7cfe65e446b,,gx-no-cache=1780326573495 HTTP/1.1" 200 4536
190.95.67.91 - - [01/Jun/2026:12:03:16 -0300] "GET /cormun/servlet/trlicencias? HTTP/1.1" 200 18394
201.186.225.191 - - [01/Jun/2026:12:03:23 -0300] "GET /cormun/servlet/permisogoce?09d5200d83970cd1e34f51a7419cea197640e3dbebe311addaeeb824bbd593aa6a15b2dc39daa9088b365a6e8cb37913fa06517df7fefa6e037aa0e53db39568,gx-no-cache=1780326582938 HTTP/1.1" 200 80
201.186.225.191 - - [01/Jun/2026:12:03:23 -0300] "GET /cormun/static/menuarrow.gif HTTP/1.1" 404 1015
201.186.225.191 - - [01/Jun/2026:12:03:31 -0300] "GET /cormun/servlet/permisogoce?09d5200d83970cd1e34f51a7419cea19c8c133d873174698e3267549fb630394fbcf1fb86de519ae1219cc7eee0d95b1aa463cc75f0d0d456013e0a6cae61b84,gx-no-cache=1780326591106 HTTP/1.1" 200 46
201.186.225.191 - - [01/Jun/2026:12:03:36 -0300] "POST /cormun/servlet/permisogoce?2e3e35d7f6ceb159dbedae3479a0fa4e,INS,0,,,,gx-no-cache=1780326595411 HTTP/1.1" 200 93
201.186.225.191 - - [01/Jun/2026:12:03:36 -0300] "GET /cormun/servlet/hpexe_return? HTTP/1.1" 200 1003
201.186.225.191 - - [01/Jun/2026:12:03:37 -0300] "GET /cormun/servlet/trpermisosgoce HTTP/1.1" 200 14312
190.95.67.91 - - [01/Jun/2026:12:04:01 -0300] "GET /cormun/servlet/trpermisosgoce? HTTP/1.1" 200 19441
201.186.225.191 - - [01/Jun/2026:12:04:05 -0300] "POST /cormun/servlet/trpermisosgoce?2e3e35d7f6ceb159dbedae3479a0fa4e,gx-no-cache=1780326624113 HTTP/1.1" 200 11422
201.186.225.191 - - [01/Jun/2026:12:04:05 -0300] "POST /cormun/servlet/trpermisosgoce?2e3e35d7f6ceb159dbedae3479a0fa4e,gx-no-cache=1780326624442 HTTP/1.1" 200 11414
201.186.225.183 - - [01/Jun/2026:12:04:06 -0300] "GET /cormun/servlet/permisogoce?INS,0,,, HTTP/1.1" 200 6833
201.186.225.183 - - [01/Jun/2026:12:04:11 -0300] "GET /cormun/servlet/permisogoce?307f855e93a531fe9ac1e33d08f4e09b700ed4781f2e8369bb23f2862c002ed35777a09e1b43567818b2b2b1272208878f41251803985e93ca477ca003136e77,gx-no-cache=1780326631215 HTTP/1.1" 200 81
201.186.225.183 - - [01/Jun/2026:12:04:23 -0300] "GET /cormun/servlet/permisogoce?307f855e93a531fe9ac1e33d08f4e09bddfc37d38325f1988eb27bc31ae9c61753ebdc2b0126fcef071ff47c4aadc31b882397207ab8c81b2682128b555c215b,gx-no-cache=1780326642783 HTTP/1.1" 200 47
201.186.225.183 - - [01/Jun/2026:12:04:24 -0300] "POST /cormun/servlet/permisogoce?30a8620d91e7a99289555253ad607391,INS,0,,,,gx-no-cache=1780326643571 HTTP/1.1" 200 93
201.186.225.183 - - [01/Jun/2026:12:04:24 -0300] "GET /cormun/servlet/hpexe_return? HTTP/1.1" 200 1008
201.186.225.183 - - [01/Jun/2026:12:04:24 -0300] "GET /cormun/servlet/trpermisosgoce HTTP/1.1" 200 18606
201.186.225.183 - - [01/Jun/2026:12:04:30 -0300] "GET /cormun/servlet/apermisogoceprn?20813776,P,20260601111144,PU HTTP/1.1" 200 1653
201.186.225.183 - - [01/Jun/2026:12:05:39 -0300] "GET /cormun/servlet/trpermisosgoce? HTTP/1.1" 200 18541
201.186.225.183 - - [01/Jun/2026:12:05:41 -0300] "GET /cormun/servlet/permisogoce?INS,0,,, HTTP/1.1" 200 6834
201.186.225.183 - - [01/Jun/2026:12:05:46 -0300] "GET /cormun/servlet/permisogoce?307f855e93a531fe9ac1e33d08f4e09ba047769b3d78296ca7d907cdfaeba9fa5777a09e1b43567818b2b2b1272208878f41251803985e93ca477ca003136e77,gx-no-cache=1780326726068 HTTP/1.1" 200 81
201.186.225.183 - - [01/Jun/2026:12:05:52 -0300] "GET /cormun/servlet/permisogoce?307f855e93a531fe9ac1e33d08f4e09b3fddbb1744a65b225658192f4c38637be393f2ff50ef12ad3d715a83f3ae3984882397207ab8c81b2682128b555c215b,gx-no-cache=1780326731725 HTTP/1.1" 200 47
201.186.225.183 - - [01/Jun/2026:12:05:54 -0300] "POST /cormun/servlet/permisogoce?30a8620d91e7a99289555253ad607391,INS,0,,,,gx-no-cache=1780326733058 HTTP/1.1" 200 93
201.186.225.183 - - [01/Jun/2026:12:05:54 -0300] "GET /cormun/servlet/hpexe_return? HTTP/1.1" 200 1008
201.186.225.183 - - [01/Jun/2026:12:05:54 -0300] "GET /cormun/servlet/trpermisosgoce HTTP/1.1" 200 18587
201.186.225.183 - - [01/Jun/2026:12:06:00 -0300] "GET /cormun/servlet/apermisogoceprn?20442362,P,20260601111319,PU HTTP/1.1" 200 1655
201.186.226.3 - - [01/Jun/2026:12:06:18 -0300] "GET /cormun/servlet/hlogin HTTP/1.1" 200 1725
201.186.226.3 - - [01/Jun/2026:12:06:30 -0300] "POST /cormun/servlet/hlogin?91b4ff914498b1cc411c7fd9f56e2059,gx-no-cache=1780326770211 HTTP/1.1" 200 90
201.186.226.3 - - [01/Jun/2026:12:06:30 -0300] "GET /cormun/servlet/hpexe_link HTTP/1.1" 200 954
201.186.226.3 - - [01/Jun/2026:12:06:31 -0300] "GET /cormun/servlet/hhome HTTP/1.1" 200 3936
201.186.226.3 - - [01/Jun/2026:12:06:35 -0300] "GET /cormun/servlet/trpermisosgoce? HTTP/1.1" 200 10585
201.186.226.3 - - [01/Jun/2026:12:06:46 -0300] "GET /cormun/servlet/trlicencias? HTTP/1.1" 200 10098
201.186.226.3 - - [01/Jun/2026:12:07:20 -0300] "GET /cormun/servlet/hlogin HTTP/1.1" 200 1741
190.95.67.91 - - [01/Jun/2026:12:07:43 -0300] "GET /cormun/servlet/trlicencias? HTTP/1.1" 200 18394
190.95.67.91 - - [01/Jun/2026:12:07:53 -0300] "GET /cormun/servlet/trpermisosgoce? HTTP/1.1" 200 19441
179.57.78.55 - - [01/Jun/2026:12:08:45 -0300] "GET /cormun/servlet/trlicencias? HTTP/1.1" 200 12016
10.40.40.2 - - [01/Jun/2026:12:09:38 -0300] "GET /cormun/servlet/hlogin HTTP/1.1" 200 1718
10.40.40.2 - - [01/Jun/2026:12:09:38 -0300] "GET /cormun/static/Resources/CormunLogin.png HTTP/1.1" 200 19132
10.40.40.2 - - [01/Jun/2026:12:09:38 -0300] "GET /cormun/static/Resources/PXToolsLoginTop.png HTTP/1.1" 200 1337
10.40.40.2 - - [01/Jun/2026:12:09:38 -0300] "GET /cormun/static/Resources/PXToolsButtonRight.png HTTP/1.1" 200 1294
10.40.40.2 - - [01/Jun/2026:12:09:38 -0300] "GET /cormun/static/Resources/PXToolsLoginBackground.png HTTP/1.1" 200 1164
10.40.40.2 - - [01/Jun/2026:12:09:38 -0300] "GET /cormun/static/Resources/PXToolsButtonLeft.png HTTP/1.1" 200 1310
10.40.40.2 - - [01/Jun/2026:12:09:38 -0300] "GET /cormun/static/Resources/PXToolsButtonBackground.png HTTP/1.1" 200 1176
10.40.40.2 - - [01/Jun/2026:12:09:38 -0300] "GET /cormun/static/Resources/PXToolsLoginBottom.png HTTP/1.1" 200 1389
10.40.40.2 - - [01/Jun/2026:12:09:38 -0300] "GET /cormun/servlet/hlogin HTTP/1.1" 200 1729
