201.186.225.183 - - [01/Jun/2026:10:50:28 -0300] "GET /cormun/servlet/permisogoce?INS,0,,, HTTP/1.1" 200 6833
201.186.226.3 - - [01/Jun/2026:10:50:31 -0300] "POST /cormun/servlet/trpermisosadjuntos?76894ff22c5688fd60a13348556c2268,13098802,20260601093934,P,,gx-no-cache=1780322210609 HTTP/1.1" 200 90
201.186.226.3 - - [01/Jun/2026:10:50:31 -0300] "GET /cormun/servlet/hpexe_link HTTP/1.1" 200 980
201.186.226.3 - - [01/Jun/2026:10:50:31 -0300] "GET /cormun/servlet/trpermisosgoce HTTP/1.1" 200 10123
201.186.225.183 - - [01/Jun/2026:10:50:32 -0300] "GET /cormun/servlet/permisogoce?307f855e93a531fe9ac1e33d08f4e09be770bcaa10cf58f5f6a3fe937d2e9c8a5777a09e1b43567818b2b2b1272208878f41251803985e93ca477ca003136e77,gx-no-cache=1780322212294 HTTP/1.1" 200 79
201.186.226.3 - - [01/Jun/2026:10:50:39 -0300] "POST /cormun/servlet/trpermisosgoce?76894ff22c5688fd60a13348556c2268,gx-no-cache=1780322218531 HTTP/1.1" 200 7464
201.186.226.3 - - [01/Jun/2026:10:50:39 -0300] "GET /cormun/static/Shared/jqueryui/images/ui-bg_highlight-soft_100_c6c2c8_1x100.png HTTP/1.1" 404 1117
201.186.226.3 - - [01/Jun/2026:10:50:39 -0300] "GET /cormun/static/Shared/jqueryui/images/ui-icons_82798d_256x240.png HTTP/1.1" 404 1089
201.186.226.3 - - [01/Jun/2026:10:50:39 -0300] "GET /cormun/static/Shared/jqueryui/images/ui-icons_8d78a5_256x240.png HTTP/1.1" 404 1089
201.186.226.3 - - [01/Jun/2026:10:50:39 -0300] "GET /cormun/static/Shared/jqueryui/images/ui-bg_flat_55_fafafa_40x100.png HTTP/1.1" 404 1097
201.186.225.183 - - [01/Jun/2026:10:50:39 -0300] "GET /cormun/servlet/permisogoce?307f855e93a531fe9ac1e33d08f4e09b614c752b01f4739d8b762166087d25dc3353d5c3ac806056b786280412a7210e882397207ab8c81b2682128b555c215b,gx-no-cache=1780322219229 HTTP/1.1" 200 48
201.186.225.183 - - [01/Jun/2026:10:50:41 -0300] "POST /cormun/servlet/permisogoce?30a8620d91e7a99289555253ad607391,INS,0,,,,gx-no-cache=1780322220234 HTTP/1.1" 200 93
201.186.225.183 - - [01/Jun/2026:10:50:41 -0300] "GET /cormun/servlet/hpexe_return? HTTP/1.1" 200 1008
201.186.225.183 - - [01/Jun/2026:10:50:41 -0300] "GET /cormun/servlet/trpermisosgoce HTTP/1.1" 200 18588
201.186.225.183 - - [01/Jun/2026:10:50:46 -0300] "GET /cormun/servlet/apermisogoceprn?15806135,P,20260601095804,PU HTTP/1.1" 200 1647
190.95.2.157 - - [01/Jun/2026:10:50:50 -0300] "GET /cormun/servlet/permisogoce?eb985ee52b18356a18b342132a683830f0fffd56e1fade299bae79959205a83721a54fad1fe2285f9b1a8dd1602fdfdebdf726c1a77ccf83565088074da96a95,gx-no-cache=1780322229542 HTTP/1.1" 440 972
201.186.226.3 - - [01/Jun/2026:10:50:55 -0300] "GET /cormun/servlet/hlogin HTTP/1.1" 200 1736
190.95.2.157 - - [01/Jun/2026:10:51:00 -0300] "GET /cormun/static/menuarrow.gif HTTP/1.1" 404 1015
190.95.2.157 - - [01/Jun/2026:10:51:00 -0300] "GET /cormun/servlet/permisogoce?INS,0,,, HTTP/1.1" 200 6015
190.95.2.157 - - [01/Jun/2026:10:51:00 -0300] "GET /cormun/servlet/hlogin HTTP/1.1" 200 1736
201.186.225.183 - - [01/Jun/2026:10:51:07 -0300] "GET /cormun/servlet/permisogoce?INS,0,,, HTTP/1.1" 200 6833
190.95.2.157 - - [01/Jun/2026:10:51:09 -0300] "POST /cormun/servlet/hlogin?cf464e15f0620053a8cddc5c1e4feda0,gx-no-cache=1780322248563 HTTP/1.1" 200 90
190.95.2.157 - - [01/Jun/2026:10:51:09 -0300] "GET /cormun/servlet/hpexe_link HTTP/1.1" 200 956
190.95.2.157 - - [01/Jun/2026:10:51:09 -0300] "GET /cormun/servlet/permisogoce?INS,0,,, HTTP/1.1" 200 7034
201.186.226.3 - - [01/Jun/2026:10:51:09 -0300] "POST /cormun/servlet/hlogin?76894ff22c5688fd60a13348556c2268,gx-no-cache=1780322248924 HTTP/1.1" 200 90
201.186.226.3 - - [01/Jun/2026:10:51:09 -0300] "GET /cormun/servlet/hpexe_link HTTP/1.1" 200 948
201.186.226.3 - - [01/Jun/2026:10:51:09 -0300] "GET /cormun/servlet/hhome HTTP/1.1" 200 4314
201.186.226.3 - - [01/Jun/2026:10:51:10 -0300] "GET /cormun/static/SmoothNavMenu/resources/images/right.gif HTTP/1.1" 200 860
201.186.225.183 - - [01/Jun/2026:10:51:12 -0300] "GET /cormun/servlet/permisogoce?307f855e93a531fe9ac1e33d08f4e09bfd2a4c1af50f13bc142a04dd652dbf275777a09e1b43567818b2b2b1272208878f41251803985e93ca477ca003136e77,gx-no-cache=1780322251467 HTTP/1.1" 200 77
201.186.225.183 - - [01/Jun/2026:10:51:18 -0300] "GET /cormun/servlet/permisogoce?307f855e93a531fe9ac1e33d08f4e09b4bc514963b384bf53731a7431b5c3ab87fa5601f1443e9982dddf0bc61a60c82882397207ab8c81b2682128b555c215b,gx-no-cache=1780322257516 HTTP/1.1" 200 47
201.186.225.183 - - [01/Jun/2026:10:51:19 -0300] "POST /cormun/servlet/permisogoce?30a8620d91e7a99289555253ad607391,INS,0,,,,gx-no-cache=1780322258552 HTTP/1.1" 200 93
201.186.225.183 - - [01/Jun/2026:10:51:19 -0300] "GET /cormun/servlet/hpexe_return? HTTP/1.1" 200 1008
201.186.225.183 - - [01/Jun/2026:10:51:19 -0300] "GET /cormun/servlet/trpermisosgoce HTTP/1.1" 200 18618
201.186.226.3 - - [01/Jun/2026:10:51:20 -0300] "GET /cormun/servlet/trautorizarpermisogoce? HTTP/1.1" 200 8009
201.186.226.3 - - [01/Jun/2026:10:51:20 -0300] "GET /cormun/static/gxcfg.js?2020121645532 HTTP/1.1" 200 953
201.186.226.3 - - [01/Jun/2026:10:51:20 -0300] "GET /cormun/static/trautorizarpermisogoce.js?2020121651492 HTTP/1.1" 200 34948
190.95.2.157 - - [01/Jun/2026:10:51:20 -0300] "GET /cormun/servlet/permisogoce?c1a7ce9b0fd7b0d737bd18aee6a68b8018710ebff068e455d57c6ada80347176b44959563dd0d2be4dfdc3aa6bff5436231313a6000cda4dfd0d1065ee3db572,gx-no-cache=1780322260172 HTTP/1.1" 200 87
201.186.225.183 - - [01/Jun/2026:10:51:25 -0300] "GET /cormun/servlet/apermisogoceprn?12961880,P,20260601095842,PU HTTP/1.1" 200 1651
190.95.15.31 - - [01/Jun/2026:10:51:30 -0300] "GET /cormun/servlet/hlogin HTTP/1.1" 200 1718
190.95.2.157 - - [01/Jun/2026:10:51:31 -0300] "GET /cormun/servlet/permisogoce?c1a7ce9b0fd7b0d737bd18aee6a68b80b4bb336795448ea1b7895fadb4153e7817e457838f26d146deb8b0af3ec85683797a61fd4a2686e442e73da481bea083,gx-no-cache=1780322271132 HTTP/1.1" 200 47
190.95.15.31 - - [01/Jun/2026:10:51:37 -0300] "GET /cormun/servlet/hlogin HTTP/1.1" 200 1728
190.95.2.157 - - [01/Jun/2026:10:51:40 -0300] "POST /cormun/servlet/permisogoce?cf464e15f0620053a8cddc5c1e4feda0,INS,0,,,,gx-no-cache=1780322279317 HTTP/1.1" 200 93
190.95.2.157 - - [01/Jun/2026:10:51:40 -0300] "GET /cormun/servlet/hpexe_return? HTTP/1.1" 200 1000
190.95.2.157 - - [01/Jun/2026:10:51:40 -0300] "GET /cormun/servlet/hhome HTTP/1.1" 200 4316
201.186.226.3 - - [01/Jun/2026:10:51:49 -0300] "POST /cormun/servlet/trautorizarpermisogoce?76894ff22c5688fd60a13348556c2268,,gx-no-cache=1780322288417 HTTP/1.1" 200 4517
201.186.226.3 - - [01/Jun/2026:10:51:49 -0300] "GET /cormun/static/Shared/jqueryui/images/ui-bg_highlight-soft_100_c6c2c8_1x100.png HTTP/1.1" 404 1117
201.186.226.3 - - [01/Jun/2026:10:51:49 -0300] "GET /cormun/static/Shared/jqueryui/images/ui-icons_82798d_256x240.png HTTP/1.1" 404 1089
201.186.226.3 - - [01/Jun/2026:10:51:49 -0300] "GET /cormun/static/Shared/jqueryui/images/ui-bg_flat_55_fafafa_40x100.png HTTP/1.1" 404 1097
201.186.226.3 - - [01/Jun/2026:10:51:49 -0300] "GET /cormun/static/Shared/jqueryui/images/ui-icons_8d78a5_256x240.png HTTP/1.1" 404 1089
190.95.15.31 - - [01/Jun/2026:10:51:49 -0300] "POST /cormun/servlet/hlogin?62eb0ed287cfc615938ac5e597afc9d8,gx-no-cache=1780322288472 HTTP/1.1" 200 90
190.95.2.157 - - [01/Jun/2026:10:51:52 -0300] "GET /cormun/servlet/trpermisosgoce? HTTP/1.1" 200 13966
190.95.15.31 - - [01/Jun/2026:10:51:56 -0300] "GET /cormun/servlet/hpexe_link HTTP/1.1" 200 950
190.95.15.31 - - [01/Jun/2026:10:51:56 -0300] "GET /cormun/servlet/hhome HTTP/1.1" 200 4358
190.95.2.157 - - [01/Jun/2026:10:51:58 -0300] "GET /cormun/servlet/trpermisosadjuntos?9543879,20260601095844,P, HTTP/1.1" 200 6636
190.95.2.157 - - [01/Jun/2026:10:51:59 -0300] "GET /cormun/servlet/permisosadjuntos?INS,9543879,P,20260601095844,, HTTP/1.1" 200 5960
190.95.2.157 - - [01/Jun/2026:10:52:00 -0300] "GET /cormun/static/about:blank HTTP/1.1" 404 1011
190.95.15.15 - - [01/Jun/2026:10:52:01 -0300] "GET /cormun/servlet/trpermisosgoce? HTTP/1.1" 200 6038
201.186.226.3 - - [01/Jun/2026:10:52:01 -0300] "GET /cormun/servlet/hlogin HTTP/1.1" 200 1742
190.95.15.15 - - [01/Jun/2026:10:52:01 -0300] "GET /cormun/servlet/hlogin HTTP/1.1" 200 1744
129.222.173.48 - - [01/Jun/2026:10:52:04 -0300] "GET /cormun/servlet/hlogin HTTP/1.1" 200 1722
129.222.173.48 - - [01/Jun/2026:10:52:04 -0300] "GET /cormun/servlet/hlogin HTTP/1.1" 200 1732
190.95.15.15 - - [01/Jun/2026:10:52:09 -0300] "POST /cormun/servlet/hlogin?1ce86fedb6688bbdb31b339068e62d62,gx-no-cache=1780322308687 HTTP/1.1" 200 454
190.95.2.157 - - [01/Jun/2026:10:52:11 -0300] "POST /cormun/servlet/permisosadjuntos?cf464e15f0620053a8cddc5c1e4feda0,INS,9543879,P,20260601095844,, HTTP/1.1" 200 116
190.95.2.157 - - [01/Jun/2026:10:52:11 -0300] "GET /cormun/servlet/hpexe_return? HTTP/1.1" 200 1028
190.95.2.157 - - [01/Jun/2026:10:52:11 -0300] "GET /cormun/servlet/trpermisosadjuntos?9543879,20260601095844,P, HTTP/1.1" 200 7148
190.95.2.157 - - [01/Jun/2026:10:52:13 -0300] "POST /cormun/servlet/trpermisosadjuntos?cf464e15f0620053a8cddc5c1e4feda0,9543879,20260601095844,P,,gx-no-cache=1780322312893 HTTP/1.1" 200 90
190.95.2.157 - - [01/Jun/2026:10:52:13 -0300] "GET /cormun/servlet/hpexe_link HTTP/1.1" 200 973
201.186.226.3 - - [01/Jun/2026:10:52:13 -0300] "POST /cormun/servlet/hlogin?76894ff22c5688fd60a13348556c2268,gx-no-cache=1780322312892 HTTP/1.1" 200 90
201.186.226.3 - - [01/Jun/2026:10:52:13 -0300] "GET /cormun/servlet/hpexe_link HTTP/1.1" 200 948
190.95.2.157 - - [01/Jun/2026:10:52:13 -0300] "GET /cormun/servlet/trpermisosgoce HTTP/1.1" 200 13963
201.186.226.3 - - [01/Jun/2026:10:52:13 -0300] "GET /cormun/servlet/hhome HTTP/1.1" 200 3931
190.95.15.15 - - [01/Jun/2026:10:52:14 -0300] "POST /cormun/servlet/hlogin?1ce86fedb6688bbdb31b339068e62d62,gx-no-cache=1780322313597 HTTP/1.1" 200 90
190.95.15.15 - - [01/Jun/2026:10:52:14 -0300] "GET /cormun/servlet/hpexe_link HTTP/1.1" 200 961
190.95.15.15 - - [01/Jun/2026:10:52:14 -0300] "GET /cormun/servlet/trpermisosgoce HTTP/1.1" 200 14556
190.95.15.31 - - [01/Jun/2026:10:52:15 -0300] "GET /cormun/servlet/trpermisosgoce? HTTP/1.1" 200 12622
190.95.2.157 - - [01/Jun/2026:10:52:16 -0300] "POST /cormun/servlet/trpermisosgoce?cf464e15f0620053a8cddc5c1e4feda0,gx-no-cache=1780322315926 HTTP/1.1" 200 11180
190.95.2.157 - - [01/Jun/2026:10:52:16 -0300] "GET /cormun/static/Shared/jqueryui/images/ui-icons_82798d_256x240.png HTTP/1.1" 404 1089
190.95.2.157 - - [01/Jun/2026:10:52:16 -0300] "GET /cormun/static/Shared/jqueryui/images/ui-bg_highlight-soft_100_c6c2c8_1x100.png HTTP/1.1" 404 1117
190.95.2.157 - - [01/Jun/2026:10:52:16 -0300] "GET /cormun/static/Shared/jqueryui/images/ui-bg_flat_55_fafafa_40x100.png HTTP/1.1" 404 1097
190.95.2.157 - - [01/Jun/2026:10:52:16 -0300] "GET /cormun/static/Shared/jqueryui/images/ui-icons_8d78a5_256x240.png HTTP/1.1" 404 1089
190.95.2.157 - - [01/Jun/2026:10:52:17 -0300] "GET /cormun/servlet/apermisogoceprn?9543879,P,20260601095844,PU HTTP/1.1" 200 1652
129.222.173.48 - - [01/Jun/2026:10:52:17 -0300] "POST /cormun/servlet/hlogin?6b049693fca7467e68742b0d70bd0dbb,gx-no-cache=1780322317155 HTTP/1.1" 200 90
190.95.2.157 - - [01/Jun/2026:10:52:17 -0300] "GET /cormun/servlet/apermisogoceprn?9543879,P,20260601095844,PU HTTP/1.1" 200 1649
129.222.173.48 - - [01/Jun/2026:10:52:17 -0300] "GET /cormun/servlet/hpexe_link HTTP/1.1" 200 951
129.222.173.48 - - [01/Jun/2026:10:52:18 -0300] "GET /cormun/servlet/hhome HTTP/1.1" 200 3946
201.186.226.3 - - [01/Jun/2026:10:52:18 -0300] "GET /cormun/servlet/trpermisosgoce? HTTP/1.1" 200 10074
190.95.15.15 - - [01/Jun/2026:10:52:20 -0300] "GET /cormun/servlet/permisogoce?INS,0,,, HTTP/1.1" 200 6861
190.95.15.15 - - [01/Jun/2026:10:52:27 -0300] "GET /cormun/servlet/permisogoce?4412fc3a7dfaaa9de7ca3b470e3aecabf8858583941dcec16b9a23eb4e0bbce052a59539242b3df8f9cd6f314178ad6b47b214afba38d0d5e4f3385a0eae02c6,gx-no-cache=1780322326689 HTTP/1.1" 200 80
190.95.15.15 - - [01/Jun/2026:10:52:27 -0300] "GET /cormun/static/menuarrow.gif HTTP/1.1" 404 1015
190.95.15.31 - - [01/Jun/2026:10:52:31 -0300] "GET /cormun/servlet/permisogoce?INS,0,,, HTTP/1.1" 200 7251
190.95.15.15 - - [01/Jun/2026:10:52:33 -0300] "GET /cormun/servlet/permisogoce?4412fc3a7dfaaa9de7ca3b470e3aecab8b193f2320b34ffdda9f6ea8b5a5b3be3021a3aae331a729c31cdb26418529a46d9e404abafbcd468afbf78d8e6c7ce9,gx-no-cache=1780322332959 HTTP/1.1" 200 47
190.95.15.15 - - [01/Jun/2026:10:52:37 -0300] "POST /cormun/servlet/permisogoce?1ce86fedb6688bbdb31b339068e62d62,INS,0,,,,gx-no-cache=1780322336115 HTTP/1.1" 200 93
190.95.15.15 - - [01/Jun/2026:10:52:37 -0300] "GET /cormun/servlet/hpexe_return? HTTP/1.1" 200 1015
190.95.15.15 - - [01/Jun/2026:10:52:37 -0300] "GET /cormun/servlet/trpermisosgoce HTTP/1.1" 200 14833
190.95.15.15 - - [01/Jun/2026:10:52:39 -0300] "GET /cormun/servlet/apermisogoceprn?20723696,P,20260601095955,PU HTTP/1.1" 200 1660
190.95.15.31 - - [01/Jun/2026:10:52:42 -0300] "GET /cormun/servlet/permisogoce?a97e073e34cfea686fb05142320d2c56c7a58ba49f937f37dd258b728d1db4ee0a4cd2d1fb1011d9b2ffb88660d02acbc882d2256ebced2e38cdca8c3fcd6eb1,gx-no-cache=1780322341368 HTTP/1.1" 200 74
190.95.15.31 - - [01/Jun/2026:10:52:45 -0300] "GET /cormun/static/menuarrow.gif HTTP/1.1" 404 1015
129.222.173.48 - - [01/Jun/2026:10:52:47 -0300] "GET /cormun/servlet/trlicencias? HTTP/1.1" 200 9122
190.95.15.31 - - [01/Jun/2026:10:52:55 -0300] "GET /cormun/servlet/permisogoce?a97e073e34cfea686fb05142320d2c567b55f06d9eadd79ecc84c966a30b726036aa6d4e96bb25efa2f5a24c89edd28c40af05f30ede47c012e6352d50383252,gx-no-cache=1780322354965 HTTP/1.1" 200 47
201.186.225.183 - - [01/Jun/2026:10:52:56 -0300] "GET /cormun/servlet/apermisogoceprn?12961880,P,20260601095842,PU HTTP/1.1" 200 1656
190.95.15.31 - - [01/Jun/2026:10:53:03 -0300] "POST /cormun/servlet/permisogoce?62eb0ed287cfc615938ac5e597afc9d8,INS,0,,,,gx-no-cache=1780322361592 HTTP/1.1" 200 93
190.95.15.31 - - [01/Jun/2026:10:53:03 -0300] "GET /cormun/servlet/hpexe_return? HTTP/1.1" 200 1007
190.95.15.31 - - [01/Jun/2026:10:53:03 -0300] "GET /cormun/servlet/trpermisosgoce HTTP/1.1" 200 12896
190.95.15.31 - - [01/Jun/2026:10:53:08 -0300] "GET /cormun/servlet/apermisogoceprn?17507861,P,20260601100006,PU HTTP/1.1" 200 1663
201.186.225.183 - - [01/Jun/2026:10:53:29 -0300] "GET /cormun/servlet/permisogoce?INS,0,,, HTTP/1.1" 200 6834
201.186.225.183 - - [01/Jun/2026:10:53:36 -0300] "GET /cormun/servlet/permisogoce?307f855e93a531fe9ac1e33d08f4e09b073bd1cd1bf92336770d01bca7546d845777a09e1b43567818b2b2b1272208878f41251803985e93ca477ca003136e77,gx-no-cache=1780322396335 HTTP/1.1" 200 78
190.95.2.157 - - [01/Jun/2026:10:53:41 -0300] "GET /cormun/servlet/trlicencias? HTTP/1.1" 200 11179
201.186.225.183 - - [01/Jun/2026:10:53:43 -0300] "GET /cormun/servlet/permisogoce?307f855e93a531fe9ac1e33d08f4e09b944ef0e1c9146fe79870c4e374cfb3a9f1fb70cb5384258ae4c9c39338c2659e882397207ab8c81b2682128b555c215b,gx-no-cache=1780322403209 HTTP/1.1" 200 47
201.186.225.183 - - [01/Jun/2026:10:53:44 -0300] "POST /cormun/servlet/permisogoce?30a8620d91e7a99289555253ad607391,INS,0,,,,gx-no-cache=1780322403988 HTTP/1.1" 200 93
201.186.225.183 - - [01/Jun/2026:10:53:44 -0300] "GET /cormun/servlet/hpexe_return? HTTP/1.1" 200 1008
201.186.225.183 - - [01/Jun/2026:10:53:45 -0300] "GET /cormun/servlet/trpermisosgoce HTTP/1.1" 200 18637
201.186.225.183 - - [01/Jun/2026:10:53:49 -0300] "GET /cormun/servlet/apermisogoceprn?20038867,P,20260601100105,PU HTTP/1.1" 200 1649
201.186.225.183 - - [01/Jun/2026:10:54:07 -0300] "GET /cormun/servlet/permisogoce?INS,0,,, HTTP/1.1" 200 6834
190.95.15.31 - - [01/Jun/2026:10:54:11 -0300] "POST /cormun/servlet/trpermisosgoce?62eb0ed287cfc615938ac5e597afc9d8,gx-no-cache=1780322430152 HTTP/1.1" 200 5573
201.186.225.183 - - [01/Jun/2026:10:54:12 -0300] "GET /cormun/servlet/permisogoce?307f855e93a531fe9ac1e33d08f4e09b610493d1bbb983be7b4ff8f956542f485777a09e1b43567818b2b2b1272208878f41251803985e93ca477ca003136e77,gx-no-cache=1780322432016 HTTP/1.1" 200 81
201.186.225.183 - - [01/Jun/2026:10:54:19 -0300] "GET /cormun/servlet/permisogoce?307f855e93a531fe9ac1e33d08f4e09bce1016782fa6ba314b0038e070d89aa9cd326eab46c85906701136304b545f33882397207ab8c81b2682128b555c215b,gx-no-cache=1780322439149 HTTP/1.1" 200 48
201.186.225.183 - - [01/Jun/2026:10:54:21 -0300] "POST /cormun/servlet/permisogoce?30a8620d91e7a99289555253ad607391,INS,0,,,,gx-no-cache=1780322440029 HTTP/1.1" 200 93
201.186.225.183 - - [01/Jun/2026:10:54:21 -0300] "GET /cormun/servlet/hpexe_return? HTTP/1.1" 200 1008
201.186.225.183 - - [01/Jun/2026:10:54:21 -0300] "GET /cormun/servlet/trpermisosgoce HTTP/1.1" 200 18614
201.186.225.183 - - [01/Jun/2026:10:54:27 -0300] "GET /cormun/servlet/apermisogoceprn?13598462,P,20260601100143,PU HTTP/1.1" 200 1647
190.95.2.157 - - [01/Jun/2026:10:54:43 -0300] "GET /cormun/servlet/alicenciaprn?19265400,L,20260529000000,PU HTTP/1.1" 200 1558
201.186.225.183 - - [01/Jun/2026:10:54:43 -0300] "GET /cormun/servlet/permisogoce?INS,0,,, HTTP/1.1" 200 6834
190.95.2.157 - - [01/Jun/2026:10:54:43 -0300] "GET /cormun/servlet/alicenciaprn?19265400,L,20260529000000,PU HTTP/1.1" 200 1560
201.186.225.183 - - [01/Jun/2026:10:54:48 -0300] "GET /cormun/servlet/permisogoce?307f855e93a531fe9ac1e33d08f4e09b610493d1bbb983be7b4ff8f956542f485777a09e1b43567818b2b2b1272208878f41251803985e93ca477ca003136e77,gx-no-cache=1780322467686 HTTP/1.1" 200 82
201.186.225.183 - - [01/Jun/2026:10:54:55 -0300] "GET /cormun/servlet/permisogoce?307f855e93a531fe9ac1e33d08f4e09bce1016782fa6ba314b0038e070d89aa94065a8e1264f804126774608e3758e72882397207ab8c81b2682128b555c215b,gx-no-cache=1780322474667 HTTP/1.1" 200 48
201.186.225.183 - - [01/Jun/2026:10:54:56 -0300] "POST /cormun/servlet/permisogoce?30a8620d91e7a99289555253ad607391,INS,0,,,,gx-no-cache=1780322475612 HTTP/1.1" 200 93
201.186.225.183 - - [01/Jun/2026:10:54:56 -0300] "GET /cormun/servlet/hpexe_return? HTTP/1.1" 200 1008
201.186.225.183 - - [01/Jun/2026:10:54:56 -0300] "GET /cormun/servlet/trpermisosgoce HTTP/1.1" 200 18556
201.186.225.183 - - [01/Jun/2026:10:55:03 -0300] "GET /cormun/servlet/apermisogoceprn?13598462,P,20260601100218,PU HTTP/1.1" 200 1645
201.186.225.183 - - [01/Jun/2026:10:55:18 -0300] "GET /cormun/servlet/permisogoce?INS,0,,, HTTP/1.1" 200 6833
201.186.225.183 - - [01/Jun/2026:10:55:29 -0300] "GET /cormun/servlet/permisogoce?307f855e93a531fe9ac1e33d08f4e09b92d8851e1fb13757cebf0d730e5346395777a09e1b43567818b2b2b1272208878f41251803985e93ca477ca003136e77,gx-no-cache=1780322508694 HTTP/1.1" 200 84
201.186.225.183 - - [01/Jun/2026:10:55:40 -0300] "GET /cormun/servlet/permisogoce?307f855e93a531fe9ac1e33d08f4e09bba4fe7b432e9f5bf6d952fd300697b64e1ed751d351d0bd5ef6f5dc197ece710882397207ab8c81b2682128b555c215b,gx-no-cache=1780322519843 HTTP/1.1" 200 47
201.186.225.183 - - [01/Jun/2026:10:55:41 -0300] "POST /cormun/servlet/permisogoce?30a8620d91e7a99289555253ad607391,INS,0,,,,gx-no-cache=1780322520799 HTTP/1.1" 200 93
201.186.225.183 - - [01/Jun/2026:10:55:41 -0300] "GET /cormun/servlet/hpexe_return? HTTP/1.1" 200 1008
201.186.225.183 - - [01/Jun/2026:10:55:42 -0300] "GET /cormun/servlet/trpermisosgoce HTTP/1.1" 200 18631
201.186.225.183 - - [01/Jun/2026:10:55:46 -0300] "GET /cormun/servlet/apermisogoceprn?12291516,P,20260601100254,PU HTTP/1.1" 200 1660
201.186.225.183 - - [01/Jun/2026:10:56:22 -0300] "GET /cormun/servlet/permisogoce?INS,0,,, HTTP/1.1" 200 6834
201.186.226.3 - - [01/Jun/2026:10:56:29 -0300] "GET /cormun/servlet/permisogoce?INS,0,,, HTTP/1.1" 200 6793
201.186.225.183 - - [01/Jun/2026:10:56:36 -0300] "GET /cormun/servlet/permisogoce?307f855e93a531fe9ac1e33d08f4e09bba0c615b2cd024b484fe0c686f1695815777a09e1b43567818b2b2b1272208878f41251803985e93ca477ca003136e77,gx-no-cache=1780322576092 HTTP/1.1" 200 83
201.186.226.3 - - [01/Jun/2026:10:56:54 -0300] "GET /cormun/servlet/permisogoce?63878618b2e2d1e94b4f9ec35e262276392b84ab45b94320236c661c894c34bbed1ffc2c585dcc041ee2381925cfb1253f322ecf6c27d417e2a19d729527b2c8,gx-no-cache=1780322593878 HTTP/1.1" 200 79
201.186.226.3 - - [01/Jun/2026:10:56:59 -0300] "GET /cormun/static/menuarrow.gif HTTP/1.1" 404 1015
201.186.226.3 - - [01/Jun/2026:10:57:15 -0300] "GET /cormun/servlet/permisogoce?63878618b2e2d1e94b4f9ec35e262276dd768dded2cabb130feede158a69291b54660371f4f5ad0c6695a2e9b19dfa47c1137545f9f3dcf20fe736b0afa970a5,gx-no-cache=1780322615092 HTTP/1.1" 200 47
201.186.226.3 - - [01/Jun/2026:10:57:27 -0300] "POST /cormun/servlet/permisogoce?76894ff22c5688fd60a13348556c2268,INS,0,,,,gx-no-cache=1780322626136 HTTP/1.1" 200 93
201.186.226.3 - - [01/Jun/2026:10:57:27 -0300] "GET /cormun/servlet/hpexe_return? HTTP/1.1" 200 1006
201.186.226.3 - - [01/Jun/2026:10:57:27 -0300] "GET /cormun/servlet/trpermisosgoce HTTP/1.1" 200 10346
201.186.226.3 - - [01/Jun/2026:10:57:32 -0300] "GET /cormun/servlet/apermisogoceprn?19527565,P,20260601100405,PU HTTP/1.1" 200 1656
201.186.225.187 - - [01/Jun/2026:10:58:27 -0300] "GET /cormun/servlet/trpermisosgoce? HTTP/1.1" 200 6039
201.186.225.187 - - [01/Jun/2026:10:58:28 -0300] "GET /cormun/servlet/hlogin HTTP/1.1" 200 1743
201.186.225.187 - - [01/Jun/2026:10:58:34 -0300] "POST /cormun/servlet/hlogin?4957f0131575ed7f8d606d803d9713b9,gx-no-cache=1780322742150 HTTP/1.1" 200 90
201.186.225.187 - - [01/Jun/2026:10:58:34 -0300] "GET /cormun/servlet/hpexe_link HTTP/1.1" 200 962
201.186.225.187 - - [01/Jun/2026:10:58:34 -0300] "GET /cormun/servlet/trpermisosgoce HTTP/1.1" 200 11429
201.186.225.187 - - [01/Jun/2026:10:58:38 -0300] "GET /cormun/servlet/trpermisosadjuntos?15731222,20260528085049,P, HTTP/1.1" 200 6292
201.186.225.187 - - [01/Jun/2026:10:58:40 -0300] "GET /cormun/servlet/permisosadjuntos?INS,15731222,P,20260528085049,, HTTP/1.1" 200 5612
201.186.225.187 - - [01/Jun/2026:10:58:40 -0300] "GET /cormun/static/about:blank HTTP/1.1" 404 1011
201.186.225.183 - - [01/Jun/2026:10:59:11 -0300] "GET /cormun/servlet/permisogoce?307f855e93a531fe9ac1e33d08f4e09b45ea97ef51e79c395adff95d7f72051b3ca7050752a84b652b8d07c7a41cc588882397207ab8c81b2682128b555c215b,gx-no-cache=1780322730715 HTTP/1.1" 200 129
201.186.225.183 - - [01/Jun/2026:10:59:11 -0300] "GET /cormun/static/Shared/jqueryui/images/ui-bg_highlight-soft_100_c6c2c8_1x100.png HTTP/1.1" 404 1117
201.186.225.183 - - [01/Jun/2026:10:59:11 -0300] "GET /cormun/static/Shared/jqueryui/images/ui-bg_flat_55_994d53_40x100.png HTTP/1.1" 404 1097
201.186.225.183 - - [01/Jun/2026:10:59:11 -0300] "GET /cormun/static/Shared/jqueryui/images/ui-icons_82798d_256x240.png HTTP/1.1" 404 1089
201.186.225.183 - - [01/Jun/2026:10:59:11 -0300] "GET /cormun/static/Shared/jqueryui/images/ui-icons_ebccce_256x240.png HTTP/1.1" 404 1089
201.186.225.183 - - [01/Jun/2026:10:59:21 -0300] "GET /cormun/servlet/permisogoce?307f855e93a531fe9ac1e33d08f4e09b45ea97ef51e79c395adff95d7f72051b45659466ba91ad50c9edbe71c82e84553b104829a5d31efaa15e8151c09d81c8,gx-no-cache=1780322741410 HTTP/1.1" 200 47
201.186.225.187 - - [01/Jun/2026:10:59:23 -0300] "POST /cormun/servlet/permisosadjuntos?4957f0131575ed7f8d606d803d9713b9,INS,15731222,P,20260528085049,, HTTP/1.1" 200 116
201.186.225.187 - - [01/Jun/2026:10:59:23 -0300] "GET /cormun/servlet/hpexe_return? HTTP/1.1" 200 1042
201.186.225.187 - - [01/Jun/2026:10:59:23 -0300] "GET /cormun/servlet/trpermisosadjuntos?15731222,20260528085049,P, HTTP/1.1" 200 6772
201.186.225.183 - - [01/Jun/2026:10:59:24 -0300] "GET /cormun/servlet/permisogoce?307f855e93a531fe9ac1e33d08f4e09b45ea97ef51e79c395adff95d7f72051b5a36f3c01639b0025758dbcbdf179ef5017a5b1c5622f2dfde1bf25916191df9,gx-no-cache=1780322743861 HTTP/1.1" 200 48
201.186.225.187 - - [01/Jun/2026:10:59:25 -0300] "GET /cormun/servlet/trpermisosgoce? HTTP/1.1" 200 11428
201.186.225.183 - - [01/Jun/2026:10:59:26 -0300] "POST /cormun/servlet/permisogoce?30a8620d91e7a99289555253ad607391,INS,0,,,,gx-no-cache=1780322745802 HTTP/1.1" 200 93
201.186.225.183 - - [01/Jun/2026:10:59:26 -0300] "GET /cormun/servlet/hpexe_return? HTTP/1.1" 200 1008
201.186.225.183 - - [01/Jun/2026:10:59:27 -0300] "GET /cormun/servlet/trpermisosgoce HTTP/1.1" 200 18615
201.186.225.187 - - [01/Jun/2026:10:59:29 -0300] "POST /cormun/servlet/trpermisosgoce?4957f0131575ed7f8d606d803d9713b9,,gx-no-cache=1780322797074 HTTP/1.1" 200 8563
201.186.225.187 - - [01/Jun/2026:10:59:29 -0300] "GET /cormun/static/Shared/jqueryui/images/ui-icons_8d78a5_256x240.png HTTP/1.1" 404 1089
201.186.225.187 - - [01/Jun/2026:10:59:29 -0300] "GET /cormun/static/Shared/jqueryui/images/ui-bg_flat_55_fafafa_40x100.png HTTP/1.1" 404 1097
201.186.226.3 - - [01/Jun/2026:10:59:30 -0300] "GET /cormun/servlet/permisogoce?INS,0,,, HTTP/1.1" 200 6793
201.186.226.3 - - [01/Jun/2026:10:59:48 -0300] "GET /cormun/servlet/permisogoce?63878618b2e2d1e94b4f9ec35e262276e103c754e279acb3530cc64215b9105eed1ffc2c585dcc041ee2381925cfb1253f322ecf6c27d417e2a19d729527b2c8,gx-no-cache=1780322768059 HTTP/1.1" 200 78
201.186.226.3 - - [01/Jun/2026:10:59:52 -0300] "GET /cormun/static/menuarrow.gif HTTP/1.1" 404 1015
201.186.226.3 - - [01/Jun/2026:11:00:05 -0300] "GET /cormun/servlet/permisogoce?63878618b2e2d1e94b4f9ec35e262276fd5326344931f06a4b4fe9d103496c931c10eab2e7118296ea7463875fafa5020ae298ad63054ff53482aa238c1f69c6,gx-no-cache=1780322784884 HTTP/1.1" 200 47
201.186.226.3 - - [01/Jun/2026:11:00:38 -0300] "POST /cormun/servlet/permisogoce?76894ff22c5688fd60a13348556c2268,INS,0,,,,gx-no-cache=1780322817081 HTTP/1.1" 200 93
201.186.226.3 - - [01/Jun/2026:11:00:38 -0300] "GET /cormun/servlet/hpexe_return? HTTP/1.1" 200 1006
201.186.226.3 - - [01/Jun/2026:11:00:38 -0300] "GET /cormun/servlet/trpermisosgoce HTTP/1.1" 200 10583
201.186.226.3 - - [01/Jun/2026:11:00:44 -0300] "GET /cormun/servlet/apermisogoceprn?13344072,P,20260601100706,PU HTTP/1.1" 200 1650
201.186.226.3 - - [01/Jun/2026:11:02:46 -0300] "GET /cormun/servlet/hlogin HTTP/1.1" 200 1736
190.95.67.91 - - [01/Jun/2026:11:05:02 -0300] "GET /cormun/servlet/trlicencias? HTTP/1.1" 200 6053
190.95.67.91 - - [01/Jun/2026:11:05:03 -0300] "GET /cormun/servlet/hlogin HTTP/1.1" 200 1737
190.95.67.91 - - [01/Jun/2026:11:05:10 -0300] "POST /cormun/servlet/hlogin?4c45ca83ff99acb35d3f6497448ff450,gx-no-cache=1780323089854 HTTP/1.1" 200 90
190.95.67.91 - - [01/Jun/2026:11:05:10 -0300] "GET /cormun/servlet/hpexe_link HTTP/1.1" 200 955
190.95.67.91 - - [01/Jun/2026:11:05:10 -0300] "GET /cormun/servlet/trlicencias HTTP/1.1" 200 17979
201.186.225.183 - - [01/Jun/2026:11:07:06 -0300] "GET /cormun/servlet/apermisogoceprn?16348726,P,20260601100357,PU HTTP/1.1" 200 1664
179.57.78.55 - - [01/Jun/2026:11:08:40 -0300] "GET /cormun/servlet/trlicencias? HTTP/1.1" 200 6057
179.57.78.55 - - [01/Jun/2026:11:08:40 -0300] "GET /cormun/servlet/hlogin HTTP/1.1" 200 1740
179.57.78.55 - - [01/Jun/2026:11:08:46 -0300] "POST /cormun/servlet/hlogin?d8a5cc79ec820f7b14accc71b2516c97,gx-no-cache=1780323305921 HTTP/1.1" 200 90
179.57.78.55 - - [01/Jun/2026:11:08:46 -0300] "GET /cormun/servlet/hpexe_link HTTP/1.1" 200 958
179.57.78.55 - - [01/Jun/2026:11:08:46 -0300] "GET /cormun/servlet/trlicencias HTTP/1.1" 200 11764
201.186.225.183 - - [01/Jun/2026:11:10:03 -0300] "GET /cormun/servlet/permisogoce?INS,0,,, HTTP/1.1" 200 6833
201.186.225.183 - - [01/Jun/2026:11:10:09 -0300] "GET /cormun/servlet/permisogoce?307f855e93a531fe9ac1e33d08f4e09bdf45d2adb7cb6e43641c6c0a8e5352f05777a09e1b43567818b2b2b1272208878f41251803985e93ca477ca003136e77,gx-no-cache=1780323388534 HTTP/1.1" 200 77
201.186.225.183 - - [01/Jun/2026:11:10:15 -0300] "GET /cormun/servlet/permisogoce?307f855e93a531fe9ac1e33d08f4e09b03973a74be13dd08cb157cb604f39506c6016978962474cdb83f6c3fd3bbaa7e882397207ab8c81b2682128b555c215b,gx-no-cache=1780323395192 HTTP/1.1" 200 48
201.186.225.183 - - [01/Jun/2026:11:10:17 -0300] "POST /cormun/servlet/permisogoce?30a8620d91e7a99289555253ad607391,INS,0,,,,gx-no-cache=1780323396654 HTTP/1.1" 200 93
201.186.225.183 - - [01/Jun/2026:11:10:17 -0300] "GET /cormun/servlet/hpexe_return? HTTP/1.1" 200 1008
201.186.225.183 - - [01/Jun/2026:11:10:17 -0300] "GET /cormun/servlet/trpermisosgoce HTTP/1.1" 200 18601
201.186.225.183 - - [01/Jun/2026:11:10:22 -0300] "GET /cormun/servlet/apermisogoceprn?16251983,P,20260601101740,PU HTTP/1.1" 200 1643
10.40.40.2 - - [01/Jun/2026:11:10:31 -0300] "POST /cormun/servlet/trlicencias?c8fd3437a5fcbb2c7f1deaf00ec08279,,gx-no-cache=1780323395656 HTTP/1.1" 440 972
10.40.40.2 - - [01/Jun/2026:11:10:33 -0300] "GET /cormun/servlet/trlicencias? HTTP/1.1" 200 6049
10.40.40.2 - - [01/Jun/2026:11:10:33 -0300] "GET /cormun/servlet/hlogin HTTP/1.1" 200 1736
10.40.40.2 - - [01/Jun/2026:11:10:38 -0300] "POST /cormun/servlet/hlogin?13daba2b3dd1b65be1caca78f4c3b17d,gx-no-cache=1780323402650 HTTP/1.1" 200 90
10.40.40.2 - - [01/Jun/2026:11:10:38 -0300] "GET /cormun/servlet/hpexe_link HTTP/1.1" 200 955
10.40.40.2 - - [01/Jun/2026:11:10:38 -0300] "GET /cormun/servlet/trlicencias HTTP/1.1" 200 18974
10.40.40.2 - - [01/Jun/2026:11:10:45 -0300] "GET /cormun/servlet/alicenciaprn?11889373,L,20260531000000,PU HTTP/1.1" 200 1554
10.40.40.2 - - [01/Jun/2026:11:10:45 -0300] "jf¹*ÔñKÏ»T––ÝeâÎ xÄœF»çäÅ´"5 =M×+ÁW4™{IT̐©E‹FÖæÍ±vCe}²È À+À/̨̩À,À0À" 400 -
10.40.40.2 - - [01/Jun/2026:11:10:55 -0300] "GET /cormun/servlet/licenciaspermisos?DSP,11889373,L,20260531000000, HTTP/1.1" 200 6321
10.40.40.2 - - [01/Jun/2026:11:10:55 -0300] "GET /cormun/static/Resources/prompt.gif HTTP/1.1" 200 902
10.40.40.2 - - [01/Jun/2026:11:11:33 -0300] "POST /cormun/servlet/licenciaspermisos?13daba2b3dd1b65be1caca78f4c3b17d,DSP,11889373,L,20260531000000,,gx-no-cache=1780323457391 HTTP/1.1" 200 93
10.40.40.2 - - [01/Jun/2026:11:11:33 -0300] "GET /cormun/servlet/hpexe_return? HTTP/1.1" 200 1027
10.40.40.2 - - [01/Jun/2026:11:11:33 -0300] "GET /cormun/servlet/trlicencias HTTP/1.1" 200 18998
34.12.110.200 - - [01/Jun/2026:11:12:44 -0300] "êæˌÃÓTŸúh׿¤€éÜÛflñj굿ǒs$ èÚÁҙ;ƒ¥.gƒü¢>Maš²ù­þ‚µ¢âYh3‡õ&À+À/À,À0̨̩À ÀÀ" 400 -
34.12.110.200 - - [01/Jun/2026:11:12:44 -0300] "êæ/éüzܖRy’ð˜pÜ´·Jyü ‹;t?—PÁ‚^ mn¬¡±¸%‡¤ B…ÑBKkPþæ˜ZþyÀ¨ #±q&À+À/À,À0̨̩À ÀÀ" 400 -
34.12.110.200 - - [01/Jun/2026:11:12:44 -0300] "-" 400 -
34.12.110.200 - - [01/Jun/2026:11:12:44 -0300] "êæ‘¥ÃžHÈÌýêó_Šð©Ë*²=Óí—eamA0Sт ÇE?²ÿæ`ӞËcâf>ÂùîÎÿb¼vôN £&À+À/À,À0̨̩À ÀÀ" 400 -
34.12.110.200 - - [01/Jun/2026:11:12:44 -0300] "êæEØùuSåJ÷ŽÚI9éÖɏV`ú6¸‚ qF6‰¦Sì œškÖKߞo:œÕ9â’ýØ üµ[ žuc³öÄ%ÁÈ×&À+À/À,À0̨̩À ÀÀ" 400 -
34.12.110.200 - - [01/Jun/2026:11:12:45 -0300] "GET /wp-json/gravitysmtp/v1/settings HTTP/1.1" 404 1023
34.12.110.200 - - [01/Jun/2026:11:12:45 -0300] "GET /wp-json/gravitysmtp/v1/tests/mock-data?page=gravitysmtp-settings HTTP/1.1" 404 1037
34.12.110.200 - - [01/Jun/2026:11:12:46 -0300] "GET /wp-json/gravitysmtp/v1/config HTTP/1.1" 404 1019
34.12.110.200 - - [01/Jun/2026:11:12:46 -0300] "GET /wp-json/wp/v2/settings HTTP/1.1" 404 1005
34.12.110.200 - - [01/Jun/2026:11:12:47 -0300] "GET /wp-json/gravitysmtp/v1/tests/mock-data HTTP/1.1" 404 1037
10.40.40.2 - - [01/Jun/2026:11:13:18 -0300] "GET /cormun/servlet/trlicencias HTTP/1.1" 200 6043
10.40.40.2 - - [01/Jun/2026:11:13:18 -0300] "GET /cormun/static/gxui/gxui-all.css?120300 HTTP/1.1" 200 2179
10.40.40.2 - - [01/Jun/2026:11:13:18 -0300] "GET /cormun/static/calendar-system.css?85620 HTTP/1.1" 200 5572
10.40.40.2 - - [01/Jun/2026:11:13:18 -0300] "GET /cormun/static/SmoothNavMenu/resources/ddsmoothmenu.css?1112540 HTTP/1.1" 200 2223
10.40.40.2 - - [01/Jun/2026:11:13:18 -0300] "GET /cormun/static/SmoothNavMenu/resources/ddsmoothmenu-v.css?1112540 HTTP/1.1" 200 1188
10.40.40.2 - - [01/Jun/2026:11:13:18 -0300] "GET /cormun/static/scaMessage/css/jquery.pnotify.default.css?1816380 HTTP/1.1" 200 1707
10.40.40.2 - - [01/Jun/2026:11:13:18 -0300] "GET /cormun/static/Shared/jqueryui/jquery-ui.min.css?1345370 HTTP/1.1" 200 30288
10.40.40.2 - - [01/Jun/2026:11:13:18 -0300] "GET /cormun/static/gxtimezone.js?85251 HTTP/1.1" 200 5781
10.40.40.2 - - [01/Jun/2026:11:13:18 -0300] "GET /cormun/static/gxcfg.js?202211298463625 HTTP/1.1" 200 953
10.40.40.2 - - [01/Jun/2026:11:13:18 -0300] "GET /cormun/static/calendar-setup.js?85251 HTTP/1.1" 200 2588
10.40.40.2 - - [01/Jun/2026:11:13:18 -0300] "GET /cormun/static/calendar-es.js?85251 HTTP/1.1" 200 1901
10.40.40.2 - - [01/Jun/2026:11:13:18 -0300] "GET /cormun/static/Resources/Spanish/PXTools.css?8354383 HTTP/1.1" 200 100853
10.40.40.2 - - [01/Jun/2026:11:13:18 -0300] "GET /cormun/static/calendar.js?85251 HTTP/1.1" 200 26246
10.40.40.2 - - [01/Jun/2026:11:13:18 -0300] "GET /cormun/static/RunJS/RunJS.js HTTP/1.1" 200 288
10.40.40.2 - - [01/Jun/2026:11:13:18 -0300] "GET /cormun/static/PXToolsJavascripts/pexe_autoreload.js HTTP/1.1" 200 1762
10.40.40.2 - - [01/Jun/2026:11:13:18 -0300] "GET /cormun/static/PXToolsJavascripts/pexe_cookies.js HTTP/1.1" 200 792
10.40.40.2 - - [01/Jun/2026:11:13:18 -0300] "GET /cormun/static/PXToolsJavascripts/pexe_windows.js HTTP/1.1" 200 15249
10.40.40.2 - - [01/Jun/2026:11:13:18 -0300] "GET /cormun/static/PXToolsJavascripts/pexe_grid.js HTTP/1.1" 200 7559
10.40.40.2 - - [01/Jun/2026:11:13:18 -0300] "GET /cormun/static/PXToolsJavascripts/pexe_griddivfix.js HTTP/1.1" 200 6946
10.40.40.2 - - [01/Jun/2026:11:13:18 -0300] "GET /cormun/static/PXToolsJavascripts/pexe_link.js HTTP/1.1" 200 5671
10.40.40.2 - - [01/Jun/2026:11:13:18 -0300] "GET /cormun/static/PXToolsJavascripts/pexe_menudivfix.js HTTP/1.1" 200 333
10.40.40.2 - - [01/Jun/2026:11:13:18 -0300] "GET /cormun/static/PXToolsJavascripts/pexe_menus.js HTTP/1.1" 200 1286
10.40.40.2 - - [01/Jun/2026:11:13:18 -0300] "GET /cormun/static/PXToolsJavascripts/pexe_layers.js HTTP/1.1" 200 4114
10.40.40.2 - - [01/Jun/2026:11:13:18 -0300] "GET /cormun/static/Shared/ext/resources/css/ext-all.css?215870 HTTP/1.1" 200 416045
10.40.40.2 - - [01/Jun/2026:11:13:18 -0300] "GET /cormun/static/PXToolsJavascripts/pexe_oav.js HTTP/1.1" 200 645
10.40.40.2 - - [01/Jun/2026:11:13:18 -0300] "GET /cormun/static/PXToolsJavascripts/pexe_oavdivfix.js HTTP/1.1" 200 639
10.40.40.2 - - [01/Jun/2026:11:13:18 -0300] "GET /cormun/static/gxgral.js?85251 HTTP/1.1" 200 384558
10.40.40.2 - - [01/Jun/2026:11:13:18 -0300] "GET /cormun/static/PXToolsJavascripts/pexe_picture.js HTTP/1.1" 200 689
10.40.40.2 - - [01/Jun/2026:11:13:18 -0300] "GET /cormun/static/PXToolsJavascripts/pexe_popup.js HTTP/1.1" 200 15149
10.40.40.2 - - [01/Jun/2026:11:13:18 -0300] "GET /cormun/static/gxui/gxui-all.js HTTP/1.1" 200 107772
10.40.40.2 - - [01/Jun/2026:11:13:18 -0300] "GET /cormun/static/PXToolsJavascripts/pexe_scrolldiv.js HTTP/1.1" 200 4138
10.40.40.2 - - [01/Jun/2026:11:13:18 -0300] "GET /cormun/static/PXToolsJavascripts/pexe_tabdivfix.js HTTP/1.1" 200 898
10.40.40.2 - - [01/Jun/2026:11:13:18 -0300] "GET /cormun/static/PXToolsJavascripts/pexe_tabs.js HTTP/1.1" 200 3748
10.40.40.2 - - [01/Jun/2026:11:13:18 -0300] "GET /cormun/static/PXToolsJavascripts/pexe_upload.js HTTP/1.1" 200 1423
10.40.40.2 - - [01/Jun/2026:11:13:18 -0300] "GET /cormun/static/PXToolsJavascripts/PXToolsJavascriptsRender.js HTTP/1.1" 200 367
10.40.40.2 - - [01/Jun/2026:11:13:18 -0300] "GET /cormun/static/Shared/ext/locale/ext-lang-en.js HTTP/1.1" 200 10940
10.40.40.2 - - [01/Jun/2026:11:13:18 -0300] "GET /cormun/static/gxdec.js?85251 HTTP/1.1" 200 19579
10.40.40.2 - - [01/Jun/2026:11:13:18 -0300] "GET /cormun/static/messages.spa.js?85251 HTTP/1.1" 200 30736
10.40.40.2 - - [01/Jun/2026:11:13:18 -0300] "GET /cormun/static/hwchdr01.js?2022112219251119 HTTP/1.1" 200 996
10.40.40.2 - - [01/Jun/2026:11:13:18 -0300] "GET /cormun/static/hpexe_recentlink.js?20201214471090 HTTP/1.1" 200 2144
10.40.40.2 - - [01/Jun/2026:11:13:18 -0300] "GET /cormun/static/hpexe_messagecontroller.js?202211298371222 HTTP/1.1" 200 870
10.40.40.2 - - [01/Jun/2026:11:13:18 -0300] "GET /cormun/static/hpexe_scripts.js?20201214471411 HTTP/1.1" 200 1544
10.40.40.2 - - [01/Jun/2026:11:13:18 -0300] "GET /cormun/static/hpexe_messagepopupcomponent.js?2020121447232 HTTP/1.1" 200 605
10.40.40.2 - - [01/Jun/2026:11:13:18 -0300] "GET /cormun/static/hpexe_messagegenexuscomponent.js?20221129836373 HTTP/1.1" 200 587
10.40.40.2 - - [01/Jun/2026:11:13:18 -0300] "GET /cormun/static/cmcontrolpreferences.js?20199141926336 HTTP/1.1" 200 1375
10.40.40.2 - - [01/Jun/2026:11:13:18 -0300] "GET /cormun/static/trlicencias.js?202211298463889 HTTP/1.1" 200 41883
10.40.40.2 - - [01/Jun/2026:11:13:18 -0300] "GET /cormun/static/Shared/jquery/jquery-1.4.2.min.js HTTP/1.1" 200 72174
10.40.40.2 - - [01/Jun/2026:11:13:18 -0300] "GET /cormun/static/SmoothNavMenu/resources/ddsmoothmenu.js HTTP/1.1" 200 12712
10.40.40.2 - - [01/Jun/2026:11:13:18 -0300] "GET /cormun/static/SmoothNavMenu/resources/SmoothNavMenuRender.js HTTP/1.1" 200 5951
10.40.40.2 - - [01/Jun/2026:11:13:18 -0300] "GET /cormun/static/scaMessage/js/jquery.pnotify.min.js HTTP/1.1" 200 13038
10.40.40.2 - - [01/Jun/2026:11:13:18 -0300] "GET /cormun/static/scaMessage/scaMessageRender.js HTTP/1.1" 200 11977
10.40.40.2 - - [01/Jun/2026:11:13:18 -0300] "GET /cormun/static/hmpwkw03.js?20221129844354 HTTP/1.1" 200 3971
10.40.40.2 - - [01/Jun/2026:11:13:18 -0300] "GET /cormun/static/Shared/jqueryui/jquery-ui.min.js HTTP/1.1" 200 240427
10.40.40.2 - - [01/Jun/2026:11:13:18 -0300] "GET /cormun/static/Shared/jquery/jquery-1.10.2.min.js HTTP/1.1" 200 273199
10.40.40.2 - - [01/Jun/2026:11:13:19 -0300] "GET /cormun/static/Shared/ext/ext-all.js HTTP/1.1" 200 1289687
10.40.40.2 - - [01/Jun/2026:11:13:19 -0300] "GET /cormun/static/Resources/PXTools/calendar.png HTTP/1.1" 200 1306
10.40.40.2 - - [01/Jun/2026:11:13:19 -0300] "GET /cormun/static/Resources/PXToolsAddAllAction.png HTTP/1.1" 200 495
10.40.40.2 - - [01/Jun/2026:11:13:19 -0300] "GET /cormun/static/Resources/Llave.png HTTP/1.1" 200 1395
10.40.40.2 - - [01/Jun/2026:11:13:19 -0300] "GET /cormun/static/Resources/ImgLogin.png HTTP/1.1" 200 1432
10.40.40.2 - - [01/Jun/2026:11:13:19 -0300] "GET /cormun/static/Resources/CormunMP2.png HTTP/1.1" 200 6878
10.40.40.2 - - [01/Jun/2026:11:13:19 -0300] "GET /cormun/static/Resources/ImgHome.png HTTP/1.1" 200 1364
10.40.40.2 - - [01/Jun/2026:11:13:19 -0300] "GET /cormun/static/Resources/PXToolsDataSearch.png HTTP/1.1" 200 435
10.40.40.2 - - [01/Jun/2026:11:13:19 -0300] "GET /cormun/static/Resources/PXToolsGridFirstDisabled.gif HTTP/1.1" 200 100
10.40.40.2 - - [01/Jun/2026:11:13:19 -0300] "GET /cormun/static/Resources/PXToolsGridPreviousDisabled.gif HTTP/1.1" 200 90
10.40.40.2 - - [01/Jun/2026:11:13:19 -0300] "GET /cormun/static/Resources/PXToolsGridNextDisabled.gif HTTP/1.1" 200 90
10.40.40.2 - - [01/Jun/2026:11:13:19 -0300] "GET /cormun/static/Resources/PXToolsGridLastDisabled.gif HTTP/1.1" 200 98
10.40.40.2 - - [01/Jun/2026:11:13:19 -0300] "GET /cormun/static/Resources/PXToolsGridPage.gif HTTP/1.1" 200 725
10.40.40.2 - - [01/Jun/2026:11:13:19 -0300] "GET /cormun/static/Resources/PXToolsDataTitle.png HTTP/1.1" 200 1173
10.40.40.2 - - [01/Jun/2026:11:13:19 -0300] "GET /cormun/static/Resources/PXToolsActionExcel.png HTTP/1.1" 200 727
10.40.40.2 - - [01/Jun/2026:11:13:19 -0300] "GET /cormun/static/Resources/indicator.gif HTTP/1.1" 200 1553
10.40.40.2 - - [01/Jun/2026:11:13:19 -0300] "GET /cormun/servlet/hlogin HTTP/1.1" 200 1735
10.40.40.2 - - [01/Jun/2026:11:13:19 -0300] "GET /cormun/static/Resources/asc.gif HTTP/1.1" 200 67
10.40.40.2 - - [01/Jun/2026:11:13:19 -0300] "GET /cormun/static/Resources/desc.gif HTTP/1.1" 200 65
10.40.40.2 - - [01/Jun/2026:11:13:19 -0300] "GET /cormun/static/gxtimezone.js?85251 HTTP/1.1" 200 5781
10.40.40.2 - - [01/Jun/2026:11:13:19 -0300] "GET /cormun/static/gxcfg.js?2022112219184450 HTTP/1.1" 200 953
10.40.40.2 - - [01/Jun/2026:11:13:19 -0300] "GET /cormun/static/messages.spa.js?85251 HTTP/1.1" 200 30736
10.40.40.2 - - [01/Jun/2026:11:13:19 -0300] "GET /cormun/static/hlogin.js?2022112219184458 HTTP/1.1" 200 2156
10.40.40.2 - - [01/Jun/2026:11:13:19 -0300] "GET /cormun/static/Resources/Spanish/PXTools.css?1759030 HTTP/1.1" 200 100853
10.40.40.2 - - [01/Jun/2026:11:13:19 -0300] "GET /cormun/servlet/trlicencias HTTP/1.1" 200 6044
10.40.40.2 - - [01/Jun/2026:11:13:19 -0300] "GET /cormun/static/gxgral.js?85251 HTTP/1.1" 200 384558
10.40.40.2 - - [01/Jun/2026:11:13:19 -0300] "GET /cormun/static/Resources/CormunLogin.png HTTP/1.1" 200 19132
10.40.40.2 - - [01/Jun/2026:11:13:19 -0300] "GET /cormun/static/Resources/PXToolsLoginTop.png HTTP/1.1" 200 1337
10.40.40.2 - - [01/Jun/2026:11:13:19 -0300] "GET /cormun/static/Resources/PXToolsLoginBackground.png HTTP/1.1" 200 1164
10.40.40.2 - - [01/Jun/2026:11:13:19 -0300] "GET /cormun/static/Resources/PXToolsButtonLeft.png HTTP/1.1" 200 1310
10.40.40.2 - - [01/Jun/2026:11:13:19 -0300] "GET /cormun/static/Resources/PXToolsButtonRight.png HTTP/1.1" 200 1294
10.40.40.2 - - [01/Jun/2026:11:13:19 -0300] "GET /cormun/static/Resources/PXToolsButtonBackground.png HTTP/1.1" 200 1176
10.40.40.2 - - [01/Jun/2026:11:13:19 -0300] "GET /cormun/static/Resources/PXToolsLoginBottom.png HTTP/1.1" 200 1389
10.40.40.2 - - [01/Jun/2026:11:13:19 -0300] "GET /cormun/static/Resources/indicator.gif HTTP/1.1" 200 1553
146.190.119.189 - - [01/Jun/2026:11:13:45 -0300] "GET / HTTP/1.1" 200 11217
201.186.226.5 - - [01/Jun/2026:11:17:04 -0300] "GET /cormun/servlet/hlogin HTTP/1.1" 200 1736
201.186.225.183 - - [01/Jun/2026:11:17:23 -0300] "GET /cormun/servlet/trpermisosgoce? HTTP/1.1" 200 18592
201.186.225.183 - - [01/Jun/2026:11:17:24 -0300] "GET /cormun/servlet/permisogoce?INS,0,,, HTTP/1.1" 200 6834
201.186.225.183 - - [01/Jun/2026:11:17:32 -0300] "GET /cormun/servlet/permisogoce?307f855e93a531fe9ac1e33d08f4e09bbf02551a74c5de5893e67757fc03de4d5777a09e1b43567818b2b2b1272208878f41251803985e93ca477ca003136e77,gx-no-cache=1780323831526 HTTP/1.1" 200 72
201.186.225.183 - - [01/Jun/2026:11:17:39 -0300] "GET /cormun/servlet/permisogoce?307f855e93a531fe9ac1e33d08f4e09b3dfdf75ffe6094489532532c691ae9058c810b713f78b98b049a57ec70024507882397207ab8c81b2682128b555c215b,gx-no-cache=1780323839018 HTTP/1.1" 200 48
201.186.225.183 - - [01/Jun/2026:11:17:49 -0300] "GET /cormun/servlet/permisogoce?307f855e93a531fe9ac1e33d08f4e09b3dfdf75ffe6094489532532c691ae90558ec2feaf2ae24c1756a7174fde06249375581b06a2719da891f52ece2dd7465,gx-no-cache=1780323849396 HTTP/1.1" 200 48
201.186.225.183 - - [01/Jun/2026:11:17:51 -0300] "POST /cormun/servlet/permisogoce?30a8620d91e7a99289555253ad607391,INS,0,,,,gx-no-cache=1780323850652 HTTP/1.1" 200 93
201.186.225.183 - - [01/Jun/2026:11:17:51 -0300] "GET /cormun/servlet/hpexe_return? HTTP/1.1" 200 1008
201.186.225.183 - - [01/Jun/2026:11:17:52 -0300] "GET /cormun/servlet/trpermisosgoce HTTP/1.1" 200 18606
201.186.225.183 - - [01/Jun/2026:11:17:56 -0300] "GET /cormun/servlet/apermisogoceprn?19679065,P,20260601102502,PU HTTP/1.1" 200 1641
201.186.225.191 - - [01/Jun/2026:11:20:29 -0300] "GET /cormun/servlet/hlogin HTTP/1.1" 200 1719
201.186.225.191 - - [01/Jun/2026:11:20:29 -0300] "GET /cormun/static/gxtimezone.js?85251 HTTP/1.1" 200 5781
201.186.225.191 - - [01/Jun/2026:11:20:29 -0300] "GET /cormun/static/gxcfg.js?2022112219184450 HTTP/1.1" 200 953
201.186.225.191 - - [01/Jun/2026:11:20:29 -0300] "GET /cormun/static/Resources/CormunLogin.png HTTP/1.1" 200 19132
201.186.225.191 - - [01/Jun/2026:11:20:29 -0300] "GET /cormun/static/Resources/Spanish/PXTools.css?1759030 HTTP/1.1" 200 100853
201.186.225.191 - - [01/Jun/2026:11:20:29 -0300] "GET /cormun/static/messages.spa.js?85251 HTTP/1.1" 200 30736
201.186.225.191 - - [01/Jun/2026:11:20:29 -0300] "GET /cormun/static/hlogin.js?2022112219184458 HTTP/1.1" 200 2156
201.186.225.191 - - [01/Jun/2026:11:20:29 -0300] "GET /cormun/static/gxgral.js?85251 HTTP/1.1" 200 384558
201.186.225.191 - - [01/Jun/2026:11:20:29 -0300] "GET /cormun/static/Resources/PXToolsLoginTop.png HTTP/1.1" 200 1337
201.186.225.191 - - [01/Jun/2026:11:20:29 -0300] "GET /cormun/static/Resources/PXToolsLoginBackground.png HTTP/1.1" 200 1164
201.186.225.191 - - [01/Jun/2026:11:20:29 -0300] "GET /cormun/static/Resources/PXToolsButtonLeft.png HTTP/1.1" 200 1310
201.186.225.191 - - [01/Jun/2026:11:20:29 -0300] "GET /cormun/static/Resources/PXToolsButtonRight.png HTTP/1.1" 200 1294
201.186.225.191 - - [01/Jun/2026:11:20:29 -0300] "GET /cormun/static/Resources/PXToolsButtonBackground.png HTTP/1.1" 200 1176
201.186.225.191 - - [01/Jun/2026:11:20:29 -0300] "GET /cormun/static/Resources/PXToolsLoginBottom.png HTTP/1.1" 200 1389
201.186.225.191 - - [01/Jun/2026:11:20:29 -0300] "GET /cormun/servlet/hlogin HTTP/1.1" 200 1729
201.186.225.191 - - [01/Jun/2026:11:20:29 -0300] "GET /cormun/static/Resources/indicator.gif HTTP/1.1" 200 1553
201.186.225.191 - - [01/Jun/2026:11:20:29 -0300] "GET /favicon.ico HTTP/1.1" 200 21630
201.186.225.191 - - [01/Jun/2026:11:20:49 -0300] "POST /cormun/servlet/hlogin?4ca5793b927081136bd8a5c232cec865,gx-no-cache=1780324028954 HTTP/1.1" 200 90
201.186.225.191 - - [01/Jun/2026:11:20:49 -0300] "GET /cormun/servlet/hpexe_link HTTP/1.1" 200 948
201.186.225.191 - - [01/Jun/2026:11:20:49 -0300] "GET /cormun/static/gxcfg.js?20221129847421 HTTP/1.1" 200 953
201.186.225.191 - - [01/Jun/2026:11:20:49 -0300] "GET /cormun/static/hpexe_link.js?20221129847423 HTTP/1.1" 200 625
201.186.225.191 - - [01/Jun/2026:11:20:49 -0300] "GET /cormun/static/Resources/Spanish/PXTools.css?8354383 HTTP/1.1" 200 100853
201.186.225.191 - - [01/Jun/2026:11:20:49 -0300] "GET /cormun/servlet/hhome HTTP/1.1" 200 4213
201.186.225.191 - - [01/Jun/2026:11:20:49 -0300] "GET /cormun/static/SmoothNavMenu/resources/ddsmoothmenu.css?1112540 HTTP/1.1" 200 2223
201.186.225.191 - - [01/Jun/2026:11:20:49 -0300] "GET /cormun/static/Shared/jqueryui/jquery-ui.min.css?1345370 HTTP/1.1" 200 30288
201.186.225.191 - - [01/Jun/2026:11:20:49 -0300] "GET /cormun/static/SmoothNavMenu/resources/ddsmoothmenu-v.css?1112540 HTTP/1.1" 200 1188
201.186.225.191 - - [01/Jun/2026:11:20:49 -0300] "GET /cormun/static/scaMessage/css/jquery.pnotify.default.css?1816380 HTTP/1.1" 200 1707
201.186.225.191 - - [01/Jun/2026:11:20:49 -0300] "GET /cormun/static/gxcfg.js?20201215495537 HTTP/1.1" 200 953
201.186.225.191 - - [01/Jun/2026:11:20:49 -0300] "GET /cormun/static/PXToolsJavascripts/pexe_autoreload.js HTTP/1.1" 200 1762
201.186.225.191 - - [01/Jun/2026:11:20:49 -0300] "GET /cormun/static/PXToolsJavascripts/pexe_cookies.js HTTP/1.1" 200 792
201.186.225.191 - - [01/Jun/2026:11:20:49 -0300] "GET /cormun/static/PXToolsJavascripts/pexe_grid.js HTTP/1.1" 200 7559
201.186.225.191 - - [01/Jun/2026:11:20:49 -0300] "GET /cormun/static/PXToolsJavascripts/pexe_griddivfix.js HTTP/1.1" 200 6946
201.186.225.191 - - [01/Jun/2026:11:20:49 -0300] "GET /cormun/static/Resources/Spanish/PXTools.css?14345360 HTTP/1.1" 200 100853
201.186.225.191 - - [01/Jun/2026:11:20:49 -0300] "GET /cormun/static/PXToolsJavascripts/pexe_link.js HTTP/1.1" 200 5671
201.186.225.191 - - [01/Jun/2026:11:20:49 -0300] "GET /cormun/static/PXToolsJavascripts/pexe_windows.js HTTP/1.1" 200 15249
201.186.225.191 - - [01/Jun/2026:11:20:49 -0300] "GET /cormun/static/PXToolsJavascripts/pexe_menudivfix.js HTTP/1.1" 200 333
201.186.225.191 - - [01/Jun/2026:11:20:49 -0300] "GET /cormun/static/PXToolsJavascripts/pexe_menus.js HTTP/1.1" 200 1286
201.186.225.191 - - [01/Jun/2026:11:20:49 -0300] "GET /cormun/static/PXToolsJavascripts/pexe_layers.js HTTP/1.1" 200 4114
201.186.225.191 - - [01/Jun/2026:11:20:49 -0300] "GET /cormun/static/PXToolsJavascripts/pexe_oav.js HTTP/1.1" 200 645
201.186.225.191 - - [01/Jun/2026:11:20:49 -0300] "GET /cormun/static/PXToolsJavascripts/pexe_oavdivfix.js HTTP/1.1" 200 639
201.186.225.191 - - [01/Jun/2026:11:20:49 -0300] "GET /cormun/static/PXToolsJavascripts/pexe_picture.js HTTP/1.1" 200 689
201.186.225.191 - - [01/Jun/2026:11:20:49 -0300] "GET /cormun/static/PXToolsJavascripts/pexe_popup.js HTTP/1.1" 200 15149
201.186.225.191 - - [01/Jun/2026:11:20:49 -0300] "GET /cormun/static/PXToolsJavascripts/pexe_scrolldiv.js HTTP/1.1" 200 4138
201.186.225.191 - - [01/Jun/2026:11:20:49 -0300] "GET /cormun/static/PXToolsJavascripts/pexe_tabdivfix.js HTTP/1.1" 200 898
201.186.225.191 - - [01/Jun/2026:11:20:49 -0300] "GET /cormun/static/PXToolsJavascripts/pexe_tabs.js HTTP/1.1" 200 3748
201.186.225.191 - - [01/Jun/2026:11:20:49 -0300] "GET /cormun/static/PXToolsJavascripts/pexe_upload.js HTTP/1.1" 200 1423
201.186.225.191 - - [01/Jun/2026:11:20:49 -0300] "GET /cormun/static/PXToolsJavascripts/PXToolsJavascriptsRender.js HTTP/1.1" 200 367
201.186.225.191 - - [01/Jun/2026:11:20:49 -0300] "GET /cormun/static/Resources/CormunMP2.png HTTP/1.1" 200 6878
201.186.225.191 - - [01/Jun/2026:11:20:49 -0300] "GET /cormun/static/Resources/ImgHome.png HTTP/1.1" 200 1364
201.186.225.191 - - [01/Jun/2026:11:20:49 -0300] "GET /cormun/static/Resources/ImgLogin.png HTTP/1.1" 200 1432
201.186.225.191 - - [01/Jun/2026:11:20:49 -0300] "GET /cormun/static/Resources/Llave.png HTTP/1.1" 200 1395
201.186.225.191 - - [01/Jun/2026:11:20:49 -0300] "GET /cormun/static/RunJS/RunJS.js HTTP/1.1" 200 288
201.186.225.191 - - [01/Jun/2026:11:20:49 -0300] "GET /cormun/static/Shared/ext/locale/ext-lang-en.js HTTP/1.1" 200 10940
201.186.225.191 - - [01/Jun/2026:11:20:50 -0300] "GET /cormun/static/hhome.js?20201215495544 HTTP/1.1" 200 777
201.186.225.191 - - [01/Jun/2026:11:20:50 -0300] "GET /cormun/static/hwchdr01.js?2022112219251119 HTTP/1.1" 200 996
201.186.225.191 - - [01/Jun/2026:11:20:50 -0300] "GET /cormun/static/hpexe_recentlink.js?20201214471090 HTTP/1.1" 200 2144
201.186.225.191 - - [01/Jun/2026:11:20:50 -0300] "GET /cormun/static/hpexe_scripts.js?20201214471411 HTTP/1.1" 200 1544
201.186.225.191 - - [01/Jun/2026:11:20:50 -0300] "GET /cormun/static/Resources/PXToolsDataTitle.png HTTP/1.1" 200 1173
201.186.225.191 - - [01/Jun/2026:11:20:50 -0300] "GET /cormun/static/hpexe_messagecontroller.js?202211298371222 HTTP/1.1" 200 870
201.186.225.191 - - [01/Jun/2026:11:20:50 -0300] "GET /cormun/static/hpexe_messagepopupcomponent.js?2020121447232 HTTP/1.1" 200 605
201.186.225.191 - - [01/Jun/2026:11:20:50 -0300] "GET /cormun/static/gxui/gxui-all.js HTTP/1.1" 200 107772
201.186.225.191 - - [01/Jun/2026:11:20:50 -0300] "GET /cormun/static/hpexe_messagegenexuscomponent.js?20221129836373 HTTP/1.1" 200 587
201.186.225.191 - - [01/Jun/2026:11:20:50 -0300] "GET /cormun/static/cmcontrolpreferences.js?20199141926336 HTTP/1.1" 200 1375
201.186.225.191 - - [01/Jun/2026:11:20:50 -0300] "GET /cormun/static/SmoothNavMenu/resources/ddsmoothmenu.js HTTP/1.1" 200 12712
