190.95.67.91 - - [27/May/2026:09:09:37 -0300] "GET /cormun/servlet/permisogoce?0caa4615e4d46ddec360c5456e9c3affb13455600a08b36c32fa2411afcd5e6ead9ba01c3a569c2cfcf7a4434720429f4ad5e690ecd4bd9a31eeaa918662b774,gx-no-cache=1779884165091 HTTP/1.1" 200 47
190.95.2.163 - - [27/May/2026:09:09:56 -0300] "GET /cormun/servlet/permisogoce?41d5462eefffbca27cb66b31668c6c27acdd3a694e5bc61fed3ebb589de2acfab9559cae64f2d5cac99033af388a8e5d8e6465d2993c7d0d3d90f3e024376bd6,gx-no-cache=1779884182646 HTTP/1.1" 200 85
190.95.2.163 - - [27/May/2026:09:09:56 -0300] "GET /cormun/static/menuarrow.gif HTTP/1.1" 404 1015
190.95.67.91 - - [27/May/2026:09:09:57 -0300] "POST /cormun/servlet/permisogoce?aba194eb112499696b8b214a90bf9f91,INS,0,,,,gx-no-cache=1779884185147 HTTP/1.1" 200 93
190.95.67.91 - - [27/May/2026:09:09:57 -0300] "GET /cormun/servlet/hpexe_return? HTTP/1.1" 200 1031
190.95.67.91 - - [27/May/2026:09:09:57 -0300] "GET /cormun/servlet/trpermisosgoce?gx-no-cache=1779883882575 HTTP/1.1" 200 19294
190.95.67.91 - - [27/May/2026:09:10:07 -0300] "GET /cormun/servlet/trpermisosadjuntos?9756929,20260527081353,P, HTTP/1.1" 200 6742
190.95.2.163 - - [27/May/2026:09:10:08 -0300] "GET /cormun/servlet/permisogoce?41d5462eefffbca27cb66b31668c6c2700f2ae367f2b054e4e6f2884b41604c2aa638805d98f0b4605ba4dd642b25516397dc3d5cd1c29dba6b68efbc36ad3da,gx-no-cache=1779884195523 HTTP/1.1" 200 47
190.95.67.91 - - [27/May/2026:09:10:09 -0300] "GET /cormun/servlet/permisosadjuntos?INS,9756929,P,20260527081353,, HTTP/1.1" 200 6040
190.95.67.91 - - [27/May/2026:09:10:09 -0300] "GET /cormun/static/about:blank HTTP/1.1" 404 1011
190.95.2.163 - - [27/May/2026:09:10:13 -0300] "POST /cormun/servlet/permisogoce?c2699011318ef50680a2db03f9f0a60b,INS,0,,,,gx-no-cache=1779884199892 HTTP/1.1" 200 93
190.95.2.163 - - [27/May/2026:09:10:13 -0300] "GET /cormun/servlet/hpexe_return? HTTP/1.1" 200 1011
190.95.2.163 - - [27/May/2026:09:10:14 -0300] "GET /cormun/servlet/trpermisosgoce HTTP/1.1" 200 14001
190.95.67.91 - - [27/May/2026:09:10:21 -0300] "POST /cormun/servlet/permisosadjuntos?aba194eb112499696b8b214a90bf9f91,INS,9756929,P,20260527081353,, HTTP/1.1" 200 116
190.95.67.91 - - [27/May/2026:09:10:21 -0300] "GET /cormun/servlet/hpexe_return? HTTP/1.1" 200 1038
190.95.67.91 - - [27/May/2026:09:10:21 -0300] "GET /cormun/servlet/trpermisosadjuntos?9756929,20260527081353,P, HTTP/1.1" 200 7267
190.95.2.163 - - [27/May/2026:09:10:21 -0300] "GET /cormun/servlet/apermisogoceprn?15523072,P,20260527081706,PU HTTP/1.1" 200 1654
190.121.111.10 - - [27/May/2026:09:11:43 -0300] "POST /cormun/servlet/trsolicitudgral?d630abbfafeb9cefba1dfe4bd6c186f3,gx-no-cache=1779884367259 HTTP/1.1" 200 6665
190.121.111.10 - - [27/May/2026:09:11:52 -0300] "GET /cormun/servlet/vesolicitudgral?2026,23622,, HTTP/1.1" 200 8434
190.121.111.10 - - [27/May/2026:09:11:54 -0300] "GET /cormun/pexe_scrolldiv.js HTTP/1.1" 404 1009
190.95.1.185 - - [27/May/2026:09:11:56 -0300] "GET /cormun/servlet/hlogin HTTP/1.1" 200 1719
190.95.1.185 - - [27/May/2026:09:11:56 -0300] "GET /cormun/servlet/hlogin HTTP/1.1" 200 1730
190.95.1.185 - - [27/May/2026:09:12:01 -0300] "POST /cormun/servlet/hlogin?b2409a25b3bd3d4f2101a89dde79eb4f,gx-no-cache=1779884309255 HTTP/1.1" 200 90
190.95.1.185 - - [27/May/2026:09:12:01 -0300] "GET /cormun/servlet/hpexe_link HTTP/1.1" 200 952
190.95.1.185 - - [27/May/2026:09:12:01 -0300] "GET /cormun/servlet/hhome HTTP/1.1" 200 4483
190.95.1.185 - - [27/May/2026:09:12:04 -0300] "GET /cormun/servlet/trpermisosgoce? HTTP/1.1" 200 15135
190.95.1.185 - - [27/May/2026:09:12:10 -0300] "GET /cormun/servlet/trpermisosadjuntos?16318761,20260525160627,P, HTTP/1.1" 200 6828
190.95.1.185 - - [27/May/2026:09:12:14 -0300] "GET /cormun/servlet/trpermisosgoce? HTTP/1.1" 200 15147
190.95.1.185 - - [27/May/2026:09:12:23 -0300] "GET /cormun/servlet/permisogoce?INS,0,,, HTTP/1.1" 200 7383
190.95.1.185 - - [27/May/2026:09:12:32 -0300] "GET /cormun/servlet/permisogoce?4d91176d800462fc51880fc9e35bc86d8048577c2d9d379ea8f427b3fca08dfbb98876766bb52aab1d9b8823f7a20460ddef25867551a2f7df6bd47768a9842b,gx-no-cache=1779884339428 HTTP/1.1" 200 79
190.95.1.185 - - [27/May/2026:09:12:34 -0300] "GET /cormun/static/menuarrow.gif HTTP/1.1" 404 1015
190.95.1.185 - - [27/May/2026:09:12:38 -0300] "GET /cormun/servlet/permisogoce?4d91176d800462fc51880fc9e35bc86dc1f4a44fe840e8772c516ba44975b4d92297fcbfe7692c4fe735e0c3d3bf030fb25bbb6d6f1d4676e95ffda1a40ceb97,gx-no-cache=1779884346168 HTTP/1.1" 200 47
190.95.67.91 - - [27/May/2026:09:13:11 -0300] "POST /cormun/servlet/trpermisosadjuntos?aba194eb112499696b8b214a90bf9f91,9756929,20260527081353,P,,gx-no-cache=1779884379221 HTTP/1.1" 200 90
190.95.67.91 - - [27/May/2026:09:13:11 -0300] "GET /cormun/servlet/hpexe_link HTTP/1.1" 200 1005
190.95.67.91 - - [27/May/2026:09:13:11 -0300] "GET /cormun/servlet/trpermisosgoce?gx-no-cache=1779883882575 HTTP/1.1" 200 19291
190.95.67.91 - - [27/May/2026:09:13:13 -0300] "POST /cormun/servlet/trpermisosgoce?aba194eb112499696b8b214a90bf9f91,gx-no-cache=1779883882575,gx-no-cache=1779884381141 HTTP/1.1" 200 16278
192.168.10.19 - - [27/May/2026:09:13:27 -0300] "POST /cormun/servlet/trsolicitudgral?bc5cba10b222a3b1b3ec3f7dbf3a5e7d,,gx-no-cache=1779884477149 HTTP/1.1" 200 7513
192.168.10.19 - - [27/May/2026:09:13:29 -0300] "GET /cormun/servlet/vesolicitudgral?2026,23450,, HTTP/1.1" 200 8396
192.168.10.19 - - [27/May/2026:09:13:30 -0300] "GET /cormun/pexe_scrolldiv.js HTTP/1.1" 404 1009
190.95.67.91 - - [27/May/2026:09:13:34 -0300] "GET /cormun/servlet/permisogoce?INS,0,,, HTTP/1.1" 200 7313
190.95.67.91 - - [27/May/2026:09:13:44 -0300] "GET /cormun/servlet/permisogoce?0caa4615e4d46ddec360c5456e9c3aff56003d20a2adedb79664561fe2b74ac3e2a9f93e2146aa36e75bc5441f0ba193a6e02b666f8a3c15d59c5ac5d795ec55,gx-no-cache=1779884412622 HTTP/1.1" 200 79
192.168.10.19 - - [27/May/2026:09:13:51 -0300] "GET /cormun/servlet/vesolicitudgral?2026,23450,,SolicitudOTAdjuntos HTTP/1.1" 200 11467
192.168.10.19 - - [27/May/2026:09:13:51 -0300] "GET /cormun/pexe_scrolldiv.js HTTP/1.1" 404 1009
190.95.1.183 - - [27/May/2026:09:13:51 -0300] "GET /cormun/servlet/hlogin HTTP/1.1" 200 1722
190.95.1.183 - - [27/May/2026:09:13:52 -0300] "GET /cormun/servlet/hlogin HTTP/1.1" 200 1732
190.95.67.91 - - [27/May/2026:09:13:52 -0300] "GET /cormun/servlet/permisogoce?0caa4615e4d46ddec360c5456e9c3aff5f3fd40113d6d6ad57592d6577d3a762b175141966ac8f71c5acea1f8d2f9aea52f2b47f8a9283bc9eea964d2bfb211b,gx-no-cache=1779884420259 HTTP/1.1" 200 48
192.168.10.19 - - [27/May/2026:09:13:52 -0300] "POST /cormun/servlet/acontrolpreferencessavestate?None,RRHH+DANIELA,true HTTP/1.1" 200 35
190.95.1.183 - - [27/May/2026:09:13:56 -0300] "POST /cormun/servlet/hlogin?d9c86fa1dc0ef2a502dc2d590667d749,gx-no-cache=1779884425907 HTTP/1.1" 200 90
190.95.1.183 - - [27/May/2026:09:13:56 -0300] "GET /cormun/servlet/hpexe_link HTTP/1.1" 200 952
190.95.1.183 - - [27/May/2026:09:13:56 -0300] "GET /cormun/servlet/hhome HTTP/1.1" 200 3978
192.168.10.19 - - [27/May/2026:09:13:57 -0300] "GET /cormun/servlet/trsolicitudgral? HTTP/1.1" 200 10601
190.95.1.183 - - [27/May/2026:09:14:00 -0300] "GET /cormun/servlet/trsolicitudot? HTTP/1.1" 200 7199
192.168.10.19 - - [27/May/2026:09:14:01 -0300] "POST /cormun/servlet/trsolicitudgral?bc5cba10b222a3b1b3ec3f7dbf3a5e7d,,gx-no-cache=1779884510718 HTTP/1.1" 200 6671
192.168.10.19 - - [27/May/2026:09:14:02 -0300] "GET /cormun/servlet/vesolicitudgral?2026,23450,, HTTP/1.1" 200 8396
192.168.10.19 - - [27/May/2026:09:14:02 -0300] "GET /cormun/pexe_scrolldiv.js HTTP/1.1" 404 1009
190.95.1.183 - - [27/May/2026:09:14:04 -0300] "GET /cormun/servlet/solicitudot?INS,0,0,false, HTTP/1.1" 200 16057
190.95.1.183 - - [27/May/2026:09:14:04 -0300] "GET /cormun/static/gxcfg.js?20221129840861 HTTP/1.1" 200 953
190.95.1.183 - - [27/May/2026:09:14:04 -0300] "GET /cormun/static/solicitudot.js?20221129840983 HTTP/1.1" 200 74072
192.168.10.19 - - [27/May/2026:09:14:04 -0300] "POST /cormun/servlet/vesolicitudgral?bc5cba10b222a3b1b3ec3f7dbf3a5e7d,2026,23450,,,gx-no-cache=1779884513663 HTTP/1.1" 200 12347
192.168.10.19 - - [27/May/2026:09:14:04 -0300] "GET /cormun/static/Shared/jqueryui/images/ui-icons_82798d_256x240.png HTTP/1.1" 404 1089
192.168.10.19 - - [27/May/2026:09:14:04 -0300] "GET /cormun/static/Shared/jqueryui/images/ui-bg_highlight-soft_100_c6c2c8_1x100.png HTTP/1.1" 404 1117
192.168.10.19 - - [27/May/2026:09:14:04 -0300] "GET /cormun/static/Shared/jqueryui/images/ui-icons_8d78a5_256x240.png HTTP/1.1" 404 1089
192.168.10.19 - - [27/May/2026:09:14:04 -0300] "GET /cormun/static/Shared/jqueryui/images/ui-bg_flat_55_fafafa_40x100.png HTTP/1.1" 404 1097
192.168.10.19 - - [27/May/2026:09:14:04 -0300] "POST /cormun/servlet/vesolicitudgral?bc5cba10b222a3b1b3ec3f7dbf3a5e7d,2026,23450,,,gx-no-cache=1779884513909 HTTP/1.1" 200 12280
192.168.10.19 - - [27/May/2026:09:14:06 -0300] "GET /cormun/servlet/vesolicitudgral?2026,23450,,SolicitudOTAdjuntos HTTP/1.1" 200 11469
192.168.10.19 - - [27/May/2026:09:14:06 -0300] "GET /cormun/pexe_scrolldiv.js HTTP/1.1" 404 1009
190.95.67.91 - - [27/May/2026:09:14:06 -0300] "POST /cormun/servlet/permisogoce?aba194eb112499696b8b214a90bf9f91,INS,0,,,,gx-no-cache=1779884434522 HTTP/1.1" 200 93
190.95.67.91 - - [27/May/2026:09:14:06 -0300] "GET /cormun/servlet/hpexe_return? HTTP/1.1" 200 1031
190.95.67.91 - - [27/May/2026:09:14:07 -0300] "GET /cormun/servlet/trpermisosgoce?gx-no-cache=1779883882575 HTTP/1.1" 200 19240
192.168.10.19 - - [27/May/2026:09:14:07 -0300] "POST /cormun/servlet/acontrolpreferencessavestate?None,RRHH+DANIELA,true HTTP/1.1" 200 35
190.95.67.91 - - [27/May/2026:09:14:09 -0300] "GET /cormun/servlet/trpermisosadjuntos?15113366,20260527082124,P, HTTP/1.1" 200 6731
192.168.10.19 - - [27/May/2026:09:14:09 -0300] "GET /cormun/PublicTempStorage/cedula_monitor0264709372.pdf HTTP/1.1" 200 150693
190.95.67.91 - - [27/May/2026:09:14:10 -0300] "GET /cormun/servlet/permisosadjuntos?INS,15113366,P,20260527082124,, HTTP/1.1" 200 6025
190.95.67.91 - - [27/May/2026:09:14:10 -0300] "GET /cormun/static/about:blank HTTP/1.1" 404 1011
190.95.1.183 - - [27/May/2026:09:14:15 -0300] "POST /cormun/servlet/solicitudot?gx-no-cache=1779884444329 HTTP/1.1" 200 4055
190.95.1.183 - - [27/May/2026:09:14:15 -0300] "POST /cormun/servlet/solicitudot?d9c86fa1dc0ef2a502dc2d590667d749,INS,0,0,false,,gx-no-cache=1779884444442 HTTP/1.1" 200 12671
190.95.1.183 - - [27/May/2026:09:14:18 -0300] "GET /cormun/servlet/solicitudot?1680a8cd324180d12c7c4f0cc5ca5575125193f677509912f3cca927ac7b6afab19a621e6c2ed5c20a3780e2816be7c8,gx-no-cache=1779884448052 HTTP/1.1" 200 30
200.126.116.145 - - [27/May/2026:09:14:32 -0300] "GET /cormun/servlet/trpermisosgoce? HTTP/1.1" 200 6032
200.126.116.145 - - [27/May/2026:09:14:32 -0300] "GET /cormun/servlet/hlogin HTTP/1.1" 200 1740
200.126.116.145 - - [27/May/2026:09:14:32 -0300] "GET /cormun/servlet/trpermisosgoce? HTTP/1.1" 200 6028
192.168.10.19 - - [27/May/2026:09:14:38 -0300] "GET /cormun/servlet/vesolicitudgral?2026,23450,,SolicitudOTAdjuntos HTTP/1.1" 200 11465
192.168.10.19 - - [27/May/2026:09:14:39 -0300] "POST /cormun/servlet/acontrolpreferencessavestate?None,RRHH+DANIELA,true HTTP/1.1" 200 35
192.168.10.19 - - [27/May/2026:09:14:40 -0300] "GET /cormun/PublicTempStorage/cv02689675289.pdf HTTP/1.1" 200 308225
190.95.67.91 - - [27/May/2026:09:14:41 -0300] "POST /cormun/servlet/permisosadjuntos?aba194eb112499696b8b214a90bf9f91,INS,15113366,P,20260527082124,, HTTP/1.1" 200 116
190.95.67.91 - - [27/May/2026:09:14:41 -0300] "GET /cormun/servlet/hpexe_return? HTTP/1.1" 200 1039
190.95.67.91 - - [27/May/2026:09:14:41 -0300] "GET /cormun/servlet/trpermisosadjuntos?15113366,20260527082124,P, HTTP/1.1" 200 7260
200.126.116.145 - - [27/May/2026:09:14:47 -0300] "POST /cormun/servlet/hlogin?ad866b9629b74b7c4b97eebce274bafe,gx-no-cache=1779884473753 HTTP/1.1" 200 90
200.126.116.145 - - [27/May/2026:09:14:47 -0300] "GET /cormun/servlet/hpexe_link HTTP/1.1" 200 956
200.126.116.145 - - [27/May/2026:09:14:47 -0300] "GET /cormun/servlet/trpermisosgoce HTTP/1.1" 200 12783
190.95.67.91 - - [27/May/2026:09:14:48 -0300] "POST /cormun/servlet/trpermisosadjuntos?aba194eb112499696b8b214a90bf9f91,15113366,20260527082124,P,,gx-no-cache=1779884475939 HTTP/1.1" 200 90
190.95.67.91 - - [27/May/2026:09:14:48 -0300] "GET /cormun/servlet/hpexe_link HTTP/1.1" 200 1005
190.95.67.91 - - [27/May/2026:09:14:48 -0300] "GET /cormun/servlet/trpermisosgoce?gx-no-cache=1779883882575 HTTP/1.1" 200 19236
192.168.10.19 - - [27/May/2026:09:14:50 -0300] "GET /cormun/servlet/vesolicitudgral?2026,23450,,SolicitudOTAdjuntos HTTP/1.1" 200 11469
190.95.67.91 - - [27/May/2026:09:14:50 -0300] "POST /cormun/servlet/trpermisosgoce?aba194eb112499696b8b214a90bf9f91,gx-no-cache=1779883882575,gx-no-cache=1779884478149 HTTP/1.1" 200 16226
192.168.10.19 - - [27/May/2026:09:14:51 -0300] "POST /cormun/servlet/acontrolpreferencessavestate?None,RRHH+DANIELA,true HTTP/1.1" 200 35
192.168.10.19 - - [27/May/2026:09:14:51 -0300] "GET /cormun/servlet/vesolicitudgral?2026,23450,,General HTTP/1.1" 200 8409
192.168.10.19 - - [27/May/2026:09:14:51 -0300] "GET /cormun/pexe_scrolldiv.js HTTP/1.1" 404 1009
200.126.116.145 - - [27/May/2026:09:14:52 -0300] "GET /cormun/servlet/trpermisosadjuntos?15219330,20260526111800,P, HTTP/1.1" 200 6654
200.126.116.145 - - [27/May/2026:09:14:54 -0300] "GET /cormun/servlet/permisosadjuntos?INS,15219330,P,20260526111800,, HTTP/1.1" 200 5985
200.126.116.145 - - [27/May/2026:09:14:54 -0300] "GET /cormun/static/about:blank HTTP/1.1" 404 1011
192.168.10.19 - - [27/May/2026:09:15:00 -0300] "POST /cormun/servlet/vesolicitudgral?bc5cba10b222a3b1b3ec3f7dbf3a5e7d,2026,23450,,General,gx-no-cache=1779884570213 HTTP/1.1" 200 12335
192.168.10.19 - - [27/May/2026:09:15:00 -0300] "GET /cormun/static/Shared/jqueryui/images/ui-bg_highlight-soft_100_c6c2c8_1x100.png HTTP/1.1" 404 1117
192.168.10.19 - - [27/May/2026:09:15:00 -0300] "GET /cormun/static/Shared/jqueryui/images/ui-icons_82798d_256x240.png HTTP/1.1" 404 1089
192.168.10.19 - - [27/May/2026:09:15:00 -0300] "GET /cormun/static/Shared/jqueryui/images/ui-bg_flat_55_fafafa_40x100.png HTTP/1.1" 404 1097
192.168.10.19 - - [27/May/2026:09:15:00 -0300] "GET /cormun/static/Shared/jqueryui/images/ui-icons_8d78a5_256x240.png HTTP/1.1" 404 1089
190.95.1.183 - - [27/May/2026:09:15:00 -0300] "POST /cormun/servlet/solicitudot?d9c86fa1dc0ef2a502dc2d590667d749,INS,0,0,false,,gx-no-cache=1779884489992 HTTP/1.1" 200 12841
190.95.1.183 - - [27/May/2026:09:15:00 -0300] "GET /cormun/static/Shared/jqueryui/images/ui-bg_highlight-soft_100_c6c2c8_1x100.png HTTP/1.1" 404 1117
190.95.1.183 - - [27/May/2026:09:15:00 -0300] "GET /cormun/static/Shared/jqueryui/images/ui-icons_82798d_256x240.png HTTP/1.1" 404 1089
190.95.1.183 - - [27/May/2026:09:15:00 -0300] "GET /cormun/static/Shared/jqueryui/images/ui-bg_flat_55_fafafa_40x100.png HTTP/1.1" 404 1097
190.95.1.183 - - [27/May/2026:09:15:00 -0300] "GET /cormun/static/Shared/jqueryui/images/ui-icons_8d78a5_256x240.png HTTP/1.1" 404 1089
192.168.10.19 - - [27/May/2026:09:15:03 -0300] "GET /cormun/servlet/trautorizarot? HTTP/1.1" 200 11004
190.95.1.183 - - [27/May/2026:09:15:04 -0300] "GET /cormun/servlet/solicitudot?1680a8cd324180d12c7c4f0cc5ca5575125193f677509912f3cca927ac7b6afabc146fed1da5a56bcb6948bd34189f99,gx-no-cache=1779884493635 HTTP/1.1" 200 30
190.95.1.183 - - [27/May/2026:09:15:04 -0300] "GET /cormun/servlet/solicitudot?1680a8cd324180d12c7c4f0cc5ca557515764d05e05324e30e33b46a17f34957,gx-no-cache=1779884493660 HTTP/1.1" 200 94
190.95.1.183 - - [27/May/2026:09:15:04 -0300] "GET /cormun/static/Shared/jqueryui/images/ui-icons_ebccce_256x240.png HTTP/1.1" 404 1089
190.95.1.183 - - [27/May/2026:09:15:04 -0300] "GET /cormun/static/Shared/jqueryui/images/ui-bg_flat_55_994d53_40x100.png HTTP/1.1" 404 1097
190.95.1.183 - - [27/May/2026:09:15:04 -0300] "GET /cormun/servlet/solicitudot?1680a8cd324180d12c7c4f0cc5ca55759d429980f45a319e2ba4abe5c7f7302b,gx-no-cache=1779884493685 HTTP/1.1" 200 29
190.95.1.183 - - [27/May/2026:09:15:04 -0300] "POST /cormun/servlet/solicitudot?gx-no-cache=1779884493704 HTTP/1.1" 200 297
200.126.116.145 - - [27/May/2026:09:15:05 -0300] "POST /cormun/servlet/permisosadjuntos?ad866b9629b74b7c4b97eebce274bafe,INS,15219330,P,20260526111800,, HTTP/1.1" 200 116
200.126.116.145 - - [27/May/2026:09:15:05 -0300] "GET /cormun/servlet/hpexe_return? HTTP/1.1" 200 1037
200.126.116.145 - - [27/May/2026:09:15:05 -0300] "GET /cormun/servlet/trpermisosadjuntos?15219330,20260526111800,P, HTTP/1.1" 200 7176
192.168.10.19 - - [27/May/2026:09:15:06 -0300] "POST /cormun/servlet/trautorizarot?bc5cba10b222a3b1b3ec3f7dbf3a5e7d,,gx-no-cache=1779884575838 HTTP/1.1" 200 5345
190.95.1.183 - - [27/May/2026:09:15:07 -0300] "POST /cormun/servlet/solicitudot?gx-no-cache=1779884497145 HTTP/1.1" 200 240
192.168.10.19 - - [27/May/2026:09:15:08 -0300] "GET /cormun/servlet/trsolicitudgral? HTTP/1.1" 200 8338
190.95.1.183 - - [27/May/2026:09:15:09 -0300] "GET /cormun/servlet/solicitudot?1680a8cd324180d12c7c4f0cc5ca5575363a1b490e418f5325afa3706d051d7d7be4a4a096cfc2c618479eb1a998433b6898ec36ad4c8872e3d429a8f627bd3c5c7fb7e69c25934cd742127fae26297ae4d89b18c8d2a02011bce5f2120f08d0cadd9a271d9c51aaf9cb47b0627f41538e5a0668ddb16ce7c8d6fd7780e180194f1fd184a467275e14e74e08e97b950fb40aa75bf530f166b655935982b156b776fd2982f40252bb129dbc9be802fe3987fc0123a0979e19bc2328e8d21bcc1e1f3aa6c7f58c536b6a3ca25a8cb68869e232d25b6aea57b2bcfb512ecd7bfefef90ccc3b1c1af61ebdddab94e47834f511be18388dc79253a19d94d7b3a6a3b794c22460d8fdb2d619ab70d3d4ff23eca9bdcec88c9760423df54a5a0b6de48d13912aab117e7c9c52c776b18fc2c56a2d982cd3699f20ff1f6ccdcfa2714774f7cec93e48423a0ec60288a91dcace5c4b4b4f337b64311b182b47dcae57ed4685cee7f54fa8d905a79fa81a8989059ae71fa8ed78b3ec8df08059fc5a36a01d,gx-no-cache=1779884498849 HTTP/1.1" 200 30
200.126.116.145 - - [27/May/2026:09:15:10 -0300] "GET /cormun/servlet/trpermisosgoce? HTTP/1.1" 200 12782
190.95.1.183 - - [27/May/2026:09:15:12 -0300] "POST /cormun/servlet/solicitudot?gx-no-cache=1779884501265 HTTP/1.1" 200 30
190.95.1.183 - - [27/May/2026:09:15:13 -0300] "GET /cormun/static/Resources/resize.gif HTTP/1.1" 200 77
190.95.1.183 - - [27/May/2026:09:15:14 -0300] "GET /cormun/static/Resources/PXTools/ClosePrompt.png HTTP/1.1" 200 1036
190.95.1.183 - - [27/May/2026:09:15:14 -0300] "GET /cormun/servlet/prfichaempleado?,MD,,gxPopupLevel%3D0%3B HTTP/1.1" 200 9199
192.168.10.19 - - [27/May/2026:09:15:14 -0300] "POST /cormun/servlet/trsolicitudgral?bc5cba10b222a3b1b3ec3f7dbf3a5e7d,,gx-no-cache=1779884584236 HTTP/1.1" 200 7520
190.95.1.183 - - [27/May/2026:09:15:15 -0300] "GET /cormun/static/gxcfg.js?20201215571085 HTTP/1.1" 200 953
190.95.1.183 - - [27/May/2026:09:15:15 -0300] "GET /cormun/static/Resources/PXToolsMenuSearch.png HTTP/1.1" 200 336
190.95.1.183 - - [27/May/2026:09:15:15 -0300] "GET /cormun/static/prfichaempleado.js?20201215572193 HTTP/1.1" 200 16005
190.95.1.183 - - [27/May/2026:09:15:15 -0300] "GET /cormun/static/menusearch.js?20201214473581 HTTP/1.1" 200 1424
190.95.1.183 - - [27/May/2026:09:15:15 -0300] "GET /cormun/static/Resources/PXToolsMenuSearchCancel.png HTTP/1.1" 200 306
190.95.1.183 - - [27/May/2026:09:15:15 -0300] "GET /cormun/static/hmpwkw011.js?202211298443482 HTTP/1.1" 200 1968
200.126.116.145 - - [27/May/2026:09:15:15 -0300] "GET /cormun/servlet/trpermisosadjuntos?20661483,20260526112618,P, HTTP/1.1" 200 6639
200.126.116.145 - - [27/May/2026:09:15:16 -0300] "GET /cormun/servlet/permisosadjuntos?INS,20661483,P,20260526112618,, HTTP/1.1" 200 5971
200.126.116.145 - - [27/May/2026:09:15:16 -0300] "GET /cormun/static/about:blank HTTP/1.1" 404 1011
192.168.10.19 - - [27/May/2026:09:15:20 -0300] "GET /cormun/servlet/vesolicitudgral?2026,23450,, HTTP/1.1" 200 8406
192.168.10.19 - - [27/May/2026:09:15:20 -0300] "GET /cormun/pexe_scrolldiv.js HTTP/1.1" 404 1009
190.95.1.183 - - [27/May/2026:09:15:21 -0300] "POST /cormun/servlet/prfichaempleado?d9c86fa1dc0ef2a502dc2d590667d749,,MD,,gxPopupLevel%3D0%3B,gx-no-cache=1779884510466 HTTP/1.1" 200 6242
190.95.1.183 - - [27/May/2026:09:15:21 -0300] "GET /cormun/static/Resources/PXToolsGridNext.gif HTTP/1.1" 200 369
190.95.1.183 - - [27/May/2026:09:15:21 -0300] "GET /cormun/static/Resources/PXToolsGridLast.gif HTTP/1.1" 200 370
190.95.67.91 - - [27/May/2026:09:15:22 -0300] "GET /cormun/servlet/permisogoce?INS,0,,, HTTP/1.1" 200 7313
200.126.116.145 - - [27/May/2026:09:15:24 -0300] "POST /cormun/servlet/permisosadjuntos?ad866b9629b74b7c4b97eebce274bafe,INS,20661483,P,20260526112618,, HTTP/1.1" 200 116
200.126.116.145 - - [27/May/2026:09:15:24 -0300] "GET /cormun/servlet/hpexe_return? HTTP/1.1" 200 1037
200.126.116.145 - - [27/May/2026:09:15:24 -0300] "GET /cormun/servlet/trpermisosadjuntos?20661483,20260526112618,P, HTTP/1.1" 200 7153
200.126.116.145 - - [27/May/2026:09:15:27 -0300] "GET /cormun/servlet/trpermisosgoce? HTTP/1.1" 200 12793
200.126.116.145 - - [27/May/2026:09:15:30 -0300] "GET /cormun/servlet/trpermisosadjuntos?14608244,20260526144740,P, HTTP/1.1" 200 6651
190.95.67.91 - - [27/May/2026:09:15:31 -0300] "GET /cormun/servlet/permisogoce?0caa4615e4d46ddec360c5456e9c3affcb9d144beb3085d19f63bf8f58369d8fe2a9f93e2146aa36e75bc5441f0ba193a6e02b666f8a3c15d59c5ac5d795ec55,gx-no-cache=1779884519268 HTTP/1.1" 200 85
200.126.116.145 - - [27/May/2026:09:15:32 -0300] "GET /cormun/servlet/permisosadjuntos?INS,14608244,P,20260526144740,, HTTP/1.1" 200 5980
200.126.116.145 - - [27/May/2026:09:15:32 -0300] "GET /cormun/static/about:blank HTTP/1.1" 404 1011
190.95.1.183 - - [27/May/2026:09:15:34 -0300] "GET /cormun/servlet/prlicenciaspermisos?8933803,L,,MD,,gxPopupLevel%3D0%3B HTTP/1.1" 200 7712
190.95.1.183 - - [27/May/2026:09:15:34 -0300] "GET /cormun/static/gxcfg.js?2020121559567 HTTP/1.1" 200 953
190.95.1.183 - - [27/May/2026:09:15:34 -0300] "GET /cormun/static/prlicenciaspermisos.js?2020121559821 HTTP/1.1" 200 13379
190.95.1.183 - - [27/May/2026:09:15:35 -0300] "POST /cormun/servlet/solicitudot?gx-no-cache=1779884524655 HTTP/1.1" 200 1508
190.95.67.91 - - [27/May/2026:09:15:38 -0300] "GET /cormun/servlet/permisogoce?0caa4615e4d46ddec360c5456e9c3aff5821f5b0abdf9965aaca6798f9d532a414296a5b70f7c910415636c857b77c0b272fd75c7d3312aa8586ccb200234e15,gx-no-cache=1779884526556 HTTP/1.1" 200 47
190.95.67.91 - - [27/May/2026:09:15:42 -0300] "POST /cormun/servlet/permisogoce?aba194eb112499696b8b214a90bf9f91,INS,0,,,,gx-no-cache=1779884529570 HTTP/1.1" 200 93
190.95.67.91 - - [27/May/2026:09:15:42 -0300] "GET /cormun/servlet/hpexe_return? HTTP/1.1" 200 1031
190.95.67.91 - - [27/May/2026:09:15:42 -0300] "GET /cormun/servlet/trpermisosgoce?gx-no-cache=1779883882575 HTTP/1.1" 200 19265
200.126.116.145 - - [27/May/2026:09:15:42 -0300] "POST /cormun/servlet/permisosadjuntos?ad866b9629b74b7c4b97eebce274bafe,INS,14608244,P,20260526144740,, HTTP/1.1" 200 116
200.126.116.145 - - [27/May/2026:09:15:42 -0300] "GET /cormun/servlet/hpexe_return? HTTP/1.1" 200 1038
200.126.116.145 - - [27/May/2026:09:15:42 -0300] "GET /cormun/servlet/trpermisosadjuntos?14608244,20260526144740,P, HTTP/1.1" 200 7176
200.126.116.145 - - [27/May/2026:09:15:46 -0300] "GET /cormun/servlet/trpermisosgoce? HTTP/1.1" 200 12795
200.126.116.145 - - [27/May/2026:09:15:50 -0300] "GET /cormun/servlet/trpermisosadjuntos?15524622,20260525131440,P, HTTP/1.1" 200 6659
192.168.10.19 - - [27/May/2026:09:15:51 -0300] "POST /cormun/servlet/vesolicitudgral?bc5cba10b222a3b1b3ec3f7dbf3a5e7d,2026,23450,,,gx-no-cache=1779884620652 HTTP/1.1" 200 12330
200.126.116.145 - - [27/May/2026:09:15:52 -0300] "GET /cormun/servlet/permisosadjuntos?INS,15524622,P,20260525131440,, HTTP/1.1" 200 5987
200.126.116.145 - - [27/May/2026:09:15:52 -0300] "GET /cormun/static/about:blank HTTP/1.1" 404 1011
190.95.67.91 - - [27/May/2026:09:15:53 -0300] "GET /cormun/servlet/trpermisosadjuntos?17506062,20260527082312,P, HTTP/1.1" 200 6741
190.95.67.91 - - [27/May/2026:09:15:54 -0300] "GET /cormun/servlet/permisosadjuntos?INS,17506062,P,20260527082312,, HTTP/1.1" 200 6039
192.168.10.19 - - [27/May/2026:09:15:54 -0300] "GET /cormun/servlet/trautorizarot? HTTP/1.1" 200 8190
190.95.67.91 - - [27/May/2026:09:15:54 -0300] "GET /cormun/static/about:blank HTTP/1.1" 404 1011
190.95.1.183 - - [27/May/2026:09:15:56 -0300] "GET /cormun/servlet/solicitudot?1680a8cd324180d12c7c4f0cc5ca55756d7c8a6cb8442466c407d48ac6035e6021934500fb5b1bbef6cf87cf0857535f36805bf3a369366bea31cfc3b1357be9,gx-no-cache=1779884545636 HTTP/1.1" 200 103
190.95.1.183 - - [27/May/2026:09:15:56 -0300] "POST /cormun/servlet/solicitudot?gx-no-cache=1779884545666 HTTP/1.1" 200 30
190.95.1.183 - - [27/May/2026:09:15:56 -0300] "POST /cormun/servlet/solicitudot?gx-no-cache=1779884545687 HTTP/1.1" 200 1508
190.95.1.183 - - [27/May/2026:09:15:56 -0300] "POST /cormun/servlet/solicitudot?gx-no-cache=1779884545760 HTTP/1.1" 200 41
192.168.10.19 - - [27/May/2026:09:15:57 -0300] "GET /cormun/servlet/trsolicitudgral? HTTP/1.1" 200 10597
200.126.116.145 - - [27/May/2026:09:16:01 -0300] "POST /cormun/servlet/permisosadjuntos?ad866b9629b74b7c4b97eebce274bafe,INS,15524622,P,20260525131440,, HTTP/1.1" 200 116
200.126.116.145 - - [27/May/2026:09:16:01 -0300] "GET /cormun/servlet/hpexe_return? HTTP/1.1" 200 1037
200.126.116.145 - - [27/May/2026:09:16:01 -0300] "GET /cormun/servlet/trpermisosadjuntos?15524622,20260525131440,P, HTTP/1.1" 200 7190
200.126.116.145 - - [27/May/2026:09:16:05 -0300] "GET /cormun/servlet/trpermisosgoce? HTTP/1.1" 200 12795
200.126.116.145 - - [27/May/2026:09:16:08 -0300] "GET /cormun/servlet/trpermisosadjuntos?18375214,20260525154727,P, HTTP/1.1" 200 6654
200.126.116.145 - - [27/May/2026:09:16:11 -0300] "GET /cormun/servlet/permisosadjuntos?INS,18375214,P,20260525154727,, HTTP/1.1" 200 5979
200.126.116.145 - - [27/May/2026:09:16:11 -0300] "GET /cormun/static/about:blank HTTP/1.1" 404 1011
190.95.67.91 - - [27/May/2026:09:16:16 -0300] "POST /cormun/servlet/permisosadjuntos?aba194eb112499696b8b214a90bf9f91,INS,17506062,P,20260527082312,, HTTP/1.1" 200 116
190.95.67.91 - - [27/May/2026:09:16:16 -0300] "GET /cormun/servlet/hpexe_return? HTTP/1.1" 200 1039
190.95.67.91 - - [27/May/2026:09:16:16 -0300] "GET /cormun/servlet/trpermisosadjuntos?17506062,20260527082312,P, HTTP/1.1" 200 7277
200.126.116.145 - - [27/May/2026:09:16:20 -0300] "POST /cormun/servlet/permisosadjuntos?ad866b9629b74b7c4b97eebce274bafe,INS,18375214,P,20260525154727,, HTTP/1.1" 200 116
200.126.116.145 - - [27/May/2026:09:16:20 -0300] "GET /cormun/servlet/hpexe_return? HTTP/1.1" 200 1037
200.126.116.145 - - [27/May/2026:09:16:20 -0300] "GET /cormun/servlet/trpermisosadjuntos?18375214,20260525154727,P, HTTP/1.1" 200 7182
200.126.116.145 - - [27/May/2026:09:16:24 -0300] "GET /cormun/servlet/trpermisosgoce? HTTP/1.1" 200 12796
190.95.67.91 - - [27/May/2026:09:16:24 -0300] "POST /cormun/servlet/trpermisosadjuntos?aba194eb112499696b8b214a90bf9f91,17506062,20260527082312,P,,gx-no-cache=1779884572763 HTTP/1.1" 200 90
190.95.67.91 - - [27/May/2026:09:16:24 -0300] "GET /cormun/servlet/hpexe_link HTTP/1.1" 200 1005
190.95.67.91 - - [27/May/2026:09:16:25 -0300] "GET /cormun/servlet/trpermisosgoce?gx-no-cache=1779883882575 HTTP/1.1" 200 19262
190.95.67.91 - - [27/May/2026:09:16:27 -0300] "POST /cormun/servlet/trpermisosgoce?aba194eb112499696b8b214a90bf9f91,gx-no-cache=1779883882575,gx-no-cache=1779884575358 HTTP/1.1" 200 16252
200.126.116.145 - - [27/May/2026:09:16:28 -0300] "POST /cormun/servlet/trpermisosgoce?ad866b9629b74b7c4b97eebce274bafe,,gx-no-cache=1779884574979 HTTP/1.1" 200 9809
192.168.10.19 - - [27/May/2026:09:16:28 -0300] "GET /cormun/servlet/vesolicitudgral?2026,23450,, HTTP/1.1" 200 8406
192.168.10.19 - - [27/May/2026:09:16:28 -0300] "GET /cormun/pexe_scrolldiv.js HTTP/1.1" 404 1009
200.126.116.145 - - [27/May/2026:09:16:28 -0300] "GET /cormun/static/Shared/jqueryui/images/ui-icons_82798d_256x240.png HTTP/1.1" 404 1089
200.126.116.145 - - [27/May/2026:09:16:28 -0300] "GET /cormun/static/Shared/jqueryui/images/ui-bg_highlight-soft_100_c6c2c8_1x100.png HTTP/1.1" 404 1117
200.126.116.145 - - [27/May/2026:09:16:28 -0300] "GET /cormun/static/Shared/jqueryui/images/ui-bg_flat_55_fafafa_40x100.png HTTP/1.1" 404 1097
200.126.116.145 - - [27/May/2026:09:16:28 -0300] "GET /cormun/static/Shared/jqueryui/images/ui-icons_8d78a5_256x240.png HTTP/1.1" 404 1089
200.126.116.145 - - [27/May/2026:09:16:29 -0300] "POST /cormun/servlet/trpermisosgoce?ad866b9629b74b7c4b97eebce274bafe,,gx-no-cache=1779884575760 HTTP/1.1" 200 9803
190.95.67.91 - - [27/May/2026:09:16:29 -0300] "GET /cormun/servlet/permisogoce?INS,0,,, HTTP/1.1" 200 7313
200.126.116.145 - - [27/May/2026:09:16:30 -0300] "POST /cormun/servlet/trpermisosgoce?ad866b9629b74b7c4b97eebce274bafe,,gx-no-cache=1779884577137 HTTP/1.1" 200 9803
200.126.116.145 - - [27/May/2026:09:16:31 -0300] "POST /cormun/servlet/trpermisosgoce?ad866b9629b74b7c4b97eebce274bafe,,gx-no-cache=1779884578162 HTTP/1.1" 200 9797
200.126.116.145 - - [27/May/2026:09:16:33 -0300] "POST /cormun/servlet/trpermisosgoce?ad866b9629b74b7c4b97eebce274bafe,,gx-no-cache=1779884579553 HTTP/1.1" 200 9790
200.126.116.145 - - [27/May/2026:09:16:34 -0300] "POST /cormun/servlet/trpermisosgoce?ad866b9629b74b7c4b97eebce274bafe,,gx-no-cache=1779884580889 HTTP/1.1" 200 9774
190.95.67.91 - - [27/May/2026:09:16:34 -0300] "GET /cormun/servlet/permisogoce?0caa4615e4d46ddec360c5456e9c3aff56003d20a2adedb79664561fe2b74ac3e2a9f93e2146aa36e75bc5441f0ba193a6e02b666f8a3c15d59c5ac5d795ec55,gx-no-cache=1779884582443 HTTP/1.1" 200 80
200.126.116.145 - - [27/May/2026:09:16:35 -0300] "POST /cormun/servlet/trpermisosgoce?ad866b9629b74b7c4b97eebce274bafe,,gx-no-cache=1779884582145 HTTP/1.1" 200 9742
190.95.1.183 - - [27/May/2026:09:16:36 -0300] "GET /cormun/servlet/solicitudot?1680a8cd324180d12c7c4f0cc5ca5575604618275cb459e8581444b8571151f12382aab283ab491a82b07db24adb4b01b66c819aa79b575907e186f90c5c0128830c6d02e4ed7643f5a6418e2ae2ac46590866a8f291fb967bad225308618e7f3708576f1b0628485ac96ea77309bbab,gx-no-cache=1779884586107 HTTP/1.1" 200 110
200.126.116.145 - - [27/May/2026:09:16:40 -0300] "GET /cormun/servlet/trautorizarpermisogoce? HTTP/1.1" 200 8974
200.126.116.145 - - [27/May/2026:09:16:40 -0300] "GET /cormun/static/gxcfg.js?2020121645532 HTTP/1.1" 200 953
200.126.116.145 - - [27/May/2026:09:16:40 -0300] "GET /cormun/static/trautorizarpermisogoce.js?2020121651492 HTTP/1.1" 200 34948
200.126.116.145 - - [27/May/2026:09:16:43 -0300] "POST /cormun/servlet/trautorizarpermisogoce?ad866b9629b74b7c4b97eebce274bafe,,gx-no-cache=1779884589641 HTTP/1.1" 200 5990
200.126.116.145 - - [27/May/2026:09:16:43 -0300] "POST /cormun/servlet/trautorizarpermisogoce?ad866b9629b74b7c4b97eebce274bafe,,gx-no-cache=1779884590400 HTTP/1.1" 200 5791
200.126.116.145 - - [27/May/2026:09:16:44 -0300] "POST /cormun/servlet/trautorizarpermisogoce?ad866b9629b74b7c4b97eebce274bafe,,gx-no-cache=1779884590856 HTTP/1.1" 200 5553
200.126.116.145 - - [27/May/2026:09:16:44 -0300] "POST /cormun/servlet/trautorizarpermisogoce?ad866b9629b74b7c4b97eebce274bafe,,gx-no-cache=1779884591223 HTTP/1.1" 200 5286
200.126.116.145 - - [27/May/2026:09:16:45 -0300] "POST /cormun/servlet/trautorizarpermisogoce?ad866b9629b74b7c4b97eebce274bafe,,gx-no-cache=1779884592023 HTTP/1.1" 200 4531
190.95.1.183 - - [27/May/2026:09:16:47 -0300] "POST /cormun/servlet/solicitudot?gx-no-cache=1779884596267 HTTP/1.1" 200 97
190.95.67.91 - - [27/May/2026:09:16:47 -0300] "GET /cormun/servlet/permisogoce?0caa4615e4d46ddec360c5456e9c3aff5f3fd40113d6d6ad57592d6577d3a762f33a7e3b712da754efb4c3595fe639be52f2b47f8a9283bc9eea964d2bfb211b,gx-no-cache=1779884595818 HTTP/1.1" 200 48
200.126.116.145 - - [27/May/2026:09:16:48 -0300] "GET /cormun/servlet/trlicencias? HTTP/1.1" 200 15271
192.168.10.19 - - [27/May/2026:09:16:48 -0300] "GET /cormun/servlet/vesolicitudgral?2026,23450,,SolicitudOTAdjuntos HTTP/1.1" 200 11469
192.168.10.19 - - [27/May/2026:09:16:48 -0300] "GET /cormun/pexe_scrolldiv.js HTTP/1.1" 404 1009
192.168.10.19 - - [27/May/2026:09:16:49 -0300] "POST /cormun/servlet/acontrolpreferencessavestate?None,RRHH+DANIELA,true HTTP/1.1" 200 35
192.168.10.19 - - [27/May/2026:09:16:50 -0300] "GET /cormun/PublicTempStorage/ant02691245843.pdf HTTP/1.1" 200 184453
190.95.1.183 - - [27/May/2026:09:16:53 -0300] "GET /cormun/servlet/solicitudot?1680a8cd324180d12c7c4f0cc5ca55753c90eee958fa2f1c6eec64005e0f20253145df6a18f9e77b3d256a60157fbb74f44b6a42a84ff463841092ebcc054e3cc94113df280bc9298c31e9a3cc681e30492e86ff0a42eaae39e6417fddba75f0d58bcd23bc9a51abe57fd1e7a4d554b4,gx-no-cache=1779884602447 HTTP/1.1" 200 29
190.95.1.183 - - [27/May/2026:09:16:53 -0300] "GET /cormun/static/menuarrow.gif HTTP/1.1" 404 1015
190.95.1.183 - - [27/May/2026:09:16:56 -0300] "GET /cormun/servlet/solicitudot?1680a8cd324180d12c7c4f0cc5ca5575999facd0b59816d28dabe3d075c499bee5b56f1fc7f838e38f9f51ac1d74b697,gx-no-cache=1779884605409 HTTP/1.1" 200 30
190.95.1.183 - - [27/May/2026:09:16:56 -0300] "POST /cormun/servlet/solicitudot?gx-no-cache=1779884605435 HTTP/1.1" 200 34
201.186.225.189 - - [27/May/2026:09:16:58 -0300] "GET /cormun/static/menuarrow.gif HTTP/1.1" 404 1015
190.95.67.91 - - [27/May/2026:09:16:58 -0300] "POST /cormun/servlet/permisogoce?aba194eb112499696b8b214a90bf9f91,INS,0,,,,gx-no-cache=1779884605849 HTTP/1.1" 200 93
190.95.67.91 - - [27/May/2026:09:16:58 -0300] "GET /cormun/servlet/hpexe_return? HTTP/1.1" 200 1031
190.95.67.91 - - [27/May/2026:09:16:58 -0300] "GET /cormun/servlet/trpermisosgoce?gx-no-cache=1779883882575 HTTP/1.1" 200 19287
201.186.225.191 - - [27/May/2026:09:17:04 -0300] "GET /cormun/servlet/hlogin HTTP/1.1" 200 1726
201.186.225.191 - - [27/May/2026:09:17:05 -0300] "GET /cormun/servlet/hlogin HTTP/1.1" 200 1737
201.186.225.191 - - [27/May/2026:09:17:07 -0300] "POST /cormun/servlet/hlogin?63ef14654d5f8825fb407302bd4505f5,gx-no-cache=1779884613439 HTTP/1.1" 200 90
201.186.225.191 - - [27/May/2026:09:17:07 -0300] "GET /cormun/servlet/hpexe_link HTTP/1.1" 200 956
201.186.225.191 - - [27/May/2026:09:17:07 -0300] "GET /cormun/servlet/hhome HTTP/1.1" 200 4221
201.186.225.191 - - [27/May/2026:09:17:07 -0300] "GET /cormun/static/gxcfg.js?20201215495537 HTTP/1.1" 200 953
201.186.225.191 - - [27/May/2026:09:17:07 -0300] "GET /cormun/static/Resources/Spanish/PXTools.css?14345360 HTTP/1.1" 200 100853
201.186.225.191 - - [27/May/2026:09:17:07 -0300] "GET /cormun/static/hhome.js?20201215495544 HTTP/1.1" 200 777
190.95.67.91 - - [27/May/2026:09:17:08 -0300] "GET /cormun/servlet/trpermisosadjuntos?15113366,20260527082419,P, HTTP/1.1" 200 6731
201.186.225.191 - - [27/May/2026:09:17:09 -0300] "GET /cormun/servlet/trlicencias? HTTP/1.1" 200 12033
190.95.1.183 - - [27/May/2026:09:17:10 -0300] "GET /cormun/servlet/solicitudot?1680a8cd324180d12c7c4f0cc5ca55756d7c8a6cb8442466c407d48ac6035e6021934500fb5b1bbef6cf87cf0857535f36805bf3a369366bea31cfc3b1357be9,gx-no-cache=1779884619962 HTTP/1.1" 200 103
190.95.1.183 - - [27/May/2026:09:17:10 -0300] "GET /cormun/servlet/solicitudot?1680a8cd324180d12c7c4f0cc5ca5575363a1b490e418f5325afa3706d051d7d7be4a4a096cfc2c618479eb1a998433b6898ec36ad4c8872e3d429a8f627bd3c5c7fb7e69c25934cd742127fae26297ae4d89b18c8d2a02011bce5f2120f08d0cadd9a271d9c51aaf9cb47b0627f41538e5a0668ddb16ce7c8d6fd7780e180194f1fd184a467275e14e74e08e97b950fb40aa75bf530f166b655935982b156b776fd2982f40252bb129dbc9be802fe3987fc0123a0979e19bc2328e8d21bcc1e1f3aa6c7f58c536b6a3ca25a8cb68869e232d25b6aea57b2bcfb512ecd7bfefef90ccc3b1c1af61ebdddab94e47834f511be18388dc79253a19d94d7b3a6a3b794c22460d8fdb2d619ab70d3d4ff23eca9bdcec88c9760423df54a5a0b6de48d13912aab117e7c9c52c776b18fc2c56a2d982cd3699f20ff1f6ccdcfa2714774f7cec93e48423a0ec60288a91dcace5c4b4b4f337b64311b182b47dcae57ed4685cee7f54fa8d905a79fa81a8989059af6d946e1d5b3880e2e604ac54ef33ab2,gx-no-cache=1779884619987 HTTP/1.1" 200 30
190.95.1.183 - - [27/May/2026:09:17:10 -0300] "POST /cormun/servlet/solicitudot?gx-no-cache=1779884620004 HTTP/1.1" 200 30
190.95.1.183 - - [27/May/2026:09:17:10 -0300] "POST /cormun/servlet/solicitudot?gx-no-cache=1779884620023 HTTP/1.1" 200 1508
190.95.1.183 - - [27/May/2026:09:17:10 -0300] "POST /cormun/servlet/solicitudot?gx-no-cache=1779884620099 HTTP/1.1" 200 41
190.95.1.183 - - [27/May/2026:09:17:10 -0300] "GET /cormun/servlet/solicitudot?1680a8cd324180d12c7c4f0cc5ca5575604618275cb459e8581444b8571151f12382aab283ab491a82b07db24adb4b01b66c819aa79b575907e186f90c5c0128830c6d02e4ed7643f5a6418e2ae2ac46590866a8f291fb967bad225308618e7f3708576f1b0628485ac96ea77309bbab,gx-no-cache=1779884620120 HTTP/1.1" 200 110
190.95.67.91 - - [27/May/2026:09:17:12 -0300] "GET /cormun/servlet/permisosadjuntos?INS,15113366,P,20260527082419,, HTTP/1.1" 200 6029
190.95.67.91 - - [27/May/2026:09:17:12 -0300] "GET /cormun/static/about:blank HTTP/1.1" 404 1011
192.168.10.19 - - [27/May/2026:09:17:12 -0300] "GET /cormun/servlet/vesolicitudgral?2026,23450,,SolicitudOTAdjuntos HTTP/1.1" 200 11471
192.168.10.19 - - [27/May/2026:09:17:13 -0300] "POST /cormun/servlet/acontrolpreferencessavestate?None,RRHH+DANIELA,true HTTP/1.1" 200 35
192.168.10.19 - - [27/May/2026:09:17:14 -0300] "GET /cormun/servlet/vesolicitudgral?2026,23450,,General HTTP/1.1" 200 8409
192.168.10.19 - - [27/May/2026:09:17:14 -0300] "GET /cormun/pexe_scrolldiv.js HTTP/1.1" 404 1009
190.95.1.183 - - [27/May/2026:09:17:19 -0300] "GET /cormun/servlet/solicitudot?1680a8cd324180d12c7c4f0cc5ca55756d7c8a6cb8442466c407d48ac6035e6021934500fb5b1bbef6cf87cf0857535f36805bf3a369366bea31cfc3b1357be9,gx-no-cache=1779884628600 HTTP/1.1" 200 103
190.95.1.183 - - [27/May/2026:09:17:19 -0300] "POST /cormun/servlet/solicitudot?gx-no-cache=1779884628622 HTTP/1.1" 200 30
190.95.1.183 - - [27/May/2026:09:17:19 -0300] "POST /cormun/servlet/solicitudot?gx-no-cache=1779884628644 HTTP/1.1" 200 1508
190.95.1.183 - - [27/May/2026:09:17:19 -0300] "POST /cormun/servlet/solicitudot?gx-no-cache=1779884628722 HTTP/1.1" 200 41
190.95.1.183 - - [27/May/2026:09:17:19 -0300] "GET /cormun/servlet/solicitudot?1680a8cd324180d12c7c4f0cc5ca5575604618275cb459e8581444b8571151f12382aab283ab491a82b07db24adb4b01b66c819aa79b575907e186f90c5c0128830c6d02e4ed7643f5a6418e2ae2ac46590866a8f291fb967bad225308618e7f3708576f1b0628485ac96ea77309bbab,gx-no-cache=1779884628744 HTTP/1.1" 200 110
190.95.1.183 - - [27/May/2026:09:17:19 -0300] "POST /cormun/servlet/solicitudot?gx-no-cache=1779884628768 HTTP/1.1" 200 64
190.95.1.183 - - [27/May/2026:09:17:19 -0300] "GET /cormun/servlet/solicitudot?1680a8cd324180d12c7c4f0cc5ca5575999facd0b59816d28dabe3d075c499bee5b56f1fc7f838e38f9f51ac1d74b697,gx-no-cache=1779884628800 HTTP/1.1" 200 30
190.95.1.183 - - [27/May/2026:09:17:19 -0300] "POST /cormun/servlet/solicitudot?gx-no-cache=1779884628836 HTTP/1.1" 200 34
190.95.1.183 - - [27/May/2026:09:17:19 -0300] "POST /cormun/servlet/solicitudot?d9c86fa1dc0ef2a502dc2d590667d749,INS,0,0,false,,gx-no-cache=1779884628861 HTTP/1.1" 200 13154
190.95.67.91 - - [27/May/2026:09:17:22 -0300] "POST /cormun/servlet/permisosadjuntos?aba194eb112499696b8b214a90bf9f91,INS,15113366,P,20260527082419,, HTTP/1.1" 200 116
190.95.67.91 - - [27/May/2026:09:17:22 -0300] "GET /cormun/servlet/hpexe_return? HTTP/1.1" 200 1039
190.95.67.91 - - [27/May/2026:09:17:22 -0300] "GET /cormun/servlet/trpermisosadjuntos?15113366,20260527082419,P, HTTP/1.1" 200 7258
190.95.67.91 - - [27/May/2026:09:17:24 -0300] "POST /cormun/servlet/trpermisosadjuntos?aba194eb112499696b8b214a90bf9f91,15113366,20260527082419,P,,gx-no-cache=1779884632859 HTTP/1.1" 200 90
190.95.67.91 - - [27/May/2026:09:17:24 -0300] "GET /cormun/servlet/hpexe_link HTTP/1.1" 200 1006
190.95.67.91 - - [27/May/2026:09:17:25 -0300] "GET /cormun/servlet/trpermisosgoce?gx-no-cache=1779883882575 HTTP/1.1" 200 19283
190.95.67.91 - - [27/May/2026:09:17:27 -0300] "POST /cormun/servlet/trpermisosgoce?aba194eb112499696b8b214a90bf9f91,gx-no-cache=1779883882575,gx-no-cache=1779884635371 HTTP/1.1" 200 16276
190.95.1.183 - - [27/May/2026:09:17:32 -0300] "GET /cormun/servlet/solicitudot?1680a8cd324180d12c7c4f0cc5ca55756d7c8a6cb8442466c407d48ac6035e6021934500fb5b1bbef6cf87cf0857535f36805bf3a369366bea31cfc3b1357be9,gx-no-cache=1779884641609 HTTP/1.1" 200 103
190.95.1.183 - - [27/May/2026:09:17:32 -0300] "GET /cormun/servlet/solicitudot?1680a8cd324180d12c7c4f0cc5ca5575363a1b490e418f5325afa3706d051d7d7be4a4a096cfc2c618479eb1a998433b6898ec36ad4c8872e3d429a8f627bd3c5c7fb7e69c25934cd742127fae26297ae4d89b18c8d2a02011bce5f2120f08d0cadd9a271d9c51aaf9cb47b0627f41538e5a0668ddb16ce7c8d6fd7780e180194f1fd184a467275e14e74e08e97b950fb40aa75bf530f166b655935982b156b776fd2982f40252bb129dbc9be802fe3987fc0123a0979e19bc2328e8d21bcc1e1f3aa6c7f58c536b6a3ca25a8cb68869e232d25b6aea57b2bcfb512ecd7bfefef90ccc3b1c1af61ebdddab94e47834f511be18388dc79253a19d94d7b3a6a3b794c22460d8fdb2d619ab70d3d4ff23eca9bdcec88c9760423df54a5a0b6de48d13912aab117e7c9c52c776b18fc2c56a2d982cd3699f20ff1f6ccdcfa2714774f7cec93e48423a0ec60288a91dcace5c4b4b4f337b64311b182b47dcae57ed4685cee7f54fa8d905a79fa81a8989059af6d946e1d5b3880e2e604ac54ef33ab2,gx-no-cache=1779884641632 HTTP/1.1" 200 30
190.95.1.183 - - [27/May/2026:09:17:32 -0300] "POST /cormun/servlet/solicitudot?gx-no-cache=1779884641650 HTTP/1.1" 200 30
190.95.1.183 - - [27/May/2026:09:17:32 -0300] "POST /cormun/servlet/solicitudot?gx-no-cache=1779884641672 HTTP/1.1" 200 1508
190.95.1.183 - - [27/May/2026:09:17:32 -0300] "POST /cormun/servlet/solicitudot?gx-no-cache=1779884641743 HTTP/1.1" 200 41
190.95.1.183 - - [27/May/2026:09:17:32 -0300] "GET /cormun/servlet/solicitudot?1680a8cd324180d12c7c4f0cc5ca5575604618275cb459e8581444b8571151f12382aab283ab491a82b07db24adb4b01b66c819aa79b575907e186f90c5c0128830c6d02e4ed7643f5a6418e2ae2ac46590866a8f291fb967bad225308618e7f3708576f1b0628485ac96ea77309bbab,gx-no-cache=1779884641762 HTTP/1.1" 200 110
190.95.1.183 - - [27/May/2026:09:17:32 -0300] "POST /cormun/servlet/solicitudot?gx-no-cache=1779884641781 HTTP/1.1" 200 64
190.95.1.183 - - [27/May/2026:09:17:32 -0300] "GET /cormun/servlet/solicitudot?1680a8cd324180d12c7c4f0cc5ca5575999facd0b59816d28dabe3d075c499bee5b56f1fc7f838e38f9f51ac1d74b697,gx-no-cache=1779884641807 HTTP/1.1" 200 30
190.95.1.183 - - [27/May/2026:09:17:32 -0300] "POST /cormun/servlet/solicitudot?gx-no-cache=1779884641825 HTTP/1.1" 200 34
190.95.1.183 - - [27/May/2026:09:17:32 -0300] "POST /cormun/servlet/solicitudot?d9c86fa1dc0ef2a502dc2d590667d749,INS,0,0,false,,gx-no-cache=1779884641844 HTTP/1.1" 200 13206
192.168.10.19 - - [27/May/2026:09:17:33 -0300] "GET /cormun/servlet/vesolicitudgral?2026,23450,,SolicitudOTAdjuntos HTTP/1.1" 200 11467
192.168.10.19 - - [27/May/2026:09:17:33 -0300] "GET /cormun/pexe_scrolldiv.js HTTP/1.1" 404 1009
192.168.10.19 - - [27/May/2026:09:17:34 -0300] "POST /cormun/servlet/acontrolpreferencessavestate?None,RRHH+DANIELA,true HTTP/1.1" 200 35
192.168.10.19 - - [27/May/2026:09:17:36 -0300] "GET /cormun/PublicTempStorage/cv02683854528.pdf HTTP/1.1" 200 308225
201.186.225.189 - - [27/May/2026:09:17:41 -0300] "POST /cormun/servlet/trlicencias?3f7075e909c201101108f9355b972843,,gx-no-cache=1779884648304 HTTP/1.1" 440 972
201.186.225.189 - - [27/May/2026:09:17:44 -0300] "GET /cormun/servlet/trlicencias? HTTP/1.1" 200 6048
201.186.225.189 - - [27/May/2026:09:17:44 -0300] "GET /cormun/servlet/hlogin HTTP/1.1" 200 1738
201.186.225.191 - - [27/May/2026:09:17:47 -0300] "GET /cormun/servlet/hlogin HTTP/1.1" 200 1720
201.186.225.191 - - [27/May/2026:09:17:48 -0300] "GET /cormun/servlet/hlogin HTTP/1.1" 200 1730
201.186.225.189 - - [27/May/2026:09:17:53 -0300] "POST /cormun/servlet/hlogin?7f8fa328c6a63e9aa653ec294efcd0d0,gx-no-cache=1779884660512 HTTP/1.1" 200 90
201.186.225.189 - - [27/May/2026:09:17:53 -0300] "GET /cormun/servlet/hpexe_link HTTP/1.1" 200 957
201.186.225.189 - - [27/May/2026:09:17:53 -0300] "GET /cormun/servlet/trlicencias HTTP/1.1" 200 12781
201.186.225.189 - - [27/May/2026:09:17:58 -0300] "GET /cormun/servlet/trlicencias? HTTP/1.1" 200 12779
201.186.225.189 - - [27/May/2026:09:18:02 -0300] "GET /cormun/static/menuarrow.gif HTTP/1.1" 404 1015
190.95.67.91 - - [27/May/2026:09:18:02 -0300] "GET /cormun/servlet/trautorizarpermisogoce? HTTP/1.1" 200 11077
190.95.67.91 - - [27/May/2026:09:18:12 -0300] "GET /cormun/servlet/trpermisosgoce? HTTP/1.1" 200 19245
190.95.1.183 - - [27/May/2026:09:18:15 -0300] "GET /cormun/servlet/solicitudot?1680a8cd324180d12c7c4f0cc5ca55756d7c8a6cb8442466c407d48ac6035e6021934500fb5b1bbef6cf87cf0857535f6e23bcc11f56a4b3e0ef9d74f4d475f8,gx-no-cache=1779884684990 HTTP/1.1" 200 30
190.95.1.183 - - [27/May/2026:09:18:15 -0300] "GET /cormun/servlet/solicitudot?1680a8cd324180d12c7c4f0cc5ca5575363a1b490e418f5325afa3706d051d7d7be4a4a096cfc2c618479eb1a998433b6898ec36ad4c8872e3d429a8f627bd3c5c7fb7e69c25934cd742127fae26297ae4d89b18c8d2a02011bce5f2120f08d0cadd9a271d9c51aaf9cb47b0627f41538e5a0668ddb16ce7c8d6fd7780e180194f1fd184a467275e14e74e08e97b950fb40aa75bf530f166b655935982b156b776fd2982f40252bb129dbc9be802fe3987fc0123a0979e19bc2328e8d21bcc1e1f3aa6c7f58c536b6a3ca25a8cb68869e232d25b6aea57b2bcfb512ecd7bfefef90ccc3b1c1af61ebdddab94e47834f511be18388dc79253a19d94d7b3a6a3b794c22460d8fdb2d619ab70d3d4ff23eca9bdcec88c9760423df54a5a0b6de48d13912aab117e7c9c52c776b18fc2c56a2d982cd3699f20ff1f6ccdcfa2714774f7cec93e48423a0ec60288a91dcace5c4b4b4f337b64311b182b47dcae57ed4685cee7f54fa8d905a79fa81a8989059af6d946e1d5b3880e2e604ac54ef33ab2,gx-no-cache=1779884685019 HTTP/1.1" 200 30
190.95.1.183 - - [27/May/2026:09:18:15 -0300] "POST /cormun/servlet/solicitudot?gx-no-cache=1779884685042 HTTP/1.1" 200 30
190.95.1.183 - - [27/May/2026:09:18:15 -0300] "POST /cormun/servlet/solicitudot?gx-no-cache=1779884685066 HTTP/1.1" 200 1508
190.95.1.183 - - [27/May/2026:09:18:15 -0300] "POST /cormun/servlet/solicitudot?gx-no-cache=1779884685145 HTTP/1.1" 200 41
190.95.1.183 - - [27/May/2026:09:18:15 -0300] "GET /cormun/servlet/solicitudot?1680a8cd324180d12c7c4f0cc5ca5575604618275cb459e8581444b8571151f12382aab283ab491a82b07db24adb4b01b66c819aa79b575907e186f90c5c0128830c6d02e4ed7643f5a6418e2ae2ac46590866a8f291fb967bad225308618e7f3708576f1b0628485ac96ea77309bbab,gx-no-cache=1779884685167 HTTP/1.1" 200 110
190.95.1.183 - - [27/May/2026:09:18:15 -0300] "POST /cormun/servlet/solicitudot?gx-no-cache=1779884685187 HTTP/1.1" 200 64
190.95.1.183 - - [27/May/2026:09:18:15 -0300] "GET /cormun/servlet/solicitudot?1680a8cd324180d12c7c4f0cc5ca5575999facd0b59816d28dabe3d075c499bee5b56f1fc7f838e38f9f51ac1d74b697,gx-no-cache=1779884685213 HTTP/1.1" 200 30
190.95.1.183 - - [27/May/2026:09:18:16 -0300] "POST /cormun/servlet/solicitudot?gx-no-cache=1779884685232 HTTP/1.1" 200 34
190.95.1.183 - - [27/May/2026:09:18:16 -0300] "POST /cormun/servlet/solicitudot?d9c86fa1dc0ef2a502dc2d590667d749,INS,0,0,false,,gx-no-cache=1779884685255 HTTP/1.1" 200 93
190.95.1.183 - - [27/May/2026:09:18:16 -0300] "GET /cormun/servlet/hpexe_return? HTTP/1.1" 200 1010
190.95.1.183 - - [27/May/2026:09:18:17 -0300] "GET /cormun/static/gxcfg.js?20221129846035 HTTP/1.1" 200 953
190.95.1.183 - - [27/May/2026:09:18:17 -0300] "GET /cormun/static/hpexe_return.js?20221129846037 HTTP/1.1" 200 1633
190.95.1.183 - - [27/May/2026:09:18:17 -0300] "GET /cormun/servlet/trsolicitudot HTTP/1.1" 200 8675
192.168.10.19 - - [27/May/2026:09:18:17 -0300] "GET /cormun/servlet/vesolicitudgral?2026,23450,,SolicitudOTAdjuntos HTTP/1.1" 200 11470
192.168.10.19 - - [27/May/2026:09:18:18 -0300] "POST /cormun/servlet/acontrolpreferencessavestate?None,RRHH+DANIELA,true HTTP/1.1" 200 35
192.168.10.19 - - [27/May/2026:09:18:19 -0300] "GET /cormun/PublicTempStorage/doc-20260304-wa0058.3056920.pdf HTTP/1.1" 200 57695
190.95.1.183 - - [27/May/2026:09:18:20 -0300] "POST /cormun/servlet/trsolicitudot?d9c86fa1dc0ef2a502dc2d590667d749,gx-no-cache=1779884689410 HTTP/1.1" 200 107
190.95.1.183 - - [27/May/2026:09:18:20 -0300] "GET /cormun/servlet/trsolicitudadjuntos?2026,23642, HTTP/1.1" 200 6092
190.95.1.183 - - [27/May/2026:09:18:20 -0300] "GET /cormun/static/gxcfg.js?20201215574222 HTTP/1.1" 200 953
190.95.1.183 - - [27/May/2026:09:18:20 -0300] "GET /cormun/static/Resources/PXToolsGridNew.png HTTP/1.1" 200 427
190.95.1.183 - - [27/May/2026:09:18:20 -0300] "GET /cormun/static/trsolicitudadjuntos.js?20201215574932 HTTP/1.1" 200 17921
190.95.1.183 - - [27/May/2026:09:18:22 -0300] "GET /cormun/servlet/solicitudotadjuntos?INS,2026,23642,,1, HTTP/1.1" 200 6034
190.95.1.183 - - [27/May/2026:09:18:22 -0300] "GET /cormun/static/gxcfg.js?202211298385187 HTTP/1.1" 200 953
190.95.1.183 - - [27/May/2026:09:18:22 -0300] "GET /cormun/static/solicitudotadjuntos.js?202211298385196 HTTP/1.1" 200 11771
190.95.1.183 - - [27/May/2026:09:18:22 -0300] "GET /cormun/static/about:blank HTTP/1.1" 404 1011
190.95.1.183 - - [27/May/2026:09:18:23 -0300] "GET /cormun/servlet/solicitudotadjuntos?1680a8cd324180d12c7c4f0cc5ca5575094200ae969d46f10cfaa44f9900d09d613d7b827288d34bc9fe315ff8013c56,gx-no-cache=1779884692284 HTTP/1.1" 200 30
190.95.1.183 - - [27/May/2026:09:18:23 -0300] "POST /cormun/servlet/solicitudotadjuntos?d9c86fa1dc0ef2a502dc2d590667d749,INS,2026,23642,,1,,gx-no-cache=1779884692300 HTTP/1.1" 200 3898
192.168.10.19 - - [27/May/2026:09:18:23 -0300] "GET /cormun/servlet/vesolicitudgral?2026,23450,,SolicitudOTAdjuntos HTTP/1.1" 200 11473
192.168.10.19 - - [27/May/2026:09:18:24 -0300] "POST /cormun/servlet/acontrolpreferencessavestate?None,RRHH+DANIELA,true HTTP/1.1" 200 35
192.168.10.19 - - [27/May/2026:09:18:27 -0300] "GET /cormun/PublicTempStorage/certificado_afp02675425920.pdf HTTP/1.1" 200 117290
201.186.225.189 - - [27/May/2026:09:18:36 -0300] "POST /cormun/servlet/trlicencias?7f8fa328c6a63e9aa653ec294efcd0d0,,gx-no-cache=1779884703210 HTTP/1.1" 200 16612
201.186.225.189 - - [27/May/2026:09:18:36 -0300] "GET /cormun/static/Resources/PXToolsGridNext.gif HTTP/1.1" 200 369
201.186.225.189 - - [27/May/2026:09:18:36 -0300] "GET /cormun/static/Resources/PXToolsGridLast.gif HTTP/1.1" 200 370
190.95.67.91 - - [27/May/2026:09:18:42 -0300] "GET /cormun/servlet/permisogoce?INS,0,,, HTTP/1.1" 200 7292
192.168.10.19 - - [27/May/2026:09:18:47 -0300] "GET /cormun/servlet/vesolicitudgral?2026,23450,,SolicitudOTAdjuntos HTTP/1.1" 200 11471
192.168.10.19 - - [27/May/2026:09:18:48 -0300] "POST /cormun/servlet/acontrolpreferencessavestate?None,RRHH+DANIELA,true HTTP/1.1" 200 35
