190.95.15.15 - - [12/May/2026:12:45:24 -0300] "GET /cormun/static/Shared/jqueryui/images/ui-icons_82798d_256x240.png HTTP/1.1" 404 1089
190.95.15.15 - - [12/May/2026:12:45:24 -0300] "GET /cormun/static/Shared/jqueryui/images/ui-bg_highlight-soft_100_c6c2c8_1x100.png HTTP/1.1" 404 1117
190.95.15.15 - - [12/May/2026:12:45:24 -0300] "GET /cormun/static/Shared/jqueryui/images/ui-bg_flat_55_fafafa_40x100.png HTTP/1.1" 404 1097
190.95.15.15 - - [12/May/2026:12:45:24 -0300] "GET /cormun/static/Shared/jqueryui/images/ui-icons_8d78a5_256x240.png HTTP/1.1" 404 1089
190.95.15.15 - - [12/May/2026:12:45:28 -0300] "GET /cormun/servlet/trpermisosadjuntos?16115814,20260504115719,P, HTTP/1.1" 200 6311
190.95.15.15 - - [12/May/2026:12:45:30 -0300] "GET /cormun/servlet/permisosadjuntos?INS,16115814,P,20260504115719,, HTTP/1.1" 200 5632
190.95.15.15 - - [12/May/2026:12:45:30 -0300] "GET /cormun/static/about:blank HTTP/1.1" 404 1011
45.198.224.5 - - [12/May/2026:12:45:42 -0300] "GET /login HTTP/1.1" 404 971
190.95.15.15 - - [12/May/2026:12:46:55 -0300] "POST /cormun/servlet/permisosadjuntos?72bb7611db51893bbc51b6648b073220,INS,16115814,P,20260504115719,, HTTP/1.1" 200 116
190.95.15.15 - - [12/May/2026:12:46:56 -0300] "GET /cormun/servlet/hpexe_return? HTTP/1.1" 200 1035
190.95.15.15 - - [12/May/2026:12:46:56 -0300] "GET /cormun/servlet/trpermisosadjuntos?16115814,20260504115719,P, HTTP/1.1" 200 6792
190.95.15.15 - - [12/May/2026:12:47:06 -0300] "GET /cormun/servlet/trpermisosgoce? HTTP/1.1" 200 16138
190.95.15.15 - - [12/May/2026:12:47:10 -0300] "POST /cormun/servlet/trpermisosgoce?72bb7611db51893bbc51b6648b073220,,gx-no-cache=1778601138506 HTTP/1.1" 200 13250
190.95.15.15 - - [12/May/2026:12:47:11 -0300] "POST /cormun/servlet/trpermisosgoce?72bb7611db51893bbc51b6648b073220,,gx-no-cache=1778601139791 HTTP/1.1" 200 13237
190.95.15.15 - - [12/May/2026:12:47:19 -0300] "POST /cormun/servlet/trpermisosgoce?72bb7611db51893bbc51b6648b073220,,gx-no-cache=1778601147264 HTTP/1.1" 200 13232
190.95.15.31 - - [12/May/2026:12:54:10 -0300] "GET /cormun/servlet/hlogin HTTP/1.1" 200 1719
190.95.15.31 - - [12/May/2026:12:54:36 -0300] "POST /cormun/servlet/hlogin?86f8633c66b8fbfd0ac1d2826ecbb14b,gx-no-cache=1778601584728 HTTP/1.1" 200 90
190.95.15.31 - - [12/May/2026:12:54:36 -0300] "GET /cormun/servlet/hpexe_link HTTP/1.1" 200 950
190.95.15.31 - - [12/May/2026:12:54:37 -0300] "GET /cormun/servlet/hhome HTTP/1.1" 200 4357
190.95.15.31 - - [12/May/2026:12:54:43 -0300] "GET /cormun/servlet/trlicencias? HTTP/1.1" 200 12668
190.95.67.99 - - [12/May/2026:12:55:01 -0300] "GET /cormun/servlet/trlicencias? HTTP/1.1" 200 6057
190.95.67.99 - - [12/May/2026:12:55:05 -0300] "GET /cormun/servlet/hlogin HTTP/1.1" 200 1742
190.95.67.99 - - [12/May/2026:12:55:09 -0300] "POST /cormun/servlet/hlogin?5c46c6ca7d884302eb6a81c68403acc8,gx-no-cache=1778601618070 HTTP/1.1" 200 90
190.95.67.99 - - [12/May/2026:12:55:09 -0300] "GET /cormun/servlet/hpexe_link HTTP/1.1" 200 961
190.95.67.99 - - [12/May/2026:12:55:09 -0300] "GET /cormun/servlet/trlicencias HTTP/1.1" 200 9847
190.95.15.15 - - [12/May/2026:12:57:32 -0300] "POST /cormun/servlet/trpermisosgoce?72bb7611db51893bbc51b6648b073220,,gx-no-cache=1778601760268 HTTP/1.1" 200 13229
201.186.225.187 - - [12/May/2026:13:00:57 -0300] "GET /cormun/servlet/trpermisosadjuntos?15173149,20260512090727,P, HTTP/1.1" 200 5447
201.186.225.187 - - [12/May/2026:13:00:57 -0300] "GET /cormun/servlet/hlogin HTTP/1.1" 200 1761
201.186.225.187 - - [12/May/2026:13:01:03 -0300] "POST /cormun/servlet/hlogin?a29c128f39bbf15e58e73e085856e031,gx-no-cache=1778602012861 HTTP/1.1" 200 90
201.186.225.187 - - [12/May/2026:13:01:03 -0300] "GET /cormun/servlet/hpexe_link HTTP/1.1" 200 981
201.186.225.187 - - [12/May/2026:13:01:03 -0300] "GET /cormun/servlet/trpermisosadjuntos?15173149,20260512090727,P, HTTP/1.1" 200 6100
201.186.225.187 - - [12/May/2026:13:01:05 -0300] "GET /cormun/servlet/trpermisosgoce? HTTP/1.1" 200 11926
201.186.225.187 - - [12/May/2026:13:01:09 -0300] "GET /cormun/servlet/trpermisosadjuntos?15173149,20260512090727,P, HTTP/1.1" 200 6098
201.186.225.187 - - [12/May/2026:13:01:11 -0300] "GET /cormun/servlet/permisosadjuntos?INS,15173149,P,20260512090727,, HTTP/1.1" 200 5599
201.186.225.187 - - [12/May/2026:13:01:11 -0300] "GET /cormun/static/about:blank HTTP/1.1" 404 1011
190.95.15.23 - - [12/May/2026:13:01:25 -0300] "GET /cormun/servlet/hlogin HTTP/1.1" 200 1720
190.95.15.23 - - [12/May/2026:13:01:26 -0300] "GET /cormun/servlet/hlogin HTTP/1.1" 200 1731
190.95.15.23 - - [12/May/2026:13:01:29 -0300] "POST /cormun/servlet/hlogin?d04a5efe8c3b8aef0ab08038799b354c,gx-no-cache=1778601997804 HTTP/1.1" 200 90
190.95.15.23 - - [12/May/2026:13:01:29 -0300] "GET /cormun/servlet/hpexe_link HTTP/1.1" 200 950
190.95.15.23 - - [12/May/2026:13:01:29 -0300] "GET /cormun/servlet/hhome HTTP/1.1" 200 4132
190.95.15.23 - - [12/May/2026:13:01:36 -0300] "GET /cormun/servlet/trlicencias? HTTP/1.1" 200 11661
190.95.15.15 - - [12/May/2026:13:01:55 -0300] "GET /cormun/servlet/trpermisosadjuntos?12413747,20260511135752,P, HTTP/1.1" 200 6313
201.186.225.187 - - [12/May/2026:13:01:57 -0300] "POST /cormun/servlet/permisosadjuntos?a29c128f39bbf15e58e73e085856e031,INS,15173149,P,20260512090727,, HTTP/1.1" 200 116
201.186.225.187 - - [12/May/2026:13:01:57 -0300] "GET /cormun/servlet/hpexe_return? HTTP/1.1" 200 1035
201.186.225.187 - - [12/May/2026:13:01:57 -0300] "GET /cormun/servlet/trpermisosadjuntos?15173149,20260512090727,P, HTTP/1.1" 200 6633
190.95.15.15 - - [12/May/2026:13:01:57 -0300] "GET /cormun/servlet/permisosadjuntos?INS,12413747,P,20260511135752,, HTTP/1.1" 200 5636
190.95.15.15 - - [12/May/2026:13:01:57 -0300] "GET /cormun/static/about:blank HTTP/1.1" 404 1011
201.186.225.187 - - [12/May/2026:13:01:59 -0300] "GET /cormun/servlet/trpermisosgoce? HTTP/1.1" 200 11926
201.186.225.187 - - [12/May/2026:13:02:04 -0300] "POST /cormun/servlet/trpermisosgoce?a29c128f39bbf15e58e73e085856e031,,gx-no-cache=1778602074449 HTTP/1.1" 200 9175
201.186.225.187 - - [12/May/2026:13:02:05 -0300] "GET /cormun/static/Shared/jqueryui/images/ui-icons_82798d_256x240.png HTTP/1.1" 404 1089
201.186.225.187 - - [12/May/2026:13:02:05 -0300] "GET /cormun/static/Shared/jqueryui/images/ui-bg_highlight-soft_100_c6c2c8_1x100.png HTTP/1.1" 404 1117
201.186.225.187 - - [12/May/2026:13:02:05 -0300] "GET /cormun/static/Shared/jqueryui/images/ui-bg_flat_55_fafafa_40x100.png HTTP/1.1" 404 1097
201.186.225.187 - - [12/May/2026:13:02:05 -0300] "GET /cormun/static/Shared/jqueryui/images/ui-icons_8d78a5_256x240.png HTTP/1.1" 404 1089
190.95.15.15 - - [12/May/2026:13:02:06 -0300] "POST /cormun/servlet/permisosadjuntos?72bb7611db51893bbc51b6648b073220,INS,12413747,P,20260511135752,, HTTP/1.1" 200 116
190.95.15.15 - - [12/May/2026:13:02:06 -0300] "GET /cormun/servlet/hpexe_return? HTTP/1.1" 200 1036
190.95.15.15 - - [12/May/2026:13:02:06 -0300] "GET /cormun/servlet/trpermisosadjuntos?12413747,20260511135752,P, HTTP/1.1" 200 6795
190.95.15.15 - - [12/May/2026:13:02:09 -0300] "GET /cormun/servlet/trpermisosgoce? HTTP/1.1" 200 16104
190.95.15.15 - - [12/May/2026:13:02:12 -0300] "GET /cormun/servlet/trpermisosadjuntos?16718590,20260508113556,P, HTTP/1.1" 200 6313
190.95.15.15 - - [12/May/2026:13:02:14 -0300] "GET /cormun/servlet/permisosadjuntos?INS,16718590,P,20260508113556,, HTTP/1.1" 200 5635
190.95.15.15 - - [12/May/2026:13:02:14 -0300] "GET /cormun/static/about:blank HTTP/1.1" 404 1011
190.95.67.91 - - [12/May/2026:13:02:17 -0300] "GET /cormun/servlet/trautorizarpermisogoce? HTTP/1.1" 200 8094
190.95.67.91 - - [12/May/2026:13:02:20 -0300] "POST /cormun/servlet/trautorizarpermisogoce?ba471cf5dc3f2d799bb71fb2c7d44e8d,,gx-no-cache=1778602048729 HTTP/1.1" 200 4531
190.95.15.15 - - [12/May/2026:13:02:20 -0300] "POST /cormun/servlet/permisosadjuntos?72bb7611db51893bbc51b6648b073220,INS,16718590,P,20260508113556,, HTTP/1.1" 200 116
190.95.15.15 - - [12/May/2026:13:02:20 -0300] "GET /cormun/servlet/hpexe_return? HTTP/1.1" 200 1035
190.95.15.15 - - [12/May/2026:13:02:21 -0300] "GET /cormun/servlet/trpermisosadjuntos?16718590,20260508113556,P, HTTP/1.1" 200 6793
190.95.15.15 - - [12/May/2026:13:02:23 -0300] "GET /cormun/servlet/trpermisosgoce? HTTP/1.1" 200 16120
190.95.15.15 - - [12/May/2026:13:02:41 -0300] "POST /cormun/servlet/trpermisosgoce?72bb7611db51893bbc51b6648b073220,,gx-no-cache=1778602069326 HTTP/1.1" 200 13215
190.95.15.15 - - [12/May/2026:13:02:43 -0300] "POST /cormun/servlet/trpermisosgoce?72bb7611db51893bbc51b6648b073220,,gx-no-cache=1778602071891 HTTP/1.1" 200 13143
190.95.15.15 - - [12/May/2026:13:02:55 -0300] "GET /cormun/servlet/hlogin HTTP/1.1" 200 1737
190.95.15.15 - - [12/May/2026:13:03:04 -0300] "POST /cormun/servlet/hlogin?72bb7611db51893bbc51b6648b073220,gx-no-cache=1778602093137 HTTP/1.1" 200 90
190.95.15.15 - - [12/May/2026:13:03:04 -0300] "GET /cormun/servlet/hpexe_link HTTP/1.1" 200 948
190.95.15.15 - - [12/May/2026:13:03:05 -0300] "GET /cormun/servlet/hhome HTTP/1.1" 200 4168
190.95.15.15 - - [12/May/2026:13:03:08 -0300] "GET /cormun/servlet/trautorizarpermisogoce? HTTP/1.1" 200 8816
190.95.15.15 - - [12/May/2026:13:03:10 -0300] "POST /cormun/servlet/trautorizarpermisogoce?72bb7611db51893bbc51b6648b073220,,gx-no-cache=1778602098948 HTTP/1.1" 200 6015
190.95.15.15 - - [12/May/2026:13:03:11 -0300] "POST /cormun/servlet/trautorizarpermisogoce?72bb7611db51893bbc51b6648b073220,,gx-no-cache=1778602099686 HTTP/1.1" 200 5784
190.95.15.15 - - [12/May/2026:13:03:12 -0300] "POST /cormun/servlet/trautorizarpermisogoce?72bb7611db51893bbc51b6648b073220,,gx-no-cache=1778602100355 HTTP/1.1" 200 5551
190.95.15.15 - - [12/May/2026:13:03:12 -0300] "POST /cormun/servlet/trautorizarpermisogoce?72bb7611db51893bbc51b6648b073220,,gx-no-cache=1778602100958 HTTP/1.1" 200 5280
190.95.15.15 - - [12/May/2026:13:03:13 -0300] "POST /cormun/servlet/trautorizarpermisogoce?72bb7611db51893bbc51b6648b073220,,gx-no-cache=1778602101576 HTTP/1.1" 200 4526
190.95.15.15 - - [12/May/2026:13:03:27 -0300] "GET /cormun/servlet/hlogin HTTP/1.1" 200 1742
190.95.15.15 - - [12/May/2026:13:03:35 -0300] "POST /cormun/servlet/hlogin?72bb7611db51893bbc51b6648b073220,gx-no-cache=1778602123324 HTTP/1.1" 200 90
190.95.15.15 - - [12/May/2026:13:03:35 -0300] "GET /cormun/servlet/hpexe_link HTTP/1.1" 200 948
190.95.15.15 - - [12/May/2026:13:03:35 -0300] "GET /cormun/servlet/hhome HTTP/1.1" 200 3986
201.186.225.187 - - [12/May/2026:13:03:44 -0300] "GET /cormun/servlet/trpermisosadjuntos?16253896,20260512092723,P, HTTP/1.1" 200 6100
201.186.225.187 - - [12/May/2026:13:03:48 -0300] "GET /cormun/servlet/permisosadjuntos?INS,16253896,P,20260512092723,, HTTP/1.1" 200 5603
201.186.225.187 - - [12/May/2026:13:03:48 -0300] "GET /cormun/static/about:blank HTTP/1.1" 404 1011
201.186.225.187 - - [12/May/2026:13:03:59 -0300] "POST /cormun/servlet/permisosadjuntos?a29c128f39bbf15e58e73e085856e031,INS,16253896,P,20260512092723,,,gx-no-cache=1778602189465 HTTP/1.1" 200 93
201.186.225.187 - - [12/May/2026:13:03:59 -0300] "GET /cormun/servlet/hpexe_return? HTTP/1.1" 200 1035
201.186.225.187 - - [12/May/2026:13:03:59 -0300] "GET /cormun/servlet/trpermisosadjuntos?16253896,20260512092723,P, HTTP/1.1" 200 6501
201.186.225.187 - - [12/May/2026:13:04:09 -0300] "GET /cormun/servlet/permisosadjuntos?INS,16253896,P,20260512092723,, HTTP/1.1" 200 5602
201.186.225.187 - - [12/May/2026:13:04:10 -0300] "GET /cormun/static/about:blank HTTP/1.1" 404 1011
190.121.111.10 - - [12/May/2026:13:04:31 -0300] "GET /cormun/servlet/vesolicitudgral?2026,23558,,SolicitudOTAdjuntos HTTP/1.1" 200 11468
190.121.111.10 - - [12/May/2026:13:04:32 -0300] "POST /cormun/servlet/acontrolpreferencessavestate?None,RRHH+DANIELA,true HTTP/1.1" 200 35
201.186.225.187 - - [12/May/2026:13:04:32 -0300] "POST /cormun/servlet/permisosadjuntos?a29c128f39bbf15e58e73e085856e031,INS,16253896,P,20260512092723,, HTTP/1.1" 200 116
201.186.225.187 - - [12/May/2026:13:04:32 -0300] "GET /cormun/servlet/hpexe_return? HTTP/1.1" 200 1035
201.186.225.187 - - [12/May/2026:13:04:32 -0300] "GET /cormun/servlet/trpermisosadjuntos?16253896,20260512092723,P, HTTP/1.1" 200 6694
190.95.15.15 - - [12/May/2026:13:04:33 -0300] "GET /cormun/servlet/trlicencias? HTTP/1.1" 200 12782
190.121.111.10 - - [12/May/2026:13:04:36 -0300] "GET /cormun/servlet/trsolicitudgral? HTTP/1.1" 200 9742
190.121.111.10 - - [12/May/2026:13:04:38 -0300] "GET /cormun/servlet/trsolicitudgral? HTTP/1.1" 200 9735
201.186.225.187 - - [12/May/2026:13:04:39 -0300] "GET /cormun/servlet/permisosadjuntos?DLT,16253896,P,20260512092723,20260512120939, HTTP/1.1" 200 5551
201.186.225.187 - - [12/May/2026:13:04:39 -0300] "GET /cormun/static/about:blank HTTP/1.1" 404 1011
190.121.111.10 - - [12/May/2026:13:04:41 -0300] "POST /cormun/servlet/trsolicitudgral?da994b2527fa2ca030d0977fb09d2d15,,gx-no-cache=1778602232413 HTTP/1.1" 200 6636
201.186.225.187 - - [12/May/2026:13:04:41 -0300] "POST /cormun/servlet/permisosadjuntos?a29c128f39bbf15e58e73e085856e031,DLT,16253896,P,20260512092723,20260512120939,,gx-no-cache=1778602231501 HTTP/1.1" 200 93
201.186.225.187 - - [12/May/2026:13:04:41 -0300] "GET /cormun/servlet/hpexe_return? HTTP/1.1" 200 1040
201.186.225.187 - - [12/May/2026:13:04:42 -0300] "GET /cormun/servlet/trpermisosadjuntos?16253896,20260512092723,P, HTTP/1.1" 200 6634
190.121.111.10 - - [12/May/2026:13:04:45 -0300] "POST /cormun/servlet/trsolicitudgral?da994b2527fa2ca030d0977fb09d2d15,,gx-no-cache=1778602236394 HTTP/1.1" 200 25715
201.186.225.187 - - [12/May/2026:13:04:47 -0300] "GET /cormun/servlet/trpermisosgoce? HTTP/1.1" 200 11920
190.121.111.10 - - [12/May/2026:13:04:49 -0300] "POST /cormun/servlet/trsolicitudgral?da994b2527fa2ca030d0977fb09d2d15,,gx-no-cache=1778602240469 HTTP/1.1" 200 23057
190.121.111.10 - - [12/May/2026:13:04:50 -0300] "POST /cormun/servlet/trsolicitudgral?da994b2527fa2ca030d0977fb09d2d15,,gx-no-cache=1778602241803 HTTP/1.1" 200 23057
190.95.15.15 - - [12/May/2026:13:04:54 -0300] "GET /cormun/servlet/licenciaspermisos?DSP,18104740,L,20260511000000, HTTP/1.1" 200 7093
201.186.225.187 - - [12/May/2026:13:04:55 -0300] "POST /cormun/servlet/trpermisosgoce?a29c128f39bbf15e58e73e085856e031,,gx-no-cache=1778602244649 HTTP/1.1" 200 9159
190.121.111.10 - - [12/May/2026:13:05:00 -0300] "POST /cormun/servlet/trsolicitudgral?da994b2527fa2ca030d0977fb09d2d15,,gx-no-cache=1778602251486 HTTP/1.1" 200 7041
190.95.15.15 - - [12/May/2026:13:05:01 -0300] "POST /cormun/servlet/licenciaspermisos?72bb7611db51893bbc51b6648b073220,DSP,18104740,L,20260511000000,,gx-no-cache=1778602209731 HTTP/1.1" 200 93
190.95.15.15 - - [12/May/2026:13:05:01 -0300] "GET /cormun/servlet/hpexe_return? HTTP/1.1" 200 1025
190.95.15.15 - - [12/May/2026:13:05:01 -0300] "GET /cormun/servlet/trlicencias HTTP/1.1" 200 12785
179.57.78.9 - - [12/May/2026:13:05:12 -0300] "GET /cormun/servlet/hlogin HTTP/1.1" 200 1723
179.57.78.9 - - [12/May/2026:13:05:16 -0300] "POST /cormun/servlet/hlogin?1ec83fd08ba7867308c37baafe84f8fd,gx-no-cache=1778602227200 HTTP/1.1" 200 90
179.57.78.9 - - [12/May/2026:13:05:16 -0300] "GET /cormun/servlet/hpexe_link HTTP/1.1" 200 958
179.57.78.9 - - [12/May/2026:13:05:16 -0300] "GET /cormun/servlet/trpermisosgoce HTTP/1.1" 200 15260
179.57.78.9 - - [12/May/2026:13:05:20 -0300] "GET /cormun/servlet/trpermisosgoce? HTTP/1.1" 200 15259
179.57.78.9 - - [12/May/2026:13:05:23 -0300] "GET /cormun/servlet/permisogoce?INS,0,,, HTTP/1.1" 200 7244
179.57.78.9 - - [12/May/2026:13:05:23 -0300] "GET /cormun/static/gxcfg.js?20201215124560 HTTP/1.1" 200 953
179.57.78.9 - - [12/May/2026:13:05:23 -0300] "GET /cormun/static/permisogoce.js?20201215124939 HTTP/1.1" 200 27790
179.57.78.9 - - [12/May/2026:13:05:35 -0300] "GET /cormun/servlet/permisogoce?04d9140983b35d4c9c826e0a4d2b318deb767f726e86c8ac16b0bf73f222f97a74372716712c8ca138c13063ea063a45c4d0d2f22d1887cf888a068df1d0ec3b,gx-no-cache=1778602245738 HTTP/1.1" 200 85
179.57.78.9 - - [12/May/2026:13:05:35 -0300] "GET /cormun/static/menuarrow.gif HTTP/1.1" 404 1015
179.57.78.9 - - [12/May/2026:13:05:57 -0300] "GET /cormun/servlet/permisogoce?04d9140983b35d4c9c826e0a4d2b318d05789e30d922ccd835824714400370fa28a75436c9a9d54678769c98266e78973d4f57031b5ad319171be159392b398a,gx-no-cache=1778602267568 HTTP/1.1" 200 47
179.57.78.9 - - [12/May/2026:13:06:01 -0300] "POST /cormun/servlet/permisogoce?1ec83fd08ba7867308c37baafe84f8fd,INS,0,,,,gx-no-cache=1778602270848 HTTP/1.1" 200 93
179.57.78.9 - - [12/May/2026:13:06:01 -0300] "GET /cormun/servlet/hpexe_return? HTTP/1.1" 200 1012
179.57.78.9 - - [12/May/2026:13:06:01 -0300] "GET /cormun/servlet/trpermisosgoce HTTP/1.1" 200 15604
190.121.111.10 - - [12/May/2026:13:06:16 -0300] "POST /cormun/servlet/trsolicitudgral?da994b2527fa2ca030d0977fb09d2d15,,gx-no-cache=1778602327170 HTTP/1.1" 200 23056
190.121.111.10 - - [12/May/2026:13:18:50 -0300] "POST /cormun/servlet/trsolicitudgral?da994b2527fa2ca030d0977fb09d2d15,,gx-no-cache=1778603081513 HTTP/1.1" 200 6652
190.121.111.10 - - [12/May/2026:13:18:55 -0300] "POST /cormun/servlet/trsolicitudgral?da994b2527fa2ca030d0977fb09d2d15,,gx-no-cache=1778603086381 HTTP/1.1" 200 23057
190.121.111.10 - - [12/May/2026:13:19:01 -0300] "GET /cormun/servlet/vesolicitudgral?2026,23436,, HTTP/1.1" 200 8460
190.121.111.10 - - [12/May/2026:13:19:01 -0300] "GET /cormun/pexe_scrolldiv.js HTTP/1.1" 404 1009
179.57.78.9 - - [12/May/2026:13:19:10 -0300] "GET /cormun/servlet/permisogoce?INS,0,,, HTTP/1.1" 200 7246
179.57.78.9 - - [12/May/2026:13:19:20 -0300] "GET /cormun/servlet/permisogoce?04d9140983b35d4c9c826e0a4d2b318dc384eb35b4865e237490338eaa6370d274372716712c8ca138c13063ea063a45c4d0d2f22d1887cf888a068df1d0ec3b,gx-no-cache=1778603070584 HTTP/1.1" 200 75
179.57.78.9 - - [12/May/2026:13:19:30 -0300] "GET /cormun/servlet/permisogoce?04d9140983b35d4c9c826e0a4d2b318d1555eea3675ed3f78b892bca6bbac63cfa61de69fa6a14cdd80461ac99dde02d3d4f57031b5ad319171be159392b398a,gx-no-cache=1778603081535 HTTP/1.1" 200 47
179.57.78.9 - - [12/May/2026:13:19:38 -0300] "POST /cormun/servlet/permisogoce?1ec83fd08ba7867308c37baafe84f8fd,INS,0,,,,gx-no-cache=1778603088352 HTTP/1.1" 200 93
179.57.78.9 - - [12/May/2026:13:19:38 -0300] "GET /cormun/servlet/hpexe_return? HTTP/1.1" 200 1012
179.57.78.9 - - [12/May/2026:13:19:38 -0300] "GET /cormun/servlet/trpermisosgoce HTTP/1.1" 200 15793
179.57.78.9 - - [12/May/2026:13:19:44 -0300] "GET /cormun/servlet/permisogoce?INS,0,,, HTTP/1.1" 200 7244
179.57.78.9 - - [12/May/2026:13:19:53 -0300] "GET /cormun/servlet/permisogoce?04d9140983b35d4c9c826e0a4d2b318dd310cf601c541945b3f7d2c6f868b3ad74372716712c8ca138c13063ea063a45c4d0d2f22d1887cf888a068df1d0ec3b,gx-no-cache=1778603103783 HTTP/1.1" 200 80
190.95.15.13 - - [12/May/2026:13:19:57 -0300] "GET /cormun/servlet/hlogin HTTP/1.1" 200 1718
190.95.15.13 - - [12/May/2026:13:20:03 -0300] "POST /cormun/servlet/hlogin?62ee8fd9408f0e6edad6adf61166c228,gx-no-cache=1778603111607 HTTP/1.1" 200 90
190.95.15.13 - - [12/May/2026:13:20:03 -0300] "GET /cormun/servlet/hpexe_link HTTP/1.1" 200 949
190.95.15.13 - - [12/May/2026:13:20:03 -0300] "GET /cormun/servlet/hhome HTTP/1.1" 200 4281
190.95.15.13 - - [12/May/2026:13:20:06 -0300] "GET /cormun/servlet/trlicencias? HTTP/1.1" 200 13877
179.57.78.9 - - [12/May/2026:13:20:06 -0300] "GET /cormun/servlet/permisogoce?04d9140983b35d4c9c826e0a4d2b318d95e9f9dc1024a18918bea568b1726b70597d7411dad65d62a87fd629978b49a63d4f57031b5ad319171be159392b398a,gx-no-cache=1778603117215 HTTP/1.1" 200 47
190.121.111.10 - - [12/May/2026:13:20:49 -0300] "GET /cormun/servlet/trsolicitudgral? HTTP/1.1" 200 25811
190.95.15.13 - - [12/May/2026:13:20:51 -0300] "POST /cormun/servlet/trlicencias?62ee8fd9408f0e6edad6adf61166c228,,gx-no-cache=1778603159747 HTTP/1.1" 200 5693
190.95.15.13 - - [12/May/2026:13:21:08 -0300] "GET /cormun/servlet/trpermisosgoce? HTTP/1.1" 200 11269
190.95.15.13 - - [12/May/2026:13:21:18 -0300] "POST /cormun/servlet/trpermisosgoce?62ee8fd9408f0e6edad6adf61166c228,,gx-no-cache=1778603186747 HTTP/1.1" 200 4483
190.95.15.13 - - [12/May/2026:13:21:25 -0300] "GET /cormun/servlet/trlicencias? HTTP/1.1" 200 8371
190.95.15.13 - - [12/May/2026:13:21:44 -0300] "GET /cormun/servlet/trlicencias? HTTP/1.1" 200 8370
179.57.78.71 - - [12/May/2026:13:21:49 -0300] "POST /cormun/servlet/trlicencias?6db3bf0c7280b3921d5f06d338fb3745,gx-no-cache=1778603218649 HTTP/1.1" 440 972
179.57.78.71 - - [12/May/2026:13:21:50 -0300] "GET /cormun/servlet/trlicencias HTTP/1.1" 200 6050
179.57.78.71 - - [12/May/2026:13:21:50 -0300] "GET /cormun/servlet/hlogin HTTP/1.1" 200 1738
190.95.15.13 - - [12/May/2026:13:21:52 -0300] "POST /cormun/servlet/trlicencias?62ee8fd9408f0e6edad6adf61166c228,,gx-no-cache=1778603220355 HTTP/1.1" 200 5976
179.57.78.71 - - [12/May/2026:13:21:54 -0300] "POST /cormun/servlet/hlogin?fb3c26af6ced2594a6e57e3abf52f9ae,gx-no-cache=1778603224102 HTTP/1.1" 200 90
179.57.78.71 - - [12/May/2026:13:21:54 -0300] "GET /cormun/servlet/hpexe_link HTTP/1.1" 200 958
179.57.78.71 - - [12/May/2026:13:21:55 -0300] "GET /cormun/servlet/trlicencias HTTP/1.1" 200 11996
179.57.78.9 - - [12/May/2026:13:21:55 -0300] "POST /cormun/servlet/permisogoce?1ec83fd08ba7867308c37baafe84f8fd,INS,0,,,,gx-no-cache=1778603226119 HTTP/1.1" 200 93
179.57.78.9 - - [12/May/2026:13:21:56 -0300] "GET /cormun/servlet/hpexe_return? HTTP/1.1" 200 1012
179.57.78.9 - - [12/May/2026:13:21:56 -0300] "GET /cormun/servlet/trpermisosgoce HTTP/1.1" 200 16052
179.57.78.9 - - [12/May/2026:13:22:01 -0300] "GET /cormun/servlet/permisogoce?INS,0,,, HTTP/1.1" 200 7245
179.57.78.9 - - [12/May/2026:13:22:10 -0300] "GET /cormun/servlet/permisogoce?04d9140983b35d4c9c826e0a4d2b318df801201705f71b9419cdf37ee421201a134647046014543b8daf556405ed767aa561f8166af4684a8019879b51cdac29,gx-no-cache=1778603241287 HTTP/1.1" 200 72
190.121.111.10 - - [12/May/2026:13:22:10 -0300] "POST /cormun/servlet/trsolicitudgral?da994b2527fa2ca030d0977fb09d2d15,,gx-no-cache=1778603281906 HTTP/1.1" 200 7041
190.121.111.10 - - [12/May/2026:13:22:16 -0300] "POST /cormun/servlet/trsolicitudgral?da994b2527fa2ca030d0977fb09d2d15,,gx-no-cache=1778603287427 HTTP/1.1" 200 23057
179.57.78.9 - - [12/May/2026:13:22:21 -0300] "GET /cormun/servlet/permisogoce?04d9140983b35d4c9c826e0a4d2b318de965176f78d3829310cbfe9ab82d5b75be330e659605b083b2f06a5747dd090fb492e58ba2bbd6f6a302dad8ca428ea0,gx-no-cache=1778603252520 HTTP/1.1" 200 48
179.57.78.9 - - [12/May/2026:13:22:27 -0300] "POST /cormun/servlet/permisogoce?1ec83fd08ba7867308c37baafe84f8fd,INS,0,,,,gx-no-cache=1778603257194 HTTP/1.1" 200 93
179.57.78.9 - - [12/May/2026:13:22:27 -0300] "GET /cormun/servlet/hpexe_return? HTTP/1.1" 200 1012
179.57.78.9 - - [12/May/2026:13:22:27 -0300] "GET /cormun/servlet/trpermisosgoce HTTP/1.1" 200 16213
179.57.78.9 - - [12/May/2026:13:22:29 -0300] "GET /cormun/servlet/permisogoce?INS,0,,, HTTP/1.1" 200 7244
179.57.78.9 - - [12/May/2026:13:22:36 -0300] "GET /cormun/servlet/permisogoce?04d9140983b35d4c9c826e0a4d2b318dc9eb96068a044cb5fb34cce0ad3c5196134647046014543b8daf556405ed767aa561f8166af4684a8019879b51cdac29,gx-no-cache=1778603266769 HTTP/1.1" 200 75
179.57.78.9 - - [12/May/2026:13:22:44 -0300] "GET /cormun/servlet/permisogoce?04d9140983b35d4c9c826e0a4d2b318d148cbed5d00db34ce4c3a6b497923bbc2e46d3ac829946f64d2f733fd2b87afd94c8824d0419626d9bbd3b144b26fce5,gx-no-cache=1778603274640 HTTP/1.1" 200 47
179.57.78.9 - - [12/May/2026:13:22:46 -0300] "POST /cormun/servlet/permisogoce?1ec83fd08ba7867308c37baafe84f8fd,INS,0,,,,gx-no-cache=1778603276410 HTTP/1.1" 200 93
179.57.78.9 - - [12/May/2026:13:22:46 -0300] "GET /cormun/servlet/hpexe_return? HTTP/1.1" 200 1012
179.57.78.9 - - [12/May/2026:13:22:46 -0300] "GET /cormun/servlet/trpermisosgoce HTTP/1.1" 200 16453
179.57.78.9 - - [12/May/2026:13:22:51 -0300] "GET /cormun/servlet/permisogoce?INS,0,,, HTTP/1.1" 200 7245
179.57.78.9 - - [12/May/2026:13:22:59 -0300] "GET /cormun/servlet/permisogoce?04d9140983b35d4c9c826e0a4d2b318db34c0cf651f292051b8f5c78ca1d5c0b74372716712c8ca138c13063ea063a45c4d0d2f22d1887cf888a068df1d0ec3b,gx-no-cache=1778603289953 HTTP/1.1" 200 76
179.57.78.9 - - [12/May/2026:13:23:10 -0300] "GET /cormun/servlet/permisogoce?04d9140983b35d4c9c826e0a4d2b318d5532318f0728d589f586cd1832e425dfc38efaa6789fabd455996fb8dbca36b5ba7d19fb563745d362555e9a32911484,gx-no-cache=1778603300672 HTTP/1.1" 200 47
179.57.78.9 - - [12/May/2026:13:23:12 -0300] "POST /cormun/servlet/permisogoce?1ec83fd08ba7867308c37baafe84f8fd,INS,0,,,,gx-no-cache=1778603302290 HTTP/1.1" 200 93
179.57.78.9 - - [12/May/2026:13:23:12 -0300] "GET /cormun/servlet/hpexe_return? HTTP/1.1" 200 1012
179.57.78.9 - - [12/May/2026:13:23:12 -0300] "GET /cormun/servlet/trpermisosgoce HTTP/1.1" 200 16676
179.57.78.9 - - [12/May/2026:13:23:17 -0300] "GET /cormun/servlet/permisogoce?INS,0,,, HTTP/1.1" 200 7245
190.121.111.10 - - [12/May/2026:13:23:20 -0300] "GET /cormun/servlet/vesolicitudgral?2026,23557,, HTTP/1.1" 200 8400
190.121.111.10 - - [12/May/2026:13:23:20 -0300] "GET /cormun/pexe_scrolldiv.js HTTP/1.1" 404 1009
179.57.78.9 - - [12/May/2026:13:23:25 -0300] "GET /cormun/servlet/permisogoce?04d9140983b35d4c9c826e0a4d2b318d8ceca49b808d1c0e08050eba0a30390d74372716712c8ca138c13063ea063a45c4d0d2f22d1887cf888a068df1d0ec3b,gx-no-cache=1778603315847 HTTP/1.1" 200 80
190.95.15.13 - - [12/May/2026:13:23:28 -0300] "GET /cormun/servlet/trlicencias? HTTP/1.1" 200 8632
190.95.15.13 - - [12/May/2026:13:23:29 -0300] "GET /cormun/servlet/hlogin HTTP/1.1" 200 1736
179.57.78.9 - - [12/May/2026:13:23:32 -0300] "GET /cormun/servlet/permisogoce?04d9140983b35d4c9c826e0a4d2b318d1f522afdc430f7e56e74249c2d422bafd78802edc21cded66a7f06b3b8ccf229ba7d19fb563745d362555e9a32911484,gx-no-cache=1778603322768 HTTP/1.1" 200 47
179.57.78.9 - - [12/May/2026:13:23:38 -0300] "POST /cormun/servlet/permisogoce?1ec83fd08ba7867308c37baafe84f8fd,INS,0,,,,gx-no-cache=1778603328794 HTTP/1.1" 200 93
179.57.78.9 - - [12/May/2026:13:23:38 -0300] "GET /cormun/servlet/hpexe_return? HTTP/1.1" 200 1012
179.57.78.9 - - [12/May/2026:13:23:38 -0300] "GET /cormun/servlet/trpermisosgoce HTTP/1.1" 200 16850
179.57.78.9 - - [12/May/2026:13:23:45 -0300] "GET /cormun/servlet/permisogoce?INS,0,,, HTTP/1.1" 200 7245
190.121.111.10 - - [12/May/2026:13:23:53 -0300] "POST /cormun/servlet/vesolicitudgral?da994b2527fa2ca030d0977fb09d2d15,2026,23557,,,gx-no-cache=1778603384924 HTTP/1.1" 200 12342
190.121.111.10 - - [12/May/2026:13:23:53 -0300] "GET /cormun/static/Shared/jqueryui/images/ui-bg_highlight-soft_100_c6c2c8_1x100.png HTTP/1.1" 404 1117
190.121.111.10 - - [12/May/2026:13:23:53 -0300] "GET /cormun/static/Shared/jqueryui/images/ui-icons_82798d_256x240.png HTTP/1.1" 404 1089
190.121.111.10 - - [12/May/2026:13:23:53 -0300] "GET /cormun/static/Shared/jqueryui/images/ui-bg_flat_55_fafafa_40x100.png HTTP/1.1" 404 1097
190.121.111.10 - - [12/May/2026:13:23:53 -0300] "GET /cormun/static/Shared/jqueryui/images/ui-icons_8d78a5_256x240.png HTTP/1.1" 404 1089
190.121.111.10 - - [12/May/2026:13:23:54 -0300] "POST /cormun/servlet/vesolicitudgral?da994b2527fa2ca030d0977fb09d2d15,2026,23557,,,gx-no-cache=1778603385151 HTTP/1.1" 200 12275
179.57.78.9 - - [12/May/2026:13:23:54 -0300] "GET /cormun/servlet/permisogoce?04d9140983b35d4c9c826e0a4d2b318d06785214cffe1bd1b577ed1df9e43dea74372716712c8ca138c13063ea063a45c4d0d2f22d1887cf888a068df1d0ec3b,gx-no-cache=1778603345169 HTTP/1.1" 200 73
190.121.111.10 - - [12/May/2026:13:23:56 -0300] "GET /cormun/servlet/trautorizarot? HTTP/1.1" 200 9568
179.57.78.9 - - [12/May/2026:13:24:02 -0300] "GET /cormun/servlet/permisogoce?04d9140983b35d4c9c826e0a4d2b318d9347be6bfef3644b515d2ff4c4d5252d29eb56fb47fb93bef96b6aeb1f102ab9ba7d19fb563745d362555e9a32911484,gx-no-cache=1778603352680 HTTP/1.1" 200 47
190.121.111.10 - - [12/May/2026:13:24:02 -0300] "GET /cormun/servlet/veautorizarot?2026,23557,, HTTP/1.1" 200 8354
190.121.111.10 - - [12/May/2026:13:24:03 -0300] "GET /cormun/static/gxcfg.js?20221129845189 HTTP/1.1" 200 953
190.121.111.10 - - [12/May/2026:13:24:03 -0300] "GET /cormun/static/veautorizarot.js?202211298451841 HTTP/1.1" 200 6707
190.121.111.10 - - [12/May/2026:13:24:03 -0300] "GET /cormun/pexe_scrolldiv.js HTTP/1.1" 404 1009
190.121.111.10 - - [12/May/2026:13:24:03 -0300] "GET /cormun/static/tbautorizarot01.js?202211298384595 HTTP/1.1" 200 31227
179.57.78.9 - - [12/May/2026:13:24:04 -0300] "POST /cormun/servlet/permisogoce?1ec83fd08ba7867308c37baafe84f8fd,INS,0,,,,gx-no-cache=1778603354458 HTTP/1.1" 200 93
179.57.78.9 - - [12/May/2026:13:24:04 -0300] "GET /cormun/servlet/hpexe_return? HTTP/1.1" 200 1012
179.57.78.9 - - [12/May/2026:13:24:04 -0300] "GET /cormun/servlet/trpermisosgoce HTTP/1.1" 200 17073
190.121.111.10 - - [12/May/2026:13:24:05 -0300] "GET /cormun/servlet/trautorizarot? HTTP/1.1" 200 9568
179.57.78.9 - - [12/May/2026:13:24:08 -0300] "GET /cormun/servlet/permisogoce?INS,0,,, HTTP/1.1" 200 7245
190.121.111.10 - - [12/May/2026:13:24:09 -0300] "POST /cormun/servlet/trautorizarot?da994b2527fa2ca030d0977fb09d2d15,,gx-no-cache=1778603400539 HTTP/1.1" 200 5341
190.121.111.10 - - [12/May/2026:13:24:11 -0300] "POST /cormun/servlet/trautorizarot?da994b2527fa2ca030d0977fb09d2d15,,gx-no-cache=1778603402745 HTTP/1.1" 200 5165
190.121.111.10 - - [12/May/2026:13:24:13 -0300] "POST /cormun/servlet/trautorizarot?da994b2527fa2ca030d0977fb09d2d15,,gx-no-cache=1778603404345 HTTP/1.1" 200 5164
190.121.111.10 - - [12/May/2026:13:24:14 -0300] "POST /cormun/servlet/trautorizarot?da994b2527fa2ca030d0977fb09d2d15,,gx-no-cache=1778603405239 HTTP/1.1" 200 5165
179.57.78.9 - - [12/May/2026:13:24:14 -0300] "GET /cormun/servlet/permisogoce?04d9140983b35d4c9c826e0a4d2b318dc0ad380ee1ae14dcfa379e6b48b8305c74372716712c8ca138c13063ea063a45c4d0d2f22d1887cf888a068df1d0ec3b,gx-no-cache=1778603365113 HTTP/1.1" 200 74
190.121.111.10 - - [12/May/2026:13:24:14 -0300] "POST /cormun/servlet/trautorizarot?da994b2527fa2ca030d0977fb09d2d15,,gx-no-cache=1778603406081 HTTP/1.1" 200 5164
190.121.111.10 - - [12/May/2026:13:24:15 -0300] "POST /cormun/servlet/trautorizarot?da994b2527fa2ca030d0977fb09d2d15,,gx-no-cache=1778603406920 HTTP/1.1" 200 5165
190.121.111.10 - - [12/May/2026:13:24:16 -0300] "POST /cormun/servlet/trautorizarot?da994b2527fa2ca030d0977fb09d2d15,,gx-no-cache=1778603407537 HTTP/1.1" 200 5165
190.121.111.10 - - [12/May/2026:13:24:17 -0300] "POST /cormun/servlet/trautorizarot?da994b2527fa2ca030d0977fb09d2d15,,gx-no-cache=1778603408161 HTTP/1.1" 200 5164
190.121.111.10 - - [12/May/2026:13:24:17 -0300] "POST /cormun/servlet/trautorizarot?da994b2527fa2ca030d0977fb09d2d15,,gx-no-cache=1778603408872 HTTP/1.1" 200 5164
190.121.111.10 - - [12/May/2026:13:24:18 -0300] "POST /cormun/servlet/trautorizarot?da994b2527fa2ca030d0977fb09d2d15,,gx-no-cache=1778603409536 HTTP/1.1" 200 5164
190.121.111.10 - - [12/May/2026:13:24:18 -0300] "POST /cormun/servlet/trautorizarot?da994b2527fa2ca030d0977fb09d2d15,,gx-no-cache=1778603410119 HTTP/1.1" 200 5165
190.121.111.10 - - [12/May/2026:13:24:19 -0300] "POST /cormun/servlet/trautorizarot?da994b2527fa2ca030d0977fb09d2d15,,gx-no-cache=1778603410728 HTTP/1.1" 200 5165
190.121.111.10 - - [12/May/2026:13:24:20 -0300] "POST /cormun/servlet/trautorizarot?da994b2527fa2ca030d0977fb09d2d15,,gx-no-cache=1778603411688 HTTP/1.1" 200 5165
179.57.78.9 - - [12/May/2026:13:24:22 -0300] "GET /cormun/servlet/permisogoce?04d9140983b35d4c9c826e0a4d2b318da47d445c395e3137ce1855e6e0f4d3edea8b8fb06f3a8cbe907acd3f504acb33ba7d19fb563745d362555e9a32911484,gx-no-cache=1778603372920 HTTP/1.1" 200 47
190.121.111.10 - - [12/May/2026:13:24:28 -0300] "GET /cormun/servlet/trsolicitudgral? HTTP/1.1" 200 25475
179.57.78.9 - - [12/May/2026:13:24:32 -0300] "POST /cormun/servlet/permisogoce?1ec83fd08ba7867308c37baafe84f8fd,INS,0,,,,gx-no-cache=1778603382250 HTTP/1.1" 200 93
179.57.78.9 - - [12/May/2026:13:24:32 -0300] "GET /cormun/servlet/hpexe_return? HTTP/1.1" 200 1012
179.57.78.9 - - [12/May/2026:13:24:32 -0300] "GET /cormun/servlet/trpermisosgoce HTTP/1.1" 200 17265
190.121.111.10 - - [12/May/2026:13:24:32 -0300] "POST /cormun/servlet/trsolicitudgral?da994b2527fa2ca030d0977fb09d2d15,,gx-no-cache=1778603423259 HTTP/1.1" 200 25719
179.57.78.9 - - [12/May/2026:13:24:36 -0300] "GET /cormun/servlet/permisogoce?INS,0,,, HTTP/1.1" 200 7244
190.121.111.10 - - [12/May/2026:13:24:37 -0300] "POST /cormun/servlet/trsolicitudgral?da994b2527fa2ca030d0977fb09d2d15,,gx-no-cache=1778603428236 HTTP/1.1" 200 7919
190.121.111.10 - - [12/May/2026:13:24:41 -0300] "POST /cormun/servlet/trsolicitudgral?da994b2527fa2ca030d0977fb09d2d15,,gx-no-cache=1778603432514 HTTP/1.1" 200 6642
190.121.111.10 - - [12/May/2026:13:24:45 -0300] "GET /cormun/servlet/vesolicitudgral?2026,23557,, HTTP/1.1" 200 8402
190.121.111.10 - - [12/May/2026:13:24:45 -0300] "GET /cormun/pexe_scrolldiv.js HTTP/1.1" 404 1009
179.57.78.9 - - [12/May/2026:13:24:45 -0300] "GET /cormun/servlet/permisogoce?04d9140983b35d4c9c826e0a4d2b318dbd7e6cfa9d042581d0175eef2a9a324474372716712c8ca138c13063ea063a45c4d0d2f22d1887cf888a068df1d0ec3b,gx-no-cache=1778603396209 HTTP/1.1" 200 83
179.57.78.9 - - [12/May/2026:13:24:55 -0300] "GET /cormun/servlet/permisogoce?04d9140983b35d4c9c826e0a4d2b318d6f912812790aa4b14ffe930cdc935f1733dc206f4d94fc4357ece1d8bcdca54e3d4f57031b5ad319171be159392b398a,gx-no-cache=1778603405648 HTTP/1.1" 200 47
179.57.78.9 - - [12/May/2026:13:24:57 -0300] "POST /cormun/servlet/permisogoce?1ec83fd08ba7867308c37baafe84f8fd,INS,0,,,,gx-no-cache=1778603407682 HTTP/1.1" 200 93
179.57.78.9 - - [12/May/2026:13:24:57 -0300] "GET /cormun/servlet/hpexe_return? HTTP/1.1" 200 1012
179.57.78.9 - - [12/May/2026:13:24:57 -0300] "GET /cormun/servlet/trpermisosgoce HTTP/1.1" 200 17449
179.57.78.9 - - [12/May/2026:13:25:02 -0300] "GET /cormun/servlet/permisogoce?INS,0,,, HTTP/1.1" 200 7244
179.57.78.9 - - [12/May/2026:13:25:10 -0300] "GET /cormun/servlet/permisogoce?04d9140983b35d4c9c826e0a4d2b318d06d5f266982a8e8ff740882f7a356e9874372716712c8ca138c13063ea063a45c4d0d2f22d1887cf888a068df1d0ec3b,gx-no-cache=1778603421001 HTTP/1.1" 200 81
179.57.78.9 - - [12/May/2026:13:25:20 -0300] "GET /cormun/servlet/permisogoce?04d9140983b35d4c9c826e0a4d2b318d9916eb807b1f6707ee64073f1e8df36d4baced08998c496dfbf92eeeed55aa51ba7d19fb563745d362555e9a32911484,gx-no-cache=1778603430936 HTTP/1.1" 200 46
179.57.78.9 - - [12/May/2026:13:25:22 -0300] "POST /cormun/servlet/permisogoce?1ec83fd08ba7867308c37baafe84f8fd,INS,0,,,,gx-no-cache=1778603432899 HTTP/1.1" 200 93
179.57.78.9 - - [12/May/2026:13:25:22 -0300] "GET /cormun/servlet/hpexe_return? HTTP/1.1" 200 1012
179.57.78.9 - - [12/May/2026:13:25:22 -0300] "GET /cormun/servlet/trpermisosgoce HTTP/1.1" 200 17677
179.57.78.9 - - [12/May/2026:13:25:28 -0300] "GET /cormun/servlet/permisogoce?INS,0,,, HTTP/1.1" 200 7244
179.57.78.9 - - [12/May/2026:13:25:37 -0300] "GET /cormun/servlet/permisogoce?04d9140983b35d4c9c826e0a4d2b318d95716c6d10751f4f032e7836328fc76874372716712c8ca138c13063ea063a45c4d0d2f22d1887cf888a068df1d0ec3b,gx-no-cache=1778603448281 HTTP/1.1" 200 73
179.57.78.9 - - [12/May/2026:13:25:47 -0300] "GET /cormun/servlet/permisogoce?04d9140983b35d4c9c826e0a4d2b318d1d25a3c54d2cfc25d36523ba58cd41359f37951d8c28f7e35c7e22a402102c10ba7d19fb563745d362555e9a32911484,gx-no-cache=1778603458104 HTTP/1.1" 200 46
179.57.78.9 - - [12/May/2026:13:25:50 -0300] "POST /cormun/servlet/permisogoce?1ec83fd08ba7867308c37baafe84f8fd,INS,0,,,,gx-no-cache=1778603460642 HTTP/1.1" 200 93
179.57.78.9 - - [12/May/2026:13:25:50 -0300] "GET /cormun/servlet/hpexe_return? HTTP/1.1" 200 1012
179.57.78.9 - - [12/May/2026:13:25:50 -0300] "GET /cormun/servlet/trpermisosgoce HTTP/1.1" 200 17880
179.57.78.9 - - [12/May/2026:13:25:55 -0300] "GET /cormun/servlet/permisogoce?INS,0,,, HTTP/1.1" 200 7244
179.57.78.9 - - [12/May/2026:13:26:05 -0300] "GET /cormun/servlet/permisogoce?04d9140983b35d4c9c826e0a4d2b318d093ff2d2472b57ff3f51966dd5851dea74372716712c8ca138c13063ea063a45c4d0d2f22d1887cf888a068df1d0ec3b,gx-no-cache=1778603475930 HTTP/1.1" 200 87
190.121.111.10 - - [12/May/2026:13:26:15 -0300] "GET /cormun/servlet/vesolicitudgral?2026,23557,,SolicitudOTAdjuntos HTTP/1.1" 200 11434
190.121.111.10 - - [12/May/2026:13:26:15 -0300] "GET /cormun/pexe_scrolldiv.js HTTP/1.1" 404 1009
179.57.78.9 - - [12/May/2026:13:26:15 -0300] "GET /cormun/servlet/permisogoce?04d9140983b35d4c9c826e0a4d2b318dd35f92edea89ab251cddc7c986d4f4538b380f11fe5ba7754a80c5aae76ffab0ba7d19fb563745d362555e9a32911484,gx-no-cache=1778603486504 HTTP/1.1" 200 47
190.121.111.10 - - [12/May/2026:13:26:16 -0300] "POST /cormun/servlet/acontrolpreferencessavestate?None,RRHH+DANIELA,true HTTP/1.1" 200 35
179.57.78.9 - - [12/May/2026:13:26:18 -0300] "POST /cormun/servlet/permisogoce?1ec83fd08ba7867308c37baafe84f8fd,INS,0,,,,gx-no-cache=1778603488666 HTTP/1.1" 200 93
179.57.78.9 - - [12/May/2026:13:26:18 -0300] "GET /cormun/servlet/hpexe_return? HTTP/1.1" 200 1012
179.57.78.9 - - [12/May/2026:13:26:18 -0300] "GET /cormun/servlet/trpermisosgoce HTTP/1.1" 200 18071
190.121.111.10 - - [12/May/2026:13:26:19 -0300] "GET /cormun/PublicTempStorage/carnet_identidad9628825.pdf HTTP/1.1" 200 433707
179.57.78.9 - - [12/May/2026:13:26:24 -0300] "GET /cormun/servlet/permisogoce?INS,0,,, HTTP/1.1" 200 7244
179.57.78.9 - - [12/May/2026:13:26:31 -0300] "GET /cormun/servlet/permisogoce?04d9140983b35d4c9c826e0a4d2b318da0d2668dfbcd7b002130dad976e8110374372716712c8ca138c13063ea063a45c4d0d2f22d1887cf888a068df1d0ec3b,gx-no-cache=1778603502017 HTTP/1.1" 200 73
190.95.67.91 - - [12/May/2026:13:26:32 -0300] "GET /cormun/servlet/trlicencias? HTTP/1.1" 200 19636
179.57.78.9 - - [12/May/2026:13:26:41 -0300] "GET /cormun/servlet/permisogoce?04d9140983b35d4c9c826e0a4d2b318d75ff2848309e9119765747b339d32b08715cca59cd104b217031cedfde2a1b48ba7d19fb563745d362555e9a32911484,gx-no-cache=1778603512296 HTTP/1.1" 200 47
179.57.78.9 - - [12/May/2026:13:26:44 -0300] "POST /cormun/servlet/permisogoce?1ec83fd08ba7867308c37baafe84f8fd,INS,0,,,,gx-no-cache=1778603514330 HTTP/1.1" 200 93
179.57.78.9 - - [12/May/2026:13:26:44 -0300] "GET /cormun/servlet/hpexe_return? HTTP/1.1" 200 1012
179.57.78.9 - - [12/May/2026:13:26:44 -0300] "GET /cormun/servlet/trpermisosgoce HTTP/1.1" 200 18255
179.57.78.9 - - [12/May/2026:13:26:50 -0300] "GET /cormun/servlet/permisogoce?INS,0,,, HTTP/1.1" 200 7244
190.121.111.10 - - [12/May/2026:13:26:52 -0300] "GET /cormun/servlet/vesolicitudgral?2026,23557,,SolicitudOTAdjuntos HTTP/1.1" 200 11434
190.121.111.10 - - [12/May/2026:13:26:53 -0300] "POST /cormun/servlet/acontrolpreferencessavestate?None,RRHH+DANIELA,true HTTP/1.1" 200 35
190.121.111.10 - - [12/May/2026:13:26:57 -0300] "GET /cormun/PublicTempStorage/certificado_uno7066336.pdf HTTP/1.1" 200 75817
179.57.78.9 - - [12/May/2026:13:26:58 -0300] "GET /cormun/servlet/permisogoce?04d9140983b35d4c9c826e0a4d2b318d11f1fa80974bedec040532bcd99d88a274372716712c8ca138c13063ea063a45c4d0d2f22d1887cf888a068df1d0ec3b,gx-no-cache=1778603529257 HTTP/1.1" 200 81
179.57.78.9 - - [12/May/2026:13:27:04 -0300] "GET /cormun/servlet/permisogoce?04d9140983b35d4c9c826e0a4d2b318d1cff203c7f76040cfd902806c26aa3894a460e914d3ed0fb21a78cb1641595d2ba7d19fb563745d362555e9a32911484,gx-no-cache=1778603535449 HTTP/1.1" 200 47
179.57.78.9 - - [12/May/2026:13:27:08 -0300] "POST /cormun/servlet/permisogoce?1ec83fd08ba7867308c37baafe84f8fd,INS,0,,,,gx-no-cache=1778603538658 HTTP/1.1" 200 93
179.57.78.9 - - [12/May/2026:13:27:08 -0300] "GET /cormun/servlet/hpexe_return? HTTP/1.1" 200 1012
179.57.78.9 - - [12/May/2026:13:27:08 -0300] "GET /cormun/servlet/trpermisosgoce HTTP/1.1" 200 18469
179.57.78.9 - - [12/May/2026:13:27:15 -0300] "GET /cormun/servlet/permisogoce?INS,0,,, HTTP/1.1" 200 7244
179.57.78.9 - - [12/May/2026:13:27:23 -0300] "GET /cormun/servlet/permisogoce?04d9140983b35d4c9c826e0a4d2b318d06d5f266982a8e8ff740882f7a356e9874372716712c8ca138c13063ea063a45c4d0d2f22d1887cf888a068df1d0ec3b,gx-no-cache=1778603553633 HTTP/1.1" 200 83
190.121.111.10 - - [12/May/2026:13:27:29 -0300] "GET /cormun/servlet/vesolicitudgral?2026,23557,,SolicitudOTAdjuntos HTTP/1.1" 200 11434
190.121.111.10 - - [12/May/2026:13:27:31 -0300] "POST /cormun/servlet/acontrolpreferencessavestate?None,RRHH+DANIELA,true HTTP/1.1" 200 35
190.121.111.10 - - [12/May/2026:13:27:32 -0300] "GET /cormun/PublicTempStorage/fonasa4484591.pdf HTTP/1.1" 200 145245
179.57.78.9 - - [12/May/2026:13:27:34 -0300] "GET /cormun/servlet/permisogoce?04d9140983b35d4c9c826e0a4d2b318d9916eb807b1f6707ee64073f1e8df36d3646a0399523bd184b7fcc816b7a126f3d4f57031b5ad319171be159392b398a,gx-no-cache=1778603565119 HTTP/1.1" 200 48
179.57.78.9 - - [12/May/2026:13:27:36 -0300] "POST /cormun/servlet/permisogoce?1ec83fd08ba7867308c37baafe84f8fd,INS,0,,,,gx-no-cache=1778603566970 HTTP/1.1" 200 93
179.57.78.9 - - [12/May/2026:13:27:36 -0300] "GET /cormun/servlet/hpexe_return? HTTP/1.1" 200 1012
179.57.78.9 - - [12/May/2026:13:27:37 -0300] "GET /cormun/servlet/trpermisosgoce HTTP/1.1" 200 18660
190.121.111.10 - - [12/May/2026:13:27:39 -0300] "GET /cormun/servlet/vesolicitudgral?2026,23557,,SolicitudOTAdjuntos HTTP/1.1" 200 11435
190.121.111.10 - - [12/May/2026:13:27:40 -0300] "POST /cormun/servlet/acontrolpreferencessavestate?None,RRHH+DANIELA,true HTTP/1.1" 200 35
179.57.78.9 - - [12/May/2026:13:27:40 -0300] "GET /cormun/servlet/permisogoce?INS,0,,, HTTP/1.1" 200 7243
179.57.78.9 - - [12/May/2026:13:27:47 -0300] "GET /cormun/servlet/permisogoce?04d9140983b35d4c9c826e0a4d2b318dc99a609b4e99f560478e52e2465bebc174372716712c8ca138c13063ea063a45c4d0d2f22d1887cf888a068df1d0ec3b,gx-no-cache=1778603578250 HTTP/1.1" 200 79
179.57.78.9 - - [12/May/2026:13:27:55 -0300] "GET /cormun/servlet/permisogoce?04d9140983b35d4c9c826e0a4d2b318ddeded9eafd25873544e1d139e9f2e4d0e10e11f0e0d840a0ae5e34a8f34d76c3ba7d19fb563745d362555e9a32911484,gx-no-cache=1778603586264 HTTP/1.1" 200 48
179.57.78.9 - - [12/May/2026:13:27:57 -0300] "POST /cormun/servlet/permisogoce?1ec83fd08ba7867308c37baafe84f8fd,INS,0,,,,gx-no-cache=1778603587986 HTTP/1.1" 200 93
179.57.78.9 - - [12/May/2026:13:27:57 -0300] "GET /cormun/servlet/hpexe_return? HTTP/1.1" 200 1012
179.57.78.9 - - [12/May/2026:13:27:58 -0300] "GET /cormun/servlet/trpermisosgoce HTTP/1.1" 200 18640
179.57.78.9 - - [12/May/2026:13:28:02 -0300] "GET /cormun/servlet/permisogoce?INS,0,,, HTTP/1.1" 200 7244
179.57.78.9 - - [12/May/2026:13:28:10 -0300] "GET /cormun/servlet/permisogoce?04d9140983b35d4c9c826e0a4d2b318d3fe00b79244a605682dced0dbd26c8a074372716712c8ca138c13063ea063a45c4d0d2f22d1887cf888a068df1d0ec3b,gx-no-cache=1778603600737 HTTP/1.1" 200 77
190.121.111.10 - - [12/May/2026:13:28:16 -0300] "GET /cormun/servlet/vesolicitudgral?2026,23557,,General HTTP/1.1" 200 8405
190.121.111.10 - - [12/May/2026:13:28:16 -0300] "GET /cormun/pexe_scrolldiv.js HTTP/1.1" 404 1009
179.57.78.9 - - [12/May/2026:13:28:19 -0300] "GET /cormun/servlet/permisogoce?04d9140983b35d4c9c826e0a4d2b318d12b3804a86b66dd1c00a6cc93ce160d25c4335e0dfbeab5d9f6c2af56ff99df4ba7d19fb563745d362555e9a32911484,gx-no-cache=1778603609616 HTTP/1.1" 200 47
179.57.78.9 - - [12/May/2026:13:28:21 -0300] "POST /cormun/servlet/permisogoce?1ec83fd08ba7867308c37baafe84f8fd,INS,0,,,,gx-no-cache=1778603611192 HTTP/1.1" 200 93
179.57.78.9 - - [12/May/2026:13:28:21 -0300] "GET /cormun/servlet/hpexe_return? HTTP/1.1" 200 1012
179.57.78.9 - - [12/May/2026:13:28:21 -0300] "GET /cormun/servlet/trpermisosgoce HTTP/1.1" 200 18654
179.57.78.9 - - [12/May/2026:13:28:27 -0300] "GET /cormun/servlet/permisogoce?INS,0,,, HTTP/1.1" 200 7245
179.57.78.9 - - [12/May/2026:13:28:34 -0300] "GET /cormun/servlet/permisogoce?04d9140983b35d4c9c826e0a4d2b318d8ceca49b808d1c0e08050eba0a30390d74372716712c8ca138c13063ea063a45c4d0d2f22d1887cf888a068df1d0ec3b,gx-no-cache=1778603624602 HTTP/1.1" 200 78
45.232.32.113 - - [12/May/2026:13:29:54 -0300] "GET /cormun/servlet/hlogin HTTP/1.1" 200 1723
45.232.32.113 - - [12/May/2026:13:29:54 -0300] "GET /cormun/static/gxtimezone.js?85251 HTTP/1.1" 200 5781
45.232.32.113 - - [12/May/2026:13:29:55 -0300] "GET /cormun/static/hlogin.js?2022112219184458 HTTP/1.1" 200 2156
45.232.32.113 - - [12/May/2026:13:29:55 -0300] "GET /cormun/static/gxcfg.js?2022112219184450 HTTP/1.1" 200 953
45.232.32.113 - - [12/May/2026:13:29:55 -0300] "GET /cormun/static/messages.spa.js?85251 HTTP/1.1" 200 30736
45.232.32.113 - - [12/May/2026:13:29:55 -0300] "GET /cormun/static/Resources/Spanish/PXTools.css?1759030 HTTP/1.1" 200 100853
45.232.32.113 - - [12/May/2026:13:29:55 -0300] "GET /cormun/static/Resources/CormunLogin.png HTTP/1.1" 200 19132
45.232.32.113 - - [12/May/2026:13:29:55 -0300] "GET /cormun/static/gxgral.js?85251 HTTP/1.1" 200 384558
45.232.32.113 - - [12/May/2026:13:29:55 -0300] "GET /cormun/static/Resources/indicator.gif HTTP/1.1" 200 1553
45.232.32.113 - - [12/May/2026:13:29:55 -0300] "GET /cormun/static/Resources/PXToolsLoginTop.png HTTP/1.1" 200 1337
45.232.32.113 - - [12/May/2026:13:29:55 -0300] "GET /cormun/static/Resources/PXToolsLoginBottom.png HTTP/1.1" 200 1389
45.232.32.113 - - [12/May/2026:13:29:55 -0300] "GET /cormun/static/Resources/PXToolsButtonRight.png HTTP/1.1" 200 1294
45.232.32.113 - - [12/May/2026:13:29:55 -0300] "GET /cormun/static/Resources/PXToolsButtonBackground.png HTTP/1.1" 200 1176
45.232.32.113 - - [12/May/2026:13:29:55 -0300] "GET /cormun/static/Resources/PXToolsButtonLeft.png HTTP/1.1" 200 1310
45.232.32.113 - - [12/May/2026:13:29:55 -0300] "GET /cormun/servlet/hlogin HTTP/1.1" 200 1733
45.232.32.113 - - [12/May/2026:13:29:55 -0300] "GET /cormun/static/Resources/indicator.gif HTTP/1.1" 200 1553
45.232.32.113 - - [12/May/2026:13:29:55 -0300] "GET /cormun/static/Resources/PXToolsLoginBottom.png HTTP/1.1" 200 1389
45.232.32.113 - - [12/May/2026:13:29:55 -0300] "GET /cormun/static/Resources/PXToolsButtonBackground.png HTTP/1.1" 200 1176
45.232.32.113 - - [12/May/2026:13:29:55 -0300] "GET /cormun/static/Resources/PXToolsButtonLeft.png HTTP/1.1" 200 1310
45.232.32.113 - - [12/May/2026:13:29:55 -0300] "GET /cormun/static/Resources/PXToolsButtonRight.png HTTP/1.1" 200 1294
45.232.32.113 - - [12/May/2026:13:29:55 -0300] "GET /cormun/static/Resources/PXToolsLoginTop.png HTTP/1.1" 200 1337
45.232.32.113 - - [12/May/2026:13:29:55 -0300] "GET /cormun/static/Resources/PXToolsLoginBackground.png HTTP/1.1" 200 1164
45.232.32.113 - - [12/May/2026:13:29:55 -0300] "GET /favicon.ico HTTP/1.1" 200 21630
179.57.78.9 - - [12/May/2026:13:30:22 -0300] "GET /cormun/servlet/permisogoce?04d9140983b35d4c9c826e0a4d2b318d1f522afdc430f7e56e74249c2d422bafccb1ac8ce2d96cfc88ae8e3d453c71823d4f57031b5ad319171be159392b398a,gx-no-cache=1778603733049 HTTP/1.1" 200 47
10.40.40.2 - - [12/May/2026:13:32:16 -0300] "POST /cormun/servlet/trlicencias?db25ebf0ba8d6d394a66641c249c8291,gx-no-cache=1778603811238 HTTP/1.1" 440 972
10.40.40.2 - - [12/May/2026:13:32:17 -0300] "GET /cormun/servlet/trlicencias HTTP/1.1" 200 6048
10.40.40.2 - - [12/May/2026:13:32:18 -0300] "GET /cormun/servlet/hlogin HTTP/1.1" 200 1737
10.40.40.2 - - [12/May/2026:13:32:21 -0300] "POST /cormun/servlet/hlogin?4210e6e3c57db07fb07e32bf9d4def1e,gx-no-cache=1778603815772 HTTP/1.1" 200 90
10.40.40.2 - - [12/May/2026:13:32:21 -0300] "GET /cormun/servlet/hpexe_link HTTP/1.1" 200 957
10.40.40.2 - - [12/May/2026:13:32:21 -0300] "GET /cormun/servlet/trlicencias HTTP/1.1" 200 19160
179.57.78.9 - - [12/May/2026:13:32:29 -0300] "POST /cormun/servlet/permisogoce?1ec83fd08ba7867308c37baafe84f8fd,INS,0,,,,gx-no-cache=1778603860011 HTTP/1.1" 200 93
179.57.78.9 - - [12/May/2026:13:32:30 -0300] "GET /cormun/servlet/hpexe_return? HTTP/1.1" 200 1012
179.57.78.9 - - [12/May/2026:13:32:30 -0300] "GET /cormun/servlet/trpermisosgoce HTTP/1.1" 200 18658
179.57.78.9 - - [12/May/2026:13:33:19 -0300] "GET /cormun/servlet/permisogoce?INS,0,,, HTTP/1.1" 200 7245
179.57.78.9 - - [12/May/2026:13:33:27 -0300] "GET /cormun/servlet/permisogoce?04d9140983b35d4c9c826e0a4d2b318d8ceca49b808d1c0e08050eba0a30390d74372716712c8ca138c13063ea063a45c4d0d2f22d1887cf888a068df1d0ec3b,gx-no-cache=1778603918258 HTTP/1.1" 200 81
179.57.78.9 - - [12/May/2026:13:33:41 -0300] "GET /cormun/servlet/permisogoce?04d9140983b35d4c9c826e0a4d2b318d1f522afdc430f7e56e74249c2d422bafe8b05c5e90be74e2a7bf74dbc6664fc5ba7d19fb563745d362555e9a32911484,gx-no-cache=1778603932064 HTTP/1.1" 200 49
179.57.78.9 - - [12/May/2026:13:33:43 -0300] "POST /cormun/servlet/permisogoce?1ec83fd08ba7867308c37baafe84f8fd,INS,0,,,,gx-no-cache=1778603934035 HTTP/1.1" 200 93
179.57.78.9 - - [12/May/2026:13:33:43 -0300] "GET /cormun/servlet/hpexe_return? HTTP/1.1" 200 1012
179.57.78.9 - - [12/May/2026:13:33:44 -0300] "GET /cormun/servlet/trpermisosgoce HTTP/1.1" 200 18597
179.57.78.9 - - [12/May/2026:13:33:47 -0300] "GET /cormun/servlet/permisogoce?INS,0,,, HTTP/1.1" 200 7245
179.57.78.9 - - [12/May/2026:13:33:55 -0300] "GET /cormun/servlet/permisogoce?04d9140983b35d4c9c826e0a4d2b318d424a6a50d2f18e499acb420c38fed38874372716712c8ca138c13063ea063a45c4d0d2f22d1887cf888a068df1d0ec3b,gx-no-cache=1778603945514 HTTP/1.1" 200 84
179.57.78.9 - - [12/May/2026:13:34:04 -0300] "GET /cormun/servlet/permisogoce?04d9140983b35d4c9c826e0a4d2b318dc3ca4a1087e2ecbc6928221f3d2cff33ad3f671a273bed8ee708a97e0e3e2a1f3d4f57031b5ad319171be159392b398a,gx-no-cache=1778603955401 HTTP/1.1" 200 48
179.57.78.9 - - [12/May/2026:13:34:07 -0300] "POST /cormun/servlet/permisogoce?1ec83fd08ba7867308c37baafe84f8fd,INS,0,,,,gx-no-cache=1778603958115 HTTP/1.1" 200 93
179.57.78.9 - - [12/May/2026:13:34:07 -0300] "GET /cormun/servlet/hpexe_return? HTTP/1.1" 200 1012
179.57.78.9 - - [12/May/2026:13:34:08 -0300] "GET /cormun/servlet/trpermisosgoce HTTP/1.1" 200 18566
179.57.78.9 - - [12/May/2026:13:34:11 -0300] "GET /cormun/servlet/permisogoce?INS,0,,, HTTP/1.1" 200 7247
179.57.78.9 - - [12/May/2026:13:34:19 -0300] "GET /cormun/servlet/permisogoce?04d9140983b35d4c9c826e0a4d2b318d01f804cf25dc07242590f5d8d950103474372716712c8ca138c13063ea063a45c4d0d2f22d1887cf888a068df1d0ec3b,gx-no-cache=1778603969682 HTTP/1.1" 200 76
179.57.78.9 - - [12/May/2026:13:34:37 -0300] "GET /cormun/servlet/permisogoce?04d9140983b35d4c9c826e0a4d2b318d018cbe13f0beacca3f46e65a7f365942f8b33fec727ad554c0aa36f9ace55c5eba7d19fb563745d362555e9a32911484,gx-no-cache=1778603987881 HTTP/1.1" 200 46
