179.57.78.71 - - [11/May/2026:09:39:20 -0300] "GET /cormun/servlet/trsolicitudadjuntos?2026,23568, HTTP/1.1" 200 9620
179.57.78.71 - - [11/May/2026:09:39:24 -0300] "GET /cormun/servlet/solicitudotadjuntos?INS,2026,23568,,1, HTTP/1.1" 200 6321
179.57.78.71 - - [11/May/2026:09:39:24 -0300] "GET /cormun/static/about:blank HTTP/1.1" 404 1011
179.57.78.71 - - [11/May/2026:09:39:25 -0300] "GET /cormun/servlet/solicitudotadjuntos?9d5f7b67bfabd1d568004451d0f94c529153e29ef68e3fa063f7f8fa8845da5b200710d6c7d1fa40fd594047d3ce1e6d,gx-no-cache=1778503475709 HTTP/1.1" 200 30
179.57.78.71 - - [11/May/2026:09:39:25 -0300] "POST /cormun/servlet/solicitudotadjuntos?712f644aece6aae9262a4a1107b3f4ec,INS,2026,23568,,1,,gx-no-cache=1778503475735 HTTP/1.1" 200 4187
190.95.1.187 - - [11/May/2026:09:39:29 -0300] "GET /cormun/servlet/permisogoce?INS,0,,, HTTP/1.1" 200 6900
179.57.78.71 - - [11/May/2026:09:39:31 -0300] "POST /cormun/servlet/solicitudotadjuntos?gx-no-cache=1778503481800 HTTP/1.1" 200 26
190.95.1.187 - - [11/May/2026:09:39:35 -0300] "GET /cormun/servlet/permisogoce?9832d35ba87f1da108a6d05d16866b4aa60617c944ff8a1e874a2380623de22d642246f25cf5d75a4e4a565ab3c6eefb32a6a230562d6830a19d477907f6b70a,gx-no-cache=1778503480632 HTTP/1.1" 200 84
190.95.15.15 - - [11/May/2026:09:39:44 -0300] "GET /cormun/servlet/trlicencias? HTTP/1.1" 200 11920
190.95.1.187 - - [11/May/2026:09:39:46 -0300] "GET /cormun/servlet/permisogoce?9832d35ba87f1da108a6d05d16866b4ae866bcf4ae0d19d889b0275c2f94fd0f19fe6835c92300e8eb8d5b799c047f891fdf39c913af724d7b519c2b489cb42c,gx-no-cache=1778503492160 HTTP/1.1" 200 49
10.40.40.2 - - [11/May/2026:09:39:49 -0300] "GET /cormun/servlet/hlogin HTTP/1.1" 200 1718
10.40.40.2 - - [11/May/2026:09:39:49 -0300] "GET /cormun/static/Resources/CormunLogin.png HTTP/1.1" 200 19132
10.40.40.2 - - [11/May/2026:09:39:49 -0300] "GET /cormun/static/Resources/PXToolsLoginTop.png HTTP/1.1" 200 1337
10.40.40.2 - - [11/May/2026:09:39:49 -0300] "GET /cormun/static/Resources/PXToolsLoginBackground.png HTTP/1.1" 200 1164
10.40.40.2 - - [11/May/2026:09:39:49 -0300] "GET /cormun/static/Resources/PXToolsButtonRight.png HTTP/1.1" 200 1294
10.40.40.2 - - [11/May/2026:09:39:49 -0300] "GET /cormun/static/Resources/PXToolsButtonLeft.png HTTP/1.1" 200 1310
10.40.40.2 - - [11/May/2026:09:39:49 -0300] "GET /cormun/static/Resources/PXToolsButtonBackground.png HTTP/1.1" 200 1176
10.40.40.2 - - [11/May/2026:09:39:49 -0300] "GET /cormun/static/Resources/PXToolsLoginBottom.png HTTP/1.1" 200 1389
10.40.40.2 - - [11/May/2026:09:39:49 -0300] "GET /cormun/servlet/hlogin HTTP/1.1" 200 1729
10.40.40.2 - - [11/May/2026:09:39:49 -0300] "GET /cormun/static/Resources/indicator.gif HTTP/1.1" 200 1553
179.57.78.71 - - [11/May/2026:09:39:50 -0300] "GET /cormun/servlet/solicitudotadjuntos?9d5f7b67bfabd1d568004451d0f94c5230b8cf6f5f28f7fcce7a2d37eee5327c,gx-no-cache=1778503500230 HTTP/1.1" 200 30
179.57.78.71 - - [11/May/2026:09:39:50 -0300] "GET /cormun/servlet/solicitudotadjuntos?9d5f7b67bfabd1d568004451d0f94c5230b8cf6f5f28f7fcce7a2d37eee5327c,gx-no-cache=1778503500243 HTTP/1.1" 200 30
179.57.78.71 - - [11/May/2026:09:39:50 -0300] "POST /cormun/servlet/solicitudotadjuntos?712f644aece6aae9262a4a1107b3f4ec,INS,2026,23568,,1, HTTP/1.1" 200 116
179.57.78.71 - - [11/May/2026:09:39:50 -0300] "GET /cormun/servlet/hpexe_return? HTTP/1.1" 200 1024
179.57.78.71 - - [11/May/2026:09:39:50 -0300] "GET /cormun/servlet/trsolicitudadjuntos?2026,23568, HTTP/1.1" 200 9865
190.95.1.187 - - [11/May/2026:09:39:51 -0300] "POST /cormun/servlet/permisogoce?5ae942399644e0eebbfdcef2851c7631,INS,0,,,,gx-no-cache=1778503496614 HTTP/1.1" 200 93
190.95.1.187 - - [11/May/2026:09:39:51 -0300] "GET /cormun/servlet/hpexe_return? HTTP/1.1" 200 1030
190.95.1.187 - - [11/May/2026:09:39:51 -0300] "GET /cormun/servlet/trpermisosgoce?gx-no-cache=1778502565606 HTTP/1.1" 200 18158
179.57.78.71 - - [11/May/2026:09:39:52 -0300] "GET /cormun/servlet/solicitudotadjuntos?INS,2026,23568,,1, HTTP/1.1" 200 6321
179.57.78.71 - - [11/May/2026:09:39:52 -0300] "GET /cormun/static/about:blank HTTP/1.1" 404 1011
179.57.78.71 - - [11/May/2026:09:39:53 -0300] "GET /cormun/servlet/solicitudotadjuntos?9d5f7b67bfabd1d568004451d0f94c529153e29ef68e3fa063f7f8fa8845da5b200710d6c7d1fa40fd594047d3ce1e6d,gx-no-cache=1778503503750 HTTP/1.1" 200 30
179.57.78.71 - - [11/May/2026:09:39:53 -0300] "POST /cormun/servlet/solicitudotadjuntos?712f644aece6aae9262a4a1107b3f4ec,INS,2026,23568,,1,,gx-no-cache=1778503503775 HTTP/1.1" 200 4187
179.57.78.71 - - [11/May/2026:09:39:56 -0300] "POST /cormun/servlet/solicitudotadjuntos?gx-no-cache=1778503507183 HTTP/1.1" 200 26
190.95.1.187 - - [11/May/2026:09:39:58 -0300] "GET /cormun/servlet/trpermisosadjuntos?17137497,20260511084523,P, HTTP/1.1" 200 6362
190.95.1.187 - - [11/May/2026:09:40:00 -0300] "GET /cormun/servlet/permisosadjuntos?INS,17137497,P,20260511084523,, HTTP/1.1" 200 5657
190.95.1.187 - - [11/May/2026:09:40:00 -0300] "GET /cormun/static/about:blank HTTP/1.1" 404 1011
190.95.1.187 - - [11/May/2026:09:40:05 -0300] "POST /cormun/servlet/permisosadjuntos?5ae942399644e0eebbfdcef2851c7631,INS,17137497,P,20260511084523,, HTTP/1.1" 200 116
190.95.1.187 - - [11/May/2026:09:40:05 -0300] "GET /cormun/servlet/hpexe_return? HTTP/1.1" 200 1037
190.95.1.187 - - [11/May/2026:09:40:05 -0300] "GET /cormun/servlet/trpermisosadjuntos?17137497,20260511084523,P, HTTP/1.1" 200 6853
190.95.1.187 - - [11/May/2026:09:40:10 -0300] "GET /cormun/servlet/permisosadjuntos?DLT,17137497,P,20260511084523,20260511084554, HTTP/1.1" 200 5726
190.95.1.187 - - [11/May/2026:09:40:10 -0300] "GET /cormun/PublicTempStorage/donoso_burgos_francisca_%2823-4%297406331.pdf HTTP/1.1" 200 470160
190.95.1.187 - - [11/May/2026:09:40:11 -0300] "POST /cormun/servlet/permisosadjuntos?5ae942399644e0eebbfdcef2851c7631,DLT,17137497,P,20260511084523,20260511084554,,gx-no-cache=1778503517229 HTTP/1.1" 200 93
190.95.1.187 - - [11/May/2026:09:40:11 -0300] "GET /cormun/servlet/hpexe_return? HTTP/1.1" 200 1040
190.95.1.187 - - [11/May/2026:09:40:11 -0300] "GET /cormun/servlet/trpermisosadjuntos?17137497,20260511084523,P, HTTP/1.1" 200 6343
179.57.78.71 - - [11/May/2026:09:40:12 -0300] "GET /cormun/servlet/solicitudotadjuntos?9d5f7b67bfabd1d568004451d0f94c5230b8cf6f5f28f7fcce7a2d37eee5327c,gx-no-cache=1778503522366 HTTP/1.1" 200 30
179.57.78.71 - - [11/May/2026:09:40:12 -0300] "GET /cormun/servlet/solicitudotadjuntos?9d5f7b67bfabd1d568004451d0f94c5230b8cf6f5f28f7fcce7a2d37eee5327c,gx-no-cache=1778503522379 HTTP/1.1" 200 30
179.57.78.71 - - [11/May/2026:09:40:12 -0300] "POST /cormun/servlet/solicitudotadjuntos?712f644aece6aae9262a4a1107b3f4ec,INS,2026,23568,,1, HTTP/1.1" 200 116
179.57.78.71 - - [11/May/2026:09:40:12 -0300] "GET /cormun/servlet/hpexe_return? HTTP/1.1" 200 1024
179.57.78.71 - - [11/May/2026:09:40:12 -0300] "GET /cormun/servlet/trsolicitudadjuntos?2026,23568, HTTP/1.1" 200 10132
190.95.1.187 - - [11/May/2026:09:40:13 -0300] "GET /cormun/servlet/permisosadjuntos?INS,17137497,P,20260511084523,, HTTP/1.1" 200 5659
190.95.1.187 - - [11/May/2026:09:40:13 -0300] "GET /cormun/static/about:blank HTTP/1.1" 404 1011
179.57.78.71 - - [11/May/2026:09:40:15 -0300] "GET /cormun/servlet/solicitudotadjuntos?INS,2026,23568,,1, HTTP/1.1" 200 6321
179.57.78.71 - - [11/May/2026:09:40:15 -0300] "GET /cormun/static/about:blank HTTP/1.1" 404 1011
179.57.78.71 - - [11/May/2026:09:40:15 -0300] "GET /cormun/servlet/solicitudotadjuntos?9d5f7b67bfabd1d568004451d0f94c529153e29ef68e3fa063f7f8fa8845da5b200710d6c7d1fa40fd594047d3ce1e6d,gx-no-cache=1778503526095 HTTP/1.1" 200 30
179.57.78.71 - - [11/May/2026:09:40:15 -0300] "POST /cormun/servlet/solicitudotadjuntos?712f644aece6aae9262a4a1107b3f4ec,INS,2026,23568,,1,,gx-no-cache=1778503526120 HTTP/1.1" 200 4186
179.57.78.71 - - [11/May/2026:09:40:21 -0300] "POST /cormun/servlet/solicitudotadjuntos?gx-no-cache=1778503532024 HTTP/1.1" 200 26
179.57.78.71 - - [11/May/2026:09:40:29 -0300] "GET /cormun/servlet/solicitudotadjuntos?9d5f7b67bfabd1d568004451d0f94c5230b8cf6f5f28f7fcce7a2d37eee5327c,gx-no-cache=1778503539246 HTTP/1.1" 200 30
179.57.78.71 - - [11/May/2026:09:40:29 -0300] "GET /cormun/servlet/solicitudotadjuntos?9d5f7b67bfabd1d568004451d0f94c5230b8cf6f5f28f7fcce7a2d37eee5327c,gx-no-cache=1778503539260 HTTP/1.1" 200 30
179.57.78.71 - - [11/May/2026:09:40:29 -0300] "POST /cormun/servlet/solicitudotadjuntos?712f644aece6aae9262a4a1107b3f4ec,INS,2026,23568,,1, HTTP/1.1" 200 116
179.57.78.71 - - [11/May/2026:09:40:29 -0300] "GET /cormun/servlet/hpexe_return? HTTP/1.1" 200 1024
179.57.78.71 - - [11/May/2026:09:40:29 -0300] "GET /cormun/servlet/trsolicitudadjuntos?2026,23568, HTTP/1.1" 200 10467
190.95.1.187 - - [11/May/2026:09:40:36 -0300] "POST /cormun/servlet/permisosadjuntos?5ae942399644e0eebbfdcef2851c7631,INS,17137497,P,20260511084523,, HTTP/1.1" 200 116
190.95.1.187 - - [11/May/2026:09:40:36 -0300] "GET /cormun/servlet/hpexe_return? HTTP/1.1" 200 1037
190.95.1.187 - - [11/May/2026:09:40:36 -0300] "GET /cormun/servlet/trpermisosadjuntos?17137497,20260511084523,P, HTTP/1.1" 200 6839
190.95.1.187 - - [11/May/2026:09:40:40 -0300] "POST /cormun/servlet/trpermisosadjuntos?5ae942399644e0eebbfdcef2851c7631,17137497,20260511084523,P,,gx-no-cache=1778503545761 HTTP/1.1" 200 90
190.95.1.187 - - [11/May/2026:09:40:40 -0300] "GET /cormun/servlet/hpexe_link HTTP/1.1" 200 1004
179.57.78.71 - - [11/May/2026:09:40:40 -0300] "GET /cormun/servlet/solicitudotadjuntos?INS,2026,23568,,1, HTTP/1.1" 200 6321
190.95.1.187 - - [11/May/2026:09:40:40 -0300] "GET /cormun/servlet/trpermisosgoce?gx-no-cache=1778502565606 HTTP/1.1" 200 18155
179.57.78.71 - - [11/May/2026:09:40:40 -0300] "GET /cormun/static/about:blank HTTP/1.1" 404 1011
179.57.78.71 - - [11/May/2026:09:40:41 -0300] "GET /cormun/servlet/solicitudotadjuntos?9d5f7b67bfabd1d568004451d0f94c529153e29ef68e3fa063f7f8fa8845da5b200710d6c7d1fa40fd594047d3ce1e6d,gx-no-cache=1778503551328 HTTP/1.1" 200 30
179.57.78.71 - - [11/May/2026:09:40:41 -0300] "POST /cormun/servlet/solicitudotadjuntos?712f644aece6aae9262a4a1107b3f4ec,INS,2026,23568,,1,,gx-no-cache=1778503551349 HTTP/1.1" 200 4186
190.95.1.187 - - [11/May/2026:09:40:43 -0300] "POST /cormun/servlet/trpermisosgoce?5ae942399644e0eebbfdcef2851c7631,gx-no-cache=1778502565606,gx-no-cache=1778503548991 HTTP/1.1" 200 15455
190.95.1.187 - - [11/May/2026:09:40:43 -0300] "GET /cormun/static/Resources/PXToolsGridLast.gif HTTP/1.1" 200 370
190.95.1.187 - - [11/May/2026:09:40:43 -0300] "GET /cormun/static/Resources/PXToolsGridNext.gif HTTP/1.1" 200 369
179.57.78.71 - - [11/May/2026:09:40:45 -0300] "POST /cormun/servlet/solicitudotadjuntos?gx-no-cache=1778503555264 HTTP/1.1" 200 26
179.57.78.71 - - [11/May/2026:09:40:54 -0300] "GET /cormun/servlet/solicitudotadjuntos?9d5f7b67bfabd1d568004451d0f94c5230b8cf6f5f28f7fcce7a2d37eee5327c,gx-no-cache=1778503564574 HTTP/1.1" 200 30
179.57.78.71 - - [11/May/2026:09:40:54 -0300] "GET /cormun/servlet/solicitudotadjuntos?9d5f7b67bfabd1d568004451d0f94c5230b8cf6f5f28f7fcce7a2d37eee5327c,gx-no-cache=1778503564588 HTTP/1.1" 200 30
179.57.78.71 - - [11/May/2026:09:40:54 -0300] "POST /cormun/servlet/solicitudotadjuntos?712f644aece6aae9262a4a1107b3f4ec,INS,2026,23568,,1, HTTP/1.1" 200 116
179.57.78.71 - - [11/May/2026:09:40:54 -0300] "GET /cormun/servlet/hpexe_return? HTTP/1.1" 200 1024
179.57.78.71 - - [11/May/2026:09:40:54 -0300] "GET /cormun/servlet/trsolicitudadjuntos?2026,23568, HTTP/1.1" 200 10658
190.95.67.99 - - [11/May/2026:09:40:58 -0300] "GET /cormun/servlet/trpermisosgoce? HTTP/1.1" 200 13226
179.57.78.71 - - [11/May/2026:09:40:58 -0300] "GET /cormun/servlet/solicitudotadjuntos?INS,2026,23568,,1, HTTP/1.1" 200 6321
179.57.78.71 - - [11/May/2026:09:40:58 -0300] "GET /cormun/static/about:blank HTTP/1.1" 404 1011
179.57.78.71 - - [11/May/2026:09:40:59 -0300] "GET /cormun/servlet/solicitudotadjuntos?9d5f7b67bfabd1d568004451d0f94c529153e29ef68e3fa063f7f8fa8845da5b200710d6c7d1fa40fd594047d3ce1e6d,gx-no-cache=1778503569542 HTTP/1.1" 200 30
179.57.78.71 - - [11/May/2026:09:40:59 -0300] "POST /cormun/servlet/solicitudotadjuntos?712f644aece6aae9262a4a1107b3f4ec,INS,2026,23568,,1,,gx-no-cache=1778503569567 HTTP/1.1" 200 4186
190.95.67.99 - - [11/May/2026:09:41:03 -0300] "GET /cormun/servlet/permisogoce?INS,0,,, HTTP/1.1" 200 7211
190.95.67.99 - - [11/May/2026:09:41:10 -0300] "GET /cormun/servlet/prfichaempleado?,MD,,gxPopupLevel%3D0%3B HTTP/1.1" 200 9272
179.57.78.71 - - [11/May/2026:09:41:16 -0300] "POST /cormun/servlet/solicitudotadjuntos?gx-no-cache=1778503587064 HTTP/1.1" 200 26
190.95.67.99 - - [11/May/2026:09:41:17 -0300] "POST /cormun/servlet/prfichaempleado?237ebdfd69e589fc4ec95a7572d4c9e0,,MD,,gxPopupLevel%3D0%3B,gx-no-cache=1778503595351 HTTP/1.1" 200 3662
179.57.78.71 - - [11/May/2026:09:41:22 -0300] "GET /cormun/servlet/solicitudotadjuntos?9d5f7b67bfabd1d568004451d0f94c5230b8cf6f5f28f7fcce7a2d37eee5327c,gx-no-cache=1778503593158 HTTP/1.1" 200 30
179.57.78.71 - - [11/May/2026:09:41:22 -0300] "GET /cormun/servlet/solicitudotadjuntos?9d5f7b67bfabd1d568004451d0f94c5230b8cf6f5f28f7fcce7a2d37eee5327c,gx-no-cache=1778503593174 HTTP/1.1" 200 30
179.57.78.71 - - [11/May/2026:09:41:23 -0300] "POST /cormun/servlet/solicitudotadjuntos?712f644aece6aae9262a4a1107b3f4ec,INS,2026,23568,,1, HTTP/1.1" 200 116
179.57.78.71 - - [11/May/2026:09:41:23 -0300] "GET /cormun/servlet/hpexe_return? HTTP/1.1" 200 1024
179.57.78.71 - - [11/May/2026:09:41:23 -0300] "GET /cormun/servlet/trsolicitudadjuntos?2026,23568, HTTP/1.1" 200 10826
190.95.67.99 - - [11/May/2026:09:41:26 -0300] "GET /cormun/servlet/permisogoce?cdf3818fbed47053520c451126ae81f7c4ee4996546f8a6f0af22e5b70a49c4cdf6d3ab09b72b1513372d4eb681ff773a32c5bf1facd451c2a8e5d200dff2d22,gx-no-cache=1778503603946 HTTP/1.1" 200 74
179.57.78.71 - - [11/May/2026:09:41:28 -0300] "GET /cormun/servlet/solicitudotadjuntos?INS,2026,23568,,2, HTTP/1.1" 200 6318
179.57.78.71 - - [11/May/2026:09:41:28 -0300] "GET /cormun/static/about:blank HTTP/1.1" 404 1011
190.95.1.187 - - [11/May/2026:09:41:28 -0300] "GET /cormun/servlet/permisogoce?INS,0,,, HTTP/1.1" 200 6900
179.57.78.71 - - [11/May/2026:09:41:29 -0300] "GET /cormun/servlet/solicitudotadjuntos?9d5f7b67bfabd1d568004451d0f94c529153e29ef68e3fa063f7f8fa8845da5b200710d6c7d1fa40fd594047d3ce1e6d,gx-no-cache=1778503599469 HTTP/1.1" 200 30
179.57.78.71 - - [11/May/2026:09:41:29 -0300] "POST /cormun/servlet/solicitudotadjuntos?712f644aece6aae9262a4a1107b3f4ec,INS,2026,23568,,2,,gx-no-cache=1778503599494 HTTP/1.1" 200 4324
179.57.78.71 - - [11/May/2026:09:41:33 -0300] "POST /cormun/servlet/solicitudotadjuntos?gx-no-cache=1778503604000 HTTP/1.1" 200 26
190.95.1.187 - - [11/May/2026:09:41:38 -0300] "GET /cormun/servlet/permisogoce?9832d35ba87f1da108a6d05d16866b4a4185a58a2dd6707977824d4e0c6c6348642246f25cf5d75a4e4a565ab3c6eefb32a6a230562d6830a19d477907f6b70a,gx-no-cache=1778503603600 HTTP/1.1" 200 77
179.57.78.71 - - [11/May/2026:09:41:41 -0300] "GET /cormun/servlet/solicitudotadjuntos?9d5f7b67bfabd1d568004451d0f94c5230b8cf6f5f28f7fcce7a2d37eee5327c,gx-no-cache=1778503612054 HTTP/1.1" 200 30
179.57.78.71 - - [11/May/2026:09:41:41 -0300] "GET /cormun/servlet/solicitudotadjuntos?9d5f7b67bfabd1d568004451d0f94c5230b8cf6f5f28f7fcce7a2d37eee5327c,gx-no-cache=1778503612070 HTTP/1.1" 200 30
179.57.78.71 - - [11/May/2026:09:41:41 -0300] "POST /cormun/servlet/solicitudotadjuntos?712f644aece6aae9262a4a1107b3f4ec,INS,2026,23568,,2, HTTP/1.1" 200 116
179.57.78.71 - - [11/May/2026:09:41:42 -0300] "GET /cormun/servlet/hpexe_return? HTTP/1.1" 200 1024
179.57.78.71 - - [11/May/2026:09:41:42 -0300] "GET /cormun/servlet/trsolicitudadjuntos?2026,23568, HTTP/1.1" 200 11009
190.95.1.187 - - [11/May/2026:09:41:47 -0300] "GET /cormun/servlet/permisogoce?9832d35ba87f1da108a6d05d16866b4a12bcbae6c32d3dd0714260054a165a44375ff422d9e2dc0df8ae7334a0d5142e6e532a5aeef4df0384b8d16a8c97990a,gx-no-cache=1778503613008 HTTP/1.1" 200 47
190.95.67.99 - - [11/May/2026:09:41:47 -0300] "GET /cormun/servlet/permisogoce?cdf3818fbed47053520c451126ae81f79468082529daf6fa07122ac7c5449d1224b330c8fdf51fa4e700bc94586d2923ddd63418906baccfcc6d151722d69037,gx-no-cache=1778503625546 HTTP/1.1" 200 47
190.95.1.187 - - [11/May/2026:09:41:50 -0300] "POST /cormun/servlet/permisogoce?5ae942399644e0eebbfdcef2851c7631,INS,0,,,,gx-no-cache=1778503615959 HTTP/1.1" 200 93
190.95.1.187 - - [11/May/2026:09:41:50 -0300] "GET /cormun/servlet/hpexe_return? HTTP/1.1" 200 1030
190.95.1.187 - - [11/May/2026:09:41:51 -0300] "GET /cormun/servlet/trpermisosgoce?gx-no-cache=1778502565606 HTTP/1.1" 200 18217
190.95.67.99 - - [11/May/2026:09:41:54 -0300] "POST /cormun/servlet/permisogoce?237ebdfd69e589fc4ec95a7572d4c9e0,INS,0,,,,gx-no-cache=1778503631469 HTTP/1.1" 200 93
190.95.67.99 - - [11/May/2026:09:41:54 -0300] "GET /cormun/servlet/hpexe_return? HTTP/1.1" 200 1007
190.95.67.99 - - [11/May/2026:09:41:55 -0300] "GET /cormun/servlet/trpermisosgoce HTTP/1.1" 200 13509
179.57.78.71 - - [11/May/2026:09:41:55 -0300] "GET /cormun/servlet/trsolicitudot? HTTP/1.1" 200 8889
190.95.15.23 - - [11/May/2026:09:41:58 -0300] "GET /cormun/servlet/hlogin HTTP/1.1" 200 1722
190.95.15.23 - - [11/May/2026:09:41:59 -0300] "GET /cormun/servlet/hlogin HTTP/1.1" 200 1732
190.95.67.99 - - [11/May/2026:09:41:59 -0300] "GET /cormun/servlet/apermisogoceprn?11150723,P,20260511084657,PU HTTP/1.1" 200 1650
190.95.1.187 - - [11/May/2026:09:41:59 -0300] "GET /cormun/servlet/trpermisosadjuntos?16598111,20260511084722,P, HTTP/1.1" 200 6359
190.95.1.187 - - [11/May/2026:09:42:01 -0300] "GET /cormun/servlet/permisosadjuntos?INS,16598111,P,20260511084722,, HTTP/1.1" 200 5649
190.95.1.187 - - [11/May/2026:09:42:01 -0300] "GET /cormun/static/about:blank HTTP/1.1" 404 1011
190.95.15.23 - - [11/May/2026:09:42:03 -0300] "POST /cormun/servlet/hlogin?407a0f4cad19a9b159c182a4cd9bad38,gx-no-cache=1778503634825 HTTP/1.1" 200 90
190.95.15.23 - - [11/May/2026:09:42:03 -0300] "GET /cormun/servlet/hpexe_link HTTP/1.1" 200 952
190.95.15.23 - - [11/May/2026:09:42:03 -0300] "GET /cormun/servlet/hhome HTTP/1.1" 200 4134
190.95.1.187 - - [11/May/2026:09:42:12 -0300] "POST /cormun/servlet/permisosadjuntos?5ae942399644e0eebbfdcef2851c7631,INS,16598111,P,20260511084722,, HTTP/1.1" 200 116
190.95.1.187 - - [11/May/2026:09:42:12 -0300] "GET /cormun/servlet/hpexe_return? HTTP/1.1" 200 1036
190.95.15.23 - - [11/May/2026:09:42:12 -0300] "GET /cormun/servlet/trlicencias? HTTP/1.1" 200 11378
190.95.1.187 - - [11/May/2026:09:42:12 -0300] "GET /cormun/servlet/trpermisosadjuntos?16598111,20260511084722,P, HTTP/1.1" 200 6836
179.57.78.71 - - [11/May/2026:09:42:14 -0300] "POST /cormun/servlet/trsolicitudot?712f644aece6aae9262a4a1107b3f4ec,,gx-no-cache=1778503644361 HTTP/1.1" 200 4859
179.57.78.71 - - [11/May/2026:09:42:14 -0300] "POST /cormun/servlet/trsolicitudot?712f644aece6aae9262a4a1107b3f4ec,,gx-no-cache=1778503644501 HTTP/1.1" 200 4623
190.95.1.187 - - [11/May/2026:09:42:14 -0300] "POST /cormun/servlet/trpermisosadjuntos?5ae942399644e0eebbfdcef2851c7631,16598111,20260511084722,P,,gx-no-cache=1778503640396 HTTP/1.1" 200 90
190.95.1.187 - - [11/May/2026:09:42:14 -0300] "GET /cormun/servlet/hpexe_link HTTP/1.1" 200 1003
190.95.1.187 - - [11/May/2026:09:42:15 -0300] "GET /cormun/servlet/trpermisosgoce?gx-no-cache=1778502565606 HTTP/1.1" 200 18221
190.95.1.187 - - [11/May/2026:09:42:22 -0300] "POST /cormun/servlet/trpermisosgoce?5ae942399644e0eebbfdcef2851c7631,gx-no-cache=1778502565606,gx-no-cache=1778503647738 HTTP/1.1" 200 15542
190.95.1.187 - - [11/May/2026:09:42:31 -0300] "GET /cormun/servlet/permisogoce?INS,0,,, HTTP/1.1" 200 6900
190.95.67.93 - - [11/May/2026:09:42:37 -0300] "GET /cormun/servlet/trpermisosgoce? HTTP/1.1" 200 17353
190.95.67.93 - - [11/May/2026:09:42:37 -0300] "GET /cormun/static/gxcfg.js?2020121631564 HTTP/1.1" 200 953
190.95.67.93 - - [11/May/2026:09:42:37 -0300] "GET /cormun/static/trpermisosgoce.js?2020121633681 HTTP/1.1" 200 35904
190.95.67.93 - - [11/May/2026:09:42:37 -0300] "GET /cormun//static/Resources/PXToolsGridUpdate.png HTTP/1.1" 200 470
190.95.67.93 - - [11/May/2026:09:42:37 -0300] "GET /cormun//static/Resources/PXToolsGridDelete.png HTTP/1.1" 200 538
190.95.1.187 - - [11/May/2026:09:42:40 -0300] "GET /cormun/servlet/permisogoce?9832d35ba87f1da108a6d05d16866b4a1ce615d70937ba1cf1e2559657681e57642246f25cf5d75a4e4a565ab3c6eefb32a6a230562d6830a19d477907f6b70a,gx-no-cache=1778503665655 HTTP/1.1" 200 84
190.95.1.187 - - [11/May/2026:09:42:51 -0300] "GET /cormun/servlet/permisogoce?9832d35ba87f1da108a6d05d16866b4ac076ee094e07fd265898a7a3a4053a178a913991d22db9dac98b722b2ac0b79a6e532a5aeef4df0384b8d16a8c97990a,gx-no-cache=1778503677240 HTTP/1.1" 200 48
190.95.67.93 - - [11/May/2026:09:42:54 -0300] "GET /cormun/servlet/trpermisosgoce? HTTP/1.1" 200 17354
190.95.1.187 - - [11/May/2026:09:42:54 -0300] "POST /cormun/servlet/permisogoce?5ae942399644e0eebbfdcef2851c7631,INS,0,,,,gx-no-cache=1778503679975 HTTP/1.1" 200 93
190.95.1.187 - - [11/May/2026:09:42:54 -0300] "GET /cormun/servlet/hpexe_return? HTTP/1.1" 200 1030
190.95.1.187 - - [11/May/2026:09:42:55 -0300] "GET /cormun/servlet/trpermisosgoce?gx-no-cache=1778502565606 HTTP/1.1" 200 18193
190.95.1.187 - - [11/May/2026:09:43:04 -0300] "GET /cormun/servlet/trpermisosadjuntos?18044023,20260511084825,P, HTTP/1.1" 200 6359
190.95.1.187 - - [11/May/2026:09:43:06 -0300] "GET /cormun/servlet/permisosadjuntos?INS,18044023,P,20260511084825,, HTTP/1.1" 200 5651
190.95.1.187 - - [11/May/2026:09:43:06 -0300] "GET /cormun/static/about:blank HTTP/1.1" 404 1011
190.95.67.93 - - [11/May/2026:09:43:09 -0300] "GET /cormun/servlet/permisogoce?INS,0,,, HTTP/1.1" 200 7222
190.95.67.93 - - [11/May/2026:09:43:09 -0300] "GET /cormun/static/gxcfg.js?20201215124560 HTTP/1.1" 200 953
190.95.67.93 - - [11/May/2026:09:43:09 -0300] "GET /cormun/static/Resources/prompt.gif HTTP/1.1" 200 902
190.95.67.93 - - [11/May/2026:09:43:09 -0300] "GET /cormun/static/permisogoce.js?20201215124939 HTTP/1.1" 200 27790
190.95.1.187 - - [11/May/2026:09:43:23 -0300] "POST /cormun/servlet/permisosadjuntos?5ae942399644e0eebbfdcef2851c7631,INS,18044023,P,20260511084825,, HTTP/1.1" 200 116
190.95.1.187 - - [11/May/2026:09:43:23 -0300] "GET /cormun/servlet/hpexe_return? HTTP/1.1" 200 1036
190.95.1.187 - - [11/May/2026:09:43:23 -0300] "GET /cormun/servlet/trpermisosadjuntos?18044023,20260511084825,P, HTTP/1.1" 200 6835
190.95.1.187 - - [11/May/2026:09:43:26 -0300] "POST /cormun/servlet/trpermisosadjuntos?5ae942399644e0eebbfdcef2851c7631,18044023,20260511084825,P,,gx-no-cache=1778503711979 HTTP/1.1" 200 90
190.95.1.187 - - [11/May/2026:09:43:26 -0300] "GET /cormun/servlet/hpexe_link HTTP/1.1" 200 1004
190.95.1.187 - - [11/May/2026:09:43:26 -0300] "GET /cormun/servlet/trpermisosgoce?gx-no-cache=1778502565606 HTTP/1.1" 200 18190
190.95.1.187 - - [11/May/2026:09:43:29 -0300] "POST /cormun/servlet/trpermisosgoce?5ae942399644e0eebbfdcef2851c7631,gx-no-cache=1778502565606,gx-no-cache=1778503715017 HTTP/1.1" 200 15523
190.95.67.93 - - [11/May/2026:09:43:36 -0300] "GET /cormun/servlet/permisogoce?6ce15555eed748d39edb27ef1e2d26d3d9641481dc2e73c576e1bd49d73292ef5b6d8c8de88193886c56877cd2106b4efe82979f902194a85924685c771b337e,gx-no-cache=1778503726731 HTTP/1.1" 200 83
190.95.1.187 - - [11/May/2026:09:43:37 -0300] "GET /cormun/servlet/permisogoce?INS,0,,, HTTP/1.1" 200 6900
190.95.67.93 - - [11/May/2026:09:43:41 -0300] "GET /cormun/static/menuarrow.gif HTTP/1.1" 404 1015
190.95.1.187 - - [11/May/2026:09:43:42 -0300] "GET /cormun/servlet/permisogoce?9832d35ba87f1da108a6d05d16866b4abd320f116e930939b5920bc24bba322d642246f25cf5d75a4e4a565ab3c6eefb32a6a230562d6830a19d477907f6b70a,gx-no-cache=1778503727920 HTTP/1.1" 200 81
190.95.67.93 - - [11/May/2026:09:43:47 -0300] "GET /cormun/servlet/permisogoce?6ce15555eed748d39edb27ef1e2d26d327d7cd2c15c0d8690e135058802fd1ca9c8b7243ef40937e2eae44441318c1d9809e87733c44faf4e05b8dc2db27e16b,gx-no-cache=1778503737423 HTTP/1.1" 200 48
190.95.67.93 - - [11/May/2026:09:43:50 -0300] "POST /cormun/servlet/permisogoce?2283fd78218caf1850d367ecc6867fc7,INS,0,,,,gx-no-cache=1778503740250 HTTP/1.1" 200 93
190.95.67.93 - - [11/May/2026:09:43:51 -0300] "GET /cormun/servlet/hpexe_return? HTTP/1.1" 200 1000
190.95.67.93 - - [11/May/2026:09:43:51 -0300] "GET /cormun/static/gxcfg.js?20221129846035 HTTP/1.1" 200 953
190.95.67.93 - - [11/May/2026:09:43:51 -0300] "GET /cormun/static/hpexe_return.js?20221129846037 HTTP/1.1" 200 1633
190.95.67.93 - - [11/May/2026:09:43:51 -0300] "GET /cormun/servlet/trpermisosgoce HTTP/1.1" 200 17570
190.95.1.187 - - [11/May/2026:09:43:53 -0300] "GET /cormun/servlet/permisogoce?9832d35ba87f1da108a6d05d16866b4a11b5807f8227e399e90cd5d37e8fef65791a5770bae0148e9a7d93a1b7dc1f6c1fdf39c913af724d7b519c2b489cb42c,gx-no-cache=1778503738576 HTTP/1.1" 200 47
190.95.1.187 - - [11/May/2026:09:43:56 -0300] "POST /cormun/servlet/permisogoce?5ae942399644e0eebbfdcef2851c7631,INS,0,,,,gx-no-cache=1778503741727 HTTP/1.1" 200 93
190.95.1.187 - - [11/May/2026:09:43:56 -0300] "GET /cormun/servlet/hpexe_return? HTTP/1.1" 200 1030
190.95.1.187 - - [11/May/2026:09:43:56 -0300] "GET /cormun/servlet/trpermisosgoce?gx-no-cache=1778502565606 HTTP/1.1" 200 18240
190.95.67.93 - - [11/May/2026:09:43:57 -0300] "GET /cormun/servlet/apermisogoceprn?19526595,P,20260511084903,PU HTTP/1.1" 200 1644
190.95.1.187 - - [11/May/2026:09:44:06 -0300] "GET /cormun/servlet/trpermisosadjuntos?16492398,20260511084931,P, HTTP/1.1" 200 6360
190.95.1.187 - - [11/May/2026:09:44:07 -0300] "GET /cormun/servlet/permisosadjuntos?INS,16492398,P,20260511084931,, HTTP/1.1" 200 5652
190.95.1.187 - - [11/May/2026:09:44:07 -0300] "GET /cormun/static/about:blank HTTP/1.1" 404 1011
190.95.1.187 - - [11/May/2026:09:44:19 -0300] "POST /cormun/servlet/permisosadjuntos?5ae942399644e0eebbfdcef2851c7631,INS,16492398,P,20260511084931,, HTTP/1.1" 200 116
190.95.1.187 - - [11/May/2026:09:44:19 -0300] "GET /cormun/servlet/hpexe_return? HTTP/1.1" 200 1036
190.95.1.187 - - [11/May/2026:09:44:19 -0300] "GET /cormun/servlet/trpermisosadjuntos?16492398,20260511084931,P, HTTP/1.1" 200 6836
190.95.1.187 - - [11/May/2026:09:44:24 -0300] "POST /cormun/servlet/trpermisosadjuntos?5ae942399644e0eebbfdcef2851c7631,16492398,20260511084931,P,,gx-no-cache=1778503769826 HTTP/1.1" 200 90
190.95.1.187 - - [11/May/2026:09:44:24 -0300] "GET /cormun/servlet/hpexe_link HTTP/1.1" 200 1003
190.95.1.187 - - [11/May/2026:09:44:24 -0300] "GET /cormun/servlet/trpermisosgoce?gx-no-cache=1778502565606 HTTP/1.1" 200 18237
190.95.1.187 - - [11/May/2026:09:44:28 -0300] "POST /cormun/servlet/trpermisosgoce?5ae942399644e0eebbfdcef2851c7631,gx-no-cache=1778502565606,gx-no-cache=1778503773666 HTTP/1.1" 200 15552
190.95.1.187 - - [11/May/2026:09:44:35 -0300] "GET /cormun/servlet/permisogoce?INS,0,,, HTTP/1.1" 200 6900
74.244.107.161 - - [11/May/2026:09:46:23 -0300] "GET /cormun/servlet/hlogin HTTP/1.1" 200 1718
74.244.107.161 - - [11/May/2026:09:46:23 -0300] "GET /cormun/servlet/hlogin HTTP/1.1" 200 1728
74.244.107.161 - - [11/May/2026:09:46:26 -0300] "POST /cormun/servlet/hlogin?c5df065356e6c0249b2250cf2456e82b,gx-no-cache=1778503895741 HTTP/1.1" 200 90
74.244.107.161 - - [11/May/2026:09:46:26 -0300] "GET /cormun/servlet/hpexe_link HTTP/1.1" 200 950
74.244.107.161 - - [11/May/2026:09:46:26 -0300] "GET /cormun/servlet/hhome HTTP/1.1" 200 4329
74.244.107.161 - - [11/May/2026:09:46:32 -0300] "GET /cormun/servlet/trcontratounov2? HTTP/1.1" 200 17151
74.244.107.161 - - [11/May/2026:09:46:57 -0300] "GET /cormun/servlet/trlicencias? HTTP/1.1" 200 9238
74.244.107.161 - - [11/May/2026:09:46:57 -0300] "GET /cormun/static/gxcfg.js?202211298463625 HTTP/1.1" 200 953
74.244.107.161 - - [11/May/2026:09:46:57 -0300] "GET /cormun/static/Resources/PXTools/calendar.png HTTP/1.1" 200 1306
74.244.107.161 - - [11/May/2026:09:46:58 -0300] "GET /cormun/static/trlicencias.js?202211298463889 HTTP/1.1" 200 41883
74.244.107.161 - - [11/May/2026:09:46:58 -0300] "GET /cormun//static/Resources/PXToolsHeaderHelp.png HTTP/1.1" 200 1333
74.244.107.161 - - [11/May/2026:09:46:58 -0300] "GET /cormun//static/Resources/PXToolsGridDisplay.png HTTP/1.1" 200 525
74.244.107.161 - - [11/May/2026:09:46:58 -0300] "GET /cormun//static/Resources/PXToolsActionPrint.png HTTP/1.1" 200 404
74.244.107.161 - - [11/May/2026:09:46:58 -0300] "GET /cormun//static/Resources/PXToolsHeaderFavorites.png HTTP/1.1" 200 1414
10.40.40.2 - - [11/May/2026:09:48:41 -0300] "GET /cormun/servlet/trlicencias HTTP/1.1" 200 19145
10.40.40.2 - - [11/May/2026:09:48:41 -0300] "GET /favicon.ico HTTP/1.1" 200 21630
201.186.225.191 - - [11/May/2026:09:54:18 -0300] "GET /cormun/servlet/hlogin HTTP/1.1" 200 1724
201.186.225.191 - - [11/May/2026:09:54:18 -0300] "GET /cormun/servlet/hlogin HTTP/1.1" 200 1735
201.186.225.191 - - [11/May/2026:09:54:37 -0300] "POST /cormun/servlet/hlogin?c3fb676984651385169cae8580c58f7a,gx-no-cache=1778504387749 HTTP/1.1" 200 90
201.186.225.191 - - [11/May/2026:09:54:37 -0300] "GET /cormun/servlet/hpexe_link HTTP/1.1" 200 953
201.186.225.191 - - [11/May/2026:09:54:37 -0300] "GET /cormun/servlet/hhome HTTP/1.1" 200 4220
201.186.225.191 - - [11/May/2026:09:54:41 -0300] "GET /cormun/servlet/trlicencias? HTTP/1.1" 200 10534
190.95.2.163 - - [11/May/2026:09:57:15 -0300] "GET /cormun/servlet/hlogin HTTP/1.1" 200 1718
190.95.2.163 - - [11/May/2026:09:57:15 -0300] "GET /cormun/static/gxtimezone.js?85251 HTTP/1.1" 200 5781
190.95.2.163 - - [11/May/2026:09:57:15 -0300] "GET /cormun/static/gxcfg.js?2022112219184450 HTTP/1.1" 200 953
190.95.2.163 - - [11/May/2026:09:57:15 -0300] "GET /cormun/static/Resources/CormunLogin.png HTTP/1.1" 200 19132
190.95.2.163 - - [11/May/2026:09:57:15 -0300] "GET /cormun/static/messages.spa.js?85251 HTTP/1.1" 200 30736
190.95.2.163 - - [11/May/2026:09:57:15 -0300] "GET /cormun/static/Resources/Spanish/PXTools.css?1759030 HTTP/1.1" 200 100853
190.95.2.163 - - [11/May/2026:09:57:15 -0300] "GET /cormun/static/hlogin.js?2022112219184458 HTTP/1.1" 200 2156
190.95.2.163 - - [11/May/2026:09:57:15 -0300] "GET /cormun/static/gxgral.js?85251 HTTP/1.1" 200 384558
190.95.2.163 - - [11/May/2026:09:57:15 -0300] "GET /cormun/static/Resources/PXToolsLoginTop.png HTTP/1.1" 200 1337
190.95.2.163 - - [11/May/2026:09:57:15 -0300] "GET /cormun/static/Resources/PXToolsButtonRight.png HTTP/1.1" 200 1294
190.95.2.163 - - [11/May/2026:09:57:15 -0300] "GET /cormun/static/Resources/PXToolsButtonBackground.png HTTP/1.1" 200 1176
190.95.2.163 - - [11/May/2026:09:57:15 -0300] "GET /cormun/static/Resources/PXToolsLoginBackground.png HTTP/1.1" 200 1164
190.95.2.163 - - [11/May/2026:09:57:15 -0300] "GET /cormun/static/Resources/PXToolsButtonLeft.png HTTP/1.1" 200 1310
190.95.2.163 - - [11/May/2026:09:57:15 -0300] "GET /cormun/static/Resources/PXToolsLoginBottom.png HTTP/1.1" 200 1389
190.95.2.163 - - [11/May/2026:09:57:15 -0300] "GET /cormun/static/Resources/indicator.gif HTTP/1.1" 200 1553
190.95.2.163 - - [11/May/2026:09:57:15 -0300] "GET /cormun/servlet/hlogin HTTP/1.1" 200 1729
190.95.2.163 - - [11/May/2026:09:57:15 -0300] "GET /favicon.ico HTTP/1.1" 200 21630
190.95.2.163 - - [11/May/2026:09:57:18 -0300] "POST /cormun/servlet/hlogin?6e55385c3a1e134501f3f26c76395023,gx-no-cache=1778504548216 HTTP/1.1" 200 90
190.95.2.163 - - [11/May/2026:09:57:18 -0300] "GET /cormun/servlet/hpexe_link HTTP/1.1" 200 950
190.95.2.163 - - [11/May/2026:09:57:18 -0300] "GET /cormun/static/hpexe_link.js?20221129847423 HTTP/1.1" 200 625
190.95.2.163 - - [11/May/2026:09:57:18 -0300] "GET /cormun/static/gxcfg.js?20221129847421 HTTP/1.1" 200 953
190.95.2.163 - - [11/May/2026:09:57:18 -0300] "GET /cormun/static/Resources/Spanish/PXTools.css?8354383 HTTP/1.1" 200 100853
190.95.2.163 - - [11/May/2026:09:57:18 -0300] "GET /cormun/servlet/hhome HTTP/1.1" 200 3996
190.95.2.163 - - [11/May/2026:09:57:18 -0300] "GET /cormun/static/SmoothNavMenu/resources/ddsmoothmenu.css?1112540 HTTP/1.1" 200 2223
190.95.2.163 - - [11/May/2026:09:57:18 -0300] "GET /cormun/static/SmoothNavMenu/resources/ddsmoothmenu-v.css?1112540 HTTP/1.1" 200 1188
190.95.2.163 - - [11/May/2026:09:57:18 -0300] "GET /cormun/static/gxcfg.js?20201215495537 HTTP/1.1" 200 953
190.95.2.163 - - [11/May/2026:09:57:18 -0300] "GET /cormun/static/scaMessage/css/jquery.pnotify.default.css?1816380 HTTP/1.1" 200 1707
190.95.2.163 - - [11/May/2026:09:57:18 -0300] "GET /cormun/static/Shared/jqueryui/jquery-ui.min.css?1345370 HTTP/1.1" 200 30288
190.95.2.163 - - [11/May/2026:09:57:18 -0300] "GET /cormun/static/PXToolsJavascripts/pexe_autoreload.js HTTP/1.1" 200 1762
190.95.2.163 - - [11/May/2026:09:57:18 -0300] "GET /cormun/static/Resources/Spanish/PXTools.css?14345360 HTTP/1.1" 200 100853
190.95.2.163 - - [11/May/2026:09:57:18 -0300] "GET /cormun/static/PXToolsJavascripts/pexe_windows.js HTTP/1.1" 200 15249
190.95.2.163 - - [11/May/2026:09:57:18 -0300] "GET /cormun/static/PXToolsJavascripts/pexe_cookies.js HTTP/1.1" 200 792
190.95.2.163 - - [11/May/2026:09:57:18 -0300] "GET /cormun/static/PXToolsJavascripts/pexe_grid.js HTTP/1.1" 200 7559
190.95.2.163 - - [11/May/2026:09:57:18 -0300] "GET /cormun/static/PXToolsJavascripts/pexe_griddivfix.js HTTP/1.1" 200 6946
190.95.2.163 - - [11/May/2026:09:57:18 -0300] "GET /cormun/static/PXToolsJavascripts/pexe_link.js HTTP/1.1" 200 5671
190.95.2.163 - - [11/May/2026:09:57:18 -0300] "GET /cormun/static/PXToolsJavascripts/pexe_menudivfix.js HTTP/1.1" 200 333
190.95.2.163 - - [11/May/2026:09:57:18 -0300] "GET /cormun/static/PXToolsJavascripts/pexe_menus.js HTTP/1.1" 200 1286
190.95.2.163 - - [11/May/2026:09:57:18 -0300] "GET /cormun/static/PXToolsJavascripts/pexe_layers.js HTTP/1.1" 200 4114
190.95.2.163 - - [11/May/2026:09:57:18 -0300] "GET /cormun/static/PXToolsJavascripts/pexe_oav.js HTTP/1.1" 200 645
190.95.2.163 - - [11/May/2026:09:57:18 -0300] "GET /cormun/static/PXToolsJavascripts/pexe_oavdivfix.js HTTP/1.1" 200 639
190.95.2.163 - - [11/May/2026:09:57:18 -0300] "GET /cormun/static/PXToolsJavascripts/pexe_picture.js HTTP/1.1" 200 689
190.95.2.163 - - [11/May/2026:09:57:18 -0300] "GET /cormun/static/PXToolsJavascripts/pexe_scrolldiv.js HTTP/1.1" 200 4138
190.95.2.163 - - [11/May/2026:09:57:18 -0300] "GET /cormun/static/PXToolsJavascripts/pexe_popup.js HTTP/1.1" 200 15149
190.95.2.163 - - [11/May/2026:09:57:18 -0300] "GET /cormun/static/PXToolsJavascripts/pexe_tabs.js HTTP/1.1" 200 3748
190.95.2.163 - - [11/May/2026:09:57:18 -0300] "GET /cormun/static/PXToolsJavascripts/pexe_upload.js HTTP/1.1" 200 1423
190.95.2.163 - - [11/May/2026:09:57:18 -0300] "GET /cormun/static/PXToolsJavascripts/pexe_tabdivfix.js HTTP/1.1" 200 898
190.95.2.163 - - [11/May/2026:09:57:18 -0300] "GET /cormun/static/PXToolsJavascripts/PXToolsJavascriptsRender.js HTTP/1.1" 200 367
190.95.2.163 - - [11/May/2026:09:57:18 -0300] "GET /cormun/static/Resources/CormunMP2.png HTTP/1.1" 200 6878
190.95.2.163 - - [11/May/2026:09:57:18 -0300] "GET /cormun/static/Resources/ImgHome.png HTTP/1.1" 200 1364
190.95.2.163 - - [11/May/2026:09:57:18 -0300] "GET /cormun/static/Resources/Llave.png HTTP/1.1" 200 1395
190.95.2.163 - - [11/May/2026:09:57:18 -0300] "GET /cormun/static/RunJS/RunJS.js HTTP/1.1" 200 288
190.95.2.163 - - [11/May/2026:09:57:18 -0300] "GET /cormun/static/Resources/ImgLogin.png HTTP/1.1" 200 1432
190.95.2.163 - - [11/May/2026:09:57:18 -0300] "GET /cormun/static/Shared/ext/locale/ext-lang-en.js HTTP/1.1" 200 10940
190.95.2.163 - - [11/May/2026:09:57:18 -0300] "GET /cormun/static/hhome.js?20201215495544 HTTP/1.1" 200 777
190.95.2.163 - - [11/May/2026:09:57:18 -0300] "GET /cormun/static/hpexe_recentlink.js?20201214471090 HTTP/1.1" 200 2144
190.95.2.163 - - [11/May/2026:09:57:18 -0300] "GET /cormun/static/hwchdr01.js?2022112219251119 HTTP/1.1" 200 996
190.95.2.163 - - [11/May/2026:09:57:18 -0300] "GET /cormun/static/hpexe_scripts.js?20201214471411 HTTP/1.1" 200 1544
190.95.2.163 - - [11/May/2026:09:57:18 -0300] "GET /cormun/static/Resources/PXToolsDataTitle.png HTTP/1.1" 200 1173
190.95.2.163 - - [11/May/2026:09:57:18 -0300] "GET /cormun/static/gxui/gxui-all.js HTTP/1.1" 200 107772
190.95.2.163 - - [11/May/2026:09:57:18 -0300] "GET /cormun/static/hpexe_messagepopupcomponent.js?2020121447232 HTTP/1.1" 200 605
190.95.2.163 - - [11/May/2026:09:57:18 -0300] "GET /cormun/static/hpexe_messagecontroller.js?202211298371222 HTTP/1.1" 200 870
190.95.2.163 - - [11/May/2026:09:57:18 -0300] "GET /cormun/static/hpexe_messagegenexuscomponent.js?20221129836373 HTTP/1.1" 200 587
190.95.2.163 - - [11/May/2026:09:57:18 -0300] "GET /cormun/static/cmcontrolpreferences.js?20199141926336 HTTP/1.1" 200 1375
190.95.2.163 - - [11/May/2026:09:57:18 -0300] "GET /cormun/static/Shared/jquery/jquery-1.4.2.min.js HTTP/1.1" 200 72174
190.95.2.163 - - [11/May/2026:09:57:18 -0300] "GET /cormun/static/SmoothNavMenu/resources/ddsmoothmenu.js HTTP/1.1" 200 12712
190.95.2.163 - - [11/May/2026:09:57:18 -0300] "GET /cormun/static/SmoothNavMenu/resources/SmoothNavMenuRender.js HTTP/1.1" 200 5951
190.95.2.163 - - [11/May/2026:09:57:18 -0300] "GET /cormun/static/scaMessage/js/jquery.pnotify.min.js HTTP/1.1" 200 13038
190.95.2.163 - - [11/May/2026:09:57:18 -0300] "GET /cormun/static/scaMessage/scaMessageRender.js HTTP/1.1" 200 11977
190.95.2.163 - - [11/May/2026:09:57:18 -0300] "GET /cormun/static/hmpwkw03.js?20221129844354 HTTP/1.1" 200 3971
190.95.2.163 - - [11/May/2026:09:57:18 -0300] "GET /cormun/static/Shared/jquery/jquery-1.10.2.min.js HTTP/1.1" 200 273199
190.95.2.163 - - [11/May/2026:09:57:18 -0300] "GET /cormun/static/Shared/jqueryui/jquery-ui.min.js HTTP/1.1" 200 240427
190.95.2.163 - - [11/May/2026:09:57:18 -0300] "GET /cormun/static/Shared/ext/ext-all.js HTTP/1.1" 200 1289687
190.95.2.163 - - [11/May/2026:09:57:19 -0300] "GET /cormun/static/SmoothNavMenu/resources/images/down.gif HTTP/1.1" 200 854
190.95.2.163 - - [11/May/2026:09:57:22 -0300] "GET /cormun/servlet/trlicencias? HTTP/1.1" 200 8665
190.95.2.163 - - [11/May/2026:09:57:22 -0300] "GET /cormun/static/gxui/gxui-all.css?120300 HTTP/1.1" 200 2179
190.95.2.163 - - [11/May/2026:09:57:22 -0300] "GET /cormun/static/gxcfg.js?202211298463625 HTTP/1.1" 200 953
190.95.2.163 - - [11/May/2026:09:57:22 -0300] "GET /cormun/static/calendar-system.css?85620 HTTP/1.1" 200 5572
190.95.2.163 - - [11/May/2026:09:57:22 -0300] "GET /cormun/static/calendar-setup.js?85251 HTTP/1.1" 200 2588
190.95.2.163 - - [11/May/2026:09:57:22 -0300] "GET /cormun/static/calendar.js?85251 HTTP/1.1" 200 26246
190.95.2.163 - - [11/May/2026:09:57:22 -0300] "GET /cormun/static/calendar-es.js?85251 HTTP/1.1" 200 1901
190.95.2.163 - - [11/May/2026:09:57:22 -0300] "GET /cormun/static/Resources/PXTools/calendar.png HTTP/1.1" 200 1306
190.95.2.163 - - [11/May/2026:09:57:22 -0300] "GET /cormun/static/gxdec.js?85251 HTTP/1.1" 200 19579
190.95.2.163 - - [11/May/2026:09:57:22 -0300] "GET /cormun/static/trlicencias.js?202211298463889 HTTP/1.1" 200 41883
190.95.2.163 - - [11/May/2026:09:57:22 -0300] "GET /cormun/static/Shared/ext/resources/css/ext-all.css?215870 HTTP/1.1" 200 416045
190.95.2.163 - - [11/May/2026:09:57:22 -0300] "GET /cormun/static/Resources/PXToolsDataSearch.png HTTP/1.1" 200 435
190.95.2.163 - - [11/May/2026:09:57:22 -0300] "GET /cormun/static/Resources/PXToolsGridFirstDisabled.gif HTTP/1.1" 200 100
190.95.2.163 - - [11/May/2026:09:57:22 -0300] "GET /cormun/static/Resources/PXToolsGridPreviousDisabled.gif HTTP/1.1" 200 90
190.95.2.163 - - [11/May/2026:09:57:22 -0300] "GET /cormun/static/Resources/PXToolsGridNextDisabled.gif HTTP/1.1" 200 90
190.95.2.163 - - [11/May/2026:09:57:22 -0300] "GET /cormun/static/Resources/PXToolsGridLastDisabled.gif HTTP/1.1" 200 98
190.95.2.163 - - [11/May/2026:09:57:22 -0300] "GET /cormun/static/Resources/PXToolsGridPage.gif HTTP/1.1" 200 725
190.95.2.163 - - [11/May/2026:09:57:22 -0300] "GET /cormun/static/Resources/PXToolsAddAllAction.png HTTP/1.1" 200 495
190.95.2.163 - - [11/May/2026:09:57:22 -0300] "GET /cormun/static/Resources/PXToolsActionExcel.png HTTP/1.1" 200 727
190.95.2.163 - - [11/May/2026:09:57:22 -0300] "GET /cormun/static/Resources/desc.gif HTTP/1.1" 200 65
190.95.2.163 - - [11/May/2026:09:57:22 -0300] "GET /cormun/static/Resources/asc.gif HTTP/1.1" 200 67
190.95.2.163 - - [11/May/2026:09:57:22 -0300] "GET /cormun//static/Resources/PXToolsGridDisplay.png HTTP/1.1" 200 525
190.95.2.163 - - [11/May/2026:09:57:22 -0300] "GET /cormun//static/Resources/PXToolsActionPrint.png HTTP/1.1" 200 404
190.95.2.163 - - [11/May/2026:09:57:22 -0300] "GET /cormun//static/Resources/PXTools/ActionInsert.png HTTP/1.1" 200 1482
190.95.2.163 - - [11/May/2026:09:57:22 -0300] "GET /cormun//static/Resources/PXToolsActionDisabled.gif HTTP/1.1" 200 53
190.95.2.163 - - [11/May/2026:09:57:22 -0300] "GET /cormun//static/Resources/PXToolsHeaderHelp.png HTTP/1.1" 200 1333
190.95.2.163 - - [11/May/2026:09:57:22 -0300] "GET /cormun//static/Resources/PXToolsHeaderFavorites.png HTTP/1.1" 200 1414
190.95.2.163 - - [11/May/2026:09:57:22 -0300] "GET /cormun/static/Shared/ext/resources/themes/images/default/tools/tool-sprites.gif HTTP/1.1" 200 5434
190.95.2.163 - - [11/May/2026:09:57:22 -0300] "GET /cormun/static/Shared/ext/resources/themes/images/default/panel/bg-headersPanel.png HTTP/1.1" 200 255
190.95.1.185 - - [11/May/2026:09:58:13 -0300] "GET /cormun/servlet/hlogin HTTP/1.1" 200 1724
190.95.1.185 - - [11/May/2026:09:58:13 -0300] "GET /cormun/servlet/hlogin HTTP/1.1" 200 1734
190.95.1.185 - - [11/May/2026:09:58:16 -0300] "POST /cormun/servlet/hlogin?8a6616767be3a306822a309e64e6dc60,gx-no-cache=1778504606499 HTTP/1.1" 200 90
190.95.1.185 - - [11/May/2026:09:58:16 -0300] "GET /cormun/servlet/hpexe_link HTTP/1.1" 200 952
190.95.1.185 - - [11/May/2026:09:58:16 -0300] "GET /cormun/servlet/hhome HTTP/1.1" 200 4482
190.95.1.185 - - [11/May/2026:09:58:20 -0300] "GET /cormun/servlet/trlicencias? HTTP/1.1" 200 12234
190.95.2.163 - - [11/May/2026:10:02:35 -0300] "GET /cormun/servlet/hlogin HTTP/1.1" 200 1716
190.95.2.163 - - [11/May/2026:10:02:35 -0300] "GET /cormun/servlet/hlogin HTTP/1.1" 200 1726
190.95.1.187 - - [11/May/2026:10:02:38 -0300] "GET /cormun/servlet/permisogoce?9832d35ba87f1da108a6d05d16866b4a3a467bddc7363856538c3dad49079340642246f25cf5d75a4e4a565ab3c6eefb32a6a230562d6830a19d477907f6b70a,gx-no-cache=1778504864358 HTTP/1.1" 200 80
190.95.2.163 - - [11/May/2026:10:02:41 -0300] "POST /cormun/servlet/hlogin?0675f10300336513a006822597916f4d,gx-no-cache=1778504871726 HTTP/1.1" 200 90
190.95.2.163 - - [11/May/2026:10:02:41 -0300] "GET /cormun/servlet/hpexe_link HTTP/1.1" 200 948
190.95.2.163 - - [11/May/2026:10:02:41 -0300] "GET /cormun/servlet/hhome HTTP/1.1" 200 3994
179.57.78.9 - - [11/May/2026:10:02:45 -0300] "GET /cormun/servlet/hlogin HTTP/1.1" 200 1714
179.57.78.9 - - [11/May/2026:10:02:45 -0300] "GET /cormun/servlet/hlogin HTTP/1.1" 200 1725
190.95.2.163 - - [11/May/2026:10:02:47 -0300] "GET /cormun/servlet/trsolicitudot? HTTP/1.1" 200 7210
190.95.2.163 - - [11/May/2026:10:02:47 -0300] "GET /cormun/static/gxcfg.js?20221129846531 HTTP/1.1" 200 953
190.95.2.163 - - [11/May/2026:10:02:47 -0300] "GET /cormun/static/trsolicitudot.js?202211298465651 HTTP/1.1" 200 54040
190.95.1.187 - - [11/May/2026:10:02:47 -0300] "GET /cormun/servlet/permisogoce?9832d35ba87f1da108a6d05d16866b4aee9ff699b65f04f3de5b1e0da79a721c291306c0a733382e3f14d9e5930861d36e532a5aeef4df0384b8d16a8c97990a,gx-no-cache=1778504873183 HTTP/1.1" 200 48
179.57.78.9 - - [11/May/2026:10:02:48 -0300] "POST /cormun/servlet/hlogin?7f16aa8a1425a2530bcc2eb2e15b1605,gx-no-cache=1778504878886 HTTP/1.1" 200 90
179.57.78.9 - - [11/May/2026:10:02:48 -0300] "GET /cormun/servlet/hpexe_link HTTP/1.1" 200 947
179.57.78.9 - - [11/May/2026:10:02:48 -0300] "GET /cormun/servlet/hhome HTTP/1.1" 200 4343
179.57.78.9 - - [11/May/2026:10:02:50 -0300] "GET /cormun/servlet/trlicencias? HTTP/1.1" 200 11125
190.95.1.187 - - [11/May/2026:10:02:51 -0300] "POST /cormun/servlet/permisogoce?5ae942399644e0eebbfdcef2851c7631,INS,0,,,,gx-no-cache=1778504876662 HTTP/1.1" 200 93
190.95.1.187 - - [11/May/2026:10:02:51 -0300] "GET /cormun/servlet/hpexe_return? HTTP/1.1" 200 1030
190.95.1.187 - - [11/May/2026:10:02:51 -0300] "GET /cormun/servlet/trpermisosgoce?gx-no-cache=1778502565606 HTTP/1.1" 200 18237
190.95.1.187 - - [11/May/2026:10:02:59 -0300] "GET /cormun/servlet/trpermisosadjuntos?18465567,20260511085029,P, HTTP/1.1" 200 6353
190.95.1.187 - - [11/May/2026:10:03:01 -0300] "GET /cormun/servlet/permisosadjuntos?INS,18465567,P,20260511085029,, HTTP/1.1" 200 5653
190.95.1.187 - - [11/May/2026:10:03:01 -0300] "GET /cormun/static/about:blank HTTP/1.1" 404 1011
190.95.1.187 - - [11/May/2026:10:03:14 -0300] "POST /cormun/servlet/permisosadjuntos?5ae942399644e0eebbfdcef2851c7631,INS,18465567,P,20260511085029,, HTTP/1.1" 200 116
190.95.1.187 - - [11/May/2026:10:03:14 -0300] "GET /cormun/servlet/hpexe_return? HTTP/1.1" 200 1036
190.95.1.187 - - [11/May/2026:10:03:14 -0300] "GET /cormun/servlet/trpermisosadjuntos?18465567,20260511085029,P, HTTP/1.1" 200 6833
190.95.1.187 - - [11/May/2026:10:03:19 -0300] "POST /cormun/servlet/trpermisosadjuntos?5ae942399644e0eebbfdcef2851c7631,18465567,20260511085029,P,,gx-no-cache=1778504904511 HTTP/1.1" 200 90
190.95.1.187 - - [11/May/2026:10:03:19 -0300] "GET /cormun/servlet/hpexe_link HTTP/1.1" 200 1003
190.95.1.187 - - [11/May/2026:10:03:19 -0300] "GET /cormun/servlet/trpermisosgoce?gx-no-cache=1778502565606 HTTP/1.1" 200 18234
190.95.1.187 - - [11/May/2026:10:03:25 -0300] "POST /cormun/servlet/trpermisosgoce?5ae942399644e0eebbfdcef2851c7631,gx-no-cache=1778502565606,gx-no-cache=1778504910627 HTTP/1.1" 200 15558
190.95.1.185 - - [11/May/2026:10:03:44 -0300] "GET /cormun/servlet/licenciaspermisos?DSP,13046201,L,20260416000000, HTTP/1.1" 200 7618
190.95.1.185 - - [11/May/2026:10:03:44 -0300] "GET /cormun/static/gxcfg.js?202012153173 HTTP/1.1" 200 953
190.95.1.185 - - [11/May/2026:10:03:44 -0300] "GET /cormun/static/licenciaspermisos.js?2020121532136 HTTP/1.1" 200 38753
190.95.1.185 - - [11/May/2026:10:04:00 -0300] "POST /cormun/servlet/licenciaspermisos?8a6616767be3a306822a309e64e6dc60,DSP,13046201,L,20260416000000,,gx-no-cache=1778504950795 HTTP/1.1" 200 93
190.95.1.185 - - [11/May/2026:10:04:00 -0300] "GET /cormun/servlet/hpexe_return? HTTP/1.1" 200 1029
190.95.1.185 - - [11/May/2026:10:04:00 -0300] "GET /cormun/servlet/trlicencias HTTP/1.1" 200 12237
190.95.2.163 - - [11/May/2026:10:04:50 -0300] "GET /cormun/servlet/solicitudot?INS,0,0,false, HTTP/1.1" 200 16047
190.95.2.163 - - [11/May/2026:10:04:51 -0300] "GET /cormun/static/gxcfg.js?20221129840861 HTTP/1.1" 200 953
190.95.2.163 - - [11/May/2026:10:04:51 -0300] "GET /cormun/static/solicitudot.js?20221129840983 HTTP/1.1" 200 74072
190.95.2.163 - - [11/May/2026:10:06:25 -0300] "POST /cormun/servlet/solicitudot?gx-no-cache=1778505095410 HTTP/1.1" 200 4055
190.95.2.163 - - [11/May/2026:10:06:25 -0300] "POST /cormun/servlet/solicitudot?0675f10300336513a006822597916f4d,INS,0,0,false,,gx-no-cache=1778505095554 HTTP/1.1" 200 12640
190.95.2.163 - - [11/May/2026:10:06:30 -0300] "GET /cormun/servlet/solicitudot?596b538a458815390e50ebb8bfd363681b00eaa3e7b4536eed445c04616e58d58929086427bb0213181d07b89dd83441,gx-no-cache=1778505100502 HTTP/1.1" 200 30
190.95.1.185 - - [11/May/2026:10:07:23 -0300] "GET /cormun/servlet/hlogin HTTP/1.1" 200 1725
190.95.1.185 - - [11/May/2026:10:07:24 -0300] "GET /cormun/servlet/hlogin HTTP/1.1" 200 1736
190.95.1.185 - - [11/May/2026:10:07:24 -0300] "GET /favicon.ico HTTP/1.1" 200 21630
190.95.1.185 - - [11/May/2026:10:07:28 -0300] "POST /cormun/servlet/hlogin?aaf742e550bcc2ee1aa1119a1c9b7c1a,gx-no-cache=1778505159239 HTTP/1.1" 200 90
190.95.1.185 - - [11/May/2026:10:07:28 -0300] "GET /cormun/servlet/hpexe_link HTTP/1.1" 200 953
190.95.1.185 - - [11/May/2026:10:07:28 -0300] "GET /cormun/servlet/hhome HTTP/1.1" 200 4485
190.95.1.185 - - [11/May/2026:10:07:32 -0300] "GET /cormun/servlet/trlicencias? HTTP/1.1" 200 12236
190.95.2.163 - - [11/May/2026:10:08:36 -0300] "GET /cormun/servlet/solicitudot?596b538a458815390e50ebb8bfd3636898e3b33fa4d28dacc775f66b1328aa8c98f200addabb375e4b851e7786221e3a581ca43d443c7142b04f258b1450493c,gx-no-cache=1778505226364 HTTP/1.1" 200 30
190.95.2.163 - - [11/May/2026:10:08:38 -0300] "GET /cormun/static/Resources/resize.gif HTTP/1.1" 200 77
190.95.2.163 - - [11/May/2026:10:08:38 -0300] "GET /cormun/static/Resources/PXTools/ClosePrompt.png HTTP/1.1" 200 1036
190.95.2.163 - - [11/May/2026:10:08:38 -0300] "GET /cormun/servlet/prbanco?,MD,,gxPopupLevel%3D0%3B HTTP/1.1" 200 6657
190.95.2.163 - - [11/May/2026:10:08:38 -0300] "GET /cormun/static/gxcfg.js?20201216131581 HTTP/1.1" 200 953
190.95.2.163 - - [11/May/2026:10:08:38 -0300] "GET /cormun/static/Resources/PXToolsMenuSearch.png HTTP/1.1" 200 336
190.95.2.163 - - [11/May/2026:10:08:38 -0300] "GET /cormun/static/prbanco.js?20201216132311 HTTP/1.1" 200 10693
190.95.2.163 - - [11/May/2026:10:08:38 -0300] "GET /cormun/static/menusearch.js?20201214473581 HTTP/1.1" 200 1424
190.95.2.163 - - [11/May/2026:10:08:38 -0300] "GET /cormun/static/hmpwkw011.js?202211298443482 HTTP/1.1" 200 1968
190.95.2.163 - - [11/May/2026:10:08:38 -0300] "GET /cormun/static/Resources/PXToolsMenuSearchCancel.png HTTP/1.1" 200 306
190.95.2.163 - - [11/May/2026:10:08:45 -0300] "GET /cormun/servlet/solicitudot?596b538a458815390e50ebb8bfd36368531443338daa08ba6be6b5dc061f4056,gx-no-cache=1778505235948 HTTP/1.1" 200 53
190.95.2.163 - - [11/May/2026:10:09:12 -0300] "POST /cormun/servlet/solicitudot?gx-no-cache=1778505262653 HTTP/1.1" 200 255
