190.95.67.91 - - [11/May/2026:16:26:57 -0300] "GET /cormun/servlet/solicitudotadjuntos?INS,2026,23574,,1, HTTP/1.1" 200 6440
190.95.67.91 - - [11/May/2026:16:26:57 -0300] "GET /cormun/static/about:blank HTTP/1.1" 404 1011
190.95.67.91 - - [11/May/2026:16:26:58 -0300] "GET /cormun/servlet/solicitudotadjuntos?5b5076142c4aa1261a274947d11c13958d21b782c4e650fafeec5331a8678d9343ba55aebf28e93b32c7f98bdd3ba894,gx-no-cache=1778527928805 HTTP/1.1" 200 30
190.95.67.91 - - [11/May/2026:16:26:58 -0300] "POST /cormun/servlet/solicitudotadjuntos?04b6e3ceaf42749daf9d55c59f7c56f2,INS,2026,23574,,1,,gx-no-cache=1778527928817 HTTP/1.1" 200 4191
190.95.67.91 - - [11/May/2026:16:27:02 -0300] "POST /cormun/servlet/solicitudotadjuntos?gx-no-cache=1778527933019 HTTP/1.1" 200 26
190.95.67.91 - - [11/May/2026:16:27:06 -0300] "GET /cormun/servlet/solicitudotadjuntos?5b5076142c4aa1261a274947d11c13957e51d46be952c06ae9fa7e9af1699de1,gx-no-cache=1778527937149 HTTP/1.1" 200 30
190.95.67.91 - - [11/May/2026:16:27:06 -0300] "GET /cormun/servlet/solicitudotadjuntos?5b5076142c4aa1261a274947d11c13957e51d46be952c06ae9fa7e9af1699de1,gx-no-cache=1778527937160 HTTP/1.1" 200 30
190.95.67.91 - - [11/May/2026:16:27:06 -0300] "POST /cormun/servlet/solicitudotadjuntos?04b6e3ceaf42749daf9d55c59f7c56f2,INS,2026,23574,,1, HTTP/1.1" 200 6677
190.95.67.91 - - [11/May/2026:16:27:06 -0300] "GET /cormun/static/Shared/jqueryui/images/ui-icons_82798d_256x240.png HTTP/1.1" 404 1089
190.95.67.91 - - [11/May/2026:16:27:06 -0300] "GET /cormun/static/Shared/jqueryui/images/ui-bg_highlight-soft_100_c6c2c8_1x100.png HTTP/1.1" 404 1117
190.95.67.91 - - [11/May/2026:16:27:06 -0300] "GET /cormun/static/Shared/jqueryui/images/ui-bg_flat_55_994d53_40x100.png HTTP/1.1" 404 1097
190.95.67.91 - - [11/May/2026:16:27:06 -0300] "GET /cormun/static/Shared/jqueryui/images/ui-icons_ebccce_256x240.png HTTP/1.1" 404 1089
190.95.67.91 - - [11/May/2026:16:27:06 -0300] "GET /cormun/PrivateTempStorage/upload_00010888.pdf HTTP/1.1" 200 37094
190.95.67.91 - - [11/May/2026:16:27:09 -0300] "POST /cormun/servlet/solicitudotadjuntos?04b6e3ceaf42749daf9d55c59f7c56f2,INS,2026,23574,,1, HTTP/1.1" 200 116
190.95.67.91 - - [11/May/2026:16:27:09 -0300] "GET /cormun/servlet/hpexe_return? HTTP/1.1" 200 1030
190.95.67.91 - - [11/May/2026:16:27:09 -0300] "GET /cormun/servlet/trsolicitudadjuntos?2026,23574, HTTP/1.1" 200 10620
190.95.67.91 - - [11/May/2026:16:27:12 -0300] "GET /cormun/servlet/solicitudotadjuntos?INS,2026,23574,,1, HTTP/1.1" 200 6441
190.95.67.91 - - [11/May/2026:16:27:12 -0300] "GET /cormun/static/about:blank HTTP/1.1" 404 1011
190.95.67.91 - - [11/May/2026:16:27:12 -0300] "GET /cormun/servlet/solicitudotadjuntos?5b5076142c4aa1261a274947d11c13958d21b782c4e650fafeec5331a8678d9343ba55aebf28e93b32c7f98bdd3ba894,gx-no-cache=1778527943299 HTTP/1.1" 200 30
190.95.67.91 - - [11/May/2026:16:27:12 -0300] "POST /cormun/servlet/solicitudotadjuntos?04b6e3ceaf42749daf9d55c59f7c56f2,INS,2026,23574,,1,,gx-no-cache=1778527943313 HTTP/1.1" 200 4192
190.95.67.91 - - [11/May/2026:16:27:14 -0300] "POST /cormun/servlet/solicitudotadjuntos?gx-no-cache=1778527944949 HTTP/1.1" 200 26
190.95.67.91 - - [11/May/2026:16:27:19 -0300] "GET /cormun/servlet/solicitudotadjuntos?5b5076142c4aa1261a274947d11c13957e51d46be952c06ae9fa7e9af1699de1,gx-no-cache=1778527949565 HTTP/1.1" 200 30
190.95.67.91 - - [11/May/2026:16:27:19 -0300] "GET /cormun/servlet/solicitudotadjuntos?5b5076142c4aa1261a274947d11c13957e51d46be952c06ae9fa7e9af1699de1,gx-no-cache=1778527949576 HTTP/1.1" 200 30
190.95.67.91 - - [11/May/2026:16:27:19 -0300] "POST /cormun/servlet/solicitudotadjuntos?04b6e3ceaf42749daf9d55c59f7c56f2,INS,2026,23574,,1, HTTP/1.1" 200 116
190.95.67.91 - - [11/May/2026:16:27:19 -0300] "GET /cormun/servlet/hpexe_return? HTTP/1.1" 200 1030
190.95.67.91 - - [11/May/2026:16:27:19 -0300] "GET /cormun/servlet/trsolicitudadjuntos?2026,23574, HTTP/1.1" 200 10853
190.95.67.91 - - [11/May/2026:16:27:21 -0300] "GET /cormun/servlet/solicitudotadjuntos?INS,2026,23574,,1, HTTP/1.1" 200 6441
190.95.67.91 - - [11/May/2026:16:27:21 -0300] "GET /cormun/static/about:blank HTTP/1.1" 404 1011
190.95.67.91 - - [11/May/2026:16:27:21 -0300] "GET /cormun/servlet/solicitudotadjuntos?5b5076142c4aa1261a274947d11c13958d21b782c4e650fafeec5331a8678d9343ba55aebf28e93b32c7f98bdd3ba894,gx-no-cache=1778527952221 HTTP/1.1" 200 30
190.95.67.91 - - [11/May/2026:16:27:21 -0300] "POST /cormun/servlet/solicitudotadjuntos?04b6e3ceaf42749daf9d55c59f7c56f2,INS,2026,23574,,1,,gx-no-cache=1778527952233 HTTP/1.1" 200 4192
190.95.67.91 - - [11/May/2026:16:27:23 -0300] "POST /cormun/servlet/solicitudotadjuntos?gx-no-cache=1778527954278 HTTP/1.1" 200 26
190.95.67.91 - - [11/May/2026:16:27:27 -0300] "GET /cormun/servlet/solicitudotadjuntos?5b5076142c4aa1261a274947d11c13957e51d46be952c06ae9fa7e9af1699de1,gx-no-cache=1778527957693 HTTP/1.1" 200 30
190.95.67.91 - - [11/May/2026:16:27:27 -0300] "GET /cormun/servlet/solicitudotadjuntos?5b5076142c4aa1261a274947d11c13957e51d46be952c06ae9fa7e9af1699de1,gx-no-cache=1778527957705 HTTP/1.1" 200 30
190.95.67.91 - - [11/May/2026:16:27:27 -0300] "POST /cormun/servlet/solicitudotadjuntos?04b6e3ceaf42749daf9d55c59f7c56f2,INS,2026,23574,,1, HTTP/1.1" 200 116
190.95.67.91 - - [11/May/2026:16:27:27 -0300] "GET /cormun/servlet/hpexe_return? HTTP/1.1" 200 1030
190.95.67.91 - - [11/May/2026:16:27:27 -0300] "GET /cormun/servlet/trsolicitudadjuntos?2026,23574, HTTP/1.1" 200 11051
190.95.67.91 - - [11/May/2026:16:27:33 -0300] "GET /cormun/servlet/solicitudotadjuntos?INS,2026,23574,,1, HTTP/1.1" 200 6441
190.95.67.91 - - [11/May/2026:16:27:33 -0300] "GET /cormun/static/about:blank HTTP/1.1" 404 1011
190.95.67.91 - - [11/May/2026:16:27:33 -0300] "GET /cormun/servlet/solicitudotadjuntos?5b5076142c4aa1261a274947d11c13958d21b782c4e650fafeec5331a8678d9343ba55aebf28e93b32c7f98bdd3ba894,gx-no-cache=1778527964228 HTTP/1.1" 200 30
190.95.67.91 - - [11/May/2026:16:27:33 -0300] "POST /cormun/servlet/solicitudotadjuntos?04b6e3ceaf42749daf9d55c59f7c56f2,INS,2026,23574,,1,,gx-no-cache=1778527964241 HTTP/1.1" 200 4192
190.95.67.91 - - [11/May/2026:16:27:37 -0300] "POST /cormun/servlet/solicitudotadjuntos?04b6e3ceaf42749daf9d55c59f7c56f2,INS,2026,23574,,1,,gx-no-cache=1778527967661 HTTP/1.1" 200 93
190.95.67.91 - - [11/May/2026:16:27:37 -0300] "GET /cormun/servlet/hpexe_return? HTTP/1.1" 200 1030
190.95.67.91 - - [11/May/2026:16:27:37 -0300] "GET /cormun/servlet/trsolicitudadjuntos?2026,23574, HTTP/1.1" 200 11053
190.95.67.91 - - [11/May/2026:16:27:39 -0300] "GET /cormun/servlet/solicitudotadjuntos?INS,2026,23574,,2, HTTP/1.1" 200 6438
190.95.67.91 - - [11/May/2026:16:27:39 -0300] "GET /cormun/static/about:blank HTTP/1.1" 404 1011
190.95.67.91 - - [11/May/2026:16:27:39 -0300] "GET /cormun/servlet/solicitudotadjuntos?5b5076142c4aa1261a274947d11c13958d21b782c4e650fafeec5331a8678d9343ba55aebf28e93b32c7f98bdd3ba894,gx-no-cache=1778527970300 HTTP/1.1" 200 30
190.95.67.91 - - [11/May/2026:16:27:39 -0300] "POST /cormun/servlet/solicitudotadjuntos?04b6e3ceaf42749daf9d55c59f7c56f2,INS,2026,23574,,2,,gx-no-cache=1778527970313 HTTP/1.1" 200 4331
190.95.67.91 - - [11/May/2026:16:27:42 -0300] "POST /cormun/servlet/solicitudotadjuntos?gx-no-cache=1778527972589 HTTP/1.1" 200 26
190.95.67.91 - - [11/May/2026:16:27:42 -0300] "GET /cormun/servlet/solicitudotadjuntos?5b5076142c4aa1261a274947d11c13957e51d46be952c06ae9fa7e9af1699de1,gx-no-cache=1778527972604 HTTP/1.1" 200 30
190.95.67.91 - - [11/May/2026:16:27:42 -0300] "GET /cormun/servlet/solicitudotadjuntos?5b5076142c4aa1261a274947d11c13957e51d46be952c06ae9fa7e9af1699de1,gx-no-cache=1778527972626 HTTP/1.1" 200 30
190.95.67.91 - - [11/May/2026:16:27:42 -0300] "POST /cormun/servlet/solicitudotadjuntos?04b6e3ceaf42749daf9d55c59f7c56f2,INS,2026,23574,,2,,gx-no-cache=1778527972637 HTTP/1.1" 200 93
190.95.67.91 - - [11/May/2026:16:27:42 -0300] "GET /cormun/servlet/hpexe_return? HTTP/1.1" 200 1030
190.95.67.91 - - [11/May/2026:16:27:42 -0300] "GET /cormun/servlet/trsolicitudadjuntos?2026,23574, HTTP/1.1" 200 11186
190.95.67.91 - - [11/May/2026:16:27:46 -0300] "POST /cormun/servlet/trsolicitudadjuntos?04b6e3ceaf42749daf9d55c59f7c56f2,2026,23574,,gx-no-cache=1778527976628 HTTP/1.1" 200 90
190.95.67.91 - - [11/May/2026:16:27:46 -0300] "GET /cormun/servlet/hpexe_link HTTP/1.1" 200 972
190.95.67.91 - - [11/May/2026:16:27:46 -0300] "GET /cormun/servlet/trsolicitudot HTTP/1.1" 200 8920
190.95.15.17 - - [11/May/2026:16:28:03 -0300] "GET /cormun/servlet/hlogin HTTP/1.1" 200 1722
190.95.15.15 - - [11/May/2026:16:28:04 -0300] "GET /cormun/servlet/trpermisosgoce HTTP/1.1" 200 6029
190.95.15.15 - - [11/May/2026:16:28:05 -0300] "GET /cormun/servlet/hlogin HTTP/1.1" 200 1736
190.95.15.17 - - [11/May/2026:16:28:07 -0300] "POST /cormun/servlet/hlogin?8025f99993cb3dd2b068975c063d0226,gx-no-cache=1778528441551 HTTP/1.1" 200 90
190.95.15.17 - - [11/May/2026:16:28:07 -0300] "GET /cormun/servlet/hpexe_link HTTP/1.1" 200 952
190.95.15.17 - - [11/May/2026:16:28:08 -0300] "GET /cormun/servlet/hhome HTTP/1.1" 200 4378
190.95.15.17 - - [11/May/2026:16:28:14 -0300] "GET /cormun/servlet/trpermisosgoce? HTTP/1.1" 200 11674
190.95.15.15 - - [11/May/2026:16:28:19 -0300] "POST /cormun/servlet/hlogin?2857ec5c9a9f8506b94e4058f657920a,gx-no-cache=1778528009172 HTTP/1.1" 200 90
190.95.15.15 - - [11/May/2026:16:28:19 -0300] "GET /cormun/servlet/hpexe_link HTTP/1.1" 200 953
190.95.15.15 - - [11/May/2026:16:28:20 -0300] "GET /cormun/servlet/trpermisosgoce HTTP/1.1" 200 16138
190.95.15.15 - - [11/May/2026:16:28:33 -0300] "GET /cormun/servlet/trlicencias? HTTP/1.1" 200 12321
190.95.67.95 - - [11/May/2026:16:28:54 -0300] "GET /cormun/servlet/hlogin HTTP/1.1" 200 1725
190.95.67.95 - - [11/May/2026:16:29:12 -0300] "POST /cormun/servlet/hlogin?137044878bf789f8a7d0efc525413442,gx-no-cache=1778528062879 HTTP/1.1" 200 90
190.95.67.95 - - [11/May/2026:16:29:12 -0300] "GET /cormun/servlet/hpexe_link HTTP/1.1" 200 956
190.95.67.95 - - [11/May/2026:16:29:13 -0300] "GET /cormun/servlet/hhome HTTP/1.1" 200 4011
190.95.67.95 - - [11/May/2026:16:29:14 -0300] "GET /cormun/static/Shared/ext/ext-all.js HTTP/1.1" 200 1289687
190.95.67.95 - - [11/May/2026:16:29:18 -0300] "GET /cormun/servlet/trlicencias? HTTP/1.1" 200 9233
190.95.15.17 - - [11/May/2026:16:30:00 -0300] "GET /cormun/servlet/permisogoce?INS,0,,, HTTP/1.1" 200 7274
190.95.15.15 - - [11/May/2026:16:30:11 -0300] "GET /cormun/servlet/trpermisosgoce? HTTP/1.1" 200 16136
190.95.15.13 - - [11/May/2026:16:30:26 -0300] "POST /cormun/servlet/trlicencias?869dd20a2e301241be6ed812851c8f04,,gx-no-cache=1778528136000 HTTP/1.1" 200 4445
190.95.15.13 - - [11/May/2026:16:30:30 -0300] "GET /cormun/servlet/trpermisosgoce? HTTP/1.1" 200 7047
190.95.15.13 - - [11/May/2026:16:30:37 -0300] "POST /cormun/servlet/trpermisosgoce?869dd20a2e301241be6ed812851c8f04,,gx-no-cache=1778528146573 HTTP/1.1" 200 5127
201.186.225.189 - - [11/May/2026:16:31:08 -0300] "GET /cormun/servlet/hlogin HTTP/1.1" 200 1719
190.95.15.13 - - [11/May/2026:16:31:19 -0300] "POST /cormun/servlet/trpermisosgoce?869dd20a2e301241be6ed812851c8f04,,gx-no-cache=1778528188885 HTTP/1.1" 200 4212
201.186.225.189 - - [11/May/2026:16:31:22 -0300] "POST /cormun/servlet/hlogin?25d1141bcff4b19233608e151f8503c1,gx-no-cache=1778528192536 HTTP/1.1" 200 90
201.186.225.189 - - [11/May/2026:16:31:22 -0300] "GET /cormun/servlet/hpexe_link HTTP/1.1" 200 952
190.95.15.13 - - [11/May/2026:16:31:22 -0300] "GET /cormun/servlet/trlicencias? HTTP/1.1" 200 7241
201.186.225.189 - - [11/May/2026:16:31:23 -0300] "GET /cormun/servlet/hhome HTTP/1.1" 200 4362
201.186.225.189 - - [11/May/2026:16:31:27 -0300] "GET /cormun/servlet/trlicencias? HTTP/1.1" 200 10386
190.95.15.13 - - [11/May/2026:16:31:28 -0300] "POST /cormun/servlet/trlicencias?869dd20a2e301241be6ed812851c8f04,,gx-no-cache=1778528197389 HTTP/1.1" 200 4446
190.95.67.91 - - [11/May/2026:16:31:28 -0300] "POST /cormun/servlet/trsolicitudot?04b6e3ceaf42749daf9d55c59f7c56f2,gx-no-cache=1778528198867 HTTP/1.1" 200 4592
190.95.67.91 - - [11/May/2026:16:31:28 -0300] "GET /cormun/static/Shared/jqueryui/images/ui-bg_flat_55_fafafa_40x100.png HTTP/1.1" 404 1097
190.95.67.91 - - [11/May/2026:16:31:28 -0300] "GET /cormun/static/Shared/jqueryui/images/ui-icons_8d78a5_256x240.png HTTP/1.1" 404 1089
190.95.67.91 - - [11/May/2026:16:31:28 -0300] "POST /cormun/servlet/trsolicitudot?04b6e3ceaf42749daf9d55c59f7c56f2,gx-no-cache=1778528198987 HTTP/1.1" 200 4349
190.95.67.91 - - [11/May/2026:16:31:30 -0300] "GET /cormun/servlet/trautorizarsolicitud? HTTP/1.1" 200 8931
190.95.67.91 - - [11/May/2026:16:31:34 -0300] "POST /cormun/servlet/trautorizarsolicitud?04b6e3ceaf42749daf9d55c59f7c56f2,,gx-no-cache=1778528204993 HTTP/1.1" 200 4787
190.95.67.91 - - [11/May/2026:16:31:34 -0300] "POST /cormun/servlet/trautorizarsolicitud?04b6e3ceaf42749daf9d55c59f7c56f2,,gx-no-cache=1778528205081 HTTP/1.1" 200 4541
190.95.15.13 - - [11/May/2026:16:33:22 -0300] "GET /cormun/servlet/trlicencias? HTTP/1.1" 200 7238
190.95.15.13 - - [11/May/2026:16:33:24 -0300] "GET /cormun/servlet/trpermisosgoce? HTTP/1.1" 200 7041
190.95.15.13 - - [11/May/2026:16:33:37 -0300] "POST /cormun/servlet/trpermisosgoce?869dd20a2e301241be6ed812851c8f04,,gx-no-cache=1778528327053 HTTP/1.1" 200 5366
190.95.67.95 - - [11/May/2026:16:34:27 -0300] "GET /cormun/servlet/hlogin HTTP/1.1" 200 1725
190.95.67.95 - - [11/May/2026:16:35:12 -0300] "GET /cormun/servlet/hlogin HTTP/1.1" 200 1725
190.95.67.95 - - [11/May/2026:16:35:15 -0300] "POST /cormun/servlet/hlogin?137044878bf789f8a7d0efc525413442,gx-no-cache=1778528425285 HTTP/1.1" 200 90
190.95.67.95 - - [11/May/2026:16:35:15 -0300] "GET /cormun/servlet/hpexe_link HTTP/1.1" 200 960
190.95.67.95 - - [11/May/2026:16:35:15 -0300] "GET /cormun/servlet/trlicencias HTTP/1.1" 200 9233
190.95.67.95 - - [11/May/2026:16:35:20 -0300] "GET /cormun/servlet/trlicencias? HTTP/1.1" 200 9231
190.95.67.95 - - [11/May/2026:16:35:22 -0300] "GET /cormun/servlet/trpermisosgoce? HTTP/1.1" 200 13511
190.95.15.13 - - [11/May/2026:16:35:24 -0300] "GET /cormun/servlet/trlicencias? HTTP/1.1" 200 7239
190.95.67.95 - - [11/May/2026:16:35:28 -0300] "GET /cormun/servlet/trpermisosadjuntos?16911997,20260508134826,P, HTTP/1.1" 200 6337
190.95.67.95 - - [11/May/2026:16:35:28 -0300] "GET /cormun/static/trpermisosadjuntos.js?2020121642996 HTTP/1.1" 200 20158
179.57.78.55 - - [11/May/2026:16:35:30 -0300] "GET /cormun/servlet/permisogoce?INS,0,,, HTTP/1.1" 200 6865
190.95.67.95 - - [11/May/2026:16:35:31 -0300] "GET /cormun/servlet/permisosadjuntos?INS,16911997,P,20260508134826,, HTTP/1.1" 200 5659
190.95.67.95 - - [11/May/2026:16:35:31 -0300] "GET /cormun/static/about:blank HTTP/1.1" 404 1011
190.95.15.13 - - [11/May/2026:16:35:32 -0300] "POST /cormun/servlet/trlicencias?869dd20a2e301241be6ed812851c8f04,,gx-no-cache=1778528441861 HTTP/1.1" 200 5679
179.57.78.55 - - [11/May/2026:16:35:43 -0300] "GET /cormun/servlet/permisogoce?371069ecb89c285893780d2c8ca28fc724f6f875751a0901158ce10b0db170b48024a8f24e21b797cd679cf6a24a59ed6e02812f9597cad9bea657fb2fd6dab2,gx-no-cache=1778528452837 HTTP/1.1" 200 176
179.57.78.55 - - [11/May/2026:16:35:57 -0300] "GET /cormun/servlet/permisogoce?371069ecb89c285893780d2c8ca28fc724f6f875751a0901158ce10b0db170b48024a8f24e21b797cd679cf6a24a59ed6e02812f9597cad9bea657fb2fd6dab2,gx-no-cache=1778528466619 HTTP/1.1" 200 176
190.95.15.13 - - [11/May/2026:16:36:09 -0300] "GET /cormun/servlet/trpermisosgoce? HTTP/1.1" 200 8224
190.95.67.95 - - [11/May/2026:16:36:15 -0300] "POST /cormun/servlet/permisosadjuntos?137044878bf789f8a7d0efc525413442,INS,16911997,P,20260508134826,, HTTP/1.1" 200 116
190.95.67.95 - - [11/May/2026:16:36:15 -0300] "GET /cormun/servlet/hpexe_return? HTTP/1.1" 200 1042
190.95.67.95 - - [11/May/2026:16:36:15 -0300] "GET /cormun/servlet/trpermisosadjuntos?16911997,20260508134826,P, HTTP/1.1" 200 6835
179.57.78.55 - - [11/May/2026:16:36:16 -0300] "GET /cormun/servlet/permisogoce?371069ecb89c285893780d2c8ca28fc724f6f875751a0901158ce10b0db170b48024a8f24e21b797cd679cf6a24a59ed6e02812f9597cad9bea657fb2fd6dab2,gx-no-cache=1778528486012 HTTP/1.1" 200 176
190.95.67.95 - - [11/May/2026:16:36:17 -0300] "POST /cormun/servlet/trpermisosadjuntos?137044878bf789f8a7d0efc525413442,16911997,20260508134826,P,,gx-no-cache=1778528487996 HTTP/1.1" 200 90
190.95.67.95 - - [11/May/2026:16:36:18 -0300] "GET /cormun/servlet/hpexe_link HTTP/1.1" 200 988
190.95.67.95 - - [11/May/2026:16:36:18 -0300] "GET /cormun/servlet/trpermisosgoce HTTP/1.1" 200 13513
190.95.15.13 - - [11/May/2026:16:36:21 -0300] "POST /cormun/servlet/trpermisosgoce?869dd20a2e301241be6ed812851c8f04,,gx-no-cache=1778528490533 HTTP/1.1" 200 5368
190.95.67.95 - - [11/May/2026:16:36:27 -0300] "POST /cormun/servlet/trpermisosgoce?137044878bf789f8a7d0efc525413442,gx-no-cache=1778528496903 HTTP/1.1" 200 10709
190.95.67.95 - - [11/May/2026:16:36:27 -0300] "GET /cormun/static/Shared/jqueryui/images/ui-bg_highlight-soft_100_c6c2c8_1x100.png HTTP/1.1" 404 1117
190.95.67.95 - - [11/May/2026:16:36:27 -0300] "GET /cormun/static/Shared/jqueryui/images/ui-icons_82798d_256x240.png HTTP/1.1" 404 1089
190.95.67.95 - - [11/May/2026:16:36:27 -0300] "GET /cormun/static/Shared/jqueryui/images/ui-bg_flat_55_fafafa_40x100.png HTTP/1.1" 404 1097
190.95.67.95 - - [11/May/2026:16:36:27 -0300] "GET /cormun/static/Shared/jqueryui/images/ui-icons_8d78a5_256x240.png HTTP/1.1" 404 1089
190.95.67.95 - - [11/May/2026:16:36:31 -0300] "GET /cormun/servlet/trpermisosadjuntos?19849601,20260508135642,P, HTTP/1.1" 200 6331
190.95.67.95 - - [11/May/2026:16:36:33 -0300] "GET /cormun/servlet/permisosadjuntos?INS,19849601,P,20260508135642,, HTTP/1.1" 200 5653
190.95.67.95 - - [11/May/2026:16:36:33 -0300] "GET /cormun/static/about:blank HTTP/1.1" 404 1011
190.95.15.17 - - [11/May/2026:16:36:37 -0300] "GET /cormun/servlet/hlogin HTTP/1.1" 200 1722
190.95.67.95 - - [11/May/2026:16:36:39 -0300] "POST /cormun/servlet/permisosadjuntos?137044878bf789f8a7d0efc525413442,INS,19849601,P,20260508135642,, HTTP/1.1" 200 116
190.95.67.95 - - [11/May/2026:16:36:40 -0300] "GET /cormun/servlet/hpexe_return? HTTP/1.1" 200 1043
190.95.67.95 - - [11/May/2026:16:36:40 -0300] "GET /cormun/servlet/trpermisosadjuntos?19849601,20260508135642,P, HTTP/1.1" 200 6831
190.95.15.17 - - [11/May/2026:16:36:40 -0300] "POST /cormun/servlet/hlogin?8025f99993cb3dd2b068975c063d0226,gx-no-cache=1778528954199 HTTP/1.1" 200 90
190.95.15.17 - - [11/May/2026:16:36:40 -0300] "GET /cormun/servlet/hpexe_link HTTP/1.1" 200 965
190.95.15.17 - - [11/May/2026:16:36:40 -0300] "GET /cormun/servlet/permisogoce?INS,0,,, HTTP/1.1" 200 7275
190.95.67.95 - - [11/May/2026:16:36:42 -0300] "POST /cormun/servlet/trpermisosadjuntos?137044878bf789f8a7d0efc525413442,19849601,20260508135642,P,,gx-no-cache=1778528512581 HTTP/1.1" 200 90
190.95.67.95 - - [11/May/2026:16:36:42 -0300] "GET /cormun/servlet/hpexe_link HTTP/1.1" 200 1008
190.95.67.95 - - [11/May/2026:16:36:42 -0300] "GET /cormun/servlet/trpermisosgoce?gx-no-cache=1778528496903 HTTP/1.1" 200 13514
190.95.67.95 - - [11/May/2026:16:36:45 -0300] "POST /cormun/servlet/trpermisosgoce?137044878bf789f8a7d0efc525413442,gx-no-cache=1778528496903,gx-no-cache=1778528515638 HTTP/1.1" 200 10705
190.95.67.95 - - [11/May/2026:16:36:49 -0300] "GET /cormun/servlet/trpermisosadjuntos?15105259,20260508090722,P, HTTP/1.1" 200 6356
190.95.67.95 - - [11/May/2026:16:36:50 -0300] "GET /cormun/servlet/permisosadjuntos?INS,15105259,P,20260508090722,, HTTP/1.1" 200 5654
190.95.67.95 - - [11/May/2026:16:36:51 -0300] "GET /cormun/static/about:blank HTTP/1.1" 404 1011
190.95.15.17 - - [11/May/2026:16:36:55 -0300] "GET /cormun/servlet/hlogin HTTP/1.1" 200 1722
190.121.111.10 - - [11/May/2026:16:36:56 -0300] "GET /cormun/servlet/trsolicitudgral? HTTP/1.1" 200 28562
190.95.15.17 - - [11/May/2026:16:36:58 -0300] "POST /cormun/servlet/hlogin?8025f99993cb3dd2b068975c063d0226,gx-no-cache=1778528971997 HTTP/1.1" 200 425
190.95.67.95 - - [11/May/2026:16:36:59 -0300] "POST /cormun/servlet/permisosadjuntos?137044878bf789f8a7d0efc525413442,INS,15105259,P,20260508090722,, HTTP/1.1" 200 116
190.95.67.95 - - [11/May/2026:16:36:59 -0300] "GET /cormun/servlet/hpexe_return? HTTP/1.1" 200 1043
190.95.67.95 - - [11/May/2026:16:36:59 -0300] "GET /cormun/servlet/trpermisosadjuntos?15105259,20260508090722,P, HTTP/1.1" 200 6833
190.95.67.95 - - [11/May/2026:16:37:00 -0300] "POST /cormun/servlet/trpermisosadjuntos?137044878bf789f8a7d0efc525413442,15105259,20260508090722,P,,gx-no-cache=1778528530677 HTTP/1.1" 200 90
190.95.67.95 - - [11/May/2026:16:37:00 -0300] "GET /cormun/servlet/hpexe_link HTTP/1.1" 200 1008
190.95.67.95 - - [11/May/2026:16:37:00 -0300] "GET /cormun/servlet/trpermisosgoce?gx-no-cache=1778528496903 HTTP/1.1" 200 13510
190.95.15.17 - - [11/May/2026:16:37:01 -0300] "POST /cormun/servlet/hlogin?8025f99993cb3dd2b068975c063d0226,gx-no-cache=1778528975165 HTTP/1.1" 200 425
190.95.15.17 - - [11/May/2026:16:37:03 -0300] "POST /cormun/servlet/hlogin?8025f99993cb3dd2b068975c063d0226,gx-no-cache=1778528977509 HTTP/1.1" 200 90
190.95.15.17 - - [11/May/2026:16:37:03 -0300] "GET /cormun/servlet/hpexe_link HTTP/1.1" 200 965
190.95.15.17 - - [11/May/2026:16:37:03 -0300] "GET /cormun/servlet/permisogoce?INS,0,,, HTTP/1.1" 200 7276
190.95.67.95 - - [11/May/2026:16:37:06 -0300] "POST /cormun/servlet/trpermisosgoce?137044878bf789f8a7d0efc525413442,gx-no-cache=1778528496903,gx-no-cache=1778528536352 HTTP/1.1" 200 10700
190.121.111.10 - - [11/May/2026:16:37:07 -0300] "POST /cormun/servlet/trsolicitudgral?a3f5dd5b6cf31bc8e5119a8927825fd9,,gx-no-cache=1778528579377 HTTP/1.1" 200 25721
190.95.67.95 - - [11/May/2026:16:37:11 -0300] "GET /cormun/servlet/trpermisosadjuntos?13095880,20260511110648,P, HTTP/1.1" 200 6361
190.95.15.17 - - [11/May/2026:16:37:13 -0300] "POST /cormun/servlet/permisogoce?8025f99993cb3dd2b068975c063d0226,INS,0,,,,gx-no-cache=1778528987392 HTTP/1.1" 200 93
190.95.15.17 - - [11/May/2026:16:37:13 -0300] "GET /cormun/servlet/hpexe_return? HTTP/1.1" 200 1011
190.95.15.17 - - [11/May/2026:16:37:14 -0300] "GET /cormun/servlet/trpermisosgoce HTTP/1.1" 200 11677
190.121.111.10 - - [11/May/2026:16:37:15 -0300] "POST /cormun/servlet/trsolicitudgral?a3f5dd5b6cf31bc8e5119a8927825fd9,,gx-no-cache=1778528588945 HTTP/1.1" 200 6997
10.40.40.2 - - [11/May/2026:16:37:15 -0300] "POST /cormun/servlet/trlicencias?a8fc637ebf528cf1c3fb1b48f2c0a883,gx-no-cache=1778528513534 HTTP/1.1" 200 17442
190.95.67.95 - - [11/May/2026:16:37:20 -0300] "GET /cormun/servlet/permisosadjuntos?INS,13095880,P,20260511110648,, HTTP/1.1" 200 5658
190.95.67.95 - - [11/May/2026:16:37:20 -0300] "GET /cormun/static/about:blank HTTP/1.1" 404 1011
190.95.67.95 - - [11/May/2026:16:37:41 -0300] "POST /cormun/servlet/permisosadjuntos?137044878bf789f8a7d0efc525413442,INS,13095880,P,20260511110648,, HTTP/1.1" 200 116
190.95.67.95 - - [11/May/2026:16:37:42 -0300] "GET /cormun/servlet/hpexe_return? HTTP/1.1" 200 1041
190.95.67.95 - - [11/May/2026:16:37:42 -0300] "GET /cormun/servlet/trpermisosadjuntos?13095880,20260511110648,P, HTTP/1.1" 200 6858
190.95.67.95 - - [11/May/2026:16:37:45 -0300] "POST /cormun/servlet/trpermisosadjuntos?137044878bf789f8a7d0efc525413442,13095880,20260511110648,P,,gx-no-cache=1778528575860 HTTP/1.1" 200 90
190.95.67.95 - - [11/May/2026:16:37:45 -0300] "GET /cormun/servlet/hpexe_link HTTP/1.1" 200 1008
190.95.67.95 - - [11/May/2026:16:37:46 -0300] "GET /cormun/servlet/trpermisosgoce?gx-no-cache=1778528496903 HTTP/1.1" 200 13506
190.95.67.95 - - [11/May/2026:16:37:49 -0300] "POST /cormun/servlet/trpermisosgoce?137044878bf789f8a7d0efc525413442,gx-no-cache=1778528496903,gx-no-cache=1778528579711 HTTP/1.1" 200 10699
190.95.67.95 - - [11/May/2026:16:38:13 -0300] "GET /cormun/servlet/hlogin HTTP/1.1" 200 1725
190.95.67.95 - - [11/May/2026:16:38:16 -0300] "POST /cormun/servlet/hlogin?137044878bf789f8a7d0efc525413442,gx-no-cache=1778528606526 HTTP/1.1" 200 90
190.95.67.95 - - [11/May/2026:16:38:16 -0300] "GET /cormun/servlet/hpexe_link HTTP/1.1" 200 956
190.95.67.95 - - [11/May/2026:16:38:16 -0300] "GET /cormun/servlet/hhome HTTP/1.1" 200 4323
190.95.67.95 - - [11/May/2026:16:38:20 -0300] "GET /cormun/servlet/trlicencias? HTTP/1.1" 200 9539
190.95.15.17 - - [11/May/2026:16:38:22 -0300] "GET /cormun/static/menuarrow.gif HTTP/1.1" 404 1015
190.95.67.95 - - [11/May/2026:16:38:28 -0300] "GET /cormun/servlet/trautorizarpermisogoce? HTTP/1.1" 200 8769
190.95.67.95 - - [11/May/2026:16:38:28 -0300] "GET /cormun/static/trautorizarpermisogoce.js?2020121651492 HTTP/1.1" 200 34948
190.95.67.95 - - [11/May/2026:16:38:31 -0300] "POST /cormun/servlet/trautorizarpermisogoce?137044878bf789f8a7d0efc525413442,,gx-no-cache=1778528621662 HTTP/1.1" 200 5796
190.95.67.95 - - [11/May/2026:16:38:31 -0300] "GET /cormun/static/Shared/jqueryui/images/ui-bg_highlight-soft_100_c6c2c8_1x100.png HTTP/1.1" 404 1117
190.95.67.95 - - [11/May/2026:16:38:31 -0300] "GET /cormun/static/Shared/jqueryui/images/ui-icons_82798d_256x240.png HTTP/1.1" 404 1089
190.95.67.95 - - [11/May/2026:16:38:31 -0300] "GET /cormun/static/Shared/jqueryui/images/ui-bg_flat_55_fafafa_40x100.png HTTP/1.1" 404 1097
190.95.67.95 - - [11/May/2026:16:38:31 -0300] "GET /cormun/static/Shared/jqueryui/images/ui-icons_8d78a5_256x240.png HTTP/1.1" 404 1089
190.95.67.95 - - [11/May/2026:16:38:32 -0300] "POST /cormun/servlet/trautorizarpermisogoce?137044878bf789f8a7d0efc525413442,,gx-no-cache=1778528622348 HTTP/1.1" 200 5569
190.95.67.95 - - [11/May/2026:16:38:33 -0300] "POST /cormun/servlet/trautorizarpermisogoce?137044878bf789f8a7d0efc525413442,,gx-no-cache=1778528623228 HTTP/1.1" 200 5291
190.95.67.95 - - [11/May/2026:16:38:34 -0300] "POST /cormun/servlet/trautorizarpermisogoce?137044878bf789f8a7d0efc525413442,,gx-no-cache=1778528624147 HTTP/1.1" 200 4533
190.95.15.17 - - [11/May/2026:16:39:36 -0300] "GET /cormun/servlet/permisogoce?INS,0,,, HTTP/1.1" 200 7275
190.95.15.17 - - [11/May/2026:16:39:41 -0300] "GET /cormun/servlet/permisogoce?ef4837788470fd8e59cf338826d53ee0f2eadaa344386b9b239d6c55b973b1da85ffb0706d04ea84d6fb914905c8efb31f901314c3daa43d8dd75fc1dd6b14d8,gx-no-cache=1778529135607 HTTP/1.1" 200 200
190.95.15.17 - - [11/May/2026:16:39:41 -0300] "GET /cormun/static/Shared/jqueryui/images/ui-bg_highlight-soft_100_c6c2c8_1x100.png HTTP/1.1" 404 1117
190.95.15.17 - - [11/May/2026:16:39:41 -0300] "GET /cormun/static/Shared/jqueryui/images/ui-icons_82798d_256x240.png HTTP/1.1" 404 1089
190.95.15.17 - - [11/May/2026:16:39:41 -0300] "GET /cormun/static/Shared/jqueryui/images/ui-bg_flat_55_994d53_40x100.png HTTP/1.1" 404 1097
190.95.15.17 - - [11/May/2026:16:39:41 -0300] "GET /cormun/static/Shared/jqueryui/images/ui-icons_ebccce_256x240.png HTTP/1.1" 404 1089
190.95.67.95 - - [11/May/2026:16:39:47 -0300] "GET /cormun/servlet/trautorizarpermisogoce? HTTP/1.1" 200 7157
190.95.15.17 - - [11/May/2026:16:39:50 -0300] "POST /cormun/servlet/permisogoce?8025f99993cb3dd2b068975c063d0226,INS,0,,,,gx-no-cache=1778529144815 HTTP/1.1" 200 93
190.95.15.17 - - [11/May/2026:16:39:51 -0300] "GET /cormun/servlet/hpexe_return? HTTP/1.1" 200 1011
190.95.15.17 - - [11/May/2026:16:39:51 -0300] "GET /cormun/servlet/trpermisosgoce HTTP/1.1" 200 11677
190.95.15.13 - - [11/May/2026:16:40:18 -0300] "GET /cormun/servlet/trlicencias? HTTP/1.1" 200 8361
190.95.15.13 - - [11/May/2026:16:40:29 -0300] "POST /cormun/servlet/trlicencias?869dd20a2e301241be6ed812851c8f04,,gx-no-cache=1778528738805 HTTP/1.1" 200 5697
201.186.225.187 - - [11/May/2026:16:40:30 -0300] "POST /cormun/servlet/trlicencias?eb7cd009c1adbcbb30255bdfdabd6128,gx-no-cache=1778528781043 HTTP/1.1" 440 972
201.186.225.187 - - [11/May/2026:16:40:31 -0300] "GET /cormun/servlet/trlicencias HTTP/1.1" 200 6042
201.186.225.187 - - [11/May/2026:16:40:32 -0300] "GET /cormun/servlet/hlogin HTTP/1.1" 200 1731
201.186.225.187 - - [11/May/2026:16:40:39 -0300] "POST /cormun/servlet/hlogin?082aed765b3a8e58645f4526ccc34b5d,gx-no-cache=1778528789685 HTTP/1.1" 200 90
201.186.225.187 - - [11/May/2026:16:40:39 -0300] "GET /cormun/servlet/hpexe_link HTTP/1.1" 200 952
201.186.225.187 - - [11/May/2026:16:40:39 -0300] "GET /cormun/servlet/trlicencias HTTP/1.1" 200 9306
201.186.225.187 - - [11/May/2026:16:40:45 -0300] "POST /cormun/servlet/trlicencias?082aed765b3a8e58645f4526ccc34b5d,gx-no-cache=1778528795808 HTTP/1.1" 200 6680
201.186.225.187 - - [11/May/2026:16:40:48 -0300] "POST /cormun/servlet/trlicencias?082aed765b3a8e58645f4526ccc34b5d,gx-no-cache=1778528798877 HTTP/1.1" 200 6680
190.95.122.127 - - [11/May/2026:16:41:12 -0300] "ÝÙLâWoL‚ø@±%™yŸ)GpHÚ &A‚s¢io¬€™ –xÎ4ÖݖŒMJÊV$J9¾ñ³‹+YkÜÓQŽ ŠŠÀ+À/À,À0̨̩ÀÀœ/5pZZDÍh2þ Úû ð¯’遶x°ý‰ òËÑ{‰ècXO¡7ÿ§VV„ €N°¬eØÀµ]ÖYÚ ²Êzcæz]TL,Ď²xjtTV¬<"·º?£€/ŒMž ëú" 400 -
190.95.122.127 - - [11/May/2026:16:41:12 -0300] "±ŽžAf×L€º/N; ݤecYž./$z0Š¡eË › s U„¢¯÷ò9Ö?Ê î9$-®ÂŠdÎa&ÝiþŠ úúÀ+À/À,À0̨̩ÀÀœ/5°úú-þ < Ùß2°Ó|=<4'u0dæP´LT`s¶5lAMq,0ðÄXöŒ‹ÝœyM⡯³úqüï×à_á6»V 9ʛb 3äaé)Œ¬3U'“©‰# ñ°‚©Ë¯Ö\ù*GÏwԈ¼“4úéseóð“†yóµ\Ê\>[a"8H¬]¤ä" 400 -
190.121.111.10 - - [11/May/2026:16:41:18 -0300] "POST /cormun/servlet/trsolicitudgral?a3f5dd5b6cf31bc8e5119a8927825fd9,,gx-no-cache=1778528831509 HTTP/1.1" 200 6997
190.121.111.10 - - [11/May/2026:16:41:19 -0300] "POST /cormun/servlet/trsolicitudgral?a3f5dd5b6cf31bc8e5119a8927825fd9,,gx-no-cache=1778528832540 HTTP/1.1" 200 6997
190.121.111.10 - - [11/May/2026:16:41:20 -0300] "POST /cormun/servlet/trsolicitudgral?a3f5dd5b6cf31bc8e5119a8927825fd9,,gx-no-cache=1778528833427 HTTP/1.1" 200 6996
190.121.111.10 - - [11/May/2026:16:41:21 -0300] "POST /cormun/servlet/trsolicitudgral?a3f5dd5b6cf31bc8e5119a8927825fd9,,gx-no-cache=1778528834474 HTTP/1.1" 200 6997
190.121.111.10 - - [11/May/2026:16:41:29 -0300] "POST /cormun/servlet/trsolicitudgral?a3f5dd5b6cf31bc8e5119a8927825fd9,,gx-no-cache=1778528841813 HTTP/1.1" 200 25720
190.95.15.17 - - [11/May/2026:16:41:39 -0300] "GET /cormun/servlet/permisogoce?INS,0,,, HTTP/1.1" 200 7274
190.95.15.17 - - [11/May/2026:16:42:08 -0300] "GET /cormun/servlet/permisogoce?ef4837788470fd8e59cf338826d53ee0e6b9d771b3abf58a487684d9753992e767ac0ef687a44218ad4a91d12c7d8d020a17f253deba4dfc94e062af905eac2f,gx-no-cache=1778529282271 HTTP/1.1" 200 71
190.95.15.17 - - [11/May/2026:16:42:30 -0300] "GET /cormun/servlet/permisogoce?ef4837788470fd8e59cf338826d53ee072d7ff00812cd2e28447ab281790c4045bd0a801db9e6d76a0fb03b3aebf7e007791c8f0b60f397c10abcaf5d0da2d68,gx-no-cache=1778529304773 HTTP/1.1" 200 47
190.95.15.17 - - [11/May/2026:16:42:39 -0300] "POST /cormun/servlet/permisogoce?8025f99993cb3dd2b068975c063d0226,INS,0,,,,gx-no-cache=1778529312511 HTTP/1.1" 200 93
190.95.15.17 - - [11/May/2026:16:42:39 -0300] "GET /cormun/servlet/hpexe_return? HTTP/1.1" 200 1011
190.95.15.17 - - [11/May/2026:16:42:39 -0300] "GET /cormun/servlet/trpermisosgoce HTTP/1.1" 200 11879
190.121.111.10 - - [11/May/2026:16:42:48 -0300] "GET /cormun/servlet/solicitudgral?UPD,2026,23560, HTTP/1.1" 200 13345
190.121.111.10 - - [11/May/2026:16:42:48 -0300] "GET /cormun/static/gxcfg.js?20199142226225 HTTP/1.1" 200 953
190.121.111.10 - - [11/May/2026:16:42:48 -0300] "GET /cormun/static/solicitudgral.js?20199142226232 HTTP/1.1" 200 41397
190.121.111.10 - - [11/May/2026:16:42:49 -0300] "POST /cormun/servlet/solicitudgral?gx-no-cache=1778528922135 HTTP/1.1" 200 4683
190.121.111.10 - - [11/May/2026:16:42:49 -0300] "GET /cormun/servlet/solicitudgral?314f8fe3fe9988e0c36c7d9a4471783aa9bf4f99fd086e818a1a8d2b3c7659be114585c689a8b187ddc082251d1f8ee36f3a04d9c99d8e1ef2c1c3c348a6053723ae1ab6a8f1ac162144f7f48a86e928ded02611ff1c82a4f2123c3a8eeec95ab846aa3c96418718874d1cf72930d47e503261f2070b32c870b096051391f9298cd9e603d64a35a3f738b6d8c9a998f54efe756d766d7649bce1e03bde1b43064ba71eab555a4dc99b0d10242f7995f50b9be25d827e5881ceaf6abb6d8ceef2412a283c558305daf10745e9e7674dfb65c03369bd46a87b97fbdc65f71b59ce96aa0349fc861387ce5a321128bbc1357a72e27b0dce2992e686b8bfb29df3add629662055be284c64aaefc806236197960619c32e8bdc06e85d2e386ed63b18f4044f781cedc6fecc1e5bcf3c21c14b4c9957752387b3caeef38330b4f09784677a1a8643e70c16b37dad92a4ea8dd3,gx-no-cache=1778528922288 HTTP/1.1" 200 297
190.121.111.10 - - [11/May/2026:16:43:00 -0300] "GET /cormun/servlet/trsolicitudgral? HTTP/1.1" 200 28066
190.121.111.10 - - [11/May/2026:16:43:10 -0300] "GET /cormun/servlet/trsolicitudgral? HTTP/1.1" 200 28066
190.121.111.10 - - [11/May/2026:16:44:52 -0300] "POST /cormun/servlet/trsolicitudgral?a3f5dd5b6cf31bc8e5119a8927825fd9,,gx-no-cache=1778529044474 HTTP/1.1" 200 26060
190.121.111.10 - - [11/May/2026:16:44:54 -0300] "POST /cormun/servlet/trsolicitudgral?a3f5dd5b6cf31bc8e5119a8927825fd9,,gx-no-cache=1778529046775 HTTP/1.1" 200 26060
190.95.15.13 - - [11/May/2026:16:45:41 -0300] "POST /cormun/servlet/trlicencias?869dd20a2e301241be6ed812851c8f04,,gx-no-cache=1778529050734 HTTP/1.1" 200 6471
201.186.225.187 - - [11/May/2026:16:45:42 -0300] "POST /cormun/servlet/trlicencias?082aed765b3a8e58645f4526ccc34b5d,gx-no-cache=1778529092935 HTTP/1.1" 200 6680
201.186.225.187 - - [11/May/2026:16:45:46 -0300] "POST /cormun/servlet/trlicencias?082aed765b3a8e58645f4526ccc34b5d,gx-no-cache=1778529097017 HTTP/1.1" 200 6679
201.186.225.187 - - [11/May/2026:16:45:47 -0300] "POST /cormun/servlet/trlicencias?082aed765b3a8e58645f4526ccc34b5d,gx-no-cache=1778529098132 HTTP/1.1" 200 6680
190.121.111.10 - - [11/May/2026:16:46:30 -0300] "GET /cormun/servlet/trsolicitudgral? HTTP/1.1" 200 28554
190.121.111.10 - - [11/May/2026:16:46:37 -0300] "GET /cormun/servlet/vesolicitudgral?2026,23574,, HTTP/1.1" 200 8286
190.121.111.10 - - [11/May/2026:16:46:37 -0300] "GET /cormun/pexe_scrolldiv.js HTTP/1.1" 404 1009
190.121.111.10 - - [11/May/2026:16:46:40 -0300] "GET /cormun/servlet/trsolicitudgral? HTTP/1.1" 200 28554
190.121.111.10 - - [11/May/2026:16:47:04 -0300] "GET /cormun/servlet/vesolicitudgral?2026,23574,, HTTP/1.1" 200 8286
190.121.111.10 - - [11/May/2026:16:47:04 -0300] "GET /cormun/pexe_scrolldiv.js HTTP/1.1" 404 1009
190.95.15.13 - - [11/May/2026:16:48:09 -0300] "GET /cormun/servlet/trpermisosgoce? HTTP/1.1" 200 8227
190.121.111.10 - - [11/May/2026:16:48:09 -0300] "GET /cormun/servlet/trsolicitudgral? HTTP/1.1" 200 28554
190.95.15.13 - - [11/May/2026:16:48:18 -0300] "POST /cormun/servlet/trpermisosgoce?869dd20a2e301241be6ed812851c8f04,,gx-no-cache=1778529207237 HTTP/1.1" 200 5357
190.95.15.13 - - [11/May/2026:16:48:20 -0300] "POST /cormun/servlet/trpermisosgoce?869dd20a2e301241be6ed812851c8f04,,gx-no-cache=1778529209525 HTTP/1.1" 200 5358
190.121.111.10 - - [11/May/2026:16:48:23 -0300] "POST /cormun/servlet/trsolicitudgral?a3f5dd5b6cf31bc8e5119a8927825fd9,,gx-no-cache=1778529256579 HTTP/1.1" 200 26172
190.121.111.10 - - [11/May/2026:16:48:24 -0300] "GET /cormun/static/Shared/jqueryui/images/ui-icons_82798d_256x240.png HTTP/1.1" 404 1089
190.121.111.10 - - [11/May/2026:16:48:24 -0300] "GET /cormun/static/Shared/jqueryui/images/ui-bg_highlight-soft_100_c6c2c8_1x100.png HTTP/1.1" 404 1117
190.121.111.10 - - [11/May/2026:16:48:24 -0300] "GET /cormun/static/Shared/jqueryui/images/ui-bg_flat_55_fafafa_40x100.png HTTP/1.1" 404 1097
190.121.111.10 - - [11/May/2026:16:48:24 -0300] "GET /cormun/static/Shared/jqueryui/images/ui-icons_8d78a5_256x240.png HTTP/1.1" 404 1089
190.95.15.13 - - [11/May/2026:16:48:25 -0300] "GET /cormun/servlet/trlicencias? HTTP/1.1" 200 9088
190.95.67.91 - - [11/May/2026:16:48:27 -0300] "GET /cormun/servlet/trlicencias? HTTP/1.1" 200 18755
190.95.15.13 - - [11/May/2026:16:48:30 -0300] "POST /cormun/servlet/trlicencias?869dd20a2e301241be6ed812851c8f04,,gx-no-cache=1778529219669 HTTP/1.1" 200 5680
190.121.111.10 - - [11/May/2026:16:48:41 -0300] "POST /cormun/servlet/trsolicitudgral?a3f5dd5b6cf31bc8e5119a8927825fd9,,gx-no-cache=1778529274142 HTTP/1.1" 200 25727
190.121.111.10 - - [11/May/2026:16:49:01 -0300] "POST /cormun/servlet/trsolicitudgral?a3f5dd5b6cf31bc8e5119a8927825fd9,,gx-no-cache=1778529294646 HTTP/1.1" 200 7507
190.121.111.10 - - [11/May/2026:16:49:21 -0300] "GET /cormun/servlet/vesolicitudgral?2026,23574,, HTTP/1.1" 200 8294
190.121.111.10 - - [11/May/2026:16:49:21 -0300] "GET /cormun/pexe_scrolldiv.js HTTP/1.1" 404 1009
190.121.111.10 - - [11/May/2026:16:49:26 -0300] "GET /cormun/servlet/vesolicitudgral?2026,23574,,SolicitudOTAdjuntos HTTP/1.1" 200 11531
190.121.111.10 - - [11/May/2026:16:49:26 -0300] "GET /cormun/pexe_scrolldiv.js HTTP/1.1" 404 1009
190.121.111.10 - - [11/May/2026:16:49:27 -0300] "POST /cormun/servlet/acontrolpreferencessavestate?None,RRHH+DANIELA,true HTTP/1.1" 200 35
190.121.111.10 - - [11/May/2026:16:49:28 -0300] "GET /cormun/servlet/vesolicitudgral?2026,23574,,General HTTP/1.1" 200 8295
190.121.111.10 - - [11/May/2026:16:49:28 -0300] "GET /cormun/pexe_scrolldiv.js HTTP/1.1" 404 1009
190.121.111.10 - - [11/May/2026:16:49:30 -0300] "POST /cormun/servlet/vesolicitudgral?a3f5dd5b6cf31bc8e5119a8927825fd9,2026,23574,,General,gx-no-cache=1778529324070 HTTP/1.1" 200 12179
190.121.111.10 - - [11/May/2026:16:49:46 -0300] "GET /cormun/servlet/trautorizarot? HTTP/1.1" 200 9579
190.121.111.10 - - [11/May/2026:16:50:17 -0300] "POST /cormun/servlet/trautorizarot?a3f5dd5b6cf31bc8e5119a8927825fd9,,gx-no-cache=1778529370262 HTTP/1.1" 200 5345
190.121.111.10 - - [11/May/2026:16:50:21 -0300] "GET /cormun/servlet/trsolicitudgral? HTTP/1.1" 200 10590
190.121.111.10 - - [11/May/2026:16:50:33 -0300] "POST /cormun/servlet/trsolicitudgral?a3f5dd5b6cf31bc8e5119a8927825fd9,,gx-no-cache=1778529386420 HTTP/1.1" 200 7512
190.121.111.10 - - [11/May/2026:16:50:43 -0300] "GET /cormun/servlet/vesolicitudgral?2026,23574,, HTTP/1.1" 200 8285
190.121.111.10 - - [11/May/2026:16:50:43 -0300] "GET /cormun/pexe_scrolldiv.js HTTP/1.1" 404 1009
190.95.15.13 - - [11/May/2026:16:51:14 -0300] "GET /cormun/servlet/trpermisosgoce? HTTP/1.1" 200 8215
190.95.15.13 - - [11/May/2026:16:51:25 -0300] "POST /cormun/servlet/trpermisosgoce?869dd20a2e301241be6ed812851c8f04,,gx-no-cache=1778529394077 HTTP/1.1" 200 5366
190.121.111.10 - - [11/May/2026:16:51:37 -0300] "GET /cormun/servlet/vesolicitudgral?2026,23574,,SolicitudOTAdjuntos HTTP/1.1" 200 11525
190.121.111.10 - - [11/May/2026:16:51:37 -0300] "GET /cormun/pexe_scrolldiv.js HTTP/1.1" 404 1009
190.121.111.10 - - [11/May/2026:16:51:39 -0300] "POST /cormun/servlet/acontrolpreferencessavestate?None,RRHH+DANIELA,true HTTP/1.1" 200 35
190.121.111.10 - - [11/May/2026:16:51:40 -0300] "GET /cormun/PublicTempStorage/carnet_de_identidad7635420.pdf HTTP/1.1" 200 77953
190.121.111.10 - - [11/May/2026:16:52:33 -0300] "GET /cormun/servlet/vesolicitudgral?2026,23574,,SolicitudOTAdjuntos HTTP/1.1" 200 11523
190.121.111.10 - - [11/May/2026:16:52:34 -0300] "POST /cormun/servlet/acontrolpreferencessavestate?None,RRHH+DANIELA,true HTTP/1.1" 200 35
190.95.15.13 - - [11/May/2026:16:52:40 -0300] "GET /cormun/servlet/trlicencias? HTTP/1.1" 200 8360
190.121.111.10 - - [11/May/2026:16:52:40 -0300] "GET /cormun/PublicTempStorage/curriculum_ed_diferencial5581565.pdf HTTP/1.1" 200 50516
190.95.15.13 - - [11/May/2026:16:52:53 -0300] "POST /cormun/servlet/trlicencias?869dd20a2e301241be6ed812851c8f04,,gx-no-cache=1778529482853 HTTP/1.1" 200 6459
190.121.111.10 - - [11/May/2026:16:54:09 -0300] "GET /cormun/servlet/vesolicitudgral?2026,23574,,SolicitudOTAdjuntos HTTP/1.1" 200 11523
190.121.111.10 - - [11/May/2026:16:54:11 -0300] "POST /cormun/servlet/acontrolpreferencessavestate?None,RRHH+DANIELA,true HTTP/1.1" 200 35
190.121.111.10 - - [11/May/2026:16:54:12 -0300] "GET /cormun/PublicTempStorage/afp526366.pdf HTTP/1.1" 200 76931
190.95.15.13 - - [11/May/2026:16:54:26 -0300] "POST /cormun/servlet/trlicencias?869dd20a2e301241be6ed812851c8f04,,gx-no-cache=1778529575454 HTTP/1.1" 200 6803
190.95.15.13 - - [11/May/2026:16:55:23 -0300] "POST /cormun/servlet/trlicencias?869dd20a2e301241be6ed812851c8f04,,gx-no-cache=1778529632869 HTTP/1.1" 200 5970
190.121.111.10 - - [11/May/2026:16:55:49 -0300] "GET /cormun/servlet/vesolicitudgral?2026,23574,,SolicitudOTAdjuntos HTTP/1.1" 200 11523
190.121.111.10 - - [11/May/2026:16:55:50 -0300] "POST /cormun/servlet/acontrolpreferencessavestate?None,RRHH+DANIELA,true HTTP/1.1" 200 35
190.121.111.10 - - [11/May/2026:16:55:51 -0300] "GET /cormun/PublicTempStorage/fonasa2680455.pdf HTTP/1.1" 200 57264
190.121.111.10 - - [11/May/2026:16:55:54 -0300] "GET /cormun/servlet/vesolicitudgral?2026,23574,,SolicitudOTAdjuntos HTTP/1.1" 200 11524
190.121.111.10 - - [11/May/2026:16:55:55 -0300] "POST /cormun/servlet/acontrolpreferencessavestate?None,RRHH+DANIELA,true HTTP/1.1" 200 35
190.121.111.10 - - [11/May/2026:16:56:05 -0300] "GET /cormun/servlet/vesolicitudgral?2026,23574,,General HTTP/1.1" 200 8289
190.121.111.10 - - [11/May/2026:16:56:05 -0300] "GET /cormun/pexe_scrolldiv.js HTTP/1.1" 404 1009
190.95.15.13 - - [11/May/2026:16:56:06 -0300] "POST /cormun/servlet/trlicencias?869dd20a2e301241be6ed812851c8f04,,gx-no-cache=1778529675685 HTTP/1.1" 200 5959
190.95.15.13 - - [11/May/2026:16:56:22 -0300] "GET /cormun/servlet/trpermisosgoce? HTTP/1.1" 200 8228
190.95.15.13 - - [11/May/2026:16:56:35 -0300] "POST /cormun/servlet/trpermisosgoce?869dd20a2e301241be6ed812851c8f04,,gx-no-cache=1778529704645 HTTP/1.1" 200 4216
190.95.15.13 - - [11/May/2026:16:56:57 -0300] "GET /cormun/servlet/trlicencias? HTTP/1.1" 200 8615
190.95.15.13 - - [11/May/2026:16:57:11 -0300] "POST /cormun/servlet/trlicencias?869dd20a2e301241be6ed812851c8f04,,gx-no-cache=1778529740917 HTTP/1.1" 200 6465
10.40.40.2 - - [11/May/2026:16:57:26 -0300] "GET /cormun/servlet/hlogin HTTP/1.1" 200 1724
10.40.40.2 - - [11/May/2026:16:57:29 -0300] "POST /cormun/servlet/hlogin?e7b874af4a464076b97482917860ebdf,gx-no-cache=1778529727196 HTTP/1.1" 200 90
10.40.40.2 - - [11/May/2026:16:57:29 -0300] "GET /cormun/servlet/hpexe_link HTTP/1.1" 200 955
10.40.40.2 - - [11/May/2026:16:57:29 -0300] "GET /cormun/servlet/hhome HTTP/1.1" 200 3199
179.57.78.55 - - [11/May/2026:16:57:29 -0300] "POST /cormun/servlet/permisogoce?c0a8d4ea3db3673d64e791eed3ba101a,INS,0,,,,gx-no-cache=1778529759130 HTTP/1.1" 200 93
179.57.78.55 - - [11/May/2026:16:57:29 -0300] "GET /cormun/servlet/hpexe_return? HTTP/1.1" 200 1027
179.57.78.55 - - [11/May/2026:16:57:30 -0300] "GET /cormun/servlet/trpermisosgoce?gx-no-cache=1778527280638 HTTP/1.1" 200 18793
10.40.40.2 - - [11/May/2026:16:57:32 -0300] "GET /cormun/servlet/trlicencias? HTTP/1.1" 200 19236
190.95.15.9 - - [11/May/2026:16:57:59 -0300] "GET /cormun/servlet/hlogin HTTP/1.1" 200 1720
190.95.15.13 - - [11/May/2026:16:58:01 -0300] "POST /cormun/servlet/trlicencias?869dd20a2e301241be6ed812851c8f04,,gx-no-cache=1778529790686 HTTP/1.1" 200 6227
190.95.15.9 - - [11/May/2026:16:58:06 -0300] "POST /cormun/servlet/hlogin?0cb72cf7d23a1c3a78542d0ff1a93003,gx-no-cache=1778529795633 HTTP/1.1" 200 90
190.95.15.9 - - [11/May/2026:16:58:06 -0300] "GET /cormun/servlet/hpexe_link HTTP/1.1" 200 949
190.95.15.9 - - [11/May/2026:16:58:07 -0300] "GET /cormun/servlet/hhome HTTP/1.1" 200 4297
190.95.15.9 - - [11/May/2026:16:58:15 -0300] "GET /cormun/servlet/trlicencias? HTTP/1.1" 200 12702
201.186.225.187 - - [11/May/2026:16:58:38 -0300] "POST /cormun/servlet/trlicencias?082aed765b3a8e58645f4526ccc34b5d,gx-no-cache=1778529868893 HTTP/1.1" 200 6680
190.95.15.13 - - [11/May/2026:16:59:47 -0300] "POST /cormun/servlet/trlicencias?869dd20a2e301241be6ed812851c8f04,,gx-no-cache=1778529896062 HTTP/1.1" 200 6452
190.95.15.13 - - [11/May/2026:17:01:10 -0300] "GET /cormun/servlet/trlicencias? HTTP/1.1" 200 9064
190.95.15.13 - - [11/May/2026:17:01:20 -0300] "POST /cormun/servlet/trlicencias?869dd20a2e301241be6ed812851c8f04,,gx-no-cache=1778529989494 HTTP/1.1" 200 4442
190.95.15.13 - - [11/May/2026:17:01:57 -0300] "GET /cormun/servlet/trpermisosgoce? HTTP/1.1" 200 7046
190.95.15.13 - - [11/May/2026:17:02:03 -0300] "POST /cormun/servlet/trpermisosgoce?869dd20a2e301241be6ed812851c8f04,,gx-no-cache=1778530032997 HTTP/1.1" 200 5138
190.95.15.13 - - [11/May/2026:17:02:29 -0300] "GET /cormun/servlet/trlicencias? HTTP/1.1" 200 7240
190.95.15.13 - - [11/May/2026:17:02:39 -0300] "POST /cormun/servlet/trlicencias?869dd20a2e301241be6ed812851c8f04,,gx-no-cache=1778530068694 HTTP/1.1" 200 5668
190.95.15.13 - - [11/May/2026:17:03:06 -0300] "GET /cormun/servlet/trpermisosgoce? HTTP/1.1" 200 7979
190.95.15.13 - - [11/May/2026:17:03:11 -0300] "POST /cormun/servlet/trpermisosgoce?869dd20a2e301241be6ed812851c8f04,,gx-no-cache=1778530100742 HTTP/1.1" 200 5122
190.95.15.13 - - [11/May/2026:17:03:46 -0300] "GET /cormun/servlet/trlicencias? HTTP/1.1" 200 8349
190.95.15.13 - - [11/May/2026:17:04:20 -0300] "GET /cormun/servlet/trpermisosgoce? HTTP/1.1" 200 7964
190.95.15.13 - - [11/May/2026:17:04:35 -0300] "POST /cormun/servlet/trpermisosgoce?869dd20a2e301241be6ed812851c8f04,,gx-no-cache=1778530184622 HTTP/1.1" 200 5365
190.95.15.13 - - [11/May/2026:17:05:31 -0300] "POST /cormun/servlet/trpermisosgoce?869dd20a2e301241be6ed812851c8f04,,gx-no-cache=1778530240109 HTTP/1.1" 200 4217
190.95.15.13 - - [11/May/2026:17:05:33 -0300] "GET /cormun/servlet/trlicencias? HTTP/1.1" 200 8349
190.95.15.13 - - [11/May/2026:17:05:43 -0300] "POST /cormun/servlet/trlicencias?869dd20a2e301241be6ed812851c8f04,,gx-no-cache=1778530252574 HTTP/1.1" 200 5693
190.95.15.13 - - [11/May/2026:17:07:25 -0300] "GET /cormun/servlet/trpermisosgoce? HTTP/1.1" 200 7047
190.95.15.13 - - [11/May/2026:17:07:30 -0300] "POST /cormun/servlet/trpermisosgoce?869dd20a2e301241be6ed812851c8f04,,gx-no-cache=1778530359998 HTTP/1.1" 200 5126
190.95.15.13 - - [11/May/2026:17:08:05 -0300] "POST /cormun/servlet/trpermisosgoce?869dd20a2e301241be6ed812851c8f04,,gx-no-cache=1778530394925 HTTP/1.1" 200 4218
190.95.15.13 - - [11/May/2026:17:08:08 -0300] "GET /cormun/servlet/trlicencias? HTTP/1.1" 200 8375
190.95.15.13 - - [11/May/2026:17:08:14 -0300] "POST /cormun/servlet/trlicencias?869dd20a2e301241be6ed812851c8f04,,gx-no-cache=1778530403654 HTTP/1.1" 200 4449
190.95.15.13 - - [11/May/2026:17:08:23 -0300] "POST /cormun/servlet/trlicencias?869dd20a2e301241be6ed812851c8f04,,gx-no-cache=1778530412822 HTTP/1.1" 200 5981
190.95.15.13 - - [11/May/2026:17:08:25 -0300] "GET /cormun/servlet/trpermisosgoce? HTTP/1.1" 200 7047
190.95.15.13 - - [11/May/2026:17:08:31 -0300] "POST /cormun/servlet/trpermisosgoce?869dd20a2e301241be6ed812851c8f04,,gx-no-cache=1778530420654 HTTP/1.1" 200 5369
190.95.15.13 - - [11/May/2026:17:08:53 -0300] "GET /cormun/servlet/trlicencias? HTTP/1.1" 200 8636
190.121.111.10 - - [11/May/2026:17:08:55 -0300] "GET /cormun/servlet/trsolicitudgral? HTTP/1.1" 200 10594
190.95.15.13 - - [11/May/2026:17:10:03 -0300] "POST /cormun/servlet/trlicencias?869dd20a2e301241be6ed812851c8f04,,gx-no-cache=1778530512624 HTTP/1.1" 200 7066
190.95.15.13 - - [11/May/2026:17:10:52 -0300] "POST /cormun/servlet/trlicencias?869dd20a2e301241be6ed812851c8f04,,gx-no-cache=1778530561350 HTTP/1.1" 200 5686
190.95.15.13 - - [11/May/2026:17:11:28 -0300] "GET /cormun/servlet/trpermisosgoce? HTTP/1.1" 200 8230
190.95.15.13 - - [11/May/2026:17:11:38 -0300] "POST /cormun/servlet/trpermisosgoce?869dd20a2e301241be6ed812851c8f04,,gx-no-cache=1778530607678 HTTP/1.1" 200 5722
190.121.111.10 - - [11/May/2026:17:12:02 -0300] "POST /cormun/servlet/trsolicitudgral?a3f5dd5b6cf31bc8e5119a8927825fd9,,gx-no-cache=1778530674989 HTTP/1.1" 200 26147
190.95.1.187 - - [11/May/2026:17:12:40 -0300] "GET /cormun/servlet/trautorizarsolicitud? HTTP/1.1" 200 6226
190.95.1.187 - - [11/May/2026:17:12:40 -0300] "GET /cormun/servlet/hlogin HTTP/1.1" 200 1746
190.95.15.13 - - [11/May/2026:17:13:04 -0300] "GET /cormun/servlet/trlicencias? HTTP/1.1" 200 8369
190.95.15.13 - - [11/May/2026:17:13:11 -0300] "POST /cormun/servlet/trlicencias?869dd20a2e301241be6ed812851c8f04,,gx-no-cache=1778530700174 HTTP/1.1" 200 6252
201.186.225.187 - - [11/May/2026:17:14:20 -0300] "POST /cormun/servlet/trlicencias?082aed765b3a8e58645f4526ccc34b5d,gx-no-cache=1778530810529 HTTP/1.1" 200 6679
190.121.111.10 - - [11/May/2026:17:14:25 -0300] "GET /cormun/servlet/vesolicitudgral?2026,23562,, HTTP/1.1" 200 8305
190.121.111.10 - - [11/May/2026:17:14:25 -0300] "GET /cormun/pexe_scrolldiv.js HTTP/1.1" 404 1009
190.121.111.10 - - [11/May/2026:17:14:27 -0300] "GET /cormun/servlet/trsolicitudgral? HTTP/1.1" 200 28542
190.121.111.10 - - [11/May/2026:17:14:33 -0300] "GET /cormun/servlet/vesolicitudgral?2026,23562,, HTTP/1.1" 200 8305
190.121.111.10 - - [11/May/2026:17:14:34 -0300] "GET /cormun/pexe_scrolldiv.js HTTP/1.1" 404 1009
190.95.15.15 - - [11/May/2026:17:15:36 -0300] "GET /cormun/servlet/trlicencias? HTTP/1.1" 200 6059
190.95.15.15 - - [11/May/2026:17:15:37 -0300] "GET /cormun/servlet/hlogin HTTP/1.1" 200 1744
190.121.111.10 - - [11/May/2026:17:15:42 -0300] "GET /cormun/servlet/trsolicitudgral? HTTP/1.1" 200 28542
190.95.15.15 - - [11/May/2026:17:15:43 -0300] "POST /cormun/servlet/hlogin?d6618d37ebfdd885e78a87a965165472,gx-no-cache=1778530852843 HTTP/1.1" 200 90
190.95.15.15 - - [11/May/2026:17:15:43 -0300] "GET /cormun/servlet/hpexe_link HTTP/1.1" 200 961
190.95.15.15 - - [11/May/2026:17:15:43 -0300] "GET /cormun/servlet/trlicencias HTTP/1.1" 200 12191
190.121.111.10 - - [11/May/2026:17:15:49 -0300] "POST /cormun/servlet/trsolicitudgral?a3f5dd5b6cf31bc8e5119a8927825fd9,,gx-no-cache=1778530902044 HTTP/1.1" 200 25575
190.121.111.10 - - [11/May/2026:17:15:52 -0300] "GET /cormun/servlet/trautorizarot? HTTP/1.1" 200 9578
190.121.111.10 - - [11/May/2026:17:15:57 -0300] "POST /cormun/servlet/trautorizarot?a3f5dd5b6cf31bc8e5119a8927825fd9,,gx-no-cache=1778530910095 HTTP/1.1" 200 6540
190.121.111.10 - - [11/May/2026:17:16:02 -0300] "POST /cormun/servlet/trautorizarot?a3f5dd5b6cf31bc8e5119a8927825fd9,,gx-no-cache=1778530915932 HTTP/1.1" 200 5331
190.121.111.10 - - [11/May/2026:17:16:06 -0300] "POST /cormun/servlet/trautorizarot?a3f5dd5b6cf31bc8e5119a8927825fd9,,gx-no-cache=1778530919130 HTTP/1.1" 200 5143
190.121.111.10 - - [11/May/2026:17:16:08 -0300] "GET /cormun/servlet/trsolicitudgral? HTTP/1.1" 200 28106
190.121.111.10 - - [11/May/2026:17:16:15 -0300] "POST /cormun/servlet/trsolicitudgral?a3f5dd5b6cf31bc8e5119a8927825fd9,,gx-no-cache=1778530926958 HTTP/1.1" 200 25718
190.121.111.10 - - [11/May/2026:17:16:20 -0300] "POST /cormun/servlet/trsolicitudgral?a3f5dd5b6cf31bc8e5119a8927825fd9,,gx-no-cache=1778530933643 HTTP/1.1" 200 7357
