190.95.2.163 - - [11/May/2026:10:09:15 -0300] "GET /cormun/servlet/solicitudot?596b538a458815390e50ebb8bfd36368de1ba7ff0568a571122f30771533665e3baf16f5a13e14197a693fe7a0bb45b2adcc59337b06238043fdb68b905637d36a0e31f8befd4f17f726ea4a8a3daa939c45fa45025803c32a8c7f92a9150a68dba1cfefae401590ad3cfda4301c83a3e28a160c07ca77a0c29861db8aba624d7e6e5d2e943741d972879c1d20d8df8d82d19d80dd20b6f18c8c6f3dd8a37aeed9aaabf0067055c120e1c5da0723c78ded456c861adf25b534d33901c17ba01cb979defe83c8bcf3b88de760ca65d5c554c165b0ae3e2551abf09d8e05b89002ef99d1fddd942f5c11498a6421f112afa93d499693179577eced13d5cb04445ee6a5da18f1ddb1c5cb11a0281b42cb04fac57d728040d2b2b19fafeb0196932ca66de5bdd0664ebe8c5c7e219801b8bbab96db6c760b3380abfd3efb7f4fc84dbab105b45cc73d1deff1b1e894f3104d6fc0fe051f5b493f32178ed0b8fe81dcf81f190bb07b0f2155a127bbda13b889bd2d6d976ad8b8bc9e1e86620c6e6146,gx-no-cache=1778505265872 HTTP/1.1" 200 30
190.95.15.15 - - [11/May/2026:10:09:17 -0300] "GET /cormun/servlet/trlicencias? HTTP/1.1" 200 11920
190.95.2.163 - - [11/May/2026:10:09:20 -0300] "POST /cormun/servlet/solicitudot?gx-no-cache=1778505270645 HTTP/1.1" 200 30
190.95.2.163 - - [11/May/2026:10:09:23 -0300] "POST /cormun/servlet/solicitudot?gx-no-cache=1778505273781 HTTP/1.1" 200 1479
190.95.2.163 - - [11/May/2026:10:09:23 -0300] "POST /cormun/servlet/solicitudot?gx-no-cache=1778505273808 HTTP/1.1" 200 38
190.95.1.187 - - [11/May/2026:10:09:26 -0300] "GET /cormun/servlet/permisogoce?INS,0,,, HTTP/1.1" 200 6899
190.95.1.187 - - [11/May/2026:10:09:37 -0300] "GET /cormun/servlet/permisogoce?9832d35ba87f1da108a6d05d16866b4a6d5dada3a770d0de1cf0012375335c3f642246f25cf5d75a4e4a565ab3c6eefb32a6a230562d6830a19d477907f6b70a,gx-no-cache=1778505283022 HTTP/1.1" 200 73
190.95.1.187 - - [11/May/2026:10:09:47 -0300] "GET /cormun/servlet/permisogoce?9832d35ba87f1da108a6d05d16866b4a126c834e50e44b5997ba42d977706fda88bddb30a53149065478a9040e6f28dc1fdf39c913af724d7b519c2b489cb42c,gx-no-cache=1778505292543 HTTP/1.1" 200 47
190.95.1.187 - - [11/May/2026:10:09:50 -0300] "POST /cormun/servlet/permisogoce?5ae942399644e0eebbfdcef2851c7631,INS,0,,,,gx-no-cache=1778505295787 HTTP/1.1" 200 93
190.95.1.187 - - [11/May/2026:10:09:50 -0300] "GET /cormun/servlet/hpexe_return? HTTP/1.1" 200 1030
190.95.1.187 - - [11/May/2026:10:09:50 -0300] "GET /cormun/servlet/trpermisosgoce?gx-no-cache=1778502565606 HTTP/1.1" 200 18284
190.95.1.187 - - [11/May/2026:10:09:59 -0300] "GET /cormun/servlet/trpermisosadjuntos?18646838,20260511091520,P, HTTP/1.1" 200 6353
190.95.1.187 - - [11/May/2026:10:10:01 -0300] "GET /cormun/servlet/permisosadjuntos?INS,18646838,P,20260511091520,, HTTP/1.1" 200 5648
190.95.1.187 - - [11/May/2026:10:10:01 -0300] "GET /cormun/static/about:blank HTTP/1.1" 404 1011
190.95.1.187 - - [11/May/2026:10:10:37 -0300] "POST /cormun/servlet/permisosadjuntos?5ae942399644e0eebbfdcef2851c7631,INS,18646838,P,20260511091520,, HTTP/1.1" 200 116
190.95.1.187 - - [11/May/2026:10:10:37 -0300] "GET /cormun/servlet/hpexe_return? HTTP/1.1" 200 1036
190.95.1.187 - - [11/May/2026:10:10:37 -0300] "GET /cormun/servlet/trpermisosadjuntos?18646838,20260511091520,P, HTTP/1.1" 200 6823
190.95.1.187 - - [11/May/2026:10:10:40 -0300] "POST /cormun/servlet/trpermisosadjuntos?5ae942399644e0eebbfdcef2851c7631,18646838,20260511091520,P,,gx-no-cache=1778505346079 HTTP/1.1" 200 90
190.95.1.187 - - [11/May/2026:10:10:40 -0300] "GET /cormun/servlet/hpexe_link HTTP/1.1" 200 1003
190.95.1.187 - - [11/May/2026:10:10:40 -0300] "GET /cormun/servlet/trpermisosgoce?gx-no-cache=1778502565606 HTTP/1.1" 200 18280
190.95.2.163 - - [11/May/2026:10:10:43 -0300] "GET /cormun/servlet/solicitudot?596b538a458815390e50ebb8bfd3636832520d2170f2636806655494ef0d2b9cae05af57c135382af5bb453cff31e65669d19e4333fda288a6899245ffee0cd24cafb7c1c1166a5fbc2eb6b31632371bf85c132eaca2b7ab96cefd8c22a7691558964510336049b5782a32a68dacea04,gx-no-cache=1778505353471 HTTP/1.1" 200 110
190.95.1.187 - - [11/May/2026:10:10:49 -0300] "GET /cormun/servlet/permisogoce?UPD,18646838,P,20260511091520, HTTP/1.1" 200 6955
190.95.1.187 - - [11/May/2026:10:10:49 -0300] "GET /cormun/servlet/permisogoce?9832d35ba87f1da108a6d05d16866b4a6d5dada3a770d0de1cf0012375335c3f65035f959328b201fe2d49ca2e48172279d2db3ddb4d33389281dcda0a089d03,gx-no-cache=1778505355166 HTTP/1.1" 200 76
190.95.1.187 - - [11/May/2026:10:11:02 -0300] "GET /cormun/servlet/permisogoce?9832d35ba87f1da108a6d05d16866b4a126c834e50e44b5997ba42d977706fda2a2b9e3cf5afab30e65ff32faac45d7019a1742445aa31b5a0c0c68435b85559cd8b2c8fb2ebbbe6c7bb37585b140437,gx-no-cache=1778505368076 HTTP/1.1" 200 48
190.95.1.187 - - [11/May/2026:10:11:06 -0300] "POST /cormun/servlet/permisogoce?5ae942399644e0eebbfdcef2851c7631,UPD,18646838,P,20260511091520,,gx-no-cache=1778505371727 HTTP/1.1" 200 93
190.95.1.187 - - [11/May/2026:10:11:06 -0300] "GET /cormun/servlet/hpexe_return? HTTP/1.1" 200 1047
190.95.1.187 - - [11/May/2026:10:11:06 -0300] "GET /cormun/servlet/trpermisosgoce?gx-no-cache=1778502565606 HTTP/1.1" 200 18274
190.95.2.163 - - [11/May/2026:10:11:10 -0300] "POST /cormun/servlet/solicitudot?gx-no-cache=1778505380841 HTTP/1.1" 200 110
190.95.1.187 - - [11/May/2026:10:11:16 -0300] "POST /cormun/servlet/trpermisosgoce?5ae942399644e0eebbfdcef2851c7631,gx-no-cache=1778502565606,gx-no-cache=1778505381234 HTTP/1.1" 200 15602
190.95.1.187 - - [11/May/2026:10:11:34 -0300] "GET /cormun/servlet/permisogoce?INS,0,,, HTTP/1.1" 200 6900
190.95.2.163 - - [11/May/2026:10:11:38 -0300] "GET /cormun/servlet/solicitudot?596b538a458815390e50ebb8bfd3636873bd2b6fd932fadf0798ef860561367ac6e8f134d981e66c2f859fe3c59637c0ef323cf4796bef4572d2b9c9386ed673fb28d54d59744d0a4c9c359bba43bb310aaac1e930acccd885ca94fc579e5d8d6907191f8fd7a567217c060c1a9306c7,gx-no-cache=1778505408284 HTTP/1.1" 200 29
190.95.2.163 - - [11/May/2026:10:11:38 -0300] "GET /cormun/static/menuarrow.gif HTTP/1.1" 404 1015
190.95.1.187 - - [11/May/2026:10:11:41 -0300] "GET /cormun/servlet/permisogoce?9832d35ba87f1da108a6d05d16866b4ae7e36922bebdd09e548bf7b955f41f23642246f25cf5d75a4e4a565ab3c6eefb32a6a230562d6830a19d477907f6b70a,gx-no-cache=1778505406990 HTTP/1.1" 200 82
190.95.1.187 - - [11/May/2026:10:11:52 -0300] "GET /cormun/servlet/permisogoce?9832d35ba87f1da108a6d05d16866b4a823f2e0f711b7f06410165e46f9d8aba01b0ae64da3f7fbe1786af17c33c9b906e532a5aeef4df0384b8d16a8c97990a,gx-no-cache=1778505417886 HTTP/1.1" 200 47
190.95.1.187 - - [11/May/2026:10:11:55 -0300] "POST /cormun/servlet/permisogoce?5ae942399644e0eebbfdcef2851c7631,INS,0,,,,gx-no-cache=1778505420332 HTTP/1.1" 200 93
190.95.1.187 - - [11/May/2026:10:11:55 -0300] "GET /cormun/servlet/hpexe_return? HTTP/1.1" 200 1030
190.95.1.187 - - [11/May/2026:10:11:55 -0300] "GET /cormun/servlet/trpermisosgoce?gx-no-cache=1778502565606 HTTP/1.1" 200 18299
190.95.2.163 - - [11/May/2026:10:11:58 -0300] "GET /cormun/servlet/solicitudot?596b538a458815390e50ebb8bfd363686e69ab9f0b750473ac691ed32c298080b030c334f439bde70515af0cf72f78a2,gx-no-cache=1778505428278 HTTP/1.1" 200 30
190.95.1.187 - - [11/May/2026:10:12:08 -0300] "GET /cormun/servlet/trpermisosadjuntos?16792538,20260511091727,P, HTTP/1.1" 200 6359
190.95.1.187 - - [11/May/2026:10:12:09 -0300] "GET /cormun/servlet/permisosadjuntos?INS,16792538,P,20260511091727,, HTTP/1.1" 200 5655
190.95.1.187 - - [11/May/2026:10:12:09 -0300] "GET /cormun/static/about:blank HTTP/1.1" 404 1011
190.95.2.163 - - [11/May/2026:10:12:13 -0300] "POST /cormun/servlet/solicitudot?gx-no-cache=1778505443403 HTTP/1.1" 200 30
190.95.1.187 - - [11/May/2026:10:12:21 -0300] "POST /cormun/servlet/permisosadjuntos?5ae942399644e0eebbfdcef2851c7631,INS,16792538,P,20260511091727,, HTTP/1.1" 200 116
190.95.1.187 - - [11/May/2026:10:12:21 -0300] "GET /cormun/servlet/hpexe_return? HTTP/1.1" 200 1036
190.95.1.187 - - [11/May/2026:10:12:21 -0300] "GET /cormun/servlet/trpermisosadjuntos?16792538,20260511091727,P, HTTP/1.1" 200 6838
190.95.2.163 - - [11/May/2026:10:12:22 -0300] "POST /cormun/servlet/solicitudot?0675f10300336513a006822597916f4d,INS,0,0,false,,gx-no-cache=1778505452047 HTTP/1.1" 200 93
190.95.2.163 - - [11/May/2026:10:12:22 -0300] "GET /cormun/servlet/hpexe_return? HTTP/1.1" 200 1005
190.95.2.163 - - [11/May/2026:10:12:22 -0300] "GET /cormun/servlet/trsolicitudot HTTP/1.1" 200 8625
190.95.2.163 - - [11/May/2026:10:12:22 -0300] "GET /cormun//static/Resources/PXToolsActionView.png HTTP/1.1" 200 398
190.95.2.163 - - [11/May/2026:10:12:22 -0300] "GET /cormun//static/Resources/PXToolsRemoveAllAction.png HTTP/1.1" 200 487
190.95.2.163 - - [11/May/2026:10:12:28 -0300] "POST /cormun/servlet/trsolicitudot?0675f10300336513a006822597916f4d,gx-no-cache=1778505458483 HTTP/1.1" 200 107
190.95.2.163 - - [11/May/2026:10:12:28 -0300] "GET /cormun/servlet/trsolicitudadjuntos?2026,23569, HTTP/1.1" 200 6103
190.95.2.163 - - [11/May/2026:10:12:28 -0300] "GET /cormun/static/gxcfg.js?20201215574222 HTTP/1.1" 200 953
190.95.2.163 - - [11/May/2026:10:12:28 -0300] "GET /cormun/static/Resources/PXToolsGridNew.png HTTP/1.1" 200 427
190.95.2.163 - - [11/May/2026:10:12:28 -0300] "GET /cormun/static/trsolicitudadjuntos.js?20201215574932 HTTP/1.1" 200 17921
190.95.1.187 - - [11/May/2026:10:12:30 -0300] "POST /cormun/servlet/trpermisosadjuntos?5ae942399644e0eebbfdcef2851c7631,16792538,20260511091727,P,,gx-no-cache=1778505455732 HTTP/1.1" 200 90
190.95.1.187 - - [11/May/2026:10:12:30 -0300] "GET /cormun/servlet/hpexe_link HTTP/1.1" 200 1003
190.95.1.187 - - [11/May/2026:10:12:30 -0300] "GET /cormun/servlet/trpermisosgoce?gx-no-cache=1778502565606 HTTP/1.1" 200 18296
190.95.2.163 - - [11/May/2026:10:12:33 -0300] "GET /cormun/servlet/solicitudotadjuntos?INS,2026,23569,,1, HTTP/1.1" 200 6048
190.95.2.163 - - [11/May/2026:10:12:33 -0300] "GET /cormun/static/gxcfg.js?202211298385187 HTTP/1.1" 200 953
190.95.2.163 - - [11/May/2026:10:12:33 -0300] "GET /cormun/static/solicitudotadjuntos.js?202211298385196 HTTP/1.1" 200 11771
190.95.2.163 - - [11/May/2026:10:12:34 -0300] "GET /cormun/static/about:blank HTTP/1.1" 404 1011
190.95.2.163 - - [11/May/2026:10:12:34 -0300] "GET /cormun/servlet/solicitudotadjuntos?596b538a458815390e50ebb8bfd36368e7127ae7814e7c76d1d8829134e4c78551f28b2d1e7afa11ce2c5cfddb70709a,gx-no-cache=1778505464722 HTTP/1.1" 200 30
190.95.2.163 - - [11/May/2026:10:12:34 -0300] "POST /cormun/servlet/solicitudotadjuntos?0675f10300336513a006822597916f4d,INS,2026,23569,,1,,gx-no-cache=1778505464736 HTTP/1.1" 200 3897
190.95.1.187 - - [11/May/2026:10:12:36 -0300] "POST /cormun/servlet/trpermisosgoce?5ae942399644e0eebbfdcef2851c7631,gx-no-cache=1778502565606,gx-no-cache=1778505462127 HTTP/1.1" 200 15617
190.95.2.163 - - [11/May/2026:10:12:41 -0300] "POST /cormun/servlet/solicitudotadjuntos?gx-no-cache=1778505471738 HTTP/1.1" 200 26
190.95.1.187 - - [11/May/2026:10:12:42 -0300] "GET /cormun/servlet/permisogoce?INS,0,,, HTTP/1.1" 200 6900
190.95.67.93 - - [11/May/2026:10:12:48 -0300] "GET /cormun/servlet/trpermisosgoce HTTP/1.1" 200 17554
190.95.67.93 - - [11/May/2026:10:12:51 -0300] "GET /cormun/servlet/apermisogoceprn?19526595,P,20260511084903,PU HTTP/1.1" 200 1648
190.95.1.187 - - [11/May/2026:10:12:53 -0300] "GET /cormun/servlet/permisogoce?9832d35ba87f1da108a6d05d16866b4a33e1bb349f65e27beab19d2b48f6af4c642246f25cf5d75a4e4a565ab3c6eefb32a6a230562d6830a19d477907f6b70a,gx-no-cache=1778505478438 HTTP/1.1" 200 83
190.95.1.187 - - [11/May/2026:10:13:02 -0300] "GET /cormun/servlet/permisogoce?9832d35ba87f1da108a6d05d16866b4ab42da2fa38b69c849869385019ef631ece782a616350751008b2d1ebff6a22961fdf39c913af724d7b519c2b489cb42c,gx-no-cache=1778505487774 HTTP/1.1" 200 48
190.95.2.163 - - [11/May/2026:10:13:03 -0300] "GET /cormun/servlet/solicitudotadjuntos?596b538a458815390e50ebb8bfd36368f0087594bdab6294afb7f784a17e869e,gx-no-cache=1778505493642 HTTP/1.1" 200 30
190.95.2.163 - - [11/May/2026:10:13:03 -0300] "GET /cormun/servlet/solicitudotadjuntos?596b538a458815390e50ebb8bfd36368f0087594bdab6294afb7f784a17e869e,gx-no-cache=1778505493660 HTTP/1.1" 200 30
190.95.2.163 - - [11/May/2026:10:13:03 -0300] "POST /cormun/servlet/solicitudotadjuntos?0675f10300336513a006822597916f4d,INS,2026,23569,,1, HTTP/1.1" 200 116
190.95.2.163 - - [11/May/2026:10:13:03 -0300] "GET /cormun/servlet/hpexe_return? HTTP/1.1" 200 1022
190.95.2.163 - - [11/May/2026:10:13:03 -0300] "GET /cormun/servlet/trsolicitudadjuntos?2026,23569, HTTP/1.1" 200 9330
190.95.1.187 - - [11/May/2026:10:13:04 -0300] "POST /cormun/servlet/permisogoce?5ae942399644e0eebbfdcef2851c7631,INS,0,,,,gx-no-cache=1778505489775 HTTP/1.1" 200 93
190.95.1.187 - - [11/May/2026:10:13:04 -0300] "GET /cormun/servlet/hpexe_return? HTTP/1.1" 200 1030
190.95.1.187 - - [11/May/2026:10:13:04 -0300] "GET /cormun/servlet/trpermisosgoce?gx-no-cache=1778502565606 HTTP/1.1" 200 18201
190.95.1.187 - - [11/May/2026:10:13:12 -0300] "GET /cormun/servlet/trpermisosadjuntos?12516793,20260511091835,P, HTTP/1.1" 200 6360
190.95.1.187 - - [11/May/2026:10:13:13 -0300] "GET /cormun/servlet/permisosadjuntos?INS,12516793,P,20260511091835,, HTTP/1.1" 200 5652
190.95.1.187 - - [11/May/2026:10:13:13 -0300] "GET /cormun/static/about:blank HTTP/1.1" 404 1011
190.95.2.163 - - [11/May/2026:10:13:30 -0300] "GET /cormun/servlet/trsolicitudot? HTTP/1.1" 200 8628
190.95.2.163 - - [11/May/2026:10:13:43 -0300] "POST /cormun/servlet/trsolicitudot?0675f10300336513a006822597916f4d,,gx-no-cache=1778505533868 HTTP/1.1" 200 107
190.95.2.163 - - [11/May/2026:10:13:43 -0300] "GET /cormun/servlet/trsolicitudadjuntos?2026,23569, HTTP/1.1" 200 9326
190.95.2.163 - - [11/May/2026:10:13:47 -0300] "GET /cormun/servlet/solicitudotadjuntos?INS,2026,23569,,1, HTTP/1.1" 200 6048
190.95.2.163 - - [11/May/2026:10:13:47 -0300] "GET /cormun/static/about:blank HTTP/1.1" 404 1011
190.95.2.163 - - [11/May/2026:10:13:47 -0300] "GET /cormun/servlet/solicitudotadjuntos?596b538a458815390e50ebb8bfd36368e7127ae7814e7c76d1d8829134e4c78551f28b2d1e7afa11ce2c5cfddb70709a,gx-no-cache=1778505537964 HTTP/1.1" 200 30
190.95.2.163 - - [11/May/2026:10:13:47 -0300] "POST /cormun/servlet/solicitudotadjuntos?0675f10300336513a006822597916f4d,INS,2026,23569,,1,,gx-no-cache=1778505537976 HTTP/1.1" 200 3897
190.95.2.163 - - [11/May/2026:10:13:51 -0300] "POST /cormun/servlet/solicitudotadjuntos?gx-no-cache=1778505541962 HTTP/1.1" 200 26
190.95.1.187 - - [11/May/2026:10:13:52 -0300] "POST /cormun/servlet/permisosadjuntos?5ae942399644e0eebbfdcef2851c7631,INS,12516793,P,20260511091835,, HTTP/1.1" 200 116
190.95.1.187 - - [11/May/2026:10:13:53 -0300] "GET /cormun/servlet/hpexe_return? HTTP/1.1" 200 1035
190.95.1.187 - - [11/May/2026:10:13:53 -0300] "GET /cormun/servlet/trpermisosadjuntos?12516793,20260511091835,P, HTTP/1.1" 200 6838
190.95.2.163 - - [11/May/2026:10:14:07 -0300] "GET /cormun/servlet/solicitudotadjuntos?596b538a458815390e50ebb8bfd36368f0087594bdab6294afb7f784a17e869e,gx-no-cache=1778505557833 HTTP/1.1" 200 30
190.95.2.163 - - [11/May/2026:10:14:07 -0300] "GET /cormun/servlet/solicitudotadjuntos?596b538a458815390e50ebb8bfd36368f0087594bdab6294afb7f784a17e869e,gx-no-cache=1778505557844 HTTP/1.1" 200 30
190.95.2.163 - - [11/May/2026:10:14:07 -0300] "POST /cormun/servlet/solicitudotadjuntos?0675f10300336513a006822597916f4d,INS,2026,23569,,1, HTTP/1.1" 200 116
190.95.2.163 - - [11/May/2026:10:14:07 -0300] "GET /cormun/servlet/hpexe_return? HTTP/1.1" 200 1022
190.95.2.163 - - [11/May/2026:10:14:07 -0300] "GET /cormun/servlet/trsolicitudadjuntos?2026,23569, HTTP/1.1" 200 9628
190.95.2.163 - - [11/May/2026:10:14:13 -0300] "GET /cormun/servlet/solicitudotadjuntos?INS,2026,23569,,1, HTTP/1.1" 200 6049
190.95.2.163 - - [11/May/2026:10:14:13 -0300] "GET /cormun/static/about:blank HTTP/1.1" 404 1011
190.95.2.163 - - [11/May/2026:10:14:14 -0300] "GET /cormun/servlet/solicitudotadjuntos?596b538a458815390e50ebb8bfd36368e7127ae7814e7c76d1d8829134e4c78551f28b2d1e7afa11ce2c5cfddb70709a,gx-no-cache=1778505564431 HTTP/1.1" 200 30
190.95.2.163 - - [11/May/2026:10:14:14 -0300] "POST /cormun/servlet/solicitudotadjuntos?0675f10300336513a006822597916f4d,INS,2026,23569,,1,,gx-no-cache=1778505564444 HTTP/1.1" 200 3897
190.95.2.163 - - [11/May/2026:10:14:27 -0300] "POST /cormun/servlet/solicitudotadjuntos?gx-no-cache=1778505577860 HTTP/1.1" 200 26
190.95.2.163 - - [11/May/2026:10:14:41 -0300] "GET /cormun/servlet/solicitudotadjuntos?596b538a458815390e50ebb8bfd36368f0087594bdab6294afb7f784a17e869e,gx-no-cache=1778505591898 HTTP/1.1" 200 30
190.95.2.163 - - [11/May/2026:10:14:41 -0300] "GET /cormun/servlet/solicitudotadjuntos?596b538a458815390e50ebb8bfd36368f0087594bdab6294afb7f784a17e869e,gx-no-cache=1778505591909 HTTP/1.1" 200 30
190.95.2.163 - - [11/May/2026:10:14:41 -0300] "POST /cormun/servlet/solicitudotadjuntos?0675f10300336513a006822597916f4d,INS,2026,23569,,1, HTTP/1.1" 200 116
190.95.2.163 - - [11/May/2026:10:14:41 -0300] "GET /cormun/servlet/hpexe_return? HTTP/1.1" 200 1022
190.95.2.163 - - [11/May/2026:10:14:41 -0300] "GET /cormun/servlet/trsolicitudadjuntos?2026,23569, HTTP/1.1" 200 9884
190.95.2.163 - - [11/May/2026:10:14:44 -0300] "GET /cormun/servlet/solicitudotadjuntos?INS,2026,23569,,1, HTTP/1.1" 200 6049
190.95.2.163 - - [11/May/2026:10:14:44 -0300] "GET /cormun/static/about:blank HTTP/1.1" 404 1011
190.95.2.163 - - [11/May/2026:10:14:45 -0300] "GET /cormun/servlet/solicitudotadjuntos?596b538a458815390e50ebb8bfd36368e7127ae7814e7c76d1d8829134e4c78551f28b2d1e7afa11ce2c5cfddb70709a,gx-no-cache=1778505595531 HTTP/1.1" 200 30
190.95.2.163 - - [11/May/2026:10:14:45 -0300] "POST /cormun/servlet/solicitudotadjuntos?0675f10300336513a006822597916f4d,INS,2026,23569,,1,,gx-no-cache=1778505595544 HTTP/1.1" 200 3897
190.95.2.163 - - [11/May/2026:10:14:52 -0300] "POST /cormun/servlet/solicitudotadjuntos?gx-no-cache=1778505602723 HTTP/1.1" 200 26
179.57.78.71 - - [11/May/2026:10:14:58 -0300] "GET /apple-touch-icon-precomposed.png HTTP/1.1" 404 1025
179.57.78.71 - - [11/May/2026:10:14:58 -0300] "GET /apple-touch-icon.png HTTP/1.1" 404 1001
179.57.78.71 - - [11/May/2026:10:14:58 -0300] "GET /favicon.ico HTTP/1.1" 200 21630
179.57.78.71 - - [11/May/2026:10:14:58 -0300] "GET /cormun/servlet/hhome HTTP/1.1" 200 3323
179.57.78.71 - - [11/May/2026:10:15:02 -0300] "þ‚ë­ÎéÉSPC1ñmkp†VØÍ`é³ÂÃg„ðxðÆ §ÃÐyŽÖ•™}CÆÊq刮ýôÌH}ª_£†èx©œÊ^*ÚÚÀ,À+Ì©À0À/̨À " 400 -
179.57.78.71 - - [11/May/2026:10:15:02 -0300] "þ ¡—ݸ˜öb¾m6fœ{'W™ÎB_rþÞ¸S;WË? ݾ Pî(üÂæW)ã|NFIÿQù6óX‰ž‰Ü*ÊÊÀ,À+Ì©À0À/̨À" 400 -
179.57.78.71 - - [11/May/2026:10:15:02 -0300] "þV¾4c•{ö…­ÞeKÌoS‹ÜÁ]Aø- dD€S) jáƒiõ’™–‚hÉ pL¸WÉÉÂÌÁ§¯-*RÈ+@*À,À+Ì©À0À/̨À" 400 -
179.57.78.71 - - [11/May/2026:10:15:02 -0300] "þòë#Ò(4¿Û—3F€ ˜’#E £`mo¼nÏT5ßø¶ "+-Uí±ŽÎ.:ùÃÖ#쀉 ³:‰È ýÏi1*::À,À+Ì©À0À/̨À" 400 -
179.57.78.71 - - [11/May/2026:10:15:02 -0300] "GET /cormun/servlet/hlogin HTTP/1.1" 200 1717
179.57.78.71 - - [11/May/2026:10:15:03 -0300] "GET /cormun/servlet/hlogin HTTP/1.1" 200 1728
179.57.78.71 - - [11/May/2026:10:15:03 -0300] "GET /apple-touch-icon-precomposed.png HTTP/1.1" 404 1025
190.95.2.163 - - [11/May/2026:10:15:03 -0300] "GET /cormun/servlet/solicitudotadjuntos?596b538a458815390e50ebb8bfd36368f0087594bdab6294afb7f784a17e869e,gx-no-cache=1778505613609 HTTP/1.1" 200 30
190.95.2.163 - - [11/May/2026:10:15:03 -0300] "GET /cormun/servlet/solicitudotadjuntos?596b538a458815390e50ebb8bfd36368f0087594bdab6294afb7f784a17e869e,gx-no-cache=1778505613623 HTTP/1.1" 200 30
179.57.78.71 - - [11/May/2026:10:15:03 -0300] "GET /apple-touch-icon.png HTTP/1.1" 404 1001
190.95.2.163 - - [11/May/2026:10:15:03 -0300] "POST /cormun/servlet/solicitudotadjuntos?0675f10300336513a006822597916f4d,INS,2026,23569,,1, HTTP/1.1" 200 116
190.95.2.163 - - [11/May/2026:10:15:03 -0300] "GET /cormun/servlet/hpexe_return? HTTP/1.1" 200 1022
179.57.78.71 - - [11/May/2026:10:15:03 -0300] "GET /favicon.ico HTTP/1.1" 200 21630
190.95.2.163 - - [11/May/2026:10:15:03 -0300] "GET /cormun/servlet/trsolicitudadjuntos?2026,23569, HTTP/1.1" 200 10240
190.95.2.163 - - [11/May/2026:10:15:07 -0300] "GET /cormun/servlet/solicitudotadjuntos?INS,2026,23569,,1, HTTP/1.1" 200 6048
190.95.2.163 - - [11/May/2026:10:15:08 -0300] "GET /cormun/static/about:blank HTTP/1.1" 404 1011
190.95.2.163 - - [11/May/2026:10:15:08 -0300] "GET /cormun/servlet/solicitudotadjuntos?596b538a458815390e50ebb8bfd36368e7127ae7814e7c76d1d8829134e4c78551f28b2d1e7afa11ce2c5cfddb70709a,gx-no-cache=1778505618748 HTTP/1.1" 200 30
190.95.2.163 - - [11/May/2026:10:15:08 -0300] "POST /cormun/servlet/solicitudotadjuntos?0675f10300336513a006822597916f4d,INS,2026,23569,,1,,gx-no-cache=1778505618761 HTTP/1.1" 200 3896
190.95.2.163 - - [11/May/2026:10:15:13 -0300] "POST /cormun/servlet/solicitudotadjuntos?gx-no-cache=1778505623443 HTTP/1.1" 200 26
190.95.2.163 - - [11/May/2026:10:15:25 -0300] "GET /cormun/servlet/solicitudotadjuntos?596b538a458815390e50ebb8bfd36368f0087594bdab6294afb7f784a17e869e,gx-no-cache=1778505635431 HTTP/1.1" 200 30
190.95.2.163 - - [11/May/2026:10:15:25 -0300] "GET /cormun/servlet/solicitudotadjuntos?596b538a458815390e50ebb8bfd36368f0087594bdab6294afb7f784a17e869e,gx-no-cache=1778505635441 HTTP/1.1" 200 30
190.95.2.163 - - [11/May/2026:10:15:25 -0300] "POST /cormun/servlet/solicitudotadjuntos?0675f10300336513a006822597916f4d,INS,2026,23569,,1, HTTP/1.1" 200 116
190.95.2.163 - - [11/May/2026:10:15:25 -0300] "GET /cormun/servlet/hpexe_return? HTTP/1.1" 200 1022
190.95.2.163 - - [11/May/2026:10:15:25 -0300] "GET /cormun/servlet/trsolicitudadjuntos?2026,23569, HTTP/1.1" 200 10462
190.95.2.163 - - [11/May/2026:10:15:29 -0300] "GET /cormun/servlet/solicitudotadjuntos?INS,2026,23569,,1, HTTP/1.1" 200 6048
190.95.2.163 - - [11/May/2026:10:15:29 -0300] "GET /cormun/static/about:blank HTTP/1.1" 404 1011
190.95.2.163 - - [11/May/2026:10:15:30 -0300] "GET /cormun/servlet/solicitudotadjuntos?596b538a458815390e50ebb8bfd36368e7127ae7814e7c76d1d8829134e4c78551f28b2d1e7afa11ce2c5cfddb70709a,gx-no-cache=1778505640449 HTTP/1.1" 200 30
190.95.2.163 - - [11/May/2026:10:15:30 -0300] "POST /cormun/servlet/solicitudotadjuntos?0675f10300336513a006822597916f4d,INS,2026,23569,,1,,gx-no-cache=1778505640462 HTTP/1.1" 200 3896
179.57.78.71 - - [11/May/2026:10:15:32 -0300] "POST /cormun/servlet/hlogin?b80f220213f4b3e00f3d4cd2c7a79343,gx-no-cache=1778505642402 HTTP/1.1" 200 90
179.57.78.71 - - [11/May/2026:10:15:32 -0300] "GET /cormun/servlet/hpexe_link HTTP/1.1" 200 948
179.57.78.71 - - [11/May/2026:10:15:32 -0300] "GET /cormun/servlet/hhome HTTP/1.1" 200 4265
179.57.78.71 - - [11/May/2026:10:15:33 -0300] "GET /apple-touch-icon-precomposed.png HTTP/1.1" 404 1025
179.57.78.71 - - [11/May/2026:10:15:33 -0300] "GET /apple-touch-icon.png HTTP/1.1" 404 1001
179.57.78.71 - - [11/May/2026:10:15:33 -0300] "GET /favicon.ico HTTP/1.1" 200 21630
190.95.2.163 - - [11/May/2026:10:15:34 -0300] "POST /cormun/servlet/solicitudotadjuntos?gx-no-cache=1778505645005 HTTP/1.1" 200 26
190.95.2.163 - - [11/May/2026:10:15:48 -0300] "GET /cormun/servlet/solicitudotadjuntos?596b538a458815390e50ebb8bfd36368f0087594bdab6294afb7f784a17e869e,gx-no-cache=1778505658751 HTTP/1.1" 200 30
190.95.2.163 - - [11/May/2026:10:15:48 -0300] "GET /cormun/servlet/solicitudotadjuntos?596b538a458815390e50ebb8bfd36368f0087594bdab6294afb7f784a17e869e,gx-no-cache=1778505658760 HTTP/1.1" 200 30
190.95.2.163 - - [11/May/2026:10:15:48 -0300] "POST /cormun/servlet/solicitudotadjuntos?0675f10300336513a006822597916f4d,INS,2026,23569,,1, HTTP/1.1" 200 116
190.95.2.163 - - [11/May/2026:10:15:48 -0300] "GET /cormun/servlet/hpexe_return? HTTP/1.1" 200 1022
190.95.2.163 - - [11/May/2026:10:15:48 -0300] "GET /cormun/servlet/trsolicitudadjuntos?2026,23569, HTTP/1.1" 200 10648
190.95.15.31 - - [11/May/2026:10:15:50 -0300] "GET /cormun/servlet/trlicencias? HTTP/1.1" 200 6051
190.95.15.31 - - [11/May/2026:10:15:54 -0300] "GET /cormun/servlet/hlogin HTTP/1.1" 200 1737
179.57.78.71 - - [11/May/2026:10:16:11 -0300] "GET /cormun/servlet/trlicencias? HTTP/1.1" 200 11356
179.57.78.71 - - [11/May/2026:10:16:23 -0300] "GET /cormun/servlet/trautorizarsolicitud? HTTP/1.1" 200 8763
190.95.2.163 - - [11/May/2026:10:16:23 -0300] "GET /cormun/servlet/trpermisosgoce? HTTP/1.1" 200 10908
179.57.78.71 - - [11/May/2026:10:16:26 -0300] "POST /cormun/servlet/trautorizarsolicitud?b80f220213f4b3e00f3d4cd2c7a79343,,gx-no-cache=1778505696558 HTTP/1.1" 200 4765
179.57.78.71 - - [11/May/2026:10:16:26 -0300] "GET /cormun/static/Shared/jqueryui/images/ui-bg_highlight-soft_100_c6c2c8_1x100.png HTTP/1.1" 404 1117
179.57.78.71 - - [11/May/2026:10:16:26 -0300] "GET /cormun/static/Shared/jqueryui/images/ui-icons_82798d_256x240.png HTTP/1.1" 404 1089
179.57.78.71 - - [11/May/2026:10:16:26 -0300] "GET /cormun/static/Shared/jqueryui/images/ui-bg_flat_55_fafafa_40x100.png HTTP/1.1" 404 1097
179.57.78.71 - - [11/May/2026:10:16:26 -0300] "GET /cormun/static/Shared/jqueryui/images/ui-icons_8d78a5_256x240.png HTTP/1.1" 404 1089
179.57.78.71 - - [11/May/2026:10:16:26 -0300] "POST /cormun/servlet/trautorizarsolicitud?b80f220213f4b3e00f3d4cd2c7a79343,,gx-no-cache=1778505696691 HTTP/1.1" 200 4530
190.95.2.163 - - [11/May/2026:10:16:30 -0300] "GET /cormun/servlet/trsolicitudot? HTTP/1.1" 200 8621
190.95.2.163 - - [11/May/2026:10:16:43 -0300] "GET /cormun/servlet/treventos?2026,23569, HTTP/1.1" 200 6067
190.95.2.163 - - [11/May/2026:10:16:43 -0300] "GET /cormun/static/gxcfg.js?20201215584657 HTTP/1.1" 200 953
190.95.2.163 - - [11/May/2026:10:16:44 -0300] "GET /cormun/static/treventos.js?2020121558506 HTTP/1.1" 200 16063
179.57.78.71 - - [11/May/2026:10:17:07 -0300] "GET /cormun/servlet/hlogin HTTP/1.1" 200 1741
190.95.2.163 - - [11/May/2026:10:17:17 -0300] "GET /cormun/servlet/hlogin HTTP/1.1" 200 1716
190.95.2.163 - - [11/May/2026:10:17:24 -0300] "POST /cormun/servlet/hlogin?0675f10300336513a006822597916f4d,gx-no-cache=1778505754456 HTTP/1.1" 200 90
190.95.2.163 - - [11/May/2026:10:17:24 -0300] "GET /cormun/servlet/hpexe_link HTTP/1.1" 200 948
190.95.2.163 - - [11/May/2026:10:17:24 -0300] "GET /cormun/servlet/hhome HTTP/1.1" 200 4194
190.95.2.163 - - [11/May/2026:10:17:24 -0300] "GET /cormun/static/SmoothNavMenu/resources/images/right.gif HTTP/1.1" 200 860
190.95.2.163 - - [11/May/2026:10:17:29 -0300] "GET /cormun/servlet/trautorizarsolicitud? HTTP/1.1" 200 7304
190.95.2.163 - - [11/May/2026:10:17:30 -0300] "GET /cormun/static/gxcfg.js?202211298474254 HTTP/1.1" 200 953
190.95.2.163 - - [11/May/2026:10:17:30 -0300] "GET /cormun/static/trautorizarsolicitud.js?202211298474588 HTTP/1.1" 200 53909
190.95.2.163 - - [11/May/2026:10:17:41 -0300] "GET /cormun/servlet/trautorizarsolicitud? HTTP/1.1" 200 7304
190.95.2.163 - - [11/May/2026:10:17:54 -0300] "GET /cormun/servlet/hlogin HTTP/1.1" 200 1716
190.95.2.163 - - [11/May/2026:10:18:00 -0300] "POST /cormun/servlet/hlogin?0675f10300336513a006822597916f4d,gx-no-cache=1778505791030 HTTP/1.1" 200 90
190.95.2.163 - - [11/May/2026:10:18:00 -0300] "GET /cormun/servlet/hpexe_link HTTP/1.1" 200 948
190.95.2.163 - - [11/May/2026:10:18:00 -0300] "GET /cormun/servlet/hhome HTTP/1.1" 200 3994
190.95.2.163 - - [11/May/2026:10:18:04 -0300] "GET /cormun/servlet/trsolicitudot? HTTP/1.1" 200 8623
190.95.2.163 - - [11/May/2026:10:18:13 -0300] "POST /cormun/servlet/trsolicitudot?0675f10300336513a006822597916f4d,,gx-no-cache=1778505803625 HTTP/1.1" 200 4552
190.95.2.163 - - [11/May/2026:10:18:13 -0300] "GET /cormun/static/Shared/jqueryui/images/ui-bg_highlight-soft_100_c6c2c8_1x100.png HTTP/1.1" 404 1117
190.95.2.163 - - [11/May/2026:10:18:13 -0300] "GET /cormun/static/Shared/jqueryui/images/ui-icons_82798d_256x240.png HTTP/1.1" 404 1089
190.95.2.163 - - [11/May/2026:10:18:13 -0300] "GET /cormun/static/Shared/jqueryui/images/ui-bg_flat_55_fafafa_40x100.png HTTP/1.1" 404 1097
190.95.2.163 - - [11/May/2026:10:18:13 -0300] "GET /cormun/static/Shared/jqueryui/images/ui-icons_8d78a5_256x240.png HTTP/1.1" 404 1089
190.95.2.163 - - [11/May/2026:10:18:13 -0300] "POST /cormun/servlet/trsolicitudot?0675f10300336513a006822597916f4d,,gx-no-cache=1778505803753 HTTP/1.1" 200 4324
190.95.2.163 - - [11/May/2026:10:18:25 -0300] "GET /cormun/servlet/hlogin HTTP/1.1" 200 1716
190.95.2.163 - - [11/May/2026:10:18:31 -0300] "POST /cormun/servlet/hlogin?0675f10300336513a006822597916f4d,gx-no-cache=1778505821817 HTTP/1.1" 200 90
190.95.2.163 - - [11/May/2026:10:18:31 -0300] "GET /cormun/servlet/hpexe_link HTTP/1.1" 200 948
190.95.2.163 - - [11/May/2026:10:18:31 -0300] "GET /cormun/servlet/hhome HTTP/1.1" 200 4194
190.95.2.163 - - [11/May/2026:10:18:37 -0300] "GET /cormun/servlet/trautorizarsolicitud? HTTP/1.1" 200 8711
190.95.2.163 - - [11/May/2026:10:18:43 -0300] "POST /cormun/servlet/trautorizarsolicitud?0675f10300336513a006822597916f4d,,gx-no-cache=1778505833835 HTTP/1.1" 200 4756
190.95.2.163 - - [11/May/2026:10:18:43 -0300] "GET /cormun/static/Shared/jqueryui/images/ui-bg_highlight-soft_100_c6c2c8_1x100.png HTTP/1.1" 404 1117
190.95.2.163 - - [11/May/2026:10:18:43 -0300] "GET /cormun/static/Shared/jqueryui/images/ui-icons_82798d_256x240.png HTTP/1.1" 404 1089
190.95.2.163 - - [11/May/2026:10:18:43 -0300] "GET /cormun/static/Shared/jqueryui/images/ui-bg_flat_55_fafafa_40x100.png HTTP/1.1" 404 1097
190.95.2.163 - - [11/May/2026:10:18:43 -0300] "GET /cormun/static/Shared/jqueryui/images/ui-icons_8d78a5_256x240.png HTTP/1.1" 404 1089
190.95.2.163 - - [11/May/2026:10:18:43 -0300] "POST /cormun/servlet/trautorizarsolicitud?0675f10300336513a006822597916f4d,,gx-no-cache=1778505833933 HTTP/1.1" 200 4527
10.40.40.2 - - [11/May/2026:10:20:01 -0300] "GET /cormun/servlet/hlogin HTTP/1.1" 200 1725
10.40.40.2 - - [11/May/2026:10:20:01 -0300] "GET /cormun/servlet/hlogin HTTP/1.1" 200 1735
10.40.40.2 - - [11/May/2026:10:20:09 -0300] "POST /cormun/servlet/hlogin?ea2ddcf459d99f74a60362450e806c28,gx-no-cache=1778505888318 HTTP/1.1" 200 90
10.40.40.2 - - [11/May/2026:10:20:09 -0300] "GET /cormun/servlet/hpexe_link HTTP/1.1" 200 956
10.40.40.2 - - [11/May/2026:10:20:09 -0300] "GET /cormun/servlet/hhome HTTP/1.1" 200 3183
10.40.40.2 - - [11/May/2026:10:20:14 -0300] "GET /cormun/servlet/trlicencias? HTTP/1.1" 200 19300
201.186.226.3 - - [11/May/2026:10:21:03 -0300] "GET /cormun/servlet/hlogin HTTP/1.1" 200 1720
10.40.40.2 - - [11/May/2026:10:21:04 -0300] "GET /cormun/servlet/hlogin HTTP/1.1" 200 1743
201.186.226.3 - - [11/May/2026:10:21:16 -0300] "POST /cormun/servlet/hlogin?ba8799cdf4c32cd0ac30ac9838a8cc7c,gx-no-cache=1778505986205 HTTP/1.1" 200 90
201.186.226.3 - - [11/May/2026:10:21:16 -0300] "GET /cormun/servlet/hpexe_link HTTP/1.1" 200 951
201.186.226.3 - - [11/May/2026:10:21:16 -0300] "GET /cormun/servlet/hhome HTTP/1.1" 200 3933
201.186.226.3 - - [11/May/2026:10:21:28 -0300] "GET /cormun/servlet/trpermisosgoce? HTTP/1.1" 200 10631
201.186.226.3 - - [11/May/2026:10:21:43 -0300] "GET /cormun/servlet/trpermisosadjuntos?13096770,20260511071610,P, HTTP/1.1" 200 6247
201.186.226.3 - - [11/May/2026:10:26:06 -0300] "GET /cormun/servlet/hlogin HTTP/1.1" 200 1720
201.186.226.3 - - [11/May/2026:10:26:17 -0300] "POST /cormun/servlet/hlogin?ba8799cdf4c32cd0ac30ac9838a8cc7c,gx-no-cache=1778506287173 HTTP/1.1" 200 90
201.186.226.3 - - [11/May/2026:10:26:17 -0300] "GET /cormun/servlet/hpexe_link HTTP/1.1" 200 983
201.186.226.3 - - [11/May/2026:10:26:17 -0300] "GET /cormun/servlet/trpermisosadjuntos?13096770,20260511071610,P, HTTP/1.1" 200 6249
201.186.226.3 - - [11/May/2026:10:26:21 -0300] "GET /cormun/servlet/trpermisosgoce? HTTP/1.1" 200 10630
201.186.226.3 - - [11/May/2026:10:26:48 -0300] "GET /cormun/servlet/trpermisosadjuntos?13096770,20260511071610,P, HTTP/1.1" 200 6247
201.186.226.3 - - [11/May/2026:10:26:51 -0300] "GET /cormun/servlet/permisosadjuntos?INS,13096770,P,20260511071610,, HTTP/1.1" 200 5566
201.186.226.3 - - [11/May/2026:10:26:51 -0300] "GET /cormun/static/about:blank HTTP/1.1" 404 1011
201.186.226.3 - - [11/May/2026:10:27:25 -0300] "POST /cormun/servlet/permisosadjuntos?ba8799cdf4c32cd0ac30ac9838a8cc7c,INS,13096770,P,20260511071610,, HTTP/1.1" 200 116
201.186.226.3 - - [11/May/2026:10:27:25 -0300] "GET /cormun/servlet/hpexe_return? HTTP/1.1" 200 1038
201.186.226.3 - - [11/May/2026:10:27:25 -0300] "GET /cormun/servlet/trpermisosadjuntos?13096770,20260511071610,P, HTTP/1.1" 200 6729
201.186.226.3 - - [11/May/2026:10:27:34 -0300] "POST /cormun/servlet/trpermisosadjuntos?ba8799cdf4c32cd0ac30ac9838a8cc7c,13096770,20260511071610,P,,gx-no-cache=1778506364976 HTTP/1.1" 200 90
201.186.226.3 - - [11/May/2026:10:27:34 -0300] "GET /cormun/servlet/hpexe_link HTTP/1.1" 200 983
201.186.226.3 - - [11/May/2026:10:27:35 -0300] "GET /cormun/servlet/trpermisosgoce HTTP/1.1" 200 10630
201.186.226.3 - - [11/May/2026:10:27:40 -0300] "POST /cormun/servlet/trpermisosgoce?ba8799cdf4c32cd0ac30ac9838a8cc7c,gx-no-cache=1778506370370 HTTP/1.1" 200 7922
201.186.226.3 - - [11/May/2026:10:27:40 -0300] "GET /cormun/static/Shared/jqueryui/images/ui-icons_82798d_256x240.png HTTP/1.1" 404 1089
201.186.226.3 - - [11/May/2026:10:27:40 -0300] "GET /cormun/static/Shared/jqueryui/images/ui-bg_highlight-soft_100_c6c2c8_1x100.png HTTP/1.1" 404 1117
201.186.226.3 - - [11/May/2026:10:27:40 -0300] "GET /cormun/static/Shared/jqueryui/images/ui-bg_flat_55_fafafa_40x100.png HTTP/1.1" 404 1097
201.186.226.3 - - [11/May/2026:10:27:40 -0300] "GET /cormun/static/Shared/jqueryui/images/ui-icons_8d78a5_256x240.png HTTP/1.1" 404 1089
201.186.226.3 - - [11/May/2026:10:27:54 -0300] "GET /cormun/servlet/hlogin HTTP/1.1" 200 1737
201.186.226.3 - - [11/May/2026:10:28:16 -0300] "POST /cormun/servlet/hlogin?ba8799cdf4c32cd0ac30ac9838a8cc7c,gx-no-cache=1778506406259 HTTP/1.1" 200 90
201.186.226.3 - - [11/May/2026:10:28:16 -0300] "GET /cormun/servlet/hpexe_link HTTP/1.1" 200 951
201.186.226.3 - - [11/May/2026:10:28:16 -0300] "GET /cormun/servlet/hhome HTTP/1.1" 200 4316
190.95.1.187 - - [11/May/2026:10:28:23 -0300] "GET /cormun/servlet/hlogin HTTP/1.1" 200 1717
190.95.1.187 - - [11/May/2026:10:28:26 -0300] "POST /cormun/servlet/hlogin?5ae942399644e0eebbfdcef2851c7631,gx-no-cache=1778506411510 HTTP/1.1" 200 90
190.95.1.187 - - [11/May/2026:10:28:26 -0300] "GET /cormun/servlet/hpexe_link HTTP/1.1" 200 980
190.95.1.187 - - [11/May/2026:10:28:26 -0300] "GET /cormun/servlet/trpermisosadjuntos?12516793,20260511091835,P, HTTP/1.1" 200 6837
201.186.226.3 - - [11/May/2026:10:28:27 -0300] "GET /cormun/servlet/trautorizarpermisogoce? HTTP/1.1" 200 8000
190.95.1.187 - - [11/May/2026:10:28:29 -0300] "POST /cormun/servlet/trpermisosadjuntos?5ae942399644e0eebbfdcef2851c7631,12516793,20260511091835,P,,gx-no-cache=1778506414995 HTTP/1.1" 200 90
190.95.1.187 - - [11/May/2026:10:28:29 -0300] "GET /cormun/servlet/hpexe_link HTTP/1.1" 200 1002
190.95.1.187 - - [11/May/2026:10:28:29 -0300] "GET /cormun/servlet/trpermisosgoce?gx-no-cache=1778502565606 HTTP/1.1" 200 18198
190.95.1.187 - - [11/May/2026:10:28:44 -0300] "POST /cormun/servlet/trpermisosgoce?5ae942399644e0eebbfdcef2851c7631,gx-no-cache=1778502565606,gx-no-cache=1778506430095 HTTP/1.1" 200 15500
190.95.1.187 - - [11/May/2026:10:28:44 -0300] "GET /cormun/static/Shared/jqueryui/images/ui-bg_highlight-soft_100_c6c2c8_1x100.png HTTP/1.1" 404 1117
190.95.1.187 - - [11/May/2026:10:28:44 -0300] "GET /cormun/static/Shared/jqueryui/images/ui-icons_82798d_256x240.png HTTP/1.1" 404 1089
190.95.1.187 - - [11/May/2026:10:28:44 -0300] "GET /cormun/static/Shared/jqueryui/images/ui-bg_flat_55_fafafa_40x100.png HTTP/1.1" 404 1097
190.95.1.187 - - [11/May/2026:10:28:44 -0300] "GET /cormun/static/Shared/jqueryui/images/ui-icons_8d78a5_256x240.png HTTP/1.1" 404 1089
201.186.226.3 - - [11/May/2026:10:29:10 -0300] "POST /cormun/servlet/trautorizarpermisogoce?ba8799cdf4c32cd0ac30ac9838a8cc7c,,gx-no-cache=1778506460904 HTTP/1.1" 200 4510
201.186.226.3 - - [11/May/2026:10:29:23 -0300] "GET /cormun/servlet/hlogin HTTP/1.1" 200 1744
201.186.226.3 - - [11/May/2026:10:29:34 -0300] "POST /cormun/servlet/hlogin?ba8799cdf4c32cd0ac30ac9838a8cc7c,gx-no-cache=1778506484867 HTTP/1.1" 200 90
201.186.226.3 - - [11/May/2026:10:29:34 -0300] "GET /cormun/servlet/hpexe_link HTTP/1.1" 200 951
201.186.226.3 - - [11/May/2026:10:29:34 -0300] "GET /cormun/servlet/hhome HTTP/1.1" 200 3933
201.186.226.3 - - [11/May/2026:10:29:40 -0300] "GET /cormun/servlet/trpermisosgoce? HTTP/1.1" 200 10556
201.186.226.3 - - [11/May/2026:10:29:45 -0300] "GET /cormun/servlet/hlogin HTTP/1.1" 200 1739
190.95.1.187 - - [11/May/2026:10:32:16 -0300] "GET /cormun/servlet/permisogoce?INS,0,,, HTTP/1.1" 200 6900
190.95.1.187 - - [11/May/2026:10:32:22 -0300] "GET /cormun/servlet/permisogoce?9832d35ba87f1da108a6d05d16866b4ab8a1f6951090e2aa9846c8ffda5b5e3d642246f25cf5d75a4e4a565ab3c6eefb32a6a230562d6830a19d477907f6b70a,gx-no-cache=1778506648181 HTTP/1.1" 200 83
190.95.1.187 - - [11/May/2026:10:32:26 -0300] "GET /cormun/static/menuarrow.gif HTTP/1.1" 404 1015
190.95.1.187 - - [11/May/2026:10:32:30 -0300] "GET /cormun/servlet/permisogoce?9832d35ba87f1da108a6d05d16866b4aaba4bf7c63d4303ecc17d30a6a82a6627e6cc80b4b77be91b9e5ec0c4e8968e81fdf39c913af724d7b519c2b489cb42c,gx-no-cache=1778506656085 HTTP/1.1" 200 46
190.95.1.187 - - [11/May/2026:10:33:23 -0300] "POST /cormun/servlet/permisogoce?5ae942399644e0eebbfdcef2851c7631,INS,0,,,,gx-no-cache=1778506708494 HTTP/1.1" 200 93
190.95.1.187 - - [11/May/2026:10:33:23 -0300] "GET /cormun/servlet/hpexe_return? HTTP/1.1" 200 1030
190.95.1.187 - - [11/May/2026:10:33:23 -0300] "GET /cormun/servlet/trpermisosgoce?gx-no-cache=1778502565606 HTTP/1.1" 200 18211
190.95.1.187 - - [11/May/2026:10:33:31 -0300] "GET /cormun/servlet/trpermisosadjuntos?17399414,20260511093810,P, HTTP/1.1" 200 6358
190.95.1.187 - - [11/May/2026:10:33:32 -0300] "GET /cormun/servlet/permisosadjuntos?INS,17399414,P,20260511093810,, HTTP/1.1" 200 5651
190.95.1.187 - - [11/May/2026:10:33:32 -0300] "GET /cormun/static/about:blank HTTP/1.1" 404 1011
190.95.1.187 - - [11/May/2026:10:33:41 -0300] "POST /cormun/servlet/permisosadjuntos?5ae942399644e0eebbfdcef2851c7631,INS,17399414,P,20260511093810,, HTTP/1.1" 200 116
190.95.1.187 - - [11/May/2026:10:33:41 -0300] "GET /cormun/servlet/hpexe_return? HTTP/1.1" 200 1035
190.95.1.187 - - [11/May/2026:10:33:41 -0300] "GET /cormun/servlet/trpermisosadjuntos?17399414,20260511093810,P, HTTP/1.1" 200 6829
190.95.1.187 - - [11/May/2026:10:33:45 -0300] "POST /cormun/servlet/trpermisosadjuntos?5ae942399644e0eebbfdcef2851c7631,17399414,20260511093810,P,,gx-no-cache=1778506730940 HTTP/1.1" 200 90
190.95.1.187 - - [11/May/2026:10:33:45 -0300] "GET /cormun/servlet/hpexe_link HTTP/1.1" 200 1003
190.95.1.187 - - [11/May/2026:10:33:45 -0300] "GET /cormun/servlet/trpermisosgoce?gx-no-cache=1778502565606 HTTP/1.1" 200 18208
190.95.1.187 - - [11/May/2026:10:33:49 -0300] "POST /cormun/servlet/trpermisosgoce?5ae942399644e0eebbfdcef2851c7631,gx-no-cache=1778502565606,gx-no-cache=1778506734247 HTTP/1.1" 200 15535
190.95.1.187 - - [11/May/2026:10:33:54 -0300] "GET /cormun/servlet/permisogoce?INS,0,,, HTTP/1.1" 200 6900
201.186.225.183 - - [11/May/2026:10:33:57 -0300] "GET /cormun/servlet/trpermisosgoce? HTTP/1.1" 200 6025
201.186.225.183 - - [11/May/2026:10:33:58 -0300] "GET /cormun/servlet/hlogin HTTP/1.1" 200 1736
190.95.1.187 - - [11/May/2026:10:33:58 -0300] "GET /cormun/servlet/permisogoce?9832d35ba87f1da108a6d05d16866b4a751191fdca765dade38b79c81519fd63642246f25cf5d75a4e4a565ab3c6eefb32a6a230562d6830a19d477907f6b70a,gx-no-cache=1778506744197 HTTP/1.1" 200 77
201.186.225.183 - - [11/May/2026:10:34:00 -0300] "POST /cormun/servlet/hlogin?70586938d8546f7d4a7bb15e87577d08,gx-no-cache=1778506751152 HTTP/1.1" 200 90
201.186.225.183 - - [11/May/2026:10:34:01 -0300] "GET /cormun/servlet/hpexe_link HTTP/1.1" 200 953
201.186.225.183 - - [11/May/2026:10:34:01 -0300] "GET /cormun/servlet/trpermisosgoce HTTP/1.1" 200 18678
201.186.225.183 - - [11/May/2026:10:34:03 -0300] "GET /cormun/servlet/permisogoce?INS,0,,, HTTP/1.1" 200 6825
190.95.1.187 - - [11/May/2026:10:34:09 -0300] "GET /cormun/servlet/permisogoce?9832d35ba87f1da108a6d05d16866b4a79034ea47140a435b197f808960573ea9122fc8286d4e839c226a6ad07eac1fd6e532a5aeef4df0384b8d16a8c97990a,gx-no-cache=1778506754637 HTTP/1.1" 200 44
190.95.1.187 - - [11/May/2026:10:34:11 -0300] "POST /cormun/servlet/permisogoce?5ae942399644e0eebbfdcef2851c7631,INS,0,,,,gx-no-cache=1778506756886 HTTP/1.1" 200 93
190.95.1.187 - - [11/May/2026:10:34:11 -0300] "GET /cormun/servlet/hpexe_return? HTTP/1.1" 200 1030
190.95.1.187 - - [11/May/2026:10:34:12 -0300] "GET /cormun/servlet/trpermisosgoce?gx-no-cache=1778502565606 HTTP/1.1" 200 18321
201.186.225.183 - - [11/May/2026:10:34:13 -0300] "GET /cormun/servlet/permisogoce?48b9bf15f90f0996d80f29246180271ab862cea343d7c3495537d1b0e47887c6ec4d6fd062a76858581e557123b5442395ec1e3bd51e637d4d07b9c94bb973d0,gx-no-cache=1778506763434 HTTP/1.1" 200 76
201.186.225.183 - - [11/May/2026:10:34:17 -0300] "GET /cormun/servlet/permisogoce?48b9bf15f90f0996d80f29246180271a8e37129c2f92002d59383ff0136c6028e19938c2cfded88303fc251b14e2fecbe3775d6a2e8e9718024274f54de3f0d6,gx-no-cache=1778506767973 HTTP/1.1" 200 47
190.95.1.187 - - [11/May/2026:10:34:19 -0300] "GET /cormun/servlet/trpermisosadjuntos?15992162,20260511093947,P, HTTP/1.1" 200 6356
201.186.225.183 - - [11/May/2026:10:34:20 -0300] "POST /cormun/servlet/permisogoce?70586938d8546f7d4a7bb15e87577d08,INS,0,,,,gx-no-cache=1778506769222 HTTP/1.1" 200 93
201.186.225.183 - - [11/May/2026:10:34:20 -0300] "GET /cormun/servlet/hpexe_return? HTTP/1.1" 200 1006
201.186.225.183 - - [11/May/2026:10:34:20 -0300] "GET /cormun/servlet/trpermisosgoce HTTP/1.1" 200 18586
190.95.1.187 - - [11/May/2026:10:34:20 -0300] "GET /cormun/servlet/permisosadjuntos?INS,15992162,P,20260511093947,, HTTP/1.1" 200 5652
190.95.1.187 - - [11/May/2026:10:34:20 -0300] "GET /cormun/static/about:blank HTTP/1.1" 404 1011
201.186.225.183 - - [11/May/2026:10:34:23 -0300] "GET /cormun/servlet/apermisogoceprn?15125405,P,20260511093957,PU HTTP/1.1" 200 1641
190.95.1.187 - - [11/May/2026:10:34:32 -0300] "POST /cormun/servlet/permisosadjuntos?5ae942399644e0eebbfdcef2851c7631,INS,15992162,P,20260511093947,, HTTP/1.1" 200 116
190.95.1.187 - - [11/May/2026:10:34:32 -0300] "GET /cormun/servlet/hpexe_return? HTTP/1.1" 200 1037
190.95.1.187 - - [11/May/2026:10:34:32 -0300] "GET /cormun/servlet/trpermisosadjuntos?15992162,20260511093947,P, HTTP/1.1" 200 6831
190.95.1.187 - - [11/May/2026:10:34:35 -0300] "POST /cormun/servlet/trpermisosadjuntos?5ae942399644e0eebbfdcef2851c7631,15992162,20260511093947,P,,gx-no-cache=1778506781380 HTTP/1.1" 200 90
190.95.1.187 - - [11/May/2026:10:34:35 -0300] "GET /cormun/servlet/hpexe_link HTTP/1.1" 200 1004
190.95.1.187 - - [11/May/2026:10:34:36 -0300] "GET /cormun/servlet/trpermisosgoce?gx-no-cache=1778502565606 HTTP/1.1" 200 18369
190.95.1.187 - - [11/May/2026:10:34:39 -0300] "POST /cormun/servlet/trpermisosgoce?5ae942399644e0eebbfdcef2851c7631,gx-no-cache=1778502565606,gx-no-cache=1778506784777 HTTP/1.1" 200 15666
190.95.1.187 - - [11/May/2026:10:34:47 -0300] "GET /cormun/servlet/permisogoce?INS,0,,, HTTP/1.1" 200 6899
190.95.1.187 - - [11/May/2026:10:34:52 -0300] "GET /cormun/servlet/permisogoce?9832d35ba87f1da108a6d05d16866b4abde27b81d087b37357a919d0c5371a19642246f25cf5d75a4e4a565ab3c6eefb32a6a230562d6830a19d477907f6b70a,gx-no-cache=1778506797533 HTTP/1.1" 200 90
190.95.1.187 - - [11/May/2026:10:35:02 -0300] "GET /cormun/servlet/permisogoce?9832d35ba87f1da108a6d05d16866b4a7f8eab2854c23278fc0493a05a08a2a0ee41101afe0b38ab69fa7923411d83996e532a5aeef4df0384b8d16a8c97990a,gx-no-cache=1778506807917 HTTP/1.1" 200 47
190.95.1.187 - - [11/May/2026:10:35:04 -0300] "POST /cormun/servlet/permisogoce?5ae942399644e0eebbfdcef2851c7631,INS,0,,,,gx-no-cache=1778506809525 HTTP/1.1" 200 93
190.95.1.187 - - [11/May/2026:10:35:04 -0300] "GET /cormun/servlet/hpexe_return? HTTP/1.1" 200 1030
190.95.1.187 - - [11/May/2026:10:35:04 -0300] "GET /cormun/servlet/trpermisosgoce?gx-no-cache=1778502565606 HTTP/1.1" 200 18436
190.95.1.187 - - [11/May/2026:10:35:11 -0300] "GET /cormun/servlet/trpermisosadjuntos?14550284,20260511094041,P, HTTP/1.1" 200 6366
190.95.1.187 - - [11/May/2026:10:35:13 -0300] "GET /cormun/servlet/permisosadjuntos?INS,14550284,P,20260511094041,, HTTP/1.1" 200 5663
190.95.1.187 - - [11/May/2026:10:35:13 -0300] "GET /cormun/static/about:blank HTTP/1.1" 404 1011
190.95.1.187 - - [11/May/2026:10:35:26 -0300] "POST /cormun/servlet/permisosadjuntos?5ae942399644e0eebbfdcef2851c7631,INS,14550284,P,20260511094041,, HTTP/1.1" 200 116
190.95.1.187 - - [11/May/2026:10:35:26 -0300] "GET /cormun/servlet/hpexe_return? HTTP/1.1" 200 1036
190.95.1.187 - - [11/May/2026:10:35:27 -0300] "GET /cormun/servlet/trpermisosadjuntos?14550284,20260511094041,P, HTTP/1.1" 200 6853
190.95.1.187 - - [11/May/2026:10:35:29 -0300] "POST /cormun/servlet/trpermisosadjuntos?5ae942399644e0eebbfdcef2851c7631,14550284,20260511094041,P,,gx-no-cache=1778506834547 HTTP/1.1" 200 90
190.95.1.187 - - [11/May/2026:10:35:29 -0300] "GET /cormun/servlet/hpexe_link HTTP/1.1" 200 1003
190.95.1.187 - - [11/May/2026:10:35:29 -0300] "GET /cormun/servlet/trpermisosgoce?gx-no-cache=1778502565606 HTTP/1.1" 200 18433
190.95.1.187 - - [11/May/2026:10:35:31 -0300] "POST /cormun/servlet/trpermisosgoce?5ae942399644e0eebbfdcef2851c7631,gx-no-cache=1778502565606,gx-no-cache=1778506836943 HTTP/1.1" 200 15705
190.95.1.187 - - [11/May/2026:10:35:36 -0300] "GET /cormun/servlet/permisogoce?INS,0,,, HTTP/1.1" 200 6900
201.186.225.183 - - [11/May/2026:10:35:41 -0300] "GET /cormun/servlet/permisogoce?INS,0,,, HTTP/1.1" 200 6824
190.95.1.187 - - [11/May/2026:10:35:44 -0300] "GET /cormun/servlet/permisogoce?9832d35ba87f1da108a6d05d16866b4ae54e5abb8fd257af3ed46648f202e253642246f25cf5d75a4e4a565ab3c6eefb32a6a230562d6830a19d477907f6b70a,gx-no-cache=1778506849460 HTTP/1.1" 200 81
201.186.225.183 - - [11/May/2026:10:35:49 -0300] "GET /cormun/servlet/permisogoce?48b9bf15f90f0996d80f29246180271ad9389abcb35b262d355cacd02c4efd5bec4d6fd062a76858581e557123b5442395ec1e3bd51e637d4d07b9c94bb973d0,gx-no-cache=1778506859805 HTTP/1.1" 200 81
201.186.225.183 - - [11/May/2026:10:35:54 -0300] "GET /cormun/servlet/permisogoce?48b9bf15f90f0996d80f29246180271a0aaa15bd97918da13f5a33ceed0a40e1f7d8efab50ec0876279f33f9b6047418e3775d6a2e8e9718024274f54de3f0d6,gx-no-cache=1778506864968 HTTP/1.1" 200 48
190.95.1.187 - - [11/May/2026:10:35:55 -0300] "GET /cormun/servlet/permisogoce?9832d35ba87f1da108a6d05d16866b4a6ae58319dd833acd4a659a41494c9a11bb57640c240754c5b43d952ad9d83a486e532a5aeef4df0384b8d16a8c97990a,gx-no-cache=1778506860453 HTTP/1.1" 200 46
201.186.225.183 - - [11/May/2026:10:35:56 -0300] "POST /cormun/servlet/permisogoce?70586938d8546f7d4a7bb15e87577d08,INS,0,,,,gx-no-cache=1778506866543 HTTP/1.1" 200 93
201.186.225.183 - - [11/May/2026:10:35:56 -0300] "GET /cormun/servlet/hpexe_return? HTTP/1.1" 200 1006
201.186.225.183 - - [11/May/2026:10:35:56 -0300] "GET /cormun/servlet/trpermisosgoce HTTP/1.1" 200 18653
190.95.1.187 - - [11/May/2026:10:35:57 -0300] "POST /cormun/servlet/permisogoce?5ae942399644e0eebbfdcef2851c7631,INS,0,,,,gx-no-cache=1778506862454 HTTP/1.1" 200 93
190.95.1.187 - - [11/May/2026:10:35:57 -0300] "GET /cormun/servlet/hpexe_return? HTTP/1.1" 200 1030
190.95.1.187 - - [11/May/2026:10:35:57 -0300] "GET /cormun/servlet/trpermisosgoce?gx-no-cache=1778502565606 HTTP/1.1" 200 18421
201.186.225.183 - - [11/May/2026:10:35:59 -0300] "GET /cormun/servlet/apermisogoceprn?15995643,P,20260511094135,PU HTTP/1.1" 200 1654
190.95.1.187 - - [11/May/2026:10:36:05 -0300] "GET /cormun/servlet/trpermisosadjuntos?13427858,20260511094129,P, HTTP/1.1" 200 6359
201.186.225.183 - - [11/May/2026:10:36:05 -0300] "GET /cormun/servlet/permisogoce?INS,0,,, HTTP/1.1" 200 6825
190.95.1.187 - - [11/May/2026:10:36:06 -0300] "GET /cormun/servlet/permisosadjuntos?INS,13427858,P,20260511094129,, HTTP/1.1" 200 5651
190.95.1.187 - - [11/May/2026:10:36:07 -0300] "GET /cormun/static/about:blank HTTP/1.1" 404 1011
201.186.225.183 - - [11/May/2026:10:36:10 -0300] "GET /cormun/servlet/permisogoce?48b9bf15f90f0996d80f29246180271ad9389abcb35b262d355cacd02c4efd5bec4d6fd062a76858581e557123b5442395ec1e3bd51e637d4d07b9c94bb973d0,gx-no-cache=1778506880696 HTTP/1.1" 200 82
201.186.225.183 - - [11/May/2026:10:36:16 -0300] "GET /cormun/servlet/permisogoce?48b9bf15f90f0996d80f29246180271a0aaa15bd97918da13f5a33ceed0a40e1474916e92af3f133faf1b1e62792e4ffe3775d6a2e8e9718024274f54de3f0d6,gx-no-cache=1778506886207 HTTP/1.1" 200 49
201.186.225.183 - - [11/May/2026:10:36:17 -0300] "POST /cormun/servlet/permisogoce?70586938d8546f7d4a7bb15e87577d08,INS,0,,,,gx-no-cache=1778506887480 HTTP/1.1" 200 93
201.186.225.183 - - [11/May/2026:10:36:17 -0300] "GET /cormun/servlet/hpexe_return? HTTP/1.1" 200 1006
201.186.225.183 - - [11/May/2026:10:36:17 -0300] "GET /cormun/servlet/trpermisosgoce HTTP/1.1" 200 18624
190.95.1.187 - - [11/May/2026:10:36:17 -0300] "POST /cormun/servlet/permisosadjuntos?5ae942399644e0eebbfdcef2851c7631,INS,13427858,P,20260511094129,, HTTP/1.1" 200 116
190.95.1.187 - - [11/May/2026:10:36:17 -0300] "GET /cormun/servlet/hpexe_return? HTTP/1.1" 200 1036
190.95.1.187 - - [11/May/2026:10:36:17 -0300] "GET /cormun/servlet/trpermisosadjuntos?13427858,20260511094129,P, HTTP/1.1" 200 6832
190.95.1.187 - - [11/May/2026:10:36:20 -0300] "POST /cormun/servlet/trpermisosadjuntos?5ae942399644e0eebbfdcef2851c7631,13427858,20260511094129,P,,gx-no-cache=1778506885806 HTTP/1.1" 200 90
190.95.1.187 - - [11/May/2026:10:36:20 -0300] "GET /cormun/servlet/hpexe_link HTTP/1.1" 200 1002
190.95.1.187 - - [11/May/2026:10:36:20 -0300] "GET /cormun/servlet/trpermisosgoce?gx-no-cache=1778502565606 HTTP/1.1" 200 18418
201.186.225.183 - - [11/May/2026:10:36:21 -0300] "GET /cormun/servlet/apermisogoceprn?15995643,P,20260511094159,PU HTTP/1.1" 200 1654
190.95.1.187 - - [11/May/2026:10:36:23 -0300] "POST /cormun/servlet/trpermisosgoce?5ae942399644e0eebbfdcef2851c7631,gx-no-cache=1778502565606,gx-no-cache=1778506888113 HTTP/1.1" 200 15714
201.186.225.183 - - [11/May/2026:10:36:27 -0300] "GET /cormun/servlet/permisogoce?INS,0,,, HTTP/1.1" 200 6826
201.186.225.183 - - [11/May/2026:10:36:33 -0300] "GET /cormun/servlet/permisogoce?48b9bf15f90f0996d80f29246180271ad9389abcb35b262d355cacd02c4efd5bec4d6fd062a76858581e557123b5442395ec1e3bd51e637d4d07b9c94bb973d0,gx-no-cache=1778506903515 HTTP/1.1" 200 83
