200.126.117.15 - - [06/May/2026:11:07:45 -0300] "GET /cormun/servlet/solicitudotadjuntos?INS,2026,23543,,1, HTTP/1.1" 200 6379
200.126.117.15 - - [06/May/2026:11:07:45 -0300] "GET /cormun/static/about:blank HTTP/1.1" 404 1011
200.126.117.15 - - [06/May/2026:11:07:46 -0300] "GET /cormun/servlet/solicitudotadjuntos?9f9b4c618681b90d938dbff1bdca6f898c38edb606ccb5664fc284d9d1d6e3c98032053cd9a0dcae09616255d08c8a2f,gx-no-cache=1778076782394 HTTP/1.1" 200 30
200.126.117.15 - - [06/May/2026:11:07:46 -0300] "POST /cormun/servlet/solicitudotadjuntos?e1645c9241b04a75081b11968ff11ea7,INS,2026,23543,,1,,gx-no-cache=1778076782420 HTTP/1.1" 200 4155
190.95.67.93 - - [06/May/2026:11:07:47 -0300] "GET /cormun/servlet/permisogoce?INS,0,,, HTTP/1.1" 200 7224
200.126.117.15 - - [06/May/2026:11:07:52 -0300] "POST /cormun/servlet/solicitudotadjuntos?gx-no-cache=1778076788539 HTTP/1.1" 200 26
190.95.67.93 - - [06/May/2026:11:07:54 -0300] "GET /cormun/servlet/permisogoce?940351e74d4defac359f7f10a09618bb29f643c85165787f04707edf27a2dbb8f0806356f3174f464fbb37efbad68ae76397e22f037ebead23ee3456fb53b7de,gx-no-cache=1778076791870 HTTP/1.1" 200 74
190.95.67.93 - - [06/May/2026:11:07:56 -0300] "GET /cormun/static/menuarrow.gif HTTP/1.1" 404 1015
200.126.117.15 - - [06/May/2026:11:07:59 -0300] "GET /cormun/servlet/solicitudotadjuntos?9f9b4c618681b90d938dbff1bdca6f898b528277f800ff82a6e2d9bcba241fec,gx-no-cache=1778076795230 HTTP/1.1" 200 30
200.126.117.15 - - [06/May/2026:11:07:59 -0300] "GET /cormun/servlet/solicitudotadjuntos?9f9b4c618681b90d938dbff1bdca6f898b528277f800ff82a6e2d9bcba241fec,gx-no-cache=1778076795250 HTTP/1.1" 200 30
200.126.117.15 - - [06/May/2026:11:07:59 -0300] "POST /cormun/servlet/solicitudotadjuntos?e1645c9241b04a75081b11968ff11ea7,INS,2026,23543,,1, HTTP/1.1" 200 116
200.126.117.15 - - [06/May/2026:11:07:59 -0300] "GET /cormun/servlet/hpexe_return? HTTP/1.1" 200 1031
200.126.117.15 - - [06/May/2026:11:07:59 -0300] "GET /cormun/servlet/trsolicitudadjuntos?2026,23543, HTTP/1.1" 200 10621
190.95.67.93 - - [06/May/2026:11:08:01 -0300] "GET /cormun/servlet/permisogoce?940351e74d4defac359f7f10a09618bbfcdd549b6c09e5fa81ccf40faea2f56c2173d7f2056967a8c332a21cca5aaf6dad373e7fbe62d66411fb7b4150598fd8,gx-no-cache=1778076798428 HTTP/1.1" 200 46
190.95.67.93 - - [06/May/2026:11:08:04 -0300] "POST /cormun/servlet/permisogoce?b186dbac8af222722e06d34680bd7e51,INS,0,,,,gx-no-cache=1778076800814 HTTP/1.1" 200 93
190.95.67.93 - - [06/May/2026:11:08:04 -0300] "GET /cormun/servlet/hpexe_return? HTTP/1.1" 200 1006
190.95.67.93 - - [06/May/2026:11:08:04 -0300] "GET /cormun/servlet/trpermisosgoce HTTP/1.1" 200 17885
200.126.117.15 - - [06/May/2026:11:08:06 -0300] "GET /cormun/servlet/solicitudotadjuntos?INS,2026,23543,,1, HTTP/1.1" 200 6379
200.126.117.15 - - [06/May/2026:11:08:06 -0300] "GET /cormun/static/about:blank HTTP/1.1" 404 1011
200.126.117.15 - - [06/May/2026:11:08:07 -0300] "GET /cormun/servlet/solicitudotadjuntos?9f9b4c618681b90d938dbff1bdca6f898c38edb606ccb5664fc284d9d1d6e3c98032053cd9a0dcae09616255d08c8a2f,gx-no-cache=1778076803101 HTTP/1.1" 200 30
200.126.117.15 - - [06/May/2026:11:08:07 -0300] "POST /cormun/servlet/solicitudotadjuntos?e1645c9241b04a75081b11968ff11ea7,INS,2026,23543,,1,,gx-no-cache=1778076803126 HTTP/1.1" 200 4156
190.95.67.93 - - [06/May/2026:11:08:08 -0300] "GET /cormun/servlet/apermisogoceprn?19852529,P,20260506101352,PU HTTP/1.1" 200 1649
200.126.117.15 - - [06/May/2026:11:08:13 -0300] "POST /cormun/servlet/solicitudotadjuntos?gx-no-cache=1778076809267 HTTP/1.1" 200 26
200.126.117.15 - - [06/May/2026:11:08:22 -0300] "GET /cormun/servlet/solicitudotadjuntos?9f9b4c618681b90d938dbff1bdca6f898b528277f800ff82a6e2d9bcba241fec,gx-no-cache=1778076818266 HTTP/1.1" 200 30
200.126.117.15 - - [06/May/2026:11:08:22 -0300] "GET /cormun/servlet/solicitudotadjuntos?9f9b4c618681b90d938dbff1bdca6f898b528277f800ff82a6e2d9bcba241fec,gx-no-cache=1778076818345 HTTP/1.1" 200 30
200.126.117.15 - - [06/May/2026:11:08:22 -0300] "POST /cormun/servlet/solicitudotadjuntos?e1645c9241b04a75081b11968ff11ea7,INS,2026,23543,,1, HTTP/1.1" 200 116
200.126.117.15 - - [06/May/2026:11:08:22 -0300] "GET /cormun/servlet/hpexe_return? HTTP/1.1" 200 1031
200.126.117.15 - - [06/May/2026:11:08:22 -0300] "GET /cormun/servlet/trsolicitudadjuntos?2026,23543, HTTP/1.1" 200 10833
200.126.117.15 - - [06/May/2026:11:08:37 -0300] "POST /cormun/servlet/trsolicitudadjuntos?e1645c9241b04a75081b11968ff11ea7,2026,23543,,gx-no-cache=1778076833203 HTTP/1.1" 200 90
200.126.117.15 - - [06/May/2026:11:08:37 -0300] "GET /cormun/servlet/hpexe_link HTTP/1.1" 200 973
200.126.117.15 - - [06/May/2026:11:08:37 -0300] "GET /cormun/servlet/trsolicitudot HTTP/1.1" 200 8800
200.126.117.15 - - [06/May/2026:11:08:43 -0300] "POST /cormun/servlet/trsolicitudot?e1645c9241b04a75081b11968ff11ea7,gx-no-cache=1778076839861 HTTP/1.1" 200 107
200.126.117.15 - - [06/May/2026:11:08:44 -0300] "GET /cormun/servlet/trsolicitudadjuntos?2026,23543, HTTP/1.1" 200 10829
200.126.117.15 - - [06/May/2026:11:08:47 -0300] "POST /cormun/servlet/trsolicitudadjuntos?e1645c9241b04a75081b11968ff11ea7,2026,23543,,gx-no-cache=1778076842901 HTTP/1.1" 200 90
200.126.117.15 - - [06/May/2026:11:08:47 -0300] "GET /cormun/servlet/hpexe_link HTTP/1.1" 200 973
200.126.117.15 - - [06/May/2026:11:08:47 -0300] "GET /cormun/servlet/trsolicitudot HTTP/1.1" 200 8800
190.95.15.23 - - [06/May/2026:11:08:52 -0300] "GET /cormun/servlet/solicitudot?0a76a26698e3c70c4a813885469423ada80d323f3e7212928e5da1664cc1d085,gx-no-cache=1778076850223 HTTP/1.1" 200 94
190.95.15.23 - - [06/May/2026:11:08:52 -0300] "GET /cormun/static/Shared/jqueryui/images/ui-bg_highlight-soft_100_c6c2c8_1x100.png HTTP/1.1" 404 1117
190.95.15.23 - - [06/May/2026:11:08:52 -0300] "GET /cormun/static/Shared/jqueryui/images/ui-icons_82798d_256x240.png HTTP/1.1" 404 1089
190.95.15.23 - - [06/May/2026:11:08:52 -0300] "GET /cormun/static/Shared/jqueryui/images/ui-icons_ebccce_256x240.png HTTP/1.1" 404 1089
190.95.15.23 - - [06/May/2026:11:08:52 -0300] "GET /cormun/static/Shared/jqueryui/images/ui-bg_flat_55_994d53_40x100.png HTTP/1.1" 404 1097
190.95.15.23 - - [06/May/2026:11:08:52 -0300] "GET /cormun/servlet/solicitudot?0a76a26698e3c70c4a813885469423ad73fe405e0c81fadcb7a7cf0215a3f24c,gx-no-cache=1778076850375 HTTP/1.1" 200 29
190.95.15.23 - - [06/May/2026:11:08:53 -0300] "POST /cormun/servlet/solicitudot?gx-no-cache=1778076850394 HTTP/1.1" 200 297
190.95.15.23 - - [06/May/2026:11:08:53 -0300] "GET /cormun/servlet/solicitudot?0a76a26698e3c70c4a813885469423aded4e8c4826b55ee6bf0fc138f99baa9230885737c1184eb7e2fc88a313e218017c47445ebf2d1e115e0298b2452bfe326ed211bf1aae01225a8baa8b87900add15e72edc1dd722a89b7389ca21ee64b632cba0b51d04dd5d4e247d63dca730e8fff24e64cb8319d3aabd65f279af717b6c9bedd47a32facce110148404be5ed6e2a8d9af3e7d3002be0d36cb564b7991c4474615cce9060207b5572fbeeecd613370ad746c6bc517969f782b3f477d72cdf082dabd059c80dd24a0ea78119059b72a7d99c80626651e59e40661a3a763179c2b345c7283e2fcedd262940acd3fc121fa6cad8b8a7c8e9dea9d66c6ab34dfdc3d7e28ad88f32ddc000878d64be1b50f3f3350007144ed6d40fafdc080d6d03b46236d3bb720cb36725faf4f5269f8b8b7d0966cd2193ab3c707c70ee50db3a03484e10ace8081847c5fae3733a63ed1ff1a14ec35a1fddde886ff6dbfbdaa4477a5a6e66f82b853bb2e63d315cde202aab8621ec1b3ac91fd55c4241c749f12255b698729d794995df81d47c1a2,gx-no-cache=1778076850415 HTTP/1.1" 200 30
190.95.15.23 - - [06/May/2026:11:08:53 -0300] "POST /cormun/servlet/solicitudot?gx-no-cache=1778076850432 HTTP/1.1" 200 30
190.95.15.23 - - [06/May/2026:11:08:53 -0300] "POST /cormun/servlet/solicitudot?gx-no-cache=1778076850455 HTTP/1.1" 200 1479
190.95.15.23 - - [06/May/2026:11:08:53 -0300] "POST /cormun/servlet/solicitudot?gx-no-cache=1778076850481 HTTP/1.1" 200 38
190.95.15.23 - - [06/May/2026:11:08:53 -0300] "GET /cormun/servlet/solicitudot?0a76a26698e3c70c4a813885469423ad74d312d9c84daecab381cd9ab8b391e3ec22866b62a9fb8948c2aa5983a111814affb269c5bdc8a244fe3b029ad4caa02f84a8e58ee9863c282fc75935ca87b22f04a83e71608aebeb5e64ff21aa7b287e0ee344e1d6bd455689510096e19061,gx-no-cache=1778076850497 HTTP/1.1" 200 110
190.95.15.23 - - [06/May/2026:11:08:53 -0300] "POST /cormun/servlet/solicitudot?gx-no-cache=1778076850517 HTTP/1.1" 200 64
190.95.67.93 - - [06/May/2026:11:09:02 -0300] "GET /cormun/servlet/trpermisosadjuntos?13944228,20260427140006,P, HTTP/1.1" 200 7220
190.95.67.93 - - [06/May/2026:11:09:04 -0300] "POST /cormun/servlet/trpermisosadjuntos?b186dbac8af222722e06d34680bd7e51,13944228,20260427140006,P,,gx-no-cache=1778076861830 HTTP/1.1" 200 90
190.95.67.93 - - [06/May/2026:11:09:04 -0300] "GET /cormun/servlet/hpexe_link HTTP/1.1" 200 980
190.95.67.93 - - [06/May/2026:11:09:04 -0300] "GET /cormun/servlet/trpermisosgoce HTTP/1.1" 200 17882
190.95.67.93 - - [06/May/2026:11:09:09 -0300] "POST /cormun/servlet/trpermisosgoce?b186dbac8af222722e06d34680bd7e51,gx-no-cache=1778076866880 HTTP/1.1" 200 14923
190.95.67.93 - - [06/May/2026:11:09:17 -0300] "GET /cormun/servlet/trpermisosadjuntos?15994441,20260427163644,P, HTTP/1.1" 200 6658
190.95.67.93 - - [06/May/2026:11:09:19 -0300] "GET /cormun/servlet/permisosadjuntos?INS,15994441,P,20260427163644,, HTTP/1.1" 200 5990
190.95.67.93 - - [06/May/2026:11:09:19 -0300] "GET /cormun/static/about:blank HTTP/1.1" 404 1011
190.95.15.23 - - [06/May/2026:11:09:28 -0300] "GET /cormun/servlet/solicitudot?0a76a26698e3c70c4a813885469423ada6c0df034b3b48047b9e2d67ddfc31df,gx-no-cache=1778076885474 HTTP/1.1" 200 103
190.95.15.23 - - [06/May/2026:11:09:32 -0300] "POST /cormun/servlet/solicitudot?gx-no-cache=1778076889914 HTTP/1.1" 200 255
190.95.67.93 - - [06/May/2026:11:09:35 -0300] "POST /cormun/servlet/permisosadjuntos?b186dbac8af222722e06d34680bd7e51,INS,15994441,P,20260427163644,, HTTP/1.1" 200 116
190.95.67.93 - - [06/May/2026:11:09:35 -0300] "GET /cormun/servlet/hpexe_return? HTTP/1.1" 200 1035
190.95.67.93 - - [06/May/2026:11:09:35 -0300] "GET /cormun/servlet/trpermisosadjuntos?15994441,20260427163644,P, HTTP/1.1" 200 7248
190.95.67.93 - - [06/May/2026:11:09:38 -0300] "POST /cormun/servlet/trpermisosadjuntos?b186dbac8af222722e06d34680bd7e51,15994441,20260427163644,P,,gx-no-cache=1778076895302 HTTP/1.1" 200 90
190.95.67.93 - - [06/May/2026:11:09:38 -0300] "GET /cormun/servlet/hpexe_link HTTP/1.1" 200 1003
190.95.67.93 - - [06/May/2026:11:09:38 -0300] "GET /cormun/servlet/trpermisosgoce?gx-no-cache=1778076866880 HTTP/1.1" 200 17887
190.95.15.23 - - [06/May/2026:11:09:39 -0300] "GET /cormun/servlet/solicitudot?0a76a26698e3c70c4a813885469423aded4e8c4826b55ee6bf0fc138f99baa929d1695daf6024c2aa3d6ea8b65d8275d7c47445ebf2d1e115e0298b2452bfe326ed211bf1aae01225a8baa8b87900add15e72edc1dd722a89b7389ca21ee64b632cba0b51d04dd5d4e247d63dca730e8fff24e64cb8319d3aabd65f279af717b6c9bedd47a32facce110148404be5ed6e2a8d9af3e7d3002be0d36cb564b7991c4474615cce9060207b5572fbeeecd613370ad746c6bc517969f782b3f477d72cdf082dabd059c80dd24a0ea78119059b72a7d99c80626651e59e40661a3a763179c2b345c7283e2fcedd262940acd3f877345b7126c8bd9267d5cbcbb2f140bdfdc3d7e28ad88f32ddc000878d64be1365647b2587bb1aee11c60b0834666683edaad83be38e41a7421c0b5059a703eded082007a22d6bc24af8b76a167cf71995843b319c485ccf13322b1af061947136043a4909dfd71462a189d98ee51b6f8f13c47052124caa39a5a331ac4381f33e9db8982ce1a7fd1444d445e587c9e,gx-no-cache=1778076897067 HTTP/1.1" 200 30
190.95.67.93 - - [06/May/2026:11:09:42 -0300] "POST /cormun/servlet/trpermisosgoce?b186dbac8af222722e06d34680bd7e51,gx-no-cache=1778076866880,gx-no-cache=1778076899215 HTTP/1.1" 200 14921
190.95.67.93 - - [06/May/2026:11:09:50 -0300] "GET /cormun/servlet/trpermisosadjuntos?17506712,20260422082707,P, HTTP/1.1" 200 6677
190.95.67.93 - - [06/May/2026:11:09:52 -0300] "GET /cormun/servlet/permisosadjuntos?INS,17506712,P,20260422082707,, HTTP/1.1" 200 5983
190.95.67.93 - - [06/May/2026:11:09:52 -0300] "GET /cormun/static/about:blank HTTP/1.1" 404 1011
190.95.67.93 - - [06/May/2026:11:09:58 -0300] "POST /cormun/servlet/permisosadjuntos?b186dbac8af222722e06d34680bd7e51,INS,17506712,P,20260422082707,, HTTP/1.1" 200 116
190.95.67.93 - - [06/May/2026:11:09:58 -0300] "GET /cormun/servlet/hpexe_return? HTTP/1.1" 200 1034
190.95.67.93 - - [06/May/2026:11:09:58 -0300] "GET /cormun/servlet/trpermisosadjuntos?17506712,20260422082707,P, HTTP/1.1" 200 7229
190.95.67.93 - - [06/May/2026:11:10:01 -0300] "POST /cormun/servlet/trpermisosadjuntos?b186dbac8af222722e06d34680bd7e51,17506712,20260422082707,P,,gx-no-cache=1778076918862 HTTP/1.1" 200 90
190.95.67.93 - - [06/May/2026:11:10:01 -0300] "GET /cormun/servlet/hpexe_link HTTP/1.1" 200 1002
190.95.67.93 - - [06/May/2026:11:10:01 -0300] "GET /cormun/servlet/trpermisosgoce?gx-no-cache=1778076866880 HTTP/1.1" 200 17878
190.95.67.93 - - [06/May/2026:11:10:09 -0300] "POST /cormun/servlet/trpermisosgoce?b186dbac8af222722e06d34680bd7e51,gx-no-cache=1778076866880,gx-no-cache=1778076926176 HTTP/1.1" 200 14918
190.95.67.93 - - [06/May/2026:11:10:59 -0300] "GET /cormun/servlet/trpermisosadjuntos?14332274,20260427125331,P, HTTP/1.1" 200 6672
190.95.67.93 - - [06/May/2026:11:11:02 -0300] "GET /cormun/servlet/permisosadjuntos?INS,14332274,P,20260427125331,, HTTP/1.1" 200 5982
190.95.67.93 - - [06/May/2026:11:11:02 -0300] "GET /cormun/static/about:blank HTTP/1.1" 404 1011
190.95.67.93 - - [06/May/2026:11:11:12 -0300] "POST /cormun/servlet/permisosadjuntos?b186dbac8af222722e06d34680bd7e51,INS,14332274,P,20260427125331,, HTTP/1.1" 200 116
190.95.67.93 - - [06/May/2026:11:11:13 -0300] "GET /cormun/servlet/hpexe_return? HTTP/1.1" 200 1034
190.95.67.93 - - [06/May/2026:11:11:13 -0300] "GET /cormun/servlet/trpermisosadjuntos?14332274,20260427125331,P, HTTP/1.1" 200 7228
190.95.67.93 - - [06/May/2026:11:11:16 -0300] "POST /cormun/servlet/trpermisosadjuntos?b186dbac8af222722e06d34680bd7e51,14332274,20260427125331,P,,gx-no-cache=1778076993678 HTTP/1.1" 200 90
190.95.67.93 - - [06/May/2026:11:11:16 -0300] "GET /cormun/servlet/hpexe_link HTTP/1.1" 200 1002
190.95.67.93 - - [06/May/2026:11:11:16 -0300] "GET /cormun/servlet/trpermisosgoce?gx-no-cache=1778076866880 HTTP/1.1" 200 17860
190.95.67.93 - - [06/May/2026:11:11:24 -0300] "POST /cormun/servlet/trpermisosgoce?b186dbac8af222722e06d34680bd7e51,gx-no-cache=1778076866880,gx-no-cache=1778077000848 HTTP/1.1" 200 14919
190.95.67.93 - - [06/May/2026:11:11:29 -0300] "GET /cormun/servlet/trpermisosadjuntos?13945553,20260428132133,P, HTTP/1.1" 200 6670
190.95.67.93 - - [06/May/2026:11:11:32 -0300] "GET /cormun/servlet/permisosadjuntos?INS,13945553,P,20260428132133,, HTTP/1.1" 200 5983
190.95.67.93 - - [06/May/2026:11:11:32 -0300] "GET /cormun/static/about:blank HTTP/1.1" 404 1011
190.95.67.93 - - [06/May/2026:11:11:41 -0300] "POST /cormun/servlet/permisosadjuntos?b186dbac8af222722e06d34680bd7e51,INS,13945553,P,20260428132133,, HTTP/1.1" 200 116
190.95.67.93 - - [06/May/2026:11:11:41 -0300] "GET /cormun/servlet/hpexe_return? HTTP/1.1" 200 1034
190.95.67.93 - - [06/May/2026:11:11:41 -0300] "GET /cormun/servlet/trpermisosadjuntos?13945553,20260428132133,P, HTTP/1.1" 200 7223
190.95.67.93 - - [06/May/2026:11:11:44 -0300] "POST /cormun/servlet/trpermisosadjuntos?b186dbac8af222722e06d34680bd7e51,13945553,20260428132133,P,,gx-no-cache=1778077021502 HTTP/1.1" 200 90
190.95.67.93 - - [06/May/2026:11:11:44 -0300] "GET /cormun/servlet/hpexe_link HTTP/1.1" 200 1002
190.95.67.93 - - [06/May/2026:11:11:44 -0300] "GET /cormun/servlet/trpermisosgoce?gx-no-cache=1778076866880 HTTP/1.1" 200 17880
190.95.67.93 - - [06/May/2026:11:11:52 -0300] "POST /cormun/servlet/trpermisosgoce?b186dbac8af222722e06d34680bd7e51,gx-no-cache=1778076866880,gx-no-cache=1778077028960 HTTP/1.1" 200 14902
200.126.117.15 - - [06/May/2026:11:11:53 -0300] "POST /cormun/servlet/trsolicitudot?e1645c9241b04a75081b11968ff11ea7,gx-no-cache=1778077029297 HTTP/1.1" 200 113
200.126.117.15 - - [06/May/2026:11:11:53 -0300] "GET /cormun/servlet/solicitudot?UPD,2026,23543,false, HTTP/1.1" 200 16996
200.126.117.15 - - [06/May/2026:11:11:54 -0300] "POST /cormun/servlet/solicitudot?gx-no-cache=1778077030257 HTTP/1.1" 200 4122
200.126.117.15 - - [06/May/2026:11:11:54 -0300] "POST /cormun/servlet/solicitudot?e1645c9241b04a75081b11968ff11ea7,UPD,2026,23543,false,,gx-no-cache=1778077030566 HTTP/1.1" 200 13097
200.126.117.15 - - [06/May/2026:11:11:54 -0300] "GET /cormun/servlet/solicitudot?9f9b4c618681b90d938dbff1bdca6f89a39176df87e77b258a65b97cadcba2a80454bb85f99ec1b0ad44ed7d0b08c3a6,gx-no-cache=1778077030794 HTTP/1.1" 200 30
200.126.117.15 - - [06/May/2026:11:11:54 -0300] "GET /cormun/servlet/solicitudot?9f9b4c618681b90d938dbff1bdca6f894fbb4aa53cecabb4f950c357bd28c2b3a294a52a4201f9c1e6272a81aac46af8a953a7eded7ea9ebd308244f2af91b10,gx-no-cache=1778077030814 HTTP/1.1" 200 30
200.126.117.15 - - [06/May/2026:11:11:54 -0300] "GET /cormun/servlet/solicitudot?9f9b4c618681b90d938dbff1bdca6f89d12626436c6ae7ff18386345c81ad36a16489ca6d9d09ad22607a4a7c7918035,gx-no-cache=1778077030844 HTTP/1.1" 200 45
200.126.117.15 - - [06/May/2026:11:11:54 -0300] "POST /cormun/servlet/solicitudot?gx-no-cache=1778077030889 HTTP/1.1" 200 257
200.126.117.15 - - [06/May/2026:11:11:54 -0300] "GET /cormun/servlet/solicitudot?9f9b4c618681b90d938dbff1bdca6f897827404fd07d9f9a44e38f5d149afc7e2c2665138bee77f4796d41ee98e2cec25cd63ca151f09b879700213a82ec9094ef972647276410146933f7941c0faee6d9cf07613c4f7b8d1595a56af4f69bac11f85dc548b455fcfb901a58f2abd2269b1c6a2608253551e98e7f096281da8d8b03bdf42b87b60e4a85d8130ba974c3a708fa531f6a8b6dbb46a59a85566b3e915bc050df49240cb9ca4e905b0f6157de15f1e751c97d72bb83728dd6d08fefc189563e7db83c492c24f3651690f66e0e4f36125076f5c9b956cbda57fa43d99500e5a1be34364b77c753be9500d62740bd250f7c49638591194b10de077abb1ac669e14fdec3ea2c11a64eadd118f7033518f6131fcd4193f1209347a596152898e177d611558e6e672a9f0c88d9dbb561207aa44526eeff020556b29951e80e2ee791fa50e74d229d4c2f6b3eae06972e035e341826a29f1fdb81df47fdb1c8793ab673ebeea1c6766c2dcb247b1c47a35b4a4e3fb8f89b7ea879c37f034b,gx-no-cache=1778077030913 HTTP/1.1" 200 30
200.126.117.15 - - [06/May/2026:11:11:55 -0300] "POST /cormun/servlet/solicitudot?gx-no-cache=1778077030950 HTTP/1.1" 200 30
200.126.117.15 - - [06/May/2026:11:11:55 -0300] "POST /cormun/servlet/solicitudot?gx-no-cache=1778077031049 HTTP/1.1" 200 1481
200.126.117.15 - - [06/May/2026:11:11:55 -0300] "POST /cormun/servlet/solicitudot?gx-no-cache=1778077031390 HTTP/1.1" 200 41
200.126.117.15 - - [06/May/2026:11:11:57 -0300] "GET /cormun/servlet/solicitudot?9f9b4c618681b90d938dbff1bdca6f89a8d4679762700841efa011131853b8013f048b2585ec7ab64e0f2ab2f945d75bfaedcd167e1eadb60ef2ac9fd501fd253c50d2cc98c29d1954f3e54e065c4f55cdd55b5786b6ee7f4bd82b56cf865c5308a9304155e64b239da19f0564c9f912,gx-no-cache=1778077033019 HTTP/1.1" 200 110
200.126.117.15 - - [06/May/2026:11:11:57 -0300] "POST /cormun/servlet/solicitudot?gx-no-cache=1778077033111 HTTP/1.1" 200 64
200.126.117.15 - - [06/May/2026:11:11:57 -0300] "GET /cormun/servlet/solicitudot?9f9b4c618681b90d938dbff1bdca6f89f11cc16de7a547fe79aeb11baa59c76ec4e78aaeb16178df87d1d5b089cb851a25d4cf4c61213dc6df02c55630b280cba2ac0189e16b1c4a34a0d0555eeede423c6c95133cf6e8d1cd35329e97c73c07a9d94ec5a30e2d91bb512ef8614cd156,gx-no-cache=1778077033260 HTTP/1.1" 200 29
200.126.117.15 - - [06/May/2026:11:11:57 -0300] "GET /cormun/servlet/solicitudot?9f9b4c618681b90d938dbff1bdca6f89276898c2448bff4a948e72754670bc2a4e1fa9970e26acb79d4dfae50b5543a4,gx-no-cache=1778077033382 HTTP/1.1" 200 30
200.126.117.15 - - [06/May/2026:11:12:01 -0300] "GET /cormun/servlet/solicitudot?9f9b4c618681b90d938dbff1bdca6f89a8d4679762700841efa011131853b8013f048b2585ec7ab64e0f2ab2f945d75bfaedcd167e1eadb60ef2ac9fd501fd253c50d2cc98c29d1954f3e54e065c4f55cdd55b5786b6ee7f4bd82b56cf865c5308a9304155e64b239da19f0564c9f912,gx-no-cache=1778077037078 HTTP/1.1" 200 110
190.95.67.93 - - [06/May/2026:11:12:02 -0300] "GET /cormun/servlet/trpermisosadjuntos?13343984,20260429080906,P, HTTP/1.1" 200 6675
190.95.67.93 - - [06/May/2026:11:12:03 -0300] "GET /cormun/servlet/permisosadjuntos?INS,13343984,P,20260429080906,, HTTP/1.1" 200 5985
190.95.67.93 - - [06/May/2026:11:12:04 -0300] "GET /cormun/static/about:blank HTTP/1.1" 404 1011
190.95.67.93 - - [06/May/2026:11:12:11 -0300] "POST /cormun/servlet/permisosadjuntos?b186dbac8af222722e06d34680bd7e51,INS,13343984,P,20260429080906,, HTTP/1.1" 200 116
190.95.67.93 - - [06/May/2026:11:12:11 -0300] "GET /cormun/servlet/hpexe_return? HTTP/1.1" 200 1033
190.95.67.93 - - [06/May/2026:11:12:11 -0300] "GET /cormun/servlet/trpermisosadjuntos?13343984,20260429080906,P, HTTP/1.1" 200 7219
190.95.67.93 - - [06/May/2026:11:12:13 -0300] "POST /cormun/servlet/trpermisosadjuntos?b186dbac8af222722e06d34680bd7e51,13343984,20260429080906,P,,gx-no-cache=1778077050846 HTTP/1.1" 200 90
190.95.67.93 - - [06/May/2026:11:12:13 -0300] "GET /cormun/servlet/hpexe_link HTTP/1.1" 200 1001
190.95.67.93 - - [06/May/2026:11:12:13 -0300] "GET /cormun/servlet/trpermisosgoce?gx-no-cache=1778076866880 HTTP/1.1" 200 17862
190.95.67.93 - - [06/May/2026:11:12:18 -0300] "POST /cormun/servlet/trpermisosgoce?b186dbac8af222722e06d34680bd7e51,gx-no-cache=1778076866880,gx-no-cache=1778077055664 HTTP/1.1" 200 14912
190.95.67.93 - - [06/May/2026:11:12:25 -0300] "GET /cormun/servlet/trpermisosadjuntos?10452599,20260429081413,P, HTTP/1.1" 200 6671
190.95.67.93 - - [06/May/2026:11:12:29 -0300] "GET /cormun/servlet/permisosadjuntos?INS,10452599,P,20260429081413,, HTTP/1.1" 200 5981
190.95.67.93 - - [06/May/2026:11:12:29 -0300] "GET /cormun/static/about:blank HTTP/1.1" 404 1011
190.95.67.93 - - [06/May/2026:11:12:36 -0300] "POST /cormun/servlet/permisosadjuntos?b186dbac8af222722e06d34680bd7e51,INS,10452599,P,20260429081413,, HTTP/1.1" 200 116
190.95.67.93 - - [06/May/2026:11:12:36 -0300] "GET /cormun/servlet/hpexe_return? HTTP/1.1" 200 1034
190.95.67.93 - - [06/May/2026:11:12:36 -0300] "GET /cormun/servlet/trpermisosadjuntos?10452599,20260429081413,P, HTTP/1.1" 200 7216
190.95.67.93 - - [06/May/2026:11:12:38 -0300] "POST /cormun/servlet/trpermisosadjuntos?b186dbac8af222722e06d34680bd7e51,10452599,20260429081413,P,,gx-no-cache=1778077075790 HTTP/1.1" 200 90
190.95.67.93 - - [06/May/2026:11:12:38 -0300] "GET /cormun/servlet/hpexe_link HTTP/1.1" 200 1002
190.95.67.93 - - [06/May/2026:11:12:38 -0300] "GET /cormun/servlet/trpermisosgoce?gx-no-cache=1778076866880 HTTP/1.1" 200 17856
190.95.67.93 - - [06/May/2026:11:12:43 -0300] "POST /cormun/servlet/trpermisosgoce?b186dbac8af222722e06d34680bd7e51,gx-no-cache=1778076866880,gx-no-cache=1778077080615 HTTP/1.1" 200 14910
74.244.107.161 - - [06/May/2026:11:12:44 -0300] "GET /cormun/servlet/trsolicitudot? HTTP/1.1" 200 6333
74.244.107.161 - - [06/May/2026:11:12:44 -0300] "GET /cormun/static/gxcfg.js?20221129846531 HTTP/1.1" 200 953
74.244.107.161 - - [06/May/2026:11:12:44 -0300] "GET /cormun/static/Resources/PXTools/calendar.png HTTP/1.1" 200 1306
74.244.107.161 - - [06/May/2026:11:12:44 -0300] "GET /cormun/static/trsolicitudot.js?202211298465651 HTTP/1.1" 200 54040
74.244.107.161 - - [06/May/2026:11:12:44 -0300] "GET /cormun/servlet/hlogin HTTP/1.1" 200 1743
74.244.107.161 - - [06/May/2026:11:12:46 -0300] "POST /cormun/servlet/hlogin?aec7e097acd5d65e41c2f270dc98c2ca,gx-no-cache=1778077083827 HTTP/1.1" 200 90
74.244.107.161 - - [06/May/2026:11:12:46 -0300] "GET /cormun/servlet/hpexe_link HTTP/1.1" 200 959
74.244.107.161 - - [06/May/2026:11:12:46 -0300] "GET /cormun/servlet/trsolicitudot HTTP/1.1" 200 8805
74.244.107.161 - - [06/May/2026:11:12:46 -0300] "GET /cormun//static/Resources/PXToolsActionView.png HTTP/1.1" 200 398
74.244.107.161 - - [06/May/2026:11:12:46 -0300] "GET /cormun//static/Resources/PXToolsGridUpdate.png HTTP/1.1" 200 470
74.244.107.161 - - [06/May/2026:11:12:46 -0300] "GET /cormun//static/Resources/PXToolsGridDelete.png HTTP/1.1" 200 538
74.244.107.161 - - [06/May/2026:11:12:47 -0300] "GET /cormun//static/Resources/PXToolsRemoveAllAction.png HTTP/1.1" 200 487
74.244.107.161 - - [06/May/2026:11:12:47 -0300] "GET /cormun//static/Resources/PXTools/ActionInsert.png HTTP/1.1" 200 1482
190.95.67.93 - - [06/May/2026:11:12:55 -0300] "GET /cormun/servlet/trpermisosadjuntos?10452599,20260430090818,P, HTTP/1.1" 200 6672
190.95.67.93 - - [06/May/2026:11:12:56 -0300] "GET /cormun/servlet/permisosadjuntos?INS,10452599,P,20260430090818,, HTTP/1.1" 200 5982
190.95.67.93 - - [06/May/2026:11:12:56 -0300] "GET /cormun/static/about:blank HTTP/1.1" 404 1011
74.244.107.161 - - [06/May/2026:11:12:57 -0300] "GET /cormun/servlet/solicitudot?INS,0,0,false, HTTP/1.1" 200 16392
74.244.107.161 - - [06/May/2026:11:12:57 -0300] "GET /cormun/static/Resources/prompt.gif HTTP/1.1" 200 902
74.244.107.161 - - [06/May/2026:11:12:57 -0300] "GET /cormun/static/gxcfg.js?20221129840861 HTTP/1.1" 200 953
74.244.107.161 - - [06/May/2026:11:12:57 -0300] "GET /cormun/static/solicitudot.js?20221129840983 HTTP/1.1" 200 74072
74.244.107.161 - - [06/May/2026:11:13:06 -0300] "POST /cormun/servlet/solicitudot?gx-no-cache=1778077103983 HTTP/1.1" 200 4063
74.244.107.161 - - [06/May/2026:11:13:07 -0300] "POST /cormun/servlet/solicitudot?aec7e097acd5d65e41c2f270dc98c2ca,INS,0,0,false,,gx-no-cache=1778077104183 HTTP/1.1" 200 12931
74.244.107.161 - - [06/May/2026:11:13:07 -0300] "GET /cormun/servlet/solicitudot?8963fefa34edd72881b86ed6d27b7c84aa29dfb443162df73c07e19321b0a3b151c0f2df8fed442387d1db1229369f2c,gx-no-cache=1778077104659 HTTP/1.1" 200 111
74.244.107.161 - - [06/May/2026:11:13:07 -0300] "GET /cormun/static/Shared/jqueryui/images/ui-icons_82798d_256x240.png HTTP/1.1" 404 1089
74.244.107.161 - - [06/May/2026:11:13:07 -0300] "GET /cormun/static/Shared/jqueryui/images/ui-bg_highlight-soft_100_c6c2c8_1x100.png HTTP/1.1" 404 1117
74.244.107.161 - - [06/May/2026:11:13:07 -0300] "GET /cormun/static/Shared/jqueryui/images/ui-bg_flat_55_994d53_40x100.png HTTP/1.1" 404 1097
74.244.107.161 - - [06/May/2026:11:13:07 -0300] "GET /cormun/static/Shared/jqueryui/images/ui-icons_ebccce_256x240.png HTTP/1.1" 404 1089
190.95.67.93 - - [06/May/2026:11:13:08 -0300] "POST /cormun/servlet/permisosadjuntos?b186dbac8af222722e06d34680bd7e51,INS,10452599,P,20260430090818,, HTTP/1.1" 200 116
190.95.67.93 - - [06/May/2026:11:13:08 -0300] "GET /cormun/servlet/hpexe_return? HTTP/1.1" 200 1034
190.95.67.93 - - [06/May/2026:11:13:08 -0300] "GET /cormun/servlet/trpermisosadjuntos?10452599,20260430090818,P, HTTP/1.1" 200 7219
74.244.107.161 - - [06/May/2026:11:13:10 -0300] "GET /cormun/servlet/solicitudot?8963fefa34edd72881b86ed6d27b7c843e40c2f1b2379117194308aefa235b8b9832339dd2f965937a72108fd69ac1b1,gx-no-cache=1778077108161 HTTP/1.1" 200 30
190.95.67.93 - - [06/May/2026:11:13:11 -0300] "POST /cormun/servlet/trpermisosadjuntos?b186dbac8af222722e06d34680bd7e51,10452599,20260430090818,P,,gx-no-cache=1778077108383 HTTP/1.1" 200 90
190.95.67.93 - - [06/May/2026:11:13:11 -0300] "GET /cormun/servlet/hpexe_link HTTP/1.1" 200 1002
190.95.67.93 - - [06/May/2026:11:13:11 -0300] "GET /cormun/servlet/trpermisosgoce?gx-no-cache=1778076866880 HTTP/1.1" 200 17853
190.95.67.93 - - [06/May/2026:11:13:15 -0300] "POST /cormun/servlet/trpermisosgoce?b186dbac8af222722e06d34680bd7e51,gx-no-cache=1778076866880,gx-no-cache=1778077112120 HTTP/1.1" 200 14915
74.244.107.161 - - [06/May/2026:11:13:30 -0300] "GET /cormun/static/Resources/resize.gif HTTP/1.1" 200 77
74.244.107.161 - - [06/May/2026:11:13:30 -0300] "GET /cormun/static/Resources/PXTools/ClosePrompt.png HTTP/1.1" 200 1036
74.244.107.161 - - [06/May/2026:11:13:31 -0300] "GET /cormun/servlet/prfichaempleado?,MD,,gxPopupLevel%3D0%3B HTTP/1.1" 200 9302
74.244.107.161 - - [06/May/2026:11:13:31 -0300] "GET /cormun/static/Resources/PXToolsMenuSearch.png HTTP/1.1" 200 336
74.244.107.161 - - [06/May/2026:11:13:31 -0300] "GET /cormun/static/Resources/PXToolsMenuSearchCancel.png HTTP/1.1" 200 306
74.244.107.161 - - [06/May/2026:11:13:31 -0300] "GET /cormun/static/gxcfg.js?20201215571085 HTTP/1.1" 200 953
74.244.107.161 - - [06/May/2026:11:13:31 -0300] "GET /cormun/static/prfichaempleado.js?20201215572193 HTTP/1.1" 200 16005
74.244.107.161 - - [06/May/2026:11:13:31 -0300] "GET /cormun/static/menusearch.js?20201214473581 HTTP/1.1" 200 1424
74.244.107.161 - - [06/May/2026:11:13:31 -0300] "GET /cormun/static/hmpwkw011.js?202211298443482 HTTP/1.1" 200 1968
74.244.107.161 - - [06/May/2026:11:13:59 -0300] "GET /cormun/servlet/trsolicitudot? HTTP/1.1" 200 8804
74.244.107.161 - - [06/May/2026:11:14:01 -0300] "GET /cormun/servlet/solicitudot?INS,0,0,false, HTTP/1.1" 200 16390
190.95.67.93 - - [06/May/2026:11:14:14 -0300] "GET /cormun/servlet/trpermisosadjuntos?13944228,20260430155043,P, HTTP/1.1" 200 6677
74.244.107.161 - - [06/May/2026:11:14:17 -0300] "POST /cormun/servlet/solicitudot?gx-no-cache=1778077174546 HTTP/1.1" 200 4063
190.95.67.93 - - [06/May/2026:11:14:17 -0300] "GET /cormun/servlet/permisosadjuntos?INS,13944228,P,20260430155043,, HTTP/1.1" 200 5986
74.244.107.161 - - [06/May/2026:11:14:17 -0300] "POST /cormun/servlet/solicitudot?aec7e097acd5d65e41c2f270dc98c2ca,INS,0,0,false,,gx-no-cache=1778077174723 HTTP/1.1" 200 12931
190.95.67.93 - - [06/May/2026:11:14:17 -0300] "GET /cormun/static/about:blank HTTP/1.1" 404 1011
74.244.107.161 - - [06/May/2026:11:14:20 -0300] "GET /cormun/servlet/solicitudot?8963fefa34edd72881b86ed6d27b7c843e40c2f1b2379117194308aefa235b8b9832339dd2f965937a72108fd69ac1b1,gx-no-cache=1778077177324 HTTP/1.1" 200 30
190.95.67.93 - - [06/May/2026:11:14:27 -0300] "POST /cormun/servlet/permisosadjuntos?b186dbac8af222722e06d34680bd7e51,INS,13944228,P,20260430155043,, HTTP/1.1" 200 116
190.95.67.93 - - [06/May/2026:11:14:27 -0300] "GET /cormun/servlet/hpexe_return? HTTP/1.1" 200 1033
190.95.67.93 - - [06/May/2026:11:14:27 -0300] "GET /cormun/servlet/trpermisosadjuntos?13944228,20260430155043,P, HTTP/1.1" 200 7222
190.95.67.93 - - [06/May/2026:11:14:30 -0300] "POST /cormun/servlet/trpermisosadjuntos?b186dbac8af222722e06d34680bd7e51,13944228,20260430155043,P,,gx-no-cache=1778077187710 HTTP/1.1" 200 90
190.95.67.93 - - [06/May/2026:11:14:30 -0300] "GET /cormun/servlet/hpexe_link HTTP/1.1" 200 1001
190.95.67.93 - - [06/May/2026:11:14:30 -0300] "GET /cormun/servlet/trpermisosgoce?gx-no-cache=1778076866880 HTTP/1.1" 200 17881
190.95.67.93 - - [06/May/2026:11:14:38 -0300] "POST /cormun/servlet/trpermisosgoce?b186dbac8af222722e06d34680bd7e51,gx-no-cache=1778076866880,gx-no-cache=1778077195040 HTTP/1.1" 200 14909
192.168.10.19 - - [06/May/2026:11:14:44 -0300] "GET /cormun/servlet/hlogin HTTP/1.1" 200 1721
190.95.67.93 - - [06/May/2026:11:14:46 -0300] "GET /cormun/servlet/trpermisosadjuntos?13301971,20260504102556,P, HTTP/1.1" 200 6675
192.168.10.19 - - [06/May/2026:11:14:48 -0300] "POST /cormun/servlet/hlogin?8db945d7028543e08f3e64984b9f4978,gx-no-cache=1778077253790 HTTP/1.1" 200 90
192.168.10.19 - - [06/May/2026:11:14:48 -0300] "GET /cormun/servlet/hpexe_link HTTP/1.1" 200 953
192.168.10.19 - - [06/May/2026:11:14:49 -0300] "GET /cormun/servlet/hhome HTTP/1.1" 200 3842
192.168.10.19 - - [06/May/2026:11:14:51 -0300] "GET /cormun/servlet/trsolicitudgral? HTTP/1.1" 200 16981
190.95.67.93 - - [06/May/2026:11:14:51 -0300] "GET /cormun/servlet/permisosadjuntos?INS,13301971,P,20260504102556,, HTTP/1.1" 200 5977
190.95.67.93 - - [06/May/2026:11:14:52 -0300] "GET /cormun/static/about:blank HTTP/1.1" 404 1011
192.168.10.19 - - [06/May/2026:11:15:00 -0300] "POST /cormun/servlet/trsolicitudgral?8db945d7028543e08f3e64984b9f4978,,gx-no-cache=1778077265499 HTTP/1.1" 200 5253
190.95.67.93 - - [06/May/2026:11:15:01 -0300] "POST /cormun/servlet/permisosadjuntos?b186dbac8af222722e06d34680bd7e51,INS,13301971,P,20260504102556,, HTTP/1.1" 200 116
190.95.67.93 - - [06/May/2026:11:15:01 -0300] "GET /cormun/servlet/hpexe_return? HTTP/1.1" 200 1035
190.95.67.93 - - [06/May/2026:11:15:01 -0300] "GET /cormun/servlet/trpermisosadjuntos?13301971,20260504102556,P, HTTP/1.1" 200 7214
192.168.10.19 - - [06/May/2026:11:15:03 -0300] "POST /cormun/servlet/trsolicitudgral?8db945d7028543e08f3e64984b9f4978,,gx-no-cache=1778077268505 HTTP/1.1" 200 5252
190.95.67.93 - - [06/May/2026:11:15:04 -0300] "POST /cormun/servlet/trpermisosadjuntos?b186dbac8af222722e06d34680bd7e51,13301971,20260504102556,P,,gx-no-cache=1778077221622 HTTP/1.1" 200 90
190.95.67.93 - - [06/May/2026:11:15:04 -0300] "GET /cormun/servlet/hpexe_link HTTP/1.1" 200 1003
190.95.67.93 - - [06/May/2026:11:15:04 -0300] "GET /cormun/servlet/trpermisosgoce?gx-no-cache=1778076866880 HTTP/1.1" 200 17847
192.168.10.19 - - [06/May/2026:11:15:07 -0300] "GET /cormun/static/menuarrow.gif HTTP/1.1" 404 1015
190.95.67.93 - - [06/May/2026:11:15:08 -0300] "POST /cormun/servlet/trpermisosgoce?b186dbac8af222722e06d34680bd7e51,gx-no-cache=1778076866880,gx-no-cache=1778077225640 HTTP/1.1" 200 14886
192.168.10.19 - - [06/May/2026:11:15:09 -0300] "POST /cormun/servlet/trsolicitudgral?8db945d7028543e08f3e64984b9f4978,,gx-no-cache=1778077274993 HTTP/1.1" 200 5257
74.244.107.161 - - [06/May/2026:11:15:11 -0300] "GET /cormun/servlet/solicitudot?8963fefa34edd72881b86ed6d27b7c8432c4e17e06b9b927dc4aead17a57fa43,gx-no-cache=1778077228846 HTTP/1.1" 200 94
74.244.107.161 - - [06/May/2026:11:15:11 -0300] "GET /cormun/static/Shared/jqueryui/images/ui-bg_highlight-soft_100_c6c2c8_1x100.png HTTP/1.1" 404 1117
74.244.107.161 - - [06/May/2026:11:15:11 -0300] "GET /cormun/static/Shared/jqueryui/images/ui-icons_82798d_256x240.png HTTP/1.1" 404 1089
74.244.107.161 - - [06/May/2026:11:15:11 -0300] "GET /cormun/static/Shared/jqueryui/images/ui-bg_flat_55_994d53_40x100.png HTTP/1.1" 404 1097
74.244.107.161 - - [06/May/2026:11:15:11 -0300] "GET /cormun/static/Shared/jqueryui/images/ui-icons_ebccce_256x240.png HTTP/1.1" 404 1089
74.244.107.161 - - [06/May/2026:11:15:11 -0300] "GET /cormun/servlet/solicitudot?8963fefa34edd72881b86ed6d27b7c84e12a426a15a613cdf1068ab723d4683d,gx-no-cache=1778077228940 HTTP/1.1" 200 29
192.168.10.19 - - [06/May/2026:11:15:14 -0300] "POST /cormun/servlet/trsolicitudgral?8db945d7028543e08f3e64984b9f4978,,gx-no-cache=1778077279601 HTTP/1.1" 200 5255
190.95.67.93 - - [06/May/2026:11:15:16 -0300] "GET /cormun/servlet/trpermisosadjuntos?16492328,20260504162000,P, HTTP/1.1" 200 6675
190.95.67.93 - - [06/May/2026:11:15:18 -0300] "GET /cormun/servlet/permisosadjuntos?INS,16492328,P,20260504162000,, HTTP/1.1" 200 5984
190.95.67.93 - - [06/May/2026:11:15:18 -0300] "GET /cormun/static/about:blank HTTP/1.1" 404 1011
190.95.67.93 - - [06/May/2026:11:15:26 -0300] "POST /cormun/servlet/permisosadjuntos?b186dbac8af222722e06d34680bd7e51,INS,16492328,P,20260504162000,, HTTP/1.1" 200 116
190.95.67.93 - - [06/May/2026:11:15:26 -0300] "GET /cormun/servlet/hpexe_return? HTTP/1.1" 200 1035
190.95.67.93 - - [06/May/2026:11:15:26 -0300] "GET /cormun/servlet/trpermisosadjuntos?16492328,20260504162000,P, HTTP/1.1" 200 7226
190.95.67.93 - - [06/May/2026:11:15:29 -0300] "POST /cormun/servlet/trpermisosadjuntos?b186dbac8af222722e06d34680bd7e51,16492328,20260504162000,P,,gx-no-cache=1778077246670 HTTP/1.1" 200 90
190.95.67.93 - - [06/May/2026:11:15:29 -0300] "GET /cormun/servlet/hpexe_link HTTP/1.1" 200 1002
190.95.67.93 - - [06/May/2026:11:15:29 -0300] "GET /cormun/servlet/trpermisosgoce?gx-no-cache=1778076866880 HTTP/1.1" 200 17864
74.244.107.161 - - [06/May/2026:11:15:30 -0300] "POST /cormun/servlet/solicitudot?gx-no-cache=1778077247877 HTTP/1.1" 200 297
74.244.107.161 - - [06/May/2026:11:15:32 -0300] "GET /cormun/servlet/solicitudot?8963fefa34edd72881b86ed6d27b7c8492d1e0caed9e4c1f67657135736b700a5e06f39e5c6e063cdc8b11155bfb28e7e6c649ff41aee46b2179ead1427bcf7ea1d29b442931d74a2c71cd4ab7277f974d6d84c2781e9b9f739e670851fc855575580ddc6d2bd4164a11371edf1a6c5c1bf0d2f3f3e824369be9b96f34f3879ecde85886db60e7f20b8df8cbc57b9a55555757a6891e3239c3708366bb4adfd09740c1bd842e0c047facd70cbcd6a7553294c9dd7660af9d1b1c0ca4d9cb7508563b0753fa6c13a476914bc7fb4c06ee2afab5bd08e727c8c9544fbb7f734b8ff0ff6c1f9303e96fa6bc4e3c94422481d2bff7de3e747f1440c26e142d7780f5264cfddcab06d9cf8146b0eb5225438cb70afd773dacc7076ba9d0c5c690b5c7bfa5abf67879f2df8ff126701b70fe3ef6282a91c4bc74b45a3370a1e3d62e4e497273121f598d4cc5185082c882939926df599971f90aa5f44c56175aa6965faff9f087e7eeae21765ec0047141e98697bc463fb60faa330dcffd0ba350d3d3a5430788676e4e43cc3968e062d46042,gx-no-cache=1778077249270 HTTP/1.1" 200 30
190.95.67.93 - - [06/May/2026:11:15:34 -0300] "POST /cormun/servlet/trpermisosgoce?b186dbac8af222722e06d34680bd7e51,gx-no-cache=1778076866880,gx-no-cache=1778077250944 HTTP/1.1" 200 14895
74.244.107.161 - - [06/May/2026:11:15:39 -0300] "POST /cormun/servlet/solicitudot?gx-no-cache=1778077256202 HTTP/1.1" 200 30
74.244.107.161 - - [06/May/2026:11:15:40 -0300] "POST /cormun/servlet/solicitudot?gx-no-cache=1778077257610 HTTP/1.1" 200 1481
74.244.107.161 - - [06/May/2026:11:15:40 -0300] "POST /cormun/servlet/solicitudot?gx-no-cache=1778077257687 HTTP/1.1" 200 38
190.95.67.93 - - [06/May/2026:11:15:44 -0300] "GET /cormun/servlet/trpermisosadjuntos?9682951,20260430155335,P, HTTP/1.1" 200 6669
190.95.67.93 - - [06/May/2026:11:15:46 -0300] "GET /cormun/servlet/permisosadjuntos?INS,9682951,P,20260430155335,, HTTP/1.1" 200 5975
190.95.67.93 - - [06/May/2026:11:15:46 -0300] "GET /cormun/static/about:blank HTTP/1.1" 404 1011
74.244.107.161 - - [06/May/2026:11:15:55 -0300] "GET /cormun/servlet/solicitudot?8963fefa34edd72881b86ed6d27b7c84c749b14fd2842968b62005a1b488e90f0b4b1285280a48e613eade77bc119e08549b106f23c62cc06eea8dc8dcd1eb13795bdce47d126b476fa08d415b1f69710abf49e42c9cbf43c84ef592da475e4694c251203930e48dfadb9c50d025cfea,gx-no-cache=1778077272262 HTTP/1.1" 200 110
190.95.67.93 - - [06/May/2026:11:15:55 -0300] "POST /cormun/servlet/permisosadjuntos?b186dbac8af222722e06d34680bd7e51,INS,9682951,P,20260430155335,, HTTP/1.1" 200 116
190.95.67.93 - - [06/May/2026:11:15:55 -0300] "GET /cormun/servlet/hpexe_return? HTTP/1.1" 200 1034
190.95.67.93 - - [06/May/2026:11:15:55 -0300] "GET /cormun/servlet/trpermisosadjuntos?9682951,20260430155335,P, HTTP/1.1" 200 7217
190.95.67.93 - - [06/May/2026:11:15:58 -0300] "POST /cormun/servlet/trpermisosadjuntos?b186dbac8af222722e06d34680bd7e51,9682951,20260430155335,P,,gx-no-cache=1778077275846 HTTP/1.1" 200 90
190.95.67.93 - - [06/May/2026:11:15:58 -0300] "GET /cormun/servlet/hpexe_link HTTP/1.1" 200 1002
190.95.67.93 - - [06/May/2026:11:15:58 -0300] "GET /cormun/servlet/trpermisosgoce?gx-no-cache=1778076866880 HTTP/1.1" 200 17842
74.244.107.161 - - [06/May/2026:11:16:03 -0300] "POST /cormun/servlet/solicitudot?gx-no-cache=1778077280437 HTTP/1.1" 200 83
190.95.67.93 - - [06/May/2026:11:16:04 -0300] "POST /cormun/servlet/trpermisosgoce?b186dbac8af222722e06d34680bd7e51,gx-no-cache=1778076866880,gx-no-cache=1778077281128 HTTP/1.1" 200 14894
190.95.67.93 - - [06/May/2026:11:16:15 -0300] "GET /cormun/servlet/trpermisosadjuntos?17650925,20260504173719,P, HTTP/1.1" 200 6678
190.95.67.93 - - [06/May/2026:11:16:17 -0300] "GET /cormun/servlet/permisosadjuntos?INS,17650925,P,20260504173719,, HTTP/1.1" 200 5984
190.95.67.93 - - [06/May/2026:11:16:17 -0300] "GET /cormun/static/about:blank HTTP/1.1" 404 1011
190.95.67.93 - - [06/May/2026:11:16:25 -0300] "POST /cormun/servlet/permisosadjuntos?b186dbac8af222722e06d34680bd7e51,INS,17650925,P,20260504173719,, HTTP/1.1" 200 116
190.95.67.93 - - [06/May/2026:11:16:25 -0300] "GET /cormun/servlet/hpexe_return? HTTP/1.1" 200 1035
190.95.67.93 - - [06/May/2026:11:16:25 -0300] "GET /cormun/servlet/trpermisosadjuntos?17650925,20260504173719,P, HTTP/1.1" 200 7236
190.95.67.93 - - [06/May/2026:11:16:27 -0300] "POST /cormun/servlet/trpermisosadjuntos?b186dbac8af222722e06d34680bd7e51,17650925,20260504173719,P,,gx-no-cache=1778077304974 HTTP/1.1" 200 90
190.95.67.93 - - [06/May/2026:11:16:27 -0300] "GET /cormun/servlet/hpexe_link HTTP/1.1" 200 1003
190.95.67.93 - - [06/May/2026:11:16:28 -0300] "GET /cormun/servlet/trpermisosgoce?gx-no-cache=1778076866880 HTTP/1.1" 200 17870
74.244.107.161 - - [06/May/2026:11:16:31 -0300] "GET /cormun/servlet/prbanco?,MD,,gxPopupLevel%3D0%3B HTTP/1.1" 200 6743
74.244.107.161 - - [06/May/2026:11:16:31 -0300] "GET /cormun/static/gxcfg.js?20201216131581 HTTP/1.1" 200 953
74.244.107.161 - - [06/May/2026:11:16:31 -0300] "GET /cormun/static/prbanco.js?20201216132311 HTTP/1.1" 200 10693
190.95.67.93 - - [06/May/2026:11:16:32 -0300] "POST /cormun/servlet/trpermisosgoce?b186dbac8af222722e06d34680bd7e51,gx-no-cache=1778076866880,gx-no-cache=1778077309799 HTTP/1.1" 200 14890
74.244.107.161 - - [06/May/2026:11:16:39 -0300] "GET /cormun/servlet/solicitudot?8963fefa34edd72881b86ed6d27b7c845290032f95a2b574b497ba4fe484887867e1c6da113dd08689719677aa3c5fca1fe996c9ddaaad1ce8e67b12f9ed7374,gx-no-cache=1778077317169 HTTP/1.1" 200 30
190.95.67.93 - - [06/May/2026:11:16:41 -0300] "GET /cormun/servlet/trpermisosadjuntos?14202878,20260429081140,P, HTTP/1.1" 200 6679
190.95.67.93 - - [06/May/2026:11:16:43 -0300] "GET /cormun/servlet/permisosadjuntos?INS,14202878,P,20260429081140,, HTTP/1.1" 200 5989
190.95.67.93 - - [06/May/2026:11:16:43 -0300] "GET /cormun/static/about:blank HTTP/1.1" 404 1011
74.244.107.161 - - [06/May/2026:11:16:49 -0300] "GET /cormun/servlet/solicitudot?8963fefa34edd72881b86ed6d27b7c8469a7bf2920a755b9a814cc3f8f79ee33,gx-no-cache=1778077326977 HTTP/1.1" 200 53
74.244.107.161 - - [06/May/2026:11:16:49 -0300] "POST /cormun/servlet/solicitudot?gx-no-cache=1778077327034 HTTP/1.1" 200 30
74.244.107.161 - - [06/May/2026:11:16:49 -0300] "POST /cormun/servlet/solicitudot?gx-no-cache=1778077327092 HTTP/1.1" 200 1481
74.244.107.161 - - [06/May/2026:11:16:49 -0300] "POST /cormun/servlet/solicitudot?gx-no-cache=1778077327153 HTTP/1.1" 200 38
74.244.107.161 - - [06/May/2026:11:16:50 -0300] "GET /cormun/servlet/solicitudot?8963fefa34edd72881b86ed6d27b7c84c749b14fd2842968b62005a1b488e90f0b4b1285280a48e613eade77bc119e08549b106f23c62cc06eea8dc8dcd1eb13795bdce47d126b476fa08d415b1f69710abf49e42c9cbf43c84ef592da475e4694c251203930e48dfadb9c50d025cfea,gx-no-cache=1778077327218 HTTP/1.1" 200 110
74.244.107.161 - - [06/May/2026:11:16:50 -0300] "POST /cormun/servlet/solicitudot?gx-no-cache=1778077327277 HTTP/1.1" 200 83
74.244.107.161 - - [06/May/2026:11:16:50 -0300] "GET /cormun/servlet/solicitudot?8963fefa34edd72881b86ed6d27b7c84bf40d179cfcce9259bc65933755a1400041831f35ba5fcde859a634c65f0be05794aaa40ebce7aa121b4546628a838efa86132301a0afbcf67ba57057624c40a9f8af21abcacbdf0e97a36782b57d7e575ff8eac0df12b22b6e6c4352e18074e,gx-no-cache=1778077327335 HTTP/1.1" 200 29
74.244.107.161 - - [06/May/2026:11:16:50 -0300] "GET /cormun/static/menuarrow.gif HTTP/1.1" 404 1015
190.95.67.93 - - [06/May/2026:11:16:53 -0300] "POST /cormun/servlet/permisosadjuntos?b186dbac8af222722e06d34680bd7e51,INS,14202878,P,20260429081140,, HTTP/1.1" 200 116
190.95.67.93 - - [06/May/2026:11:16:53 -0300] "GET /cormun/servlet/hpexe_return? HTTP/1.1" 200 1033
190.95.67.93 - - [06/May/2026:11:16:53 -0300] "GET /cormun/servlet/trpermisosadjuntos?14202878,20260429081140,P, HTTP/1.1" 200 7224
74.244.107.161 - - [06/May/2026:11:16:54 -0300] "GET /cormun/servlet/solicitudot?8963fefa34edd72881b86ed6d27b7c8492d1e0caed9e4c1f67657135736b700a5e06f39e5c6e063cdc8b11155bfb28e7e6c649ff41aee46b2179ead1427bcf7ea1d29b442931d74a2c71cd4ab7277f974d6d84c2781e9b9f739e670851fc855575580ddc6d2bd4164a11371edf1a6c5c1bf0d2f3f3e824369be9b96f34f3879ecde85886db60e7f20b8df8cbc57b9a55555757a6891e3239c3708366bb4adfd09740c1bd842e0c047facd70cbcd6a7553294c9dd7660af9d1b1c0ca4d9cb7508563b0753fa6c13a476914bc7fb4c06ee2afab5bd08e727c8c9544fbb7f734b8ff0ff6c1f9303e96fa6bc4e3c94422481d2bff7de3e747f1440c26e142d7780f5264cfddcab06d9cf8146b0eb5225438cb70afd773dacc7076ba9d0c5c690b5c7bfa5abf67879f2df8ff126701b70fe3ef6282a91c4bc74b45a3370a1e3d62e4e497273121f598d4cc5185082c882939926df599971f90aa5f44c56175aa6965faff9f087e7eeae21765ec0047141e98689772849858adf3954c41d26b4dee0c5a5430788676e4e43cc3968e062d46042,gx-no-cache=1778077331537 HTTP/1.1" 200 30
74.244.107.161 - - [06/May/2026:11:16:54 -0300] "POST /cormun/servlet/solicitudot?gx-no-cache=1778077331585 HTTP/1.1" 200 30
74.244.107.161 - - [06/May/2026:11:16:54 -0300] "POST /cormun/servlet/solicitudot?gx-no-cache=1778077331642 HTTP/1.1" 200 1481
74.244.107.161 - - [06/May/2026:11:16:54 -0300] "POST /cormun/servlet/solicitudot?gx-no-cache=1778077331701 HTTP/1.1" 200 38
74.244.107.161 - - [06/May/2026:11:16:54 -0300] "GET /cormun/servlet/solicitudot?8963fefa34edd72881b86ed6d27b7c84c749b14fd2842968b62005a1b488e90f0b4b1285280a48e613eade77bc119e08549b106f23c62cc06eea8dc8dcd1eb13795bdce47d126b476fa08d415b1f69710abf49e42c9cbf43c84ef592da475e4694c251203930e48dfadb9c50d025cfea,gx-no-cache=1778077331754 HTTP/1.1" 200 110
74.244.107.161 - - [06/May/2026:11:16:54 -0300] "POST /cormun/servlet/solicitudot?gx-no-cache=1778077331803 HTTP/1.1" 200 83
190.95.67.93 - - [06/May/2026:11:16:55 -0300] "POST /cormun/servlet/trpermisosadjuntos?b186dbac8af222722e06d34680bd7e51,14202878,20260429081140,P,,gx-no-cache=1778077333006 HTTP/1.1" 200 90
190.95.67.93 - - [06/May/2026:11:16:55 -0300] "GET /cormun/servlet/hpexe_link HTTP/1.1" 200 1000
190.95.67.93 - - [06/May/2026:11:16:56 -0300] "GET /cormun/servlet/trpermisosgoce?gx-no-cache=1778076866880 HTTP/1.1" 200 17867
74.244.107.161 - - [06/May/2026:11:16:56 -0300] "GET /cormun/servlet/solicitudot?8963fefa34edd72881b86ed6d27b7c84250d84491f4e938ed2c5ab5f90904797583f7c48127bbdf6858a7daef5e069d9,gx-no-cache=1778077333473 HTTP/1.1" 200 30
190.95.67.93 - - [06/May/2026:11:17:01 -0300] "POST /cormun/servlet/trpermisosgoce?b186dbac8af222722e06d34680bd7e51,gx-no-cache=1778076866880,gx-no-cache=1778077337992 HTTP/1.1" 200 14883
74.244.107.161 - - [06/May/2026:11:17:07 -0300] "POST /cormun/servlet/solicitudot?gx-no-cache=1778077344819 HTTP/1.1" 200 30
190.95.67.93 - - [06/May/2026:11:17:07 -0300] "GET /cormun/servlet/trpermisosadjuntos?15126101,20260430081000,P, HTTP/1.1" 200 6664
190.95.67.93 - - [06/May/2026:11:17:09 -0300] "GET /cormun/servlet/permisosadjuntos?INS,15126101,P,20260430081000,, HTTP/1.1" 200 5979
190.95.67.93 - - [06/May/2026:11:17:09 -0300] "GET /cormun/static/about:blank HTTP/1.1" 404 1011
74.244.107.161 - - [06/May/2026:11:17:11 -0300] "POST /cormun/servlet/solicitudot?aec7e097acd5d65e41c2f270dc98c2ca,INS,0,0,false,,gx-no-cache=1778077348324 HTTP/1.1" 200 93
74.244.107.161 - - [06/May/2026:11:17:11 -0300] "GET /cormun/servlet/hpexe_return? HTTP/1.1" 200 1011
74.244.107.161 - - [06/May/2026:11:17:11 -0300] "GET /cormun/static/hpexe_return.js?20221129846037 HTTP/1.1" 200 1633
74.244.107.161 - - [06/May/2026:11:17:11 -0300] "GET /cormun/static/gxcfg.js?20221129846035 HTTP/1.1" 200 953
74.244.107.161 - - [06/May/2026:11:17:11 -0300] "GET /cormun/servlet/trsolicitudot HTTP/1.1" 200 9254
74.244.107.161 - - [06/May/2026:11:17:19 -0300] "POST /cormun/servlet/trsolicitudot?aec7e097acd5d65e41c2f270dc98c2ca,gx-no-cache=1778077356677 HTTP/1.1" 200 107
74.244.107.161 - - [06/May/2026:11:17:19 -0300] "GET /cormun/servlet/trsolicitudadjuntos?2026,23544, HTTP/1.1" 200 6439
74.244.107.161 - - [06/May/2026:11:17:19 -0300] "GET /cormun/static/Resources/PXToolsGridNew.png HTTP/1.1" 200 427
74.244.107.161 - - [06/May/2026:11:17:19 -0300] "GET /cormun/static/gxcfg.js?20201215574222 HTTP/1.1" 200 953
74.244.107.161 - - [06/May/2026:11:17:19 -0300] "GET /cormun/static/trsolicitudadjuntos.js?20201215574932 HTTP/1.1" 200 17921
190.95.67.93 - - [06/May/2026:11:17:21 -0300] "POST /cormun/servlet/permisosadjuntos?b186dbac8af222722e06d34680bd7e51,INS,15126101,P,20260430081000,, HTTP/1.1" 200 116
190.95.67.93 - - [06/May/2026:11:17:21 -0300] "GET /cormun/servlet/hpexe_return? HTTP/1.1" 200 1034
190.95.67.93 - - [06/May/2026:11:17:21 -0300] "GET /cormun/servlet/trpermisosadjuntos?15126101,20260430081000,P, HTTP/1.1" 200 7209
190.95.67.93 - - [06/May/2026:11:17:24 -0300] "POST /cormun/servlet/trpermisosadjuntos?b186dbac8af222722e06d34680bd7e51,15126101,20260430081000,P,,gx-no-cache=1778077361910 HTTP/1.1" 200 90
190.95.67.93 - - [06/May/2026:11:17:24 -0300] "GET /cormun/servlet/hpexe_link HTTP/1.1" 200 1002
190.95.67.93 - - [06/May/2026:11:17:25 -0300] "GET /cormun/servlet/trpermisosgoce?gx-no-cache=1778076866880 HTTP/1.1" 200 17850
190.95.67.93 - - [06/May/2026:11:17:29 -0300] "POST /cormun/servlet/trpermisosgoce?b186dbac8af222722e06d34680bd7e51,gx-no-cache=1778076866880,gx-no-cache=1778077366520 HTTP/1.1" 200 14854
190.95.67.93 - - [06/May/2026:11:17:39 -0300] "POST /cormun/servlet/trpermisosgoce?b186dbac8af222722e06d34680bd7e51,gx-no-cache=1778076866880,gx-no-cache=1778077376574 HTTP/1.1" 200 15999
190.95.67.93 - - [06/May/2026:11:17:39 -0300] "GET /cormun/static/Resources/PXToolsGridNext.gif HTTP/1.1" 200 369
190.95.67.93 - - [06/May/2026:11:17:39 -0300] "GET /cormun/static/Resources/PXToolsGridLast.gif HTTP/1.1" 200 370
74.244.107.161 - - [06/May/2026:11:17:44 -0300] "GET /cormun/servlet/solicitudotadjuntos?INS,2026,23544,,1, HTTP/1.1" 200 6386
74.244.107.161 - - [06/May/2026:11:17:44 -0300] "GET /cormun/static/gxcfg.js?202211298385187 HTTP/1.1" 200 953
74.244.107.161 - - [06/May/2026:11:17:44 -0300] "GET /cormun/static/about:blank HTTP/1.1" 404 1011
74.244.107.161 - - [06/May/2026:11:17:44 -0300] "GET /cormun/static/solicitudotadjuntos.js?202211298385196 HTTP/1.1" 200 11771
74.244.107.161 - - [06/May/2026:11:17:45 -0300] "GET /cormun/servlet/solicitudotadjuntos?8963fefa34edd72881b86ed6d27b7c84e5beb560b623e2b26ff83edb81e0622c284c935a5ea430f1575641bed53cbb97,gx-no-cache=1778077382708 HTTP/1.1" 200 30
74.244.107.161 - - [06/May/2026:11:17:45 -0300] "POST /cormun/servlet/solicitudotadjuntos?aec7e097acd5d65e41c2f270dc98c2ca,INS,2026,23544,,1,,gx-no-cache=1778077382760 HTTP/1.1" 200 4156
190.95.67.93 - - [06/May/2026:11:17:46 -0300] "GET /cormun/servlet/trpermisosadjuntos?21094082,20260401160938,P, HTTP/1.1" 200 6683
74.244.107.161 - - [06/May/2026:11:17:49 -0300] "POST /cormun/servlet/solicitudotadjuntos?gx-no-cache=1778077386435 HTTP/1.1" 200 26
190.95.67.93 - - [06/May/2026:11:17:50 -0300] "GET /cormun/servlet/permisosadjuntos?INS,21094082,P,20260401160938,, HTTP/1.1" 200 5995
190.95.67.93 - - [06/May/2026:11:17:50 -0300] "GET /cormun/static/about:blank HTTP/1.1" 404 1011
74.244.107.161 - - [06/May/2026:11:18:01 -0300] "GET /cormun/servlet/solicitudotadjuntos?8963fefa34edd72881b86ed6d27b7c84069dd4c6486b86ded360e910c99e5a11,gx-no-cache=1778077399138 HTTP/1.1" 200 30
