190.95.67.91 - - [06/May/2026:14:10:38 -0300] "POST /cormun/servlet/trautorizarsolicitud?eab0e3fa6f5eeaaa28de23321cc86e08,gx-no-cache=1778087755292 HTTP/1.1" 200 8375
190.95.1.185 - - [06/May/2026:14:10:40 -0300] "POST /cormun/servlet/trautorizarpermisogoce?a649ccf3d1ce74951e12cce2ea7f9622,,gx-no-cache=1778087757409 HTTP/1.1" 200 5285
190.95.67.91 - - [06/May/2026:14:10:41 -0300] "POST /cormun/servlet/trautorizarsolicitud?eab0e3fa6f5eeaaa28de23321cc86e08,gx-no-cache=1778087758192 HTTP/1.1" 200 8052
190.95.67.91 - - [06/May/2026:14:10:41 -0300] "POST /cormun/servlet/trautorizarsolicitud?eab0e3fa6f5eeaaa28de23321cc86e08,gx-no-cache=1778087758367 HTTP/1.1" 200 7997
190.95.67.91 - - [06/May/2026:14:10:42 -0300] "POST /cormun/servlet/trautorizarsolicitud?eab0e3fa6f5eeaaa28de23321cc86e08,gx-no-cache=1778087759463 HTTP/1.1" 200 7718
190.95.67.91 - - [06/May/2026:14:10:42 -0300] "POST /cormun/servlet/trautorizarsolicitud?eab0e3fa6f5eeaaa28de23321cc86e08,gx-no-cache=1778087759601 HTTP/1.1" 200 7663
190.95.1.185 - - [06/May/2026:14:10:42 -0300] "POST /cormun/servlet/trautorizarpermisogoce?a649ccf3d1ce74951e12cce2ea7f9622,,gx-no-cache=1778087759816 HTTP/1.1" 200 4528
190.95.67.91 - - [06/May/2026:14:10:43 -0300] "POST /cormun/servlet/trautorizarsolicitud?eab0e3fa6f5eeaaa28de23321cc86e08,gx-no-cache=1778087760607 HTTP/1.1" 200 7353
190.95.67.91 - - [06/May/2026:14:10:43 -0300] "POST /cormun/servlet/trautorizarsolicitud?eab0e3fa6f5eeaaa28de23321cc86e08,gx-no-cache=1778087760780 HTTP/1.1" 200 7297
190.95.67.91 - - [06/May/2026:14:10:44 -0300] "POST /cormun/servlet/trautorizarsolicitud?eab0e3fa6f5eeaaa28de23321cc86e08,gx-no-cache=1778087761599 HTTP/1.1" 200 7004
190.95.67.91 - - [06/May/2026:14:10:44 -0300] "POST /cormun/servlet/trautorizarsolicitud?eab0e3fa6f5eeaaa28de23321cc86e08,gx-no-cache=1778087761736 HTTP/1.1" 200 6949
190.95.67.91 - - [06/May/2026:14:10:45 -0300] "POST /cormun/servlet/trautorizarsolicitud?eab0e3fa6f5eeaaa28de23321cc86e08,gx-no-cache=1778087762824 HTTP/1.1" 200 6663
190.95.67.91 - - [06/May/2026:14:10:45 -0300] "POST /cormun/servlet/trautorizarsolicitud?eab0e3fa6f5eeaaa28de23321cc86e08,gx-no-cache=1778087762941 HTTP/1.1" 200 6608
190.95.67.91 - - [06/May/2026:14:10:46 -0300] "POST /cormun/servlet/trautorizarsolicitud?eab0e3fa6f5eeaaa28de23321cc86e08,gx-no-cache=1778087763839 HTTP/1.1" 200 6126
190.95.67.91 - - [06/May/2026:14:10:46 -0300] "POST /cormun/servlet/trautorizarsolicitud?eab0e3fa6f5eeaaa28de23321cc86e08,gx-no-cache=1778087763940 HTTP/1.1" 200 6070
190.95.67.91 - - [06/May/2026:14:10:48 -0300] "POST /cormun/servlet/trautorizarsolicitud?eab0e3fa6f5eeaaa28de23321cc86e08,gx-no-cache=1778087765278 HTTP/1.1" 200 5760
190.95.67.91 - - [06/May/2026:14:10:48 -0300] "POST /cormun/servlet/trautorizarsolicitud?eab0e3fa6f5eeaaa28de23321cc86e08,gx-no-cache=1778087765385 HTTP/1.1" 200 5704
190.95.67.91 - - [06/May/2026:14:10:49 -0300] "POST /cormun/servlet/trautorizarsolicitud?eab0e3fa6f5eeaaa28de23321cc86e08,gx-no-cache=1778087766239 HTTP/1.1" 200 4509
190.95.67.91 - - [06/May/2026:14:10:49 -0300] "POST /cormun/servlet/trautorizarsolicitud?eab0e3fa6f5eeaaa28de23321cc86e08,gx-no-cache=1778087766333 HTTP/1.1" 200 4269
190.95.67.91 - - [06/May/2026:14:10:52 -0300] "GET /cormun/servlet/trlicencias? HTTP/1.1" 200 17944
190.95.67.91 - - [06/May/2026:14:10:54 -0300] "POST /cormun/servlet/trlicencias?eab0e3fa6f5eeaaa28de23321cc86e08,,gx-no-cache=1778087771617 HTTP/1.1" 200 16062
190.95.67.91 - - [06/May/2026:14:12:18 -0300] "GET /cormun/servlet/trpermisosgoce? HTTP/1.1" 200 19504
190.95.67.91 - - [06/May/2026:14:12:40 -0300] "GET /cormun/servlet/permisogoce?INS,0,,, HTTP/1.1" 200 7284
190.95.67.91 - - [06/May/2026:14:13:20 -0300] "GET /cormun/servlet/permisogoce?ca023af3bf738ff56a249dffaba480681c5adf85ef0c3d1b768ef379b7c3882f313609880feeaf894c9241bb61d4270dd6563c643afdb322678444eecc31df75,gx-no-cache=1778087917418 HTTP/1.1" 200 81
190.95.67.91 - - [06/May/2026:14:13:32 -0300] "GET /cormun/servlet/permisogoce?ca023af3bf738ff56a249dffaba48068830b8b68617b47f709809f9d3f04bfcc80b7a5412a0618258fd21bec998ecd20494efd40dfe265b4516787b892540d84,gx-no-cache=1778087929305 HTTP/1.1" 200 47
190.95.2.157 - - [06/May/2026:14:16:53 -0300] "GET /cormun/servlet/hlogin HTTP/1.1" 200 1717
190.95.2.157 - - [06/May/2026:14:17:02 -0300] "POST /cormun/servlet/hlogin?83f64823cb8430257b23dba2a518b8e3,gx-no-cache=1778088140206 HTTP/1.1" 200 90
190.95.2.157 - - [06/May/2026:14:17:02 -0300] "GET /cormun/servlet/hpexe_link HTTP/1.1" 200 960
190.95.2.157 - - [06/May/2026:14:17:02 -0300] "GET /cormun/servlet/trcontratoobservaciondir HTTP/1.1" 200 6543
190.95.2.157 - - [06/May/2026:14:17:05 -0300] "GET /cormun/servlet/trsolicitudot? HTTP/1.1" 200 7529
190.95.2.157 - - [06/May/2026:14:17:07 -0300] "POST /cormun/servlet/trsolicitudot?83f64823cb8430257b23dba2a518b8e3,,gx-no-cache=1778088145629 HTTP/1.1" 200 4625
190.95.2.157 - - [06/May/2026:14:17:10 -0300] "GET /cormun/servlet/solicitudot?INS,0,0,false, HTTP/1.1" 200 16372
190.95.2.157 - - [06/May/2026:14:17:21 -0300] "POST /cormun/servlet/solicitudot?gx-no-cache=1778088159214 HTTP/1.1" 200 4180
190.95.2.157 - - [06/May/2026:14:17:21 -0300] "POST /cormun/servlet/solicitudot?83f64823cb8430257b23dba2a518b8e3,INS,0,0,false,,gx-no-cache=1778088159327 HTTP/1.1" 200 13051
190.95.2.157 - - [06/May/2026:14:17:29 -0300] "GET /cormun/servlet/solicitudot?37898e80e94f43bc6fdbe37d9cd2df8c35d7d3670b1707706177ce2679a6e2c226f65c34f022caaab0c65204cda258ac,gx-no-cache=1778088167487 HTTP/1.1" 200 30
190.95.67.99 - - [06/May/2026:14:17:30 -0300] "GET /cormun/servlet/trlicencias? HTTP/1.1" 200 6054
190.95.2.157 - - [06/May/2026:14:17:36 -0300] "GET /cormun/servlet/solicitudot?37898e80e94f43bc6fdbe37d9cd2df8ccd0db67796acd2312d7caa459115c0a9ada19e3d826ab101078c296da7bcc68228c260765b6dca64ab674414f969207f,gx-no-cache=1778088174271 HTTP/1.1" 200 30
190.95.2.157 - - [06/May/2026:14:17:36 -0300] "GET /cormun/servlet/solicitudot?37898e80e94f43bc6fdbe37d9cd2df8c8a4ed8282319c259c89d7f72ac0349c3,gx-no-cache=1778088174295 HTTP/1.1" 200 51
190.95.2.157 - - [06/May/2026:14:17:36 -0300] "POST /cormun/servlet/solicitudot?gx-no-cache=1778088174314 HTTP/1.1" 200 255
190.95.2.157 - - [06/May/2026:14:17:36 -0300] "GET /cormun/servlet/solicitudot?37898e80e94f43bc6fdbe37d9cd2df8c3bf54a52698db6e1d56cca5e13800553222aed0594f156c13a2986c363a528cd860e6db0d9ed290f819330b5898fdb8fa38891f267d6021bb5690fca96d9114a303e4c68ac28de9457c37a9e795b2d9246e2366b1550947d0a43925a3991250c363b6de8009741faa68bf1da22ec7cb8f845ffe98d9814d82b70d38e6fc2552c37083468f6ae96e5c60330ea91d6db7eca522de699adabc1ab083c7a9b5473f524e47940e89adf2814418d6fb84802591a3cc361e6d7d4e4d992f92025b7002d68f21a261de67067e4aa5a69909ed21fdd3d7a2473bde074f3599630771feddbecb7fc61e927afdc3b8d61b449ec8ca7e26ffb3ce1482807b946231d59c514978c9d3f4da9c0ceaa0d16fbb13d9e12ba361001aafcb8e07affc3e0200c4c7bdefca69f94158ff26e56efed8543c5efd55c48bec84c82d2e1951099e6be2b3d578903f42375ad7a90223cd639b9ac0168e7452193f06abb835442ab7c229ad2c785a24a10260cc2420de12445d64f556a,gx-no-cache=1778088174335 HTTP/1.1" 200 30
190.95.2.157 - - [06/May/2026:14:17:36 -0300] "POST /cormun/servlet/solicitudot?gx-no-cache=1778088174352 HTTP/1.1" 200 30
190.95.2.157 - - [06/May/2026:14:17:36 -0300] "POST /cormun/servlet/solicitudot?gx-no-cache=1778088174374 HTTP/1.1" 200 1481
190.95.2.157 - - [06/May/2026:14:17:36 -0300] "POST /cormun/servlet/solicitudot?gx-no-cache=1778088174401 HTTP/1.1" 200 38
190.95.2.157 - - [06/May/2026:14:17:36 -0300] "GET /cormun/servlet/solicitudot?37898e80e94f43bc6fdbe37d9cd2df8cd1fa81c20c05d4fb5e074f710670fb9c103944bef71dc39497811d9172631a8e9278f4256eb8e76d24e352432c136424c808140cc4dbe71eea3636e302e6ce692f646e37261962cd9d7c321a8268b310464805e4cbd118c0421ad9f8fcc3a53e,gx-no-cache=1778088174415 HTTP/1.1" 200 110
190.95.2.157 - - [06/May/2026:14:17:36 -0300] "POST /cormun/servlet/solicitudot?gx-no-cache=1778088174431 HTTP/1.1" 200 97
190.95.67.99 - - [06/May/2026:14:17:40 -0300] "GET /cormun/servlet/hlogin HTTP/1.1" 200 1737
190.95.67.99 - - [06/May/2026:14:17:50 -0300] "POST /cormun/servlet/hlogin?312e9a0281a6e8522bca82e2cd9430c5,gx-no-cache=1778088187837 HTTP/1.1" 200 90
190.95.67.99 - - [06/May/2026:14:17:50 -0300] "GET /cormun/servlet/hpexe_link HTTP/1.1" 200 957
190.95.67.99 - - [06/May/2026:14:17:51 -0300] "GET /cormun/servlet/trlicencias HTTP/1.1" 200 10675
190.95.67.99 - - [06/May/2026:14:18:04 -0300] "GET /cormun/servlet/trpermisosgoce? HTTP/1.1" 200 13858
190.95.2.157 - - [06/May/2026:14:18:49 -0300] "POST /cormun/servlet/solicitudot?gx-no-cache=1778088247381 HTTP/1.1" 200 30
190.95.2.157 - - [06/May/2026:14:18:52 -0300] "POST /cormun/servlet/solicitudot?gx-no-cache=1778088250032 HTTP/1.1" 200 1481
190.95.2.157 - - [06/May/2026:14:18:52 -0300] "POST /cormun/servlet/solicitudot?gx-no-cache=1778088250063 HTTP/1.1" 200 38
190.95.2.157 - - [06/May/2026:14:18:52 -0300] "GET /cormun/servlet/solicitudot?37898e80e94f43bc6fdbe37d9cd2df8cd1fa81c20c05d4fb5e074f710670fb9c103944bef71dc39497811d9172631a8e9278f4256eb8e76d24e352432c136424c808140cc4dbe71eea3636e302e6ce692f646e37261962cd9d7c321a8268b310464805e4cbd118c0421ad9f8fcc3a53e,gx-no-cache=1778088250083 HTTP/1.1" 200 110
190.95.2.157 - - [06/May/2026:14:18:57 -0300] "POST /cormun/servlet/solicitudot?gx-no-cache=1778088254861 HTTP/1.1" 200 69
190.95.2.157 - - [06/May/2026:14:19:01 -0300] "GET /cormun/servlet/solicitudot?37898e80e94f43bc6fdbe37d9cd2df8c9c0df262d90151e6a19ae9bce8228bc46b19f644bfd604b0cfb2605326ba445d2623e73da0c9b5af3295d1856a87486b1a3703cb17f8c4b99d374e41a0ffe408c31f2999ecbe7e0d25d4e92b9840781884ccee5cecf8ff6045cad13183803544c18587e7e36acb2db90d322cc51669cb7598d2759dd848dcfb7b404d1019a510319f726f6f9ca2f9b113e32d74e0ecbc,gx-no-cache=1778088259117 HTTP/1.1" 200 29
190.95.2.157 - - [06/May/2026:14:19:01 -0300] "GET /cormun/static/menuarrow.gif HTTP/1.1" 404 1015
190.95.2.157 - - [06/May/2026:14:19:06 -0300] "GET /cormun/servlet/solicitudot?37898e80e94f43bc6fdbe37d9cd2df8c760f99b99ecff2af4cbbd98876fa64724e146f39dac0251f1bd6e07d40110d5b,gx-no-cache=1778088264075 HTTP/1.1" 200 134
190.95.2.157 - - [06/May/2026:14:19:06 -0300] "GET /cormun/static/Shared/jqueryui/images/ui-bg_highlight-soft_100_c6c2c8_1x100.png HTTP/1.1" 404 1117
190.95.2.157 - - [06/May/2026:14:19:06 -0300] "GET /cormun/static/Shared/jqueryui/images/ui-icons_82798d_256x240.png HTTP/1.1" 404 1089
190.95.2.157 - - [06/May/2026:14:19:06 -0300] "GET /cormun/static/Shared/jqueryui/images/ui-bg_flat_55_994d53_40x100.png HTTP/1.1" 404 1097
190.95.2.157 - - [06/May/2026:14:19:06 -0300] "GET /cormun/static/Shared/jqueryui/images/ui-icons_ebccce_256x240.png HTTP/1.1" 404 1089
190.95.2.157 - - [06/May/2026:14:19:34 -0300] "POST /cormun/servlet/solicitudot?gx-no-cache=1778088291780 HTTP/1.1" 200 30
190.95.2.157 - - [06/May/2026:14:19:35 -0300] "GET /cormun/static/Resources/resize.gif HTTP/1.1" 200 77
190.95.2.157 - - [06/May/2026:14:19:35 -0300] "GET /cormun/static/Resources/PXTools/ClosePrompt.png HTTP/1.1" 200 1036
190.95.2.157 - - [06/May/2026:14:19:36 -0300] "GET /cormun/servlet/prcontratosol?17588187,,,,,MD,,gxPopupLevel%3D0%3B HTTP/1.1" 200 9294
190.95.2.157 - - [06/May/2026:14:19:36 -0300] "GET /cormun/static/gxcfg.js?202211298464198 HTTP/1.1" 200 953
190.95.2.157 - - [06/May/2026:14:19:36 -0300] "GET /cormun/static/Resources/PXToolsMenuSearch.png HTTP/1.1" 200 336
190.95.2.157 - - [06/May/2026:14:19:36 -0300] "GET /cormun/static/prcontratosol.js?202211298464288 HTTP/1.1" 200 15806
190.95.2.157 - - [06/May/2026:14:19:36 -0300] "GET /cormun/static/menusearch.js?20201214473581 HTTP/1.1" 200 1424
190.95.2.157 - - [06/May/2026:14:19:36 -0300] "GET /cormun/static/Resources/PXToolsMenuSearchCancel.png HTTP/1.1" 200 306
190.95.2.157 - - [06/May/2026:14:19:36 -0300] "GET /cormun/static/hmpwkw011.js?202211298443482 HTTP/1.1" 200 1968
190.95.2.157 - - [06/May/2026:14:19:43 -0300] "POST /cormun/servlet/solicitudot?gx-no-cache=1778088301138 HTTP/1.1" 200 1481
190.95.2.157 - - [06/May/2026:14:19:43 -0300] "POST /cormun/servlet/solicitudot?gx-no-cache=1778088301165 HTTP/1.1" 200 38
190.95.2.157 - - [06/May/2026:14:19:43 -0300] "GET /cormun/servlet/solicitudot?37898e80e94f43bc6fdbe37d9cd2df8cd1fa81c20c05d4fb5e074f710670fb9c103944bef71dc39497811d9172631a8e9278f4256eb8e76d24e352432c136424c808140cc4dbe71eea3636e302e6ce692f646e37261962cd9d7c321a8268b310464805e4cbd118c0421ad9f8fcc3a53e,gx-no-cache=1778088301197 HTTP/1.1" 200 110
190.95.2.157 - - [06/May/2026:14:19:43 -0300] "POST /cormun/servlet/solicitudot?gx-no-cache=1778088301214 HTTP/1.1" 200 102
190.95.2.157 - - [06/May/2026:14:19:43 -0300] "GET /cormun/servlet/solicitudot?37898e80e94f43bc6fdbe37d9cd2df8c8dffe57459d0b9aa93f3bca7d32df499cc97bd9f3075b2590afa206b839c039d,gx-no-cache=1778088301235 HTTP/1.1" 200 134
190.95.15.15 - - [06/May/2026:14:19:52 -0300] "GET /cormun/servlet/trpermisosadjuntos?16879638,20260504143636,P, HTTP/1.1" 200 5449
190.95.15.15 - - [06/May/2026:14:19:52 -0300] "GET /cormun/servlet/hlogin HTTP/1.1" 200 1759
190.95.15.15 - - [06/May/2026:14:19:52 -0300] "GET /cormun/servlet/trpermisosadjuntos?16879638,20260504143636,P, HTTP/1.1" 200 5446
190.95.2.157 - - [06/May/2026:14:19:55 -0300] "GET /cormun/servlet/solicitudot?37898e80e94f43bc6fdbe37d9cd2df8c760f99b99ecff2af4cbbd98876fa64724e146f39dac0251f1bd6e07d40110d5b,gx-no-cache=1778088313549 HTTP/1.1" 200 134
190.95.2.157 - - [06/May/2026:14:19:55 -0300] "POST /cormun/servlet/solicitudot?gx-no-cache=1778088313577 HTTP/1.1" 200 33
190.95.15.15 - - [06/May/2026:14:20:06 -0300] "POST /cormun/servlet/hlogin?906aedcfb29488b7f32f293661713665,gx-no-cache=1778088322921 HTTP/1.1" 200 90
190.95.15.15 - - [06/May/2026:14:20:06 -0300] "GET /cormun/servlet/hpexe_link HTTP/1.1" 200 978
190.95.15.15 - - [06/May/2026:14:20:06 -0300] "GET /cormun/servlet/trpermisosadjuntos?16879638,20260504143636,P, HTTP/1.1" 200 6127
190.95.15.15 - - [06/May/2026:14:20:08 -0300] "GET /cormun/servlet/permisosadjuntos?INS,16879638,P,20260504143636,, HTTP/1.1" 200 5626
190.95.15.15 - - [06/May/2026:14:20:08 -0300] "GET /cormun/static/about:blank HTTP/1.1" 404 1011
190.95.15.15 - - [06/May/2026:14:20:16 -0300] "POST /cormun/servlet/permisosadjuntos?906aedcfb29488b7f32f293661713665,INS,16879638,P,20260504143636,, HTTP/1.1" 200 116
190.95.15.15 - - [06/May/2026:14:20:16 -0300] "GET /cormun/servlet/hpexe_return? HTTP/1.1" 200 1031
190.95.15.15 - - [06/May/2026:14:20:16 -0300] "GET /cormun/servlet/trpermisosadjuntos?16879638,20260504143636,P, HTTP/1.1" 200 6669
190.95.15.15 - - [06/May/2026:14:20:18 -0300] "GET /cormun/servlet/trpermisosgoce? HTTP/1.1" 200 16107
190.95.15.15 - - [06/May/2026:14:20:22 -0300] "POST /cormun/servlet/trpermisosgoce?906aedcfb29488b7f32f293661713665,,gx-no-cache=1778088339075 HTTP/1.1" 200 13332
190.95.2.157 - - [06/May/2026:14:20:34 -0300] "GET /cormun/servlet/solicitudot?37898e80e94f43bc6fdbe37d9cd2df8c760f99b99ecff2af4cbbd98876fa64724e146f39dac0251f1bd6e07d40110d5b,gx-no-cache=1778088352212 HTTP/1.1" 200 134
190.95.2.157 - - [06/May/2026:14:20:34 -0300] "POST /cormun/servlet/solicitudot?83f64823cb8430257b23dba2a518b8e3,INS,0,0,false,,gx-no-cache=1778088352238 HTTP/1.1" 200 13424
190.95.2.157 - - [06/May/2026:14:20:36 -0300] "GET /cormun/static/Shared/jqueryui/images/ui-bg_highlight-soft_100_eae6ea_1x100.png HTTP/1.1" 404 1117
190.95.15.15 - - [06/May/2026:14:20:37 -0300] "GET /cormun/servlet/hlogin HTTP/1.1" 200 1731
190.95.15.15 - - [06/May/2026:14:20:46 -0300] "POST /cormun/servlet/hlogin?906aedcfb29488b7f32f293661713665,gx-no-cache=1778088363051 HTTP/1.1" 200 90
190.95.15.15 - - [06/May/2026:14:20:46 -0300] "GET /cormun/servlet/hpexe_link HTTP/1.1" 200 943
190.95.15.15 - - [06/May/2026:14:20:46 -0300] "GET /cormun/servlet/hhome HTTP/1.1" 200 4164
190.95.15.15 - - [06/May/2026:14:20:49 -0300] "GET /cormun/servlet/trautorizarpermisogoce? HTTP/1.1" 200 8576
190.95.15.15 - - [06/May/2026:14:20:51 -0300] "POST /cormun/servlet/trautorizarpermisogoce?906aedcfb29488b7f32f293661713665,,gx-no-cache=1778088367908 HTTP/1.1" 200 5771
190.95.15.15 - - [06/May/2026:14:20:52 -0300] "POST /cormun/servlet/trautorizarpermisogoce?906aedcfb29488b7f32f293661713665,,gx-no-cache=1778088368609 HTTP/1.1" 200 5544
190.95.15.15 - - [06/May/2026:14:20:52 -0300] "POST /cormun/servlet/trautorizarpermisogoce?906aedcfb29488b7f32f293661713665,,gx-no-cache=1778088369210 HTTP/1.1" 200 5263
190.95.15.15 - - [06/May/2026:14:20:53 -0300] "POST /cormun/servlet/trautorizarpermisogoce?906aedcfb29488b7f32f293661713665,,gx-no-cache=1778088369751 HTTP/1.1" 200 4514
190.95.67.91 - - [06/May/2026:14:21:38 -0300] "POST /cormun/servlet/permisogoce?eab0e3fa6f5eeaaa28de23321cc86e08,INS,0,,,,gx-no-cache=1778088414848 HTTP/1.1" 200 93
190.95.67.91 - - [06/May/2026:14:21:38 -0300] "GET /cormun/servlet/hpexe_return? HTTP/1.1" 200 1009
190.95.67.91 - - [06/May/2026:14:21:39 -0300] "GET /cormun/servlet/trpermisosgoce HTTP/1.1" 200 19634
190.95.67.91 - - [06/May/2026:14:21:42 -0300] "GET /cormun/servlet/trpermisosadjuntos?16737958,20260506131845,P, HTTP/1.1" 200 6709
190.95.67.91 - - [06/May/2026:14:21:45 -0300] "GET /cormun/servlet/permisosadjuntos?INS,16737958,P,20260506131845,, HTTP/1.1" 200 6027
190.95.67.91 - - [06/May/2026:14:21:45 -0300] "GET /cormun/static/about:blank HTTP/1.1" 404 1011
190.95.67.91 - - [06/May/2026:14:21:55 -0300] "POST /cormun/servlet/permisosadjuntos?eab0e3fa6f5eeaaa28de23321cc86e08,INS,16737958,P,20260506131845,, HTTP/1.1" 200 116
190.95.67.91 - - [06/May/2026:14:21:55 -0300] "GET /cormun/servlet/hpexe_return? HTTP/1.1" 200 1038
190.95.67.91 - - [06/May/2026:14:21:55 -0300] "GET /cormun/servlet/trpermisosadjuntos?16737958,20260506131845,P, HTTP/1.1" 200 7251
190.95.67.91 - - [06/May/2026:14:21:58 -0300] "POST /cormun/servlet/trpermisosadjuntos?eab0e3fa6f5eeaaa28de23321cc86e08,16737958,20260506131845,P,,gx-no-cache=1778088435548 HTTP/1.1" 200 90
190.95.67.91 - - [06/May/2026:14:21:58 -0300] "GET /cormun/servlet/hpexe_link HTTP/1.1" 200 983
190.95.67.91 - - [06/May/2026:14:21:58 -0300] "GET /cormun/servlet/trpermisosgoce HTTP/1.1" 200 19631
190.95.67.91 - - [06/May/2026:14:22:00 -0300] "POST /cormun/servlet/trpermisosgoce?eab0e3fa6f5eeaaa28de23321cc86e08,gx-no-cache=1778088437715 HTTP/1.1" 200 16741
190.95.67.91 - - [06/May/2026:14:22:10 -0300] "GET /cormun/servlet/permisogoce?INS,0,,, HTTP/1.1" 200 7284
190.95.15.15 - - [06/May/2026:14:22:12 -0300] "GET /cormun/servlet/hlogin HTTP/1.1" 200 1736
190.95.15.15 - - [06/May/2026:14:22:19 -0300] "POST /cormun/servlet/hlogin?906aedcfb29488b7f32f293661713665,gx-no-cache=1778088455680 HTTP/1.1" 200 90
190.95.15.15 - - [06/May/2026:14:22:19 -0300] "GET /cormun/servlet/hpexe_link HTTP/1.1" 200 943
190.95.15.15 - - [06/May/2026:14:22:19 -0300] "GET /cormun/servlet/hhome HTTP/1.1" 200 3982
190.95.67.91 - - [06/May/2026:14:22:22 -0300] "GET /cormun/servlet/permisogoce?ca023af3bf738ff56a249dffaba480681c5adf85ef0c3d1b768ef379b7c3882f313609880feeaf894c9241bb61d4270dd6563c643afdb322678444eecc31df75,gx-no-cache=1778088459145 HTTP/1.1" 200 78
190.95.15.15 - - [06/May/2026:14:22:22 -0300] "GET /cormun/servlet/trpermisosgoce? HTTP/1.1" 200 16071
190.95.67.91 - - [06/May/2026:14:22:27 -0300] "GET /cormun/servlet/permisogoce?ca023af3bf738ff56a249dffaba48068830b8b68617b47f709809f9d3f04bfcc5eb8551a28bf1f2bc26498219fa73f86708b2e1164dad81be90677fc2318ae84,gx-no-cache=1778088465018 HTTP/1.1" 200 48
190.95.2.157 - - [06/May/2026:14:22:35 -0300] "POST /cormun/servlet/solicitudot?gx-no-cache=1778088473470 HTTP/1.1" 200 72
190.95.67.91 - - [06/May/2026:14:22:37 -0300] "POST /cormun/servlet/permisogoce?eab0e3fa6f5eeaaa28de23321cc86e08,INS,0,,,,gx-no-cache=1778088473791 HTTP/1.1" 200 93
190.95.67.91 - - [06/May/2026:14:22:37 -0300] "GET /cormun/servlet/hpexe_return? HTTP/1.1" 200 1031
190.95.67.91 - - [06/May/2026:14:22:37 -0300] "GET /cormun/servlet/trpermisosgoce?gx-no-cache=1778088437715 HTTP/1.1" 200 19602
190.95.67.91 - - [06/May/2026:14:22:40 -0300] "GET /cormun/servlet/trpermisosadjuntos?16737958,20260506132815,P, HTTP/1.1" 200 6732
190.95.67.91 - - [06/May/2026:14:22:42 -0300] "GET /cormun/servlet/permisosadjuntos?INS,16737958,P,20260506132815,, HTTP/1.1" 200 6025
190.95.67.91 - - [06/May/2026:14:22:42 -0300] "GET /cormun/static/about:blank HTTP/1.1" 404 1011
190.95.67.91 - - [06/May/2026:14:22:47 -0300] "POST /cormun/servlet/permisosadjuntos?eab0e3fa6f5eeaaa28de23321cc86e08,INS,16737958,P,20260506132815,, HTTP/1.1" 200 116
190.95.67.91 - - [06/May/2026:14:22:47 -0300] "GET /cormun/servlet/hpexe_return? HTTP/1.1" 200 1038
190.95.67.91 - - [06/May/2026:14:22:47 -0300] "GET /cormun/servlet/trpermisosadjuntos?16737958,20260506132815,P, HTTP/1.1" 200 7246
190.95.67.91 - - [06/May/2026:14:22:58 -0300] "POST /cormun/servlet/trpermisosadjuntos?eab0e3fa6f5eeaaa28de23321cc86e08,16737958,20260506132815,P,,gx-no-cache=1778088495112 HTTP/1.1" 200 90
190.95.67.91 - - [06/May/2026:14:22:58 -0300] "GET /cormun/servlet/hpexe_link HTTP/1.1" 200 1005
190.95.67.91 - - [06/May/2026:14:22:58 -0300] "GET /cormun/servlet/trpermisosgoce?gx-no-cache=1778088437715 HTTP/1.1" 200 19599
190.95.67.91 - - [06/May/2026:14:23:00 -0300] "POST /cormun/servlet/trpermisosgoce?eab0e3fa6f5eeaaa28de23321cc86e08,gx-no-cache=1778088437715,gx-no-cache=1778088497570 HTTP/1.1" 200 16695
190.95.67.91 - - [06/May/2026:14:23:01 -0300] "GET /cormun/servlet/permisogoce?INS,0,,, HTTP/1.1" 200 7305
190.95.2.157 - - [06/May/2026:14:23:04 -0300] "POST /cormun/servlet/solicitudot?gx-no-cache=1778088501796 HTTP/1.1" 200 30
190.95.67.91 - - [06/May/2026:14:23:07 -0300] "GET /cormun/servlet/permisogoce?ca023af3bf738ff56a249dffaba48068fbd3aa9871c6f64a65502fed5126168f313609880feeaf894c9241bb61d4270dd6563c643afdb322678444eecc31df75,gx-no-cache=1778088504874 HTTP/1.1" 200 83
190.95.2.157 - - [06/May/2026:14:23:13 -0300] "POST /cormun/servlet/solicitudot?gx-no-cache=1778088511253 HTTP/1.1" 200 1481
190.95.2.157 - - [06/May/2026:14:23:13 -0300] "POST /cormun/servlet/solicitudot?gx-no-cache=1778088511285 HTTP/1.1" 200 41
190.95.2.157 - - [06/May/2026:14:23:13 -0300] "GET /cormun/servlet/solicitudot?37898e80e94f43bc6fdbe37d9cd2df8cd1fa81c20c05d4fb5e074f710670fb9c103944bef71dc39497811d9172631a8e9278f4256eb8e76d24e352432c136424c808140cc4dbe71eea3636e302e6ce692f646e37261962cd9d7c321a8268b310464805e4cbd118c0421ad9f8fcc3a53e,gx-no-cache=1778088511302 HTTP/1.1" 200 110
190.95.2.157 - - [06/May/2026:14:23:13 -0300] "POST /cormun/servlet/solicitudot?gx-no-cache=1778088511322 HTTP/1.1" 200 105
190.95.2.157 - - [06/May/2026:14:23:13 -0300] "GET /cormun/servlet/solicitudot?37898e80e94f43bc6fdbe37d9cd2df8c760f99b99ecff2af4cbbd98876fa64721ec10cb3c2c05b8b69ee66eb8eb152b6,gx-no-cache=1778088511347 HTTP/1.1" 200 134
190.95.2.157 - - [06/May/2026:14:23:19 -0300] "POST /cormun/servlet/solicitudot?gx-no-cache=1778088517614 HTTP/1.1" 200 30
190.95.2.157 - - [06/May/2026:14:23:19 -0300] "POST /cormun/servlet/solicitudot?gx-no-cache=1778088517641 HTTP/1.1" 200 1481
190.95.2.157 - - [06/May/2026:14:23:19 -0300] "POST /cormun/servlet/solicitudot?gx-no-cache=1778088517666 HTTP/1.1" 200 41
190.95.2.157 - - [06/May/2026:14:23:19 -0300] "GET /cormun/servlet/solicitudot?37898e80e94f43bc6fdbe37d9cd2df8cd1fa81c20c05d4fb5e074f710670fb9c103944bef71dc39497811d9172631a8e9278f4256eb8e76d24e352432c136424c808140cc4dbe71eea3636e302e6ce692f646e37261962cd9d7c321a8268b310464805e4cbd118c0421ad9f8fcc3a53e,gx-no-cache=1778088517683 HTTP/1.1" 200 110
190.95.2.157 - - [06/May/2026:14:23:19 -0300] "POST /cormun/servlet/solicitudot?gx-no-cache=1778088517701 HTTP/1.1" 200 97
190.95.2.157 - - [06/May/2026:14:23:19 -0300] "GET /cormun/servlet/solicitudot?37898e80e94f43bc6fdbe37d9cd2df8c760f99b99ecff2af4cbbd98876fa64721ec10cb3c2c05b8b69ee66eb8eb152b6,gx-no-cache=1778088517720 HTTP/1.1" 200 134
190.95.2.157 - - [06/May/2026:14:23:20 -0300] "POST /cormun/servlet/solicitudot?gx-no-cache=1778088517738 HTTP/1.1" 200 33
190.95.67.91 - - [06/May/2026:14:23:22 -0300] "GET /cormun/servlet/permisogoce?ca023af3bf738ff56a249dffaba48068b692192370433894594253a2e21adf63bc385b70091e5bd8a6467a2663af34f4708b2e1164dad81be90677fc2318ae84,gx-no-cache=1778088519148 HTTP/1.1" 200 47
190.95.67.91 - - [06/May/2026:14:23:25 -0300] "POST /cormun/servlet/permisogoce?eab0e3fa6f5eeaaa28de23321cc86e08,INS,0,,,,gx-no-cache=1778088522279 HTTP/1.1" 200 93
190.95.67.91 - - [06/May/2026:14:23:25 -0300] "GET /cormun/servlet/hpexe_return? HTTP/1.1" 200 1031
190.95.67.91 - - [06/May/2026:14:23:25 -0300] "GET /cormun/servlet/trpermisosgoce?gx-no-cache=1778088437715 HTTP/1.1" 200 19540
190.95.2.157 - - [06/May/2026:14:23:30 -0300] "GET /cormun/servlet/solicitudot?37898e80e94f43bc6fdbe37d9cd2df8c760f99b99ecff2af4cbbd98876fa64721ec10cb3c2c05b8b69ee66eb8eb152b6,gx-no-cache=1778088528206 HTTP/1.1" 200 134
190.95.67.91 - - [06/May/2026:14:23:36 -0300] "GET /cormun/servlet/trpermisosadjuntos?18648996,20260506132906,P, HTTP/1.1" 200 6733
190.95.67.91 - - [06/May/2026:14:23:37 -0300] "GET /cormun/servlet/permisosadjuntos?INS,18648996,P,20260506132906,, HTTP/1.1" 200 6027
190.95.67.91 - - [06/May/2026:14:23:37 -0300] "GET /cormun/static/about:blank HTTP/1.1" 404 1011
190.95.67.91 - - [06/May/2026:14:23:46 -0300] "POST /cormun/servlet/permisosadjuntos?eab0e3fa6f5eeaaa28de23321cc86e08,INS,18648996,P,20260506132906,, HTTP/1.1" 200 116
190.95.67.91 - - [06/May/2026:14:23:46 -0300] "GET /cormun/servlet/hpexe_return? HTTP/1.1" 200 1038
190.95.67.91 - - [06/May/2026:14:23:47 -0300] "GET /cormun/servlet/trpermisosadjuntos?18648996,20260506132906,P, HTTP/1.1" 200 7270
190.95.67.91 - - [06/May/2026:14:23:48 -0300] "POST /cormun/servlet/trpermisosadjuntos?eab0e3fa6f5eeaaa28de23321cc86e08,18648996,20260506132906,P,,gx-no-cache=1778088545648 HTTP/1.1" 200 90
190.95.67.91 - - [06/May/2026:14:23:48 -0300] "GET /cormun/servlet/hpexe_link HTTP/1.1" 200 1005
190.95.67.91 - - [06/May/2026:14:23:48 -0300] "GET /cormun/servlet/trpermisosgoce?gx-no-cache=1778088437715 HTTP/1.1" 200 19544
190.95.67.91 - - [06/May/2026:14:23:50 -0300] "POST /cormun/servlet/trpermisosgoce?eab0e3fa6f5eeaaa28de23321cc86e08,gx-no-cache=1778088437715,gx-no-cache=1778088547473 HTTP/1.1" 200 16652
190.95.67.91 - - [06/May/2026:14:23:58 -0300] "GET /cormun/servlet/permisogoce?INS,0,,, HTTP/1.1" 200 7305
190.95.67.91 - - [06/May/2026:14:24:04 -0300] "GET /cormun/servlet/permisogoce?ca023af3bf738ff56a249dffaba48068033272435d912ef67e1ad788a31ba8a3313609880feeaf894c9241bb61d4270dd6563c643afdb322678444eecc31df75,gx-no-cache=1778088561595 HTTP/1.1" 200 226
190.95.2.157 - - [06/May/2026:14:24:08 -0300] "GET /cormun/servlet/solicitudot?37898e80e94f43bc6fdbe37d9cd2df8c760f99b99ecff2af4cbbd98876fa64721ec10cb3c2c05b8b69ee66eb8eb152b6,gx-no-cache=1778088565748 HTTP/1.1" 200 134
190.95.67.91 - - [06/May/2026:14:24:12 -0300] "GET /cormun/servlet/permisogoce?ca023af3bf738ff56a249dffaba4806896ad21adcfbe6c75eb5d100af23c811e313609880feeaf894c9241bb61d4270dd6563c643afdb322678444eecc31df75,gx-no-cache=1778088569777 HTTP/1.1" 200 89
190.95.67.91 - - [06/May/2026:14:24:20 -0300] "GET /cormun/servlet/permisogoce?ca023af3bf738ff56a249dffaba4806860ea66506d2600a987d9e800e15c10c5cb0b5e515d544a718c416924b67884e6494efd40dfe265b4516787b892540d84,gx-no-cache=1778088577906 HTTP/1.1" 200 47
190.95.67.91 - - [06/May/2026:14:24:27 -0300] "POST /cormun/servlet/permisogoce?eab0e3fa6f5eeaaa28de23321cc86e08,INS,0,,,,gx-no-cache=1778088584091 HTTP/1.1" 200 93
190.95.67.91 - - [06/May/2026:14:24:27 -0300] "GET /cormun/servlet/hpexe_return? HTTP/1.1" 200 1031
190.95.67.91 - - [06/May/2026:14:24:28 -0300] "GET /cormun/servlet/trpermisosgoce?gx-no-cache=1778088437715 HTTP/1.1" 200 19500
190.95.2.157 - - [06/May/2026:14:24:38 -0300] "POST /cormun/servlet/solicitudot?gx-no-cache=1778088595959 HTTP/1.1" 200 97
190.95.2.157 - - [06/May/2026:14:24:45 -0300] "GET /cormun/servlet/solicitudot?37898e80e94f43bc6fdbe37d9cd2df8c760f99b99ecff2af4cbbd98876fa64721ec10cb3c2c05b8b69ee66eb8eb152b6,gx-no-cache=1778088603726 HTTP/1.1" 200 134
190.95.2.157 - - [06/May/2026:14:24:52 -0300] "GET /cormun/servlet/hlogin HTTP/1.1" 200 1717
190.95.2.157 - - [06/May/2026:14:24:59 -0300] "POST /cormun/servlet/hlogin?83f64823cb8430257b23dba2a518b8e3,gx-no-cache=1778088617653 HTTP/1.1" 200 425
190.95.67.91 - - [06/May/2026:14:25:02 -0300] "GET /cormun/servlet/trpermisosadjuntos?10287129,20260506133003,P, HTTP/1.1" 200 6732
190.95.67.91 - - [06/May/2026:14:25:04 -0300] "GET /cormun/servlet/permisosadjuntos?INS,10287129,P,20260506133003,, HTTP/1.1" 200 6026
190.95.67.91 - - [06/May/2026:14:25:04 -0300] "GET /cormun/static/about:blank HTTP/1.1" 404 1011
190.95.2.157 - - [06/May/2026:14:25:06 -0300] "POST /cormun/servlet/hlogin?83f64823cb8430257b23dba2a518b8e3,gx-no-cache=1778088624491 HTTP/1.1" 200 90
190.95.2.157 - - [06/May/2026:14:25:06 -0300] "GET /cormun/servlet/hpexe_link HTTP/1.1" 200 962
190.95.2.157 - - [06/May/2026:14:25:06 -0300] "GET /cormun/servlet/solicitudot?INS,0,0,false, HTTP/1.1" 200 16373
190.95.2.157 - - [06/May/2026:14:25:12 -0300] "POST /cormun/servlet/solicitudot?gx-no-cache=1778088630142 HTTP/1.1" 200 4115
190.95.2.157 - - [06/May/2026:14:25:12 -0300] "GET /cormun/static/Shared/jqueryui/images/ui-icons_82798d_256x240.png HTTP/1.1" 404 1089
190.95.2.157 - - [06/May/2026:14:25:12 -0300] "GET /cormun/static/Shared/jqueryui/images/ui-bg_highlight-soft_100_c6c2c8_1x100.png HTTP/1.1" 404 1117
190.95.67.91 - - [06/May/2026:14:25:12 -0300] "POST /cormun/servlet/permisosadjuntos?eab0e3fa6f5eeaaa28de23321cc86e08,INS,10287129,P,20260506133003,, HTTP/1.1" 200 116
190.95.2.157 - - [06/May/2026:14:25:12 -0300] "GET /cormun/static/Shared/jqueryui/images/ui-icons_ebccce_256x240.png HTTP/1.1" 404 1089
190.95.2.157 - - [06/May/2026:14:25:12 -0300] "GET /cormun/static/Shared/jqueryui/images/ui-bg_flat_55_994d53_40x100.png HTTP/1.1" 404 1097
190.95.2.157 - - [06/May/2026:14:25:12 -0300] "GET /cormun/servlet/solicitudot?37898e80e94f43bc6fdbe37d9cd2df8c16a7be94a7a6c2ddea3ddf051b7c0ca4,gx-no-cache=1778088630194 HTTP/1.1" 200 111
190.95.67.91 - - [06/May/2026:14:25:12 -0300] "GET /cormun/servlet/hpexe_return? HTTP/1.1" 200 1037
190.95.67.91 - - [06/May/2026:14:25:12 -0300] "GET /cormun/servlet/trpermisosadjuntos?10287129,20260506133003,P, HTTP/1.1" 200 7264
190.95.2.157 - - [06/May/2026:14:25:25 -0300] "POST /cormun/servlet/solicitudot?gx-no-cache=1778088643257 HTTP/1.1" 200 4180
190.95.2.157 - - [06/May/2026:14:25:25 -0300] "POST /cormun/servlet/solicitudot?83f64823cb8430257b23dba2a518b8e3,INS,0,0,false,,gx-no-cache=1778088643371 HTTP/1.1" 200 13052
190.95.2.157 - - [06/May/2026:14:25:33 -0300] "GET /cormun/servlet/solicitudot?37898e80e94f43bc6fdbe37d9cd2df8c35d7d3670b1707706177ce2679a6e2c226f65c34f022caaab0c65204cda258ac,gx-no-cache=1778088651223 HTTP/1.1" 200 30
190.95.2.157 - - [06/May/2026:14:25:33 -0300] "GET /cormun/servlet/solicitudot?37898e80e94f43bc6fdbe37d9cd2df8ccd0db67796acd2312d7caa459115c0a9ada19e3d826ab101078c296da7bcc68228c260765b6dca64ab674414f969207f,gx-no-cache=1778088651245 HTTP/1.1" 200 30
190.95.2.157 - - [06/May/2026:14:25:33 -0300] "GET /cormun/servlet/solicitudot?37898e80e94f43bc6fdbe37d9cd2df8c8a4ed8282319c259c89d7f72ac0349c3,gx-no-cache=1778088651283 HTTP/1.1" 200 51
190.95.2.157 - - [06/May/2026:14:25:33 -0300] "POST /cormun/servlet/solicitudot?gx-no-cache=1778088651301 HTTP/1.1" 200 255
190.95.2.157 - - [06/May/2026:14:25:33 -0300] "GET /cormun/servlet/solicitudot?37898e80e94f43bc6fdbe37d9cd2df8c3bf54a52698db6e1d56cca5e13800553222aed0594f156c13a2986c363a528cd860e6db0d9ed290f819330b5898fdb8fa38891f267d6021bb5690fca96d9114a303e4c68ac28de9457c37a9e795b2d9246e2366b1550947d0a43925a3991250c363b6de8009741faa68bf1da22ec7cb8f845ffe98d9814d82b70d38e6fc2552c37083468f6ae96e5c60330ea91d6db7eca522de699adabc1ab083c7a9b5473f524e47940e89adf2814418d6fb84802591a3cc361e6d7d4e4d992f92025b7002d68f21a261de67067e4aa5a69909ed21fdd3d7a2473bde074f3599630771feddbecb7fc61e927afdc3b8d61b449ec8ca7e26ffb3ce1482807b946231d59c514978c9d3f4da9c0ceaa0d16fbb13d9e12ba361001aafcb8e07affc3e0200c4c7bdefca69f94158ff26e56efed8543c5efd55c48bec84c82d2e1951099e6be2b3d578903f42375ad7a90223cd639b9ac0168e7452193f06abb835442ab7c229ad2c785a24a10260cc2420de12445d64f556a,gx-no-cache=1778088651324 HTTP/1.1" 200 30
190.95.2.157 - - [06/May/2026:14:25:33 -0300] "POST /cormun/servlet/solicitudot?gx-no-cache=1778088651342 HTTP/1.1" 200 30
190.95.2.157 - - [06/May/2026:14:25:33 -0300] "POST /cormun/servlet/solicitudot?gx-no-cache=1778088651362 HTTP/1.1" 200 1481
190.95.2.157 - - [06/May/2026:14:25:33 -0300] "POST /cormun/servlet/solicitudot?gx-no-cache=1778088651383 HTTP/1.1" 200 38
190.95.2.157 - - [06/May/2026:14:25:33 -0300] "GET /cormun/servlet/solicitudot?37898e80e94f43bc6fdbe37d9cd2df8cd1fa81c20c05d4fb5e074f710670fb9c103944bef71dc39497811d9172631a8e9278f4256eb8e76d24e352432c136424c808140cc4dbe71eea3636e302e6ce692f646e37261962cd9d7c321a8268b310464805e4cbd118c0421ad9f8fcc3a53e,gx-no-cache=1778088651397 HTTP/1.1" 200 110
190.95.2.157 - - [06/May/2026:14:25:37 -0300] "POST /cormun/servlet/solicitudot?gx-no-cache=1778088655086 HTTP/1.1" 200 69
190.95.2.157 - - [06/May/2026:14:25:43 -0300] "GET /cormun/servlet/solicitudot?37898e80e94f43bc6fdbe37d9cd2df8c9c0df262d90151e6a19ae9bce8228bc46b19f644bfd604b0cfb2605326ba445d2623e73da0c9b5af3295d1856a87486b1a3703cb17f8c4b99d374e41a0ffe408c31f2999ecbe7e0d25d4e92b9840781884ccee5cecf8ff6045cad13183803544c18587e7e36acb2db90d322cc51669cb7598d2759dd848dcfb7b404d1019a510319f726f6f9ca2f9b113e32d74e0ecbc,gx-no-cache=1778088661230 HTTP/1.1" 200 29
10.40.40.2 - - [06/May/2026:14:25:46 -0300] "POST /cormun/servlet/trlicencias?2a8bf4d314e0891f4ab90f4bd1152091,gx-no-cache=1778088643893 HTTP/1.1" 440 972
10.40.40.2 - - [06/May/2026:14:25:47 -0300] "GET /cormun/servlet/trlicencias HTTP/1.1" 200 6047
10.40.40.2 - - [06/May/2026:14:25:48 -0300] "GET /cormun/servlet/hlogin HTTP/1.1" 200 1736
190.95.2.157 - - [06/May/2026:14:25:50 -0300] "GET /cormun/static/menuarrow.gif HTTP/1.1" 404 1015
10.40.40.2 - - [06/May/2026:14:25:51 -0300] "POST /cormun/servlet/hlogin?42f795a024ae1dd043d8806965ad9684,gx-no-cache=1778088649039 HTTP/1.1" 200 90
10.40.40.2 - - [06/May/2026:14:25:51 -0300] "GET /cormun/servlet/hpexe_link HTTP/1.1" 200 957
10.40.40.2 - - [06/May/2026:14:25:52 -0300] "GET /cormun/servlet/trlicencias HTTP/1.1" 200 19228
190.95.2.157 - - [06/May/2026:14:25:54 -0300] "GET /cormun/servlet/solicitudot?37898e80e94f43bc6fdbe37d9cd2df8c760f99b99ecff2af4cbbd98876fa64724e146f39dac0251f1bd6e07d40110d5b,gx-no-cache=1778088672483 HTTP/1.1" 200 134
190.95.2.157 - - [06/May/2026:14:26:41 -0300] "POST /cormun/servlet/solicitudot?gx-no-cache=1778088719548 HTTP/1.1" 200 30
190.95.2.157 - - [06/May/2026:14:26:44 -0300] "POST /cormun/servlet/solicitudot?gx-no-cache=1778088722338 HTTP/1.1" 200 1481
190.95.2.157 - - [06/May/2026:14:26:44 -0300] "POST /cormun/servlet/solicitudot?gx-no-cache=1778088722377 HTTP/1.1" 200 38
190.95.2.157 - - [06/May/2026:14:26:44 -0300] "GET /cormun/servlet/solicitudot?37898e80e94f43bc6fdbe37d9cd2df8cd1fa81c20c05d4fb5e074f710670fb9c103944bef71dc39497811d9172631a8e9278f4256eb8e76d24e352432c136424c808140cc4dbe71eea3636e302e6ce692f646e37261962cd9d7c321a8268b310464805e4cbd118c0421ad9f8fcc3a53e,gx-no-cache=1778088722392 HTTP/1.1" 200 110
190.95.2.157 - - [06/May/2026:14:26:44 -0300] "POST /cormun/servlet/solicitudot?gx-no-cache=1778088722414 HTTP/1.1" 200 102
190.95.2.157 - - [06/May/2026:14:26:50 -0300] "GET /cormun/servlet/solicitudot?37898e80e94f43bc6fdbe37d9cd2df8c760f99b99ecff2af4cbbd98876fa64724e146f39dac0251f1bd6e07d40110d5b,gx-no-cache=1778088728651 HTTP/1.1" 200 134
190.95.2.157 - - [06/May/2026:14:27:18 -0300] "POST /cormun/servlet/solicitudot?gx-no-cache=1778088756285 HTTP/1.1" 200 30
190.95.2.157 - - [06/May/2026:14:27:22 -0300] "POST /cormun/servlet/solicitudot?gx-no-cache=1778088759981 HTTP/1.1" 200 1481
190.95.2.157 - - [06/May/2026:14:27:22 -0300] "POST /cormun/servlet/solicitudot?gx-no-cache=1778088760012 HTTP/1.1" 200 38
190.95.2.157 - - [06/May/2026:14:27:22 -0300] "GET /cormun/servlet/solicitudot?37898e80e94f43bc6fdbe37d9cd2df8cd1fa81c20c05d4fb5e074f710670fb9c103944bef71dc39497811d9172631a8e9278f4256eb8e76d24e352432c136424c808140cc4dbe71eea3636e302e6ce692f646e37261962cd9d7c321a8268b310464805e4cbd118c0421ad9f8fcc3a53e,gx-no-cache=1778088760030 HTTP/1.1" 200 110
190.95.2.157 - - [06/May/2026:14:27:22 -0300] "POST /cormun/servlet/solicitudot?gx-no-cache=1778088760051 HTTP/1.1" 200 97
190.95.2.157 - - [06/May/2026:14:27:26 -0300] "GET /cormun/servlet/prcontratosol?17588187,,,,,MD,,gxPopupLevel%3D0%3B HTTP/1.1" 200 9294
190.95.2.157 - - [06/May/2026:14:27:31 -0300] "POST /cormun/servlet/solicitudot?gx-no-cache=1778088768732 HTTP/1.1" 200 30
190.95.2.157 - - [06/May/2026:14:27:31 -0300] "POST /cormun/servlet/solicitudot?gx-no-cache=1778088768752 HTTP/1.1" 200 1481
190.95.2.157 - - [06/May/2026:14:27:31 -0300] "POST /cormun/servlet/solicitudot?gx-no-cache=1778088768777 HTTP/1.1" 200 38
190.95.2.157 - - [06/May/2026:14:27:31 -0300] "GET /cormun/servlet/solicitudot?37898e80e94f43bc6fdbe37d9cd2df8cd1fa81c20c05d4fb5e074f710670fb9c103944bef71dc39497811d9172631a8e9278f4256eb8e76d24e352432c136424c808140cc4dbe71eea3636e302e6ce692f646e37261962cd9d7c321a8268b310464805e4cbd118c0421ad9f8fcc3a53e,gx-no-cache=1778088768793 HTTP/1.1" 200 110
190.95.2.157 - - [06/May/2026:14:27:31 -0300] "POST /cormun/servlet/solicitudot?gx-no-cache=1778088768813 HTTP/1.1" 200 97
190.95.2.157 - - [06/May/2026:14:27:31 -0300] "GET /cormun/servlet/solicitudot?37898e80e94f43bc6fdbe37d9cd2df8c8dffe57459d0b9aa93f3bca7d32df499cc97bd9f3075b2590afa206b839c039d,gx-no-cache=1778088768832 HTTP/1.1" 200 134
190.95.2.157 - - [06/May/2026:14:27:40 -0300] "GET /cormun/servlet/solicitudot?37898e80e94f43bc6fdbe37d9cd2df8c760f99b99ecff2af4cbbd98876fa64724e146f39dac0251f1bd6e07d40110d5b,gx-no-cache=1778088778670 HTTP/1.1" 200 134
190.95.2.157 - - [06/May/2026:14:27:58 -0300] "POST /cormun/servlet/solicitudot?gx-no-cache=1778088796516 HTTP/1.1" 200 30
190.95.67.91 - - [06/May/2026:14:28:03 -0300] "POST /cormun/servlet/trpermisosadjuntos?eab0e3fa6f5eeaaa28de23321cc86e08,10287129,20260506133003,P,,gx-no-cache=1778088800889 HTTP/1.1" 200 90
190.95.67.91 - - [06/May/2026:14:28:03 -0300] "GET /cormun/servlet/hpexe_link HTTP/1.1" 200 1004
190.95.67.91 - - [06/May/2026:14:28:04 -0300] "GET /cormun/servlet/trpermisosgoce?gx-no-cache=1778088437715 HTTP/1.1" 200 19441
190.95.2.157 - - [06/May/2026:14:28:07 -0300] "POST /cormun/servlet/solicitudot?gx-no-cache=1778088805017 HTTP/1.1" 200 1481
190.95.2.157 - - [06/May/2026:14:28:07 -0300] "POST /cormun/servlet/solicitudot?gx-no-cache=1778088805047 HTTP/1.1" 200 41
190.95.2.157 - - [06/May/2026:14:28:07 -0300] "GET /cormun/servlet/solicitudot?37898e80e94f43bc6fdbe37d9cd2df8cd1fa81c20c05d4fb5e074f710670fb9c103944bef71dc39497811d9172631a8e9278f4256eb8e76d24e352432c136424c808140cc4dbe71eea3636e302e6ce692f646e37261962cd9d7c321a8268b310464805e4cbd118c0421ad9f8fcc3a53e,gx-no-cache=1778088805064 HTTP/1.1" 200 110
190.95.2.157 - - [06/May/2026:14:28:10 -0300] "POST /cormun/servlet/solicitudot?gx-no-cache=1778088808548 HTTP/1.1" 200 97
190.95.2.157 - - [06/May/2026:14:28:15 -0300] "GET /cormun/servlet/solicitudot?37898e80e94f43bc6fdbe37d9cd2df8c760f99b99ecff2af4cbbd98876fa64724e146f39dac0251f1bd6e07d40110d5b,gx-no-cache=1778088812971 HTTP/1.1" 200 134
190.95.2.157 - - [06/May/2026:14:28:28 -0300] "POST /cormun/servlet/solicitudot?gx-no-cache=1778088825773 HTTP/1.1" 200 30
190.95.2.157 - - [06/May/2026:14:28:30 -0300] "POST /cormun/servlet/solicitudot?gx-no-cache=1778088828448 HTTP/1.1" 200 1481
190.95.2.157 - - [06/May/2026:14:28:30 -0300] "POST /cormun/servlet/solicitudot?gx-no-cache=1778088828477 HTTP/1.1" 200 41
190.95.2.157 - - [06/May/2026:14:28:30 -0300] "GET /cormun/servlet/solicitudot?37898e80e94f43bc6fdbe37d9cd2df8cd1fa81c20c05d4fb5e074f710670fb9c103944bef71dc39497811d9172631a8e9278f4256eb8e76d24e352432c136424c808140cc4dbe71eea3636e302e6ce692f646e37261962cd9d7c321a8268b310464805e4cbd118c0421ad9f8fcc3a53e,gx-no-cache=1778088828494 HTTP/1.1" 200 110
190.95.2.157 - - [06/May/2026:14:28:30 -0300] "POST /cormun/servlet/solicitudot?gx-no-cache=1778088828517 HTTP/1.1" 200 97
190.95.2.157 - - [06/May/2026:14:28:33 -0300] "GET /cormun/servlet/solicitudot?37898e80e94f43bc6fdbe37d9cd2df8c760f99b99ecff2af4cbbd98876fa64724e146f39dac0251f1bd6e07d40110d5b,gx-no-cache=1778088831702 HTTP/1.1" 200 134
190.95.2.157 - - [06/May/2026:14:29:31 -0300] "POST /cormun/servlet/solicitudot?gx-no-cache=1778088888832 HTTP/1.1" 200 255
190.95.2.157 - - [06/May/2026:14:29:31 -0300] "GET /cormun/servlet/solicitudot?37898e80e94f43bc6fdbe37d9cd2df8c3bf54a52698db6e1d56cca5e13800553222aed0594f156c13a2986c363a528cd860e6db0d9ed290f819330b5898fdb8fa38891f267d6021bb5690fca96d9114a303e4c68ac28de9457c37a9e795b2d9246e2366b1550947d0a43925a3991250c363b6de8009741faa68bf1da22ec7cb8f845ffe98d9814d82b70d38e6fc2552c37083468f6ae96e5c60330ea91d6db7eca522de699adabc1ab083c7a9b5473f524e47940e89adf2814418d6fb84802591a3cc361e6d7d4e4d992f92025b7002d68f21a261de67067e4aa5a69909ed21fdd3d7a2473bde074f3599630771feddbecb7fc61e927afdc3b8d61b449ec8ca7e26ffb3ce1482807b946231d59c514978c9d3f4da9c0ceaa0d16fbb13d9e12ba361001aafcb8e07affc3e0200c4c7bdefca69f94158ff26e56efed8543c5efd55c48bec84c82d2e1951099e6be2b3d578903f42375ad7a90223cd639b9ac0168e7452193f06abb835442ab7c229ad2c7c6054560878471e92cdee80d30be38d4,gx-no-cache=1778088888865 HTTP/1.1" 200 30
190.95.2.157 - - [06/May/2026:14:29:31 -0300] "POST /cormun/servlet/solicitudot?gx-no-cache=1778088888892 HTTP/1.1" 200 30
190.95.2.157 - - [06/May/2026:14:29:31 -0300] "POST /cormun/servlet/solicitudot?gx-no-cache=1778088888912 HTTP/1.1" 200 1481
190.95.2.157 - - [06/May/2026:14:29:31 -0300] "POST /cormun/servlet/solicitudot?gx-no-cache=1778088888939 HTTP/1.1" 200 41
190.95.2.157 - - [06/May/2026:14:29:31 -0300] "GET /cormun/servlet/solicitudot?37898e80e94f43bc6fdbe37d9cd2df8cd1fa81c20c05d4fb5e074f710670fb9c103944bef71dc39497811d9172631a8e9278f4256eb8e76d24e352432c136424c808140cc4dbe71eea3636e302e6ce692f646e37261962cd9d7c321a8268b310464805e4cbd118c0421ad9f8fcc3a53e,gx-no-cache=1778088888956 HTTP/1.1" 200 110
190.95.2.157 - - [06/May/2026:14:29:31 -0300] "POST /cormun/servlet/solicitudot?gx-no-cache=1778088888975 HTTP/1.1" 200 97
190.95.2.157 - - [06/May/2026:14:29:31 -0300] "GET /cormun/servlet/solicitudot?37898e80e94f43bc6fdbe37d9cd2df8c760f99b99ecff2af4cbbd98876fa64724e146f39dac0251f1bd6e07d40110d5b,gx-no-cache=1778088888994 HTTP/1.1" 200 134
190.95.67.91 - - [06/May/2026:14:30:06 -0300] "GET /cormun/servlet/trpermisosadjuntos?10287129,20260506133003,P, HTTP/1.1" 200 7282
190.95.67.91 - - [06/May/2026:14:30:09 -0300] "POST /cormun/servlet/trpermisosadjuntos?eab0e3fa6f5eeaaa28de23321cc86e08,10287129,20260506133003,P,,gx-no-cache=1778088926888 HTTP/1.1" 200 90
190.95.67.91 - - [06/May/2026:14:30:09 -0300] "GET /cormun/servlet/hpexe_link HTTP/1.1" 200 1004
190.95.67.91 - - [06/May/2026:14:30:10 -0300] "GET /cormun/servlet/trpermisosgoce?gx-no-cache=1778088437715 HTTP/1.1" 200 19489
190.95.67.91 - - [06/May/2026:14:30:13 -0300] "POST /cormun/servlet/trpermisosgoce?eab0e3fa6f5eeaaa28de23321cc86e08,gx-no-cache=1778088437715,gx-no-cache=1778088929915 HTTP/1.1" 200 16603
190.95.67.91 - - [06/May/2026:14:30:14 -0300] "GET /cormun/servlet/permisogoce?INS,0,,, HTTP/1.1" 200 7305
190.95.67.91 - - [06/May/2026:14:30:22 -0300] "GET /cormun/servlet/permisogoce?ca023af3bf738ff56a249dffaba48068220e4cb794304a539e63cc126546ba8b313609880feeaf894c9241bb61d4270dd6563c643afdb322678444eecc31df75,gx-no-cache=1778088939812 HTTP/1.1" 200 83
190.95.67.91 - - [06/May/2026:14:30:29 -0300] "GET /cormun/servlet/permisogoce?ca023af3bf738ff56a249dffaba480685d0caa6bfee3abba6164803422e1605eabd42393dc023dba1a8bcef4fb23b7dc494efd40dfe265b4516787b892540d84,gx-no-cache=1778088946152 HTTP/1.1" 200 47
190.95.67.91 - - [06/May/2026:14:30:32 -0300] "POST /cormun/servlet/permisogoce?eab0e3fa6f5eeaaa28de23321cc86e08,INS,0,,,,gx-no-cache=1778088948688 HTTP/1.1" 200 93
190.95.67.91 - - [06/May/2026:14:30:32 -0300] "GET /cormun/servlet/hpexe_return? HTTP/1.1" 200 1031
190.95.67.91 - - [06/May/2026:14:30:32 -0300] "GET /cormun/servlet/trpermisosgoce?gx-no-cache=1778088437715 HTTP/1.1" 200 19521
190.95.67.91 - - [06/May/2026:14:30:34 -0300] "GET /cormun/servlet/trpermisosadjuntos?15994569,20260506133619,P, HTTP/1.1" 200 6732
190.95.67.91 - - [06/May/2026:14:30:35 -0300] "GET /cormun/servlet/permisosadjuntos?INS,15994569,P,20260506133619,, HTTP/1.1" 200 6021
190.95.67.91 - - [06/May/2026:14:30:35 -0300] "GET /cormun/static/about:blank HTTP/1.1" 404 1011
190.95.67.91 - - [06/May/2026:14:30:41 -0300] "POST /cormun/servlet/permisosadjuntos?eab0e3fa6f5eeaaa28de23321cc86e08,INS,15994569,P,20260506133619,, HTTP/1.1" 200 116
190.95.67.91 - - [06/May/2026:14:30:41 -0300] "GET /cormun/servlet/hpexe_return? HTTP/1.1" 200 1039
190.95.67.91 - - [06/May/2026:14:30:41 -0300] "GET /cormun/servlet/trpermisosadjuntos?15994569,20260506133619,P, HTTP/1.1" 200 7249
190.95.67.91 - - [06/May/2026:14:30:43 -0300] "POST /cormun/servlet/trpermisosadjuntos?eab0e3fa6f5eeaaa28de23321cc86e08,15994569,20260506133619,P,,gx-no-cache=1778088960175 HTTP/1.1" 200 90
190.95.67.91 - - [06/May/2026:14:30:43 -0300] "GET /cormun/servlet/hpexe_link HTTP/1.1" 200 1005
190.95.67.91 - - [06/May/2026:14:30:43 -0300] "GET /cormun/servlet/trpermisosgoce?gx-no-cache=1778088437715 HTTP/1.1" 200 19436
190.95.67.91 - - [06/May/2026:14:30:46 -0300] "POST /cormun/servlet/trpermisosgoce?eab0e3fa6f5eeaaa28de23321cc86e08,gx-no-cache=1778088437715,gx-no-cache=1778088962666 HTTP/1.1" 200 16614
190.95.67.91 - - [06/May/2026:14:30:54 -0300] "GET /cormun/servlet/permisogoce?INS,0,,, HTTP/1.1" 200 7305
190.95.67.91 - - [06/May/2026:14:30:59 -0300] "POST /cormun/servlet/permisogoce?eab0e3fa6f5eeaaa28de23321cc86e08,INS,0,,,,gx-no-cache=1778088976040 HTTP/1.1" 200 4801
190.95.67.91 - - [06/May/2026:14:31:05 -0300] "GET /cormun/servlet/permisogoce?ca023af3bf738ff56a249dffaba48068855350ea20cb438ed5519c9b3dcc939558b5a564a08f2f239209205f132be172c05b7665b8e1b83a786da84e70ce56696e17fb0c543c320817ec2d67b0a3f4cce82ee0a28766997d58708ec04034e05471649cf04c4e79326d125cba005802736e17fb0c543c320817ec2d67b0a3f4cce82ee0a28766997d58708ec04034e054c05b7665b8e1b83a786da84e70ce56696e17fb0c543c320817ec2d67b0a3f4cc66f5f73613d9afae763440b899ee5940faeeb718ea15bf19819276f3264ec6c1,gx-no-cache=1778088982264 HTTP/1.1" 200 82
190.95.67.91 - - [06/May/2026:14:31:12 -0300] "GET /cormun/servlet/permisogoce?ca023af3bf738ff56a249dffaba48068bf57e4c03abc500706961c957fde88eb3385eb483683fcde73c5861604862fd0708b2e1164dad81be90677fc2318ae84,gx-no-cache=1778088989075 HTTP/1.1" 200 47
190.95.67.91 - - [06/May/2026:14:31:14 -0300] "POST /cormun/servlet/permisogoce?eab0e3fa6f5eeaaa28de23321cc86e08,INS,0,,,,gx-no-cache=1778088991047 HTTP/1.1" 200 93
190.95.67.91 - - [06/May/2026:14:31:14 -0300] "GET /cormun/servlet/hpexe_return? HTTP/1.1" 200 1031
190.95.67.91 - - [06/May/2026:14:31:14 -0300] "GET /cormun/servlet/trpermisosgoce?gx-no-cache=1778088437715 HTTP/1.1" 200 19419
190.95.67.91 - - [06/May/2026:14:31:16 -0300] "GET /cormun/servlet/trpermisosadjuntos?15392921,20260506133659,P, HTTP/1.1" 200 6734
190.95.67.91 - - [06/May/2026:14:31:17 -0300] "GET /cormun/servlet/permisosadjuntos?INS,15392921,P,20260506133659,, HTTP/1.1" 200 6027
190.95.67.91 - - [06/May/2026:14:31:18 -0300] "GET /cormun/static/about:blank HTTP/1.1" 404 1011
190.95.67.91 - - [06/May/2026:14:31:24 -0300] "POST /cormun/servlet/permisosadjuntos?eab0e3fa6f5eeaaa28de23321cc86e08,INS,15392921,P,20260506133659,, HTTP/1.1" 200 116
190.95.67.91 - - [06/May/2026:14:31:24 -0300] "GET /cormun/servlet/hpexe_return? HTTP/1.1" 200 1038
190.95.67.91 - - [06/May/2026:14:31:24 -0300] "GET /cormun/servlet/trpermisosadjuntos?15392921,20260506133659,P, HTTP/1.1" 200 7258
190.95.67.91 - - [06/May/2026:14:31:33 -0300] "POST /cormun/servlet/trpermisosadjuntos?eab0e3fa6f5eeaaa28de23321cc86e08,15392921,20260506133659,P,,gx-no-cache=1778089010488 HTTP/1.1" 200 90
190.95.67.91 - - [06/May/2026:14:31:33 -0300] "GET /cormun/servlet/hpexe_link HTTP/1.1" 200 1006
190.95.67.91 - - [06/May/2026:14:31:33 -0300] "GET /cormun/servlet/trpermisosgoce?gx-no-cache=1778088437715 HTTP/1.1" 200 19427
190.95.2.157 - - [06/May/2026:14:31:34 -0300] "POST /cormun/servlet/solicitudot?gx-no-cache=1778089012428 HTTP/1.1" 200 30
190.95.67.91 - - [06/May/2026:14:31:36 -0300] "POST /cormun/servlet/trpermisosgoce?eab0e3fa6f5eeaaa28de23321cc86e08,gx-no-cache=1778088437715,gx-no-cache=1778089012946 HTTP/1.1" 200 16620
190.95.2.157 - - [06/May/2026:14:31:40 -0300] "POST /cormun/servlet/solicitudot?gx-no-cache=1778089018045 HTTP/1.1" 200 1481
190.95.2.157 - - [06/May/2026:14:31:40 -0300] "POST /cormun/servlet/solicitudot?gx-no-cache=1778089018073 HTTP/1.1" 200 41
190.95.2.157 - - [06/May/2026:14:31:40 -0300] "GET /cormun/servlet/solicitudot?37898e80e94f43bc6fdbe37d9cd2df8cd1fa81c20c05d4fb5e074f710670fb9c103944bef71dc39497811d9172631a8e9278f4256eb8e76d24e352432c136424c808140cc4dbe71eea3636e302e6ce692f646e37261962cd9d7c321a8268b310464805e4cbd118c0421ad9f8fcc3a53e,gx-no-cache=1778089018092 HTTP/1.1" 200 110
190.95.2.157 - - [06/May/2026:14:31:40 -0300] "POST /cormun/servlet/solicitudot?gx-no-cache=1778089018112 HTTP/1.1" 200 97
190.95.2.157 - - [06/May/2026:14:31:40 -0300] "GET /cormun/servlet/solicitudot?37898e80e94f43bc6fdbe37d9cd2df8c760f99b99ecff2af4cbbd98876fa6472fb4bc9a4873e6f875a363240d85578db,gx-no-cache=1778089018134 HTTP/1.1" 200 134
190.95.2.157 - - [06/May/2026:14:31:46 -0300] "POST /cormun/servlet/solicitudot?gx-no-cache=1778089024397 HTTP/1.1" 200 30
190.95.2.157 - - [06/May/2026:14:31:46 -0300] "POST /cormun/servlet/solicitudot?gx-no-cache=1778089024423 HTTP/1.1" 200 1481
190.95.2.157 - - [06/May/2026:14:31:46 -0300] "POST /cormun/servlet/solicitudot?gx-no-cache=1778089024449 HTTP/1.1" 200 41
190.95.2.157 - - [06/May/2026:14:31:46 -0300] "GET /cormun/servlet/solicitudot?37898e80e94f43bc6fdbe37d9cd2df8cd1fa81c20c05d4fb5e074f710670fb9c103944bef71dc39497811d9172631a8e9278f4256eb8e76d24e352432c136424c808140cc4dbe71eea3636e302e6ce692f646e37261962cd9d7c321a8268b310464805e4cbd118c0421ad9f8fcc3a53e,gx-no-cache=1778089024471 HTTP/1.1" 200 110
