190.95.1.187 - - [06/May/2026:10:23:24 -0300] "GET /cormun/servlet/solicitudot?fa7d6bab6f56e1901b640552bd0bd24226d0d9759fffc578b2d14af6a0e044e1a6cc6437efbee4b767d68b011376fd1101497c7899983ae9dd0bc532b0c97505f5eaab179f168ae59caacedd00cd754b86e96e6f70db736c3bb3309156b0b65b2b74598846b2ff318766bac1d91c3a360edb10dc769ab8dc832843e0abc49cf4c261a5b86268967c0336b9b67fa07706aa752f00cb0bda220a9db1154d6c2404a80a616dc521edd3c7175622e1d80289cc8ea716e0c19a793dc1b40590ece8c724d74fd1ed275be2504fe31513cd5f291232425a2c4366a80a7ac3ffc59f2c98a92d17746c5eebc421e06b329513156afda16a63cca9022bf148a2e0dcf0bff303d69d9d28b3213cb3832f633f1e5f09dccc69e293d71c7a290ede5e52272dea2a6961c714a15b16d7d5727113fdb2387daa60b2ef2431d3cb296d541fc70a6897a2bb9a58e004a963a8b8af7ea5bc6def782712ca288825284404f54dbd56df53b4838b573c7bbc447c70971ecc206894c592b0a4fc1e3533e0841a9719f1fa82797811e96e737c0517670bff688ce6,gx-no-cache=1778074121564 HTTP/1.1" 200 30
190.95.1.187 - - [06/May/2026:10:23:24 -0300] "POST /cormun/servlet/solicitudot?gx-no-cache=1778074121584 HTTP/1.1" 200 30
190.95.1.187 - - [06/May/2026:10:23:24 -0300] "POST /cormun/servlet/solicitudot?gx-no-cache=1778074121604 HTTP/1.1" 200 1480
190.95.1.187 - - [06/May/2026:10:23:24 -0300] "POST /cormun/servlet/solicitudot?gx-no-cache=1778074121630 HTTP/1.1" 200 41
190.95.1.187 - - [06/May/2026:10:23:45 -0300] "GET /cormun/servlet/solicitudot?fa7d6bab6f56e1901b640552bd0bd242a1a8686bc7a421b16966f8ad3480fc24b8945d8604ef8574c08e93440f3dc2aa1a139e2f33f345c2654bb58d55a41197414d63f827b88ef8816d147d00bd89a191d3352181895d66fc39b263a4769a544161078e840310d0edfe1414f6d0a7ec,gx-no-cache=1778074142826 HTTP/1.1" 200 110
190.95.1.187 - - [06/May/2026:10:23:45 -0300] "POST /cormun/servlet/solicitudot?gx-no-cache=1778074142853 HTTP/1.1" 200 67
190.95.1.187 - - [06/May/2026:10:23:45 -0300] "GET /cormun/servlet/solicitudot?fa7d6bab6f56e1901b640552bd0bd2421af2a1bb9ecd179087545ab80311cfcc5139751d7cdb334ea804ec4bcc29dee552f396ea2c17a8cb5d9cc5bce5cedcad905bc6829d8ff9a4a1befe5ecd9ae2cb934caa0ea7b712da632a40bf6785f769223e37918a917f79acd8138676ed0cc1,gx-no-cache=1778074142874 HTTP/1.1" 200 29
190.95.1.187 - - [06/May/2026:10:23:45 -0300] "GET /cormun/servlet/solicitudot?fa7d6bab6f56e1901b640552bd0bd242d488304d6b448e5294a7e598dc4c8c15ed34aac36ba39c0d95a900f980aa4724,gx-no-cache=1778074142890 HTTP/1.1" 200 30
190.95.1.187 - - [06/May/2026:10:23:45 -0300] "POST /cormun/servlet/solicitudot?gx-no-cache=1778074142908 HTTP/1.1" 200 30
190.95.1.187 - - [06/May/2026:10:25:01 -0300] "POST /cormun/servlet/solicitudot?5b18baae28f7d40f1b9e40c788c0dff5,UPD,2026,23542,false,,gx-no-cache=1778074218331 HTTP/1.1" 200 93
190.95.1.187 - - [06/May/2026:10:25:01 -0300] "GET /cormun/servlet/hpexe_return? HTTP/1.1" 200 1038
190.95.1.187 - - [06/May/2026:10:25:01 -0300] "GET /cormun/servlet/trsolicitudot?gx-no-cache=1778073289602 HTTP/1.1" 200 9308
190.95.1.187 - - [06/May/2026:10:25:14 -0300] "POST /cormun/servlet/trsolicitudot?5b18baae28f7d40f1b9e40c788c0dff5,gx-no-cache=1778073289602,gx-no-cache=1778074230077 HTTP/1.1" 200 6077
190.95.1.187 - - [06/May/2026:10:25:14 -0300] "POST /cormun/servlet/trsolicitudot?5b18baae28f7d40f1b9e40c788c0dff5,gx-no-cache=1778073289602,gx-no-cache=1778074231860 HTTP/1.1" 200 6020
190.95.1.187 - - [06/May/2026:10:25:27 -0300] "POST /cormun/servlet/trsolicitudot?5b18baae28f7d40f1b9e40c788c0dff5,gx-no-cache=1778073289602,gx-no-cache=1778074244892 HTTP/1.1" 200 112
190.95.1.187 - - [06/May/2026:10:25:27 -0300] "GET /cormun/servlet/solicitudot?UPD,2026,23525,false, HTTP/1.1" 200 16730
190.95.1.187 - - [06/May/2026:10:25:31 -0300] "POST /cormun/servlet/solicitudot?gx-no-cache=1778074245719 HTTP/1.1" 200 4145
190.95.1.187 - - [06/May/2026:10:25:31 -0300] "POST /cormun/servlet/solicitudot?5b18baae28f7d40f1b9e40c788c0dff5,UPD,2026,23525,false,,gx-no-cache=1778074248615 HTTP/1.1" 200 12824
190.95.1.187 - - [06/May/2026:10:25:31 -0300] "GET /cormun/servlet/solicitudot?fa7d6bab6f56e1901b640552bd0bd242ff4a24ffc36a74f71ce6873c2b5d60d5a661305e6079dfb0a93d756a111db0f9,gx-no-cache=1778074248704 HTTP/1.1" 200 30
190.95.1.187 - - [06/May/2026:10:25:31 -0300] "GET /cormun/servlet/solicitudot?fa7d6bab6f56e1901b640552bd0bd2427dd82625b188c81cbd81ee60ccdc73398990d57acbbc0940e10939c10d87833bf91f9f02d1d90b857c9a5592d7800521,gx-no-cache=1778074248725 HTTP/1.1" 200 30
190.95.1.187 - - [06/May/2026:10:25:31 -0300] "GET /cormun/servlet/solicitudot?fa7d6bab6f56e1901b640552bd0bd242376566ea0bfb065f940b8c6b130b4731d73f276f106672a3f8003a14084a01f62da10d2d3e6b35433911bf3980d0f2f8,gx-no-cache=1778074248742 HTTP/1.1" 200 53
190.95.1.187 - - [06/May/2026:10:25:31 -0300] "POST /cormun/servlet/solicitudot?gx-no-cache=1778074248762 HTTP/1.1" 200 297
190.95.1.187 - - [06/May/2026:10:25:31 -0300] "GET /cormun/servlet/solicitudot?fa7d6bab6f56e1901b640552bd0bd24226d0d9759fffc578b2d14af6a0e044e1a6cc6437efbee4b767d68b011376fd1101497c7899983ae9dd0bc532b0c97505f5eaab179f168ae59caacedd00cd754b86e96e6f70db736c3bb3309156b0b65b2b74598846b2ff318766bac1d91c3a360edb10dc769ab8dc832843e0abc49cf4c261a5b86268967c0336b9b67fa07706aa752f00cb0bda220a9db1154d6c2404a80a616dc521edd3c7175622e1d80289cc8ea716e0c19a793dc1b40590ece8c724d74fd1ed275be2504fe31513cd5f291232425a2c4366a80a7ac3ffc59f2c98a92d17746c5eebc421e06b329513156afda16a63cca9022bf148a2e0dcf0bff303d69d9d28b3213cb3832f633f1e5f09dccc69e293d71c7a290ede5e52272dea2a6961c714a15b16d7d5727113fdb2387daa60b2ef2431d3cb296d541fc70a6897a2bb9a58e004a963a8b8af7ea5bc6def782712ca288825284404f54dbd56df53b4838b573c7bbc447c70971ecc206894c592b0a4fc1e3533e0841a9719f1fa82797811e96e737c0517670bff688ce6,gx-no-cache=1778074248783 HTTP/1.1" 200 30
190.95.1.187 - - [06/May/2026:10:25:31 -0300] "POST /cormun/servlet/solicitudot?gx-no-cache=1778074248803 HTTP/1.1" 200 30
190.95.1.187 - - [06/May/2026:10:25:31 -0300] "POST /cormun/servlet/solicitudot?gx-no-cache=1778074248823 HTTP/1.1" 200 1480
190.95.1.187 - - [06/May/2026:10:25:31 -0300] "POST /cormun/servlet/solicitudot?gx-no-cache=1778074248849 HTTP/1.1" 200 41
190.95.1.187 - - [06/May/2026:10:26:39 -0300] "GET /cormun/servlet/solicitudot?fa7d6bab6f56e1901b640552bd0bd242a1a8686bc7a421b16966f8ad3480fc24b8945d8604ef8574c08e93440f3dc2aa1a139e2f33f345c2654bb58d55a41197414d63f827b88ef8816d147d00bd89a191d3352181895d66fc39b263a4769a544161078e840310d0edfe1414f6d0a7ec,gx-no-cache=1778074316503 HTTP/1.1" 200 110
190.95.1.187 - - [06/May/2026:10:26:39 -0300] "POST /cormun/servlet/solicitudot?gx-no-cache=1778074316542 HTTP/1.1" 200 67
190.95.1.187 - - [06/May/2026:10:26:39 -0300] "GET /cormun/servlet/solicitudot?fa7d6bab6f56e1901b640552bd0bd2421af2a1bb9ecd179087545ab80311cfcc5139751d7cdb334ea804ec4bcc29dee552f396ea2c17a8cb5d9cc5bce5cedcad905bc6829d8ff9a4a1befe5ecd9ae2cb934caa0ea7b712da632a40bf6785f769223e37918a917f79acd8138676ed0cc1,gx-no-cache=1778074316563 HTTP/1.1" 200 29
190.95.1.187 - - [06/May/2026:10:26:39 -0300] "GET /cormun/servlet/solicitudot?fa7d6bab6f56e1901b640552bd0bd242d488304d6b448e5294a7e598dc4c8c15ed34aac36ba39c0d95a900f980aa4724,gx-no-cache=1778074316581 HTTP/1.1" 200 30
190.95.1.187 - - [06/May/2026:10:26:39 -0300] "POST /cormun/servlet/solicitudot?gx-no-cache=1778074316598 HTTP/1.1" 200 30
190.95.1.187 - - [06/May/2026:10:26:39 -0300] "POST /cormun/servlet/solicitudot?5b18baae28f7d40f1b9e40c788c0dff5,UPD,2026,23525,false,,gx-no-cache=1778074316617 HTTP/1.1" 200 93
190.95.1.187 - - [06/May/2026:10:26:39 -0300] "GET /cormun/servlet/hpexe_return? HTTP/1.1" 200 1038
190.95.1.187 - - [06/May/2026:10:26:39 -0300] "GET /cormun/servlet/trsolicitudot?gx-no-cache=1778073289602 HTTP/1.1" 200 8966
190.95.1.187 - - [06/May/2026:10:26:43 -0300] "POST /cormun/servlet/trsolicitudot?5b18baae28f7d40f1b9e40c788c0dff5,gx-no-cache=1778073289602,gx-no-cache=1778074320660 HTTP/1.1" 200 5607
190.95.1.187 - - [06/May/2026:10:26:43 -0300] "POST /cormun/servlet/trsolicitudot?5b18baae28f7d40f1b9e40c788c0dff5,gx-no-cache=1778073289602,gx-no-cache=1778074320776 HTTP/1.1" 200 5551
200.126.117.15 - - [06/May/2026:10:28:19 -0300] "GET /cormun/static/menuarrow.gif HTTP/1.1" 404 1015
200.126.117.15 - - [06/May/2026:10:28:36 -0300] "GET /cormun/servlet/solicitudot?03282da09ef7c8664d53fd1cdb9abc840ec43dcced48fdc023f0d15003d4382923e25525b4cb32e36693361436d9d927,gx-no-cache=1778074432686 HTTP/1.1" 200 30
200.126.117.15 - - [06/May/2026:10:28:36 -0300] "POST /cormun/servlet/solicitudot?gx-no-cache=1778074432721 HTTP/1.1" 200 30
200.126.117.15 - - [06/May/2026:10:29:06 -0300] "POST /cormun/servlet/solicitudot?gx-no-cache=1778074462531 HTTP/1.1" 200 30
200.126.117.15 - - [06/May/2026:10:31:22 -0300] "POST /cormun/servlet/solicitudot?d312216cb649182219009888b766ea8d,INS,0,0,false,,gx-no-cache=1778074598191 HTTP/1.1" 200 93
200.126.117.15 - - [06/May/2026:10:31:22 -0300] "GET /cormun/servlet/hpexe_return? HTTP/1.1" 200 1012
200.126.117.15 - - [06/May/2026:10:31:22 -0300] "GET /cormun/servlet/trsolicitudot? HTTP/1.1" 200 8929
200.126.117.15 - - [06/May/2026:10:31:22 -0300] "GET /cormun//static/Resources/PXToolsActionView.png HTTP/1.1" 200 398
200.126.117.15 - - [06/May/2026:10:31:22 -0300] "GET /cormun//static/Resources/PXToolsRemoveAllAction.png HTTP/1.1" 200 487
201.186.225.183 - - [06/May/2026:10:32:08 -0300] "POST /cormun/servlet/trpermisosgoce?d0657b8f66195005833573284045f7e5,,gx-no-cache=1778074646075 HTTP/1.1" 440 972
201.186.225.183 - - [06/May/2026:10:32:10 -0300] "GET /cormun/servlet/trpermisosgoce? HTTP/1.1" 200 6021
201.186.225.183 - - [06/May/2026:10:32:10 -0300] "GET /cormun/servlet/hlogin HTTP/1.1" 200 1733
190.95.15.17 - - [06/May/2026:10:32:11 -0300] "GET /cormun/servlet/hlogin HTTP/1.1" 200 1713
190.95.15.17 - - [06/May/2026:10:32:11 -0300] "GET /cormun/servlet/hlogin HTTP/1.1" 200 1723
190.95.15.17 - - [06/May/2026:10:32:11 -0300] "GET /favicon.ico HTTP/1.1" 200 21630
201.186.225.183 - - [06/May/2026:10:32:12 -0300] "POST /cormun/servlet/hlogin?3d13c23de439934e0deb6a2ce7acd431,gx-no-cache=1778074649864 HTTP/1.1" 200 90
201.186.225.183 - - [06/May/2026:10:32:12 -0300] "GET /cormun/servlet/hpexe_link HTTP/1.1" 200 949
201.186.225.183 - - [06/May/2026:10:32:12 -0300] "GET /cormun/servlet/trpermisosgoce HTTP/1.1" 200 18607
190.95.15.17 - - [06/May/2026:10:32:15 -0300] "POST /cormun/servlet/hlogin?52cb1911825a29f07a683931aa9459bc,gx-no-cache=1778075088550 HTTP/1.1" 200 90
190.95.15.17 - - [06/May/2026:10:32:15 -0300] "GET /cormun/servlet/hpexe_link HTTP/1.1" 200 944
190.95.15.17 - - [06/May/2026:10:32:16 -0300] "GET /cormun/servlet/hhome HTTP/1.1" 200 4371
201.186.225.183 - - [06/May/2026:10:32:17 -0300] "POST /cormun/servlet/trpermisosgoce?3d13c23de439934e0deb6a2ce7acd431,gx-no-cache=1778074654186 HTTP/1.1" 200 5030
201.186.225.183 - - [06/May/2026:10:32:22 -0300] "GET /cormun/servlet/permisogoce?DSP,9984335,P,20260428124519, HTTP/1.1" 200 6670
190.95.15.17 - - [06/May/2026:10:32:23 -0300] "GET /cormun/servlet/trlicencias? HTTP/1.1" 200 10273
201.186.225.183 - - [06/May/2026:10:32:25 -0300] "POST /cormun/servlet/permisogoce?3d13c23de439934e0deb6a2ce7acd431,DSP,9984335,P,20260428124519,,gx-no-cache=1778074662383 HTTP/1.1" 200 93
201.186.225.183 - - [06/May/2026:10:32:25 -0300] "GET /cormun/servlet/hpexe_return? HTTP/1.1" 200 1042
201.186.225.183 - - [06/May/2026:10:32:25 -0300] "GET /cormun/servlet/trpermisosgoce?gx-no-cache=1778074654186 HTTP/1.1" 200 7830
201.186.225.183 - - [06/May/2026:10:32:27 -0300] "GET /cormun/servlet/trpermisosadjuntos?9984335,20260428124519,P, HTTP/1.1" 200 6757
201.186.225.183 - - [06/May/2026:10:32:28 -0300] "GET /cormun/PublicTempStorage/111-37048196.pdf HTTP/1.1" 200 164813
201.186.225.183 - - [06/May/2026:10:32:43 -0300] "GET /cormun/servlet/trpermisosadjuntos?9984335,20260428124519,P, HTTP/1.1" 200 6758
201.186.225.183 - - [06/May/2026:10:32:46 -0300] "GET /cormun/servlet/trpermisosgoce? HTTP/1.1" 200 7827
201.186.225.183 - - [06/May/2026:10:33:12 -0300] "GET /cormun/servlet/permisogoce?INS,0,,, HTTP/1.1" 200 6822
201.186.225.183 - - [06/May/2026:10:33:19 -0300] "GET /cormun/servlet/permisogoce?297116619fd6a6b187af3b13b8aa03679ffa395a08db4b9c34f6977b3f0ac727c35e0f59a2a170879fe3ef214a451d1a1d7a600ccb8a231c2594331afa2b64e5,gx-no-cache=1778074716630 HTTP/1.1" 200 81
201.186.225.183 - - [06/May/2026:10:33:20 -0300] "GET /cormun/static/menuarrow.gif HTTP/1.1" 404 1015
190.95.15.17 - - [06/May/2026:10:33:21 -0300] "GET /cormun/servlet/hhome HTTP/1.1" 200 4371
201.186.225.183 - - [06/May/2026:10:33:23 -0300] "GET /cormun/servlet/permisogoce?297116619fd6a6b187af3b13b8aa0367a8d512af48c2f36c8bc78c6806530d78ca3449a252f8fbb667d21f4c1d846ea109fe3fa2d5fa7835d3d5a63e0a42c84c,gx-no-cache=1778074721243 HTTP/1.1" 200 48
201.186.225.183 - - [06/May/2026:10:33:25 -0300] "POST /cormun/servlet/permisogoce?3d13c23de439934e0deb6a2ce7acd431,INS,0,,,,gx-no-cache=1778074722623 HTTP/1.1" 200 93
201.186.225.183 - - [06/May/2026:10:33:25 -0300] "GET /cormun/servlet/hpexe_return? HTTP/1.1" 200 1003
201.186.225.183 - - [06/May/2026:10:33:25 -0300] "GET /cormun/servlet/trpermisosgoce HTTP/1.1" 200 8053
201.186.225.183 - - [06/May/2026:10:33:28 -0300] "GET /cormun/servlet/apermisogoceprn?9984335,P,20260506093918,PU HTTP/1.1" 200 1645
190.95.15.17 - - [06/May/2026:10:33:30 -0300] "GET /cormun/servlet/trpermisosgoce? HTTP/1.1" 200 12089
201.186.226.3 - - [06/May/2026:10:33:52 -0300] "GET /cormun/servlet/hlogin HTTP/1.1" 200 1724
201.186.226.3 - - [06/May/2026:10:33:53 -0300] "GET /cormun/servlet/hlogin HTTP/1.1" 200 1734
201.186.226.3 - - [06/May/2026:10:34:07 -0300] "POST /cormun/servlet/hlogin?a58ee5c761fb7c064b5cee493fb1a43d,gx-no-cache=1778074764324 HTTP/1.1" 200 90
201.186.226.3 - - [06/May/2026:10:34:07 -0300] "GET /cormun/servlet/hpexe_link HTTP/1.1" 200 955
201.186.226.3 - - [06/May/2026:10:34:07 -0300] "GET /cormun/servlet/hhome HTTP/1.1" 200 3938
201.186.226.3 - - [06/May/2026:10:34:14 -0300] "GET /cormun/servlet/trlicencias? HTTP/1.1" 200 11471
201.186.226.3 - - [06/May/2026:10:34:21 -0300] "GET /cormun/servlet/alicenciaprn?19263940,L,20260505000000,PU HTTP/1.1" 200 1521
201.186.226.3 - - [06/May/2026:10:35:37 -0300] "GET /cormun/servlet/trpermisosgoce? HTTP/1.1" 200 11672
201.186.226.3 - - [06/May/2026:10:35:43 -0300] "GET /cormun/servlet/hlogin HTTP/1.1" 200 1745
190.95.1.183 - - [06/May/2026:10:36:59 -0300] "GET /cormun/servlet/trsolicitudot? HTTP/1.1" 200 6324
190.95.1.183 - - [06/May/2026:10:36:59 -0300] "GET /cormun/static/gxcfg.js?20221129846531 HTTP/1.1" 200 953
190.95.1.183 - - [06/May/2026:10:36:59 -0300] "GET /cormun/static/trsolicitudot.js?202211298465651 HTTP/1.1" 200 54040
190.95.1.183 - - [06/May/2026:10:37:00 -0300] "GET /cormun/servlet/hlogin HTTP/1.1" 200 1740
190.95.1.183 - - [06/May/2026:10:37:06 -0300] "POST /cormun/servlet/hlogin?56befa748d5a87c0e0f2776d46f14ad5,gx-no-cache=1778074943557 HTTP/1.1" 200 449
190.95.1.183 - - [06/May/2026:10:37:10 -0300] "POST /cormun/servlet/hlogin?56befa748d5a87c0e0f2776d46f14ad5,gx-no-cache=1778074947947 HTTP/1.1" 200 90
190.95.1.183 - - [06/May/2026:10:37:10 -0300] "GET /cormun/servlet/hpexe_link HTTP/1.1" 200 953
190.95.1.183 - - [06/May/2026:10:37:11 -0300] "GET /cormun/servlet/trsolicitudot HTTP/1.1" 200 7016
190.95.1.183 - - [06/May/2026:10:37:13 -0300] "GET /cormun/servlet/trcontratoobservacion? HTTP/1.1" 200 9026
190.95.1.183 - - [06/May/2026:10:37:13 -0300] "GET /cormun/static/gxcfg.js?2022112984808 HTTP/1.1" 200 953
190.95.1.183 - - [06/May/2026:10:37:13 -0300] "GET /cormun/static/trcontratoobservacion.js?20221129848151 HTTP/1.1" 200 25148
190.95.1.183 - - [06/May/2026:10:37:16 -0300] "GET /cormun/servlet/trlicencias? HTTP/1.1" 200 13586
190.95.1.183 - - [06/May/2026:10:37:18 -0300] "GET /cormun/static/menuarrow.gif HTTP/1.1" 404 1015
190.95.1.183 - - [06/May/2026:10:37:26 -0300] "POST /cormun/servlet/trlicencias?56befa748d5a87c0e0f2776d46f14ad5,,gx-no-cache=1778074964085 HTTP/1.1" 200 6180
190.95.1.185 - - [06/May/2026:10:38:15 -0300] "GET /cormun/servlet/trlicencias? HTTP/1.1" 200 11936
190.95.15.17 - - [06/May/2026:10:46:17 -0300] "GET /cormun/servlet/permisogoce?INS,0,,, HTTP/1.1" 200 7265
190.95.15.17 - - [06/May/2026:10:46:41 -0300] "GET /cormun/servlet/permisogoce?45d1162b3f855c11b07f019955372a944b9ca4ea6d5991c5815022030e67d7b814daecab66bf98c54943a8fea081dfb7d0c2722f16f8ff67afe0a452352137a3,gx-no-cache=1778075954496 HTTP/1.1" 200 74
190.95.15.17 - - [06/May/2026:10:47:06 -0300] "GET /cormun/servlet/permisogoce?45d1162b3f855c11b07f019955372a9477b7eefe8c3bbe7752247ce63974d6aa19fdcfb8be91350bf53462337f1f6f63cecd3d2a3107331fa533405df29b4d1b,gx-no-cache=1778075979410 HTTP/1.1" 200 46
190.95.15.17 - - [06/May/2026:10:47:11 -0300] "POST /cormun/servlet/permisogoce?52cb1911825a29f07a683931aa9459bc,INS,0,,,,gx-no-cache=1778075983214 HTTP/1.1" 200 93
190.95.15.17 - - [06/May/2026:10:47:11 -0300] "GET /cormun/servlet/hpexe_return? HTTP/1.1" 200 1003
190.95.15.17 - - [06/May/2026:10:47:12 -0300] "GET /cormun/servlet/trpermisosgoce HTTP/1.1" 200 12320
47.84.139.158 - - [06/May/2026:10:47:16 -0300] "GET / HTTP/1.1" 200 11217
47.84.139.158 - - [06/May/2026:10:47:17 -0300] "GET / HTTP/1.1" 200 11217
190.95.15.17 - - [06/May/2026:10:48:53 -0300] "GET /cormun/servlet/permisogoce?INS,0,,, HTTP/1.1" 200 7265
190.95.15.17 - - [06/May/2026:10:49:21 -0300] "GET /cormun/servlet/permisogoce?45d1162b3f855c11b07f019955372a946870954abdd6335d9e5908d9850b160f14daecab66bf98c54943a8fea081dfb7d0c2722f16f8ff67afe0a452352137a3,gx-no-cache=1778076114049 HTTP/1.1" 200 76
190.95.15.17 - - [06/May/2026:10:49:54 -0300] "GET /cormun/servlet/permisogoce?45d1162b3f855c11b07f019955372a944ec43019988a52c3d356b6ffe8d46f4ff246a1f536c8929511bd6d418c2638aececd3d2a3107331fa533405df29b4d1b,gx-no-cache=1778076146961 HTTP/1.1" 200 46
190.95.15.17 - - [06/May/2026:10:49:58 -0300] "POST /cormun/servlet/permisogoce?52cb1911825a29f07a683931aa9459bc,INS,0,,,,gx-no-cache=1778076150302 HTTP/1.1" 200 93
190.95.15.17 - - [06/May/2026:10:49:58 -0300] "GET /cormun/servlet/hpexe_return? HTTP/1.1" 200 1003
190.95.15.17 - - [06/May/2026:10:49:58 -0300] "GET /cormun/servlet/trpermisosgoce HTTP/1.1" 200 12597
190.95.15.17 - - [06/May/2026:10:50:24 -0300] "GET /cormun/servlet/permisogoce?INS,0,,, HTTP/1.1" 200 7266
201.186.225.183 - - [06/May/2026:10:51:11 -0300] "POST /cormun/servlet/trpermisosgoce?3d13c23de439934e0deb6a2ce7acd431,gx-no-cache=1778075788743 HTTP/1.1" 200 15683
190.95.15.17 - - [06/May/2026:10:51:34 -0300] "GET /cormun/servlet/permisogoce?45d1162b3f855c11b07f019955372a94f8676355b613bdade2d1af66e0bfd33714daecab66bf98c54943a8fea081dfb7d0c2722f16f8ff67afe0a452352137a3,gx-no-cache=1778076247122 HTTP/1.1" 200 86
190.95.15.17 - - [06/May/2026:10:51:52 -0300] "GET /cormun/servlet/permisogoce?45d1162b3f855c11b07f019955372a94a27faa056eff910855756c3f16da5371a637e452c38405d76043d2cc555324b6cecd3d2a3107331fa533405df29b4d1b,gx-no-cache=1778076265040 HTTP/1.1" 200 47
190.95.15.17 - - [06/May/2026:10:51:55 -0300] "POST /cormun/servlet/permisogoce?52cb1911825a29f07a683931aa9459bc,INS,0,,,,gx-no-cache=1778076267741 HTTP/1.1" 200 93
190.95.15.17 - - [06/May/2026:10:51:55 -0300] "GET /cormun/servlet/hpexe_return? HTTP/1.1" 200 1003
190.95.15.17 - - [06/May/2026:10:51:55 -0300] "GET /cormun/servlet/trpermisosgoce HTTP/1.1" 200 12797
190.95.67.93 - - [06/May/2026:10:53:05 -0300] "GET /cormun/servlet/trpermisosgoce HTTP/1.1" 200 6028
190.95.67.93 - - [06/May/2026:10:53:05 -0300] "GET /cormun/servlet/hlogin HTTP/1.1" 200 1734
190.95.67.93 - - [06/May/2026:10:53:10 -0300] "POST /cormun/servlet/hlogin?b186dbac8af222722e06d34680bd7e51,gx-no-cache=1778075907494 HTTP/1.1" 200 90
190.95.67.93 - - [06/May/2026:10:53:10 -0300] "GET /cormun/servlet/hpexe_link HTTP/1.1" 200 952
190.95.67.93 - - [06/May/2026:10:53:10 -0300] "GET /cormun/servlet/trpermisosgoce HTTP/1.1" 200 17689
190.95.15.17 - - [06/May/2026:10:54:32 -0300] "GET /cormun/servlet/hlogin HTTP/1.1" 200 1713
190.95.15.17 - - [06/May/2026:10:54:39 -0300] "POST /cormun/servlet/hlogin?52cb1911825a29f07a683931aa9459bc,gx-no-cache=1778076431845 HTTP/1.1" 200 90
190.95.15.17 - - [06/May/2026:10:54:39 -0300] "GET /cormun/servlet/hpexe_link HTTP/1.1" 200 950
190.95.15.17 - - [06/May/2026:10:54:39 -0300] "GET /cormun/servlet/trpermisosgoce HTTP/1.1" 200 12794
201.186.225.183 - - [06/May/2026:10:55:47 -0300] "GET /cormun/servlet/trlicencias? HTTP/1.1" 200 16164
190.95.67.93 - - [06/May/2026:10:59:22 -0300] "GET /cormun/servlet/trpermisosadjuntos?16253381,20260505080630,P, HTTP/1.1" 200 6650
190.95.67.93 - - [06/May/2026:10:59:22 -0300] "GET /cormun/static/gxcfg.js?2020121641683 HTTP/1.1" 200 953
190.95.67.93 - - [06/May/2026:10:59:22 -0300] "GET /cormun/static/trpermisosadjuntos.js?2020121642996 HTTP/1.1" 200 20158
190.95.67.93 - - [06/May/2026:10:59:24 -0300] "GET /cormun/servlet/permisosadjuntos?INS,16253381,P,20260505080630,, HTTP/1.1" 200 5978
190.95.67.93 - - [06/May/2026:10:59:24 -0300] "GET /cormun/static/gxcfg.js?20201215134212 HTTP/1.1" 200 953
190.95.67.93 - - [06/May/2026:10:59:24 -0300] "GET /cormun/static/permisosadjuntos.js?20201215134285 HTTP/1.1" 200 8724
190.95.67.93 - - [06/May/2026:10:59:24 -0300] "GET /cormun/static/about:blank HTTP/1.1" 404 1011
190.95.67.93 - - [06/May/2026:10:59:44 -0300] "POST /cormun/servlet/permisosadjuntos?b186dbac8af222722e06d34680bd7e51,INS,16253381,P,20260505080630,, HTTP/1.1" 200 116
190.95.67.93 - - [06/May/2026:10:59:44 -0300] "GET /cormun/servlet/hpexe_return? HTTP/1.1" 200 1034
190.95.67.93 - - [06/May/2026:10:59:44 -0300] "GET /cormun/servlet/trpermisosadjuntos?16253381,20260505080630,P, HTTP/1.1" 200 7221
190.95.67.93 - - [06/May/2026:10:59:49 -0300] "POST /cormun/servlet/trpermisosadjuntos?b186dbac8af222722e06d34680bd7e51,16253381,20260505080630,P,,gx-no-cache=1778076306631 HTTP/1.1" 200 90
190.95.67.93 - - [06/May/2026:10:59:49 -0300] "GET /cormun/servlet/hpexe_link HTTP/1.1" 200 979
190.95.67.93 - - [06/May/2026:10:59:49 -0300] "GET /cormun/servlet/trpermisosgoce HTTP/1.1" 200 17689
190.95.67.93 - - [06/May/2026:10:59:58 -0300] "GET /cormun/servlet/trpermisosadjuntos?16253381,20260505080630,P, HTTP/1.1" 200 7216
190.95.67.93 - - [06/May/2026:11:00:01 -0300] "POST /cormun/servlet/trpermisosadjuntos?b186dbac8af222722e06d34680bd7e51,16253381,20260505080630,P,,gx-no-cache=1778076318303 HTTP/1.1" 200 90
190.95.67.93 - - [06/May/2026:11:00:01 -0300] "GET /cormun/servlet/hpexe_link HTTP/1.1" 200 979
190.95.67.93 - - [06/May/2026:11:00:01 -0300] "GET /cormun/servlet/trpermisosgoce HTTP/1.1" 200 17704
190.95.67.93 - - [06/May/2026:11:00:07 -0300] "POST /cormun/servlet/trpermisosgoce?b186dbac8af222722e06d34680bd7e51,gx-no-cache=1778076324032 HTTP/1.1" 200 14746
190.95.67.93 - - [06/May/2026:11:00:07 -0300] "GET /cormun/static/Shared/jqueryui/images/ui-bg_highlight-soft_100_c6c2c8_1x100.png HTTP/1.1" 404 1117
190.95.67.93 - - [06/May/2026:11:00:07 -0300] "GET /cormun/static/Shared/jqueryui/images/ui-icons_82798d_256x240.png HTTP/1.1" 404 1089
190.95.67.93 - - [06/May/2026:11:00:07 -0300] "GET /cormun/static/Shared/jqueryui/images/ui-icons_8d78a5_256x240.png HTTP/1.1" 404 1089
190.95.67.93 - - [06/May/2026:11:00:07 -0300] "GET /cormun/static/Shared/jqueryui/images/ui-bg_flat_55_fafafa_40x100.png HTTP/1.1" 404 1097
190.95.67.93 - - [06/May/2026:11:00:17 -0300] "GET /cormun/servlet/trpermisosadjuntos?18040959,20260424103854,P, HTTP/1.1" 200 6647
190.95.67.93 - - [06/May/2026:11:00:19 -0300] "GET /cormun/servlet/permisosadjuntos?INS,18040959,P,20260424103854,, HTTP/1.1" 200 5978
190.95.67.93 - - [06/May/2026:11:00:20 -0300] "GET /cormun/static/about:blank HTTP/1.1" 404 1011
190.95.67.93 - - [06/May/2026:11:00:31 -0300] "POST /cormun/servlet/permisosadjuntos?b186dbac8af222722e06d34680bd7e51,INS,18040959,P,20260424103854,, HTTP/1.1" 200 116
190.95.67.93 - - [06/May/2026:11:00:31 -0300] "GET /cormun/servlet/hpexe_return? HTTP/1.1" 200 1035
190.95.67.93 - - [06/May/2026:11:00:32 -0300] "GET /cormun/servlet/trpermisosadjuntos?18040959,20260424103854,P, HTTP/1.1" 200 7220
190.95.67.93 - - [06/May/2026:11:00:35 -0300] "POST /cormun/servlet/trpermisosadjuntos?b186dbac8af222722e06d34680bd7e51,18040959,20260424103854,P,,gx-no-cache=1778076352958 HTTP/1.1" 200 90
190.95.67.93 - - [06/May/2026:11:00:35 -0300] "GET /cormun/servlet/hpexe_link HTTP/1.1" 200 1003
190.95.67.93 - - [06/May/2026:11:00:36 -0300] "GET /cormun/servlet/trpermisosgoce?gx-no-cache=1778076324032 HTTP/1.1" 200 17711
190.95.67.93 - - [06/May/2026:11:00:46 -0300] "GET /cormun/servlet/trpermisosadjuntos?18040959,20260424103854,P, HTTP/1.1" 200 7238
190.95.67.93 - - [06/May/2026:11:00:52 -0300] "POST /cormun/servlet/trpermisosadjuntos?b186dbac8af222722e06d34680bd7e51,18040959,20260424103854,P,,gx-no-cache=1778076369318 HTTP/1.1" 200 90
190.95.67.93 - - [06/May/2026:11:00:52 -0300] "GET /cormun/servlet/hpexe_link HTTP/1.1" 200 1003
190.95.67.93 - - [06/May/2026:11:00:52 -0300] "GET /cormun/servlet/trpermisosgoce?gx-no-cache=1778076324032 HTTP/1.1" 200 17697
190.95.67.93 - - [06/May/2026:11:02:30 -0300] "GET /cormun/servlet/trpermisosadjuntos?18040959,20260424103854,P, HTTP/1.1" 200 7238
190.95.67.93 - - [06/May/2026:11:02:33 -0300] "POST /cormun/servlet/trpermisosadjuntos?b186dbac8af222722e06d34680bd7e51,18040959,20260424103854,P,,gx-no-cache=1778076470174 HTTP/1.1" 200 90
190.95.67.93 - - [06/May/2026:11:02:33 -0300] "GET /cormun/servlet/hpexe_link HTTP/1.1" 200 1003
190.95.67.93 - - [06/May/2026:11:02:33 -0300] "GET /cormun/servlet/trpermisosgoce?gx-no-cache=1778076324032 HTTP/1.1" 200 17711
190.95.67.93 - - [06/May/2026:11:02:39 -0300] "POST /cormun/servlet/trpermisosgoce?b186dbac8af222722e06d34680bd7e51,gx-no-cache=1778076324032,gx-no-cache=1778076475952 HTTP/1.1" 200 14748
190.95.67.93 - - [06/May/2026:11:02:47 -0300] "GET /cormun/servlet/trpermisosadjuntos?10001701,20260424080245,P, HTTP/1.1" 200 6672
190.95.67.93 - - [06/May/2026:11:02:49 -0300] "GET /cormun/servlet/permisosadjuntos?INS,10001701,P,20260424080245,, HTTP/1.1" 200 5983
190.95.67.93 - - [06/May/2026:11:02:50 -0300] "GET /cormun/static/about:blank HTTP/1.1" 404 1011
190.95.67.93 - - [06/May/2026:11:02:58 -0300] "POST /cormun/servlet/permisosadjuntos?b186dbac8af222722e06d34680bd7e51,INS,10001701,P,20260424080245,, HTTP/1.1" 200 116
190.95.67.93 - - [06/May/2026:11:02:58 -0300] "GET /cormun/servlet/hpexe_return? HTTP/1.1" 200 1034
190.95.67.93 - - [06/May/2026:11:02:58 -0300] "GET /cormun/servlet/trpermisosadjuntos?10001701,20260424080245,P, HTTP/1.1" 200 7222
190.95.67.93 - - [06/May/2026:11:03:01 -0300] "POST /cormun/servlet/trpermisosadjuntos?b186dbac8af222722e06d34680bd7e51,10001701,20260424080245,P,,gx-no-cache=1778076498766 HTTP/1.1" 200 90
190.95.67.93 - - [06/May/2026:11:03:01 -0300] "GET /cormun/servlet/hpexe_link HTTP/1.1" 200 1000
190.95.67.93 - - [06/May/2026:11:03:01 -0300] "GET /cormun/servlet/trpermisosgoce?gx-no-cache=1778076324032 HTTP/1.1" 200 17701
190.95.67.93 - - [06/May/2026:11:03:07 -0300] "POST /cormun/servlet/trpermisosgoce?b186dbac8af222722e06d34680bd7e51,gx-no-cache=1778076324032,gx-no-cache=1778076503657 HTTP/1.1" 200 14743
190.95.15.17 - - [06/May/2026:11:03:15 -0300] "GET /cormun/servlet/permisogoce?INS,0,,, HTTP/1.1" 200 7265
200.126.117.15 - - [06/May/2026:11:03:16 -0300] "POST /cormun/servlet/trsolicitudot?d312216cb649182219009888b766ea8d,,gx-no-cache=1778076512698 HTTP/1.1" 440 972
200.126.117.15 - - [06/May/2026:11:03:18 -0300] "GET /cormun/servlet/trsolicitudot? HTTP/1.1" 200 6327
200.126.117.15 - - [06/May/2026:11:03:19 -0300] "GET /cormun/servlet/hlogin HTTP/1.1" 200 1743
200.126.117.15 - - [06/May/2026:11:03:21 -0300] "POST /cormun/servlet/hlogin?e1645c9241b04a75081b11968ff11ea7,gx-no-cache=1778076517762 HTTP/1.1" 200 90
200.126.117.15 - - [06/May/2026:11:03:21 -0300] "GET /cormun/servlet/hpexe_link HTTP/1.1" 200 963
200.126.117.15 - - [06/May/2026:11:03:21 -0300] "GET /cormun/servlet/trsolicitudot HTTP/1.1" 200 8800
200.126.117.15 - - [06/May/2026:11:03:24 -0300] "POST /cormun/servlet/trsolicitudot?e1645c9241b04a75081b11968ff11ea7,gx-no-cache=1778076520405 HTTP/1.1" 200 107
200.126.117.15 - - [06/May/2026:11:03:24 -0300] "GET /cormun/servlet/trsolicitudadjuntos?2026,23543, HTTP/1.1" 200 6434
200.126.117.15 - - [06/May/2026:11:03:24 -0300] "GET /cormun/static/gxcfg.js?20201215574222 HTTP/1.1" 200 953
200.126.117.15 - - [06/May/2026:11:03:24 -0300] "GET /cormun/static/trsolicitudadjuntos.js?20201215574932 HTTP/1.1" 200 17921
200.126.117.15 - - [06/May/2026:11:03:24 -0300] "GET /cormun/static/Resources/PXToolsGridNew.png HTTP/1.1" 200 427
200.126.117.15 - - [06/May/2026:11:03:29 -0300] "GET /cormun/servlet/solicitudotadjuntos?INS,2026,23543,,2, HTTP/1.1" 200 6378
200.126.117.15 - - [06/May/2026:11:03:29 -0300] "GET /cormun/static/gxcfg.js?202211298385187 HTTP/1.1" 200 953
200.126.117.15 - - [06/May/2026:11:03:29 -0300] "GET /cormun/static/solicitudotadjuntos.js?202211298385196 HTTP/1.1" 200 11771
200.126.117.15 - - [06/May/2026:11:03:29 -0300] "GET /cormun/static/about:blank HTTP/1.1" 404 1011
200.126.117.15 - - [06/May/2026:11:03:29 -0300] "GET /cormun/servlet/solicitudotadjuntos?9f9b4c618681b90d938dbff1bdca6f898c38edb606ccb5664fc284d9d1d6e3c98032053cd9a0dcae09616255d08c8a2f,gx-no-cache=1778076525696 HTTP/1.1" 200 30
200.126.117.15 - - [06/May/2026:11:03:29 -0300] "POST /cormun/servlet/solicitudotadjuntos?e1645c9241b04a75081b11968ff11ea7,INS,2026,23543,,2,,gx-no-cache=1778076525732 HTTP/1.1" 200 4368
200.126.117.15 - - [06/May/2026:11:03:34 -0300] "POST /cormun/servlet/solicitudotadjuntos?gx-no-cache=1778076530174 HTTP/1.1" 200 26
190.95.15.17 - - [06/May/2026:11:03:43 -0300] "GET /cormun/servlet/permisogoce?45d1162b3f855c11b07f019955372a9452629fb72e4cf8cbe1d3b7ef4dc14a8f14daecab66bf98c54943a8fea081dfb7d0c2722f16f8ff67afe0a452352137a3,gx-no-cache=1778076976619 HTTP/1.1" 200 80
200.126.117.15 - - [06/May/2026:11:03:46 -0300] "GET /cormun/servlet/solicitudotadjuntos?9f9b4c618681b90d938dbff1bdca6f898b528277f800ff82a6e2d9bcba241fec,gx-no-cache=1778076542609 HTTP/1.1" 200 30
200.126.117.15 - - [06/May/2026:11:03:46 -0300] "GET /cormun/servlet/solicitudotadjuntos?9f9b4c618681b90d938dbff1bdca6f898b528277f800ff82a6e2d9bcba241fec,gx-no-cache=1778076542625 HTTP/1.1" 200 30
200.126.117.15 - - [06/May/2026:11:03:50 -0300] "POST /cormun/servlet/solicitudotadjuntos?e1645c9241b04a75081b11968ff11ea7,INS,2026,23543,,2, HTTP/1.1" 200 116
200.126.117.15 - - [06/May/2026:11:03:50 -0300] "GET /cormun/servlet/hpexe_return? HTTP/1.1" 200 1032
200.126.117.15 - - [06/May/2026:11:03:50 -0300] "GET /cormun/servlet/trsolicitudadjuntos?2026,23543, HTTP/1.1" 200 9700
200.126.117.15 - - [06/May/2026:11:03:54 -0300] "GET /cormun/servlet/solicitudotadjuntos?INS,2026,23543,,2, HTTP/1.1" 200 6378
200.126.117.15 - - [06/May/2026:11:03:54 -0300] "GET /cormun/static/about:blank HTTP/1.1" 404 1011
200.126.117.15 - - [06/May/2026:11:03:55 -0300] "GET /cormun/servlet/solicitudotadjuntos?9f9b4c618681b90d938dbff1bdca6f898c38edb606ccb5664fc284d9d1d6e3c98032053cd9a0dcae09616255d08c8a2f,gx-no-cache=1778076551096 HTTP/1.1" 200 30
200.126.117.15 - - [06/May/2026:11:03:55 -0300] "POST /cormun/servlet/solicitudotadjuntos?e1645c9241b04a75081b11968ff11ea7,INS,2026,23543,,2,,gx-no-cache=1778076551115 HTTP/1.1" 200 4368
190.95.15.17 - - [06/May/2026:11:04:07 -0300] "GET /cormun/servlet/permisogoce?45d1162b3f855c11b07f019955372a94dda9954349447f59565a75b0bd476a50a75cbb7a9fb7bcd27e0c56b4e5fb40419cd9072deef593bdf28a92aa46850764,gx-no-cache=1778077000297 HTTP/1.1" 200 46
190.95.15.17 - - [06/May/2026:11:04:12 -0300] "POST /cormun/servlet/permisogoce?52cb1911825a29f07a683931aa9459bc,INS,0,,,,gx-no-cache=1778077004325 HTTP/1.1" 200 93
190.95.15.17 - - [06/May/2026:11:04:12 -0300] "GET /cormun/servlet/hpexe_return? HTTP/1.1" 200 1003
190.95.15.17 - - [06/May/2026:11:04:12 -0300] "GET /cormun/servlet/trpermisosgoce HTTP/1.1" 200 13043
200.126.117.15 - - [06/May/2026:11:04:37 -0300] "POST /cormun/servlet/solicitudotadjuntos?gx-no-cache=1778076593446 HTTP/1.1" 200 26
200.126.117.15 - - [06/May/2026:11:04:56 -0300] "POST /cormun/servlet/solicitudotadjuntos?e1645c9241b04a75081b11968ff11ea7,INS,2026,23543,,2,,gx-no-cache=1778076612575 HTTP/1.1" 200 93
200.126.117.15 - - [06/May/2026:11:04:56 -0300] "GET /cormun/servlet/hpexe_return? HTTP/1.1" 200 1032
200.126.117.15 - - [06/May/2026:11:04:57 -0300] "GET /cormun/servlet/trsolicitudadjuntos?2026,23543, HTTP/1.1" 200 9702
200.126.117.15 - - [06/May/2026:11:05:06 -0300] "GET /cormun/servlet/solicitudotadjuntos?DLT,2026,23543,CERTIF1,0, HTTP/1.1" 200 6392
200.126.117.15 - - [06/May/2026:11:05:06 -0300] "GET /cormun/static/Shared/jqueryui/images/ui-bg_highlight-soft_100_c6c2c8_1x100.png HTTP/1.1" 404 1117
200.126.117.15 - - [06/May/2026:11:05:06 -0300] "GET /cormun/static/Shared/jqueryui/images/ui-icons_82798d_256x240.png HTTP/1.1" 404 1089
200.126.117.15 - - [06/May/2026:11:05:06 -0300] "GET /cormun/static/Shared/jqueryui/images/ui-bg_flat_55_fafafa_40x100.png HTTP/1.1" 404 1097
200.126.117.15 - - [06/May/2026:11:05:06 -0300] "GET /cormun/static/Shared/jqueryui/images/ui-icons_8d78a5_256x240.png HTTP/1.1" 404 1089
200.126.117.15 - - [06/May/2026:11:05:07 -0300] "GET /cormun/PublicTempStorage/certificados_academicos_carlos_garcia1963666.pdf HTTP/1.1" 200 920119
200.126.117.15 - - [06/May/2026:11:05:13 -0300] "POST /cormun/servlet/solicitudotadjuntos?e1645c9241b04a75081b11968ff11ea7,DLT,2026,23543,CERTIF1,0,,gx-no-cache=1778076629024 HTTP/1.1" 200 93
200.126.117.15 - - [06/May/2026:11:05:13 -0300] "GET /cormun/servlet/hpexe_return? HTTP/1.1" 200 1037
200.126.117.15 - - [06/May/2026:11:05:13 -0300] "GET /cormun/servlet/trsolicitudadjuntos?2026,23543, HTTP/1.1" 200 9702
190.95.15.23 - - [06/May/2026:11:05:16 -0300] "GET /cormun/servlet/hlogin HTTP/1.1" 200 1725
200.126.117.15 - - [06/May/2026:11:05:19 -0300] "GET /cormun/servlet/solicitudotadjuntos?DLT,2026,23543,CERTIF1,0, HTTP/1.1" 200 6392
190.95.15.23 - - [06/May/2026:11:05:20 -0300] "POST /cormun/servlet/hlogin?7461b167377e859bca707921bb9b7d01,gx-no-cache=1778076637872 HTTP/1.1" 200 90
190.95.15.23 - - [06/May/2026:11:05:20 -0300] "GET /cormun/servlet/hpexe_link HTTP/1.1" 200 955
190.95.15.23 - - [06/May/2026:11:05:20 -0300] "GET /cormun/servlet/hhome HTTP/1.1" 200 4142
200.126.117.15 - - [06/May/2026:11:05:20 -0300] "GET /cormun/PublicTempStorage/certificados_academicos_carlos_garcia2463237.pdf HTTP/1.1" 200 920119
200.126.117.15 - - [06/May/2026:11:05:24 -0300] "POST /cormun/servlet/solicitudotadjuntos?e1645c9241b04a75081b11968ff11ea7,DLT,2026,23543,CERTIF1,0,,gx-no-cache=1778076639920 HTTP/1.1" 200 93
200.126.117.15 - - [06/May/2026:11:05:24 -0300] "GET /cormun/servlet/hpexe_return? HTTP/1.1" 200 1037
200.126.117.15 - - [06/May/2026:11:05:25 -0300] "GET /cormun/servlet/trsolicitudadjuntos?2026,23543, HTTP/1.1" 200 6439
200.126.117.15 - - [06/May/2026:11:05:27 -0300] "GET /cormun/servlet/solicitudotadjuntos?INS,2026,23543,,2, HTTP/1.1" 200 6379
200.126.117.15 - - [06/May/2026:11:05:27 -0300] "GET /cormun/static/about:blank HTTP/1.1" 404 1011
200.126.117.15 - - [06/May/2026:11:05:28 -0300] "GET /cormun/servlet/solicitudotadjuntos?9f9b4c618681b90d938dbff1bdca6f898c38edb606ccb5664fc284d9d1d6e3c98032053cd9a0dcae09616255d08c8a2f,gx-no-cache=1778076643981 HTTP/1.1" 200 30
200.126.117.15 - - [06/May/2026:11:05:30 -0300] "POST /cormun/servlet/solicitudotadjuntos?e1645c9241b04a75081b11968ff11ea7,INS,2026,23543,,2,,gx-no-cache=1778076644021 HTTP/1.1" 200 4368
190.95.15.23 - - [06/May/2026:11:05:35 -0300] "GET /cormun/servlet/trsolicitudot? HTTP/1.1" 200 7354
200.126.117.15 - - [06/May/2026:11:05:36 -0300] "POST /cormun/servlet/solicitudotadjuntos?e1645c9241b04a75081b11968ff11ea7,INS,2026,23543,,2,,gx-no-cache=1778076652575 HTTP/1.1" 200 93
200.126.117.15 - - [06/May/2026:11:05:36 -0300] "GET /cormun/servlet/hpexe_return? HTTP/1.1" 200 1032
200.126.117.15 - - [06/May/2026:11:05:37 -0300] "GET /cormun/servlet/trsolicitudadjuntos?2026,23543, HTTP/1.1" 200 6439
190.95.15.23 - - [06/May/2026:11:05:38 -0300] "GET /cormun/servlet/solicitudot?INS,0,0,false, HTTP/1.1" 200 16191
200.126.117.15 - - [06/May/2026:11:05:39 -0300] "GET /cormun/servlet/solicitudotadjuntos?INS,2026,23543,,1, HTTP/1.1" 200 6379
200.126.117.15 - - [06/May/2026:11:05:39 -0300] "GET /cormun/static/about:blank HTTP/1.1" 404 1011
200.126.117.15 - - [06/May/2026:11:05:39 -0300] "GET /cormun/servlet/solicitudotadjuntos?9f9b4c618681b90d938dbff1bdca6f898c38edb606ccb5664fc284d9d1d6e3c98032053cd9a0dcae09616255d08c8a2f,gx-no-cache=1778076655699 HTTP/1.1" 200 30
200.126.117.15 - - [06/May/2026:11:05:39 -0300] "POST /cormun/servlet/solicitudotadjuntos?e1645c9241b04a75081b11968ff11ea7,INS,2026,23543,,1,,gx-no-cache=1778076655736 HTTP/1.1" 200 4155
200.126.117.15 - - [06/May/2026:11:05:47 -0300] "POST /cormun/servlet/solicitudotadjuntos?gx-no-cache=1778076663318 HTTP/1.1" 200 26
190.95.67.93 - - [06/May/2026:11:05:49 -0300] "GET /cormun/servlet/trpermisosadjuntos?10001701,20260424080136,P, HTTP/1.1" 200 6673
190.95.67.93 - - [06/May/2026:11:05:52 -0300] "GET /cormun/servlet/permisosadjuntos?INS,10001701,P,20260424080136,, HTTP/1.1" 200 5986
190.95.67.93 - - [06/May/2026:11:05:52 -0300] "GET /cormun/static/about:blank HTTP/1.1" 404 1011
200.126.117.15 - - [06/May/2026:11:05:56 -0300] "POST /cormun/servlet/solicitudotadjuntos?gx-no-cache=1778076672727 HTTP/1.1" 200 26
190.95.67.93 - - [06/May/2026:11:06:03 -0300] "POST /cormun/servlet/permisosadjuntos?b186dbac8af222722e06d34680bd7e51,INS,10001701,P,20260424080136,, HTTP/1.1" 200 116
190.95.67.93 - - [06/May/2026:11:06:03 -0300] "GET /cormun/servlet/hpexe_return? HTTP/1.1" 200 1034
190.95.67.93 - - [06/May/2026:11:06:03 -0300] "GET /cormun/servlet/trpermisosadjuntos?10001701,20260424080136,P, HTTP/1.1" 200 7222
190.95.67.93 - - [06/May/2026:11:06:08 -0300] "POST /cormun/servlet/trpermisosadjuntos?b186dbac8af222722e06d34680bd7e51,10001701,20260424080136,P,,gx-no-cache=1778076685206 HTTP/1.1" 200 90
190.95.67.93 - - [06/May/2026:11:06:08 -0300] "GET /cormun/servlet/hpexe_link HTTP/1.1" 200 1000
190.95.67.93 - - [06/May/2026:11:06:08 -0300] "GET /cormun/servlet/trpermisosgoce?gx-no-cache=1778076324032 HTTP/1.1" 200 17700
190.95.67.91 - - [06/May/2026:11:06:12 -0300] "GET /cormun/servlet/trsolicitudot? HTTP/1.1" 200 6331
190.95.67.91 - - [06/May/2026:11:06:12 -0300] "GET /cormun/servlet/hlogin HTTP/1.1" 200 1743
200.126.117.15 - - [06/May/2026:11:06:13 -0300] "POST /cormun/servlet/solicitudotadjuntos?gx-no-cache=1778076689315 HTTP/1.1" 200 26
190.95.67.93 - - [06/May/2026:11:06:13 -0300] "POST /cormun/servlet/trpermisosgoce?b186dbac8af222722e06d34680bd7e51,gx-no-cache=1778076324032,gx-no-cache=1778076690880 HTTP/1.1" 200 14747
200.126.117.15 - - [06/May/2026:11:06:26 -0300] "POST /cormun/servlet/solicitudotadjuntos?gx-no-cache=1778076702058 HTTP/1.1" 200 26
190.95.67.91 - - [06/May/2026:11:06:26 -0300] "POST /cormun/servlet/hlogin?26497dc1a2667faf3a4bb9f4af7984d6,gx-no-cache=1778076703950 HTTP/1.1" 200 90
190.95.67.91 - - [06/May/2026:11:06:26 -0300] "GET /cormun/servlet/hpexe_link HTTP/1.1" 200 958
190.95.67.91 - - [06/May/2026:11:06:26 -0300] "GET /cormun/servlet/trsolicitudot HTTP/1.1" 200 11486
190.95.15.23 - - [06/May/2026:11:06:28 -0300] "POST /cormun/servlet/solicitudot?gx-no-cache=1778076706156 HTTP/1.1" 200 4055
190.95.15.23 - - [06/May/2026:11:06:29 -0300] "POST /cormun/servlet/solicitudot?7461b167377e859bca707921bb9b7d01,INS,0,0,false,,gx-no-cache=1778076706322 HTTP/1.1" 200 12929
190.95.67.93 - - [06/May/2026:11:06:29 -0300] "GET /cormun/servlet/trpermisosadjuntos?10001701,20260424080136,P, HTTP/1.1" 200 7239
190.95.15.23 - - [06/May/2026:11:06:31 -0300] "GET /cormun/servlet/solicitudot?0a76a26698e3c70c4a813885469423adf713f67c04e867ccfb48906284c0a94a84ceaf77e760e5a28015a6b7d557e7f9,gx-no-cache=1778076709134 HTTP/1.1" 200 30
190.95.67.91 - - [06/May/2026:11:06:31 -0300] "GET /cormun/servlet/solicitudot?INS,0,0,false, HTTP/1.1" 200 16457
190.95.67.93 - - [06/May/2026:11:06:32 -0300] "POST /cormun/servlet/trpermisosadjuntos?b186dbac8af222722e06d34680bd7e51,10001701,20260424080136,P,,gx-no-cache=1778076709358 HTTP/1.1" 200 90
190.95.67.93 - - [06/May/2026:11:06:32 -0300] "GET /cormun/servlet/hpexe_link HTTP/1.1" 200 1000
190.95.67.93 - - [06/May/2026:11:06:32 -0300] "GET /cormun/servlet/trpermisosgoce?gx-no-cache=1778076324032 HTTP/1.1" 200 17714
190.95.67.93 - - [06/May/2026:11:06:36 -0300] "POST /cormun/servlet/trpermisosgoce?b186dbac8af222722e06d34680bd7e51,gx-no-cache=1778076324032,gx-no-cache=1778076713673 HTTP/1.1" 200 14734
200.126.117.15 - - [06/May/2026:11:06:37 -0300] "POST /cormun/servlet/solicitudotadjuntos?gx-no-cache=1778076713431 HTTP/1.1" 200 26
190.95.67.91 - - [06/May/2026:11:06:43 -0300] "POST /cormun/servlet/solicitudot?gx-no-cache=1778076720490 HTTP/1.1" 200 4168
190.95.67.91 - - [06/May/2026:11:06:43 -0300] "POST /cormun/servlet/solicitudot?26497dc1a2667faf3a4bb9f4af7984d6,INS,0,0,false,,gx-no-cache=1778076720607 HTTP/1.1" 200 13038
190.95.67.93 - - [06/May/2026:11:06:43 -0300] "GET /cormun/servlet/trpermisosadjuntos?15125556,20260424104245,P, HTTP/1.1" 200 6675
190.95.67.93 - - [06/May/2026:11:06:45 -0300] "GET /cormun/servlet/permisosadjuntos?INS,15125556,P,20260424104245,, HTTP/1.1" 200 5984
190.95.67.93 - - [06/May/2026:11:06:45 -0300] "GET /cormun/static/about:blank HTTP/1.1" 404 1011
200.126.117.15 - - [06/May/2026:11:06:48 -0300] "GET /cormun/servlet/solicitudotadjuntos?9f9b4c618681b90d938dbff1bdca6f898b528277f800ff82a6e2d9bcba241fec,gx-no-cache=1778076724191 HTTP/1.1" 200 30
200.126.117.15 - - [06/May/2026:11:06:48 -0300] "GET /cormun/servlet/solicitudotadjuntos?9f9b4c618681b90d938dbff1bdca6f898b528277f800ff82a6e2d9bcba241fec,gx-no-cache=1778076724218 HTTP/1.1" 200 30
200.126.117.15 - - [06/May/2026:11:06:52 -0300] "POST /cormun/servlet/solicitudotadjuntos?e1645c9241b04a75081b11968ff11ea7,INS,2026,23543,,1, HTTP/1.1" 200 116
200.126.117.15 - - [06/May/2026:11:06:52 -0300] "GET /cormun/servlet/hpexe_return? HTTP/1.1" 200 1031
200.126.117.15 - - [06/May/2026:11:06:55 -0300] "GET /cormun/servlet/trsolicitudadjuntos?2026,23543, HTTP/1.1" 200 9699
190.95.67.93 - - [06/May/2026:11:06:55 -0300] "POST /cormun/servlet/permisosadjuntos?b186dbac8af222722e06d34680bd7e51,INS,15125556,P,20260424104245,, HTTP/1.1" 200 116
190.95.67.93 - - [06/May/2026:11:06:55 -0300] "GET /cormun/servlet/hpexe_return? HTTP/1.1" 200 1032
190.95.67.93 - - [06/May/2026:11:06:55 -0300] "GET /cormun/servlet/trpermisosadjuntos?15125556,20260424104245,P, HTTP/1.1" 200 7230
190.95.67.93 - - [06/May/2026:11:06:59 -0300] "POST /cormun/servlet/trpermisosadjuntos?b186dbac8af222722e06d34680bd7e51,15125556,20260424104245,P,,gx-no-cache=1778076736494 HTTP/1.1" 200 90
190.95.67.93 - - [06/May/2026:11:06:59 -0300] "GET /cormun/servlet/hpexe_link HTTP/1.1" 200 1000
190.95.67.93 - - [06/May/2026:11:06:59 -0300] "GET /cormun/servlet/trpermisosgoce?gx-no-cache=1778076324032 HTTP/1.1" 200 17700
200.126.117.15 - - [06/May/2026:11:07:01 -0300] "GET /cormun/servlet/solicitudotadjuntos?INS,2026,23543,,1, HTTP/1.1" 200 6379
200.126.117.15 - - [06/May/2026:11:07:01 -0300] "GET /cormun/static/about:blank HTTP/1.1" 404 1011
200.126.117.15 - - [06/May/2026:11:07:02 -0300] "GET /cormun/servlet/solicitudotadjuntos?9f9b4c618681b90d938dbff1bdca6f898c38edb606ccb5664fc284d9d1d6e3c98032053cd9a0dcae09616255d08c8a2f,gx-no-cache=1778076738030 HTTP/1.1" 200 30
190.95.67.91 - - [06/May/2026:11:07:04 -0300] "GET /cormun/servlet/solicitudot?d4e601e0762d6181d4b2640d00ea1dfe4408c7eea14547725b8d1467764c165a5d6eda906c82fd205461b17608ef0121,gx-no-cache=1778076741334 HTTP/1.1" 200 30
190.95.67.91 - - [06/May/2026:11:07:04 -0300] "GET /cormun/servlet/solicitudot?d4e601e0762d6181d4b2640d00ea1dfe4573559cc4c5698b5b13111ae392ba84c312f8052461cfebb2736fbc0b02b68ba5798e66f767434b62b92383126ea34d,gx-no-cache=1778076741370 HTTP/1.1" 200 30
190.95.67.91 - - [06/May/2026:11:07:04 -0300] "GET /cormun/servlet/solicitudot?d4e601e0762d6181d4b2640d00ea1dfea3f8eb51861cc08286d0515a81cd1f07,gx-no-cache=1778076741383 HTTP/1.1" 200 51
190.95.67.91 - - [06/May/2026:11:07:04 -0300] "POST /cormun/servlet/solicitudot?gx-no-cache=1778076741398 HTTP/1.1" 200 240
190.95.67.91 - - [06/May/2026:11:07:04 -0300] "GET /cormun/servlet/solicitudot?d4e601e0762d6181d4b2640d00ea1dfed168b44e96fb60c6dcf673a9eea18d89185c2a120785ec82041b7a955ba42a138e606cd693576c152a3e46ae25d7dd9404f95fd9d5690019161cf2b6b835bd1c86fd725fd0274e37cb534a591261b816708c26e29c17ad6f1e349bf53c7887416246c817d9c7c7ae0515400877141dfb2cd0d66cacd6170a844bc8a6d7ac55467d6fe06dab6ef918bb66384ab549b01d1548e3d19f93873cc654a030133d01683124e6a9183eea36ba0f510045ad62176931b7da3543024cda1a27b15cfb9545bf04f5606261e40713f26683c6b68558dc465898427f27796274fdf3b647d4ddadd1747fa2d05c13e7649bfd8683f9c03f27955334cb8f916b79fb14f1fa758fbce8c01432496321b3d53d6b6b1e96bc9aad5d2c3b191c560d66ecb88b7262dd23b5d3d0fd1f948956eb314418f2c52a1891fb3204b53c2f305e8831e06b04b9c3d6bee72754d2ca43d210a312f26b4de904647b74e3ba7e9be4171be13ee062c8fc8daea37c2bee83b6b5af9528c379,gx-no-cache=1778076741414 HTTP/1.1" 200 30
190.95.67.93 - - [06/May/2026:11:07:05 -0300] "POST /cormun/servlet/trpermisosgoce?b186dbac8af222722e06d34680bd7e51,gx-no-cache=1778076324032,gx-no-cache=1778076741951 HTTP/1.1" 200 14737
200.126.117.15 - - [06/May/2026:11:07:05 -0300] "POST /cormun/servlet/solicitudotadjuntos?e1645c9241b04a75081b11968ff11ea7,INS,2026,23543,,1,,gx-no-cache=1778076738054 HTTP/1.1" 200 4155
190.95.67.91 - - [06/May/2026:11:07:06 -0300] "POST /cormun/servlet/solicitudot?gx-no-cache=1778076744045 HTTP/1.1" 200 30
200.126.117.15 - - [06/May/2026:11:07:07 -0300] "POST /cormun/servlet/solicitudotadjuntos?gx-no-cache=1778076743712 HTTP/1.1" 200 26
190.95.67.91 - - [06/May/2026:11:07:10 -0300] "POST /cormun/servlet/solicitudot?gx-no-cache=1778076747745 HTTP/1.1" 200 1481
190.95.67.91 - - [06/May/2026:11:07:10 -0300] "POST /cormun/servlet/solicitudot?gx-no-cache=1778076747768 HTTP/1.1" 200 38
190.95.67.91 - - [06/May/2026:11:07:10 -0300] "GET /cormun/servlet/solicitudot?d4e601e0762d6181d4b2640d00ea1dfef38acba22f4ac49b2b3be8d71dfc1daae6515959e33821ce26c7bb822705f0190e35be3ba128febdd6183ec9e8d5d3c4e483dcf69f09be93601c1339eb01f887ce014979b39953b849065f359438ed6773935074e9f4c5575da6b75bd206d265,gx-no-cache=1778076747787 HTTP/1.1" 200 110
190.95.67.91 - - [06/May/2026:11:07:14 -0300] "POST /cormun/servlet/solicitudot?gx-no-cache=1778076752070 HTTP/1.1" 200 110
190.95.67.93 - - [06/May/2026:11:07:16 -0300] "GET /cormun/servlet/trpermisosadjuntos?13944228,20260427140006,P, HTTP/1.1" 200 6677
200.126.117.15 - - [06/May/2026:11:07:16 -0300] "GET /cormun/servlet/solicitudotadjuntos?9f9b4c618681b90d938dbff1bdca6f898b528277f800ff82a6e2d9bcba241fec,gx-no-cache=1778076752578 HTTP/1.1" 200 30
200.126.117.15 - - [06/May/2026:11:07:16 -0300] "GET /cormun/servlet/solicitudotadjuntos?9f9b4c618681b90d938dbff1bdca6f898b528277f800ff82a6e2d9bcba241fec,gx-no-cache=1778076752605 HTTP/1.1" 200 30
200.126.117.15 - - [06/May/2026:11:07:16 -0300] "POST /cormun/servlet/solicitudotadjuntos?e1645c9241b04a75081b11968ff11ea7,INS,2026,23543,,1, HTTP/1.1" 200 116
200.126.117.15 - - [06/May/2026:11:07:16 -0300] "GET /cormun/servlet/hpexe_return? HTTP/1.1" 200 1031
200.126.117.15 - - [06/May/2026:11:07:17 -0300] "GET /cormun/servlet/trsolicitudadjuntos?2026,23543, HTTP/1.1" 200 9976
190.95.67.93 - - [06/May/2026:11:07:18 -0300] "GET /cormun/servlet/permisosadjuntos?INS,13944228,P,20260427140006,, HTTP/1.1" 200 5987
190.95.67.93 - - [06/May/2026:11:07:18 -0300] "GET /cormun/static/about:blank HTTP/1.1" 404 1011
200.126.117.15 - - [06/May/2026:11:07:21 -0300] "GET /cormun/servlet/solicitudotadjuntos?INS,2026,23543,,1, HTTP/1.1" 200 6379
200.126.117.15 - - [06/May/2026:11:07:21 -0300] "GET /cormun/static/about:blank HTTP/1.1" 404 1011
200.126.117.15 - - [06/May/2026:11:07:22 -0300] "GET /cormun/servlet/solicitudotadjuntos?9f9b4c618681b90d938dbff1bdca6f898c38edb606ccb5664fc284d9d1d6e3c98032053cd9a0dcae09616255d08c8a2f,gx-no-cache=1778076758221 HTTP/1.1" 200 30
200.126.117.15 - - [06/May/2026:11:07:22 -0300] "POST /cormun/servlet/solicitudotadjuntos?e1645c9241b04a75081b11968ff11ea7,INS,2026,23543,,1,,gx-no-cache=1778076758239 HTTP/1.1" 200 4155
200.126.117.15 - - [06/May/2026:11:07:25 -0300] "POST /cormun/servlet/solicitudotadjuntos?gx-no-cache=1778076761587 HTTP/1.1" 200 26
190.95.67.93 - - [06/May/2026:11:07:28 -0300] "POST /cormun/servlet/permisosadjuntos?b186dbac8af222722e06d34680bd7e51,INS,13944228,P,20260427140006,, HTTP/1.1" 200 116
190.95.67.93 - - [06/May/2026:11:07:28 -0300] "GET /cormun/servlet/hpexe_return? HTTP/1.1" 200 1035
190.95.67.93 - - [06/May/2026:11:07:28 -0300] "GET /cormun/servlet/trpermisosadjuntos?13944228,20260427140006,P, HTTP/1.1" 200 7224
190.95.67.93 - - [06/May/2026:11:07:34 -0300] "POST /cormun/servlet/trpermisosadjuntos?b186dbac8af222722e06d34680bd7e51,13944228,20260427140006,P,,gx-no-cache=1778076772062 HTTP/1.1" 200 90
190.95.67.93 - - [06/May/2026:11:07:34 -0300] "GET /cormun/servlet/hpexe_link HTTP/1.1" 200 1003
190.95.67.93 - - [06/May/2026:11:07:35 -0300] "GET /cormun/servlet/trpermisosgoce?gx-no-cache=1778076324032 HTTP/1.1" 200 17701
200.126.117.15 - - [06/May/2026:11:07:36 -0300] "GET /cormun/servlet/solicitudotadjuntos?9f9b4c618681b90d938dbff1bdca6f898b528277f800ff82a6e2d9bcba241fec,gx-no-cache=1778076772602 HTTP/1.1" 200 30
200.126.117.15 - - [06/May/2026:11:07:36 -0300] "GET /cormun/servlet/solicitudotadjuntos?9f9b4c618681b90d938dbff1bdca6f898b528277f800ff82a6e2d9bcba241fec,gx-no-cache=1778076772617 HTTP/1.1" 200 30
190.95.67.93 - - [06/May/2026:11:07:40 -0300] "POST /cormun/servlet/trpermisosgoce?b186dbac8af222722e06d34680bd7e51,gx-no-cache=1778076324032,gx-no-cache=1778076777680 HTTP/1.1" 200 14722
200.126.117.15 - - [06/May/2026:11:07:42 -0300] "POST /cormun/servlet/solicitudotadjuntos?e1645c9241b04a75081b11968ff11ea7,INS,2026,23543,,1, HTTP/1.1" 200 116
200.126.117.15 - - [06/May/2026:11:07:42 -0300] "GET /cormun/servlet/hpexe_return? HTTP/1.1" 200 1031
200.126.117.15 - - [06/May/2026:11:07:42 -0300] "GET /cormun/servlet/trsolicitudadjuntos?2026,23543, HTTP/1.1" 200 10257
190.95.67.93 - - [06/May/2026:11:07:45 -0300] "GET /cormun/servlet/trpermisosgoce? HTTP/1.1" 200 17704
