190.95.1.187 - - [05/May/2026:17:04:57 -0300] "POST /cormun/servlet/solicitudotadjuntos?ece999bece13ff4caf2e0855d4732937,INS,2026,23530,,1, HTTP/1.1" 200 116
190.95.1.187 - - [05/May/2026:17:04:57 -0300] "GET /cormun/servlet/hpexe_return? HTTP/1.1" 200 1027
190.95.1.187 - - [05/May/2026:17:04:57 -0300] "GET /cormun/servlet/trsolicitudadjuntos?2026,23530, HTTP/1.1" 200 9672
190.95.67.91 - - [05/May/2026:17:04:59 -0300] "GET /cormun/servlet/solicitudotadjuntos?b70cd136965d685238fb1b7ac04506f507e331d00437ba0c56772041f6d995ad,gx-no-cache=1778011817763 HTTP/1.1" 200 30
190.95.67.91 - - [05/May/2026:17:04:59 -0300] "GET /cormun/servlet/solicitudotadjuntos?b70cd136965d685238fb1b7ac04506f507e331d00437ba0c56772041f6d995ad,gx-no-cache=1778011817784 HTTP/1.1" 200 30
190.95.67.91 - - [05/May/2026:17:04:59 -0300] "POST /cormun/servlet/solicitudotadjuntos?efdf392ec136bc29115b746f1661c900,INS,2026,23538,,1, HTTP/1.1" 200 116
190.95.67.91 - - [05/May/2026:17:04:59 -0300] "GET /cormun/servlet/hpexe_return? HTTP/1.1" 200 1023
190.95.67.91 - - [05/May/2026:17:04:59 -0300] "GET /cormun/servlet/trsolicitudadjuntos?2026,23538, HTTP/1.1" 200 10765
190.95.1.187 - - [05/May/2026:17:04:59 -0300] "GET /cormun/servlet/solicitudotadjuntos?INS,2026,23530,,1, HTTP/1.1" 200 6067
190.95.1.187 - - [05/May/2026:17:05:00 -0300] "GET /cormun/static/about:blank HTTP/1.1" 404 1011
190.95.1.187 - - [05/May/2026:17:05:00 -0300] "GET /cormun/servlet/solicitudotadjuntos?bdf0cbc026c1c56ae85c4dcc96ac39dfb3c60e511baddbbc41c368cae5e4e5c1fff256c59ea4af8f25df3353e318209f,gx-no-cache=1778011816958 HTTP/1.1" 200 30
190.95.1.187 - - [05/May/2026:17:05:00 -0300] "POST /cormun/servlet/solicitudotadjuntos?ece999bece13ff4caf2e0855d4732937,INS,2026,23530,,1,,gx-no-cache=1778011816973 HTTP/1.1" 200 3916
190.95.67.91 - - [05/May/2026:17:05:01 -0300] "GET /cormun/servlet/solicitudotadjuntos?INS,2026,23538,,1, HTTP/1.1" 200 6430
190.95.67.91 - - [05/May/2026:17:05:01 -0300] "GET /cormun/static/about:blank HTTP/1.1" 404 1011
190.95.67.91 - - [05/May/2026:17:05:02 -0300] "GET /cormun/servlet/solicitudotadjuntos?b70cd136965d685238fb1b7ac04506f5dcb8f1d440b22e55b1c48a25d98ff84cc5e7b002a46ca2598b82b68aebf8a5ad,gx-no-cache=1778011821050 HTTP/1.1" 200 30
190.95.67.91 - - [05/May/2026:17:05:02 -0300] "POST /cormun/servlet/solicitudotadjuntos?efdf392ec136bc29115b746f1661c900,INS,2026,23538,,1,,gx-no-cache=1778011821063 HTTP/1.1" 200 4148
190.95.1.187 - - [05/May/2026:17:05:03 -0300] "POST /cormun/servlet/solicitudotadjuntos?gx-no-cache=1778011819751 HTTP/1.1" 200 26
190.95.67.91 - - [05/May/2026:17:05:05 -0300] "POST /cormun/servlet/solicitudotadjuntos?gx-no-cache=1778011824391 HTTP/1.1" 200 26
190.95.1.187 - - [05/May/2026:17:05:08 -0300] "GET /cormun/servlet/solicitudotadjuntos?bdf0cbc026c1c56ae85c4dcc96ac39df035529a515faed488503b6586f162c95,gx-no-cache=1778011825143 HTTP/1.1" 200 30
190.95.1.187 - - [05/May/2026:17:05:08 -0300] "GET /cormun/servlet/solicitudotadjuntos?bdf0cbc026c1c56ae85c4dcc96ac39df035529a515faed488503b6586f162c95,gx-no-cache=1778011825155 HTTP/1.1" 200 30
190.95.1.187 - - [05/May/2026:17:05:08 -0300] "POST /cormun/servlet/solicitudotadjuntos?ece999bece13ff4caf2e0855d4732937,INS,2026,23530,,1, HTTP/1.1" 200 116
190.95.1.187 - - [05/May/2026:17:05:08 -0300] "GET /cormun/servlet/hpexe_return? HTTP/1.1" 200 1027
190.95.1.187 - - [05/May/2026:17:05:09 -0300] "GET /cormun/servlet/trsolicitudadjuntos?2026,23530, HTTP/1.1" 200 9937
190.95.67.91 - - [05/May/2026:17:05:10 -0300] "GET /cormun/servlet/solicitudotadjuntos?b70cd136965d685238fb1b7ac04506f507e331d00437ba0c56772041f6d995ad,gx-no-cache=1778011829063 HTTP/1.1" 200 30
190.95.67.91 - - [05/May/2026:17:05:10 -0300] "GET /cormun/servlet/solicitudotadjuntos?b70cd136965d685238fb1b7ac04506f507e331d00437ba0c56772041f6d995ad,gx-no-cache=1778011829074 HTTP/1.1" 200 30
190.95.67.91 - - [05/May/2026:17:05:10 -0300] "POST /cormun/servlet/solicitudotadjuntos?efdf392ec136bc29115b746f1661c900,INS,2026,23538,,1, HTTP/1.1" 200 6636
190.95.67.91 - - [05/May/2026:17:05:10 -0300] "GET /cormun/PrivateTempStorage/upload_00007850.pdf HTTP/1.1" 200 114496
190.95.1.187 - - [05/May/2026:17:05:10 -0300] "GET /cormun/servlet/solicitudotadjuntos?INS,2026,23530,,1, HTTP/1.1" 200 6067
190.95.1.187 - - [05/May/2026:17:05:11 -0300] "GET /cormun/static/about:blank HTTP/1.1" 404 1011
190.95.1.187 - - [05/May/2026:17:05:11 -0300] "GET /cormun/servlet/solicitudotadjuntos?bdf0cbc026c1c56ae85c4dcc96ac39dfb3c60e511baddbbc41c368cae5e4e5c1fff256c59ea4af8f25df3353e318209f,gx-no-cache=1778011827901 HTTP/1.1" 200 30
190.95.1.187 - - [05/May/2026:17:05:11 -0300] "POST /cormun/servlet/solicitudotadjuntos?ece999bece13ff4caf2e0855d4732937,INS,2026,23530,,1,,gx-no-cache=1778011827918 HTTP/1.1" 200 3916
190.95.67.91 - - [05/May/2026:17:05:13 -0300] "POST /cormun/servlet/solicitudotadjuntos?efdf392ec136bc29115b746f1661c900,INS,2026,23538,,1, HTTP/1.1" 200 116
190.95.67.91 - - [05/May/2026:17:05:13 -0300] "GET /cormun/servlet/hpexe_return? HTTP/1.1" 200 1023
190.95.67.91 - - [05/May/2026:17:05:13 -0300] "GET /cormun/servlet/trsolicitudadjuntos?2026,23538, HTTP/1.1" 200 10765
190.95.1.187 - - [05/May/2026:17:05:14 -0300] "POST /cormun/servlet/solicitudotadjuntos?gx-no-cache=1778011830984 HTTP/1.1" 200 26
190.95.67.91 - - [05/May/2026:17:05:15 -0300] "GET /cormun/servlet/solicitudotadjuntos?INS,2026,23538,,1, HTTP/1.1" 200 6430
190.95.67.91 - - [05/May/2026:17:05:16 -0300] "GET /cormun/static/about:blank HTTP/1.1" 404 1011
190.95.67.91 - - [05/May/2026:17:05:16 -0300] "GET /cormun/servlet/solicitudotadjuntos?b70cd136965d685238fb1b7ac04506f5dcb8f1d440b22e55b1c48a25d98ff84cc5e7b002a46ca2598b82b68aebf8a5ad,gx-no-cache=1778011835227 HTTP/1.1" 200 30
190.95.67.91 - - [05/May/2026:17:05:16 -0300] "POST /cormun/servlet/solicitudotadjuntos?efdf392ec136bc29115b746f1661c900,INS,2026,23538,,1,,gx-no-cache=1778011835251 HTTP/1.1" 200 4148
190.95.67.91 - - [05/May/2026:17:05:18 -0300] "POST /cormun/servlet/solicitudotadjuntos?gx-no-cache=1778011837231 HTTP/1.1" 200 26
190.95.1.187 - - [05/May/2026:17:05:19 -0300] "GET /cormun/servlet/solicitudotadjuntos?bdf0cbc026c1c56ae85c4dcc96ac39df035529a515faed488503b6586f162c95,gx-no-cache=1778011835666 HTTP/1.1" 200 30
190.95.1.187 - - [05/May/2026:17:05:19 -0300] "GET /cormun/servlet/solicitudotadjuntos?bdf0cbc026c1c56ae85c4dcc96ac39df035529a515faed488503b6586f162c95,gx-no-cache=1778011835679 HTTP/1.1" 200 30
190.95.1.187 - - [05/May/2026:17:05:19 -0300] "POST /cormun/servlet/solicitudotadjuntos?ece999bece13ff4caf2e0855d4732937,INS,2026,23530,,1, HTTP/1.1" 200 116
190.95.1.187 - - [05/May/2026:17:05:19 -0300] "GET /cormun/servlet/hpexe_return? HTTP/1.1" 200 1027
190.95.1.187 - - [05/May/2026:17:05:19 -0300] "GET /cormun/servlet/trsolicitudadjuntos?2026,23530, HTTP/1.1" 200 10257
190.95.1.187 - - [05/May/2026:17:05:21 -0300] "GET /cormun/servlet/solicitudotadjuntos?INS,2026,23530,,1, HTTP/1.1" 200 6067
190.95.1.187 - - [05/May/2026:17:05:21 -0300] "GET /cormun/static/about:blank HTTP/1.1" 404 1011
190.95.1.187 - - [05/May/2026:17:05:22 -0300] "GET /cormun/servlet/solicitudotadjuntos?bdf0cbc026c1c56ae85c4dcc96ac39dfb3c60e511baddbbc41c368cae5e4e5c1fff256c59ea4af8f25df3353e318209f,gx-no-cache=1778011838864 HTTP/1.1" 200 30
190.95.1.187 - - [05/May/2026:17:05:22 -0300] "POST /cormun/servlet/solicitudotadjuntos?ece999bece13ff4caf2e0855d4732937,INS,2026,23530,,1,,gx-no-cache=1778011838881 HTTP/1.1" 200 3916
190.95.1.187 - - [05/May/2026:17:05:24 -0300] "POST /cormun/servlet/solicitudotadjuntos?gx-no-cache=1778011840967 HTTP/1.1" 200 26
190.95.15.13 - - [05/May/2026:17:05:28 -0300] "GET /cormun/servlet/trcontratosolicitud? HTTP/1.1" 200 14675
190.95.1.187 - - [05/May/2026:17:05:31 -0300] "GET /cormun/servlet/solicitudotadjuntos?bdf0cbc026c1c56ae85c4dcc96ac39df035529a515faed488503b6586f162c95,gx-no-cache=1778011847742 HTTP/1.1" 200 30
190.95.1.187 - - [05/May/2026:17:05:31 -0300] "GET /cormun/servlet/solicitudotadjuntos?bdf0cbc026c1c56ae85c4dcc96ac39df035529a515faed488503b6586f162c95,gx-no-cache=1778011847763 HTTP/1.1" 200 30
190.95.1.187 - - [05/May/2026:17:05:31 -0300] "POST /cormun/servlet/solicitudotadjuntos?ece999bece13ff4caf2e0855d4732937,INS,2026,23530,,1, HTTP/1.1" 200 116
190.95.1.187 - - [05/May/2026:17:05:31 -0300] "GET /cormun/servlet/hpexe_return? HTTP/1.1" 200 1027
190.95.1.187 - - [05/May/2026:17:05:31 -0300] "GET /cormun/servlet/trsolicitudadjuntos?2026,23530, HTTP/1.1" 200 10456
190.95.15.13 - - [05/May/2026:17:05:36 -0300] "POST /cormun/servlet/trcontratosolicitud?edb627d0cf1614c110eb00669c554281,,gx-no-cache=1778011853724 HTTP/1.1" 200 12474
190.95.1.187 - - [05/May/2026:17:05:36 -0300] "GET /cormun/servlet/solicitudotadjuntos?INS,2026,23530,,1, HTTP/1.1" 200 6067
190.95.1.187 - - [05/May/2026:17:05:36 -0300] "GET /cormun/static/about:blank HTTP/1.1" 404 1011
190.95.1.187 - - [05/May/2026:17:05:37 -0300] "GET /cormun/servlet/solicitudotadjuntos?bdf0cbc026c1c56ae85c4dcc96ac39dfb3c60e511baddbbc41c368cae5e4e5c1fff256c59ea4af8f25df3353e318209f,gx-no-cache=1778011853794 HTTP/1.1" 200 30
190.95.1.187 - - [05/May/2026:17:05:37 -0300] "POST /cormun/servlet/solicitudotadjuntos?ece999bece13ff4caf2e0855d4732937,INS,2026,23530,,1,,gx-no-cache=1778011853809 HTTP/1.1" 200 3916
190.95.15.13 - - [05/May/2026:17:05:38 -0300] "POST /cormun/servlet/trcontratosolicitud?edb627d0cf1614c110eb00669c554281,,gx-no-cache=1778011855629 HTTP/1.1" 200 9714
190.95.1.187 - - [05/May/2026:17:05:38 -0300] "POST /cormun/servlet/solicitudotadjuntos?ece999bece13ff4caf2e0855d4732937,INS,2026,23530,,1,,gx-no-cache=1778011855157 HTTP/1.1" 200 93
190.95.1.187 - - [05/May/2026:17:05:38 -0300] "GET /cormun/servlet/hpexe_return? HTTP/1.1" 200 1027
190.95.1.187 - - [05/May/2026:17:05:38 -0300] "GET /cormun/servlet/trsolicitudadjuntos?2026,23530, HTTP/1.1" 200 10450
190.95.67.91 - - [05/May/2026:17:05:39 -0300] "GET /cormun/servlet/solicitudotadjuntos?b70cd136965d685238fb1b7ac04506f507e331d00437ba0c56772041f6d995ad,gx-no-cache=1778011858527 HTTP/1.1" 200 30
190.95.67.91 - - [05/May/2026:17:05:39 -0300] "GET /cormun/servlet/solicitudotadjuntos?b70cd136965d685238fb1b7ac04506f507e331d00437ba0c56772041f6d995ad,gx-no-cache=1778011858544 HTTP/1.1" 200 30
190.95.67.91 - - [05/May/2026:17:05:40 -0300] "POST /cormun/servlet/solicitudotadjuntos?efdf392ec136bc29115b746f1661c900,INS,2026,23538,,1, HTTP/1.1" 200 116
190.95.67.91 - - [05/May/2026:17:05:40 -0300] "GET /cormun/servlet/hpexe_return? HTTP/1.1" 200 1023
190.95.67.91 - - [05/May/2026:17:05:40 -0300] "GET /cormun/servlet/trsolicitudadjuntos?2026,23538, HTTP/1.1" 200 11044
190.95.1.187 - - [05/May/2026:17:05:41 -0300] "POST /cormun/servlet/trsolicitudadjuntos?ece999bece13ff4caf2e0855d4732937,2026,23530,,gx-no-cache=1778011857891 HTTP/1.1" 200 90
190.95.1.187 - - [05/May/2026:17:05:41 -0300] "GET /cormun/servlet/hpexe_link HTTP/1.1" 200 969
190.95.1.187 - - [05/May/2026:17:05:41 -0300] "GET /cormun/servlet/trsolicitudot HTTP/1.1" 200 10153
190.95.67.91 - - [05/May/2026:17:05:42 -0300] "POST /cormun/servlet/trsolicitudadjuntos?efdf392ec136bc29115b746f1661c900,2026,23538,,gx-no-cache=1778011861368 HTTP/1.1" 200 90
190.95.67.91 - - [05/May/2026:17:05:42 -0300] "GET /cormun/servlet/hpexe_link HTTP/1.1" 200 966
190.95.67.91 - - [05/May/2026:17:05:43 -0300] "GET /cormun/servlet/trsolicitudot HTTP/1.1" 200 11635
201.186.225.187 - - [05/May/2026:17:05:46 -0300] "POST /cormun/servlet/trlicencias?1a404340e0a2d13ef44975e4f4291e7f,,gx-no-cache=1778011903782 HTTP/1.1" 440 972
201.186.225.187 - - [05/May/2026:17:05:48 -0300] "GET /cormun/servlet/trlicencias? HTTP/1.1" 200 6044
201.186.225.187 - - [05/May/2026:17:05:49 -0300] "GET /cormun/servlet/hlogin HTTP/1.1" 200 1733
190.95.15.13 - - [05/May/2026:17:05:51 -0300] "GET /cormun/servlet/prfichaempleado?,MD,,gxPopupLevel%3D0%3B HTTP/1.1" 200 9235
201.186.225.187 - - [05/May/2026:17:05:58 -0300] "POST /cormun/servlet/hlogin?e4c41d47e29ff1020a52f3eaba506ba0,gx-no-cache=1778011915589 HTTP/1.1" 200 90
201.186.225.187 - - [05/May/2026:17:05:58 -0300] "GET /cormun/servlet/hpexe_link HTTP/1.1" 200 952
201.186.225.187 - - [05/May/2026:17:05:58 -0300] "GET /cormun/servlet/trlicencias HTTP/1.1" 200 9043
190.95.15.13 - - [05/May/2026:17:05:59 -0300] "POST /cormun/servlet/prfichaempleado?edb627d0cf1614c110eb00669c554281,,MD,,gxPopupLevel%3D0%3B,gx-no-cache=1778011877506 HTTP/1.1" 200 3405
201.186.225.187 - - [05/May/2026:17:06:01 -0300] "POST /cormun/servlet/trlicencias?e4c41d47e29ff1020a52f3eaba506ba0,gx-no-cache=1778011919175 HTTP/1.1" 200 6399
201.186.225.187 - - [05/May/2026:17:06:02 -0300] "POST /cormun/servlet/trlicencias?e4c41d47e29ff1020a52f3eaba506ba0,gx-no-cache=1778011919998 HTTP/1.1" 200 6399
190.95.15.13 - - [05/May/2026:17:06:03 -0300] "POST /cormun/servlet/solicitudot?gx-no-cache=1778011881101 HTTP/1.1" 200 4154
190.95.15.13 - - [05/May/2026:17:06:03 -0300] "POST /cormun/servlet/solicitudot?edb627d0cf1614c110eb00669c554281,INS,0,0,false,,gx-no-cache=1778011881254 HTTP/1.1" 200 13025
190.95.15.13 - - [05/May/2026:17:06:03 -0300] "GET /cormun/servlet/solicitudot?65649d3f87d9292addd536bb31d6becbb39ca1d4e6932a8ce2c75746d2335ee4cbb1d64b88ae6f0894e17a95e7c6897a,gx-no-cache=1778011881352 HTTP/1.1" 200 30
201.186.225.187 - - [05/May/2026:17:06:10 -0300] "POST /cormun/servlet/trlicencias?e4c41d47e29ff1020a52f3eaba506ba0,gx-no-cache=1778011927661 HTTP/1.1" 200 6400
190.95.15.13 - - [05/May/2026:17:06:13 -0300] "GET /cormun/servlet/solicitudot?65649d3f87d9292addd536bb31d6becb45acf979f5a403dd22741fdd97eb5ad9e2b55efe8d606c448c51087d900c26a4fd855651c4ff171a75a94cb3ccfe7943,gx-no-cache=1778011890730 HTTP/1.1" 200 30
190.95.15.13 - - [05/May/2026:17:06:13 -0300] "GET /cormun/servlet/solicitudot?65649d3f87d9292addd536bb31d6becbe2de1dd1a1b83f71ad528f306ad66e39,gx-no-cache=1778011890749 HTTP/1.1" 200 60
190.95.15.13 - - [05/May/2026:17:06:13 -0300] "POST /cormun/servlet/solicitudot?gx-no-cache=1778011890769 HTTP/1.1" 200 255
190.95.15.13 - - [05/May/2026:17:06:13 -0300] "GET /cormun/servlet/solicitudot?65649d3f87d9292addd536bb31d6becbb145053c39ace2230983f5402e87e54f24258d0bd754b3d8a9e54c6128124b28d5bd862b69b0e83f0fecfb6a94fa7b3e1cabcc68d70f35dc4e005c19a199a9573c48ecb65b7a8837b43b2eccc2b81aff76b09997e33d21f5b225e2b9aa143ea655782d17ec49b9c92274f69093913843c493d656be1e564f208aedaad9be6c700411d1bdf6d18440ceffb8c72a103d43d7e193d33c19b6ef7e845d1efe8456d6a37f298a43f845704014b2fccdeb7768f2662cd86a8796270571f67466ad921b8eff076bf29514a4ecf879c68b13e311ed89c4133b433fd5d1c1f670950a126ffb667a0f116dbebb5be4f3d6d6b67f80b41e973ee07b01a608798df789959f9d8f4916e5c9a43161d0542fa220b8ea4f76bdd0fc2b4e974ce5872e268caeb5f24e50ad2f750ec1cc603f3e00e12fb8e967b4779b8353970992190140d5fe80048212516695f5e6a471b8ad97788700d15c7e8cd38c24aafb90c1582b94948b5d7b564a2b74015676901198a6dd8cfd99,gx-no-cache=1778011890794 HTTP/1.1" 200 30
201.186.225.187 - - [05/May/2026:17:06:14 -0300] "GET /cormun/servlet/trlicencias? HTTP/1.1" 200 9041
190.95.15.13 - - [05/May/2026:17:06:19 -0300] "POST /cormun/servlet/solicitudot?gx-no-cache=1778011896761 HTTP/1.1" 200 30
190.95.15.13 - - [05/May/2026:17:06:20 -0300] "POST /cormun/servlet/solicitudot?gx-no-cache=1778011898580 HTTP/1.1" 200 1481
190.95.15.13 - - [05/May/2026:17:06:20 -0300] "POST /cormun/servlet/solicitudot?gx-no-cache=1778011898617 HTTP/1.1" 200 38
190.95.15.13 - - [05/May/2026:17:06:21 -0300] "GET /cormun/servlet/solicitudot?65649d3f87d9292addd536bb31d6becb833838779cc2db658bd9d8144bf74e40b4a353257d796f81e919c122897993b41ef0a48278c6dac318cbb9ce36604db70492a5ce7d93f7d85df61281bed5d6044cbb66dec5dc8a7077b5f75a1cdd84fae45cd3e8305c91a6c604ddec7ff441cb,gx-no-cache=1778011898638 HTTP/1.1" 200 110
190.95.15.13 - - [05/May/2026:17:06:24 -0300] "POST /cormun/servlet/solicitudot?gx-no-cache=1778011902041 HTTP/1.1" 200 110
190.95.15.13 - - [05/May/2026:17:06:33 -0300] "GET /cormun/servlet/solicitudot?65649d3f87d9292addd536bb31d6becb8dac6a399f1f26fb505898b469070b20c0373223a1e4c17c90accf40eb65b680dd35486b9cdb598baac82bd3a7ee5a18521205a2348df26ba2c7179cdfe6c4dd2c943685941d9a17a0b79ce84e8969c7b8cba4d6a3c35cd47ed9ace5682226152adb6051a156bbd77591566e968332d8b43706d33ff9c7dff91e5ac8456001818d7db8ab76e27d602fa1e6a53015d8b9,gx-no-cache=1778011911593 HTTP/1.1" 200 29
190.95.15.13 - - [05/May/2026:17:06:34 -0300] "GET /cormun/static/menuarrow.gif HTTP/1.1" 404 1015
190.95.15.13 - - [05/May/2026:17:06:44 -0300] "GET /cormun/servlet/solicitudot?65649d3f87d9292addd536bb31d6becb0a16638f5d913cbea761737adfcbc92ef32faaf475f497bff72a6a6f3d1cb8a9,gx-no-cache=1778011922554 HTTP/1.1" 200 30
190.95.15.13 - - [05/May/2026:17:07:01 -0300] "GET /cormun/servlet/solicitudot?65649d3f87d9292addd536bb31d6becb0a16638f5d913cbea761737adfcbc92e5cd64636579f907f3949f3c64dc0f489,gx-no-cache=1778011938977 HTTP/1.1" 200 30
190.95.15.13 - - [05/May/2026:17:07:01 -0300] "POST /cormun/servlet/solicitudot?gx-no-cache=1778011938998 HTTP/1.1" 200 30
190.95.15.13 - - [05/May/2026:17:07:27 -0300] "POST /cormun/servlet/solicitudot?gx-no-cache=1778011965258 HTTP/1.1" 200 254
190.95.15.13 - - [05/May/2026:17:07:27 -0300] "GET /cormun/servlet/solicitudot?65649d3f87d9292addd536bb31d6becbb145053c39ace2230983f5402e87e54f24258d0bd754b3d8a9e54c6128124b28d5bd862b69b0e83f0fecfb6a94fa7b3e1cabcc68d70f35dc4e005c19a199a9573c48ecb65b7a8837b43b2eccc2b81aff76b09997e33d21f5b225e2b9aa143ea655782d17ec49b9c92274f69093913843c493d656be1e564f208aedaad9be6c700411d1bdf6d18440ceffb8c72a103d43d7e193d33c19b6ef7e845d1efe8456d6a37f298a43f845704014b2fccdeb7768f2662cd86a8796270571f67466ad921b8eff076bf29514a4ecf879c68b13e311ed89c4133b433fd5d1c1f670950a126ffb667a0f116dbebb5be4f3d6d6b67f80b41e973ee07b01a608798df789959f9d8f4916e5c9a43161d0542fa220b8ea4f76bdd0fc2b4e974ce5872e268caeb5f24e50ad2f750ec1cc603f3e00e12fb8e967b4779b8353970992190140d5fe80048212516695f5e6a471b8ad97788700d15c7e8cd38c24aafb90c1582b94948b5d1de2bf3033946f19fd176d72c4fd6467,gx-no-cache=1778011965297 HTTP/1.1" 200 30
190.95.15.13 - - [05/May/2026:17:07:27 -0300] "POST /cormun/servlet/solicitudot?gx-no-cache=1778011965317 HTTP/1.1" 200 30
190.95.15.13 - - [05/May/2026:17:07:27 -0300] "POST /cormun/servlet/solicitudot?gx-no-cache=1778011965338 HTTP/1.1" 200 1481
190.95.15.13 - - [05/May/2026:17:07:27 -0300] "POST /cormun/servlet/solicitudot?gx-no-cache=1778011965368 HTTP/1.1" 200 41
190.95.15.13 - - [05/May/2026:17:07:27 -0300] "GET /cormun/servlet/solicitudot?65649d3f87d9292addd536bb31d6becb833838779cc2db658bd9d8144bf74e40b4a353257d796f81e919c122897993b41ef0a48278c6dac318cbb9ce36604db70492a5ce7d93f7d85df61281bed5d6044cbb66dec5dc8a7077b5f75a1cdd84fae45cd3e8305c91a6c604ddec7ff441cb,gx-no-cache=1778011965387 HTTP/1.1" 200 110
190.95.15.13 - - [05/May/2026:17:07:27 -0300] "POST /cormun/servlet/solicitudot?gx-no-cache=1778011965406 HTTP/1.1" 200 109
190.95.15.13 - - [05/May/2026:17:07:27 -0300] "GET /cormun/servlet/solicitudot?65649d3f87d9292addd536bb31d6becb0a16638f5d913cbea761737adfcbc92e5cd64636579f907f3949f3c64dc0f489,gx-no-cache=1778011965431 HTTP/1.1" 200 30
190.95.15.13 - - [05/May/2026:17:07:27 -0300] "POST /cormun/servlet/solicitudot?gx-no-cache=1778011965448 HTTP/1.1" 200 30
190.95.15.13 - - [05/May/2026:17:07:28 -0300] "POST /cormun/servlet/solicitudot?edb627d0cf1614c110eb00669c554281,INS,0,0,false,,gx-no-cache=1778011965467 HTTP/1.1" 200 93
190.95.15.13 - - [05/May/2026:17:07:28 -0300] "GET /cormun/servlet/hpexe_return? HTTP/1.1" 200 1001
190.95.15.13 - - [05/May/2026:17:07:28 -0300] "GET /cormun/servlet/trsolicitudot HTTP/1.1" 200 10627
190.95.15.13 - - [05/May/2026:17:07:33 -0300] "GET /cormun/servlet/hlogin HTTP/1.1" 200 1732
200.126.116.145 - - [05/May/2026:17:07:55 -0300] "GET /cormun/servlet/trlicencias? HTTP/1.1" 200 6051
200.126.116.145 - - [05/May/2026:17:07:55 -0300] "GET /cormun/servlet/hlogin HTTP/1.1" 200 1741
200.126.116.145 - - [05/May/2026:17:08:10 -0300] "POST /cormun/servlet/hlogin?5ae08d70e4d42ee28b61bc9a8eabe699,gx-no-cache=1778012011600 HTTP/1.1" 200 90
200.126.116.145 - - [05/May/2026:17:08:10 -0300] "GET /cormun/servlet/hpexe_link HTTP/1.1" 200 959
200.126.116.145 - - [05/May/2026:17:08:10 -0300] "GET /cormun/servlet/trlicencias HTTP/1.1" 200 13174
190.95.1.187 - - [05/May/2026:17:08:19 -0300] "POST /cormun/servlet/trsolicitudot?ece999bece13ff4caf2e0855d4732937,gx-no-cache=1778012015434 HTTP/1.1" 200 113
190.95.1.187 - - [05/May/2026:17:08:19 -0300] "GET /cormun/servlet/solicitudot?UPD,2026,23530,false, HTTP/1.1" 200 16582
190.95.1.187 - - [05/May/2026:17:08:20 -0300] "POST /cormun/servlet/solicitudot?gx-no-cache=1778012016478 HTTP/1.1" 200 4122
190.95.1.187 - - [05/May/2026:17:08:20 -0300] "POST /cormun/servlet/solicitudot?ece999bece13ff4caf2e0855d4732937,UPD,2026,23530,false,,gx-no-cache=1778012016549 HTTP/1.1" 200 12765
190.95.1.187 - - [05/May/2026:17:08:20 -0300] "GET /cormun/servlet/solicitudot?bdf0cbc026c1c56ae85c4dcc96ac39df34eb5080e7e053cedeaa8fb5ca9559696d96be8d7438c0ebc7db08110b13cc0b,gx-no-cache=1778012016623 HTTP/1.1" 200 30
190.95.1.187 - - [05/May/2026:17:08:20 -0300] "GET /cormun/servlet/solicitudot?bdf0cbc026c1c56ae85c4dcc96ac39dfb24feebd8ac795fb87f58042e99273826cb13a6b4e7b8db9467c347af1aca7cc,gx-no-cache=1778012016642 HTTP/1.1" 200 30
190.95.1.187 - - [05/May/2026:17:08:20 -0300] "GET /cormun/servlet/solicitudot?bdf0cbc026c1c56ae85c4dcc96ac39df9d03809f60a24b0e322e074651d4a461a8ba1bfa945df1cb40b0dde833de3ed382b3fccb315dfc7abd8664ae29f4d843,gx-no-cache=1778012016657 HTTP/1.1" 200 53
190.95.1.187 - - [05/May/2026:17:08:20 -0300] "POST /cormun/servlet/solicitudot?gx-no-cache=1778012016676 HTTP/1.1" 200 254
190.95.1.187 - - [05/May/2026:17:08:20 -0300] "GET /cormun/servlet/solicitudot?bdf0cbc026c1c56ae85c4dcc96ac39df082b597802d24261e42e8f567955f8f5ee4a47d9a8cbc3b02b9201b1199b81fcb87b984127578e903fbc6f22c2de8bca86f35f0a5f813e59682074ebed6f40ee3430145885378a7c0cc4f190aaee54b5fcd7ae0ec5573bb3b4a6a03a0d37a1e70c9316d84d931efb4f217ff1b21a95b008907c3d4bf8e5532de3909ae9c62077fa45a412ca019311145184fc3e5ae9bc7ff01401bbed7dc97e63335250d2af314f3e08901232113fe98e28cda974590a1fd2db3b4486256892d46918ac2d9e87afdb3e5f3b437623f50e9cc579e2735cc307bfa16342746bc750bd4575bf2ea8fb806af5ae628437c0001af43f2027b2e25954453ccf933fdd7a81a31f15b7a0a7435e86bdb0d295cd23252ef236e801968a0a59d54c22eaf8e458ef221c3710eed4d56866e7deed967717c773d2f030cfb546b0fdcee7d0b4deddcdb7c5ac3f4dc5157077e627559d5d4b07cc14b407d12ca8b591339bb165ee11a0229630b13d46fbbba5b9a71a0a04f13e8f7d9bf1,gx-no-cache=1778012016696 HTTP/1.1" 200 30
190.95.1.187 - - [05/May/2026:17:08:20 -0300] "POST /cormun/servlet/solicitudot?gx-no-cache=1778012016714 HTTP/1.1" 200 30
190.95.1.187 - - [05/May/2026:17:08:20 -0300] "POST /cormun/servlet/solicitudot?gx-no-cache=1778012016733 HTTP/1.1" 200 1481
190.95.1.187 - - [05/May/2026:17:08:20 -0300] "POST /cormun/servlet/solicitudot?gx-no-cache=1778012016756 HTTP/1.1" 200 41
190.95.1.187 - - [05/May/2026:17:08:25 -0300] "GET /cormun/servlet/prbanco?,MD,,gxPopupLevel%3D0%3B HTTP/1.1" 200 6684
190.95.1.187 - - [05/May/2026:17:08:36 -0300] "GET /cormun/servlet/solicitudot?bdf0cbc026c1c56ae85c4dcc96ac39dff7af8de43f7fe1fa99a6cfe25a61cdf0a8ba1bfa945df1cb40b0dde833de3ed382b3fccb315dfc7abd8664ae29f4d843,gx-no-cache=1778012032642 HTTP/1.1" 200 45
190.95.1.187 - - [05/May/2026:17:15:02 -0300] "POST /cormun/servlet/solicitudot?gx-no-cache=1778012418597 HTTP/1.1" 200 30
190.95.1.187 - - [05/May/2026:17:15:02 -0300] "POST /cormun/servlet/solicitudot?gx-no-cache=1778012418626 HTTP/1.1" 200 1481
190.95.1.187 - - [05/May/2026:17:15:02 -0300] "POST /cormun/servlet/solicitudot?gx-no-cache=1778012418653 HTTP/1.1" 200 41
190.95.1.187 - - [05/May/2026:17:15:02 -0300] "GET /cormun/servlet/solicitudot?bdf0cbc026c1c56ae85c4dcc96ac39df13abee8e96506bf73804b23cc4029a527ec2c078f6e401d4c31c81ab7ca4c5b9a572c5e686978f1b9331cc4ba97a07664dd89d6d190bc4cbcddc17d8e6c861825c5be42490010af7d994b3b457e8e7c5a0f212b579fb2bef0d4481e960054b85,gx-no-cache=1778012418681 HTTP/1.1" 200 110
190.95.1.187 - - [05/May/2026:17:15:02 -0300] "POST /cormun/servlet/solicitudot?gx-no-cache=1778012418700 HTTP/1.1" 200 67
190.95.1.187 - - [05/May/2026:17:15:02 -0300] "GET /cormun/servlet/solicitudot?bdf0cbc026c1c56ae85c4dcc96ac39df4941c0332701837546dec482e7abd8ca6ef26ea73637bb6a0504b5e903e756e8c8e2ff2da722601d0f84b0837eb76533454875462f0c756a69d7f316129ac363c431ec86c74726cac0e7aefa171f56a27b7d0e1d0dc79d907f78f236b66a7e71042be87f9499a596aab574c758802e69768f6bfb4211c5053680b6957e64286beed8bc6c3420f2e2aacb8564ab14a6e285484a0c69a51f15ca45fdd5536ba3b20945c3e0e7b99b0d2682aa410a8f0f7b8d72e81916e9e74de6e6169ede0bdbd7,gx-no-cache=1778012418719 HTTP/1.1" 200 29
190.95.1.187 - - [05/May/2026:17:15:02 -0300] "GET /cormun/servlet/solicitudot?bdf0cbc026c1c56ae85c4dcc96ac39df325bb50c87450ba29da967dbd28a477cc82cf5ece5094b9a6c4405f24c314047,gx-no-cache=1778012418738 HTTP/1.1" 200 30
190.95.1.187 - - [05/May/2026:17:15:05 -0300] "POST /cormun/servlet/solicitudot?gx-no-cache=1778012421982 HTTP/1.1" 200 30
190.95.1.187 - - [05/May/2026:17:15:05 -0300] "POST /cormun/servlet/solicitudot?ece999bece13ff4caf2e0855d4732937,UPD,2026,23530,false,,gx-no-cache=1778012422002 HTTP/1.1" 200 93
190.95.1.187 - - [05/May/2026:17:15:05 -0300] "GET /cormun/servlet/hpexe_return? HTTP/1.1" 200 1015
190.95.1.187 - - [05/May/2026:17:15:06 -0300] "GET /cormun/servlet/trsolicitudot HTTP/1.1" 200 10156
201.186.225.191 - - [05/May/2026:17:16:18 -0300] "GET /cormun/servlet/hlogin HTTP/1.1" 200 1716
201.186.225.191 - - [05/May/2026:17:16:21 -0300] "POST /cormun/servlet/hlogin?1125a0a53df718d7cf4ee6f32c146579,gx-no-cache=1778012499203 HTTP/1.1" 200 90
201.186.225.191 - - [05/May/2026:17:16:21 -0300] "GET /cormun/servlet/hpexe_link HTTP/1.1" 200 946
201.186.225.191 - - [05/May/2026:17:16:21 -0300] "GET /cormun/servlet/hhome HTTP/1.1" 200 4212
201.186.225.191 - - [05/May/2026:17:16:25 -0300] "GET /cormun/servlet/trcontratounov2? HTTP/1.1" 200 17875
201.186.225.183 - - [05/May/2026:17:18:11 -0300] "GET /cormun/servlet/trpermisosgoce? HTTP/1.1" 200 18680
201.186.225.183 - - [05/May/2026:17:18:13 -0300] "GET /cormun/servlet/trlicencias? HTTP/1.1" 200 15929
201.186.225.183 - - [05/May/2026:17:18:48 -0300] "GET /cormun/servlet/trpermisosgoce? HTTP/1.1" 200 18695
201.186.225.183 - - [05/May/2026:17:18:50 -0300] "GET /cormun/servlet/permisogoce?INS,0,,, HTTP/1.1" 200 6828
201.186.225.183 - - [05/May/2026:17:18:55 -0300] "GET /cormun/servlet/permisogoce?f175c96b0307158536e804e103f71a4ebef962e4557e951c177d0a127326256084af82b49cdbbc81ab79794ca793aaa5d16013628338b8e804e6cacaaedfc495,gx-no-cache=1778012654299 HTTP/1.1" 200 75
201.186.225.183 - - [05/May/2026:17:19:05 -0300] "GET /cormun/servlet/permisogoce?f175c96b0307158536e804e103f71a4e8114365e02c7b1114e7d98513cd068747dfa1b7bf2689878a1c1ef54dd7d1aad2250cf425292f2f9a1ab1a14145b2d33,gx-no-cache=1778012663861 HTTP/1.1" 200 49
201.186.225.183 - - [05/May/2026:17:19:07 -0300] "POST /cormun/servlet/permisogoce?3723fbc49b9e2837f25db9cff53930ca,INS,0,,,,gx-no-cache=1778012665166 HTTP/1.1" 200 93
201.186.225.183 - - [05/May/2026:17:19:07 -0300] "GET /cormun/servlet/hpexe_return? HTTP/1.1" 200 1010
201.186.225.183 - - [05/May/2026:17:19:07 -0300] "GET /cormun/servlet/trpermisosgoce HTTP/1.1" 200 18674
201.186.225.183 - - [05/May/2026:17:19:14 -0300] "GET /cormun/servlet/apermisogoceprn?14336486,P,20260505162456,PU HTTP/1.1" 200 1643
190.95.1.129 - - [05/May/2026:17:19:15 -0300] "GET /cormun/servlet/hlogin HTTP/1.1" 200 1719
201.186.225.183 - - [05/May/2026:17:21:56 -0300] "GET /cormun/servlet/permisogoce?INS,0,,, HTTP/1.1" 200 6830
201.186.225.183 - - [05/May/2026:17:22:01 -0300] "GET /cormun/servlet/permisogoce?f175c96b0307158536e804e103f71a4eb595cf53434f85a83b09b5aba277ec4984af82b49cdbbc81ab79794ca793aaa5d16013628338b8e804e6cacaaedfc495,gx-no-cache=1778012840087 HTTP/1.1" 200 73
201.186.225.183 - - [05/May/2026:17:22:08 -0300] "GET /cormun/servlet/permisogoce?f175c96b0307158536e804e103f71a4e0ec18b2007be0f180b4be837f2f4a9fe1ea5066ef50eeb18676a2657ca8e0e812250cf425292f2f9a1ab1a14145b2d33,gx-no-cache=1778012846682 HTTP/1.1" 200 47
201.186.225.183 - - [05/May/2026:17:22:10 -0300] "POST /cormun/servlet/permisogoce?3723fbc49b9e2837f25db9cff53930ca,INS,0,,,,gx-no-cache=1778012848115 HTTP/1.1" 200 93
201.186.225.183 - - [05/May/2026:17:22:10 -0300] "GET /cormun/servlet/hpexe_return? HTTP/1.1" 200 1010
201.186.225.183 - - [05/May/2026:17:22:10 -0300] "GET /cormun/servlet/trpermisosgoce HTTP/1.1" 200 18646
201.186.225.183 - - [05/May/2026:17:22:13 -0300] "GET /cormun/servlet/apermisogoceprn?17521323,P,20260505162802,PU HTTP/1.1" 200 1636
201.186.226.5 - - [05/May/2026:17:23:53 -0300] "GET /cormun/servlet/hlogin HTTP/1.1" 200 1736
201.186.225.183 - - [05/May/2026:17:26:32 -0300] "GET /cormun/servlet/permisogoce?INS,0,,, HTTP/1.1" 200 6831
201.186.225.183 - - [05/May/2026:17:26:40 -0300] "GET /cormun/servlet/permisogoce?f175c96b0307158536e804e103f71a4eb7a1b085946746e1fe7fda5979a559d984af82b49cdbbc81ab79794ca793aaa5d16013628338b8e804e6cacaaedfc495,gx-no-cache=1778013118973 HTTP/1.1" 200 75
201.186.225.183 - - [05/May/2026:17:26:47 -0300] "GET /cormun/servlet/permisogoce?f175c96b0307158536e804e103f71a4e7bff3f7b4cc5e120b38cc9b7cd41b8ff2b7ac488a08bf577ab4bd4ee8da59db64f47fcf1f93c78944c671d82a2d0e33b,gx-no-cache=1778013126230 HTTP/1.1" 200 47
201.186.225.183 - - [05/May/2026:17:26:48 -0300] "POST /cormun/servlet/permisogoce?3723fbc49b9e2837f25db9cff53930ca,INS,0,,,,gx-no-cache=1778013126955 HTTP/1.1" 200 93
201.186.225.183 - - [05/May/2026:17:26:49 -0300] "GET /cormun/servlet/hpexe_return? HTTP/1.1" 200 1010
201.186.225.183 - - [05/May/2026:17:26:49 -0300] "GET /cormun/servlet/trpermisosgoce HTTP/1.1" 200 18667
201.186.225.183 - - [05/May/2026:17:26:51 -0300] "GET /cormun/servlet/apermisogoceprn?17503191,P,20260505163239,PU HTTP/1.1" 200 1654
201.186.225.183 - - [05/May/2026:17:27:28 -0300] "GET /cormun/servlet/permisogoce?INS,0,,, HTTP/1.1" 200 6829
201.186.225.183 - - [05/May/2026:17:27:35 -0300] "GET /cormun/servlet/permisogoce?f175c96b0307158536e804e103f71a4e59bea87bd474f8d65465a4bc7e65492b84af82b49cdbbc81ab79794ca793aaa5d16013628338b8e804e6cacaaedfc495,gx-no-cache=1778013173581 HTTP/1.1" 200 226
201.186.225.183 - - [05/May/2026:17:27:35 -0300] "GET /cormun/static/Shared/jqueryui/images/ui-bg_highlight-soft_100_c6c2c8_1x100.png HTTP/1.1" 404 1117
201.186.225.183 - - [05/May/2026:17:27:35 -0300] "GET /cormun/static/Shared/jqueryui/images/ui-icons_82798d_256x240.png HTTP/1.1" 404 1089
201.186.225.183 - - [05/May/2026:17:27:35 -0300] "GET /cormun/static/Shared/jqueryui/images/ui-bg_flat_55_994d53_40x100.png HTTP/1.1" 404 1097
201.186.225.183 - - [05/May/2026:17:27:35 -0300] "GET /cormun/static/Shared/jqueryui/images/ui-icons_ebccce_256x240.png HTTP/1.1" 404 1089
201.186.225.183 - - [05/May/2026:17:27:42 -0300] "GET /cormun/servlet/permisogoce?f175c96b0307158536e804e103f71a4ed158f335adfc62947b5b3ecfd6078e0384af82b49cdbbc81ab79794ca793aaa5d16013628338b8e804e6cacaaedfc495,gx-no-cache=1778013181413 HTTP/1.1" 200 87
201.186.225.183 - - [05/May/2026:17:27:50 -0300] "GET /cormun/servlet/permisogoce?f175c96b0307158536e804e103f71a4e56d0b79b466a2f17bfe7e523f97635fbfa799863820317a1a9b5f66dac8882584f47fcf1f93c78944c671d82a2d0e33b,gx-no-cache=1778013188625 HTTP/1.1" 200 48
201.186.225.183 - - [05/May/2026:17:27:51 -0300] "POST /cormun/servlet/permisogoce?3723fbc49b9e2837f25db9cff53930ca,INS,0,,,,gx-no-cache=1778013189884 HTTP/1.1" 200 93
201.186.225.183 - - [05/May/2026:17:27:51 -0300] "GET /cormun/servlet/hpexe_return? HTTP/1.1" 200 1010
201.186.225.183 - - [05/May/2026:17:27:52 -0300] "GET /cormun/servlet/trpermisosgoce HTTP/1.1" 200 18659
201.186.225.183 - - [05/May/2026:17:27:56 -0300] "GET /cormun/servlet/apermisogoceprn?15106727,P,20260505163335,PU HTTP/1.1" 200 1656
190.95.67.91 - - [05/May/2026:17:27:58 -0300] "POST /cormun/servlet/trsolicitudot?efdf392ec136bc29115b746f1661c900,gx-no-cache=1778013197593 HTTP/1.1" 200 107
190.95.67.91 - - [05/May/2026:17:27:58 -0300] "GET /cormun/servlet/trsolicitudadjuntos?2026,23537, HTTP/1.1" 200 6489
190.95.67.91 - - [05/May/2026:17:28:01 -0300] "GET /cormun/servlet/solicitudotadjuntos?INS,2026,23537,,1, HTTP/1.1" 200 6430
190.95.67.91 - - [05/May/2026:17:28:01 -0300] "GET /cormun/static/about:blank HTTP/1.1" 404 1011
190.95.67.91 - - [05/May/2026:17:28:02 -0300] "GET /cormun/servlet/solicitudotadjuntos?b70cd136965d685238fb1b7ac04506f5251c5ed7739df24ad7f04ef9d083de90c5e7b002a46ca2598b82b68aebf8a5ad,gx-no-cache=1778013201032 HTTP/1.1" 200 30
190.95.67.91 - - [05/May/2026:17:28:02 -0300] "POST /cormun/servlet/solicitudotadjuntos?efdf392ec136bc29115b746f1661c900,INS,2026,23537,,1,,gx-no-cache=1778013201047 HTTP/1.1" 200 4148
190.95.67.91 - - [05/May/2026:17:28:03 -0300] "POST /cormun/servlet/solicitudotadjuntos?gx-no-cache=1778013202882 HTTP/1.1" 200 26
190.95.15.9 - - [05/May/2026:17:29:09 -0300] "GET /cormun/servlet/solicitudot?INS,0,0,false, HTTP/1.1" 200 15198
190.95.15.9 - - [05/May/2026:17:29:09 -0300] "GET /cormun/static/gxcfg.js?20221129840861 HTTP/1.1" 200 953
190.95.15.9 - - [05/May/2026:17:29:09 -0300] "GET /cormun/static/Resources/prompt.gif HTTP/1.1" 200 902
190.95.15.9 - - [05/May/2026:17:29:09 -0300] "GET /cormun/static/solicitudot.js?20221129840983 HTTP/1.1" 200 74072
190.95.15.9 - - [05/May/2026:17:29:09 -0300] "GET /cormun/servlet/hlogin HTTP/1.1" 200 1746
190.95.15.9 - - [05/May/2026:17:29:12 -0300] "POST /cormun/servlet/hlogin?c0671212b3c55a1d2fa6a2630757f31a,gx-no-cache=1778013269928 HTTP/1.1" 200 90
190.95.15.9 - - [05/May/2026:17:29:12 -0300] "GET /cormun/servlet/hpexe_link HTTP/1.1" 200 963
190.95.15.9 - - [05/May/2026:17:29:12 -0300] "GET /cormun/servlet/solicitudot?INS,0,0,false, HTTP/1.1" 200 16186
190.95.15.15 - - [05/May/2026:17:29:53 -0300] "GET /cormun/servlet/trpermisosgoce HTTP/1.1" 200 6028
190.95.15.15 - - [05/May/2026:17:29:54 -0300] "GET /cormun/servlet/hlogin HTTP/1.1" 200 1736
190.95.15.15 - - [05/May/2026:17:30:01 -0300] "POST /cormun/servlet/hlogin?0c5bcc5f7e12c3f8720aaaca2d9826b2,gx-no-cache=1778013319419 HTTP/1.1" 200 90
190.95.15.15 - - [05/May/2026:17:30:01 -0300] "GET /cormun/servlet/hpexe_link HTTP/1.1" 200 953
190.95.15.15 - - [05/May/2026:17:30:01 -0300] "GET /cormun/servlet/trpermisosgoce HTTP/1.1" 200 15491
190.95.15.15 - - [05/May/2026:17:30:04 -0300] "GET /cormun/servlet/permisogoce?INS,0,,, HTTP/1.1" 200 6853
190.95.15.15 - - [05/May/2026:17:30:23 -0300] "GET /cormun/servlet/permisogoce?cc7ee079f8b4ceb490b6c51548995c86686133c63862e5471d57106079d32cc7b533af2bf52644af63330ec605bef8c53e7adcb3012a18be512b452ce86ed968,gx-no-cache=1778013341095 HTTP/1.1" 200 82
190.95.15.15 - - [05/May/2026:17:30:33 -0300] "GET /cormun/servlet/permisogoce?cc7ee079f8b4ceb490b6c51548995c8672c07d5ddf05b9366c9df7f0ee36fcef26526bda44d1c105d1342c9607a9bcc79934489d78a1afabb1db45cc4223b78d,gx-no-cache=1778013351853 HTTP/1.1" 200 48
190.95.15.15 - - [05/May/2026:17:30:37 -0300] "POST /cormun/servlet/permisogoce?0c5bcc5f7e12c3f8720aaaca2d9826b2,INS,0,,,,gx-no-cache=1778013355056 HTTP/1.1" 200 93
190.95.15.15 - - [05/May/2026:17:30:37 -0300] "GET /cormun/servlet/hpexe_return? HTTP/1.1" 200 1007
190.95.15.15 - - [05/May/2026:17:30:37 -0300] "GET /cormun/servlet/trpermisosgoce HTTP/1.1" 200 15743
190.95.15.15 - - [05/May/2026:17:30:40 -0300] "GET /cormun/servlet/apermisogoceprn?19451604,P,20260505163610,PU HTTP/1.1" 200 1657
186.173.116.189 - - [05/May/2026:17:32:21 -0300] "GET /cormun/servlet/hlogin HTTP/1.1" 200 1770
186.173.116.189 - - [05/May/2026:17:32:21 -0300] "GET /cormun/static/JavaScripTableSD.js?85251 HTTP/1.1" 200 25100
186.173.116.189 - - [05/May/2026:17:32:21 -0300] "GET /cormun/static/gxpopupSD.js?85251 HTTP/1.1" 200 22377
186.173.116.189 - - [05/May/2026:17:32:21 -0300] "GET /cormun/static/hlogin.js?2022112219184458 HTTP/1.1" 200 2156
186.173.116.189 - - [05/May/2026:17:32:21 -0300] "GET /cormun/static/Resources/PXToolsButtonRight.png HTTP/1.1" 200 1294
186.173.116.189 - - [05/May/2026:17:32:21 -0300] "GET /cormun/servlet/hlogin HTTP/1.1" 200 1780
186.173.116.189 - - [05/May/2026:17:32:21 -0300] "GET /cormun/static/Resources/PXToolsButtonRight.png HTTP/1.1" 200 1294
186.173.116.189 - - [05/May/2026:17:32:27 -0300] "POST /cormun/servlet/hlogin?a9f9d397e9181cd931052c4ed02aebdc,gx-no-cache=1778013465315 HTTP/1.1" 200 90
186.173.116.189 - - [05/May/2026:17:32:27 -0300] "GET /cormun/servlet/hpexe_link HTTP/1.1" 200 1007
186.173.116.189 - - [05/May/2026:17:32:27 -0300] "GET /cormun/servlet/hhome HTTP/1.1" 200 4314
186.173.116.189 - - [05/May/2026:17:32:27 -0300] "GET /cormun/static/scaMessage/css/jquery.pnotify.default.css?1816380 HTTP/1.1" 200 1707
186.173.116.189 - - [05/May/2026:17:32:27 -0300] "GET /cormun/static/PXToolsJavascripts/pexe_layers.js HTTP/1.1" 200 4114
186.173.116.189 - - [05/May/2026:17:32:27 -0300] "GET /cormun/static/PXToolsJavascripts/pexe_grid.js HTTP/1.1" 200 7559
186.173.116.189 - - [05/May/2026:17:32:27 -0300] "GET /cormun/static/PXToolsJavascripts/pexe_menus.js HTTP/1.1" 200 1286
186.173.116.189 - - [05/May/2026:17:32:27 -0300] "GET /cormun/static/PXToolsJavascripts/pexe_oav.js HTTP/1.1" 200 645
186.173.116.189 - - [05/May/2026:17:32:27 -0300] "GET /cormun/static/PXToolsJavascripts/pexe_tabdivfix.js HTTP/1.1" 200 898
186.173.116.189 - - [05/May/2026:17:32:27 -0300] "GET /cormun/static/PXToolsJavascripts/pexe_popup.js HTTP/1.1" 200 15149
186.173.116.189 - - [05/May/2026:17:32:27 -0300] "GET /cormun/static/PXToolsJavascripts/pexe_tabs.js HTTP/1.1" 200 3748
186.173.116.189 - - [05/May/2026:17:32:27 -0300] "GET /cormun/static/hhome.js?20201215495544 HTTP/1.1" 200 777
186.173.116.189 - - [05/May/2026:17:32:27 -0300] "GET /cormun/static/SmoothNavMenu/resources/ddsmoothmenu.js HTTP/1.1" 200 12712
186.173.116.189 - - [05/May/2026:17:32:27 -0300] "GET /cormun/static/hpexe_messagepopupcomponent.js?2020121447232 HTTP/1.1" 200 605
186.173.116.189 - - [05/May/2026:17:32:27 -0300] "GET /cormun/static/Resources/PXToolsDataTitle.png HTTP/1.1" 200 1173
186.173.116.189 - - [05/May/2026:17:32:27 -0300] "GET /cormun/static/Resources/CormunMP2.png HTTP/1.1" 200 6878
186.173.116.189 - - [05/May/2026:17:32:27 -0300] "GET /cormun/static/SmoothNavMenu/resources/images/right.gif HTTP/1.1" 200 860
186.173.116.189 - - [05/May/2026:17:32:34 -0300] "GET /cormun/servlet/trlicencias? HTTP/1.1" 200 12714
186.173.116.189 - - [05/May/2026:17:32:34 -0300] "GET /cormun/static/Shared/ext/resources/css/ext-all.css?215870 HTTP/1.1" 200 416045
186.173.116.189 - - [05/May/2026:17:32:34 -0300] "GET /cormun/static/gxui/gxui-all.css?120300 HTTP/1.1" 200 2179
186.173.116.189 - - [05/May/2026:17:32:34 -0300] "GET /cormun/static/calendar-es.js?85251 HTTP/1.1" 200 1901
186.173.116.189 - - [05/May/2026:17:32:34 -0300] "GET /cormun/static/calendar.js?85251 HTTP/1.1" 200 26246
186.173.116.189 - - [05/May/2026:17:32:34 -0300] "GET /cormun/static/Resources/PXToolsActionExcel.png HTTP/1.1" 200 727
186.173.116.189 - - [05/May/2026:17:32:34 -0300] "GET /cormun//static/Resources/PXToolsActionDisabled.gif HTTP/1.1" 200 53
186.173.116.189 - - [05/May/2026:17:32:34 -0300] "GET /cormun//static/Resources/PXTools/ActionInsert.png HTTP/1.1" 200 1482
186.173.116.189 - - [05/May/2026:17:32:34 -0300] "GET /cormun//static/Resources/PXToolsHeaderHelp.png HTTP/1.1" 200 1333
186.173.116.189 - - [05/May/2026:17:32:34 -0300] "GET /cormun//static/Resources/PXToolsGridDisplay.png HTTP/1.1" 200 525
190.95.67.91 - - [05/May/2026:17:35:27 -0300] "POST /cormun/servlet/solicitudotadjuntos?gx-no-cache=1778013646359 HTTP/1.1" 200 26
190.95.67.91 - - [05/May/2026:17:35:35 -0300] "GET /cormun/servlet/solicitudotadjuntos?b70cd136965d685238fb1b7ac04506f507e331d00437ba0c56772041f6d995ad,gx-no-cache=1778013654761 HTTP/1.1" 200 30
190.95.67.91 - - [05/May/2026:17:35:35 -0300] "GET /cormun/servlet/solicitudotadjuntos?b70cd136965d685238fb1b7ac04506f507e331d00437ba0c56772041f6d995ad,gx-no-cache=1778013654773 HTTP/1.1" 200 30
190.95.67.91 - - [05/May/2026:17:35:35 -0300] "POST /cormun/servlet/solicitudotadjuntos?efdf392ec136bc29115b746f1661c900,INS,2026,23537,,1, HTTP/1.1" 200 116
190.95.67.91 - - [05/May/2026:17:35:36 -0300] "GET /cormun/servlet/hpexe_return? HTTP/1.1" 200 1023
190.95.67.91 - - [05/May/2026:17:35:37 -0300] "GET /cormun/servlet/trsolicitudadjuntos?2026,23537, HTTP/1.1" 200 9725
190.95.67.91 - - [05/May/2026:17:35:40 -0300] "GET /cormun/servlet/solicitudotadjuntos?INS,2026,23537,,1, HTTP/1.1" 200 6430
190.95.67.91 - - [05/May/2026:17:35:40 -0300] "GET /cormun/static/about:blank HTTP/1.1" 404 1011
190.95.67.91 - - [05/May/2026:17:35:40 -0300] "GET /cormun/servlet/solicitudotadjuntos?b70cd136965d685238fb1b7ac04506f5251c5ed7739df24ad7f04ef9d083de90c5e7b002a46ca2598b82b68aebf8a5ad,gx-no-cache=1778013659916 HTTP/1.1" 200 30
190.95.67.91 - - [05/May/2026:17:35:41 -0300] "POST /cormun/servlet/solicitudotadjuntos?efdf392ec136bc29115b746f1661c900,INS,2026,23537,,1,,gx-no-cache=1778013659936 HTTP/1.1" 200 4148
190.95.67.91 - - [05/May/2026:17:35:43 -0300] "POST /cormun/servlet/solicitudotadjuntos?gx-no-cache=1778013662701 HTTP/1.1" 200 26
190.95.67.91 - - [05/May/2026:17:35:46 -0300] "POST /cormun/servlet/solicitudotadjuntos?gx-no-cache=1778013665237 HTTP/1.1" 200 26
190.95.67.91 - - [05/May/2026:17:36:39 -0300] "POST /cormun/servlet/solicitudotadjuntos?gx-no-cache=1778013718566 HTTP/1.1" 200 26
190.95.67.91 - - [05/May/2026:17:36:43 -0300] "GET /cormun/servlet/solicitudotadjuntos?b70cd136965d685238fb1b7ac04506f507e331d00437ba0c56772041f6d995ad,gx-no-cache=1778013722358 HTTP/1.1" 200 30
190.95.67.91 - - [05/May/2026:17:36:43 -0300] "GET /cormun/servlet/solicitudotadjuntos?b70cd136965d685238fb1b7ac04506f507e331d00437ba0c56772041f6d995ad,gx-no-cache=1778013722370 HTTP/1.1" 200 30
190.95.67.91 - - [05/May/2026:17:36:43 -0300] "POST /cormun/servlet/solicitudotadjuntos?efdf392ec136bc29115b746f1661c900,INS,2026,23537,,1, HTTP/1.1" 200 116
190.95.67.91 - - [05/May/2026:17:36:43 -0300] "GET /cormun/servlet/hpexe_return? HTTP/1.1" 200 1023
190.95.67.91 - - [05/May/2026:17:36:43 -0300] "GET /cormun/servlet/trsolicitudadjuntos?2026,23537, HTTP/1.1" 200 9978
190.95.67.91 - - [05/May/2026:17:36:45 -0300] "GET /cormun/servlet/solicitudotadjuntos?INS,2026,23537,,1, HTTP/1.1" 200 6428
190.95.67.91 - - [05/May/2026:17:36:45 -0300] "GET /cormun/static/about:blank HTTP/1.1" 404 1011
190.95.67.91 - - [05/May/2026:17:36:45 -0300] "GET /cormun/servlet/solicitudotadjuntos?b70cd136965d685238fb1b7ac04506f5251c5ed7739df24ad7f04ef9d083de90c5e7b002a46ca2598b82b68aebf8a5ad,gx-no-cache=1778013724706 HTTP/1.1" 200 30
190.95.67.91 - - [05/May/2026:17:36:45 -0300] "POST /cormun/servlet/solicitudotadjuntos?efdf392ec136bc29115b746f1661c900,INS,2026,23537,,1,,gx-no-cache=1778013724718 HTTP/1.1" 200 4148
190.95.67.91 - - [05/May/2026:17:36:49 -0300] "POST /cormun/servlet/solicitudotadjuntos?gx-no-cache=1778013728253 HTTP/1.1" 200 26
190.95.67.91 - - [05/May/2026:17:36:53 -0300] "GET /cormun/servlet/solicitudotadjuntos?b70cd136965d685238fb1b7ac04506f507e331d00437ba0c56772041f6d995ad,gx-no-cache=1778013732909 HTTP/1.1" 200 30
190.95.67.91 - - [05/May/2026:17:36:54 -0300] "GET /cormun/servlet/solicitudotadjuntos?b70cd136965d685238fb1b7ac04506f507e331d00437ba0c56772041f6d995ad,gx-no-cache=1778013732931 HTTP/1.1" 200 30
190.95.67.91 - - [05/May/2026:17:36:54 -0300] "POST /cormun/servlet/solicitudotadjuntos?efdf392ec136bc29115b746f1661c900,INS,2026,23537,,1, HTTP/1.1" 200 116
190.95.67.91 - - [05/May/2026:17:36:54 -0300] "GET /cormun/servlet/hpexe_return? HTTP/1.1" 200 1023
190.95.67.91 - - [05/May/2026:17:36:54 -0300] "GET /cormun/servlet/trsolicitudadjuntos?2026,23537, HTTP/1.1" 200 10265
190.95.67.91 - - [05/May/2026:17:36:55 -0300] "GET /cormun/servlet/solicitudotadjuntos?INS,2026,23537,,1, HTTP/1.1" 200 6430
190.95.67.91 - - [05/May/2026:17:36:55 -0300] "GET /cormun/static/about:blank HTTP/1.1" 404 1011
190.95.67.91 - - [05/May/2026:17:36:56 -0300] "GET /cormun/servlet/solicitudotadjuntos?b70cd136965d685238fb1b7ac04506f5251c5ed7739df24ad7f04ef9d083de90c5e7b002a46ca2598b82b68aebf8a5ad,gx-no-cache=1778013735282 HTTP/1.1" 200 30
190.95.67.91 - - [05/May/2026:17:36:56 -0300] "POST /cormun/servlet/solicitudotadjuntos?efdf392ec136bc29115b746f1661c900,INS,2026,23537,,1,,gx-no-cache=1778013735294 HTTP/1.1" 200 4150
190.95.67.91 - - [05/May/2026:17:36:57 -0300] "POST /cormun/servlet/solicitudotadjuntos?gx-no-cache=1778013736845 HTTP/1.1" 200 26
190.95.67.91 - - [05/May/2026:17:37:06 -0300] "GET /cormun/servlet/solicitudotadjuntos?b70cd136965d685238fb1b7ac04506f507e331d00437ba0c56772041f6d995ad,gx-no-cache=1778013745453 HTTP/1.1" 200 30
190.95.67.91 - - [05/May/2026:17:37:06 -0300] "GET /cormun/servlet/solicitudotadjuntos?b70cd136965d685238fb1b7ac04506f507e331d00437ba0c56772041f6d995ad,gx-no-cache=1778013745475 HTTP/1.1" 200 30
190.95.67.91 - - [05/May/2026:17:37:06 -0300] "POST /cormun/servlet/solicitudotadjuntos?efdf392ec136bc29115b746f1661c900,INS,2026,23537,,1, HTTP/1.1" 200 116
190.95.67.91 - - [05/May/2026:17:37:06 -0300] "GET /cormun/servlet/hpexe_return? HTTP/1.1" 200 1023
190.95.67.91 - - [05/May/2026:17:37:06 -0300] "GET /cormun/servlet/trsolicitudadjuntos?2026,23537, HTTP/1.1" 200 10637
190.95.67.91 - - [05/May/2026:17:37:10 -0300] "POST /cormun/servlet/trsolicitudadjuntos?efdf392ec136bc29115b746f1661c900,2026,23537,,gx-no-cache=1778013749242 HTTP/1.1" 200 90
190.95.67.91 - - [05/May/2026:17:37:10 -0300] "GET /cormun/servlet/hpexe_link HTTP/1.1" 200 965
190.95.67.91 - - [05/May/2026:17:37:10 -0300] "GET /cormun/servlet/trsolicitudot HTTP/1.1" 200 11635
190.95.67.91 - - [05/May/2026:17:37:24 -0300] "POST /cormun/servlet/trsolicitudot?efdf392ec136bc29115b746f1661c900,gx-no-cache=1778013763216 HTTP/1.1" 200 107
190.95.67.91 - - [05/May/2026:17:37:24 -0300] "GET /cormun/servlet/trsolicitudadjuntos?2026,23536, HTTP/1.1" 200 6489
190.95.67.91 - - [05/May/2026:17:37:25 -0300] "GET /cormun/servlet/solicitudotadjuntos?INS,2026,23536,,1, HTTP/1.1" 200 6430
190.95.67.91 - - [05/May/2026:17:37:25 -0300] "GET /cormun/static/about:blank HTTP/1.1" 404 1011
190.95.67.91 - - [05/May/2026:17:37:26 -0300] "GET /cormun/servlet/solicitudotadjuntos?b70cd136965d685238fb1b7ac04506f5edd63c00fbbdf6dfbf190a57e9b3a4dcc5e7b002a46ca2598b82b68aebf8a5ad,gx-no-cache=1778013765420 HTTP/1.1" 200 30
190.95.67.91 - - [05/May/2026:17:37:26 -0300] "POST /cormun/servlet/solicitudotadjuntos?efdf392ec136bc29115b746f1661c900,INS,2026,23536,,1,,gx-no-cache=1778013765442 HTTP/1.1" 200 4149
190.95.67.91 - - [05/May/2026:17:37:29 -0300] "POST /cormun/servlet/solicitudotadjuntos?gx-no-cache=1778013768048 HTTP/1.1" 200 26
201.186.225.183 - - [05/May/2026:17:37:42 -0300] "GET /cormun/servlet/permisogoce?INS,0,,, HTTP/1.1" 200 6830
190.95.67.91 - - [05/May/2026:17:37:42 -0300] "GET /cormun/servlet/solicitudotadjuntos?b70cd136965d685238fb1b7ac04506f507e331d00437ba0c56772041f6d995ad,gx-no-cache=1778013781845 HTTP/1.1" 200 30
190.95.67.91 - - [05/May/2026:17:37:42 -0300] "GET /cormun/servlet/solicitudotadjuntos?b70cd136965d685238fb1b7ac04506f507e331d00437ba0c56772041f6d995ad,gx-no-cache=1778013781856 HTTP/1.1" 200 30
190.95.67.91 - - [05/May/2026:17:37:43 -0300] "POST /cormun/servlet/solicitudotadjuntos?efdf392ec136bc29115b746f1661c900,INS,2026,23536,,1, HTTP/1.1" 200 116
190.95.67.91 - - [05/May/2026:17:37:43 -0300] "GET /cormun/servlet/hpexe_return? HTTP/1.1" 200 1023
190.95.67.91 - - [05/May/2026:17:37:43 -0300] "GET /cormun/servlet/trsolicitudadjuntos?2026,23536, HTTP/1.1" 200 9726
190.95.67.91 - - [05/May/2026:17:37:44 -0300] "GET /cormun/servlet/solicitudotadjuntos?INS,2026,23536,,1, HTTP/1.1" 200 6430
190.95.67.91 - - [05/May/2026:17:37:44 -0300] "GET /cormun/static/about:blank HTTP/1.1" 404 1011
190.95.67.91 - - [05/May/2026:17:37:45 -0300] "GET /cormun/servlet/solicitudotadjuntos?b70cd136965d685238fb1b7ac04506f5edd63c00fbbdf6dfbf190a57e9b3a4dcc5e7b002a46ca2598b82b68aebf8a5ad,gx-no-cache=1778013784257 HTTP/1.1" 200 30
190.95.67.91 - - [05/May/2026:17:37:45 -0300] "POST /cormun/servlet/solicitudotadjuntos?efdf392ec136bc29115b746f1661c900,INS,2026,23536,,1,,gx-no-cache=1778013784270 HTTP/1.1" 200 4149
190.95.67.91 - - [05/May/2026:17:37:46 -0300] "POST /cormun/servlet/solicitudotadjuntos?gx-no-cache=1778013785869 HTTP/1.1" 200 26
201.186.225.183 - - [05/May/2026:17:37:48 -0300] "GET /cormun/servlet/permisogoce?f175c96b0307158536e804e103f71a4e6639854987d06a3ff5a7dcb1612f981e84af82b49cdbbc81ab79794ca793aaa5d16013628338b8e804e6cacaaedfc495,gx-no-cache=1778013787094 HTTP/1.1" 200 77
201.186.225.183 - - [05/May/2026:17:37:54 -0300] "GET /cormun/servlet/permisogoce?f175c96b0307158536e804e103f71a4e86a227023fd951cb25e4b94a9e0e2905e021126e7bf6e29d17c25c0f1b8fc1a92250cf425292f2f9a1ab1a14145b2d33,gx-no-cache=1778013793368 HTTP/1.1" 200 47
201.186.225.183 - - [05/May/2026:17:37:56 -0300] "POST /cormun/servlet/permisogoce?3723fbc49b9e2837f25db9cff53930ca,INS,0,,,,gx-no-cache=1778013794376 HTTP/1.1" 200 93
201.186.225.183 - - [05/May/2026:17:37:56 -0300] "GET /cormun/servlet/hpexe_return? HTTP/1.1" 200 1010
201.186.225.183 - - [05/May/2026:17:37:56 -0300] "GET /cormun/servlet/trpermisosgoce HTTP/1.1" 200 18629
201.186.225.183 - - [05/May/2026:17:38:05 -0300] "GET /cormun/servlet/apermisogoceprn?19220262,P,20260505164349,PU HTTP/1.1" 200 1650
45.198.224.12 - - [05/May/2026:17:39:56 -0300] "CONNECT google.com:443 HTTP/1.1" 400 -
190.95.67.91 - - [05/May/2026:17:40:16 -0300] "GET /cormun/servlet/solicitudotadjuntos?b70cd136965d685238fb1b7ac04506f507e331d00437ba0c56772041f6d995ad,gx-no-cache=1778013935574 HTTP/1.1" 200 30
190.95.67.91 - - [05/May/2026:17:40:16 -0300] "GET /cormun/servlet/solicitudotadjuntos?b70cd136965d685238fb1b7ac04506f507e331d00437ba0c56772041f6d995ad,gx-no-cache=1778013935619 HTTP/1.1" 200 30
190.95.67.91 - - [05/May/2026:17:40:17 -0300] "POST /cormun/servlet/solicitudotadjuntos?efdf392ec136bc29115b746f1661c900,INS,2026,23536,,1, HTTP/1.1" 200 116
190.95.67.91 - - [05/May/2026:17:40:17 -0300] "GET /cormun/servlet/hpexe_return? HTTP/1.1" 200 1023
190.95.67.91 - - [05/May/2026:17:40:17 -0300] "GET /cormun/servlet/trsolicitudadjuntos?2026,23536, HTTP/1.1" 200 9988
190.95.67.91 - - [05/May/2026:17:41:13 -0300] "GET /cormun/servlet/solicitudotadjuntos?INS,2026,23536,,1, HTTP/1.1" 200 6431
