179.57.78.55 - - [05/May/2026:16:05:40 -0300] "GET /cormun/servlet/solicitudotadjuntos?fb6a314ca17b5c65d12e3b799725628d2cab6f3f7fd65942c12e0f17dd6a1efc,gx-no-cache=1778008258247 HTTP/1.1" 200 30
179.57.78.55 - - [05/May/2026:16:05:40 -0300] "POST /cormun/servlet/solicitudotadjuntos?e6e8cb610e13bfa765b53e24da82ed60,INS,2026,23533,,1, HTTP/1.1" 200 116
179.57.78.55 - - [05/May/2026:16:05:40 -0300] "GET /cormun/servlet/hpexe_return? HTTP/1.1" 200 1028
179.57.78.55 - - [05/May/2026:16:05:40 -0300] "GET /cormun/servlet/trsolicitudadjuntos?2026,23533, HTTP/1.1" 200 9926
179.57.78.55 - - [05/May/2026:16:05:42 -0300] "GET /cormun/servlet/solicitudotadjuntos?INS,2026,23533,,1, HTTP/1.1" 200 6036
179.57.78.55 - - [05/May/2026:16:05:42 -0300] "GET /cormun/static/about:blank HTTP/1.1" 404 1011
179.57.78.55 - - [05/May/2026:16:05:43 -0300] "GET /cormun/servlet/solicitudotadjuntos?fb6a314ca17b5c65d12e3b799725628d2dfd0d019ad31b3b548d8ff78f17c6c5d7ca2df2a186361c2519ff8e813ec610,gx-no-cache=1778008261273 HTTP/1.1" 200 30
179.57.78.55 - - [05/May/2026:16:05:43 -0300] "POST /cormun/servlet/solicitudotadjuntos?e6e8cb610e13bfa765b53e24da82ed60,INS,2026,23533,,1,,gx-no-cache=1778008261312 HTTP/1.1" 200 3872
10.40.40.2 - - [05/May/2026:16:05:44 -0300] "POST /cormun/servlet/trlicencias?1a530da86f6b27306ea2a2bf589dd6c5,,gx-no-cache=1778008245303 HTTP/1.1" 200 3552
179.57.78.55 - - [05/May/2026:16:05:47 -0300] "POST /cormun/servlet/solicitudotadjuntos?gx-no-cache=1778008265079 HTTP/1.1" 200 26
179.57.78.55 - - [05/May/2026:16:05:52 -0300] "GET /cormun/servlet/solicitudotadjuntos?fb6a314ca17b5c65d12e3b799725628d2cab6f3f7fd65942c12e0f17dd6a1efc,gx-no-cache=1778008269967 HTTP/1.1" 200 30
179.57.78.55 - - [05/May/2026:16:05:52 -0300] "GET /cormun/servlet/solicitudotadjuntos?fb6a314ca17b5c65d12e3b799725628d2cab6f3f7fd65942c12e0f17dd6a1efc,gx-no-cache=1778008269995 HTTP/1.1" 200 30
179.57.78.55 - - [05/May/2026:16:05:52 -0300] "POST /cormun/servlet/solicitudotadjuntos?e6e8cb610e13bfa765b53e24da82ed60,INS,2026,23533,,1, HTTP/1.1" 200 116
179.57.78.55 - - [05/May/2026:16:05:52 -0300] "GET /cormun/servlet/hpexe_return? HTTP/1.1" 200 1028
179.57.78.55 - - [05/May/2026:16:05:52 -0300] "GET /cormun/servlet/trsolicitudadjuntos?2026,23533, HTTP/1.1" 200 10257
10.40.40.2 - - [05/May/2026:16:05:54 -0300] "POST /cormun/servlet/trlicencias?1a530da86f6b27306ea2a2bf589dd6c5,,gx-no-cache=1778008255334 HTTP/1.1" 200 17730
179.57.78.55 - - [05/May/2026:16:05:54 -0300] "GET /cormun/servlet/solicitudotadjuntos?INS,2026,23533,,1, HTTP/1.1" 200 6036
179.57.78.55 - - [05/May/2026:16:05:54 -0300] "GET /cormun/static/about:blank HTTP/1.1" 404 1011
179.57.78.55 - - [05/May/2026:16:05:55 -0300] "GET /cormun/servlet/solicitudotadjuntos?fb6a314ca17b5c65d12e3b799725628d2dfd0d019ad31b3b548d8ff78f17c6c5d7ca2df2a186361c2519ff8e813ec610,gx-no-cache=1778008273186 HTTP/1.1" 200 30
179.57.78.55 - - [05/May/2026:16:05:55 -0300] "POST /cormun/servlet/solicitudotadjuntos?e6e8cb610e13bfa765b53e24da82ed60,INS,2026,23533,,1,,gx-no-cache=1778008273228 HTTP/1.1" 200 3873
179.57.78.55 - - [05/May/2026:16:05:57 -0300] "POST /cormun/servlet/solicitudotadjuntos?gx-no-cache=1778008274935 HTTP/1.1" 200 26
179.57.78.55 - - [05/May/2026:16:06:02 -0300] "GET /cormun/servlet/solicitudotadjuntos?fb6a314ca17b5c65d12e3b799725628d2cab6f3f7fd65942c12e0f17dd6a1efc,gx-no-cache=1778008280078 HTTP/1.1" 200 30
179.57.78.55 - - [05/May/2026:16:06:02 -0300] "GET /cormun/servlet/solicitudotadjuntos?fb6a314ca17b5c65d12e3b799725628d2cab6f3f7fd65942c12e0f17dd6a1efc,gx-no-cache=1778008280099 HTTP/1.1" 200 30
179.57.78.55 - - [05/May/2026:16:06:02 -0300] "POST /cormun/servlet/solicitudotadjuntos?e6e8cb610e13bfa765b53e24da82ed60,INS,2026,23533,,1, HTTP/1.1" 200 116
179.57.78.55 - - [05/May/2026:16:06:02 -0300] "GET /cormun/servlet/hpexe_return? HTTP/1.1" 200 1028
179.57.78.55 - - [05/May/2026:16:06:02 -0300] "GET /cormun/servlet/trsolicitudadjuntos?2026,23533, HTTP/1.1" 200 10473
179.57.78.55 - - [05/May/2026:16:06:04 -0300] "GET /cormun/servlet/solicitudotadjuntos?INS,2026,23533,,1, HTTP/1.1" 200 6036
179.57.78.55 - - [05/May/2026:16:06:04 -0300] "GET /cormun/static/about:blank HTTP/1.1" 404 1011
179.57.78.55 - - [05/May/2026:16:06:05 -0300] "GET /cormun/servlet/solicitudotadjuntos?fb6a314ca17b5c65d12e3b799725628d2dfd0d019ad31b3b548d8ff78f17c6c5d7ca2df2a186361c2519ff8e813ec610,gx-no-cache=1778008283066 HTTP/1.1" 200 30
179.57.78.55 - - [05/May/2026:16:06:05 -0300] "POST /cormun/servlet/solicitudotadjuntos?e6e8cb610e13bfa765b53e24da82ed60,INS,2026,23533,,1,,gx-no-cache=1778008283091 HTTP/1.1" 200 3873
179.57.78.55 - - [05/May/2026:16:06:08 -0300] "POST /cormun/servlet/solicitudotadjuntos?gx-no-cache=1778008286143 HTTP/1.1" 200 26
179.57.78.55 - - [05/May/2026:16:06:13 -0300] "GET /cormun/servlet/solicitudotadjuntos?fb6a314ca17b5c65d12e3b799725628d2cab6f3f7fd65942c12e0f17dd6a1efc,gx-no-cache=1778008291655 HTTP/1.1" 200 30
179.57.78.55 - - [05/May/2026:16:06:13 -0300] "GET /cormun/servlet/solicitudotadjuntos?fb6a314ca17b5c65d12e3b799725628d2cab6f3f7fd65942c12e0f17dd6a1efc,gx-no-cache=1778008291686 HTTP/1.1" 200 30
179.57.78.55 - - [05/May/2026:16:06:13 -0300] "POST /cormun/servlet/solicitudotadjuntos?e6e8cb610e13bfa765b53e24da82ed60,INS,2026,23533,,1, HTTP/1.1" 200 116
179.57.78.55 - - [05/May/2026:16:06:14 -0300] "GET /cormun/servlet/hpexe_return? HTTP/1.1" 200 1028
179.57.78.55 - - [05/May/2026:16:06:14 -0300] "GET /cormun/servlet/trsolicitudadjuntos?2026,23533, HTTP/1.1" 200 10641
190.95.67.91 - - [05/May/2026:16:06:18 -0300] "GET /cormun/servlet/prbanco?,MD,,gxPopupLevel%3D0%3B HTTP/1.1" 200 6791
179.57.78.55 - - [05/May/2026:16:06:18 -0300] "GET /cormun/servlet/trsolicitudot? HTTP/1.1" 200 8612
190.95.67.91 - - [05/May/2026:16:06:58 -0300] "GET /cormun/servlet/solicitudot?b70cd136965d685238fb1b7ac04506f5e38dd9352231ab66767bfbaeb24e50604753fca51ad1f1457f1d13371f9b2e75,gx-no-cache=1778008337020 HTTP/1.1" 200 30
190.95.67.91 - - [05/May/2026:16:06:58 -0300] "GET /cormun/servlet/solicitudot?b70cd136965d685238fb1b7ac04506f517b8f0b32dd284d26802f0b6d21f1a804ad675abfd7be3a92f8974e58a397039,gx-no-cache=1778008337044 HTTP/1.1" 200 30
190.95.67.91 - - [05/May/2026:16:07:00 -0300] "GET /cormun/servlet/solicitudot?b70cd136965d685238fb1b7ac04506f56e984ef5a4585b7784149d1069ca7c86,gx-no-cache=1778008339132 HTTP/1.1" 200 59
190.95.67.91 - - [05/May/2026:16:07:00 -0300] "POST /cormun/servlet/solicitudot?gx-no-cache=1778008339149 HTTP/1.1" 200 255
190.95.67.91 - - [05/May/2026:16:07:00 -0300] "GET /cormun/servlet/solicitudot?b70cd136965d685238fb1b7ac04506f5a45be496d21e1527636c9c0b2d5f2a304da02aa0516ff531efea411c3c2b58a8ec149569c7eb5925b096a9c779858d84184bf34f5a0c1ca91144e550a9b8211de6a3dfdae9e5102c6b143234aefbc0653aeee574fb04d69fa74ca1a0596485c2a99228cd2c675a318658b1d6d36f26629132e3913d16a2065509ccf87e89cce0a57d87ff76fb67925e4e3aeceb42ab31ab50825a18e3e5c58caa3597ec4644cbcd73968d1e2766c9c9a3e089db10d138d95ca261e049e8a279d6762e27a9b9162023241ef276ce6ee7af52857d055f0223cd41d4a9a355711bc5362030dec5a4ecb49be5feb00ac2f0628c4d442c661bbaf9c21f8b6c7f7bda74b96840bd09eaa452181dd689cb02c362b04eb6f41313ad330deada7af8badb0085e4803e1aa87e278a0b76b578b9fcd8ca5b3b26b1a2047b18f34232eee586c896ab457097bdb6d6018a17e8380aa6415867158c1e92ba0e762f44adccf231703c6850c55bc233a67042f96d0bf9531c62bae47ed4ab,gx-no-cache=1778008339170 HTTP/1.1" 200 30
190.95.67.91 - - [05/May/2026:16:07:02 -0300] "POST /cormun/servlet/solicitudot?gx-no-cache=1778008341185 HTTP/1.1" 200 30
190.95.67.91 - - [05/May/2026:16:07:04 -0300] "GET /cormun/servlet/prcontratosol?15806030,,,,,MD,,gxPopupLevel%3D0%3B HTTP/1.1" 200 9617
190.95.67.91 - - [05/May/2026:16:07:04 -0300] "GET /cormun/static/gxcfg.js?202211298464198 HTTP/1.1" 200 953
190.95.67.91 - - [05/May/2026:16:07:04 -0300] "GET /cormun/static/prcontratosol.js?202211298464288 HTTP/1.1" 200 15806
190.95.67.91 - - [05/May/2026:16:07:07 -0300] "POST /cormun/servlet/solicitudot?gx-no-cache=1778008346326 HTTP/1.1" 200 1481
190.95.67.91 - - [05/May/2026:16:07:07 -0300] "POST /cormun/servlet/solicitudot?gx-no-cache=1778008346353 HTTP/1.1" 200 38
190.95.67.91 - - [05/May/2026:16:07:07 -0300] "GET /cormun/servlet/solicitudot?b70cd136965d685238fb1b7ac04506f5bb8b0ded2c7d677ec4954f09cf3b9cac903c8153e7e23d58d986040769d91e4437872fb31c7fb01876d210f2f4c5f252dcb1dcbb45481ae953904e5cc11300138588893131284be80ba17f19059f3a246177f101a4bbcb9a3932c6ff791d9b3a,gx-no-cache=1778008346369 HTTP/1.1" 200 110
190.95.67.91 - - [05/May/2026:16:07:07 -0300] "POST /cormun/servlet/solicitudot?gx-no-cache=1778008346385 HTTP/1.1" 200 97
190.95.67.91 - - [05/May/2026:16:07:07 -0300] "GET /cormun/servlet/solicitudot?b70cd136965d685238fb1b7ac04506f546e03f149f0e873830d8db2ab0b2549b361419c3dada3ab6ef034f21ca310b81557ec3fe2ea3f51d6e3c6c104b0cfa12b9e832f218c9cf31fc5ee2368026f9b86dcb467eda3b18e1b2d230ad90064010f38c9036eb855b6386f588cf8dcbe8b059a72384472f83beb19fe768db3c696733fdf297ac1e9e80ecb0db5c1959fdd8791ed43d199c4eb8c492eed922abd897151dbd63504a24b752fa7cb9ef3bd51c49dd8076c47a6d9b5a8901ecfa6e23abdc1879f14e999cd5adcef459a04e381f,gx-no-cache=1778008346407 HTTP/1.1" 200 29
190.95.67.91 - - [05/May/2026:16:07:07 -0300] "GET /cormun/servlet/solicitudot?b70cd136965d685238fb1b7ac04506f598e095a548c7269b74cdd2f30644ee9071380195d415f3f67e8303f824f3b4e7,gx-no-cache=1778008346423 HTTP/1.1" 200 134
179.57.78.55 - - [05/May/2026:16:07:20 -0300] "POST /cormun/servlet/trsolicitudot?e6e8cb610e13bfa765b53e24da82ed60,,gx-no-cache=1778008357937 HTTP/1.1" 200 4591
179.57.78.55 - - [05/May/2026:16:07:20 -0300] "GET /cormun/static/Shared/jqueryui/images/ui-bg_highlight-soft_100_c6c2c8_1x100.png HTTP/1.1" 404 1117
179.57.78.55 - - [05/May/2026:16:07:20 -0300] "GET /cormun/static/Shared/jqueryui/images/ui-icons_82798d_256x240.png HTTP/1.1" 404 1089
179.57.78.55 - - [05/May/2026:16:07:20 -0300] "GET /cormun/static/Shared/jqueryui/images/ui-bg_flat_55_fafafa_40x100.png HTTP/1.1" 404 1097
179.57.78.55 - - [05/May/2026:16:07:20 -0300] "GET /cormun/static/Shared/jqueryui/images/ui-icons_8d78a5_256x240.png HTTP/1.1" 404 1089
179.57.78.55 - - [05/May/2026:16:07:20 -0300] "POST /cormun/servlet/trsolicitudot?e6e8cb610e13bfa765b53e24da82ed60,,gx-no-cache=1778008358250 HTTP/1.1" 200 4340
179.57.78.55 - - [05/May/2026:16:07:40 -0300] "GET /cormun/servlet/hlogin HTTP/1.1" 200 1738
190.95.67.91 - - [05/May/2026:16:07:48 -0300] "GET /cormun/servlet/solicitudot?b70cd136965d685238fb1b7ac04506f546e03f149f0e873830d8db2ab0b2549b361419c3dada3ab6ef034f21ca310b81e3664911a960db082c7410578729e7e7b9e832f218c9cf31fc5ee2368026f9b86dcb467eda3b18e1b2d230ad90064010f38c9036eb855b6386f588cf8dcbe8b059a72384472f83beb19fe768db3c696733fdf297ac1e9e80ecb0db5c1959fdd8791ed43d199c4eb8c492eed922abd897151dbd63504a24b752fa7cb9ef3bd51c49dd8076c47a6d9b5a8901ecfa6e23abdc1879f14e999cd5adcef459a04e381f,gx-no-cache=1778008387129 HTTP/1.1" 200 29
190.95.67.91 - - [05/May/2026:16:07:50 -0300] "GET /cormun/servlet/solicitudot?b70cd136965d685238fb1b7ac04506f546e03f149f0e873830d8db2ab0b2549b361419c3dada3ab6ef034f21ca310b8102b51d386b75bff165b94e80e78e215bb9e832f218c9cf31fc5ee2368026f9b86dcb467eda3b18e1b2d230ad90064010f38c9036eb855b6386f588cf8dcbe8b059a72384472f83beb19fe768db3c696733fdf297ac1e9e80ecb0db5c1959fdd8791ed43d199c4eb8c492eed922abd897151dbd63504a24b752fa7cb9ef3bd51c49dd8076c47a6d9b5a8901ecfa6e23abdc1879f14e999cd5adcef459a04e381f,gx-no-cache=1778008388720 HTTP/1.1" 200 29
179.57.78.55 - - [05/May/2026:16:08:05 -0300] "POST /cormun/servlet/hlogin?e6e8cb610e13bfa765b53e24da82ed60,gx-no-cache=1778008402878 HTTP/1.1" 200 90
179.57.78.55 - - [05/May/2026:16:08:05 -0300] "GET /cormun/servlet/hpexe_link HTTP/1.1" 200 952
179.57.78.55 - - [05/May/2026:16:08:05 -0300] "GET /cormun/servlet/hhome HTTP/1.1" 200 4069
179.57.78.55 - - [05/May/2026:16:08:07 -0300] "GET /cormun/servlet/trlicencias? HTTP/1.1" 200 13285
179.57.78.55 - - [05/May/2026:16:08:12 -0300] "GET /cormun/servlet/trautorizarsolicitud? HTTP/1.1" 200 8572
179.57.78.55 - - [05/May/2026:16:08:17 -0300] "POST /cormun/servlet/trautorizarsolicitud?e6e8cb610e13bfa765b53e24da82ed60,,gx-no-cache=1778008415536 HTTP/1.1" 200 4784
179.57.78.55 - - [05/May/2026:16:08:17 -0300] "POST /cormun/servlet/trautorizarsolicitud?e6e8cb610e13bfa765b53e24da82ed60,,gx-no-cache=1778008415671 HTTP/1.1" 200 4531
190.95.67.91 - - [05/May/2026:16:08:18 -0300] "GET /cormun/servlet/solicitudot?b70cd136965d685238fb1b7ac04506f57668338f3fcfa1b428930aa5b981f601a1426032112db609759215311d3f843e,gx-no-cache=1778008416768 HTTP/1.1" 200 30
190.95.67.91 - - [05/May/2026:16:08:18 -0300] "POST /cormun/servlet/solicitudot?gx-no-cache=1778008416791 HTTP/1.1" 200 33
190.95.67.91 - - [05/May/2026:16:08:18 -0300] "POST /cormun/servlet/solicitudot?efdf392ec136bc29115b746f1661c900,INS,0,0,false,,gx-no-cache=1778008416851 HTTP/1.1" 200 93
190.95.67.91 - - [05/May/2026:16:08:18 -0300] "GET /cormun/servlet/hpexe_return? HTTP/1.1" 200 1006
190.95.67.91 - - [05/May/2026:16:08:18 -0300] "GET /cormun/servlet/hhome HTTP/1.1" 200 4389
190.95.67.91 - - [05/May/2026:16:08:23 -0300] "GET /cormun/servlet/trsolicitudot? HTTP/1.1" 200 9896
179.57.78.55 - - [05/May/2026:16:09:17 -0300] "GET /cormun/static/menuarrow.gif HTTP/1.1" 404 1015
179.57.78.55 - - [05/May/2026:16:09:20 -0300] "POST /cormun/servlet/trautorizarsolicitud?e6e8cb610e13bfa765b53e24da82ed60,,gx-no-cache=1778008478784 HTTP/1.1" 200 4554
190.95.67.93 - - [05/May/2026:16:09:26 -0300] "GET /cormun/servlet/trpermisosgoce HTTP/1.1" 200 6026
190.95.67.93 - - [05/May/2026:16:09:26 -0300] "GET /cormun/servlet/hlogin HTTP/1.1" 200 1733
190.95.67.93 - - [05/May/2026:16:09:29 -0300] "POST /cormun/servlet/hlogin?5d40e40933e5d1011ccd5693379415cc,gx-no-cache=1778008487258 HTTP/1.1" 200 90
190.95.67.93 - - [05/May/2026:16:09:29 -0300] "GET /cormun/servlet/hpexe_link HTTP/1.1" 200 953
190.95.67.93 - - [05/May/2026:16:09:29 -0300] "GET /cormun/servlet/trpermisosgoce HTTP/1.1" 200 17062
190.95.67.93 - - [05/May/2026:16:09:32 -0300] "GET /cormun/static/menuarrow.gif HTTP/1.1" 404 1015
190.95.67.93 - - [05/May/2026:16:09:39 -0300] "POST /cormun/servlet/trpermisosgoce?5d40e40933e5d1011ccd5693379415cc,gx-no-cache=1778008497660 HTTP/1.1" 200 5501
190.95.67.91 - - [05/May/2026:16:09:39 -0300] "GET /cormun/servlet/solicitudot?INS,0,0,false, HTTP/1.1" 200 16446
190.95.2.157 - - [05/May/2026:16:09:44 -0300] "GET /cormun/servlet/hlogin HTTP/1.1" 200 1722
190.95.2.157 - - [05/May/2026:16:09:44 -0300] "GET /favicon.ico HTTP/1.1" 200 21630
190.95.67.91 - - [05/May/2026:16:09:46 -0300] "POST /cormun/servlet/solicitudot?gx-no-cache=1778008504927 HTTP/1.1" 200 4185
190.95.67.91 - - [05/May/2026:16:09:46 -0300] "POST /cormun/servlet/solicitudot?efdf392ec136bc29115b746f1661c900,INS,0,0,false,,gx-no-cache=1778008505056 HTTP/1.1" 200 13063
190.95.2.157 - - [05/May/2026:16:09:54 -0300] "POST /cormun/servlet/hlogin?870d3cce36dfb967604ab0547b009c01,gx-no-cache=1778008513760 HTTP/1.1" 200 90
190.95.2.157 - - [05/May/2026:16:09:54 -0300] "GET /cormun/servlet/hpexe_link HTTP/1.1" 200 951
190.95.2.157 - - [05/May/2026:16:09:54 -0300] "GET /cormun/servlet/hhome HTTP/1.1" 200 4324
10.40.40.2 - - [05/May/2026:16:09:58 -0300] "POST /cormun/servlet/trlicencias?1a530da86f6b27306ea2a2bf589dd6c5,,gx-no-cache=1778008499150 HTTP/1.1" 200 17751
10.40.40.2 - - [05/May/2026:16:09:59 -0300] "POST /cormun/servlet/trlicencias?1a530da86f6b27306ea2a2bf589dd6c5,,gx-no-cache=1778008500405 HTTP/1.1" 200 17731
190.95.2.157 - - [05/May/2026:16:10:07 -0300] "GET /cormun/servlet/trpermisosgoce? HTTP/1.1" 200 13691
190.95.2.157 - - [05/May/2026:16:10:10 -0300] "GET /cormun/servlet/permisogoce?INS,0,,, HTTP/1.1" 200 7214
190.95.2.157 - - [05/May/2026:16:10:21 -0300] "GET /cormun/servlet/permisogoce?38ce1c6935c7e3c3720fd52ad095a2e1a1bd956efc6fa0f3a17f02e6af679ed8ff8f6ec46f56f69f8170ed5a3aef88631229ee400649b3829762b10b959f3d01,gx-no-cache=1778008540777 HTTP/1.1" 200 80
190.95.2.157 - - [05/May/2026:16:10:21 -0300] "GET /cormun/static/menuarrow.gif HTTP/1.1" 404 1015
190.95.2.157 - - [05/May/2026:16:10:35 -0300] "GET /cormun/servlet/permisogoce?38ce1c6935c7e3c3720fd52ad095a2e17f87a0192d694a05302946e493b2cc1a8e2873a8047d636f9fcc89723074276420c337e413ccd9d202241558e71de9df,gx-no-cache=1778008554215 HTTP/1.1" 200 47
190.95.2.157 - - [05/May/2026:16:10:43 -0300] "POST /cormun/servlet/permisogoce?870d3cce36dfb967604ab0547b009c01,INS,0,,,,gx-no-cache=1778008561576 HTTP/1.1" 200 93
190.95.2.157 - - [05/May/2026:16:10:43 -0300] "GET /cormun/servlet/hpexe_return? HTTP/1.1" 200 1010
190.95.2.157 - - [05/May/2026:16:10:43 -0300] "GET /cormun/servlet/trpermisosgoce HTTP/1.1" 200 13980
190.95.2.157 - - [05/May/2026:16:10:46 -0300] "GET /cormun/servlet/trpermisosadjuntos?15525103,20260505151617,P, HTTP/1.1" 200 6636
190.95.2.157 - - [05/May/2026:16:10:47 -0300] "GET /cormun/servlet/permisosadjuntos?INS,15525103,P,20260505151617,, HTTP/1.1" 200 5961
190.95.2.157 - - [05/May/2026:16:10:47 -0300] "GET /cormun/static/about:blank HTTP/1.1" 404 1011
190.95.2.157 - - [05/May/2026:16:11:02 -0300] "POST /cormun/servlet/permisosadjuntos?870d3cce36dfb967604ab0547b009c01,INS,15525103,P,20260505151617,, HTTP/1.1" 200 116
190.95.2.157 - - [05/May/2026:16:11:02 -0300] "GET /cormun/servlet/hpexe_return? HTTP/1.1" 200 1037
190.95.2.157 - - [05/May/2026:16:11:02 -0300] "GET /cormun/servlet/trpermisosadjuntos?15525103,20260505151617,P, HTTP/1.1" 200 7164
190.95.2.157 - - [05/May/2026:16:11:06 -0300] "POST /cormun/servlet/trpermisosadjuntos?870d3cce36dfb967604ab0547b009c01,15525103,20260505151617,P,,gx-no-cache=1778008585761 HTTP/1.1" 200 90
190.95.2.157 - - [05/May/2026:16:11:06 -0300] "GET /cormun/servlet/hpexe_link HTTP/1.1" 200 983
190.95.2.157 - - [05/May/2026:16:11:06 -0300] "GET /cormun/servlet/trpermisosgoce HTTP/1.1" 200 13977
190.95.2.157 - - [05/May/2026:16:11:10 -0300] "POST /cormun/servlet/trpermisosgoce?870d3cce36dfb967604ab0547b009c01,gx-no-cache=1778008588881 HTTP/1.1" 200 11195
190.95.2.157 - - [05/May/2026:16:11:10 -0300] "GET /cormun/static/Shared/jqueryui/images/ui-bg_highlight-soft_100_c6c2c8_1x100.png HTTP/1.1" 404 1117
190.95.2.157 - - [05/May/2026:16:11:10 -0300] "GET /cormun/static/Shared/jqueryui/images/ui-icons_82798d_256x240.png HTTP/1.1" 404 1089
190.95.2.157 - - [05/May/2026:16:11:10 -0300] "GET /cormun/static/Shared/jqueryui/images/ui-bg_flat_55_fafafa_40x100.png HTTP/1.1" 404 1097
190.95.2.157 - - [05/May/2026:16:11:10 -0300] "GET /cormun/static/Shared/jqueryui/images/ui-icons_8d78a5_256x240.png HTTP/1.1" 404 1089
190.95.2.157 - - [05/May/2026:16:11:11 -0300] "GET /cormun/servlet/apermisogoceprn?15525103,P,20260505151617,PU HTTP/1.1" 200 1649
190.95.2.157 - - [05/May/2026:16:11:11 -0300] "GET /cormun/servlet/apermisogoceprn?15525103,P,20260505151617,PU HTTP/1.1" 200 1649
179.57.78.55 - - [05/May/2026:16:11:50 -0300] "GET /cormun/servlet/trlicencias? HTTP/1.1" 200 13290
190.95.2.157 - - [05/May/2026:16:12:05 -0300] "GET /cormun/servlet/permisogoce?INS,0,,, HTTP/1.1" 200 7214
190.95.2.157 - - [05/May/2026:16:12:16 -0300] "GET /cormun/servlet/permisogoce?38ce1c6935c7e3c3720fd52ad095a2e154211bbeab6c636a219b9d0a8f6eb359ff8f6ec46f56f69f8170ed5a3aef88631229ee400649b3829762b10b959f3d01,gx-no-cache=1778008655256 HTTP/1.1" 200 79
190.95.2.157 - - [05/May/2026:16:12:25 -0300] "GET /cormun/servlet/permisogoce?38ce1c6935c7e3c3720fd52ad095a2e1ff6dfe539a31f192590f7b40e876080d10a07f63aa97924258cefa94086527dd20c337e413ccd9d202241558e71de9df,gx-no-cache=1778008664191 HTTP/1.1" 200 46
190.95.2.157 - - [05/May/2026:16:12:28 -0300] "POST /cormun/servlet/permisogoce?870d3cce36dfb967604ab0547b009c01,INS,0,,,,gx-no-cache=1778008666905 HTTP/1.1" 200 93
190.95.2.157 - - [05/May/2026:16:12:28 -0300] "GET /cormun/servlet/hpexe_return? HTTP/1.1" 200 1031
190.95.2.157 - - [05/May/2026:16:12:28 -0300] "GET /cormun/servlet/trpermisosgoce?gx-no-cache=1778008588881 HTTP/1.1" 200 14201
190.95.2.157 - - [05/May/2026:16:12:32 -0300] "GET /cormun/servlet/trpermisosadjuntos?15104431,20260505151811,P, HTTP/1.1" 200 6657
190.95.2.157 - - [05/May/2026:16:12:33 -0300] "GET /cormun/servlet/permisosadjuntos?INS,15104431,P,20260505151811,, HTTP/1.1" 200 5961
190.95.2.157 - - [05/May/2026:16:12:33 -0300] "GET /cormun/static/about:blank HTTP/1.1" 404 1011
190.95.2.157 - - [05/May/2026:16:12:42 -0300] "POST /cormun/servlet/permisosadjuntos?870d3cce36dfb967604ab0547b009c01,INS,15104431,P,20260505151811,, HTTP/1.1" 200 116
190.95.2.157 - - [05/May/2026:16:12:42 -0300] "GET /cormun/servlet/hpexe_return? HTTP/1.1" 200 1038
190.95.2.157 - - [05/May/2026:16:12:42 -0300] "GET /cormun/servlet/trpermisosadjuntos?15104431,20260505151811,P, HTTP/1.1" 200 7158
190.95.2.157 - - [05/May/2026:16:12:46 -0300] "POST /cormun/servlet/trpermisosadjuntos?870d3cce36dfb967604ab0547b009c01,15104431,20260505151811,P,,gx-no-cache=1778008685368 HTTP/1.1" 200 90
190.95.2.157 - - [05/May/2026:16:12:46 -0300] "GET /cormun/servlet/hpexe_link HTTP/1.1" 200 1003
190.95.2.157 - - [05/May/2026:16:12:46 -0300] "GET /cormun/servlet/trpermisosgoce?gx-no-cache=1778008588881 HTTP/1.1" 200 14198
190.95.2.157 - - [05/May/2026:16:12:55 -0300] "POST /cormun/servlet/trpermisosgoce?870d3cce36dfb967604ab0547b009c01,gx-no-cache=1778008588881,gx-no-cache=1778008694154 HTTP/1.1" 200 11412
190.95.2.157 - - [05/May/2026:16:12:56 -0300] "GET /cormun/servlet/apermisogoceprn?14136625,P,20260505085740,PU HTTP/1.1" 200 1645
190.95.2.157 - - [05/May/2026:16:12:56 -0300] "GET /cormun/servlet/apermisogoceprn?14136625,P,20260505085740,PU HTTP/1.1" 200 1644
190.95.2.157 - - [05/May/2026:16:13:21 -0300] "GET /cormun/static/Shared/jqueryui/images/ui-bg_highlight-soft_100_eae6ea_1x100.png HTTP/1.1" 404 1117
10.40.40.2 - - [05/May/2026:16:14:31 -0300] "GET /cormun/servlet/licenciaspermisos?DSP,17504112,L,20260505000000, HTTP/1.1" 200 6303
10.40.40.2 - - [05/May/2026:16:14:31 -0300] "GET /cormun/servlet/hlogin HTTP/1.1" 200 1762
10.40.40.2 - - [05/May/2026:16:14:37 -0300] "POST /cormun/servlet/hlogin?d6ac4ba981bcacff29e12be4bad279e0,gx-no-cache=1778008778493 HTTP/1.1" 200 90
10.40.40.2 - - [05/May/2026:16:14:37 -0300] "GET /cormun/servlet/hpexe_link HTTP/1.1" 200 980
10.40.40.2 - - [05/May/2026:16:14:37 -0300] "GET /cormun/servlet/licenciaspermisos?DSP,17504112,L,20260505000000, HTTP/1.1" 200 6127
10.40.40.2 - - [05/May/2026:16:14:40 -0300] "POST /cormun/servlet/licenciaspermisos?d6ac4ba981bcacff29e12be4bad279e0,DSP,17504112,L,20260505000000,,gx-no-cache=1778008781640 HTTP/1.1" 200 93
10.40.40.2 - - [05/May/2026:16:14:40 -0300] "GET /cormun/servlet/hpexe_return? HTTP/1.1" 200 1024
10.40.40.2 - - [05/May/2026:16:14:40 -0300] "GET /cormun/servlet/hhome HTTP/1.1" 200 3203
10.40.40.2 - - [05/May/2026:16:14:43 -0300] "GET /cormun/servlet/trlicencias? HTTP/1.1" 200 19222
10.40.40.2 - - [05/May/2026:16:14:47 -0300] "GET /cormun/servlet/licenciaspermisos?DSP,17504112,L,20260505000000, HTTP/1.1" 200 6287
10.40.40.2 - - [05/May/2026:16:14:49 -0300] "POST /cormun/servlet/licenciaspermisos?d6ac4ba981bcacff29e12be4bad279e0,DSP,17504112,L,20260505000000,,gx-no-cache=1778008790631 HTTP/1.1" 200 93
10.40.40.2 - - [05/May/2026:16:14:49 -0300] "GET /cormun/servlet/hpexe_return? HTTP/1.1" 200 1025
10.40.40.2 - - [05/May/2026:16:14:49 -0300] "GET /cormun/servlet/trlicencias HTTP/1.1" 200 19232
190.95.2.157 - - [05/May/2026:16:14:53 -0300] "POST /cormun/servlet/trpermisosgoce?870d3cce36dfb967604ab0547b009c01,gx-no-cache=1778008588881,gx-no-cache=1778008812515 HTTP/1.1" 200 11433
190.95.2.157 - - [05/May/2026:16:14:54 -0300] "POST /cormun/servlet/trpermisosgoce?870d3cce36dfb967604ab0547b009c01,gx-no-cache=1778008588881,gx-no-cache=1778008813096 HTTP/1.1" 200 11392
190.95.2.157 - - [05/May/2026:16:14:55 -0300] "POST /cormun/servlet/trpermisosgoce?870d3cce36dfb967604ab0547b009c01,gx-no-cache=1778008588881,gx-no-cache=1778008814088 HTTP/1.1" 200 11392
190.95.2.157 - - [05/May/2026:16:14:55 -0300] "POST /cormun/servlet/trpermisosgoce?870d3cce36dfb967604ab0547b009c01,gx-no-cache=1778008588881,gx-no-cache=1778008814624 HTTP/1.1" 200 11392
192.168.10.19 - - [05/May/2026:16:14:59 -0300] "GET /cormun/servlet/hlogin HTTP/1.1" 200 1713
192.168.10.19 - - [05/May/2026:16:14:59 -0300] "GET /cormun/servlet/hlogin HTTP/1.1" 200 1723
190.95.2.157 - - [05/May/2026:16:15:03 -0300] "GET /cormun/servlet/permisogoce?INS,0,,, HTTP/1.1" 200 7235
192.168.10.19 - - [05/May/2026:16:15:06 -0300] "POST /cormun/servlet/hlogin?dc256b2c900312200d2710095b30ead8,gx-no-cache=1778008873307 HTTP/1.1" 200 90
192.168.10.19 - - [05/May/2026:16:15:06 -0300] "GET /cormun/servlet/hpexe_link HTTP/1.1" 200 944
192.168.10.19 - - [05/May/2026:16:15:06 -0300] "GET /cormun/servlet/hhome HTTP/1.1" 200 3830
192.168.10.19 - - [05/May/2026:16:15:08 -0300] "GET /cormun/servlet/trsolicitudgral? HTTP/1.1" 200 16614
192.168.10.19 - - [05/May/2026:16:15:13 -0300] "POST /cormun/servlet/trsolicitudgral?dc256b2c900312200d2710095b30ead8,,gx-no-cache=1778008880201 HTTP/1.1" 200 5242
190.95.2.157 - - [05/May/2026:16:15:14 -0300] "GET /cormun/servlet/permisogoce?38ce1c6935c7e3c3720fd52ad095a2e154211bbeab6c636a219b9d0a8f6eb359ff8f6ec46f56f69f8170ed5a3aef88631229ee400649b3829762b10b959f3d01,gx-no-cache=1778008833664 HTTP/1.1" 200 82
192.168.10.19 - - [05/May/2026:16:15:16 -0300] "POST /cormun/servlet/trsolicitudgral?dc256b2c900312200d2710095b30ead8,,gx-no-cache=1778008882942 HTTP/1.1" 200 5243
190.95.2.157 - - [05/May/2026:16:15:24 -0300] "GET /cormun/servlet/permisogoce?38ce1c6935c7e3c3720fd52ad095a2e1ff6dfe539a31f192590f7b40e876080d10a07f63aa97924258cefa94086527dd20c337e413ccd9d202241558e71de9df,gx-no-cache=1778008843263 HTTP/1.1" 200 47
190.95.2.157 - - [05/May/2026:16:15:28 -0300] "POST /cormun/servlet/permisogoce?870d3cce36dfb967604ab0547b009c01,INS,0,,,,gx-no-cache=1778008847224 HTTP/1.1" 200 93
190.95.2.157 - - [05/May/2026:16:15:28 -0300] "GET /cormun/servlet/hpexe_return? HTTP/1.1" 200 1031
190.95.2.157 - - [05/May/2026:16:15:28 -0300] "GET /cormun/servlet/trpermisosgoce?gx-no-cache=1778008588881 HTTP/1.1" 200 14324
190.95.67.91 - - [05/May/2026:16:15:29 -0300] "GET /cormun/servlet/solicitudot?b70cd136965d685238fb1b7ac04506f5f23ce31fb0bcfc41572950100932d5f34753fca51ad1f1457f1d13371f9b2e75,gx-no-cache=1778008848232 HTTP/1.1" 200 30
190.95.67.91 - - [05/May/2026:16:15:29 -0300] "GET /cormun/servlet/solicitudot?b70cd136965d685238fb1b7ac04506f56df9e41bd9f4507c32317ccaa397b5f4f01d8b2f49f1f78f4ce88049af69cb0e781c8ce3d8251da35f4bf795d2410f16,gx-no-cache=1778008848259 HTTP/1.1" 200 30
190.95.67.91 - - [05/May/2026:16:15:29 -0300] "GET /cormun/servlet/solicitudot?b70cd136965d685238fb1b7ac04506f56c458a0b36fc33613954bab2d2bde2e9,gx-no-cache=1778008848274 HTTP/1.1" 200 53
190.95.67.91 - - [05/May/2026:16:15:29 -0300] "POST /cormun/servlet/solicitudot?gx-no-cache=1778008848292 HTTP/1.1" 200 297
190.95.67.91 - - [05/May/2026:16:15:29 -0300] "GET /cormun/servlet/solicitudot?b70cd136965d685238fb1b7ac04506f5a45be496d21e1527636c9c0b2d5f2a306585ce5693a2d4e82e6cd6849f1948feec149569c7eb5925b096a9c779858d84184bf34f5a0c1ca91144e550a9b8211de6a3dfdae9e5102c6b143234aefbc0653aeee574fb04d69fa74ca1a0596485c2a99228cd2c675a318658b1d6d36f26629132e3913d16a2065509ccf87e89cce0a57d87ff76fb67925e4e3aeceb42ab31ab50825a18e3e5c58caa3597ec4644cbcd73968d1e2766c9c9a3e089db10d138d95ca261e049e8a279d6762e27a9b9162023241ef276ce6ee7af52857d055f0223cd41d4a9a355711bc5362030dec5a445549c5039869409ff52dee68d1df320baf9c21f8b6c7f7bda74b96840bd09ead66304fbdbe42d58002e46e798fd8ef24a66fdf630987a97dc246cc220e4f40f91aaa328f27b84a22b677d73f9ae39dca97282cfb09d392c0f8a6ed3ffc98b8a092d1cced74daa61e0834efdc2b58930633a2fd1c656c6c86f12f26ec300b02215a0584b7b452216f36547f3407afd81781c8ce3d8251da35f4bf795d2410f16,gx-no-cache=1778008848311 HTTP/1.1" 200 30
190.95.67.91 - - [05/May/2026:16:15:31 -0300] "POST /cormun/servlet/solicitudot?gx-no-cache=1778008850336 HTTP/1.1" 200 30
190.95.67.91 - - [05/May/2026:16:15:34 -0300] "POST /cormun/servlet/solicitudot?gx-no-cache=1778008853302 HTTP/1.1" 200 1479
190.95.67.91 - - [05/May/2026:16:15:34 -0300] "POST /cormun/servlet/solicitudot?gx-no-cache=1778008853335 HTTP/1.1" 200 38
190.95.67.91 - - [05/May/2026:16:15:34 -0300] "GET /cormun/servlet/solicitudot?b70cd136965d685238fb1b7ac04506f5bb8b0ded2c7d677ec4954f09cf3b9cac903c8153e7e23d58d986040769d91e4437872fb31c7fb01876d210f2f4c5f252dcb1dcbb45481ae953904e5cc11300138588893131284be80ba17f19059f3a246177f101a4bbcb9a3932c6ff791d9b3a,gx-no-cache=1778008853352 HTTP/1.1" 200 110
190.95.67.91 - - [05/May/2026:16:15:37 -0300] "POST /cormun/servlet/solicitudot?gx-no-cache=1778008856157 HTTP/1.1" 200 69
190.95.15.13 - - [05/May/2026:16:15:40 -0300] "GET /cormun/servlet/hlogin HTTP/1.1" 200 1715
190.95.67.91 - - [05/May/2026:16:15:42 -0300] "GET /cormun/servlet/solicitudot?b70cd136965d685238fb1b7ac04506f546e03f149f0e873830d8db2ab0b2549b361419c3dada3ab6ef034f21ca310b8102b51d386b75bff165b94e80e78e215b4c77b340f70ea9cbd067e361304d628c87657d8fa9191342c2ae0ed6cb12d396ac214d9f554e34247537e902137ffb38,gx-no-cache=1778008861304 HTTP/1.1" 200 29
190.95.67.91 - - [05/May/2026:16:15:42 -0300] "GET /cormun/static/menuarrow.gif HTTP/1.1" 404 1015
190.95.67.91 - - [05/May/2026:16:15:45 -0300] "GET /cormun/servlet/solicitudot?b70cd136965d685238fb1b7ac04506f57668338f3fcfa1b428930aa5b981f601a1426032112db609759215311d3f843e,gx-no-cache=1778008864215 HTTP/1.1" 200 30
190.95.67.91 - - [05/May/2026:16:15:51 -0300] "POST /cormun/servlet/solicitudot?gx-no-cache=1778008870636 HTTP/1.1" 200 30
190.95.67.91 - - [05/May/2026:16:16:01 -0300] "POST /cormun/servlet/solicitudot?efdf392ec136bc29115b746f1661c900,INS,0,0,false,,gx-no-cache=1778008879625 HTTP/1.1" 200 93
190.95.67.91 - - [05/May/2026:16:16:01 -0300] "GET /cormun/servlet/hpexe_return? HTTP/1.1" 200 1006
190.95.67.91 - - [05/May/2026:16:16:01 -0300] "GET /cormun/servlet/trsolicitudot HTTP/1.1" 200 10225
179.57.78.55 - - [05/May/2026:16:17:45 -0300] "POST /cormun/servlet/trlicencias?e6e8cb610e13bfa765b53e24da82ed60,,gx-no-cache=1778008982976 HTTP/1.1" 200 5995
179.57.78.55 - - [05/May/2026:16:18:51 -0300] "POST /cormun/servlet/trlicencias?e6e8cb610e13bfa765b53e24da82ed60,,gx-no-cache=1778009049247 HTTP/1.1" 200 15147
190.95.67.93 - - [05/May/2026:16:19:12 -0300] "POST /cormun/servlet/trpermisosgoce?5d40e40933e5d1011ccd5693379415cc,gx-no-cache=1778009070062 HTTP/1.1" 200 15986
190.95.67.93 - - [05/May/2026:16:19:12 -0300] "GET /cormun/static/Resources/PXToolsGridNext.gif HTTP/1.1" 200 369
190.95.67.93 - - [05/May/2026:16:19:12 -0300] "GET /cormun/static/Resources/PXToolsGridLast.gif HTTP/1.1" 200 370
190.95.67.91 - - [05/May/2026:16:19:51 -0300] "GET /cormun/servlet/solicitudot?INS,0,0,false, HTTP/1.1" 200 16447
190.95.67.91 - - [05/May/2026:16:19:58 -0300] "POST /cormun/servlet/solicitudot?gx-no-cache=1778009117464 HTTP/1.1" 200 4193
190.95.67.91 - - [05/May/2026:16:19:58 -0300] "POST /cormun/servlet/solicitudot?efdf392ec136bc29115b746f1661c900,INS,0,0,false,,gx-no-cache=1778009117575 HTTP/1.1" 200 13072
10.40.40.2 - - [05/May/2026:16:22:17 -0300] "POST /cormun/servlet/trlicencias?1a530da86f6b27306ea2a2bf589dd6c5,,gx-no-cache=1778009238387 HTTP/1.1" 200 17751
179.57.78.71 - - [05/May/2026:16:23:23 -0300] "GET /cormun/servlet/hlogin HTTP/1.1" 200 1717
179.57.78.71 - - [05/May/2026:16:23:23 -0300] "GET /cormun/servlet/hlogin HTTP/1.1" 200 1728
179.57.78.71 - - [05/May/2026:16:23:26 -0300] "POST /cormun/servlet/hlogin?13292005ca7d2b18b1260e57c0a86941,gx-no-cache=1778009324269 HTTP/1.1" 200 90
179.57.78.71 - - [05/May/2026:16:23:26 -0300] "GET /cormun/servlet/hpexe_link HTTP/1.1" 200 949
179.57.78.71 - - [05/May/2026:16:23:26 -0300] "GET /cormun/servlet/hhome HTTP/1.1" 200 4267
179.57.78.71 - - [05/May/2026:16:24:01 -0300] "GET /cormun/servlet/trlicencias? HTTP/1.1" 200 11648
179.57.78.71 - - [05/May/2026:16:24:41 -0300] "GET /cormun/servlet/licenciaspermisos?DSP,19854162,L,20260420000000, HTTP/1.1" 200 7374
179.57.78.71 - - [05/May/2026:16:24:41 -0300] "GET /cormun/static/gxcfg.js?202012153173 HTTP/1.1" 200 953
179.57.78.71 - - [05/May/2026:16:24:41 -0300] "GET /cormun/static/Resources/prompt.gif HTTP/1.1" 200 902
179.57.78.71 - - [05/May/2026:16:24:41 -0300] "GET /cormun/static/licenciaspermisos.js?2020121532136 HTTP/1.1" 200 38753
179.57.78.71 - - [05/May/2026:16:24:49 -0300] "POST /cormun/servlet/licenciaspermisos?13292005ca7d2b18b1260e57c0a86941,DSP,19854162,L,20260420000000,,gx-no-cache=1778009406807 HTTP/1.1" 200 93
179.57.78.71 - - [05/May/2026:16:24:49 -0300] "GET /cormun/servlet/hpexe_return? HTTP/1.1" 200 1025
179.57.78.71 - - [05/May/2026:16:24:49 -0300] "GET /cormun/static/gxcfg.js?20221129846035 HTTP/1.1" 200 953
179.57.78.71 - - [05/May/2026:16:24:49 -0300] "GET /cormun/static/hpexe_return.js?20221129846037 HTTP/1.1" 200 1633
179.57.78.71 - - [05/May/2026:16:24:49 -0300] "GET /cormun/servlet/trlicencias HTTP/1.1" 200 11650
179.57.78.71 - - [05/May/2026:16:24:56 -0300] "GET /cormun/servlet/licenciaspermisos?DSP,17503482,L,20260505000000, HTTP/1.1" 200 7359
179.57.78.71 - - [05/May/2026:16:25:02 -0300] "POST /cormun/servlet/licenciaspermisos?13292005ca7d2b18b1260e57c0a86941,DSP,17503482,L,20260505000000,,gx-no-cache=1778009420679 HTTP/1.1" 200 93
179.57.78.71 - - [05/May/2026:16:25:02 -0300] "GET /cormun/servlet/hpexe_return? HTTP/1.1" 200 1026
179.57.78.71 - - [05/May/2026:16:25:03 -0300] "GET /cormun/servlet/trlicencias HTTP/1.1" 200 11650
179.57.78.71 - - [05/May/2026:16:25:07 -0300] "GET /cormun/servlet/licenciaspermisos?DSP,12294036,L,20260504000000, HTTP/1.1" 200 7370
179.57.78.71 - - [05/May/2026:16:25:13 -0300] "POST /cormun/servlet/licenciaspermisos?13292005ca7d2b18b1260e57c0a86941,DSP,12294036,L,20260504000000,,gx-no-cache=1778009431350 HTTP/1.1" 200 93
179.57.78.71 - - [05/May/2026:16:25:13 -0300] "GET /cormun/servlet/hpexe_return? HTTP/1.1" 200 1026
179.57.78.71 - - [05/May/2026:16:25:13 -0300] "GET /cormun/servlet/trlicencias HTTP/1.1" 200 11650
179.57.78.71 - - [05/May/2026:16:25:21 -0300] "GET /cormun/servlet/licenciaspermisos?DSP,14360369,L,20260430000000, HTTP/1.1" 200 7386
179.57.78.71 - - [05/May/2026:16:25:33 -0300] "POST /cormun/servlet/licenciaspermisos?13292005ca7d2b18b1260e57c0a86941,DSP,14360369,L,20260430000000,,gx-no-cache=1778009451219 HTTP/1.1" 200 93
179.57.78.71 - - [05/May/2026:16:25:33 -0300] "GET /cormun/servlet/hpexe_return? HTTP/1.1" 200 1025
179.57.78.71 - - [05/May/2026:16:25:33 -0300] "GET /cormun/servlet/trlicencias HTTP/1.1" 200 11650
179.57.78.71 - - [05/May/2026:16:25:38 -0300] "GET /cormun/servlet/licenciaspermisos?DSP,14331811,L,20260428000000, HTTP/1.1" 200 7356
179.57.78.71 - - [05/May/2026:16:25:40 -0300] "POST /cormun/servlet/licenciaspermisos?13292005ca7d2b18b1260e57c0a86941,DSP,14331811,L,20260428000000,,gx-no-cache=1778009458550 HTTP/1.1" 200 93
179.57.78.71 - - [05/May/2026:16:25:40 -0300] "GET /cormun/servlet/hpexe_return? HTTP/1.1" 200 1026
179.57.78.71 - - [05/May/2026:16:25:40 -0300] "GET /cormun/servlet/trlicencias HTTP/1.1" 200 11650
190.95.67.91 - - [05/May/2026:16:25:45 -0300] "GET /cormun/servlet/solicitudot?b70cd136965d685238fb1b7ac04506f5df385b9d3bc9b662364ab214d21975124753fca51ad1f1457f1d13371f9b2e75,gx-no-cache=1778009464018 HTTP/1.1" 200 30
190.95.67.91 - - [05/May/2026:16:25:45 -0300] "GET /cormun/servlet/solicitudot?b70cd136965d685238fb1b7ac04506f50830cd09f29238560e040505e92551011cd6b4d4d9488e3155f22b91cdd6b5752311ff7ea5f2ea663f87f9347ce4ad1f,gx-no-cache=1778009464059 HTTP/1.1" 200 30
190.95.67.91 - - [05/May/2026:16:25:45 -0300] "GET /cormun/servlet/solicitudot?b70cd136965d685238fb1b7ac04506f56c458a0b36fc33613954bab2d2bde2e9,gx-no-cache=1778009464074 HTTP/1.1" 200 53
190.95.67.91 - - [05/May/2026:16:25:45 -0300] "POST /cormun/servlet/solicitudot?gx-no-cache=1778009464093 HTTP/1.1" 200 297
190.95.67.91 - - [05/May/2026:16:25:45 -0300] "GET /cormun/servlet/solicitudot?b70cd136965d685238fb1b7ac04506f5a45be496d21e1527636c9c0b2d5f2a306585ce5693a2d4e82e6cd6849f1948feec149569c7eb5925b096a9c779858d84184bf34f5a0c1ca91144e550a9b8211de6a3dfdae9e5102c6b143234aefbc0653aeee574fb04d69fa74ca1a0596485c2a99228cd2c675a318658b1d6d36f26629132e3913d16a2065509ccf87e89cce0a57d87ff76fb67925e4e3aeceb42ab31ab50825a18e3e5c58caa3597ec4644cbcd73968d1e2766c9c9a3e089db10d138d95ca261e049e8a279d6762e27a9b9162023241ef276ce6ee7af52857d055f0223cd41d4a9a355711bc5362030dec5a445549c5039869409ff52dee68d1df320baf9c21f8b6c7f7bda74b96840bd09ead66304fbdbe42d58002e46e798fd8ef24a66fdf630987a97dc246cc220e4f40f91aaa328f27b84a22b677d73f9ae39dca97282cfb09d392c0f8a6ed3ffc98b8a092d1cced74daa61e0834efdc2b58930633a2fd1c656c6c86f12f26ec300b02215a0584b7b452216f36547f3407afd81781c8ce3d8251da35f4bf795d2410f16,gx-no-cache=1778009464115 HTTP/1.1" 200 30
190.95.67.91 - - [05/May/2026:16:25:50 -0300] "POST /cormun/servlet/solicitudot?gx-no-cache=1778009469161 HTTP/1.1" 200 30
190.95.67.91 - - [05/May/2026:16:25:53 -0300] "POST /cormun/servlet/solicitudot?gx-no-cache=1778009472422 HTTP/1.1" 200 1479
190.95.67.91 - - [05/May/2026:16:25:53 -0300] "POST /cormun/servlet/solicitudot?gx-no-cache=1778009472451 HTTP/1.1" 200 38
190.95.67.91 - - [05/May/2026:16:25:53 -0300] "GET /cormun/servlet/solicitudot?b70cd136965d685238fb1b7ac04506f5bb8b0ded2c7d677ec4954f09cf3b9cac903c8153e7e23d58d986040769d91e4437872fb31c7fb01876d210f2f4c5f252dcb1dcbb45481ae953904e5cc11300138588893131284be80ba17f19059f3a246177f101a4bbcb9a3932c6ff791d9b3a,gx-no-cache=1778009472469 HTTP/1.1" 200 110
190.95.67.91 - - [05/May/2026:16:25:56 -0300] "POST /cormun/servlet/solicitudot?gx-no-cache=1778009475178 HTTP/1.1" 200 69
190.95.67.91 - - [05/May/2026:16:26:01 -0300] "GET /cormun/servlet/solicitudot?b70cd136965d685238fb1b7ac04506f546e03f149f0e873830d8db2ab0b2549b361419c3dada3ab6ef034f21ca310b8102b51d386b75bff165b94e80e78e215b4c77b340f70ea9cbd067e361304d628c87657d8fa9191342c2ae0ed6cb12d396ac214d9f554e34247537e902137ffb38,gx-no-cache=1778009480122 HTTP/1.1" 200 29
190.95.67.91 - - [05/May/2026:16:26:02 -0300] "GET /cormun/static/menuarrow.gif HTTP/1.1" 404 1015
190.95.67.91 - - [05/May/2026:16:26:05 -0300] "GET /cormun/servlet/solicitudot?b70cd136965d685238fb1b7ac04506f57668338f3fcfa1b428930aa5b981f601a1426032112db609759215311d3f843e,gx-no-cache=1778009483863 HTTP/1.1" 200 30
190.95.67.91 - - [05/May/2026:16:26:11 -0300] "POST /cormun/servlet/solicitudot?gx-no-cache=1778009490210 HTTP/1.1" 200 30
172.236.228.224 - - [05/May/2026:16:26:16 -0300] "GET / HTTP/1.1" 200 11217
190.95.67.91 - - [05/May/2026:16:26:22 -0300] "POST /cormun/servlet/solicitudot?efdf392ec136bc29115b746f1661c900,INS,0,0,false,,gx-no-cache=1778009500657 HTTP/1.1" 200 93
190.95.67.91 - - [05/May/2026:16:26:22 -0300] "GET /cormun/servlet/hpexe_return? HTTP/1.1" 200 1006
190.95.67.91 - - [05/May/2026:16:26:22 -0300] "GET /cormun/servlet/trsolicitudot HTTP/1.1" 200 10623
190.95.67.91 - - [05/May/2026:16:26:41 -0300] "GET /cormun/servlet/solicitudot?INS,0,0,false, HTTP/1.1" 200 16447
190.95.67.91 - - [05/May/2026:16:26:52 -0300] "POST /cormun/servlet/solicitudot?gx-no-cache=1778009531021 HTTP/1.1" 200 4178
190.95.67.91 - - [05/May/2026:16:26:52 -0300] "POST /cormun/servlet/solicitudot?efdf392ec136bc29115b746f1661c900,INS,0,0,false,,gx-no-cache=1778009531173 HTTP/1.1" 200 13075
179.57.78.55 - - [05/May/2026:16:27:02 -0300] "POST /cormun/servlet/trlicencias?e6e8cb610e13bfa765b53e24da82ed60,,gx-no-cache=1778009539832 HTTP/1.1" 200 15149
190.95.67.93 - - [05/May/2026:16:27:05 -0300] "GET /cormun/servlet/permisogoce?INS,0,,, HTTP/1.1" 200 7224
190.95.67.93 - - [05/May/2026:16:27:23 -0300] "GET /cormun/servlet/permisogoce?8b3cbc0ce4897a75f1023b7231c2734e4717b4596802cb62a545d5a2a32210cebd95e6818607107a49470a259120b0f8b5deba91567aa053238693071ad19cf4,gx-no-cache=1778009561842 HTTP/1.1" 200 83
190.95.67.93 - - [05/May/2026:16:27:36 -0300] "GET /cormun/servlet/permisogoce?8b3cbc0ce4897a75f1023b7231c2734ecd5567ba0e60cf3f86486f96151aed3a7097c8688b3b7d08e363c6d2e6592d447f7062d629d0d68a82218661f37bf442,gx-no-cache=1778009574127 HTTP/1.1" 200 46
190.95.67.93 - - [05/May/2026:16:27:41 -0300] "POST /cormun/servlet/permisogoce?5d40e40933e5d1011ccd5693379415cc,INS,0,,,,gx-no-cache=1778009578666 HTTP/1.1" 200 93
190.95.67.93 - - [05/May/2026:16:27:41 -0300] "GET /cormun/servlet/hpexe_return? HTTP/1.1" 200 1027
190.95.67.93 - - [05/May/2026:16:27:41 -0300] "GET /cormun/servlet/trpermisosgoce?gx-no-cache=1778009070062 HTTP/1.1" 200 18977
190.95.67.93 - - [05/May/2026:16:27:55 -0300] "GET /cormun/servlet/apermisogoceprn?12897389,P,20260505153312,PU HTTP/1.1" 200 1655
190.95.67.91 - - [05/May/2026:16:30:22 -0300] "GET /cormun/servlet/solicitudot?b70cd136965d685238fb1b7ac04506f5734e7af24228317787cbdd7e8a65db4b4753fca51ad1f1457f1d13371f9b2e75,gx-no-cache=1778009741577 HTTP/1.1" 200 30
10.40.40.2 - - [05/May/2026:16:30:52 -0300] "POST /cormun/servlet/trlicencias?f7be50c755c17991aa6cc68aa870a431,gx-no-cache=1778009753051 HTTP/1.1" 440 972
10.40.40.2 - - [05/May/2026:16:30:53 -0300] "GET /cormun/servlet/trlicencias HTTP/1.1" 200 6045
10.40.40.2 - - [05/May/2026:16:30:53 -0300] "GET /cormun/servlet/hlogin HTTP/1.1" 200 1735
10.40.40.2 - - [05/May/2026:16:30:55 -0300] "POST /cormun/servlet/hlogin?d313649cc87bc43ee962ef3bf2f4db7d,gx-no-cache=1778009756652 HTTP/1.1" 200 90
10.40.40.2 - - [05/May/2026:16:30:55 -0300] "GET /cormun/servlet/hpexe_link HTTP/1.1" 200 954
10.40.40.2 - - [05/May/2026:16:30:56 -0300] "GET /cormun/servlet/trlicencias HTTP/1.1" 200 18297
10.40.40.2 - - [05/May/2026:16:31:01 -0300] "POST /cormun/servlet/trlicencias?d313649cc87bc43ee962ef3bf2f4db7d,gx-no-cache=1778009762391 HTTP/1.1" 200 4582
190.95.67.91 - - [05/May/2026:16:32:43 -0300] "GET /cormun/servlet/solicitudot?b70cd136965d685238fb1b7ac04506f508cafea95d4d16b7f6ff176c752d141081ded588ad957455fc5881503aa28925,gx-no-cache=1778009882365 HTTP/1.1" 200 30
190.95.67.91 - - [05/May/2026:16:32:43 -0300] "GET /cormun/servlet/solicitudot?b70cd136965d685238fb1b7ac04506f576c086ef911053fee412a4610f087af7,gx-no-cache=1778009882395 HTTP/1.1" 200 51
190.95.67.91 - - [05/May/2026:16:32:43 -0300] "POST /cormun/servlet/solicitudot?gx-no-cache=1778009882413 HTTP/1.1" 200 297
190.95.67.91 - - [05/May/2026:16:32:43 -0300] "GET /cormun/servlet/solicitudot?b70cd136965d685238fb1b7ac04506f5a45be496d21e1527636c9c0b2d5f2a306585ce5693a2d4e82e6cd6849f1948feec149569c7eb5925b096a9c779858d84184bf34f5a0c1ca91144e550a9b8211de6a3dfdae9e5102c6b143234aefbc0653aeee574fb04d69fa74ca1a0596485c2a99228cd2c675a318658b1d6d36f26629132e3913d16a2065509ccf87e89cce0a57d87ff76fb67925e4e3aeceb42ab31ab50825a18e3e5c58caa3597ec4644cbcd73968d1e2766c9c9a3e089db10d138d95ca261e049e8a279d6762e27a9b9162023241ef276ce6ee7af52857d055f0223cd41d4a9a355711bc5362030dec5a445549c5039869409ff52dee68d1df320baf9c21f8b6c7f7bda74b96840bd09ead66304fbdbe42d58002e46e798fd8ef24a66fdf630987a97dc246cc220e4f40f91aaa328f27b84a22b677d73f9ae39dca97282cfb09d392c0f8a6ed3ffc98b8a092d1cced74daa61e0834efdc2b58930633a2fd1c656c6c86f12f26ec300b02215a0584b7b452216f36547f3407afd81781c8ce3d8251da35f4bf795d2410f16,gx-no-cache=1778009882435 HTTP/1.1" 200 30
190.95.67.91 - - [05/May/2026:16:32:44 -0300] "POST /cormun/servlet/solicitudot?gx-no-cache=1778009883424 HTTP/1.1" 200 30
190.95.67.91 - - [05/May/2026:16:32:47 -0300] "POST /cormun/servlet/solicitudot?gx-no-cache=1778009885933 HTTP/1.1" 200 1479
190.95.67.91 - - [05/May/2026:16:32:47 -0300] "POST /cormun/servlet/solicitudot?gx-no-cache=1778009885961 HTTP/1.1" 200 38
190.95.67.91 - - [05/May/2026:16:32:47 -0300] "GET /cormun/servlet/solicitudot?b70cd136965d685238fb1b7ac04506f5bb8b0ded2c7d677ec4954f09cf3b9cac903c8153e7e23d58d986040769d91e4437872fb31c7fb01876d210f2f4c5f252dcb1dcbb45481ae953904e5cc11300138588893131284be80ba17f19059f3a246177f101a4bbcb9a3932c6ff791d9b3a,gx-no-cache=1778009885977 HTTP/1.1" 200 110
190.95.67.91 - - [05/May/2026:16:32:50 -0300] "POST /cormun/servlet/solicitudot?gx-no-cache=1778009889580 HTTP/1.1" 200 69
190.95.67.91 - - [05/May/2026:16:32:53 -0300] "GET /cormun/servlet/solicitudot?b70cd136965d685238fb1b7ac04506f546e03f149f0e873830d8db2ab0b2549b361419c3dada3ab6ef034f21ca310b8102b51d386b75bff165b94e80e78e215b4c77b340f70ea9cbd067e361304d628c87657d8fa9191342c2ae0ed6cb12d396ac214d9f554e34247537e902137ffb38,gx-no-cache=1778009891850 HTTP/1.1" 200 29
190.95.67.91 - - [05/May/2026:16:32:53 -0300] "GET /cormun/static/menuarrow.gif HTTP/1.1" 404 1015
190.95.67.91 - - [05/May/2026:16:33:00 -0300] "GET /cormun/servlet/solicitudot?b70cd136965d685238fb1b7ac04506f57668338f3fcfa1b428930aa5b981f601a1426032112db609759215311d3f843e,gx-no-cache=1778009898911 HTTP/1.1" 200 30
190.95.67.91 - - [05/May/2026:16:33:05 -0300] "POST /cormun/servlet/solicitudot?gx-no-cache=1778009903678 HTTP/1.1" 200 30
190.95.67.91 - - [05/May/2026:16:33:13 -0300] "POST /cormun/servlet/solicitudot?efdf392ec136bc29115b746f1661c900,INS,0,0,false,,gx-no-cache=1778009912289 HTTP/1.1" 200 93
190.95.67.91 - - [05/May/2026:16:33:13 -0300] "GET /cormun/servlet/hpexe_return? HTTP/1.1" 200 1006
190.95.67.91 - - [05/May/2026:16:33:14 -0300] "GET /cormun/servlet/trsolicitudot HTTP/1.1" 200 10986
190.95.1.187 - - [05/May/2026:16:34:10 -0300] "GET /cormun/servlet/trlicencias? HTTP/1.1" 200 6058
190.95.1.187 - - [05/May/2026:16:34:11 -0300] "GET /cormun/servlet/hlogin HTTP/1.1" 200 1739
190.95.1.187 - - [05/May/2026:16:34:11 -0300] "GET /cormun/servlet/trlicencias? HTTP/1.1" 200 6048
190.95.1.187 - - [05/May/2026:16:34:13 -0300] "POST /cormun/servlet/hlogin?f45e2040978cb668ea584e26ed7a1760,gx-no-cache=1778009972177 HTTP/1.1" 200 90
190.95.1.187 - - [05/May/2026:16:34:13 -0300] "GET /cormun/servlet/hpexe_link HTTP/1.1" 200 956
190.95.1.187 - - [05/May/2026:16:34:14 -0300] "GET /cormun/servlet/trlicencias HTTP/1.1" 200 12540
190.95.1.187 - - [05/May/2026:16:34:32 -0300] "GET /cormun/servlet/trautorizarpermisogoce? HTTP/1.1" 200 7097
190.95.1.187 - - [05/May/2026:16:34:37 -0300] "GET /cormun/servlet/trpermisosingoceautorizar? HTTP/1.1" 200 7057
190.95.1.187 - - [05/May/2026:16:34:37 -0300] "GET /cormun/static/gxui/gxui-all.css?110300 HTTP/1.1" 200 2179
190.95.1.187 - - [05/May/2026:16:34:37 -0300] "GET /cormun/static/calendar-system.css?75620 HTTP/1.1" 200 5572
190.95.1.187 - - [05/May/2026:16:34:37 -0300] "GET /cormun/static/gxcfg.js?20199142052090 HTTP/1.1" 200 953
190.95.1.187 - - [05/May/2026:16:34:37 -0300] "GET /cormun/static/trpermisosingoceautorizar.js?20199142052670 HTTP/1.1" 200 32551
190.95.1.187 - - [05/May/2026:16:34:37 -0300] "GET /cormun/static/Resources/Spanish/PXTools.css?19172979 HTTP/1.1" 200 100853
190.95.1.187 - - [05/May/2026:16:34:37 -0300] "GET /cormun/static/Shared/ext/resources/css/ext-all.css?205870 HTTP/1.1" 200 416045
190.95.67.91 - - [05/May/2026:16:36:41 -0300] "GET /cormun/servlet/solicitudot?INS,0,0,false, HTTP/1.1" 200 16448
190.95.67.91 - - [05/May/2026:16:36:48 -0300] "POST /cormun/servlet/solicitudot?gx-no-cache=1778010127494 HTTP/1.1" 200 4193
190.95.67.91 - - [05/May/2026:16:36:49 -0300] "POST /cormun/servlet/solicitudot?efdf392ec136bc29115b746f1661c900,INS,0,0,false,,gx-no-cache=1778010127613 HTTP/1.1" 200 13083
190.95.67.91 - - [05/May/2026:16:36:53 -0300] "GET /cormun/servlet/solicitudot?b70cd136965d685238fb1b7ac04506f5ebe5e0bd235b3efe03e70af9cd27a2c54753fca51ad1f1457f1d13371f9b2e75,gx-no-cache=1778010132503 HTTP/1.1" 200 30
190.95.67.91 - - [05/May/2026:16:36:53 -0300] "GET /cormun/servlet/solicitudot?b70cd136965d685238fb1b7ac04506f501569a05638bb746d6be96fbbbd715a1ba628f88874e270659e426d03a5ca18e2311ff7ea5f2ea663f87f9347ce4ad1f,gx-no-cache=1778010132528 HTTP/1.1" 200 30
190.95.67.91 - - [05/May/2026:16:36:53 -0300] "GET /cormun/servlet/solicitudot?b70cd136965d685238fb1b7ac04506f5511eca3e387b51dfb9281582fe13930d,gx-no-cache=1778010132544 HTTP/1.1" 200 45
190.95.67.91 - - [05/May/2026:16:36:53 -0300] "POST /cormun/servlet/solicitudot?gx-no-cache=1778010132560 HTTP/1.1" 200 297
190.95.67.91 - - [05/May/2026:16:36:53 -0300] "GET /cormun/servlet/solicitudot?b70cd136965d685238fb1b7ac04506f5a45be496d21e1527636c9c0b2d5f2a306585ce5693a2d4e82e6cd6849f1948feec149569c7eb5925b096a9c779858d84184bf34f5a0c1ca91144e550a9b8211de6a3dfdae9e5102c6b143234aefbc0653aeee574fb04d69fa74ca1a0596485c2a99228cd2c675a318658b1d6d36f26629132e3913d16a2065509ccf87e89cce0a57d87ff76fb67925e4e3aeceb42ab31ab50825a18e3e5c58caa3597ec4644cbcd73968d1e2766c9c9a3e089db10d138d95ca261e049e8a279d6762e27a9b9162023241ef276ce6ee7af52857d055f0223cd41d4a9a355711bc5362030dec5a445549c5039869409ff52dee68d1df320baf9c21f8b6c7f7bda74b96840bd09ead66304fbdbe42d58002e46e798fd8ef24a66fdf630987a97dc246cc220e4f40f91aaa328f27b84a22b677d73f9ae39dca97282cfb09d392c0f8a6ed3ffc98b8a092d1cced74daa61e0834efdc2b58930633a2fd1c656c6c86f12f26ec300b02215a0584b7b452216f36547f3407afd81781c8ce3d8251da35f4bf795d2410f16,gx-no-cache=1778010132580 HTTP/1.1" 200 30
190.95.67.91 - - [05/May/2026:16:36:55 -0300] "POST /cormun/servlet/solicitudot?gx-no-cache=1778010134208 HTTP/1.1" 200 30
190.95.67.91 - - [05/May/2026:16:36:58 -0300] "POST /cormun/servlet/solicitudot?gx-no-cache=1778010137229 HTTP/1.1" 200 1479
190.95.67.91 - - [05/May/2026:16:36:58 -0300] "POST /cormun/servlet/solicitudot?gx-no-cache=1778010137255 HTTP/1.1" 200 38
190.95.67.91 - - [05/May/2026:16:36:58 -0300] "GET /cormun/servlet/solicitudot?b70cd136965d685238fb1b7ac04506f5bb8b0ded2c7d677ec4954f09cf3b9cac903c8153e7e23d58d986040769d91e4437872fb31c7fb01876d210f2f4c5f252dcb1dcbb45481ae953904e5cc11300138588893131284be80ba17f19059f3a246177f101a4bbcb9a3932c6ff791d9b3a,gx-no-cache=1778010137276 HTTP/1.1" 200 110
190.95.67.91 - - [05/May/2026:16:37:00 -0300] "POST /cormun/servlet/solicitudot?gx-no-cache=1778010139620 HTTP/1.1" 200 69
190.95.67.91 - - [05/May/2026:16:37:03 -0300] "GET /cormun/servlet/solicitudot?b70cd136965d685238fb1b7ac04506f546e03f149f0e873830d8db2ab0b2549b361419c3dada3ab6ef034f21ca310b8102b51d386b75bff165b94e80e78e215b4c77b340f70ea9cbd067e361304d628c87657d8fa9191342c2ae0ed6cb12d396ac214d9f554e34247537e902137ffb38,gx-no-cache=1778010142468 HTTP/1.1" 200 29
190.95.67.91 - - [05/May/2026:16:37:06 -0300] "GET /cormun/servlet/solicitudot?b70cd136965d685238fb1b7ac04506f57668338f3fcfa1b428930aa5b981f601a1426032112db609759215311d3f843e,gx-no-cache=1778010145015 HTTP/1.1" 200 30
190.95.67.91 - - [05/May/2026:16:37:12 -0300] "POST /cormun/servlet/solicitudot?gx-no-cache=1778010150747 HTTP/1.1" 200 30
