190.95.2.157 - - [27/Apr/2026:14:47:03 -0300] "POST /cormun/servlet/permisogoce?582c9d8810c3bd52161b8bb02e40a904,UPD,8534216,P,20260427135206,,gx-no-cache=1777312352995 HTTP/1.1" 200 93
190.95.2.157 - - [27/Apr/2026:14:47:03 -0300] "GET /cormun/servlet/hpexe_return? HTTP/1.1" 200 1030
190.95.2.157 - - [27/Apr/2026:14:47:03 -0300] "GET /cormun/servlet/trpermisosgoce HTTP/1.1" 200 11908
179.57.78.71 - - [27/Apr/2026:14:47:05 -0300] "POST /cormun/servlet/hlogin?d08fcb20fa6f6497ef11145d81b6bf48,gx-no-cache=1777312354727 HTTP/1.1" 200 90
179.57.78.71 - - [27/Apr/2026:14:47:05 -0300] "GET /cormun/servlet/hpexe_link HTTP/1.1" 200 955
179.57.78.71 - - [27/Apr/2026:14:47:05 -0300] "GET /cormun/servlet/hhome HTTP/1.1" 200 4275
190.95.15.17 - - [27/Apr/2026:14:47:05 -0300] "GET /cormun/servlet/hlogin HTTP/1.1" 200 1725
190.95.2.157 - - [27/Apr/2026:14:47:07 -0300] "POST /cormun/servlet/trpermisosgoce?582c9d8810c3bd52161b8bb02e40a904,gx-no-cache=1777312357312 HTTP/1.1" 200 9150
190.95.2.157 - - [27/Apr/2026:14:47:07 -0300] "GET /cormun/static/Shared/jqueryui/images/ui-icons_82798d_256x240.png HTTP/1.1" 404 1089
190.95.2.157 - - [27/Apr/2026:14:47:07 -0300] "GET /cormun/static/Shared/jqueryui/images/ui-bg_highlight-soft_100_c6c2c8_1x100.png HTTP/1.1" 404 1117
190.95.2.157 - - [27/Apr/2026:14:47:07 -0300] "GET /cormun/static/Shared/jqueryui/images/ui-icons_8d78a5_256x240.png HTTP/1.1" 404 1089
190.95.2.157 - - [27/Apr/2026:14:47:07 -0300] "GET /cormun/static/Shared/jqueryui/images/ui-bg_flat_55_fafafa_40x100.png HTTP/1.1" 404 1097
190.95.2.157 - - [27/Apr/2026:14:47:08 -0300] "GET /cormun/servlet/apermisogoceprn?8534216,P,20260427135206,PU HTTP/1.1" 200 1650
190.95.2.157 - - [27/Apr/2026:14:47:08 -0300] "GET /cormun/servlet/apermisogoceprn?8534216,P,20260427135206,PU HTTP/1.1" 200 1652
179.57.78.71 - - [27/Apr/2026:14:47:10 -0300] "GET /cormun/servlet/trsolicitudot? HTTP/1.1" 200 7491
179.57.78.71 - - [27/Apr/2026:14:47:10 -0300] "GET /cormun/static/gxcfg.js?20221129846531 HTTP/1.1" 200 953
179.57.78.71 - - [27/Apr/2026:14:47:10 -0300] "GET /cormun/static/trsolicitudot.js?202211298465651 HTTP/1.1" 200 54040
201.186.225.193 - - [27/Apr/2026:14:47:13 -0300] "POST /cormun/servlet/solicitudot?gx-no-cache=1777312362861 HTTP/1.1" 200 30
179.57.78.71 - - [27/Apr/2026:14:47:19 -0300] "GET /cormun/servlet/solicitudot?INS,0,0,false, HTTP/1.1" 200 16328
179.57.78.71 - - [27/Apr/2026:14:47:19 -0300] "GET /cormun/static/gxcfg.js?20221129840861 HTTP/1.1" 200 953
179.57.78.71 - - [27/Apr/2026:14:47:19 -0300] "GET /cormun/static/solicitudot.js?20221129840983 HTTP/1.1" 200 74072
190.95.15.17 - - [27/Apr/2026:14:47:30 -0300] "GET /cormun/servlet/hlogin HTTP/1.1" 200 1725
201.186.225.193 - - [27/Apr/2026:14:47:45 -0300] "POST /cormun/servlet/solicitudot?ca7a88b257c428a4a3cc61dc52763f39,INS,0,0,false,,gx-no-cache=1777312394304 HTTP/1.1" 200 93
201.186.225.193 - - [27/Apr/2026:14:47:45 -0300] "GET /cormun/servlet/hpexe_return? HTTP/1.1" 200 1003
201.186.225.193 - - [27/Apr/2026:14:47:45 -0300] "GET /cormun/static/gxcfg.js?20221129846035 HTTP/1.1" 200 953
201.186.225.193 - - [27/Apr/2026:14:47:45 -0300] "GET /cormun/static/hpexe_return.js?20221129846037 HTTP/1.1" 200 1633
201.186.225.193 - - [27/Apr/2026:14:47:45 -0300] "GET /cormun/servlet/trsolicitudot? HTTP/1.1" 200 8896
201.186.225.193 - - [27/Apr/2026:14:47:45 -0300] "GET /cormun//static/Resources/PXToolsActionView.png HTTP/1.1" 200 398
201.186.225.193 - - [27/Apr/2026:14:47:45 -0300] "GET /cormun//static/Resources/PXToolsGridUpdate.png HTTP/1.1" 200 470
201.186.225.193 - - [27/Apr/2026:14:47:45 -0300] "GET /cormun//static/Resources/PXToolsGridDelete.png HTTP/1.1" 200 538
201.186.225.193 - - [27/Apr/2026:14:47:45 -0300] "GET /cormun//static/Resources/PXToolsRemoveAllAction.png HTTP/1.1" 200 487
190.95.2.157 - - [27/Apr/2026:14:47:45 -0300] "GET /cormun/servlet/permisogoce?INS,0,,, HTTP/1.1" 200 7217
190.95.15.17 - - [27/Apr/2026:14:47:50 -0300] "POST /cormun/servlet/hlogin?f006bd6284e25efe0688e179b0cfa430,gx-no-cache=1777312820190 HTTP/1.1" 200 430
201.186.225.193 - - [27/Apr/2026:14:47:52 -0300] "GET /cormun/servlet/trautorizarsolicitud? HTTP/1.1" 200 7412
201.186.225.193 - - [27/Apr/2026:14:47:52 -0300] "GET /cormun/static/gxcfg.js?202211298474254 HTTP/1.1" 200 953
201.186.225.193 - - [27/Apr/2026:14:47:52 -0300] "GET /cormun/static/trautorizarsolicitud.js?202211298474588 HTTP/1.1" 200 53909
190.95.2.157 - - [27/Apr/2026:14:47:53 -0300] "GET /cormun/servlet/permisogoce?d890ee617607722344fccfdec67a03de39e6df57136e4d2637104f09e82b5f353fbfd53eab010b3d3bbc02e0b281a7391b717885f67bec222f919073e2257ee6,gx-no-cache=1777312402709 HTTP/1.1" 200 81
201.186.225.193 - - [27/Apr/2026:14:48:00 -0300] "GET /cormun/servlet/trsolicitudot? HTTP/1.1" 200 8893
190.95.2.157 - - [27/Apr/2026:14:48:01 -0300] "GET /cormun/servlet/permisogoce?d890ee617607722344fccfdec67a03de6441f56b782bf9ef580f5997107573b56e47445dba8f9afb12751ea8ef3c0ad6814d0d98cd3e66ddd61205444979d8ef,gx-no-cache=1777312410781 HTTP/1.1" 200 48
201.186.225.193 - - [27/Apr/2026:14:48:02 -0300] "GET /cormun/servlet/solicitudot?INS,0,0,false, HTTP/1.1" 200 16347
190.95.2.157 - - [27/Apr/2026:14:48:04 -0300] "POST /cormun/servlet/permisogoce?582c9d8810c3bd52161b8bb02e40a904,INS,0,,,,gx-no-cache=1777312413631 HTTP/1.1" 200 93
190.95.2.157 - - [27/Apr/2026:14:48:04 -0300] "GET /cormun/servlet/hpexe_return? HTTP/1.1" 200 1031
190.95.2.157 - - [27/Apr/2026:14:48:04 -0300] "GET /cormun/servlet/trpermisosgoce?gx-no-cache=1777312357312 HTTP/1.1" 200 12090
201.186.225.193 - - [27/Apr/2026:14:48:06 -0300] "GET /cormun/servlet/trsolicitudot? HTTP/1.1" 200 8893
190.95.2.157 - - [27/Apr/2026:14:48:13 -0300] "GET /cormun/servlet/trpermisosadjuntos?8534216,20260427135411,P, HTTP/1.1" 200 6660
190.95.2.157 - - [27/Apr/2026:14:48:14 -0300] "GET /cormun/servlet/permisosadjuntos?INS,8534216,P,20260427135411,, HTTP/1.1" 200 5964
190.95.2.157 - - [27/Apr/2026:14:48:14 -0300] "GET /cormun/static/about:blank HTTP/1.1" 404 1011
190.95.2.157 - - [27/Apr/2026:14:48:23 -0300] "POST /cormun/servlet/permisosadjuntos?582c9d8810c3bd52161b8bb02e40a904,INS,8534216,P,20260427135411,, HTTP/1.1" 200 116
190.95.2.157 - - [27/Apr/2026:14:48:23 -0300] "GET /cormun/servlet/hpexe_return? HTTP/1.1" 200 1037
190.95.2.157 - - [27/Apr/2026:14:48:23 -0300] "GET /cormun/servlet/trpermisosadjuntos?8534216,20260427135411,P, HTTP/1.1" 200 7166
190.95.2.157 - - [27/Apr/2026:14:48:24 -0300] "POST /cormun/servlet/trpermisosadjuntos?582c9d8810c3bd52161b8bb02e40a904,8534216,20260427135411,P,,gx-no-cache=1777312434559 HTTP/1.1" 200 90
190.95.2.157 - - [27/Apr/2026:14:48:24 -0300] "GET /cormun/servlet/hpexe_link HTTP/1.1" 200 1002
190.95.2.157 - - [27/Apr/2026:14:48:24 -0300] "GET /cormun/servlet/trpermisosgoce?gx-no-cache=1777312357312 HTTP/1.1" 200 12086
190.95.2.157 - - [27/Apr/2026:14:48:27 -0300] "POST /cormun/servlet/trpermisosgoce?582c9d8810c3bd52161b8bb02e40a904,gx-no-cache=1777312357312,gx-no-cache=1777312437144 HTTP/1.1" 200 9344
190.95.2.157 - - [27/Apr/2026:14:48:32 -0300] "POST /cormun/servlet/trpermisosgoce?582c9d8810c3bd52161b8bb02e40a904,gx-no-cache=1777312357312,gx-no-cache=1777312442030 HTTP/1.1" 200 9331
190.95.2.157 - - [27/Apr/2026:14:48:33 -0300] "GET /cormun/servlet/apermisogoceprn?8534216,P,20260427135411,PU HTTP/1.1" 200 1656
190.95.2.157 - - [27/Apr/2026:14:48:34 -0300] "GET /cormun/servlet/apermisogoceprn?8534216,P,20260427135411,PU HTTP/1.1" 200 1654
201.186.225.193 - - [27/Apr/2026:14:48:47 -0300] "GET /cormun/servlet/trsolicitudot? HTTP/1.1" 200 8892
201.186.225.193 - - [27/Apr/2026:14:48:52 -0300] "POST /cormun/servlet/trsolicitudot?ca7a88b257c428a4a3cc61dc52763f39,,gx-no-cache=1777312462096 HTTP/1.1" 200 4832
201.186.225.193 - - [27/Apr/2026:14:48:52 -0300] "GET /cormun/static/Shared/jqueryui/images/ui-bg_flat_55_fafafa_40x100.png HTTP/1.1" 404 1097
201.186.225.193 - - [27/Apr/2026:14:48:52 -0300] "GET /cormun/static/Shared/jqueryui/images/ui-icons_8d78a5_256x240.png HTTP/1.1" 404 1089
201.186.225.193 - - [27/Apr/2026:14:48:52 -0300] "POST /cormun/servlet/trsolicitudot?ca7a88b257c428a4a3cc61dc52763f39,,gx-no-cache=1777312462264 HTTP/1.1" 200 4605
201.186.225.193 - - [27/Apr/2026:14:49:00 -0300] "GET /cormun/servlet/trautorizarsolicitud? HTTP/1.1" 200 8788
190.95.15.17 - - [27/Apr/2026:14:49:09 -0300] "GET /cormun/servlet/hlogin HTTP/1.1" 200 1725
201.186.225.193 - - [27/Apr/2026:14:49:25 -0300] "GET /cormun/servlet/trsolicitudot? HTTP/1.1" 200 7508
201.186.225.193 - - [27/Apr/2026:14:49:27 -0300] "POST /cormun/servlet/trsolicitudot?ca7a88b257c428a4a3cc61dc52763f39,,gx-no-cache=1777312497271 HTTP/1.1" 200 103
201.186.225.193 - - [27/Apr/2026:14:49:27 -0300] "POST /cormun/servlet/trsolicitudot?ca7a88b257c428a4a3cc61dc52763f39,,gx-no-cache=1777312497353 HTTP/1.1" 200 4610
201.186.225.193 - - [27/Apr/2026:14:49:27 -0300] "GET /cormun/SolicitudOT-9965.xls HTTP/1.1" 200 4608
52.108.172.2 - - [27/Apr/2026:14:49:28 -0300] "GET /cormun/SolicitudOT-9965.xls HTTP/1.1" 200 4608
201.186.225.193 - - [27/Apr/2026:14:49:31 -0300] "GET /cormun/servlet/solicitudot?INS,0,0,false, HTTP/1.1" 200 16347
201.186.225.193 - - [27/Apr/2026:14:49:45 -0300] "POST /cormun/servlet/solicitudot?gx-no-cache=1777312515207 HTTP/1.1" 200 4196
201.186.225.193 - - [27/Apr/2026:14:49:45 -0300] "POST /cormun/servlet/solicitudot?ca7a88b257c428a4a3cc61dc52763f39,INS,0,0,false,,gx-no-cache=1777312515354 HTTP/1.1" 200 13032
190.95.1.185 - - [27/Apr/2026:14:49:46 -0300] "GET /cormun/servlet/hlogin HTTP/1.1" 200 1715
190.95.1.185 - - [27/Apr/2026:14:49:49 -0300] "POST /cormun/servlet/hlogin?dcad0acdf9bc6d7d91d2055841f0d7d8,gx-no-cache=1777312518978 HTTP/1.1" 200 90
190.95.1.185 - - [27/Apr/2026:14:49:49 -0300] "GET /cormun/servlet/hpexe_link HTTP/1.1" 200 947
190.95.1.185 - - [27/Apr/2026:14:49:49 -0300] "GET /cormun/servlet/hhome HTTP/1.1" 200 4475
190.95.1.185 - - [27/Apr/2026:14:49:51 -0300] "GET /cormun/servlet/trlicencias? HTTP/1.1" 200 12120
190.95.1.185 - - [27/Apr/2026:14:49:52 -0300] "GET /cormun/static/menuarrow.gif HTTP/1.1" 404 1015
201.186.225.193 - - [27/Apr/2026:14:52:51 -0300] "GET /cormun/servlet/hhome HTTP/1.1" 200 3326
201.186.225.193 - - [27/Apr/2026:14:52:52 -0300] "GET /cormun/servlet/hlogin HTTP/1.1" 200 1735
201.186.225.193 - - [27/Apr/2026:14:52:52 -0300] "GET /favicon.ico HTTP/1.1" 200 21630
201.186.225.193 - - [27/Apr/2026:14:52:55 -0300] "POST /cormun/servlet/hlogin?5720441c6f7e48faf370c8c7345fcefe,gx-no-cache=1777312705111 HTTP/1.1" 200 90
201.186.225.193 - - [27/Apr/2026:14:52:55 -0300] "GET /cormun/servlet/hpexe_link HTTP/1.1" 200 952
201.186.225.193 - - [27/Apr/2026:14:52:55 -0300] "GET /cormun/servlet/hhome HTTP/1.1" 200 4298
201.186.225.193 - - [27/Apr/2026:14:52:59 -0300] "GET /cormun/servlet/trsolicitudot? HTTP/1.1" 200 7518
190.95.15.31 - - [27/Apr/2026:14:53:10 -0300] "GET /cormun/servlet/hlogin HTTP/1.1" 200 1721
179.57.78.71 - - [27/Apr/2026:14:53:10 -0300] "POST /cormun/servlet/solicitudot?gx-no-cache=1777312716894 HTTP/1.1" 200 4177
190.95.2.157 - - [27/Apr/2026:14:53:10 -0300] "GET /cormun/servlet/permisogoce?INS,0,,, HTTP/1.1" 200 7237
179.57.78.71 - - [27/Apr/2026:14:53:10 -0300] "POST /cormun/servlet/solicitudot?d08fcb20fa6f6497ef11145d81b6bf48,INS,0,0,false,,gx-no-cache=1777312720118 HTTP/1.1" 200 13010
190.95.15.31 - - [27/Apr/2026:14:53:11 -0300] "GET /favicon.ico HTTP/1.1" 200 21630
201.186.225.193 - - [27/Apr/2026:14:53:11 -0300] "GET /cormun/servlet/solicitudot?INS,0,0,false, HTTP/1.1" 200 16354
201.186.225.193 - - [27/Apr/2026:14:53:11 -0300] "GET /cormun/servlet/solicitudot?INS,0,0,false, HTTP/1.1" 200 16354
190.95.67.93 - - [27/Apr/2026:14:53:12 -0300] "POST /cormun/servlet/trpermisosgoce?5e85847e0d1b7a7f69e410e844292bae,,gx-no-cache=1777312714689 HTTP/1.1" 440 972
190.95.1.185 - - [27/Apr/2026:14:53:13 -0300] "POST /cormun/servlet/trlicencias?dcad0acdf9bc6d7d91d2055841f0d7d8,,gx-no-cache=1777312709397 HTTP/1.1" 200 18449
190.95.1.185 - - [27/Apr/2026:14:53:13 -0300] "GET /cormun/static/Resources/PXToolsGridNext.gif HTTP/1.1" 200 369
190.95.1.185 - - [27/Apr/2026:14:53:13 -0300] "GET /cormun/static/Resources/PXToolsGridLast.gif HTTP/1.1" 200 370
190.95.67.93 - - [27/Apr/2026:14:53:14 -0300] "GET /cormun/servlet/trpermisosgoce? HTTP/1.1" 200 6030
190.95.67.93 - - [27/Apr/2026:14:53:14 -0300] "GET /cormun/servlet/hlogin HTTP/1.1" 200 1741
190.95.15.31 - - [27/Apr/2026:14:53:14 -0300] "POST /cormun/servlet/hlogin?e3cf2aafc5ff6f71b47c2e091a0b2ca4,gx-no-cache=1777312723817 HTTP/1.1" 200 90
190.95.15.31 - - [27/Apr/2026:14:53:15 -0300] "GET /cormun/servlet/hpexe_link HTTP/1.1" 200 948
190.95.15.31 - - [27/Apr/2026:14:53:15 -0300] "GET /cormun/servlet/hhome HTTP/1.1" 200 4359
190.95.67.93 - - [27/Apr/2026:14:53:17 -0300] "POST /cormun/servlet/hlogin?87316899f32bca202a7373dec803e3e8,gx-no-cache=1777312726742 HTTP/1.1" 200 90
190.95.67.93 - - [27/Apr/2026:14:53:17 -0300] "GET /cormun/servlet/hpexe_link HTTP/1.1" 200 956
190.95.67.93 - - [27/Apr/2026:14:53:17 -0300] "GET /cormun/servlet/trpermisosgoce HTTP/1.1" 200 15159
190.95.15.31 - - [27/Apr/2026:14:53:20 -0300] "GET /cormun/servlet/trlicencias? HTTP/1.1" 200 10500
201.186.225.193 - - [27/Apr/2026:14:53:21 -0300] "POST /cormun/servlet/solicitudot?gx-no-cache=1777312731441 HTTP/1.1" 200 4178
201.186.225.193 - - [27/Apr/2026:14:53:22 -0300] "POST /cormun/servlet/solicitudot?5720441c6f7e48faf370c8c7345fcefe,INS,0,0,false,,gx-no-cache=1777312731597 HTTP/1.1" 200 13038
190.95.1.185 - - [27/Apr/2026:14:53:25 -0300] "POST /cormun/servlet/trlicencias?dcad0acdf9bc6d7d91d2055841f0d7d8,,gx-no-cache=1777312734876 HTTP/1.1" 200 101
190.95.1.185 - - [27/Apr/2026:14:53:25 -0300] "GET /cormun/Licencias-5862.xls HTTP/1.1" 200 138240
201.186.225.193 - - [27/Apr/2026:14:53:30 -0300] "GET /cormun/servlet/solicitudot?6e2ab4d6bb595825294ec0b6b13ae235c8bd5b78704e7549cddaaedb9315bd4095b6261cf7d2b69df58c5343bcedfb91,gx-no-cache=1777312739682 HTTP/1.1" 200 30
201.186.225.193 - - [27/Apr/2026:14:53:30 -0300] "GET /cormun/servlet/solicitudot?6e2ab4d6bb595825294ec0b6b13ae2351ee15c0fdb3a8bbd68a3863a71e0dfd07531f2dcf164feb3bcab3c7b4f25ea845ae5e16c5da51cd3b397195dbd82697a,gx-no-cache=1777312739734 HTTP/1.1" 200 30
201.186.225.193 - - [27/Apr/2026:14:53:30 -0300] "GET /cormun/servlet/solicitudot?6e2ab4d6bb595825294ec0b6b13ae235ad1b765c68ff20c8eee2798ab3bf77aa,gx-no-cache=1777312739756 HTTP/1.1" 200 53
201.186.225.193 - - [27/Apr/2026:14:53:30 -0300] "POST /cormun/servlet/solicitudot?gx-no-cache=1777312739781 HTTP/1.1" 200 255
201.186.225.193 - - [27/Apr/2026:14:53:30 -0300] "GET /cormun/servlet/solicitudot?6e2ab4d6bb595825294ec0b6b13ae23506e8ee9dc519f26b29a9a364492a2995262ce1dea2a446d1244a9a473f6f29230aaa55804e282f1c20f541569898ab575928287a20fbb5b280e8c76370b32632cb3f5026a2aa28169f4e4a648f02d70867a4110e107867a7d8784daade4eef7b23b1ded86b358e2707627b90ef013be742f74bf6177560de873c893c91cf8c5a43c00cf436621dfd14287251730f4492d92173c0c713cec69ca8b65476eb92334fa984a927953922eecaa6d4e990ffd3902d292c35ac36a01f2d5ee59cdb725d1b409f2309dab8ff97487de2120f6b4723a90f24ef636c6e25ad5c86e8efbdf3e10d5af8ba94dde1499dbf24771d42f6ae95a6e52abe7e591e44b40124677a7f514cc887d36e39bfad943283a66fbd32a116e981e1dcf577074ede9163d6fbdb3e12ac7f62008fa0237051d4fd4e5c5b14917525bce0fff2251ae1234c889e80bae88879b97694e0d8db7229b721d4f7b4feb7ab47ae900b55417f2e70bb2704e3ee339bc41d19757892eab49ad4109a,gx-no-cache=1777312739805 HTTP/1.1" 200 30
190.95.2.157 - - [27/Apr/2026:14:53:31 -0300] "GET /cormun/servlet/permisogoce?d890ee617607722344fccfdec67a03deb4b4e0a06dcbbbb7cc37d4583e209eb2ce00b91e4d2b2f882b7605d2a55e2aa884d845838586231989e9c0050eef1dae,gx-no-cache=1777312740703 HTTP/1.1" 200 79
179.57.78.71 - - [27/Apr/2026:14:53:31 -0300] "GET /cormun/servlet/solicitudot?38516a97b61a9dcf50d42f39aeb42e45388efcf67d2bb91ac1b0895bcd17514011a2c0623317841a9c949cae0b2530c1,gx-no-cache=1777312740781 HTTP/1.1" 200 30
201.186.225.193 - - [27/Apr/2026:14:53:31 -0300] "POST /cormun/servlet/solicitudot?gx-no-cache=1777312741102 HTTP/1.1" 200 30
201.186.225.193 - - [27/Apr/2026:14:53:33 -0300] "POST /cormun/servlet/solicitudot?gx-no-cache=1777312742955 HTTP/1.1" 200 1481
201.186.225.193 - - [27/Apr/2026:14:53:33 -0300] "POST /cormun/servlet/solicitudot?gx-no-cache=1777312743003 HTTP/1.1" 200 38
201.186.225.193 - - [27/Apr/2026:14:53:33 -0300] "GET /cormun/servlet/solicitudot?6e2ab4d6bb595825294ec0b6b13ae2354c962b57abc1c04d950d7ee26fa9b100e55e434590135e759984484c68f51579a7202c96099f913e2cdeff517f8a844b5aa57bf078a2d030ff80271546acbac9406bc0c377317ffe5514ee019a8c582ac0b34527fab1ea7e30acef826d393842,gx-no-cache=1777312743024 HTTP/1.1" 200 110
201.186.225.193 - - [27/Apr/2026:14:53:36 -0300] "POST /cormun/servlet/solicitudot?gx-no-cache=1777312745812 HTTP/1.1" 200 110
190.95.15.31 - - [27/Apr/2026:14:53:39 -0300] "POST /cormun/servlet/trlicencias?e3cf2aafc5ff6f71b47c2e091a0b2ca4,,gx-no-cache=1777312748236 HTTP/1.1" 200 18172
190.95.67.93 - - [27/Apr/2026:14:53:41 -0300] "GET /cormun/servlet/permisogoce?INS,0,,, HTTP/1.1" 200 7231
190.95.2.157 - - [27/Apr/2026:14:53:41 -0300] "GET /cormun/servlet/permisogoce?d890ee617607722344fccfdec67a03dede93bcba57c209c9cc9121f20a86d924125c6ad705b13ebe81a11b72d152fdab41b7e3812c826a6026377a23c9fd0c9b,gx-no-cache=1777312751237 HTTP/1.1" 200 48
201.186.225.193 - - [27/Apr/2026:14:53:41 -0300] "GET /cormun/servlet/solicitudot?6e2ab4d6bb595825294ec0b6b13ae2352f3065b584a6ca8f40ef49e4c0bbe2ef26a569b7365088afe9554aad2551f653909084b8fe3d2fd279453be760b7d6eaf4f2c19725f615966264a090e571c4a5fa58f635bfe5d6bd95d0560a9242e5f66c6b4cfcceb6692f16fae5df17b02962dfc1e3dfcdc10dc5503b9cb9bf55854b6440b9bbf0ed2e74f8100dce4e83b0803a3eb24d0c4ee3a6fa1d78fd23f21552,gx-no-cache=1777312751255 HTTP/1.1" 200 29
201.186.225.193 - - [27/Apr/2026:14:53:43 -0300] "GET /cormun/static/menuarrow.gif HTTP/1.1" 404 1015
190.95.2.157 - - [27/Apr/2026:14:53:44 -0300] "POST /cormun/servlet/permisogoce?582c9d8810c3bd52161b8bb02e40a904,INS,0,,,,gx-no-cache=1777312753552 HTTP/1.1" 200 93
190.95.2.157 - - [27/Apr/2026:14:53:44 -0300] "GET /cormun/servlet/hpexe_return? HTTP/1.1" 200 1031
190.95.2.157 - - [27/Apr/2026:14:53:44 -0300] "GET /cormun/servlet/trpermisosgoce?gx-no-cache=1777312357312 HTTP/1.1" 200 12338
201.186.225.193 - - [27/Apr/2026:14:53:47 -0300] "GET /cormun/servlet/solicitudot?6e2ab4d6bb595825294ec0b6b13ae2358009c4db64f7ab66861cbc6259162ff49bde07b29a6849ee4944a2f43f0c59d0,gx-no-cache=1777312756789 HTTP/1.1" 200 30
179.57.78.71 - - [27/Apr/2026:14:53:58 -0300] "GET /cormun/servlet/solicitudot?38516a97b61a9dcf50d42f39aeb42e45e98dde9701dacc3d714117e88af61d75ff17a61045b6d7abd69ee7b19d9e0d80248b016cd3bd144c7799121790456340,gx-no-cache=1777312768127 HTTP/1.1" 200 103
179.57.78.71 - - [27/Apr/2026:14:53:58 -0300] "GET /cormun/static/Shared/jqueryui/images/ui-bg_highlight-soft_100_c6c2c8_1x100.png HTTP/1.1" 404 1117
179.57.78.71 - - [27/Apr/2026:14:53:58 -0300] "GET /cormun/static/Shared/jqueryui/images/ui-icons_82798d_256x240.png HTTP/1.1" 404 1089
179.57.78.71 - - [27/Apr/2026:14:53:58 -0300] "GET /cormun/static/Shared/jqueryui/images/ui-bg_flat_55_994d53_40x100.png HTTP/1.1" 404 1097
179.57.78.71 - - [27/Apr/2026:14:53:58 -0300] "GET /cormun/static/Shared/jqueryui/images/ui-icons_ebccce_256x240.png HTTP/1.1" 404 1089
179.57.78.71 - - [27/Apr/2026:14:53:58 -0300] "GET /cormun/servlet/solicitudot?38516a97b61a9dcf50d42f39aeb42e459bcf62be978dcac6f32638d9b249abd9,gx-no-cache=1777312768201 HTTP/1.1" 200 53
201.186.225.193 - - [27/Apr/2026:14:54:08 -0300] "POST /cormun/servlet/solicitudot?gx-no-cache=1777312778297 HTTP/1.1" 200 30
190.95.67.93 - - [27/Apr/2026:14:54:12 -0300] "GET /cormun/servlet/permisogoce?cc3b8fc7317ca64d16754cacc8c6ec1abae48eddb35bb54daa8eabd290f8d1ae92b199646b0be1b5a93307977576f3d46e1ac838df8eaac9a92ea9dcd25e9fcc,gx-no-cache=1777312782161 HTTP/1.1" 200 86
190.95.67.93 - - [27/Apr/2026:14:54:20 -0300] "GET /cormun/servlet/permisogoce?cc3b8fc7317ca64d16754cacc8c6ec1ab624204fa0f76cae755551ce997e406e80b5e4ef69807712c21bc80f6923b67ae6fd0ff10f05d492cb2c7b0764ef8bd1,gx-no-cache=1777312790540 HTTP/1.1" 200 47
190.95.67.93 - - [27/Apr/2026:14:54:23 -0300] "POST /cormun/servlet/permisogoce?87316899f32bca202a7373dec803e3e8,INS,0,,,,gx-no-cache=1777312792934 HTTP/1.1" 200 93
190.95.67.93 - - [27/Apr/2026:14:54:23 -0300] "GET /cormun/servlet/hpexe_return? HTTP/1.1" 200 1010
190.95.67.93 - - [27/Apr/2026:14:54:23 -0300] "GET /cormun/servlet/trpermisosgoce HTTP/1.1" 200 15349
190.95.67.93 - - [27/Apr/2026:14:54:27 -0300] "GET /cormun/servlet/apermisogoceprn?13944228,P,20260427140006,PU HTTP/1.1" 200 1652
201.186.225.193 - - [27/Apr/2026:14:54:34 -0300] "GET /cormun/servlet/solicitudot?6e2ab4d6bb595825294ec0b6b13ae2358009c4db64f7ab66861cbc6259162ff49bde07b29a6849ee4944a2f43f0c59d0,gx-no-cache=1777312804163 HTTP/1.1" 200 30
201.186.225.193 - - [27/Apr/2026:14:54:34 -0300] "POST /cormun/servlet/solicitudot?gx-no-cache=1777312804198 HTTP/1.1" 200 30
190.95.15.31 - - [27/Apr/2026:14:54:34 -0300] "POST /cormun/servlet/trlicencias?e3cf2aafc5ff6f71b47c2e091a0b2ca4,,gx-no-cache=1777312803685 HTTP/1.1" 200 7478
201.186.225.193 - - [27/Apr/2026:14:54:41 -0300] "POST /cormun/servlet/solicitudot?5720441c6f7e48faf370c8c7345fcefe,INS,0,0,false,,gx-no-cache=1777312810536 HTTP/1.1" 200 93
201.186.225.193 - - [27/Apr/2026:14:54:41 -0300] "GET /cormun/servlet/hpexe_return? HTTP/1.1" 200 1010
201.186.225.193 - - [27/Apr/2026:14:54:41 -0300] "GET /cormun/servlet/trsolicitudot HTTP/1.1" 200 8935
190.95.1.185 - - [27/Apr/2026:14:54:53 -0300] "POST /cormun/servlet/trlicencias?dcad0acdf9bc6d7d91d2055841f0d7d8,,gx-no-cache=1777312822891 HTTP/1.1" 200 101
190.95.1.185 - - [27/Apr/2026:14:54:53 -0300] "GET /cormun/Licencias-9278.xls HTTP/1.1" 200 138240
201.186.225.193 - - [27/Apr/2026:14:54:56 -0300] "GET /cormun/servlet/trsolicitudot? HTTP/1.1" 200 8931
201.186.225.193 - - [27/Apr/2026:14:55:04 -0300] "POST /cormun/servlet/trsolicitudot?5720441c6f7e48faf370c8c7345fcefe,,gx-no-cache=1777312833816 HTTP/1.1" 200 4865
201.186.225.193 - - [27/Apr/2026:14:55:04 -0300] "GET /cormun/static/Shared/jqueryui/images/ui-bg_highlight-soft_100_c6c2c8_1x100.png HTTP/1.1" 404 1117
201.186.225.193 - - [27/Apr/2026:14:55:04 -0300] "GET /cormun/static/Shared/jqueryui/images/ui-icons_82798d_256x240.png HTTP/1.1" 404 1089
201.186.225.193 - - [27/Apr/2026:14:55:04 -0300] "GET /cormun/static/Shared/jqueryui/images/ui-bg_flat_55_fafafa_40x100.png HTTP/1.1" 404 1097
201.186.225.193 - - [27/Apr/2026:14:55:04 -0300] "GET /cormun/static/Shared/jqueryui/images/ui-icons_8d78a5_256x240.png HTTP/1.1" 404 1089
201.186.225.193 - - [27/Apr/2026:14:55:04 -0300] "POST /cormun/servlet/trsolicitudot?5720441c6f7e48faf370c8c7345fcefe,,gx-no-cache=1777312833976 HTTP/1.1" 200 4618
179.57.78.71 - - [27/Apr/2026:14:55:05 -0300] "GET /cormun/servlet/solicitudot?38516a97b61a9dcf50d42f39aeb42e45e98dde9701dacc3d714117e88af61d75ff17a61045b6d7abd69ee7b19d9e0d80843c32eb3f81c72a32967d77ff09fc8711a2c0623317841a9c949cae0b2530c1,gx-no-cache=1777312835188 HTTP/1.1" 200 30
179.57.78.71 - - [27/Apr/2026:14:55:05 -0300] "POST /cormun/servlet/solicitudot?gx-no-cache=1777312835255 HTTP/1.1" 200 240
179.57.78.71 - - [27/Apr/2026:14:55:05 -0300] "GET /cormun/servlet/solicitudot?38516a97b61a9dcf50d42f39aeb42e45b6c10ac51d1f4e8b2974f93445af273cb45cfe71e97bba081ea2a008af3aaa3e2a9045b1c29cbc8b4c631d48cd24013e86af6d800c3d670c57b602e7482e4bbfc40a3254cfbdd5df226d0c7a0e8d3fa8b89ee2d431b52d5950d8bd53ba98b18d4c77b1b6db7b3b7ce33754e8d5b85f6e3d7e3100a86100c80103d51b26db12f1c061d02c2b3d38a93127ae55b8e6ef1009c713303a767638274807d4ac74e59851c061fc8f0476493560331b8b0ee2ccd26ed88c8a1daa3d08e5a475a5094e0c8651bfce94aa213420655b1193cff6e73c6d2c93b434d62a6ae288c4f327dcf1d027f6003f1086304a5bdab464c5bdc7cabd84e3dc1473f2ee0846a25886e603c885d29e7f012779cbfb0808200037137f38487ff6cfeaca2154c5b9b4bd9d71122237896d77419b9960b4fb785885cf48c337f8a26441a85838af3213b04072098756a8285d8462509de0a8546f7b89f66e7053a54a45a5996b74e6b7df105426822a9cb7476007520b2884c0da04ba,gx-no-cache=1777312835292 HTTP/1.1" 200 30
179.57.78.71 - - [27/Apr/2026:14:55:07 -0300] "POST /cormun/servlet/solicitudot?gx-no-cache=1777312837378 HTTP/1.1" 200 30
179.57.78.71 - - [27/Apr/2026:14:55:10 -0300] "POST /cormun/servlet/solicitudot?gx-no-cache=1777312840236 HTTP/1.1" 200 1481
179.57.78.71 - - [27/Apr/2026:14:55:10 -0300] "POST /cormun/servlet/solicitudot?gx-no-cache=1777312840289 HTTP/1.1" 200 38
179.57.78.71 - - [27/Apr/2026:14:55:10 -0300] "GET /cormun/servlet/solicitudot?38516a97b61a9dcf50d42f39aeb42e458a064c8fb8249ae97690f54084f78a740172b31419ca92271704d28d963a6edda4c9f90f61880f0bc149e763061e7ab0df11c38bb0bf1cfa56889af22df49df002b96813c35c3408abc8177e4bc53f684f56cfb6bb3d3077a547c9535e331788,gx-no-cache=1777312840319 HTTP/1.1" 200 110
201.186.225.193 - - [27/Apr/2026:14:55:11 -0300] "GET /cormun/servlet/trautorizarsolicitud? HTTP/1.1" 200 9218
179.57.78.71 - - [27/Apr/2026:14:55:17 -0300] "POST /cormun/servlet/solicitudot?gx-no-cache=1777312847054 HTTP/1.1" 200 97
190.95.15.31 - - [27/Apr/2026:14:55:21 -0300] "POST /cormun/servlet/trlicencias?e3cf2aafc5ff6f71b47c2e091a0b2ca4,,gx-no-cache=1777312850130 HTTP/1.1" 200 18173
201.186.225.193 - - [27/Apr/2026:14:55:22 -0300] "POST /cormun/servlet/trautorizarsolicitud?5720441c6f7e48faf370c8c7345fcefe,,gx-no-cache=1777312851735 HTTP/1.1" 200 6016
201.186.225.193 - - [27/Apr/2026:14:55:22 -0300] "POST /cormun/servlet/trautorizarsolicitud?5720441c6f7e48faf370c8c7345fcefe,,gx-no-cache=1777312851902 HTTP/1.1" 200 5962
201.186.225.193 - - [27/Apr/2026:14:55:38 -0300] "GET /cormun/servlet/trsolicitudot? HTTP/1.1" 200 7516
201.186.225.193 - - [27/Apr/2026:14:55:40 -0300] "GET /cormun/servlet/solicitudot?INS,0,0,false, HTTP/1.1" 200 16355
190.95.2.157 - - [27/Apr/2026:14:55:42 -0300] "GET /cormun/servlet/trpermisosadjuntos?17613380,20260427135935,P, HTTP/1.1" 200 6660
190.95.2.157 - - [27/Apr/2026:14:55:44 -0300] "GET /cormun/servlet/permisosadjuntos?INS,17613380,P,20260427135935,, HTTP/1.1" 200 5967
190.95.2.157 - - [27/Apr/2026:14:55:44 -0300] "GET /cormun/static/about:blank HTTP/1.1" 404 1011
201.186.225.193 - - [27/Apr/2026:14:55:51 -0300] "POST /cormun/servlet/solicitudot?gx-no-cache=1777312880629 HTTP/1.1" 200 4190
201.186.225.193 - - [27/Apr/2026:14:55:51 -0300] "POST /cormun/servlet/solicitudot?5720441c6f7e48faf370c8c7345fcefe,INS,0,0,false,,gx-no-cache=1777312880763 HTTP/1.1" 200 13070
190.95.2.157 - - [27/Apr/2026:14:55:52 -0300] "POST /cormun/servlet/permisosadjuntos?582c9d8810c3bd52161b8bb02e40a904,INS,17613380,P,20260427135935,, HTTP/1.1" 200 116
190.95.2.157 - - [27/Apr/2026:14:55:52 -0300] "GET /cormun/servlet/hpexe_return? HTTP/1.1" 200 1041
190.95.2.157 - - [27/Apr/2026:14:55:52 -0300] "GET /cormun/servlet/trpermisosadjuntos?17613380,20260427135935,P, HTTP/1.1" 200 7143
190.95.2.157 - - [27/Apr/2026:14:55:53 -0300] "POST /cormun/servlet/trpermisosadjuntos?582c9d8810c3bd52161b8bb02e40a904,17613380,20260427135935,P,,gx-no-cache=1777312883431 HTTP/1.1" 200 90
190.95.2.157 - - [27/Apr/2026:14:55:53 -0300] "GET /cormun/servlet/hpexe_link HTTP/1.1" 200 1005
190.95.2.157 - - [27/Apr/2026:14:55:53 -0300] "GET /cormun/servlet/trpermisosgoce?gx-no-cache=1777312357312 HTTP/1.1" 200 12335
190.95.2.157 - - [27/Apr/2026:14:55:57 -0300] "POST /cormun/servlet/trpermisosgoce?582c9d8810c3bd52161b8bb02e40a904,gx-no-cache=1777312357312,gx-no-cache=1777312887480 HTTP/1.1" 200 9563
190.95.2.157 - - [27/Apr/2026:14:55:58 -0300] "GET /cormun/servlet/apermisogoceprn?17613380,P,20260427135935,PU HTTP/1.1" 200 1662
190.95.2.157 - - [27/Apr/2026:14:55:59 -0300] "GET /cormun/servlet/apermisogoceprn?17613380,P,20260427135935,PU HTTP/1.1" 200 1657
201.186.225.193 - - [27/Apr/2026:14:56:00 -0300] "GET /cormun/servlet/trsolicitudot? HTTP/1.1" 200 7517
201.186.225.193 - - [27/Apr/2026:14:56:03 -0300] "GET /cormun/servlet/solicitudot?INS,0,0,false, HTTP/1.1" 200 16355
179.57.78.71 - - [27/Apr/2026:14:56:07 -0300] "GET /cormun/servlet/solicitudot?38516a97b61a9dcf50d42f39aeb42e45b80b30300188bbe4a573dce313b7f11e42ea0c191ddf73c0d07805b9cc1937765abece00e5d870372680c1e88189b443f57eb47a9a8c8d6cab606d33875cf5c86b0b1e29eac88cb4ae7d0b46ad0abaf604344dc5d0b5bb40073c38256453fa44,gx-no-cache=1777312897641 HTTP/1.1" 200 29
201.186.225.193 - - [27/Apr/2026:14:56:19 -0300] "POST /cormun/servlet/solicitudot?gx-no-cache=1777312909385 HTTP/1.1" 200 4190
201.186.225.193 - - [27/Apr/2026:14:56:19 -0300] "POST /cormun/servlet/solicitudot?5720441c6f7e48faf370c8c7345fcefe,INS,0,0,false,,gx-no-cache=1777312909521 HTTP/1.1" 200 13070
179.57.78.71 - - [27/Apr/2026:14:56:22 -0300] "GET /cormun/servlet/solicitudot?38516a97b61a9dcf50d42f39aeb42e458efa018ae76d1fdc81684de2b9a508288dedc13d401c6397f9b9603e07760830,gx-no-cache=1777312912287 HTTP/1.1" 200 30
190.95.15.31 - - [27/Apr/2026:14:56:26 -0300] "POST /cormun/servlet/trlicencias?e3cf2aafc5ff6f71b47c2e091a0b2ca4,,gx-no-cache=1777312915068 HTTP/1.1" 200 6470
179.57.78.71 - - [27/Apr/2026:14:56:33 -0300] "POST /cormun/servlet/solicitudot?gx-no-cache=1777312922959 HTTP/1.1" 200 30
201.186.225.193 - - [27/Apr/2026:14:56:39 -0300] "GET /cormun/servlet/hhome HTTP/1.1" 200 3321
201.186.225.193 - - [27/Apr/2026:14:56:39 -0300] "GET /cormun/servlet/hlogin HTTP/1.1" 200 1728
201.186.225.193 - - [27/Apr/2026:14:56:42 -0300] "POST /cormun/servlet/hlogin?aee59650a0f5f62e5e65add24d59812a,gx-no-cache=1777312932375 HTTP/1.1" 200 90
201.186.225.193 - - [27/Apr/2026:14:56:42 -0300] "GET /cormun/servlet/hpexe_link HTTP/1.1" 200 947
201.186.225.193 - - [27/Apr/2026:14:56:42 -0300] "GET /cormun/servlet/hhome HTTP/1.1" 200 4292
201.186.225.193 - - [27/Apr/2026:14:56:45 -0300] "GET /cormun/servlet/trsolicitudot? HTTP/1.1" 200 7512
201.186.225.193 - - [27/Apr/2026:14:56:49 -0300] "GET /cormun/servlet/solicitudot?INS,0,0,false, HTTP/1.1" 200 16347
201.186.225.193 - - [27/Apr/2026:14:59:52 -0300] "POST /cormun/servlet/solicitudot?gx-no-cache=1777313121624 HTTP/1.1" 200 4171
201.186.225.193 - - [27/Apr/2026:14:59:52 -0300] "POST /cormun/servlet/solicitudot?aee59650a0f5f62e5e65add24d59812a,INS,0,0,false,,gx-no-cache=1777313121755 HTTP/1.1" 200 13042
201.186.225.193 - - [27/Apr/2026:14:59:58 -0300] "GET /cormun/servlet/solicitudot?80ae35ac75dcf36a581eb7fce3a7e86f969cc8a18335ddf1fe19e5a7381a5da338f4ff87f23ef9d3f8f2e763051af1e7,gx-no-cache=1777313128630 HTTP/1.1" 200 30
201.186.225.249 - - [27/Apr/2026:15:00:07 -0300] "GET /cormun/servlet/hlogin HTTP/1.1" 200 1719
201.186.225.249 - - [27/Apr/2026:15:00:07 -0300] "GET /cormun/static/gxcfg.js?2022112219184450 HTTP/1.1" 200 953
201.186.225.249 - - [27/Apr/2026:15:00:07 -0300] "GET /cormun/static/hlogin.js?2022112219184458 HTTP/1.1" 200 2156
201.186.225.249 - - [27/Apr/2026:15:00:07 -0300] "GET /cormun/static/Resources/CormunLogin.png HTTP/1.1" 200 19132
201.186.225.249 - - [27/Apr/2026:15:00:07 -0300] "GET /cormun/static/Resources/Spanish/PXTools.css?1759030 HTTP/1.1" 200 100853
201.186.225.249 - - [27/Apr/2026:15:00:07 -0300] "GET /cormun/static/Resources/PXToolsLoginTop.png HTTP/1.1" 200 1337
201.186.225.249 - - [27/Apr/2026:15:00:07 -0300] "GET /cormun/static/Resources/PXToolsLoginBackground.png HTTP/1.1" 200 1164
201.186.225.249 - - [27/Apr/2026:15:00:07 -0300] "GET /cormun/static/Resources/PXToolsLoginBottom.png HTTP/1.1" 200 1389
201.186.225.193 - - [27/Apr/2026:15:00:12 -0300] "GET /cormun/servlet/solicitudot?80ae35ac75dcf36a581eb7fce3a7e86f37e971e8f9dd079bb57b06da3f823b08a6eec4034e0fac4bf486fac58bd43af6b5d210437d69570fc6818e30afd19062,gx-no-cache=1777313142467 HTTP/1.1" 200 30
201.186.225.193 - - [27/Apr/2026:15:00:12 -0300] "GET /cormun/servlet/solicitudot?80ae35ac75dcf36a581eb7fce3a7e86fc6b5d676b3a9e76b6e7b8ae7edce2b2b,gx-no-cache=1777313142494 HTTP/1.1" 200 51
201.186.225.193 - - [27/Apr/2026:15:00:12 -0300] "POST /cormun/servlet/solicitudot?gx-no-cache=1777313142524 HTTP/1.1" 200 255
201.186.225.193 - - [27/Apr/2026:15:00:12 -0300] "GET /cormun/servlet/solicitudot?80ae35ac75dcf36a581eb7fce3a7e86f3e955f5db5fd2e40eef805623b81f3e2306a4a9ba8d90c2aa3273b9f59bccc48014b1b2b809b70c8010d36e93d51331245d573334b26be6b746bb9f871db141f22e6144f86648170100e893095a90da32dd22c197674340fda00745ab9d343dbf69bd73bbd8e5bdfdeea7d74a36187f43c3da8fd5f00e6188861bfe55e28f02cbcd9bd4086bc20d30fb4a7c0bae89e9c54637d4661ada7dd48440a6a133fd9da035c8058f8182579af774678b6c53de0448ca6e2c1e2be2f21d1957fb83d9e37c5aaad84a161eaa293c405dd346f2d38320095828a0cfec72c8eca64075ebb9379787042c0af2d83ec6cd90803b8a3c44037c0a190e600ba4366497930b700cd03cc34e838ce2d4feb00cd39d3932654ff12f86e8cc1945dfd21ba9e29810d9aed18d081dd9beea2a0a0f3094b52ce19ba85b60aaad31af5898137c709bf0a9ccfb50f06f776fba93e7e4192bc41677f6a743eb0fd2f4c1fb36dda0bc37de7738b453e5439f725705f0a9fa4974cf186,gx-no-cache=1777313142563 HTTP/1.1" 200 30
201.186.225.249 - - [27/Apr/2026:15:00:14 -0300] "POST /cormun/servlet/hlogin?3f58d72e91848f72b254a2c114d2f242,gx-no-cache=1777313144210 HTTP/1.1" 200 90
201.186.225.249 - - [27/Apr/2026:15:00:14 -0300] "GET /cormun/servlet/hpexe_link HTTP/1.1" 200 950
201.186.225.249 - - [27/Apr/2026:15:00:14 -0300] "GET /cormun/static/gxcfg.js?20221129847421 HTTP/1.1" 200 953
201.186.225.249 - - [27/Apr/2026:15:00:14 -0300] "GET /cormun/static/hpexe_link.js?20221129847423 HTTP/1.1" 200 625
201.186.225.249 - - [27/Apr/2026:15:00:14 -0300] "GET /cormun/servlet/hhome HTTP/1.1" 200 4303
201.186.225.249 - - [27/Apr/2026:15:00:14 -0300] "GET /cormun/static/gxcfg.js?20201215495537 HTTP/1.1" 200 953
201.186.225.249 - - [27/Apr/2026:15:00:14 -0300] "GET /cormun/static/hhome.js?20201215495544 HTTP/1.1" 200 777
201.186.225.193 - - [27/Apr/2026:15:00:16 -0300] "POST /cormun/servlet/solicitudot?gx-no-cache=1777313146326 HTTP/1.1" 200 30
201.186.225.249 - - [27/Apr/2026:15:00:16 -0300] "GET /cormun/servlet/trlicencias? HTTP/1.1" 200 12381
201.186.225.249 - - [27/Apr/2026:15:00:16 -0300] "GET /cormun/static/gxcfg.js?202211298463625 HTTP/1.1" 200 953
201.186.225.249 - - [27/Apr/2026:15:00:16 -0300] "GET /cormun/static/trlicencias.js?202211298463889 HTTP/1.1" 200 41883
201.186.225.249 - - [27/Apr/2026:15:00:16 -0300] "GET /cormun/static/Resources/PXToolsAddAllAction.png HTTP/1.1" 200 495
201.186.225.249 - - [27/Apr/2026:15:00:16 -0300] "GET /cormun/static/Resources/PXToolsActionExcel.png HTTP/1.1" 200 727
201.186.225.249 - - [27/Apr/2026:15:00:16 -0300] "GET /cormun//static/Resources/PXToolsGridDisplay.png HTTP/1.1" 200 525
201.186.225.249 - - [27/Apr/2026:15:00:16 -0300] "GET /cormun//static/Resources/PXToolsActionDisabled.gif HTTP/1.1" 200 53
201.186.225.249 - - [27/Apr/2026:15:00:16 -0300] "GET /cormun//static/Resources/PXTools/ActionInsert.png HTTP/1.1" 200 1482
201.186.225.249 - - [27/Apr/2026:15:00:16 -0300] "GET /cormun//static/Resources/PXToolsActionPrint.png HTTP/1.1" 200 404
201.186.225.249 - - [27/Apr/2026:15:00:16 -0300] "GET /cormun//static/Resources/PXToolsHeaderHelp.png HTTP/1.1" 200 1333
201.186.225.249 - - [27/Apr/2026:15:00:16 -0300] "GET /cormun//static/Resources/PXToolsHeaderFavorites.png HTTP/1.1" 200 1414
201.186.225.193 - - [27/Apr/2026:15:00:20 -0300] "POST /cormun/servlet/solicitudot?gx-no-cache=1777313150050 HTTP/1.1" 200 1481
201.186.225.193 - - [27/Apr/2026:15:00:20 -0300] "POST /cormun/servlet/solicitudot?gx-no-cache=1777313150108 HTTP/1.1" 200 38
201.186.225.193 - - [27/Apr/2026:15:00:20 -0300] "GET /cormun/servlet/solicitudot?80ae35ac75dcf36a581eb7fce3a7e86f0fcadec2b9fde5173abb178f774bf378e16e3ebde9e2655e304c2d95564179aafbe5dd37f4a2ff70425c0f9118721d0cf7f4ff3658544f78348cff576f5f5d18af172513d0908b62a484f032b5c3a527efbc990fb66a50a9bb675fbdd6fc472e,gx-no-cache=1777313150129 HTTP/1.1" 200 110
201.186.225.193 - - [27/Apr/2026:15:00:20 -0300] "POST /cormun/servlet/solicitudot?gx-no-cache=1777313150150 HTTP/1.1" 200 97
179.57.78.71 - - [27/Apr/2026:15:00:23 -0300] "POST /cormun/servlet/solicitudot?d08fcb20fa6f6497ef11145d81b6bf48,INS,0,0,false,,gx-no-cache=1777313152970 HTTP/1.1" 200 93
179.57.78.71 - - [27/Apr/2026:15:00:23 -0300] "GET /cormun/servlet/hpexe_return? HTTP/1.1" 200 1013
179.57.78.71 - - [27/Apr/2026:15:00:23 -0300] "GET /cormun/static/gxcfg.js?20221129846035 HTTP/1.1" 200 953
179.57.78.71 - - [27/Apr/2026:15:00:23 -0300] "GET /cormun/static/hpexe_return.js?20221129846037 HTTP/1.1" 200 1633
179.57.78.71 - - [27/Apr/2026:15:00:23 -0300] "GET /cormun/servlet/trsolicitudot HTTP/1.1" 200 8880
201.186.225.193 - - [27/Apr/2026:15:00:35 -0300] "GET /cormun/servlet/solicitudot?80ae35ac75dcf36a581eb7fce3a7e86fda9112f60a56ae6fbdc1d8233e9552992170278829b6b165d3b69f916e1eb01d08f552a4df63e96791f588a8a2a7aa92f10c1eab97d8f1e719938aa98cc765f524e94eb00c9015a216966a9005bd2fb2768b6a1c5fcde978dcd873b7cba486590bc62de150f689a4dc405fd4a5c8d0138fae83e68f37d9bb71d0ff41fe546909288a80ec049686280ada4b575da0cd6b,gx-no-cache=1777313165566 HTTP/1.1" 200 29
201.186.225.193 - - [27/Apr/2026:15:00:35 -0300] "GET /cormun/static/menuarrow.gif HTTP/1.1" 404 1015
201.186.225.193 - - [27/Apr/2026:15:00:40 -0300] "GET /cormun/servlet/solicitudot?80ae35ac75dcf36a581eb7fce3a7e86f784a9e0a0cd4b13683b6de06915515668e2cd094c10303aefe32f9e2f3a95769,gx-no-cache=1777313169789 HTTP/1.1" 200 30
201.186.225.193 - - [27/Apr/2026:15:00:52 -0300] "POST /cormun/servlet/solicitudot?gx-no-cache=1777313182182 HTTP/1.1" 200 30
40.77.167.16 - - [27/Apr/2026:15:01:27 -0300] "GET /cormun/servlet/hlogin HTTP/1.1" 200 1719
201.186.225.193 - - [27/Apr/2026:15:01:40 -0300] "POST /cormun/servlet/solicitudot?aee59650a0f5f62e5e65add24d59812a,INS,0,0,false,,gx-no-cache=1777313230079 HTTP/1.1" 200 93
201.186.225.193 - - [27/Apr/2026:15:01:40 -0300] "GET /cormun/servlet/hpexe_return? HTTP/1.1" 200 1004
201.186.225.193 - - [27/Apr/2026:15:01:40 -0300] "GET /cormun/servlet/trsolicitudot HTTP/1.1" 200 8919
179.57.78.71 - - [27/Apr/2026:15:01:47 -0300] "POST /cormun/servlet/trsolicitudot?d08fcb20fa6f6497ef11145d81b6bf48,gx-no-cache=1777313237443 HTTP/1.1" 200 4871
179.57.78.71 - - [27/Apr/2026:15:01:47 -0300] "GET /cormun/static/Shared/jqueryui/images/ui-bg_flat_55_fafafa_40x100.png HTTP/1.1" 404 1097
179.57.78.71 - - [27/Apr/2026:15:01:47 -0300] "GET /cormun/static/Shared/jqueryui/images/ui-icons_8d78a5_256x240.png HTTP/1.1" 404 1089
179.57.78.71 - - [27/Apr/2026:15:01:48 -0300] "POST /cormun/servlet/trsolicitudot?d08fcb20fa6f6497ef11145d81b6bf48,gx-no-cache=1777313237607 HTTP/1.1" 200 4621
201.186.225.193 - - [27/Apr/2026:15:02:07 -0300] "GET /cormun/servlet/trsolicitudot? HTTP/1.1" 200 8915
201.186.225.193 - - [27/Apr/2026:15:02:13 -0300] "POST /cormun/servlet/trsolicitudot?aee59650a0f5f62e5e65add24d59812a,,gx-no-cache=1777313262642 HTTP/1.1" 200 4846
201.186.225.193 - - [27/Apr/2026:15:02:13 -0300] "GET /cormun/static/Shared/jqueryui/images/ui-bg_highlight-soft_100_c6c2c8_1x100.png HTTP/1.1" 404 1117
201.186.225.193 - - [27/Apr/2026:15:02:13 -0300] "GET /cormun/static/Shared/jqueryui/images/ui-icons_82798d_256x240.png HTTP/1.1" 404 1089
201.186.225.193 - - [27/Apr/2026:15:02:13 -0300] "GET /cormun/static/Shared/jqueryui/images/ui-bg_flat_55_fafafa_40x100.png HTTP/1.1" 404 1097
201.186.225.193 - - [27/Apr/2026:15:02:13 -0300] "GET /cormun/static/Shared/jqueryui/images/ui-icons_8d78a5_256x240.png HTTP/1.1" 404 1089
201.186.225.193 - - [27/Apr/2026:15:02:13 -0300] "POST /cormun/servlet/trsolicitudot?aee59650a0f5f62e5e65add24d59812a,,gx-no-cache=1777313262798 HTTP/1.1" 200 4612
201.186.225.193 - - [27/Apr/2026:15:02:17 -0300] "GET /cormun/servlet/trautorizarsolicitud? HTTP/1.1" 200 9274
201.186.225.193 - - [27/Apr/2026:15:02:22 -0300] "POST /cormun/servlet/trautorizarsolicitud?aee59650a0f5f62e5e65add24d59812a,,gx-no-cache=1777313272079 HTTP/1.1" 200 6015
201.186.225.193 - - [27/Apr/2026:15:02:22 -0300] "POST /cormun/servlet/trautorizarsolicitud?aee59650a0f5f62e5e65add24d59812a,,gx-no-cache=1777313272190 HTTP/1.1" 200 5960
190.95.1.185 - - [27/Apr/2026:15:02:30 -0300] "GET /cormun/servlet/hlogin HTTP/1.1" 200 1715
201.186.225.193 - - [27/Apr/2026:15:02:30 -0300] "POST /cormun/servlet/trautorizarsolicitud?aee59650a0f5f62e5e65add24d59812a,,gx-no-cache=1777313279766 HTTP/1.1" 200 4790
201.186.225.193 - - [27/Apr/2026:15:02:30 -0300] "POST /cormun/servlet/trautorizarsolicitud?aee59650a0f5f62e5e65add24d59812a,,gx-no-cache=1777313279887 HTTP/1.1" 200 4543
201.186.225.193 - - [27/Apr/2026:15:02:38 -0300] "GET /cormun/servlet/trsolicitudot? HTTP/1.1" 200 7511
201.186.225.193 - - [27/Apr/2026:15:02:40 -0300] "GET /cormun/servlet/solicitudot?INS,0,0,false, HTTP/1.1" 200 16347
201.186.225.193 - - [27/Apr/2026:15:02:52 -0300] "POST /cormun/servlet/solicitudot?gx-no-cache=1777313301585 HTTP/1.1" 200 4170
201.186.225.193 - - [27/Apr/2026:15:02:52 -0300] "POST /cormun/servlet/solicitudot?aee59650a0f5f62e5e65add24d59812a,INS,0,0,false,,gx-no-cache=1777313301723 HTTP/1.1" 200 13053
201.186.225.193 - - [27/Apr/2026:15:03:00 -0300] "GET /cormun/servlet/solicitudot?80ae35ac75dcf36a581eb7fce3a7e86f7af8c4b1727251fd11aff796638f412038f4ff87f23ef9d3f8f2e763051af1e7,gx-no-cache=1777313310048 HTTP/1.1" 200 30
201.186.225.193 - - [27/Apr/2026:15:03:00 -0300] "GET /cormun/servlet/solicitudot?80ae35ac75dcf36a581eb7fce3a7e86f6e9e65cafed231c67c45a00caa02e7072466f75e085dd1bfdd89581a6aabbe3938f4ff87f23ef9d3f8f2e763051af1e7,gx-no-cache=1777313310086 HTTP/1.1" 200 30
201.186.225.193 - - [27/Apr/2026:15:03:00 -0300] "GET /cormun/servlet/solicitudot?80ae35ac75dcf36a581eb7fce3a7e86f2dcdfa732ae0234caa20d03b6335e55f,gx-no-cache=1777313310106 HTTP/1.1" 200 60
201.186.225.193 - - [27/Apr/2026:15:03:00 -0300] "POST /cormun/servlet/solicitudot?gx-no-cache=1777313310127 HTTP/1.1" 200 255
201.186.225.193 - - [27/Apr/2026:15:03:00 -0300] "GET /cormun/servlet/solicitudot?80ae35ac75dcf36a581eb7fce3a7e86f3e955f5db5fd2e40eef805623b81f3e2306a4a9ba8d90c2aa3273b9f59bccc48014b1b2b809b70c8010d36e93d51331245d573334b26be6b746bb9f871db141f22e6144f86648170100e893095a90da32dd22c197674340fda00745ab9d343dbf69bd73bbd8e5bdfdeea7d74a36187f43c3da8fd5f00e6188861bfe55e28f02cbcd9bd4086bc20d30fb4a7c0bae89e9c54637d4661ada7dd48440a6a133fd9da035c8058f8182579af774678b6c53de0448ca6e2c1e2be2f21d1957fb83d9e37c5aaad84a161eaa293c405dd346f2d38320095828a0cfec72c8eca64075ebb9379787042c0af2d83ec6cd90803b8a3c44037c0a190e600ba4366497930b700cd03cc34e838ce2d4feb00cd39d3932654ff12f86e8cc1945dfd21ba9e29810d9aed18d081dd9beea2a0a0f3094b52ce19ba85b60aaad31af5898137c709bf0a9ccfb50f06f776fba93e7e4192bc41677f6a743eb0fd2f4c1fb36dda0bc37de7738b453e5439f725705f0a9fa4974cf186,gx-no-cache=1777313310150 HTTP/1.1" 200 30
201.186.225.193 - - [27/Apr/2026:15:03:02 -0300] "POST /cormun/servlet/solicitudot?gx-no-cache=1777313311798 HTTP/1.1" 200 30
201.186.225.193 - - [27/Apr/2026:15:03:04 -0300] "POST /cormun/servlet/solicitudot?gx-no-cache=1777313313885 HTTP/1.1" 200 1481
201.186.225.193 - - [27/Apr/2026:15:03:04 -0300] "POST /cormun/servlet/solicitudot?gx-no-cache=1777313313941 HTTP/1.1" 200 38
201.186.225.193 - - [27/Apr/2026:15:03:04 -0300] "GET /cormun/servlet/solicitudot?80ae35ac75dcf36a581eb7fce3a7e86f0fcadec2b9fde5173abb178f774bf378e16e3ebde9e2655e304c2d95564179aafbe5dd37f4a2ff70425c0f9118721d0cf7f4ff3658544f78348cff576f5f5d18af172513d0908b62a484f032b5c3a527efbc990fb66a50a9bb675fbdd6fc472e,gx-no-cache=1777313313960 HTTP/1.1" 200 110
201.186.225.193 - - [27/Apr/2026:15:03:04 -0300] "POST /cormun/servlet/solicitudot?gx-no-cache=1777313313978 HTTP/1.1" 200 110
201.186.225.193 - - [27/Apr/2026:15:03:10 -0300] "GET /cormun/servlet/solicitudot?80ae35ac75dcf36a581eb7fce3a7e86fda9112f60a56ae6fbdc1d8233e9552992170278829b6b165d3b69f916e1eb01d08f552a4df63e96791f588a8a2a7aa92f10c1eab97d8f1e719938aa98cc765f524e94eb00c9015a216966a9005bd2fb2768b6a1c5fcde978dcd873b7cba486590bc62de150f689a4dc405fd4a5c8d0138fae83e68f37d9bb71d0ff41fe546909288a80ec049686280ada4b575da0cd6b,gx-no-cache=1777313319744 HTTP/1.1" 200 29
201.186.225.193 - - [27/Apr/2026:15:03:27 -0300] "GET /cormun/servlet/solicitudot?80ae35ac75dcf36a581eb7fce3a7e86f784a9e0a0cd4b13683b6de06915515668e2cd094c10303aefe32f9e2f3a95769,gx-no-cache=1777313336853 HTTP/1.1" 200 30
201.186.225.193 - - [27/Apr/2026:15:03:29 -0300] "POST /cormun/servlet/solicitudot?gx-no-cache=1777313339339 HTTP/1.1" 200 30
201.186.225.193 - - [27/Apr/2026:15:04:41 -0300] "POST /cormun/servlet/solicitudot?aee59650a0f5f62e5e65add24d59812a,INS,0,0,false,,gx-no-cache=1777313410960 HTTP/1.1" 200 93
201.186.225.193 - - [27/Apr/2026:15:04:41 -0300] "GET /cormun/servlet/hpexe_return? HTTP/1.1" 200 1004
201.186.225.193 - - [27/Apr/2026:15:04:41 -0300] "GET /cormun/servlet/trsolicitudot HTTP/1.1" 200 8906
201.186.225.193 - - [27/Apr/2026:15:05:09 -0300] "GET /cormun/servlet/trsolicitudot? HTTP/1.1" 200 8903
201.186.225.193 - - [27/Apr/2026:15:05:14 -0300] "POST /cormun/servlet/trsolicitudot?aee59650a0f5f62e5e65add24d59812a,,gx-no-cache=1777313443663 HTTP/1.1" 200 4839
201.186.225.193 - - [27/Apr/2026:15:05:14 -0300] "POST /cormun/servlet/trsolicitudot?aee59650a0f5f62e5e65add24d59812a,,gx-no-cache=1777313443817 HTTP/1.1" 200 4611
201.186.225.193 - - [27/Apr/2026:15:05:19 -0300] "GET /cormun/servlet/trautorizarsolicitud? HTTP/1.1" 200 8795
201.186.225.193 - - [27/Apr/2026:15:05:24 -0300] "POST /cormun/servlet/trautorizarsolicitud?aee59650a0f5f62e5e65add24d59812a,,gx-no-cache=1777313453671 HTTP/1.1" 200 4770
201.186.225.193 - - [27/Apr/2026:15:05:24 -0300] "POST /cormun/servlet/trautorizarsolicitud?aee59650a0f5f62e5e65add24d59812a,,gx-no-cache=1777313453803 HTTP/1.1" 200 4542
190.95.15.31 - - [27/Apr/2026:15:08:11 -0300] "POST /cormun/servlet/trlicencias?e3cf2aafc5ff6f71b47c2e091a0b2ca4,,gx-no-cache=1777313620529 HTTP/1.1" 200 6459
190.95.15.31 - - [27/Apr/2026:15:08:13 -0300] "POST /cormun/servlet/trlicencias?e3cf2aafc5ff6f71b47c2e091a0b2ca4,,gx-no-cache=1777313622817 HTTP/1.1" 200 6459
190.95.15.31 - - [27/Apr/2026:15:08:15 -0300] "POST /cormun/servlet/trlicencias?e3cf2aafc5ff6f71b47c2e091a0b2ca4,,gx-no-cache=1777313623913 HTTP/1.1" 200 6459
190.95.15.31 - - [27/Apr/2026:15:08:20 -0300] "POST /cormun/servlet/trlicencias?e3cf2aafc5ff6f71b47c2e091a0b2ca4,,gx-no-cache=1777313628706 HTTP/1.1" 200 18172
190.95.15.31 - - [27/Apr/2026:15:08:57 -0300] "POST /cormun/servlet/trlicencias?e3cf2aafc5ff6f71b47c2e091a0b2ca4,,gx-no-cache=1777313666044 HTTP/1.1" 200 5961
190.95.15.31 - - [27/Apr/2026:15:09:55 -0300] "POST /cormun/servlet/trlicencias?e3cf2aafc5ff6f71b47c2e091a0b2ca4,,gx-no-cache=1777313724185 HTTP/1.1" 200 18176
190.95.15.31 - - [27/Apr/2026:15:11:05 -0300] "POST /cormun/servlet/trlicencias?e3cf2aafc5ff6f71b47c2e091a0b2ca4,,gx-no-cache=1777313794075 HTTP/1.1" 200 18290
190.95.15.31 - - [27/Apr/2026:15:11:39 -0300] "POST /cormun/servlet/trlicencias?e3cf2aafc5ff6f71b47c2e091a0b2ca4,,gx-no-cache=1777313828595 HTTP/1.1" 200 6258
200.126.116.145 - - [27/Apr/2026:15:11:43 -0300] "GET /cormun/servlet/trpermisosingoce? HTTP/1.1" 200 6051
200.126.116.145 - - [27/Apr/2026:15:11:43 -0300] "GET /cormun/static/gxcfg.js?2020121653066 HTTP/1.1" 200 953
200.126.116.145 - - [27/Apr/2026:15:11:43 -0300] "GET /cormun/static/trpermisosingoce.js?2020121655097 HTTP/1.1" 200 34472
200.126.116.145 - - [27/Apr/2026:15:11:43 -0300] "GET /cormun/servlet/hlogin HTTP/1.1" 200 1744
190.95.15.31 - - [27/Apr/2026:15:12:17 -0300] "POST /cormun/servlet/trlicencias?e3cf2aafc5ff6f71b47c2e091a0b2ca4,,gx-no-cache=1777313866185 HTTP/1.1" 200 18308
200.126.116.145 - - [27/Apr/2026:15:12:29 -0300] "POST /cormun/servlet/hlogin?a2e67d60a5b034964d394874be423516,gx-no-cache=1777313889363 HTTP/1.1" 200 90
200.126.116.145 - - [27/Apr/2026:15:12:30 -0300] "GET /cormun/servlet/hpexe_link HTTP/1.1" 200 959
200.126.116.145 - - [27/Apr/2026:15:12:30 -0300] "GET /cormun/servlet/trpermisosingoce HTTP/1.1" 200 8043
200.126.116.145 - - [27/Apr/2026:15:12:34 -0300] "GET /cormun/servlet/trlicencias? HTTP/1.1" 200 12332
200.126.116.145 - - [27/Apr/2026:15:12:37 -0300] "GET /cormun/servlet/trpermisosgoce? HTTP/1.1" 200 11042
200.126.116.145 - - [27/Apr/2026:15:12:40 -0300] "GET /cormun/servlet/permisogoce?INS,0,,, HTTP/1.1" 200 7231
190.95.15.31 - - [27/Apr/2026:15:12:48 -0300] "POST /cormun/servlet/trlicencias?e3cf2aafc5ff6f71b47c2e091a0b2ca4,,gx-no-cache=1777313896875 HTTP/1.1" 200 7939
200.126.116.145 - - [27/Apr/2026:15:12:53 -0300] "GET /cormun/servlet/permisogoce?e95ef1cfdcb27bf797c6f7e4ffe80cbc6133a95f3381dfe4498b8f70e170500620b8933bccfacf2befcc8150acf5f61c9ce95317de6fec008480481a67ca6337,gx-no-cache=1777313913102 HTTP/1.1" 200 80
200.126.116.145 - - [27/Apr/2026:15:12:57 -0300] "GET /cormun/static/menuarrow.gif HTTP/1.1" 404 1015
200.126.116.145 - - [27/Apr/2026:15:13:04 -0300] "GET /cormun/servlet/permisogoce?e95ef1cfdcb27bf797c6f7e4ffe80cbc9431aa6ac7955caa5d061af0cf413bb3659f3863839f5e83dda95081145d4477cfcfb40d017273e6cbd2b67d476abf31,gx-no-cache=1777313924331 HTTP/1.1" 200 47
200.126.116.145 - - [27/Apr/2026:15:13:07 -0300] "POST /cormun/servlet/permisogoce?a2e67d60a5b034964d394874be423516,INS,0,,,,gx-no-cache=1777313926160 HTTP/1.1" 200 93
200.126.116.145 - - [27/Apr/2026:15:13:07 -0300] "GET /cormun/servlet/hpexe_return? HTTP/1.1" 200 1012
200.126.116.145 - - [27/Apr/2026:15:13:08 -0300] "GET /cormun/servlet/trpermisosgoce HTTP/1.1" 200 11272
200.126.116.145 - - [27/Apr/2026:15:13:11 -0300] "GET /cormun/servlet/apermisogoceprn?13502963,P,20260427141905,PU HTTP/1.1" 200 1648
190.95.15.31 - - [27/Apr/2026:15:14:14 -0300] "POST /cormun/servlet/trlicencias?e3cf2aafc5ff6f71b47c2e091a0b2ca4,,gx-no-cache=1777313983313 HTTP/1.1" 200 18312
190.95.15.31 - - [27/Apr/2026:15:14:45 -0300] "POST /cormun/servlet/trlicencias?e3cf2aafc5ff6f71b47c2e091a0b2ca4,,gx-no-cache=1777314014122 HTTP/1.1" 200 9371
190.95.15.15 - - [27/Apr/2026:15:15:27 -0300] "GET /cormun/servlet/trlicencias? HTTP/1.1" 200 6061
190.95.15.15 - - [27/Apr/2026:15:15:27 -0300] "GET /cormun/servlet/hlogin HTTP/1.1" 200 1741
190.95.15.15 - - [27/Apr/2026:15:15:35 -0300] "POST /cormun/servlet/hlogin?a557945eb2ef63c607319b754e1a02f9,gx-no-cache=1777314065029 HTTP/1.1" 200 90
190.95.15.15 - - [27/Apr/2026:15:15:35 -0300] "GET /cormun/servlet/hpexe_link HTTP/1.1" 200 960
190.95.15.15 - - [27/Apr/2026:15:15:36 -0300] "GET /cormun/servlet/trlicencias HTTP/1.1" 200 11881
190.95.15.15 - - [27/Apr/2026:15:15:56 -0300] "GET /cormun/servlet/trlicencias HTTP/1.1" 200 11881
