10.40.40.2 - - [27/Apr/2026:11:51:58 -0300] "GET /cormun/static/calendar-setup.js?85251 HTTP/1.1" 200 2588
10.40.40.2 - - [27/Apr/2026:11:51:58 -0300] "GET /cormun/static/Resources/Spanish/PXTools.css?8354383 HTTP/1.1" 200 100853
10.40.40.2 - - [27/Apr/2026:11:51:58 -0300] "GET /cormun/static/calendar.js?85251 HTTP/1.1" 200 26246
10.40.40.2 - - [27/Apr/2026:11:51:58 -0300] "GET /cormun/static/calendar-es.js?85251 HTTP/1.1" 200 1901
10.40.40.2 - - [27/Apr/2026:11:51:59 -0300] "GET /cormun/static/Shared/ext/resources/css/ext-all.css?215870 HTTP/1.1" 200 416045
10.40.40.2 - - [27/Apr/2026:11:51:59 -0300] "GET /cormun/static/RunJS/RunJS.js HTTP/1.1" 200 288
10.40.40.2 - - [27/Apr/2026:11:51:59 -0300] "GET /cormun/static/gxui/gxui-all.js HTTP/1.1" 200 107772
10.40.40.2 - - [27/Apr/2026:11:51:59 -0300] "GET /cormun/static/PXToolsJavascripts/pexe_autoreload.js HTTP/1.1" 200 1762
10.40.40.2 - - [27/Apr/2026:11:51:59 -0300] "GET /cormun/static/PXToolsJavascripts/pexe_cookies.js HTTP/1.1" 200 792
10.40.40.2 - - [27/Apr/2026:11:51:59 -0300] "GET /cormun/static/PXToolsJavascripts/pexe_windows.js HTTP/1.1" 200 15249
10.40.40.2 - - [27/Apr/2026:11:51:59 -0300] "GET /cormun/static/PXToolsJavascripts/pexe_grid.js HTTP/1.1" 200 7559
10.40.40.2 - - [27/Apr/2026:11:51:59 -0300] "GET /cormun/static/PXToolsJavascripts/pexe_griddivfix.js HTTP/1.1" 200 6946
10.40.40.2 - - [27/Apr/2026:11:51:59 -0300] "GET /cormun/static/PXToolsJavascripts/pexe_link.js HTTP/1.1" 200 5671
10.40.40.2 - - [27/Apr/2026:11:51:59 -0300] "GET /cormun/static/PXToolsJavascripts/pexe_menudivfix.js HTTP/1.1" 200 333
10.40.40.2 - - [27/Apr/2026:11:51:59 -0300] "GET /cormun/static/PXToolsJavascripts/pexe_menus.js HTTP/1.1" 200 1286
10.40.40.2 - - [27/Apr/2026:11:51:59 -0300] "GET /cormun/static/PXToolsJavascripts/pexe_layers.js HTTP/1.1" 200 4114
10.40.40.2 - - [27/Apr/2026:11:51:59 -0300] "GET /cormun/static/PXToolsJavascripts/pexe_oav.js HTTP/1.1" 200 645
10.40.40.2 - - [27/Apr/2026:11:51:59 -0300] "GET /cormun/static/PXToolsJavascripts/pexe_oavdivfix.js HTTP/1.1" 200 639
10.40.40.2 - - [27/Apr/2026:11:51:59 -0300] "GET /cormun/static/PXToolsJavascripts/pexe_picture.js HTTP/1.1" 200 689
10.40.40.2 - - [27/Apr/2026:11:51:59 -0300] "GET /cormun/static/PXToolsJavascripts/pexe_popup.js HTTP/1.1" 200 15149
10.40.40.2 - - [27/Apr/2026:11:51:59 -0300] "GET /cormun/static/gxgral.js?85251 HTTP/1.1" 200 384558
10.40.40.2 - - [27/Apr/2026:11:51:59 -0300] "GET /cormun/static/PXToolsJavascripts/pexe_scrolldiv.js HTTP/1.1" 200 4138
10.40.40.2 - - [27/Apr/2026:11:51:59 -0300] "GET /cormun/static/PXToolsJavascripts/pexe_tabdivfix.js HTTP/1.1" 200 898
10.40.40.2 - - [27/Apr/2026:11:51:59 -0300] "GET /cormun/static/PXToolsJavascripts/pexe_tabs.js HTTP/1.1" 200 3748
10.40.40.2 - - [27/Apr/2026:11:51:59 -0300] "GET /cormun/static/PXToolsJavascripts/pexe_upload.js HTTP/1.1" 200 1423
10.40.40.2 - - [27/Apr/2026:11:51:59 -0300] "GET /cormun/static/PXToolsJavascripts/PXToolsJavascriptsRender.js HTTP/1.1" 200 367
10.40.40.2 - - [27/Apr/2026:11:51:59 -0300] "GET /cormun/static/Shared/ext/locale/ext-lang-en.js HTTP/1.1" 200 10940
10.40.40.2 - - [27/Apr/2026:11:51:59 -0300] "GET /cormun/static/messages.spa.js?85251 HTTP/1.1" 200 30736
10.40.40.2 - - [27/Apr/2026:11:51:59 -0300] "GET /cormun/static/gxdec.js?85251 HTTP/1.1" 200 19579
10.40.40.2 - - [27/Apr/2026:11:51:59 -0300] "GET /cormun/static/hwchdr01.js?2022112219251119 HTTP/1.1" 200 996
10.40.40.2 - - [27/Apr/2026:11:51:59 -0300] "GET /cormun/static/hpexe_recentlink.js?20201214471090 HTTP/1.1" 200 2144
10.40.40.2 - - [27/Apr/2026:11:51:59 -0300] "GET /cormun/static/trlicencias.js?202211298463889 HTTP/1.1" 200 41883
10.40.40.2 - - [27/Apr/2026:11:51:59 -0300] "GET /cormun/static/hpexe_scripts.js?20201214471411 HTTP/1.1" 200 1544
10.40.40.2 - - [27/Apr/2026:11:51:59 -0300] "GET /cormun/static/hpexe_messagecontroller.js?202211298371222 HTTP/1.1" 200 870
10.40.40.2 - - [27/Apr/2026:11:51:59 -0300] "GET /cormun/static/hpexe_messagepopupcomponent.js?2020121447232 HTTP/1.1" 200 605
10.40.40.2 - - [27/Apr/2026:11:51:59 -0300] "GET /cormun/static/hpexe_messagegenexuscomponent.js?20221129836373 HTTP/1.1" 200 587
10.40.40.2 - - [27/Apr/2026:11:51:59 -0300] "GET /cormun/static/cmcontrolpreferences.js?20199141926336 HTTP/1.1" 200 1375
10.40.40.2 - - [27/Apr/2026:11:51:59 -0300] "GET /cormun/static/SmoothNavMenu/resources/ddsmoothmenu.js HTTP/1.1" 200 12712
10.40.40.2 - - [27/Apr/2026:11:51:59 -0300] "GET /cormun/static/Shared/jquery/jquery-1.4.2.min.js HTTP/1.1" 200 72174
10.40.40.2 - - [27/Apr/2026:11:51:59 -0300] "GET /cormun/static/SmoothNavMenu/resources/SmoothNavMenuRender.js HTTP/1.1" 200 5951
10.40.40.2 - - [27/Apr/2026:11:51:59 -0300] "GET /cormun/static/scaMessage/js/jquery.pnotify.min.js HTTP/1.1" 200 13038
10.40.40.2 - - [27/Apr/2026:11:51:59 -0300] "GET /cormun/static/scaMessage/scaMessageRender.js HTTP/1.1" 200 11977
10.40.40.2 - - [27/Apr/2026:11:51:59 -0300] "GET /cormun/static/hmpwkw03.js?20221129844354 HTTP/1.1" 200 3971
10.40.40.2 - - [27/Apr/2026:11:51:59 -0300] "GET /cormun/static/Shared/jqueryui/jquery-ui.min.js HTTP/1.1" 200 240427
10.40.40.2 - - [27/Apr/2026:11:51:59 -0300] "GET /cormun/static/Shared/jquery/jquery-1.10.2.min.js HTTP/1.1" 200 273199
10.40.40.2 - - [27/Apr/2026:11:51:59 -0300] "GET /cormun/static/Shared/ext/ext-all.js HTTP/1.1" 200 1289687
10.40.40.2 - - [27/Apr/2026:11:51:59 -0300] "GET /cormun/static/Resources/CormunMP2.png HTTP/1.1" 200 6878
10.40.40.2 - - [27/Apr/2026:11:51:59 -0300] "GET /cormun/static/Resources/ImgHome.png HTTP/1.1" 200 1364
10.40.40.2 - - [27/Apr/2026:11:51:59 -0300] "GET /cormun/static/Resources/PXToolsAddAllAction.png HTTP/1.1" 200 495
10.40.40.2 - - [27/Apr/2026:11:51:59 -0300] "GET /cormun/static/Resources/ImgLogin.png HTTP/1.1" 200 1432
10.40.40.2 - - [27/Apr/2026:11:51:59 -0300] "GET /cormun/static/Resources/Llave.png HTTP/1.1" 200 1395
10.40.40.2 - - [27/Apr/2026:11:51:59 -0300] "GET /cormun/static/Resources/PXTools/calendar.png HTTP/1.1" 200 1306
10.40.40.2 - - [27/Apr/2026:11:51:59 -0300] "GET /cormun/static/Resources/PXToolsDataSearch.png HTTP/1.1" 200 435
10.40.40.2 - - [27/Apr/2026:11:51:59 -0300] "GET /cormun/static/Resources/PXToolsGridFirstDisabled.gif HTTP/1.1" 200 100
10.40.40.2 - - [27/Apr/2026:11:51:59 -0300] "GET /cormun/static/Resources/PXToolsGridPreviousDisabled.gif HTTP/1.1" 200 90
10.40.40.2 - - [27/Apr/2026:11:51:59 -0300] "GET /cormun/static/Resources/PXToolsGridNextDisabled.gif HTTP/1.1" 200 90
10.40.40.2 - - [27/Apr/2026:11:51:59 -0300] "GET /cormun/static/Resources/PXToolsGridLastDisabled.gif HTTP/1.1" 200 98
10.40.40.2 - - [27/Apr/2026:11:51:59 -0300] "GET /cormun/static/Resources/PXToolsGridPage.gif HTTP/1.1" 200 725
10.40.40.2 - - [27/Apr/2026:11:51:59 -0300] "GET /cormun/static/Resources/PXToolsActionExcel.png HTTP/1.1" 200 727
10.40.40.2 - - [27/Apr/2026:11:51:59 -0300] "GET /cormun/static/Resources/PXToolsDataTitle.png HTTP/1.1" 200 1173
10.40.40.2 - - [27/Apr/2026:11:51:59 -0300] "GET /cormun/servlet/hlogin HTTP/1.1" 200 1736
10.40.40.2 - - [27/Apr/2026:11:51:59 -0300] "GET /cormun/static/Resources/indicator.gif HTTP/1.1" 200 1553
10.40.40.2 - - [27/Apr/2026:11:51:59 -0300] "GET /cormun/static/Resources/asc.gif HTTP/1.1" 200 67
10.40.40.2 - - [27/Apr/2026:11:51:59 -0300] "GET /cormun/static/Resources/desc.gif HTTP/1.1" 200 65
10.40.40.2 - - [27/Apr/2026:11:51:59 -0300] "GET /cormun/static/gxtimezone.js?85251 HTTP/1.1" 200 5781
10.40.40.2 - - [27/Apr/2026:11:51:59 -0300] "GET /cormun/static/gxcfg.js?2022112219184450 HTTP/1.1" 200 953
10.40.40.2 - - [27/Apr/2026:11:51:59 -0300] "GET /cormun/static/messages.spa.js?85251 HTTP/1.1" 200 30736
10.40.40.2 - - [27/Apr/2026:11:51:59 -0300] "GET /cormun/static/hlogin.js?2022112219184458 HTTP/1.1" 200 2156
10.40.40.2 - - [27/Apr/2026:11:51:59 -0300] "GET /cormun/static/Resources/Spanish/PXTools.css?1759030 HTTP/1.1" 200 100853
10.40.40.2 - - [27/Apr/2026:11:51:59 -0300] "GET /cormun/servlet/trlicencias? HTTP/1.1" 200 6053
10.40.40.2 - - [27/Apr/2026:11:51:59 -0300] "GET /cormun/static/gxgral.js?85251 HTTP/1.1" 200 384558
10.40.40.2 - - [27/Apr/2026:11:51:59 -0300] "GET /cormun/static/Resources/CormunLogin.png HTTP/1.1" 200 19132
10.40.40.2 - - [27/Apr/2026:11:51:59 -0300] "GET /cormun/static/Resources/PXToolsLoginTop.png HTTP/1.1" 200 1337
10.40.40.2 - - [27/Apr/2026:11:51:59 -0300] "GET /cormun/static/Resources/PXToolsLoginBackground.png HTTP/1.1" 200 1164
10.40.40.2 - - [27/Apr/2026:11:51:59 -0300] "GET /cormun/static/Resources/PXToolsButtonLeft.png HTTP/1.1" 200 1310
10.40.40.2 - - [27/Apr/2026:11:51:59 -0300] "GET /cormun/static/Resources/PXToolsButtonRight.png HTTP/1.1" 200 1294
10.40.40.2 - - [27/Apr/2026:11:51:59 -0300] "GET /cormun/static/Resources/PXToolsButtonBackground.png HTTP/1.1" 200 1176
10.40.40.2 - - [27/Apr/2026:11:51:59 -0300] "GET /cormun/static/Resources/PXToolsLoginBottom.png HTTP/1.1" 200 1389
10.40.40.2 - - [27/Apr/2026:11:51:59 -0300] "GET /cormun/static/Resources/indicator.gif HTTP/1.1" 200 1553
179.57.78.71 - - [27/Apr/2026:11:52:11 -0300] "GET /cormun/servlet/hlogin HTTP/1.1" 200 1725
179.57.78.71 - - [27/Apr/2026:11:52:18 -0300] "POST /cormun/servlet/hlogin?950d243e8cc0f9f4dc5356b1229053b3,gx-no-cache=1777301868156 HTTP/1.1" 200 90
179.57.78.71 - - [27/Apr/2026:11:52:18 -0300] "GET /cormun/servlet/hpexe_link HTTP/1.1" 200 956
179.57.78.71 - - [27/Apr/2026:11:52:18 -0300] "GET /cormun/servlet/hhome HTTP/1.1" 200 4275
179.57.78.71 - - [27/Apr/2026:11:52:34 -0300] "GET /cormun/servlet/trlicencias? HTTP/1.1" 200 10770
190.95.67.91 - - [27/Apr/2026:11:53:17 -0300] "GET /cormun/servlet/trpermisosgoce? HTTP/1.1" 200 16666
190.95.67.91 - - [27/Apr/2026:11:53:17 -0300] "GET /cormun/static/gxcfg.js?2020121631564 HTTP/1.1" 200 953
190.95.67.91 - - [27/Apr/2026:11:53:17 -0300] "GET /cormun/static/trpermisosgoce.js?2020121633681 HTTP/1.1" 200 35904
190.95.67.91 - - [27/Apr/2026:11:53:17 -0300] "GET /cormun/static/Resources/Spanish/PXTools.css?14345360 HTTP/1.1" 200 100853
190.95.67.91 - - [27/Apr/2026:11:53:17 -0300] "GET /cormun//static/Resources/PXToolsGridDelete.png HTTP/1.1" 200 538
190.95.67.91 - - [27/Apr/2026:11:53:20 -0300] "GET /cormun/servlet/permisogoce?INS,0,,, HTTP/1.1" 200 7292
190.95.67.91 - - [27/Apr/2026:11:53:20 -0300] "GET /cormun/static/gxcfg.js?20201215124560 HTTP/1.1" 200 953
190.95.67.91 - - [27/Apr/2026:11:53:20 -0300] "GET /cormun/static/Resources/prompt.gif HTTP/1.1" 200 902
190.95.67.91 - - [27/Apr/2026:11:53:20 -0300] "GET /cormun/static/permisogoce.js?20201215124939 HTTP/1.1" 200 27790
190.95.15.9 - - [27/Apr/2026:11:53:27 -0300] "GET /cormun/servlet/hlogin HTTP/1.1" 200 1724
190.95.15.9 - - [27/Apr/2026:11:53:35 -0300] "GET /cormun/servlet/hlogin HTTP/1.1" 200 1734
190.95.15.9 - - [27/Apr/2026:11:53:46 -0300] "POST /cormun/servlet/hlogin?beabefa8cb812f15c2d5ac18f9ea2db6,gx-no-cache=1777301956187 HTTP/1.1" 200 90
190.95.15.9 - - [27/Apr/2026:11:53:46 -0300] "GET /cormun/servlet/hpexe_link HTTP/1.1" 200 955
190.95.15.9 - - [27/Apr/2026:11:53:47 -0300] "GET /cormun/servlet/hhome HTTP/1.1" 200 4302
190.95.15.9 - - [27/Apr/2026:11:53:54 -0300] "GET /cormun/servlet/trlicencias? HTTP/1.1" 200 12634
192.168.10.19 - - [27/Apr/2026:11:56:31 -0300] "POST /cormun/servlet/hlogin?146ebadd86168c3d37dc4a5fedec0a69,gx-no-cache=1777302176476 HTTP/1.1" 200 90
192.168.10.19 - - [27/Apr/2026:11:56:31 -0300] "GET /cormun/servlet/hpexe_link HTTP/1.1" 200 957
192.168.10.19 - - [27/Apr/2026:11:56:32 -0300] "GET /cormun/servlet/hhome HTTP/1.1" 200 3829
192.168.10.19 - - [27/Apr/2026:11:56:33 -0300] "GET /cormun/servlet/trautorizarot? HTTP/1.1" 200 12524
192.168.10.19 - - [27/Apr/2026:11:56:34 -0300] "GET /cormun/servlet/trsolicitudgral? HTTP/1.1" 200 21525
190.95.1.187 - - [27/Apr/2026:11:56:35 -0300] "GET /cormun/servlet/permisogoce?INS,0,,, HTTP/1.1" 200 6049
190.95.1.187 - - [27/Apr/2026:11:56:35 -0300] "GET /cormun/servlet/hlogin HTTP/1.1" 200 1742
192.168.10.19 - - [27/Apr/2026:11:56:41 -0300] "GET /cormun/servlet/vesolicitudgral?2026,23500,, HTTP/1.1" 200 8391
192.168.10.19 - - [27/Apr/2026:11:56:41 -0300] "GET /cormun/pexe_scrolldiv.js HTTP/1.1" 404 1009
190.95.1.187 - - [27/Apr/2026:11:56:46 -0300] "POST /cormun/servlet/hlogin?b4448d2814b471f459e91c6b8065ded2,gx-no-cache=1777302134018 HTTP/1.1" 200 90
190.95.1.187 - - [27/Apr/2026:11:56:46 -0300] "GET /cormun/servlet/hpexe_link HTTP/1.1" 200 959
190.95.1.187 - - [27/Apr/2026:11:56:46 -0300] "GET /cormun/servlet/permisogoce?INS,0,,, HTTP/1.1" 200 6708
192.168.10.19 - - [27/Apr/2026:11:56:55 -0300] "GET /cormun/servlet/vesolicitudgral?2026,23500,,SolicitudOTAdjuntos HTTP/1.1" 200 11452
192.168.10.19 - - [27/Apr/2026:11:56:55 -0300] "GET /cormun/pexe_scrolldiv.js HTTP/1.1" 404 1009
192.168.10.19 - - [27/Apr/2026:11:56:56 -0300] "POST /cormun/servlet/acontrolpreferencessavestate?None,RRHH+DANIELA,true HTTP/1.1" 200 35
192.168.10.19 - - [27/Apr/2026:11:56:56 -0300] "GET /cormun/servlet/vesolicitudgral?2026,23500,,General HTTP/1.1" 200 8395
192.168.10.19 - - [27/Apr/2026:11:56:56 -0300] "GET /cormun/pexe_scrolldiv.js HTTP/1.1" 404 1009
190.95.1.187 - - [27/Apr/2026:11:57:00 -0300] "GET /cormun/servlet/permisogoce?d4acf26ab4663b54c83a1f45041f481d5c71c4912005d32b9d170b6d13c2f8e6cf3c1db197e8bfdfc6e49bb4ac60546a69bb4a35e140e2295bd7f27adeb49c47,gx-no-cache=1777302148043 HTTP/1.1" 200 87
190.95.1.187 - - [27/Apr/2026:11:57:03 -0300] "GET /cormun/static/menuarrow.gif HTTP/1.1" 404 1015
190.95.1.187 - - [27/Apr/2026:11:57:08 -0300] "GET /cormun/servlet/permisogoce?d4acf26ab4663b54c83a1f45041f481d39bff73917a5971b66ce0c37e4c21677db31ede5084a39b22097aa8222cc8723bf0c8208eac224383d83f38218f6e6f6,gx-no-cache=1777302156579 HTTP/1.1" 200 48
190.95.1.187 - - [27/Apr/2026:11:57:11 -0300] "POST /cormun/servlet/permisogoce?b4448d2814b471f459e91c6b8065ded2,INS,0,,,,gx-no-cache=1777302158922 HTTP/1.1" 200 93
190.95.1.187 - - [27/Apr/2026:11:57:11 -0300] "GET /cormun/servlet/hpexe_return? HTTP/1.1" 200 1003
190.95.1.187 - - [27/Apr/2026:11:57:11 -0300] "GET /cormun/servlet/hhome HTTP/1.1" 200 4015
190.95.1.187 - - [27/Apr/2026:11:57:16 -0300] "GET /cormun/servlet/trpermisosgoce? HTTP/1.1" 200 17735
190.95.1.187 - - [27/Apr/2026:11:57:24 -0300] "GET /cormun/servlet/trpermisosadjuntos?12691951,20260427110311,P, HTTP/1.1" 200 6340
190.95.1.187 - - [27/Apr/2026:11:57:25 -0300] "GET /cormun/servlet/permisosadjuntos?INS,12691951,P,20260427110311,, HTTP/1.1" 200 5655
190.95.1.187 - - [27/Apr/2026:11:57:25 -0300] "GET /cormun/static/about:blank HTTP/1.1" 404 1011
190.95.1.187 - - [27/Apr/2026:11:57:39 -0300] "POST /cormun/servlet/permisosadjuntos?b4448d2814b471f459e91c6b8065ded2,INS,12691951,P,20260427110311,, HTTP/1.1" 200 116
190.95.1.187 - - [27/Apr/2026:11:57:39 -0300] "GET /cormun/servlet/hpexe_return? HTTP/1.1" 200 1035
190.95.1.187 - - [27/Apr/2026:11:57:39 -0300] "GET /cormun/servlet/trpermisosadjuntos?12691951,20260427110311,P, HTTP/1.1" 200 6836
190.95.1.187 - - [27/Apr/2026:11:57:42 -0300] "POST /cormun/servlet/trpermisosadjuntos?b4448d2814b471f459e91c6b8065ded2,12691951,20260427110311,P,,gx-no-cache=1777302189724 HTTP/1.1" 200 90
190.95.1.187 - - [27/Apr/2026:11:57:42 -0300] "GET /cormun/servlet/hpexe_link HTTP/1.1" 200 980
190.95.1.187 - - [27/Apr/2026:11:57:42 -0300] "GET /cormun/servlet/trpermisosgoce HTTP/1.1" 200 17734
190.95.1.187 - - [27/Apr/2026:11:57:47 -0300] "POST /cormun/servlet/trpermisosgoce?b4448d2814b471f459e91c6b8065ded2,gx-no-cache=1777302194588 HTTP/1.1" 200 14957
190.95.1.187 - - [27/Apr/2026:11:57:47 -0300] "GET /cormun/static/Shared/jqueryui/images/ui-icons_82798d_256x240.png HTTP/1.1" 404 1089
190.95.1.187 - - [27/Apr/2026:11:57:47 -0300] "GET /cormun/static/Shared/jqueryui/images/ui-bg_highlight-soft_100_c6c2c8_1x100.png HTTP/1.1" 404 1117
190.95.1.187 - - [27/Apr/2026:11:57:47 -0300] "GET /cormun/static/Shared/jqueryui/images/ui-icons_8d78a5_256x240.png HTTP/1.1" 404 1089
190.95.1.187 - - [27/Apr/2026:11:57:47 -0300] "GET /cormun/static/Shared/jqueryui/images/ui-bg_flat_55_fafafa_40x100.png HTTP/1.1" 404 1097
190.95.1.187 - - [27/Apr/2026:11:57:49 -0300] "GET /cormun/servlet/permisogoce?INS,0,,, HTTP/1.1" 200 6878
190.95.1.187 - - [27/Apr/2026:11:57:54 -0300] "GET /cormun/servlet/permisogoce?d4acf26ab4663b54c83a1f45041f481db2ff729f57c9e1817ebd36f2131da847a374cf6b6fa6c46bcf6312b36705f7ab087dbadccb8e20ac7d71e421997213f2,gx-no-cache=1777302202026 HTTP/1.1" 200 80
190.95.1.187 - - [27/Apr/2026:11:58:03 -0300] "GET /cormun/servlet/permisogoce?d4acf26ab4663b54c83a1f45041f481d51d8ec07a44d3d7b9e4f2d6215483b5c0cd35abdb13813c3ad12ee291102d3f9779ac948ca75688e5f643bda67cb2189,gx-no-cache=1777302211172 HTTP/1.1" 200 47
190.95.1.187 - - [27/Apr/2026:11:58:06 -0300] "POST /cormun/servlet/permisogoce?b4448d2814b471f459e91c6b8065ded2,INS,0,,,,gx-no-cache=1777302213413 HTTP/1.1" 200 93
190.95.1.187 - - [27/Apr/2026:11:58:07 -0300] "GET /cormun/servlet/hpexe_return? HTTP/1.1" 200 1028
190.95.1.187 - - [27/Apr/2026:11:58:07 -0300] "GET /cormun/servlet/trpermisosgoce?gx-no-cache=1777302194588 HTTP/1.1" 200 18005
192.168.10.19 - - [27/Apr/2026:11:58:09 -0300] "GET /cormun/servlet/vesolicitudgral?2026,23500,,SolicitudOTAdjuntos HTTP/1.1" 200 11451
192.168.10.19 - - [27/Apr/2026:11:58:09 -0300] "GET /cormun/pexe_scrolldiv.js HTTP/1.1" 404 1009
192.168.10.19 - - [27/Apr/2026:11:58:10 -0300] "POST /cormun/servlet/acontrolpreferencessavestate?None,RRHH+DANIELA,true HTTP/1.1" 200 35
192.168.10.19 - - [27/Apr/2026:11:58:12 -0300] "GET /cormun/PublicTempStorage/m._tapia_-_ci2853720.pdf HTTP/1.1" 200 81913
190.95.1.187 - - [27/Apr/2026:11:58:14 -0300] "GET /cormun/servlet/trpermisosadjuntos?5955876,20260427110415,P, HTTP/1.1" 200 6359
192.168.10.19 - - [27/Apr/2026:11:58:15 -0300] "GET /cormun/servlet/vesolicitudgral?2026,23500,,SolicitudOTAdjuntos HTTP/1.1" 200 11452
190.95.1.187 - - [27/Apr/2026:11:58:16 -0300] "GET /cormun/servlet/permisosadjuntos?INS,5955876,P,20260427110415,, HTTP/1.1" 200 5652
190.95.1.187 - - [27/Apr/2026:11:58:16 -0300] "GET /cormun/static/about:blank HTTP/1.1" 404 1011
192.168.10.19 - - [27/Apr/2026:11:58:16 -0300] "POST /cormun/servlet/acontrolpreferencessavestate?None,RRHH+DANIELA,true HTTP/1.1" 200 35
192.168.10.19 - - [27/Apr/2026:11:58:17 -0300] "GET /cormun/PublicTempStorage/curriculum755160.pdf HTTP/1.1" 200 111412
192.168.10.19 - - [27/Apr/2026:11:58:24 -0300] "GET /cormun/servlet/vesolicitudgral?2026,23500,,SolicitudOTAdjuntos HTTP/1.1" 200 11454
190.95.1.187 - - [27/Apr/2026:11:58:24 -0300] "POST /cormun/servlet/permisosadjuntos?b4448d2814b471f459e91c6b8065ded2,INS,5955876,P,20260427110415,, HTTP/1.1" 200 116
190.95.1.187 - - [27/Apr/2026:11:58:25 -0300] "GET /cormun/servlet/hpexe_return? HTTP/1.1" 200 1034
190.95.1.187 - - [27/Apr/2026:11:58:25 -0300] "GET /cormun/servlet/trpermisosadjuntos?5955876,20260427110415,P, HTTP/1.1" 200 6830
192.168.10.19 - - [27/Apr/2026:11:58:25 -0300] "POST /cormun/servlet/acontrolpreferencessavestate?None,RRHH+DANIELA,true HTTP/1.1" 200 35
192.168.10.19 - - [27/Apr/2026:11:58:27 -0300] "GET /cormun/PublicTempStorage/afiliacion_afp6261143.pdf HTTP/1.1" 200 66919
190.95.1.187 - - [27/Apr/2026:11:58:27 -0300] "POST /cormun/servlet/trpermisosadjuntos?b4448d2814b471f459e91c6b8065ded2,5955876,20260427110415,P,,gx-no-cache=1777302235335 HTTP/1.1" 200 90
190.95.1.187 - - [27/Apr/2026:11:58:27 -0300] "GET /cormun/servlet/hpexe_link HTTP/1.1" 200 1002
190.95.1.187 - - [27/Apr/2026:11:58:27 -0300] "GET /cormun/servlet/trpermisosgoce?gx-no-cache=1777302194588 HTTP/1.1" 200 18001
192.168.10.19 - - [27/Apr/2026:11:58:39 -0300] "GET /cormun/servlet/vesolicitudgral?2026,23500,,SolicitudOTAdjuntos HTTP/1.1" 200 11457
192.168.10.19 - - [27/Apr/2026:11:58:40 -0300] "POST /cormun/servlet/acontrolpreferencessavestate?None,RRHH+DANIELA,true HTTP/1.1" 200 35
190.95.67.91 - - [27/Apr/2026:11:58:41 -0300] "GET /cormun/servlet/permisogoce?0747f29cc4e8e2d4e53d1dc51dea25f425d779433ee0a66a80d0137e41164184ddb29f121d9c870c3c841a85fc73887423e83c8aa408f9a910cd970dafd78b1f,gx-no-cache=1777302251040 HTTP/1.1" 200 87
192.168.10.19 - - [27/Apr/2026:11:58:41 -0300] "GET /cormun/PublicTempStorage/certificado_fonasa7007773.pdf HTTP/1.1" 200 145162
190.95.67.91 - - [27/Apr/2026:11:58:43 -0300] "GET /cormun/static/menuarrow.gif HTTP/1.1" 404 1015
190.95.1.187 - - [27/Apr/2026:11:58:44 -0300] "POST /cormun/servlet/trpermisosgoce?b4448d2814b471f459e91c6b8065ded2,gx-no-cache=1777302194588,gx-no-cache=1777302251953 HTTP/1.1" 200 15202
192.168.10.19 - - [27/Apr/2026:11:58:47 -0300] "GET /cormun/servlet/vesolicitudgral?2026,23500,,SolicitudOTAdjuntos HTTP/1.1" 200 11452
190.95.1.187 - - [27/Apr/2026:11:58:47 -0300] "GET /cormun/servlet/permisogoce?INS,0,,, HTTP/1.1" 200 6900
192.168.10.19 - - [27/Apr/2026:11:58:48 -0300] "POST /cormun/servlet/acontrolpreferencessavestate?None,RRHH+DANIELA,true HTTP/1.1" 200 35
190.95.67.91 - - [27/Apr/2026:11:58:48 -0300] "GET /cormun/servlet/permisogoce?0747f29cc4e8e2d4e53d1dc51dea25f436d7277e7c259db44250d98c9b789f214ed79898c3097a042637d6e9b57502f84305222370f0c8f9d491da3c3122466b,gx-no-cache=1777302258172 HTTP/1.1" 200 47
192.168.10.19 - - [27/Apr/2026:11:58:48 -0300] "GET /cormun/servlet/vesolicitudgral?2026,23500,,General HTTP/1.1" 200 8395
192.168.10.19 - - [27/Apr/2026:11:58:48 -0300] "GET /cormun/pexe_scrolldiv.js HTTP/1.1" 404 1009
190.95.67.91 - - [27/Apr/2026:11:58:52 -0300] "POST /cormun/servlet/permisogoce?73f1cd0f847a0ffa88eb6549633da67c,INS,0,,,,gx-no-cache=1777302261946 HTTP/1.1" 200 93
190.95.67.91 - - [27/Apr/2026:11:58:52 -0300] "GET /cormun/servlet/hpexe_return? HTTP/1.1" 200 1013
190.95.67.91 - - [27/Apr/2026:11:58:52 -0300] "GET /cormun/static/gxcfg.js?20221129846035 HTTP/1.1" 200 953
190.95.67.91 - - [27/Apr/2026:11:58:52 -0300] "GET /cormun/static/hpexe_return.js?20221129846037 HTTP/1.1" 200 1633
190.95.67.91 - - [27/Apr/2026:11:58:53 -0300] "GET /cormun/servlet/trpermisosgoce HTTP/1.1" 200 16971
190.95.1.187 - - [27/Apr/2026:11:58:53 -0300] "GET /cormun/servlet/permisogoce?d4acf26ab4663b54c83a1f45041f481d036cc39aff9f59b42c9b67a9dcb9236ccf3c1db197e8bfdfc6e49bb4ac60546a69bb4a35e140e2295bd7f27adeb49c47,gx-no-cache=1777302260706 HTTP/1.1" 200 80
190.95.67.91 - - [27/Apr/2026:11:58:53 -0300] "GET /cormun//static/Resources/PXToolsGridUpdate.png HTTP/1.1" 200 470
190.95.67.91 - - [27/Apr/2026:11:58:55 -0300] "GET /cormun/servlet/trpermisosadjuntos?11275627,20260427105946,P, HTTP/1.1" 200 6720
190.95.67.91 - - [27/Apr/2026:11:58:55 -0300] "GET /cormun/static/gxcfg.js?2020121641683 HTTP/1.1" 200 953
190.95.67.91 - - [27/Apr/2026:11:58:55 -0300] "GET /cormun/static/trpermisosadjuntos.js?2020121642996 HTTP/1.1" 200 20158
190.95.67.91 - - [27/Apr/2026:11:58:57 -0300] "GET /cormun/servlet/permisosadjuntos?INS,11275627,P,20260427105946,, HTTP/1.1" 200 6038
190.95.67.91 - - [27/Apr/2026:11:58:57 -0300] "GET /cormun/static/gxcfg.js?20201215134212 HTTP/1.1" 200 953
190.95.67.91 - - [27/Apr/2026:11:58:57 -0300] "GET /cormun/static/permisosadjuntos.js?20201215134285 HTTP/1.1" 200 8724
190.95.67.91 - - [27/Apr/2026:11:58:57 -0300] "GET /cormun/static/about:blank HTTP/1.1" 404 1011
190.95.1.187 - - [27/Apr/2026:11:59:00 -0300] "GET /cormun/servlet/permisogoce?d4acf26ab4663b54c83a1f45041f481dc77ae475007f04ca129673fa8d5f0739face83fd1b401d2db982ea6336ced3b6f44dfdec87f57e72bb54aff6f478dd39,gx-no-cache=1777302268107 HTTP/1.1" 200 47
190.95.1.187 - - [27/Apr/2026:11:59:03 -0300] "POST /cormun/servlet/permisogoce?b4448d2814b471f459e91c6b8065ded2,INS,0,,,,gx-no-cache=1777302270154 HTTP/1.1" 200 93
190.95.1.187 - - [27/Apr/2026:11:59:03 -0300] "GET /cormun/servlet/hpexe_return? HTTP/1.1" 200 1028
190.95.1.187 - - [27/Apr/2026:11:59:03 -0300] "GET /cormun/servlet/trpermisosgoce?gx-no-cache=1777302194588 HTTP/1.1" 200 18212
190.95.1.187 - - [27/Apr/2026:11:59:11 -0300] "GET /cormun/servlet/trpermisosadjuntos?17107771,20260427110513,P, HTTP/1.1" 200 6360
190.95.1.187 - - [27/Apr/2026:11:59:13 -0300] "GET /cormun/servlet/permisosadjuntos?INS,17107771,P,20260427110513,, HTTP/1.1" 200 5655
190.95.1.187 - - [27/Apr/2026:11:59:13 -0300] "GET /cormun/static/about:blank HTTP/1.1" 404 1011
190.95.67.91 - - [27/Apr/2026:11:59:13 -0300] "POST /cormun/servlet/permisosadjuntos?73f1cd0f847a0ffa88eb6549633da67c,INS,11275627,P,20260427105946,, HTTP/1.1" 200 116
190.95.67.91 - - [27/Apr/2026:11:59:13 -0300] "GET /cormun/servlet/hpexe_return? HTTP/1.1" 200 1042
190.95.67.91 - - [27/Apr/2026:11:59:13 -0300] "GET /cormun/servlet/trpermisosadjuntos?11275627,20260427105946,P, HTTP/1.1" 200 7258
190.95.67.91 - - [27/Apr/2026:11:59:16 -0300] "POST /cormun/servlet/trpermisosadjuntos?73f1cd0f847a0ffa88eb6549633da67c,11275627,20260427105946,P,,gx-no-cache=1777302286059 HTTP/1.1" 200 90
190.95.67.91 - - [27/Apr/2026:11:59:16 -0300] "GET /cormun/servlet/hpexe_link HTTP/1.1" 200 986
190.95.67.91 - - [27/Apr/2026:11:59:16 -0300] "GET /cormun/servlet/trpermisosgoce HTTP/1.1" 200 16967
190.95.67.91 - - [27/Apr/2026:11:59:20 -0300] "GET /cormun/servlet/trpermisosadjuntos?11275627,20260427105946,P, HTTP/1.1" 200 7254
190.95.67.91 - - [27/Apr/2026:11:59:22 -0300] "POST /cormun/servlet/trpermisosadjuntos?73f1cd0f847a0ffa88eb6549633da67c,11275627,20260427105946,P,,gx-no-cache=1777302292281 HTTP/1.1" 200 90
190.95.67.91 - - [27/Apr/2026:11:59:22 -0300] "GET /cormun/servlet/hpexe_link HTTP/1.1" 200 986
190.95.67.91 - - [27/Apr/2026:11:59:22 -0300] "GET /cormun/servlet/trpermisosgoce HTTP/1.1" 200 16967
190.95.67.91 - - [27/Apr/2026:11:59:24 -0300] "POST /cormun/servlet/trpermisosgoce?73f1cd0f847a0ffa88eb6549633da67c,gx-no-cache=1777302294267 HTTP/1.1" 200 14047
190.95.67.91 - - [27/Apr/2026:11:59:24 -0300] "GET /cormun/static/Shared/jqueryui/images/ui-icons_82798d_256x240.png HTTP/1.1" 404 1089
190.95.67.91 - - [27/Apr/2026:11:59:24 -0300] "GET /cormun/static/Shared/jqueryui/images/ui-bg_highlight-soft_100_c6c2c8_1x100.png HTTP/1.1" 404 1117
190.95.67.91 - - [27/Apr/2026:11:59:24 -0300] "GET /cormun/static/Shared/jqueryui/images/ui-icons_8d78a5_256x240.png HTTP/1.1" 404 1089
190.95.67.91 - - [27/Apr/2026:11:59:24 -0300] "GET /cormun/static/Shared/jqueryui/images/ui-bg_flat_55_fafafa_40x100.png HTTP/1.1" 404 1097
190.95.1.187 - - [27/Apr/2026:11:59:27 -0300] "POST /cormun/servlet/permisosadjuntos?b4448d2814b471f459e91c6b8065ded2,INS,17107771,P,20260427110513,, HTTP/1.1" 200 116
190.95.1.187 - - [27/Apr/2026:11:59:27 -0300] "GET /cormun/servlet/hpexe_return? HTTP/1.1" 200 1034
190.95.1.187 - - [27/Apr/2026:11:59:27 -0300] "GET /cormun/servlet/trpermisosadjuntos?17107771,20260427110513,P, HTTP/1.1" 200 6832
190.95.1.187 - - [27/Apr/2026:11:59:30 -0300] "POST /cormun/servlet/trpermisosadjuntos?b4448d2814b471f459e91c6b8065ded2,17107771,20260427110513,P,,gx-no-cache=1777302298107 HTTP/1.1" 200 90
190.95.1.187 - - [27/Apr/2026:11:59:30 -0300] "GET /cormun/servlet/hpexe_link HTTP/1.1" 200 1001
190.95.1.187 - - [27/Apr/2026:11:59:30 -0300] "GET /cormun/servlet/trpermisosgoce?gx-no-cache=1777302194588 HTTP/1.1" 200 18209
190.95.1.187 - - [27/Apr/2026:11:59:35 -0300] "POST /cormun/servlet/trpermisosgoce?b4448d2814b471f459e91c6b8065ded2,gx-no-cache=1777302194588,gx-no-cache=1777302303101 HTTP/1.1" 200 15485
179.57.78.55 - - [27/Apr/2026:11:59:36 -0300] "GET /cormun/servlet/trlicencias? HTTP/1.1" 200 6056
179.57.78.55 - - [27/Apr/2026:11:59:36 -0300] "GET /cormun/servlet/hlogin HTTP/1.1" 200 1735
190.95.67.91 - - [27/Apr/2026:11:59:38 -0300] "GET /cormun/servlet/permisogoce?INS,0,,, HTTP/1.1" 200 7292
190.95.1.187 - - [27/Apr/2026:11:59:38 -0300] "GET /cormun/servlet/permisogoce?INS,0,,, HTTP/1.1" 200 6900
190.95.1.187 - - [27/Apr/2026:11:59:43 -0300] "GET /cormun/servlet/permisogoce?d4acf26ab4663b54c83a1f45041f481d2574c214097b3f6462dd128711995ff0cf3c1db197e8bfdfc6e49bb4ac60546a69bb4a35e140e2295bd7f27adeb49c47,gx-no-cache=1777302310570 HTTP/1.1" 200 77
179.57.78.55 - - [27/Apr/2026:11:59:43 -0300] "POST /cormun/servlet/hlogin?6f2e02d08bc134e312c9002d00e70236,gx-no-cache=1777302313040 HTTP/1.1" 200 90
179.57.78.55 - - [27/Apr/2026:11:59:43 -0300] "GET /cormun/servlet/hpexe_link HTTP/1.1" 200 954
179.57.78.55 - - [27/Apr/2026:11:59:43 -0300] "GET /cormun/servlet/trlicencias HTTP/1.1" 200 11154
190.95.67.91 - - [27/Apr/2026:11:59:44 -0300] "GET /cormun/servlet/permisogoce?0747f29cc4e8e2d4e53d1dc51dea25f4b8b44c8cdfcbe64f92008aef0e51b62addb29f121d9c870c3c841a85fc73887423e83c8aa408f9a910cd970dafd78b1f,gx-no-cache=1777302314564 HTTP/1.1" 200 82
190.95.67.91 - - [27/Apr/2026:11:59:52 -0300] "GET /cormun/servlet/permisogoce?0747f29cc4e8e2d4e53d1dc51dea25f479632fb6b9fda64306bfdb99280ca759d8d9d1750b74bf1ada151900a53818754305222370f0c8f9d491da3c3122466b,gx-no-cache=1777302322505 HTTP/1.1" 200 49
190.95.1.187 - - [27/Apr/2026:11:59:52 -0300] "GET /cormun/servlet/permisogoce?d4acf26ab4663b54c83a1f45041f481d1ff1ab05063aefd388ba65765e3c94b8214122bc3dc491684e4ca85ae58a1fb4f44dfdec87f57e72bb54aff6f478dd39,gx-no-cache=1777302320474 HTTP/1.1" 200 47
190.95.1.187 - - [27/Apr/2026:11:59:55 -0300] "POST /cormun/servlet/permisogoce?b4448d2814b471f459e91c6b8065ded2,INS,0,,,,gx-no-cache=1777302322703 HTTP/1.1" 200 93
190.95.1.187 - - [27/Apr/2026:11:59:55 -0300] "GET /cormun/servlet/hpexe_return? HTTP/1.1" 200 1028
190.95.1.187 - - [27/Apr/2026:11:59:55 -0300] "GET /cormun/servlet/trpermisosgoce?gx-no-cache=1777302194588 HTTP/1.1" 200 18265
190.95.67.91 - - [27/Apr/2026:11:59:56 -0300] "POST /cormun/servlet/permisogoce?73f1cd0f847a0ffa88eb6549633da67c,INS,0,,,,gx-no-cache=1777302325840 HTTP/1.1" 200 93
190.95.67.91 - - [27/Apr/2026:11:59:56 -0300] "GET /cormun/servlet/hpexe_return? HTTP/1.1" 200 1035
190.95.67.91 - - [27/Apr/2026:11:59:56 -0300] "GET /cormun/servlet/trpermisosgoce?gx-no-cache=1777302294267 HTTP/1.1" 200 17117
190.95.67.91 - - [27/Apr/2026:12:00:08 -0300] "GET /cormun/servlet/trpermisosadjuntos?15731116,20260427110603,P, HTTP/1.1" 200 6731
190.95.1.187 - - [27/Apr/2026:12:00:08 -0300] "GET /cormun/servlet/trpermisosadjuntos?18015467,20260427110603,P, HTTP/1.1" 200 6357
190.95.67.91 - - [27/Apr/2026:12:00:09 -0300] "GET /cormun/servlet/permisosadjuntos?INS,15731116,P,20260427110603,, HTTP/1.1" 200 6030
190.95.67.91 - - [27/Apr/2026:12:00:09 -0300] "GET /cormun/static/about:blank HTTP/1.1" 404 1011
190.95.1.187 - - [27/Apr/2026:12:00:09 -0300] "GET /cormun/servlet/permisosadjuntos?INS,18015467,P,20260427110603,, HTTP/1.1" 200 5649
190.95.1.187 - - [27/Apr/2026:12:00:09 -0300] "GET /cormun/static/about:blank HTTP/1.1" 404 1011
190.95.67.91 - - [27/Apr/2026:12:00:15 -0300] "POST /cormun/servlet/permisosadjuntos?73f1cd0f847a0ffa88eb6549633da67c,INS,15731116,P,20260427110603,, HTTP/1.1" 200 116
190.95.67.91 - - [27/Apr/2026:12:00:15 -0300] "GET /cormun/servlet/hpexe_return? HTTP/1.1" 200 1041
190.95.67.91 - - [27/Apr/2026:12:00:15 -0300] "GET /cormun/servlet/trpermisosadjuntos?15731116,20260427110603,P, HTTP/1.1" 200 7243
190.95.1.187 - - [27/Apr/2026:12:00:18 -0300] "POST /cormun/servlet/permisosadjuntos?b4448d2814b471f459e91c6b8065ded2,INS,18015467,P,20260427110603,, HTTP/1.1" 200 116
190.95.1.187 - - [27/Apr/2026:12:00:18 -0300] "GET /cormun/servlet/hpexe_return? HTTP/1.1" 200 1035
190.95.67.91 - - [27/Apr/2026:12:00:19 -0300] "POST /cormun/servlet/trpermisosadjuntos?73f1cd0f847a0ffa88eb6549633da67c,15731116,20260427110603,P,,gx-no-cache=1777302348833 HTTP/1.1" 200 90
190.95.67.91 - - [27/Apr/2026:12:00:19 -0300] "GET /cormun/servlet/hpexe_link HTTP/1.1" 200 1007
190.95.1.187 - - [27/Apr/2026:12:00:19 -0300] "GET /cormun/servlet/trpermisosadjuntos?18015467,20260427110603,P, HTTP/1.1" 200 6828
190.95.67.91 - - [27/Apr/2026:12:00:19 -0300] "GET /cormun/servlet/trpermisosgoce?gx-no-cache=1777302294267 HTTP/1.1" 200 17113
190.95.1.187 - - [27/Apr/2026:12:00:21 -0300] "POST /cormun/servlet/trpermisosadjuntos?b4448d2814b471f459e91c6b8065ded2,18015467,20260427110603,P,,gx-no-cache=1777302349308 HTTP/1.1" 200 90
190.95.1.187 - - [27/Apr/2026:12:00:21 -0300] "GET /cormun/servlet/hpexe_link HTTP/1.1" 200 1002
190.95.1.187 - - [27/Apr/2026:12:00:21 -0300] "GET /cormun/servlet/trpermisosgoce?gx-no-cache=1777302194588 HTTP/1.1" 200 18256
190.95.67.91 - - [27/Apr/2026:12:00:23 -0300] "POST /cormun/servlet/trpermisosgoce?73f1cd0f847a0ffa88eb6549633da67c,gx-no-cache=1777302294267,gx-no-cache=1777302352931 HTTP/1.1" 200 14205
190.95.15.15 - - [27/Apr/2026:12:00:33 -0300] "GET /cormun/servlet/trlicencias? HTTP/1.1" 200 12019
192.168.10.19 - - [27/Apr/2026:12:01:16 -0300] "POST /cormun/servlet/vesolicitudgral?146ebadd86168c3d37dc4a5fedec0a69,2026,23500,,General,gx-no-cache=1777302461694 HTTP/1.1" 200 12350
192.168.10.19 - - [27/Apr/2026:12:01:16 -0300] "GET /cormun/static/Shared/jqueryui/images/ui-bg_highlight-soft_100_c6c2c8_1x100.png HTTP/1.1" 404 1117
192.168.10.19 - - [27/Apr/2026:12:01:16 -0300] "GET /cormun/static/Shared/jqueryui/images/ui-icons_82798d_256x240.png HTTP/1.1" 404 1089
192.168.10.19 - - [27/Apr/2026:12:01:16 -0300] "GET /cormun/static/Shared/jqueryui/images/ui-bg_flat_55_fafafa_40x100.png HTTP/1.1" 404 1097
192.168.10.19 - - [27/Apr/2026:12:01:16 -0300] "GET /cormun/static/Shared/jqueryui/images/ui-icons_8d78a5_256x240.png HTTP/1.1" 404 1089
192.168.10.19 - - [27/Apr/2026:12:01:16 -0300] "POST /cormun/servlet/vesolicitudgral?146ebadd86168c3d37dc4a5fedec0a69,2026,23500,,General,gx-no-cache=1777302461888 HTTP/1.1" 200 12284
192.168.10.19 - - [27/Apr/2026:12:01:18 -0300] "GET /cormun/servlet/trsolicitudgral? HTTP/1.1" 200 21110
190.95.67.91 - - [27/Apr/2026:12:01:24 -0300] "GET /cormun/servlet/permisogoce?INS,0,,, HTTP/1.1" 200 7313
190.95.67.91 - - [27/Apr/2026:12:01:26 -0300] "POST /cormun/servlet/permisogoce?73f1cd0f847a0ffa88eb6549633da67c,INS,0,,,,gx-no-cache=1777302416577 HTTP/1.1" 200 93
190.95.67.91 - - [27/Apr/2026:12:01:26 -0300] "GET /cormun/servlet/hpexe_return? HTTP/1.1" 200 1035
190.95.67.91 - - [27/Apr/2026:12:01:26 -0300] "GET /cormun/servlet/trpermisosgoce?gx-no-cache=1777302294267 HTTP/1.1" 200 17030
190.95.67.91 - - [27/Apr/2026:12:01:33 -0300] "GET /cormun/servlet/trautorizarpermisogoce? HTTP/1.1" 200 8607
190.95.67.91 - - [27/Apr/2026:12:01:33 -0300] "GET /cormun/static/gxcfg.js?2020121645532 HTTP/1.1" 200 953
190.95.67.91 - - [27/Apr/2026:12:01:33 -0300] "GET /cormun/static/trautorizarpermisogoce.js?2020121651492 HTTP/1.1" 200 34948
190.95.67.91 - - [27/Apr/2026:12:01:36 -0300] "POST /cormun/servlet/trautorizarpermisogoce?73f1cd0f847a0ffa88eb6549633da67c,,gx-no-cache=1777302425601 HTTP/1.1" 200 5573
190.95.67.91 - - [27/Apr/2026:12:01:36 -0300] "POST /cormun/servlet/trautorizarpermisogoce?73f1cd0f847a0ffa88eb6549633da67c,,gx-no-cache=1777302426615 HTTP/1.1" 200 5303
190.95.67.91 - - [27/Apr/2026:12:01:38 -0300] "POST /cormun/servlet/trautorizarpermisogoce?73f1cd0f847a0ffa88eb6549633da67c,,gx-no-cache=1777302427744 HTTP/1.1" 200 4543
190.95.67.91 - - [27/Apr/2026:12:01:41 -0300] "GET /cormun/servlet/trlicencias? HTTP/1.1" 200 16098
190.95.1.185 - - [27/Apr/2026:12:02:29 -0300] "GET /cormun/servlet/hlogin HTTP/1.1" 200 1718
190.95.1.185 - - [27/Apr/2026:12:02:32 -0300] "POST /cormun/servlet/hlogin?e3b7fe36b632f05d820301dcf6e222f8,gx-no-cache=1777302481967 HTTP/1.1" 200 90
190.95.1.185 - - [27/Apr/2026:12:02:32 -0300] "GET /cormun/servlet/hpexe_link HTTP/1.1" 200 947
190.95.1.185 - - [27/Apr/2026:12:02:32 -0300] "GET /cormun/servlet/hhome HTTP/1.1" 200 4476
190.95.1.185 - - [27/Apr/2026:12:02:38 -0300] "GET /cormun/servlet/trcargahoraria? HTTP/1.1" 200 6890
190.95.1.185 - - [27/Apr/2026:12:02:38 -0300] "GET /cormun/static/gxcfg.js?202012113392337 HTTP/1.1" 200 953
190.95.1.185 - - [27/Apr/2026:12:02:38 -0300] "GET /cormun/static/trcargahoraria.js?202012113392783 HTTP/1.1" 200 28768
190.95.1.185 - - [27/Apr/2026:12:02:44 -0300] "POST /cormun/servlet/trcargahoraria?e3b7fe36b632f05d820301dcf6e222f8,,gx-no-cache=1777302493912 HTTP/1.1" 200 104
190.95.1.185 - - [27/Apr/2026:12:02:44 -0300] "POST /cormun/servlet/trcargahoraria?e3b7fe36b632f05d820301dcf6e222f8,,gx-no-cache=1777302493973 HTTP/1.1" 200 4124
190.95.1.185 - - [27/Apr/2026:12:02:44 -0300] "GET /cormun/CargaHoraria-9824.xls HTTP/1.1" 200 4096
190.95.1.185 - - [27/Apr/2026:12:02:53 -0300] "GET /cormun/servlet/trcontratounov2? HTTP/1.1" 200 18301
190.95.1.129 - - [27/Apr/2026:12:03:03 -0300] "GET /cormun/servlet/hlogin HTTP/1.1" 200 1720
190.95.1.185 - - [27/Apr/2026:12:03:07 -0300] "POST /cormun/servlet/trcontratounov2?e3b7fe36b632f05d820301dcf6e222f8,,gx-no-cache=1777302507385 HTTP/1.1" 200 17842
190.95.1.185 - - [27/Apr/2026:12:03:07 -0300] "GET /cormun/static/Resources/PXToolsGridNext.gif HTTP/1.1" 200 369
190.95.1.185 - - [27/Apr/2026:12:03:07 -0300] "GET /cormun/static/Resources/PXToolsGridLast.gif HTTP/1.1" 200 370
190.95.1.185 - - [27/Apr/2026:12:03:11 -0300] "POST /cormun/servlet/trcontratounov2?e3b7fe36b632f05d820301dcf6e222f8,,gx-no-cache=1777302520689 HTTP/1.1" 200 17821
190.95.1.129 - - [27/Apr/2026:12:03:13 -0300] "POST /cormun/servlet/hlogin?c811191ff9fec1fb7d85743cfde59844,gx-no-cache=1777302522997 HTTP/1.1" 200 90
190.95.1.129 - - [27/Apr/2026:12:03:13 -0300] "GET /cormun/servlet/hpexe_link HTTP/1.1" 200 948
190.95.1.129 - - [27/Apr/2026:12:03:13 -0300] "GET /cormun/servlet/hhome HTTP/1.1" 200 4224
190.95.1.129 - - [27/Apr/2026:12:03:15 -0300] "GET /cormun/servlet/trlicencias? HTTP/1.1" 200 11310
201.186.225.185 - - [27/Apr/2026:12:03:15 -0300] "GET /cormun/servlet/hlogin HTTP/1.1" 200 1719
190.95.1.185 - - [27/Apr/2026:12:03:15 -0300] "POST /cormun/servlet/trcontratounov2?e3b7fe36b632f05d820301dcf6e222f8,,gx-no-cache=1777302525233 HTTP/1.1" 200 17806
201.186.225.185 - - [27/Apr/2026:12:03:15 -0300] "GET /cormun/static/gxgral.js?85251 HTTP/1.1" 200 384558
201.186.225.185 - - [27/Apr/2026:12:03:15 -0300] "GET /cormun/servlet/hlogin HTTP/1.1" 200 1729
190.95.1.185 - - [27/Apr/2026:12:03:17 -0300] "POST /cormun/servlet/trcontratounov2?e3b7fe36b632f05d820301dcf6e222f8,,gx-no-cache=1777302527513 HTTP/1.1" 200 17810
201.186.225.185 - - [27/Apr/2026:12:03:21 -0300] "POST /cormun/servlet/hlogin?cd836976cd2b92abd2f7331a3951022e,gx-no-cache=1777302530877 HTTP/1.1" 200 90
201.186.225.185 - - [27/Apr/2026:12:03:21 -0300] "GET /cormun/servlet/hpexe_link HTTP/1.1" 200 951
201.186.225.185 - - [27/Apr/2026:12:03:21 -0300] "GET /cormun/servlet/hhome HTTP/1.1" 200 4125
190.95.1.185 - - [27/Apr/2026:12:03:21 -0300] "POST /cormun/servlet/trcontratounov2?e3b7fe36b632f05d820301dcf6e222f8,,gx-no-cache=1777302531456 HTTP/1.1" 200 17817
201.186.225.185 - - [27/Apr/2026:12:03:22 -0300] "GET /cormun/static/Shared/ext/ext-all.js HTTP/1.1" 200 1289687
190.95.1.185 - - [27/Apr/2026:12:03:23 -0300] "POST /cormun/servlet/trcontratounov2?e3b7fe36b632f05d820301dcf6e222f8,,gx-no-cache=1777302533000 HTTP/1.1" 200 17810
201.186.225.185 - - [27/Apr/2026:12:03:26 -0300] "GET /cormun/servlet/trlicencias? HTTP/1.1" 200 12208
201.186.225.185 - - [27/Apr/2026:12:03:26 -0300] "GET /cormun/static/Shared/ext/resources/css/ext-all.css?215870 HTTP/1.1" 200 416045
190.95.1.185 - - [27/Apr/2026:12:03:27 -0300] "POST /cormun/servlet/trcontratounov2?e3b7fe36b632f05d820301dcf6e222f8,,gx-no-cache=1777302536696 HTTP/1.1" 200 17819
201.186.225.185 - - [27/Apr/2026:12:03:28 -0300] "GET /cormun/static/menuarrow.gif HTTP/1.1" 404 1015
190.95.1.185 - - [27/Apr/2026:12:03:29 -0300] "POST /cormun/servlet/trcontratounov2?e3b7fe36b632f05d820301dcf6e222f8,,gx-no-cache=1777302538793 HTTP/1.1" 200 17808
190.95.1.185 - - [27/Apr/2026:12:03:32 -0300] "POST /cormun/servlet/trcontratounov2?e3b7fe36b632f05d820301dcf6e222f8,,gx-no-cache=1777302541745 HTTP/1.1" 200 17026
190.95.1.185 - - [27/Apr/2026:12:03:32 -0300] "GET /cormun/static/Resources/PXToolsGridFirst.gif HTTP/1.1" 200 379
190.95.1.185 - - [27/Apr/2026:12:03:32 -0300] "GET /cormun/static/Resources/PXToolsGridPrevious.gif HTTP/1.1" 200 369
201.186.225.185 - - [27/Apr/2026:12:03:34 -0300] "POST /cormun/servlet/trlicencias?cd836976cd2b92abd2f7331a3951022e,,gx-no-cache=1777302544127 HTTP/1.1" 200 12217
192.168.10.19 - - [27/Apr/2026:12:03:45 -0300] "GET /cormun/servlet/vesolicitudgral?2026,23501,, HTTP/1.1" 200 8367
192.168.10.19 - - [27/Apr/2026:12:03:45 -0300] "GET /cormun/pexe_scrolldiv.js HTTP/1.1" 404 1009
190.95.1.185 - - [27/Apr/2026:12:03:47 -0300] "GET /cormun/servlet/trsolicitudot? HTTP/1.1" 200 7692
192.168.10.19 - - [27/Apr/2026:12:03:53 -0300] "GET /cormun/servlet/trsolicitudgral? HTTP/1.1" 200 21105
190.95.1.185 - - [27/Apr/2026:12:03:54 -0300] "POST /cormun/servlet/trsolicitudot?e3b7fe36b632f05d820301dcf6e222f8,,gx-no-cache=1777302564264 HTTP/1.1" 200 8817
192.168.10.19 - - [27/Apr/2026:12:03:58 -0300] "GET /cormun/servlet/vesolicitudgral?2026,23501,, HTTP/1.1" 200 8367
192.168.10.19 - - [27/Apr/2026:12:03:58 -0300] "GET /cormun/pexe_scrolldiv.js HTTP/1.1" 404 1009
190.95.1.185 - - [27/Apr/2026:12:04:02 -0300] "GET /cormun/static/menuarrow.gif HTTP/1.1" 404 1015
190.95.1.185 - - [27/Apr/2026:12:04:05 -0300] "POST /cormun/servlet/trsolicitudot?e3b7fe36b632f05d820301dcf6e222f8,,gx-no-cache=1777302575280 HTTP/1.1" 200 9947
201.186.225.185 - - [27/Apr/2026:12:04:10 -0300] "GET /cormun/servlet/hlogin HTTP/1.1" 200 1725
201.186.225.185 - - [27/Apr/2026:12:04:11 -0300] "GET /cormun/servlet/hlogin HTTP/1.1" 200 1735
201.186.225.185 - - [27/Apr/2026:12:04:11 -0300] "GET /favicon.ico HTTP/1.1" 200 21630
201.186.225.185 - - [27/Apr/2026:12:04:14 -0300] "POST /cormun/servlet/hlogin?4a81ec6cc900b045235588b7686c5322,gx-no-cache=1777302583152 HTTP/1.1" 200 90
201.186.225.185 - - [27/Apr/2026:12:04:14 -0300] "GET /cormun/servlet/hpexe_link HTTP/1.1" 200 955
201.186.225.185 - - [27/Apr/2026:12:04:14 -0300] "GET /cormun/servlet/hhome HTTP/1.1" 200 4239
201.186.225.185 - - [27/Apr/2026:12:04:17 -0300] "GET /cormun/servlet/trlicencias? HTTP/1.1" 200 12318
190.95.15.31 - - [27/Apr/2026:12:07:47 -0300] "GET /cormun/servlet/hlogin HTTP/1.1" 200 1721
190.95.15.31 - - [27/Apr/2026:12:07:52 -0300] "POST /cormun/servlet/hlogin?f37f0a2ccbed2d5453e6afdabcfa0ec0,gx-no-cache=1777302801421 HTTP/1.1" 200 90
190.95.15.31 - - [27/Apr/2026:12:07:52 -0300] "GET /cormun/servlet/hpexe_link HTTP/1.1" 200 952
190.95.15.31 - - [27/Apr/2026:12:07:52 -0300] "GET /cormun/servlet/hhome HTTP/1.1" 200 4359
190.95.15.31 - - [27/Apr/2026:12:07:57 -0300] "GET /cormun/servlet/trpermisosgoce? HTTP/1.1" 200 14965
190.95.15.31 - - [27/Apr/2026:12:08:00 -0300] "GET /cormun/servlet/permisogoce?INS,0,,, HTTP/1.1" 200 7256
190.95.15.31 - - [27/Apr/2026:12:08:18 -0300] "GET /cormun/servlet/permisogoce?8208ef1aa99ba4216c4e1f2bed3ec5c614960bd784a8e377d09b75b10ea4fde09b28f8b39f4e435997260fc9c6bb8a956ce52bbff74eef4c2b293ac4240711aa,gx-no-cache=1777302827878 HTTP/1.1" 200 78
190.95.15.31 - - [27/Apr/2026:12:08:19 -0300] "GET /cormun/static/menuarrow.gif HTTP/1.1" 404 1015
190.95.15.31 - - [27/Apr/2026:12:08:28 -0300] "GET /cormun/servlet/permisogoce?8208ef1aa99ba4216c4e1f2bed3ec5c6ee6550daf8bd8d1dabb24eddbf28ddbb83fbef2d94bfbc053e592260fa9a029a95c736bd199104f39276245ca740b03e,gx-no-cache=1777302837268 HTTP/1.1" 200 48
190.95.15.31 - - [27/Apr/2026:12:08:31 -0300] "POST /cormun/servlet/permisogoce?f37f0a2ccbed2d5453e6afdabcfa0ec0,INS,0,,,,gx-no-cache=1777302839703 HTTP/1.1" 200 93
190.95.15.31 - - [27/Apr/2026:12:08:31 -0300] "GET /cormun/servlet/hpexe_return? HTTP/1.1" 200 1011
190.95.15.31 - - [27/Apr/2026:12:08:31 -0300] "GET /cormun/servlet/trpermisosgoce HTTP/1.1" 200 15200
190.95.15.31 - - [27/Apr/2026:12:08:43 -0300] "GET /cormun/servlet/apermisogoceprn?10392568,P,20260427111426,PU HTTP/1.1" 200 1654
190.95.15.31 - - [27/Apr/2026:12:08:44 -0300] "GET /cormun/servlet/apermisogoceprn?10392568,P,20260427111426,PU HTTP/1.1" 200 1658
201.186.225.191 - - [27/Apr/2026:12:10:33 -0300] "GET /cormun/servlet/hlogin HTTP/1.1" 200 1723
201.186.225.191 - - [27/Apr/2026:12:10:33 -0300] "GET /cormun/servlet/hlogin HTTP/1.1" 200 1733
179.57.78.71 - - [27/Apr/2026:12:11:01 -0300] "GET /cormun/servlet/trreportecargahoraria? HTTP/1.1" 200 6837
201.186.225.191 - - [27/Apr/2026:12:11:03 -0300] "POST /cormun/servlet/hlogin?694fe1c091db7953f615f62be7f2384c,gx-no-cache=1777302993856 HTTP/1.1" 200 449
179.57.78.71 - - [27/Apr/2026:12:11:05 -0300] "GET /cormun/servlet/trsolicitudot? HTTP/1.1" 200 7490
179.57.78.71 - - [27/Apr/2026:12:11:05 -0300] "GET /cormun/static/gxcfg.js?20221129846531 HTTP/1.1" 200 953
179.57.78.71 - - [27/Apr/2026:12:11:05 -0300] "GET /cormun/static/trsolicitudot.js?202211298465651 HTTP/1.1" 200 54040
201.186.226.3 - - [27/Apr/2026:12:11:09 -0300] "GET /cormun/servlet/hlogin HTTP/1.1" 200 1723
179.57.78.71 - - [27/Apr/2026:12:11:14 -0300] "POST /cormun/servlet/trsolicitudot?832de57a449c418b45174bfadee9be54,,gx-no-cache=1777303004425 HTTP/1.1" 200 8805
179.57.78.71 - - [27/Apr/2026:12:11:14 -0300] "GET /cormun//static/Resources/PXToolsGridUpdate.png HTTP/1.1" 200 470
179.57.78.71 - - [27/Apr/2026:12:11:14 -0300] "GET /cormun//static/Resources/PXToolsActionView.png HTTP/1.1" 200 398
179.57.78.71 - - [27/Apr/2026:12:11:14 -0300] "GET /cormun//static/Resources/PXToolsRemoveAllAction.png HTTP/1.1" 200 487
179.57.78.71 - - [27/Apr/2026:12:11:14 -0300] "GET /cormun//static/Resources/PXToolsGridDelete.png HTTP/1.1" 200 538
201.186.225.191 - - [27/Apr/2026:12:11:15 -0300] "POST /cormun/servlet/hlogin?694fe1c091db7953f615f62be7f2384c,gx-no-cache=1777303006342 HTTP/1.1" 200 90
201.186.225.191 - - [27/Apr/2026:12:11:16 -0300] "GET /cormun/servlet/hpexe_link HTTP/1.1" 200 953
201.186.225.191 - - [27/Apr/2026:12:11:16 -0300] "GET /cormun/servlet/hhome HTTP/1.1" 200 4215
201.186.226.3 - - [27/Apr/2026:12:11:20 -0300] "POST /cormun/servlet/hlogin?508f76163292b6c0cd79dcca4a39e8b9,gx-no-cache=1777303010313 HTTP/1.1" 200 90
201.186.226.3 - - [27/Apr/2026:12:11:20 -0300] "GET /cormun/servlet/hpexe_link HTTP/1.1" 200 954
201.186.226.3 - - [27/Apr/2026:12:11:21 -0300] "GET /cormun/servlet/hhome HTTP/1.1" 200 3937
201.186.226.3 - - [27/Apr/2026:12:11:26 -0300] "GET /cormun/servlet/trlicencias? HTTP/1.1" 200 10755
201.186.226.3 - - [27/Apr/2026:12:11:52 -0300] "GET /cormun/servlet/trpermisosgoce? HTTP/1.1" 200 11135
190.95.2.157 - - [27/Apr/2026:12:12:01 -0300] "GET /cormun/servlet/hlogin HTTP/1.1" 200 1712
190.95.2.157 - - [27/Apr/2026:12:12:09 -0300] "POST /cormun/servlet/hlogin?71e49febe616de405c0bef225e820d14,gx-no-cache=1777303059705 HTTP/1.1" 200 419
190.95.2.157 - - [27/Apr/2026:12:12:17 -0300] "POST /cormun/servlet/hlogin?71e49febe616de405c0bef225e820d14,gx-no-cache=1777303067119 HTTP/1.1" 200 90
190.95.2.157 - - [27/Apr/2026:12:12:17 -0300] "GET /cormun/servlet/hpexe_link HTTP/1.1" 200 945
190.95.2.157 - - [27/Apr/2026:12:12:17 -0300] "GET /cormun/servlet/hhome HTTP/1.1" 200 4314
201.186.225.191 - - [27/Apr/2026:12:12:17 -0300] "GET /cormun/servlet/trlicencias? HTTP/1.1" 200 10185
201.186.226.3 - - [27/Apr/2026:12:12:29 -0300] "GET /cormun/servlet/hlogin HTTP/1.1" 200 1744
190.95.2.157 - - [27/Apr/2026:12:12:37 -0300] "GET /cormun/servlet/trsolicitudot? HTTP/1.1" 200 7532
190.95.2.157 - - [27/Apr/2026:12:12:40 -0300] "GET /cormun/servlet/solicitudot?INS,0,0,false, HTTP/1.1" 200 16367
192.168.10.19 - - [27/Apr/2026:12:13:09 -0300] "GET /cormun/servlet/trsolicitudgral? HTTP/1.1" 200 21105
190.95.2.157 - - [27/Apr/2026:12:13:15 -0300] "POST /cormun/servlet/solicitudot?gx-no-cache=1777303124863 HTTP/1.1" 200 4055
190.95.2.157 - - [27/Apr/2026:12:13:15 -0300] "POST /cormun/servlet/solicitudot?71e49febe616de405c0bef225e820d14,INS,0,0,false,,gx-no-cache=1777303125014 HTTP/1.1" 200 12914
192.168.10.19 - - [27/Apr/2026:12:13:16 -0300] "POST /cormun/servlet/trsolicitudgral?146ebadd86168c3d37dc4a5fedec0a69,,gx-no-cache=1777303181651 HTTP/1.1" 200 5277
190.95.2.157 - - [27/Apr/2026:12:13:17 -0300] "GET /cormun/servlet/solicitudot?c6b73dde5b7ac6fb2433a9d21b468cb29cf01c76dd3aafe96ae77dec2753325ab09731e78d87c36a9558293f5e22c7c2,gx-no-cache=1777303127723 HTTP/1.1" 200 30
192.168.10.19 - - [27/Apr/2026:12:13:19 -0300] "POST /cormun/servlet/trsolicitudgral?146ebadd86168c3d37dc4a5fedec0a69,,gx-no-cache=1777303184783 HTTP/1.1" 200 5277
192.168.10.19 - - [27/Apr/2026:12:13:22 -0300] "POST /cormun/servlet/trsolicitudgral?146ebadd86168c3d37dc4a5fedec0a69,,gx-no-cache=1777303187502 HTTP/1.1" 200 5277
190.95.15.9 - - [27/Apr/2026:12:13:35 -0300] "GET /cormun/servlet/trsolicitudot? HTTP/1.1" 200 7516
190.95.15.9 - - [27/Apr/2026:12:13:38 -0300] "GET /cormun/servlet/solicitudot?INS,0,0,false, HTTP/1.1" 200 16358
190.95.67.91 - - [27/Apr/2026:12:15:06 -0300] "POST /cormun/servlet/trlicencias?73f1cd0f847a0ffa88eb6549633da67c,,gx-no-cache=1777303236506 HTTP/1.1" 200 13879
190.95.1.187 - - [27/Apr/2026:12:15:59 -0300] "POST /cormun/servlet/trpermisosgoce?b4448d2814b471f459e91c6b8065ded2,gx-no-cache=1777302194588,gx-no-cache=1777303286847 HTTP/1.1" 200 15527
190.95.1.187 - - [27/Apr/2026:12:15:59 -0300] "GET /cormun/static/Resources/PXToolsGridNext.gif HTTP/1.1" 200 369
190.95.1.187 - - [27/Apr/2026:12:15:59 -0300] "GET /cormun/static/Resources/PXToolsGridLast.gif HTTP/1.1" 200 370
190.95.1.187 - - [27/Apr/2026:12:16:02 -0300] "GET /cormun/servlet/permisogoce?INS,0,,, HTTP/1.1" 200 6900
190.95.1.187 - - [27/Apr/2026:12:16:07 -0300] "GET /cormun/servlet/permisogoce?d4acf26ab4663b54c83a1f45041f481db2ff729f57c9e1817ebd36f2131da847a374cf6b6fa6c46bcf6312b36705f7ab087dbadccb8e20ac7d71e421997213f2,gx-no-cache=1777303294626 HTTP/1.1" 200 82
190.95.2.157 - - [27/Apr/2026:12:16:14 -0300] "GET /cormun/servlet/solicitudot?c6b73dde5b7ac6fb2433a9d21b468cb233d7e9e65dc94db0f3716ab3d663d170985dcfdb475c0b8b441ef86ce51ae2256465b9d5309343953f81c79df82cdc29,gx-no-cache=1777303303876 HTTP/1.1" 200 30
190.95.2.157 - - [27/Apr/2026:12:16:14 -0300] "GET /cormun/servlet/solicitudot?c6b73dde5b7ac6fb2433a9d21b468cb25a74b7f7ab01192427ffd46cbb1b7fcf,gx-no-cache=1777303303905 HTTP/1.1" 200 29
190.95.1.187 - - [27/Apr/2026:12:16:15 -0300] "GET /cormun/servlet/permisogoce?d4acf26ab4663b54c83a1f45041f481d51d8ec07a44d3d7b9e4f2d6215483b5c6c6d9e8a83958df858406cb803b59c1a779ac948ca75688e5f643bda67cb2189,gx-no-cache=1777303302635 HTTP/1.1" 200 48
190.95.2.157 - - [27/Apr/2026:12:16:22 -0300] "GET /cormun/servlet/prbanco?,MD,,gxPopupLevel%3D0%3B HTTP/1.1" 200 6710
