190.95.1.185 - - [27/Apr/2026:09:40:14 -0300] "GET /cormun/servlet/solicitudot?14c02f3b64adac156bbd9c6b4574fd9b8590687be88a6d0069a0d0b873b19cdd17e4df8512a3ebf2e3cc70a71aeaf406ec51956d6dfaefa12d0160930374fe9a91dfc875186705173735334d4e8041be2094e0fb6f5a0c8834312997578f9193b6a89fba14142a001980f69fcda45a58,gx-no-cache=1777293944158 HTTP/1.1" 200 29
190.95.1.185 - - [27/Apr/2026:09:40:14 -0300] "GET /cormun/static/menuarrow.gif HTTP/1.1" 404 1015
190.95.1.185 - - [27/Apr/2026:09:40:20 -0300] "GET /cormun/servlet/solicitudot?14c02f3b64adac156bbd9c6b4574fd9b8b3d5be4b4f5abffa5f10b9b653e579c5373c513b3f2c31c87c7710b3146b14a,gx-no-cache=1777293950533 HTTP/1.1" 200 30
190.95.67.93 - - [27/Apr/2026:09:40:27 -0300] "POST /cormun/servlet/trlicencias?6a5b236c6c37a59aaea6f595e455602a,,gx-no-cache=1777293957390 HTTP/1.1" 200 5981
190.95.67.93 - - [27/Apr/2026:09:40:47 -0300] "POST /cormun/servlet/trlicencias?6a5b236c6c37a59aaea6f595e455602a,,gx-no-cache=1777293977696 HTTP/1.1" 200 7267
190.95.1.185 - - [27/Apr/2026:09:41:18 -0300] "POST /cormun/servlet/solicitudot?gx-no-cache=1777294008652 HTTP/1.1" 200 30
190.95.1.185 - - [27/Apr/2026:09:41:31 -0300] "POST /cormun/servlet/solicitudot?fe7b69a3149c980fc8c66e8af0d25516,INS,0,0,false,,gx-no-cache=1777294020359 HTTP/1.1" 200 93
190.95.1.185 - - [27/Apr/2026:09:41:31 -0300] "GET /cormun/servlet/hpexe_return? HTTP/1.1" 200 1007
190.95.1.185 - - [27/Apr/2026:09:41:31 -0300] "GET /cormun/static/gxcfg.js?20221129846035 HTTP/1.1" 200 953
190.95.1.185 - - [27/Apr/2026:09:41:31 -0300] "GET /cormun/static/hpexe_return.js?20221129846037 HTTP/1.1" 200 1633
190.95.1.185 - - [27/Apr/2026:09:41:32 -0300] "GET /cormun/servlet/trsolicitudot HTTP/1.1" 200 9095
190.95.67.93 - - [27/Apr/2026:09:41:38 -0300] "POST /cormun/servlet/trlicencias?6a5b236c6c37a59aaea6f595e455602a,,gx-no-cache=1777294028183 HTTP/1.1" 200 5681
190.95.67.93 - - [27/Apr/2026:09:41:51 -0300] "POST /cormun/servlet/trlicencias?6a5b236c6c37a59aaea6f595e455602a,,gx-no-cache=1777294041159 HTTP/1.1" 200 5990
192.168.10.19 - - [27/Apr/2026:09:41:57 -0300] "POST /cormun/servlet/vesolicitudgral?03eca5f007713bc4c26def12bde9a5e4,2026,23486,,,gx-no-cache=1777294103149 HTTP/1.1" 200 12382
192.168.10.19 - - [27/Apr/2026:09:41:57 -0300] "POST /cormun/servlet/vesolicitudgral?03eca5f007713bc4c26def12bde9a5e4,2026,23486,,,gx-no-cache=1777294103336 HTTP/1.1" 200 12316
190.95.67.93 - - [27/Apr/2026:09:42:15 -0300] "POST /cormun/servlet/trlicencias?6a5b236c6c37a59aaea6f595e455602a,,gx-no-cache=1777294065223 HTTP/1.1" 200 5972
190.95.67.93 - - [27/Apr/2026:09:42:29 -0300] "POST /cormun/servlet/trlicencias?6a5b236c6c37a59aaea6f595e455602a,,gx-no-cache=1777294079287 HTTP/1.1" 200 4454
192.168.10.19 - - [27/Apr/2026:09:42:35 -0300] "GET /cormun/servlet/trsolicitudgral? HTTP/1.1" 200 21952
190.95.67.93 - - [27/Apr/2026:09:42:49 -0300] "POST /cormun/servlet/trlicencias?6a5b236c6c37a59aaea6f595e455602a,,gx-no-cache=1777294099823 HTTP/1.1" 200 6230
190.95.67.93 - - [27/Apr/2026:09:43:22 -0300] "POST /cormun/servlet/trlicencias?6a5b236c6c37a59aaea6f595e455602a,,gx-no-cache=1777294132711 HTTP/1.1" 200 4451
190.95.67.93 - - [27/Apr/2026:09:43:36 -0300] "POST /cormun/servlet/trlicencias?6a5b236c6c37a59aaea6f595e455602a,,gx-no-cache=1777294146592 HTTP/1.1" 200 4446
190.95.67.93 - - [27/Apr/2026:09:43:47 -0300] "POST /cormun/servlet/trlicencias?6a5b236c6c37a59aaea6f595e455602a,,gx-no-cache=1777294157167 HTTP/1.1" 200 4446
179.57.78.9 - - [27/Apr/2026:09:43:52 -0300] "GET /cormun/servlet/hlogin HTTP/1.1" 200 1728
179.57.78.9 - - [27/Apr/2026:09:43:52 -0300] "GET /cormun/servlet/hlogin HTTP/1.1" 200 1738
179.57.78.9 - - [27/Apr/2026:09:43:54 -0300] "POST /cormun/servlet/hlogin?514851bbc845ad3119209d7d873bcc3f,gx-no-cache=1777294169381 HTTP/1.1" 200 90
179.57.78.9 - - [27/Apr/2026:09:43:54 -0300] "GET /cormun/servlet/hpexe_link HTTP/1.1" 200 955
179.57.78.9 - - [27/Apr/2026:09:43:54 -0300] "GET /cormun/servlet/hhome HTTP/1.1" 200 4352
179.57.78.9 - - [27/Apr/2026:09:43:56 -0300] "GET /cormun/servlet/trlicencias? HTTP/1.1" 200 11683
190.95.67.93 - - [27/Apr/2026:09:43:58 -0300] "POST /cormun/servlet/trlicencias?6a5b236c6c37a59aaea6f595e455602a,,gx-no-cache=1777294168224 HTTP/1.1" 200 6220
134.209.102.194 - - [27/Apr/2026:09:44:21 -0300] "GET / HTTP/1.1" 200 11217
190.95.67.93 - - [27/Apr/2026:09:44:25 -0300] "POST /cormun/servlet/trlicencias?6a5b236c6c37a59aaea6f595e455602a,,gx-no-cache=1777294195391 HTTP/1.1" 200 6718
190.95.67.93 - - [27/Apr/2026:09:44:47 -0300] "POST /cormun/servlet/trlicencias?6a5b236c6c37a59aaea6f595e455602a,,gx-no-cache=1777294217128 HTTP/1.1" 200 4446
190.95.67.93 - - [27/Apr/2026:09:44:59 -0300] "POST /cormun/servlet/trlicencias?6a5b236c6c37a59aaea6f595e455602a,,gx-no-cache=1777294229520 HTTP/1.1" 200 6259
190.95.67.93 - - [27/Apr/2026:09:45:17 -0300] "POST /cormun/servlet/trlicencias?6a5b236c6c37a59aaea6f595e455602a,,gx-no-cache=1777294247696 HTTP/1.1" 200 8181
190.95.67.93 - - [27/Apr/2026:09:46:29 -0300] "POST /cormun/servlet/trlicencias?6a5b236c6c37a59aaea6f595e455602a,,gx-no-cache=1777294319177 HTTP/1.1" 200 8456
190.95.15.13 - - [27/Apr/2026:09:47:01 -0300] "GET /cormun/servlet/hlogin HTTP/1.1" 200 1716
190.95.15.13 - - [27/Apr/2026:09:47:01 -0300] "GET /cormun/servlet/hlogin HTTP/1.1" 200 1727
192.168.10.19 - - [27/Apr/2026:09:47:04 -0300] "GET /cormun/servlet/trsolicitudgral? HTTP/1.1" 200 21952
190.95.67.93 - - [27/Apr/2026:09:47:12 -0300] "POST /cormun/servlet/trlicencias?6a5b236c6c37a59aaea6f595e455602a,,gx-no-cache=1777294362457 HTTP/1.1" 200 4456
190.95.67.93 - - [27/Apr/2026:09:47:25 -0300] "POST /cormun/servlet/trlicencias?6a5b236c6c37a59aaea6f595e455602a,,gx-no-cache=1777294374897 HTTP/1.1" 200 4444
192.168.10.19 - - [27/Apr/2026:09:47:30 -0300] "GET /cormun/servlet/vesolicitudgral?2026,23466,, HTTP/1.1" 200 8397
192.168.10.19 - - [27/Apr/2026:09:47:30 -0300] "GET /cormun/pexe_scrolldiv.js HTTP/1.1" 404 1009
190.95.67.93 - - [27/Apr/2026:09:47:38 -0300] "POST /cormun/servlet/trlicencias?6a5b236c6c37a59aaea6f595e455602a,,gx-no-cache=1777294388057 HTTP/1.1" 200 4446
190.95.67.93 - - [27/Apr/2026:09:47:48 -0300] "POST /cormun/servlet/trlicencias?6a5b236c6c37a59aaea6f595e455602a,,gx-no-cache=1777294398385 HTTP/1.1" 200 9938
190.95.15.13 - - [27/Apr/2026:09:48:52 -0300] "POST /cormun/servlet/hlogin?acb870265e3a4493b221457bd9117415,gx-no-cache=1777294463102 HTTP/1.1" 200 90
190.95.15.13 - - [27/Apr/2026:09:48:52 -0300] "GET /cormun/servlet/hpexe_link HTTP/1.1" 200 945
190.95.15.13 - - [27/Apr/2026:09:48:52 -0300] "GET /cormun/servlet/hhome HTTP/1.1" 200 4276
190.95.15.13 - - [27/Apr/2026:09:48:58 -0300] "GET /cormun/servlet/trlicencias? HTTP/1.1" 200 13540
190.95.15.13 - - [27/Apr/2026:09:49:11 -0300] "GET /cormun/servlet/hlogin HTTP/1.1" 200 1733
190.95.67.93 - - [27/Apr/2026:09:50:05 -0300] "POST /cormun/servlet/trlicencias?6a5b236c6c37a59aaea6f595e455602a,,gx-no-cache=1777294535674 HTTP/1.1" 200 6228
190.95.67.93 - - [27/Apr/2026:09:50:23 -0300] "POST /cormun/servlet/trlicencias?6a5b236c6c37a59aaea6f595e455602a,,gx-no-cache=1777294553618 HTTP/1.1" 200 4445
190.95.67.93 - - [27/Apr/2026:09:50:33 -0300] "POST /cormun/servlet/trlicencias?6a5b236c6c37a59aaea6f595e455602a,,gx-no-cache=1777294563298 HTTP/1.1" 200 6242
190.95.67.93 - - [27/Apr/2026:09:50:47 -0300] "POST /cormun/servlet/trlicencias?6a5b236c6c37a59aaea6f595e455602a,,gx-no-cache=1777294577538 HTTP/1.1" 200 5688
190.95.67.93 - - [27/Apr/2026:09:51:06 -0300] "POST /cormun/servlet/trlicencias?6a5b236c6c37a59aaea6f595e455602a,,gx-no-cache=1777294595954 HTTP/1.1" 200 6704
190.95.67.93 - - [27/Apr/2026:09:51:23 -0300] "POST /cormun/servlet/trlicencias?6a5b236c6c37a59aaea6f595e455602a,,gx-no-cache=1777294613698 HTTP/1.1" 200 6749
192.168.10.19 - - [27/Apr/2026:09:51:45 -0300] "GET /cormun/servlet/vesolicitudgral?2026,23466,,SolicitudOTAdjuntos HTTP/1.1" 200 11397
192.168.10.19 - - [27/Apr/2026:09:51:45 -0300] "GET /cormun/pexe_scrolldiv.js HTTP/1.1" 404 1009
192.168.10.19 - - [27/Apr/2026:09:51:46 -0300] "POST /cormun/servlet/acontrolpreferencessavestate?None,RRHH+DANIELA,true HTTP/1.1" 200 35
192.168.10.19 - - [27/Apr/2026:09:51:52 -0300] "GET /cormun/PublicTempStorage/afp5918318.pdf HTTP/1.1" 200 75059
190.95.67.93 - - [27/Apr/2026:09:51:55 -0300] "POST /cormun/servlet/trlicencias?6a5b236c6c37a59aaea6f595e455602a,,gx-no-cache=1777294645402 HTTP/1.1" 200 4453
192.168.10.19 - - [27/Apr/2026:09:51:56 -0300] "GET /cormun/servlet/vesolicitudgral?2026,23466,,SolicitudOTAdjuntos HTTP/1.1" 200 11395
192.168.10.19 - - [27/Apr/2026:09:51:57 -0300] "POST /cormun/servlet/acontrolpreferencessavestate?None,RRHH+DANIELA,true HTTP/1.1" 200 35
192.168.10.19 - - [27/Apr/2026:09:52:00 -0300] "GET /cormun/servlet/vesolicitudgral?2026,23466,,General HTTP/1.1" 200 8401
192.168.10.19 - - [27/Apr/2026:09:52:00 -0300] "GET /cormun/pexe_scrolldiv.js HTTP/1.1" 404 1009
192.168.10.19 - - [27/Apr/2026:09:52:04 -0300] "GET /cormun/servlet/vesolicitudgral?2026,23466,,SolicitudOTAdjuntos HTTP/1.1" 200 11399
192.168.10.19 - - [27/Apr/2026:09:52:04 -0300] "GET /cormun/pexe_scrolldiv.js HTTP/1.1" 404 1009
192.168.10.19 - - [27/Apr/2026:09:52:05 -0300] "POST /cormun/servlet/acontrolpreferencessavestate?None,RRHH+DANIELA,true HTTP/1.1" 200 35
192.168.10.19 - - [27/Apr/2026:09:52:06 -0300] "GET /cormun/PublicTempStorage/cv_belen2151788.docx HTTP/1.1" 200 1878847
190.95.67.93 - - [27/Apr/2026:09:52:06 -0300] "POST /cormun/servlet/trlicencias?6a5b236c6c37a59aaea6f595e455602a,,gx-no-cache=1777294656362 HTTP/1.1" 200 5685
190.95.67.93 - - [27/Apr/2026:09:52:23 -0300] "POST /cormun/servlet/trlicencias?6a5b236c6c37a59aaea6f595e455602a,,gx-no-cache=1777294673347 HTTP/1.1" 200 4444
192.168.10.19 - - [27/Apr/2026:09:52:24 -0300] "GET /cormun/servlet/vesolicitudgral?2026,23466,,General HTTP/1.1" 200 8401
192.168.10.19 - - [27/Apr/2026:09:52:24 -0300] "GET /cormun/pexe_scrolldiv.js HTTP/1.1" 404 1009
190.95.67.93 - - [27/Apr/2026:09:52:26 -0300] "POST /cormun/servlet/trlicencias?6a5b236c6c37a59aaea6f595e455602a,,gx-no-cache=1777294676066 HTTP/1.1" 200 4445
190.95.67.93 - - [27/Apr/2026:09:52:38 -0300] "POST /cormun/servlet/trlicencias?6a5b236c6c37a59aaea6f595e455602a,,gx-no-cache=1777294688835 HTTP/1.1" 200 4446
190.95.67.93 - - [27/Apr/2026:09:52:49 -0300] "POST /cormun/servlet/trlicencias?6a5b236c6c37a59aaea6f595e455602a,,gx-no-cache=1777294699602 HTTP/1.1" 200 4453
190.95.67.93 - - [27/Apr/2026:09:53:03 -0300] "POST /cormun/servlet/trlicencias?6a5b236c6c37a59aaea6f595e455602a,,gx-no-cache=1777294713636 HTTP/1.1" 200 5692
190.95.67.93 - - [27/Apr/2026:09:53:18 -0300] "POST /cormun/servlet/trlicencias?6a5b236c6c37a59aaea6f595e455602a,,gx-no-cache=1777294728131 HTTP/1.1" 200 5696
192.168.10.19 - - [27/Apr/2026:09:53:21 -0300] "POST /cormun/servlet/vesolicitudgral?03eca5f007713bc4c26def12bde9a5e4,2026,23466,,General,gx-no-cache=1777294787472 HTTP/1.1" 200 12357
192.168.10.19 - - [27/Apr/2026:09:53:22 -0300] "POST /cormun/servlet/vesolicitudgral?03eca5f007713bc4c26def12bde9a5e4,2026,23466,,General,gx-no-cache=1777294787617 HTTP/1.1" 200 12290
190.95.67.93 - - [27/Apr/2026:09:53:39 -0300] "POST /cormun/servlet/trlicencias?6a5b236c6c37a59aaea6f595e455602a,,gx-no-cache=1777294749627 HTTP/1.1" 200 6269
190.95.67.93 - - [27/Apr/2026:09:53:55 -0300] "POST /cormun/servlet/trlicencias?6a5b236c6c37a59aaea6f595e455602a,,gx-no-cache=1777294765203 HTTP/1.1" 200 4444
190.95.67.93 - - [27/Apr/2026:09:54:08 -0300] "POST /cormun/servlet/trlicencias?6a5b236c6c37a59aaea6f595e455602a,,gx-no-cache=1777294778787 HTTP/1.1" 200 4454
190.95.67.93 - - [27/Apr/2026:09:54:27 -0300] "POST /cormun/servlet/trlicencias?6a5b236c6c37a59aaea6f595e455602a,,gx-no-cache=1777294797579 HTTP/1.1" 200 4447
190.95.67.93 - - [27/Apr/2026:09:54:29 -0300] "POST /cormun/servlet/trlicencias?6a5b236c6c37a59aaea6f595e455602a,,gx-no-cache=1777294799107 HTTP/1.1" 200 4446
190.95.67.93 - - [27/Apr/2026:09:54:39 -0300] "POST /cormun/servlet/trlicencias?6a5b236c6c37a59aaea6f595e455602a,,gx-no-cache=1777294809723 HTTP/1.1" 200 4441
190.95.67.93 - - [27/Apr/2026:09:54:51 -0300] "POST /cormun/servlet/trlicencias?6a5b236c6c37a59aaea6f595e455602a,,gx-no-cache=1777294821085 HTTP/1.1" 200 7484
192.168.10.19 - - [27/Apr/2026:09:55:00 -0300] "GET /cormun/servlet/trsolicitudgral? HTTP/1.1" 200 21598
190.95.67.93 - - [27/Apr/2026:09:55:21 -0300] "POST /cormun/servlet/trlicencias?6a5b236c6c37a59aaea6f595e455602a,,gx-no-cache=1777294851236 HTTP/1.1" 200 7532
190.95.67.93 - - [27/Apr/2026:09:56:12 -0300] "POST /cormun/servlet/trlicencias?6a5b236c6c37a59aaea6f595e455602a,,gx-no-cache=1777294902347 HTTP/1.1" 200 4450
190.95.67.93 - - [27/Apr/2026:09:56:37 -0300] "POST /cormun/servlet/trlicencias?6a5b236c6c37a59aaea6f595e455602a,,gx-no-cache=1777294927780 HTTP/1.1" 200 4452
190.95.67.93 - - [27/Apr/2026:09:56:51 -0300] "POST /cormun/servlet/trlicencias?6a5b236c6c37a59aaea6f595e455602a,,gx-no-cache=1777294941332 HTTP/1.1" 200 6706
190.95.67.93 - - [27/Apr/2026:09:57:26 -0300] "POST /cormun/servlet/trlicencias?6a5b236c6c37a59aaea6f595e455602a,,gx-no-cache=1777294976084 HTTP/1.1" 200 8267
190.95.67.93 - - [27/Apr/2026:09:58:09 -0300] "POST /cormun/servlet/trlicencias?6a5b236c6c37a59aaea6f595e455602a,,gx-no-cache=1777295018676 HTTP/1.1" 200 4446
190.95.67.93 - - [27/Apr/2026:09:58:19 -0300] "POST /cormun/servlet/trlicencias?6a5b236c6c37a59aaea6f595e455602a,,gx-no-cache=1777295029564 HTTP/1.1" 200 6216
190.95.67.93 - - [27/Apr/2026:09:58:40 -0300] "POST /cormun/servlet/trlicencias?6a5b236c6c37a59aaea6f595e455602a,,gx-no-cache=1777295050085 HTTP/1.1" 200 6225
190.95.1.129 - - [27/Apr/2026:09:58:50 -0300] "GET /cormun/servlet/trpermisosgoce? HTTP/1.1" 200 6039
190.95.1.129 - - [27/Apr/2026:09:58:50 -0300] "GET /cormun/static/gxcfg.js?2020121631564 HTTP/1.1" 200 953
190.95.1.129 - - [27/Apr/2026:09:58:50 -0300] "GET /cormun/static/trpermisosgoce.js?2020121633681 HTTP/1.1" 200 35904
190.95.1.129 - - [27/Apr/2026:09:58:50 -0300] "GET /cormun/servlet/hlogin HTTP/1.1" 200 1745
190.95.67.93 - - [27/Apr/2026:09:58:57 -0300] "POST /cormun/servlet/trlicencias?6a5b236c6c37a59aaea6f595e455602a,,gx-no-cache=1777295067117 HTTP/1.1" 200 4447
190.95.1.185 - - [27/Apr/2026:09:59:03 -0300] "GET /cormun/servlet/hlogin HTTP/1.1" 200 1727
190.95.1.185 - - [27/Apr/2026:09:59:06 -0300] "POST /cormun/servlet/hlogin?5f6882fb8940017716f965ca73c30777,gx-no-cache=1777295075928 HTTP/1.1" 200 90
190.95.1.185 - - [27/Apr/2026:09:59:06 -0300] "GET /cormun/servlet/hpexe_link HTTP/1.1" 200 960
190.95.1.185 - - [27/Apr/2026:09:59:06 -0300] "GET /cormun/servlet/trlicencias HTTP/1.1" 200 11844
190.95.67.93 - - [27/Apr/2026:09:59:06 -0300] "POST /cormun/servlet/trlicencias?6a5b236c6c37a59aaea6f595e455602a,,gx-no-cache=1777295076165 HTTP/1.1" 200 4445
190.95.67.93 - - [27/Apr/2026:09:59:22 -0300] "POST /cormun/servlet/trlicencias?6a5b236c6c37a59aaea6f595e455602a,,gx-no-cache=1777295092781 HTTP/1.1" 200 4454
190.95.67.93 - - [27/Apr/2026:09:59:32 -0300] "POST /cormun/servlet/trlicencias?6a5b236c6c37a59aaea6f595e455602a,,gx-no-cache=1777295102573 HTTP/1.1" 200 5991
179.57.78.9 - - [27/Apr/2026:09:59:36 -0300] "GET /cormun/servlet/hlogin HTTP/1.1" 200 1719
179.57.78.9 - - [27/Apr/2026:09:59:36 -0300] "GET /cormun/static/gxtimezone.js?85251 HTTP/1.1" 200 5781
179.57.78.9 - - [27/Apr/2026:09:59:36 -0300] "GET /cormun/static/gxcfg.js?2022112219184450 HTTP/1.1" 200 953
179.57.78.9 - - [27/Apr/2026:09:59:36 -0300] "GET /cormun/static/Resources/CormunLogin.png HTTP/1.1" 200 19132
179.57.78.9 - - [27/Apr/2026:09:59:36 -0300] "GET /cormun/static/messages.spa.js?85251 HTTP/1.1" 200 30736
179.57.78.9 - - [27/Apr/2026:09:59:36 -0300] "GET /cormun/static/Resources/Spanish/PXTools.css?1759030 HTTP/1.1" 200 100853
179.57.78.9 - - [27/Apr/2026:09:59:36 -0300] "GET /cormun/static/hlogin.js?2022112219184458 HTTP/1.1" 200 2156
179.57.78.9 - - [27/Apr/2026:09:59:36 -0300] "GET /cormun/static/gxgral.js?85251 HTTP/1.1" 200 384558
179.57.78.9 - - [27/Apr/2026:09:59:36 -0300] "GET /cormun/static/Resources/PXToolsLoginTop.png HTTP/1.1" 200 1337
179.57.78.9 - - [27/Apr/2026:09:59:36 -0300] "GET /cormun/static/Resources/PXToolsLoginBackground.png HTTP/1.1" 200 1164
179.57.78.9 - - [27/Apr/2026:09:59:36 -0300] "GET /cormun/static/Resources/PXToolsButtonLeft.png HTTP/1.1" 200 1310
179.57.78.9 - - [27/Apr/2026:09:59:36 -0300] "GET /cormun/static/Resources/PXToolsButtonRight.png HTTP/1.1" 200 1294
179.57.78.9 - - [27/Apr/2026:09:59:36 -0300] "GET /cormun/static/Resources/PXToolsLoginBottom.png HTTP/1.1" 200 1389
179.57.78.9 - - [27/Apr/2026:09:59:36 -0300] "GET /cormun/static/Resources/PXToolsButtonBackground.png HTTP/1.1" 200 1176
179.57.78.9 - - [27/Apr/2026:09:59:36 -0300] "GET /cormun/static/Resources/indicator.gif HTTP/1.1" 200 1553
179.57.78.9 - - [27/Apr/2026:09:59:36 -0300] "GET /cormun/servlet/hlogin HTTP/1.1" 200 1729
179.57.78.9 - - [27/Apr/2026:09:59:36 -0300] "GET /favicon.ico HTTP/1.1" 200 21630
179.57.78.9 - - [27/Apr/2026:09:59:43 -0300] "POST /cormun/servlet/hlogin?96da54185ebe5c52974d1107b911fe0b,gx-no-cache=1777295113858 HTTP/1.1" 200 90
179.57.78.9 - - [27/Apr/2026:09:59:43 -0300] "GET /cormun/servlet/hpexe_link HTTP/1.1" 200 949
179.57.78.9 - - [27/Apr/2026:09:59:43 -0300] "GET /cormun/static/gxcfg.js?20221129847421 HTTP/1.1" 200 953
179.57.78.9 - - [27/Apr/2026:09:59:43 -0300] "GET /cormun/static/hpexe_link.js?20221129847423 HTTP/1.1" 200 625
179.57.78.9 - - [27/Apr/2026:09:59:43 -0300] "GET /cormun/static/Resources/Spanish/PXTools.css?8354383 HTTP/1.1" 200 100853
179.57.78.9 - - [27/Apr/2026:09:59:44 -0300] "GET /cormun/servlet/hhome HTTP/1.1" 200 4346
179.57.78.9 - - [27/Apr/2026:09:59:44 -0300] "GET /cormun/static/gxcfg.js?20201215495537 HTTP/1.1" 200 953
179.57.78.9 - - [27/Apr/2026:09:59:44 -0300] "GET /cormun/static/SmoothNavMenu/resources/ddsmoothmenu.css?1112540 HTTP/1.1" 200 2223
179.57.78.9 - - [27/Apr/2026:09:59:44 -0300] "GET /cormun/static/SmoothNavMenu/resources/ddsmoothmenu-v.css?1112540 HTTP/1.1" 200 1188
179.57.78.9 - - [27/Apr/2026:09:59:44 -0300] "GET /cormun/static/scaMessage/css/jquery.pnotify.default.css?1816380 HTTP/1.1" 200 1707
179.57.78.9 - - [27/Apr/2026:09:59:44 -0300] "GET /cormun/static/Resources/Spanish/PXTools.css?14345360 HTTP/1.1" 200 100853
179.57.78.9 - - [27/Apr/2026:09:59:44 -0300] "GET /cormun/static/PXToolsJavascripts/pexe_autoreload.js HTTP/1.1" 200 1762
179.57.78.9 - - [27/Apr/2026:09:59:44 -0300] "GET /cormun/static/PXToolsJavascripts/pexe_cookies.js HTTP/1.1" 200 792
179.57.78.9 - - [27/Apr/2026:09:59:44 -0300] "GET /cormun/static/PXToolsJavascripts/pexe_windows.js HTTP/1.1" 200 15249
179.57.78.9 - - [27/Apr/2026:09:59:44 -0300] "GET /cormun/static/PXToolsJavascripts/pexe_grid.js HTTP/1.1" 200 7559
179.57.78.9 - - [27/Apr/2026:09:59:44 -0300] "GET /cormun/static/Shared/jqueryui/jquery-ui.min.css?1345370 HTTP/1.1" 200 30288
179.57.78.9 - - [27/Apr/2026:09:59:44 -0300] "GET /cormun/static/PXToolsJavascripts/pexe_griddivfix.js HTTP/1.1" 200 6946
179.57.78.9 - - [27/Apr/2026:09:59:44 -0300] "GET /cormun/static/PXToolsJavascripts/pexe_link.js HTTP/1.1" 200 5671
179.57.78.9 - - [27/Apr/2026:09:59:44 -0300] "GET /cormun/static/PXToolsJavascripts/pexe_menudivfix.js HTTP/1.1" 200 333
179.57.78.9 - - [27/Apr/2026:09:59:44 -0300] "GET /cormun/static/PXToolsJavascripts/pexe_menus.js HTTP/1.1" 200 1286
179.57.78.9 - - [27/Apr/2026:09:59:44 -0300] "GET /cormun/static/PXToolsJavascripts/pexe_layers.js HTTP/1.1" 200 4114
179.57.78.9 - - [27/Apr/2026:09:59:44 -0300] "GET /cormun/static/PXToolsJavascripts/pexe_oav.js HTTP/1.1" 200 645
179.57.78.9 - - [27/Apr/2026:09:59:44 -0300] "GET /cormun/static/PXToolsJavascripts/pexe_oavdivfix.js HTTP/1.1" 200 639
179.57.78.9 - - [27/Apr/2026:09:59:44 -0300] "GET /cormun/static/PXToolsJavascripts/pexe_picture.js HTTP/1.1" 200 689
179.57.78.9 - - [27/Apr/2026:09:59:44 -0300] "GET /cormun/static/PXToolsJavascripts/pexe_popup.js HTTP/1.1" 200 15149
179.57.78.9 - - [27/Apr/2026:09:59:44 -0300] "GET /cormun/static/PXToolsJavascripts/pexe_tabdivfix.js HTTP/1.1" 200 898
179.57.78.9 - - [27/Apr/2026:09:59:44 -0300] "GET /cormun/static/PXToolsJavascripts/pexe_scrolldiv.js HTTP/1.1" 200 4138
179.57.78.9 - - [27/Apr/2026:09:59:44 -0300] "GET /cormun/static/PXToolsJavascripts/pexe_tabs.js HTTP/1.1" 200 3748
179.57.78.9 - - [27/Apr/2026:09:59:44 -0300] "GET /cormun/static/PXToolsJavascripts/pexe_upload.js HTTP/1.1" 200 1423
179.57.78.9 - - [27/Apr/2026:09:59:44 -0300] "GET /cormun/static/PXToolsJavascripts/PXToolsJavascriptsRender.js HTTP/1.1" 200 367
179.57.78.9 - - [27/Apr/2026:09:59:44 -0300] "GET /cormun/static/Resources/CormunMP2.png HTTP/1.1" 200 6878
179.57.78.9 - - [27/Apr/2026:09:59:44 -0300] "GET /cormun/static/Resources/ImgHome.png HTTP/1.1" 200 1364
179.57.78.9 - - [27/Apr/2026:09:59:44 -0300] "GET /cormun/static/Resources/ImgLogin.png HTTP/1.1" 200 1432
179.57.78.9 - - [27/Apr/2026:09:59:44 -0300] "GET /cormun/static/Resources/Llave.png HTTP/1.1" 200 1395
179.57.78.9 - - [27/Apr/2026:09:59:44 -0300] "GET /cormun/static/RunJS/RunJS.js HTTP/1.1" 200 288
179.57.78.9 - - [27/Apr/2026:09:59:44 -0300] "GET /cormun/static/Resources/PXToolsDataTitle.png HTTP/1.1" 200 1173
179.57.78.9 - - [27/Apr/2026:09:59:44 -0300] "GET /cormun/static/Shared/ext/locale/ext-lang-en.js HTTP/1.1" 200 10940
179.57.78.9 - - [27/Apr/2026:09:59:44 -0300] "GET /cormun/static/gxui/gxui-all.js HTTP/1.1" 200 107772
179.57.78.9 - - [27/Apr/2026:09:59:44 -0300] "GET /cormun/static/hhome.js?20201215495544 HTTP/1.1" 200 777
179.57.78.9 - - [27/Apr/2026:09:59:44 -0300] "GET /cormun/static/hwchdr01.js?2022112219251119 HTTP/1.1" 200 996
179.57.78.9 - - [27/Apr/2026:09:59:44 -0300] "GET /cormun/static/hpexe_recentlink.js?20201214471090 HTTP/1.1" 200 2144
179.57.78.9 - - [27/Apr/2026:09:59:44 -0300] "GET /cormun/static/hpexe_scripts.js?20201214471411 HTTP/1.1" 200 1544
179.57.78.9 - - [27/Apr/2026:09:59:44 -0300] "GET /cormun/static/hpexe_messagecontroller.js?202211298371222 HTTP/1.1" 200 870
179.57.78.9 - - [27/Apr/2026:09:59:44 -0300] "GET /cormun/static/hpexe_messagepopupcomponent.js?2020121447232 HTTP/1.1" 200 605
179.57.78.9 - - [27/Apr/2026:09:59:44 -0300] "GET /cormun/static/hpexe_messagegenexuscomponent.js?20221129836373 HTTP/1.1" 200 587
179.57.78.9 - - [27/Apr/2026:09:59:44 -0300] "GET /cormun/static/cmcontrolpreferences.js?20199141926336 HTTP/1.1" 200 1375
179.57.78.9 - - [27/Apr/2026:09:59:44 -0300] "GET /cormun/static/Shared/jquery/jquery-1.4.2.min.js HTTP/1.1" 200 72174
179.57.78.9 - - [27/Apr/2026:09:59:44 -0300] "GET /cormun/static/SmoothNavMenu/resources/ddsmoothmenu.js HTTP/1.1" 200 12712
179.57.78.9 - - [27/Apr/2026:09:59:44 -0300] "GET /cormun/static/SmoothNavMenu/resources/SmoothNavMenuRender.js HTTP/1.1" 200 5951
179.57.78.9 - - [27/Apr/2026:09:59:44 -0300] "GET /cormun/static/scaMessage/js/jquery.pnotify.min.js HTTP/1.1" 200 13038
179.57.78.9 - - [27/Apr/2026:09:59:44 -0300] "GET /cormun/static/scaMessage/scaMessageRender.js HTTP/1.1" 200 11977
179.57.78.9 - - [27/Apr/2026:09:59:44 -0300] "GET /cormun/static/hmpwkw03.js?20221129844354 HTTP/1.1" 200 3971
179.57.78.9 - - [27/Apr/2026:09:59:44 -0300] "GET /cormun/static/Shared/jquery/jquery-1.10.2.min.js HTTP/1.1" 200 273199
179.57.78.9 - - [27/Apr/2026:09:59:44 -0300] "GET /cormun/static/Shared/jqueryui/jquery-ui.min.js HTTP/1.1" 200 240427
179.57.78.9 - - [27/Apr/2026:09:59:44 -0300] "GET /cormun/static/Shared/ext/ext-all.js HTTP/1.1" 200 1289687
179.57.78.9 - - [27/Apr/2026:09:59:44 -0300] "GET /cormun/static/SmoothNavMenu/resources/images/right.gif HTTP/1.1" 200 860
179.57.78.9 - - [27/Apr/2026:09:59:44 -0300] "GET /cormun/static/SmoothNavMenu/resources/images/down.gif HTTP/1.1" 200 854
179.57.78.9 - - [27/Apr/2026:09:59:47 -0300] "GET /cormun/servlet/trlicencias? HTTP/1.1" 200 11686
179.57.78.9 - - [27/Apr/2026:09:59:47 -0300] "GET /cormun/static/gxui/gxui-all.css?120300 HTTP/1.1" 200 2179
179.57.78.9 - - [27/Apr/2026:09:59:47 -0300] "GET /cormun/static/calendar-system.css?85620 HTTP/1.1" 200 5572
179.57.78.9 - - [27/Apr/2026:09:59:47 -0300] "GET /cormun/static/gxcfg.js?202211298463625 HTTP/1.1" 200 953
179.57.78.9 - - [27/Apr/2026:09:59:47 -0300] "GET /cormun/static/calendar.js?85251 HTTP/1.1" 200 26246
179.57.78.9 - - [27/Apr/2026:09:59:47 -0300] "GET /cormun/static/calendar-setup.js?85251 HTTP/1.1" 200 2588
179.57.78.9 - - [27/Apr/2026:09:59:47 -0300] "GET /cormun/static/calendar-es.js?85251 HTTP/1.1" 200 1901
179.57.78.9 - - [27/Apr/2026:09:59:47 -0300] "GET /cormun/static/Resources/PXTools/calendar.png HTTP/1.1" 200 1306
179.57.78.9 - - [27/Apr/2026:09:59:47 -0300] "GET /cormun/static/gxdec.js?85251 HTTP/1.1" 200 19579
179.57.78.9 - - [27/Apr/2026:09:59:47 -0300] "GET /cormun/static/trlicencias.js?202211298463889 HTTP/1.1" 200 41883
179.57.78.9 - - [27/Apr/2026:09:59:47 -0300] "GET /cormun/static/Resources/PXToolsDataSearch.png HTTP/1.1" 200 435
179.57.78.9 - - [27/Apr/2026:09:59:47 -0300] "GET /cormun/static/Resources/PXToolsGridFirstDisabled.gif HTTP/1.1" 200 100
179.57.78.9 - - [27/Apr/2026:09:59:47 -0300] "GET /cormun/static/Resources/PXToolsGridPreviousDisabled.gif HTTP/1.1" 200 90
179.57.78.9 - - [27/Apr/2026:09:59:47 -0300] "GET /cormun/static/Resources/PXToolsGridNextDisabled.gif HTTP/1.1" 200 90
179.57.78.9 - - [27/Apr/2026:09:59:47 -0300] "GET /cormun/static/Resources/PXToolsGridLastDisabled.gif HTTP/1.1" 200 98
179.57.78.9 - - [27/Apr/2026:09:59:47 -0300] "GET /cormun/static/Resources/PXToolsGridPage.gif HTTP/1.1" 200 725
179.57.78.9 - - [27/Apr/2026:09:59:47 -0300] "GET /cormun/static/Resources/PXToolsActionExcel.png HTTP/1.1" 200 727
179.57.78.9 - - [27/Apr/2026:09:59:47 -0300] "GET /cormun/static/Resources/PXToolsAddAllAction.png HTTP/1.1" 200 495
179.57.78.9 - - [27/Apr/2026:09:59:47 -0300] "GET /cormun/static/Shared/ext/resources/css/ext-all.css?215870 HTTP/1.1" 200 416045
179.57.78.9 - - [27/Apr/2026:09:59:47 -0300] "GET /cormun/static/Resources/desc.gif HTTP/1.1" 200 65
179.57.78.9 - - [27/Apr/2026:09:59:47 -0300] "GET /cormun//static/Resources/PXToolsActionDisabled.gif HTTP/1.1" 200 53
179.57.78.9 - - [27/Apr/2026:09:59:47 -0300] "GET /cormun//static/Resources/PXToolsGridDisplay.png HTTP/1.1" 200 525
179.57.78.9 - - [27/Apr/2026:09:59:47 -0300] "GET /cormun//static/Resources/PXToolsActionPrint.png HTTP/1.1" 200 404
179.57.78.9 - - [27/Apr/2026:09:59:47 -0300] "GET /cormun/static/Resources/asc.gif HTTP/1.1" 200 67
179.57.78.9 - - [27/Apr/2026:09:59:47 -0300] "GET /cormun//static/Resources/PXTools/ActionInsert.png HTTP/1.1" 200 1482
179.57.78.9 - - [27/Apr/2026:09:59:47 -0300] "GET /cormun//static/Resources/PXToolsHeaderHelp.png HTTP/1.1" 200 1333
179.57.78.9 - - [27/Apr/2026:09:59:47 -0300] "GET /cormun//static/Resources/PXToolsHeaderFavorites.png HTTP/1.1" 200 1414
179.57.78.9 - - [27/Apr/2026:09:59:47 -0300] "GET /cormun/static/Shared/ext/resources/themes/images/default/panel/bg-headersPanel.png HTTP/1.1" 200 255
179.57.78.9 - - [27/Apr/2026:09:59:47 -0300] "GET /cormun/static/Shared/ext/resources/themes/images/default/tools/tool-sprites.gif HTTP/1.1" 200 5434
190.95.67.93 - - [27/Apr/2026:09:59:52 -0300] "POST /cormun/servlet/trlicencias?6a5b236c6c37a59aaea6f595e455602a,,gx-no-cache=1777295122421 HTTP/1.1" 200 7480
179.57.78.9 - - [27/Apr/2026:10:00:07 -0300] "GET /cormun/servlet/hlogin HTTP/1.1" 200 1736
192.168.10.19 - - [27/Apr/2026:10:00:23 -0300] "GET /cormun/servlet/vesolicitudgral?2026,23427,, HTTP/1.1" 200 8383
192.168.10.19 - - [27/Apr/2026:10:00:23 -0300] "GET /cormun/pexe_scrolldiv.js HTTP/1.1" 404 1009
201.186.225.193 - - [27/Apr/2026:10:00:28 -0300] "GET /cormun/servlet/hhome HTTP/1.1" 200 3320
201.186.225.193 - - [27/Apr/2026:10:00:28 -0300] "GET /cormun/servlet/hlogin HTTP/1.1" 200 1727
201.186.225.193 - - [27/Apr/2026:10:00:31 -0300] "POST /cormun/servlet/hlogin?f585d0f122c83b904f0f9c72c7a947c1,gx-no-cache=1777295161889 HTTP/1.1" 200 90
201.186.225.193 - - [27/Apr/2026:10:00:32 -0300] "GET /cormun/servlet/hpexe_link HTTP/1.1" 200 945
201.186.225.193 - - [27/Apr/2026:10:00:32 -0300] "GET /cormun/servlet/hhome HTTP/1.1" 200 4290
201.186.225.193 - - [27/Apr/2026:10:00:34 -0300] "GET /cormun/servlet/trsolicitudot? HTTP/1.1" 200 7511
201.186.225.193 - - [27/Apr/2026:10:00:34 -0300] "GET /cormun/static/gxcfg.js?20221129846531 HTTP/1.1" 200 953
201.186.225.193 - - [27/Apr/2026:10:00:34 -0300] "GET /cormun/static/trsolicitudot.js?202211298465651 HTTP/1.1" 200 54040
201.186.225.193 - - [27/Apr/2026:10:00:36 -0300] "POST /cormun/servlet/trsolicitudot?f585d0f122c83b904f0f9c72c7a947c1,,gx-no-cache=1777295166705 HTTP/1.1" 200 103
201.186.225.193 - - [27/Apr/2026:10:00:36 -0300] "POST /cormun/servlet/trsolicitudot?f585d0f122c83b904f0f9c72c7a947c1,,gx-no-cache=1777295166769 HTTP/1.1" 200 4610
201.186.225.193 - - [27/Apr/2026:10:00:36 -0300] "GET /cormun/SolicitudOT-3309.xls HTTP/1.1" 200 4608
52.108.172.2 - - [27/Apr/2026:10:00:37 -0300] "GET /cormun/SolicitudOT-3309.xls HTTP/1.1" 200 4608
201.186.225.193 - - [27/Apr/2026:10:00:42 -0300] "GET /cormun/servlet/solicitudot?INS,0,0,false, HTTP/1.1" 200 16348
201.186.225.193 - - [27/Apr/2026:10:00:42 -0300] "GET /cormun/static/gxcfg.js?20221129840861 HTTP/1.1" 200 953
201.186.225.193 - - [27/Apr/2026:10:00:42 -0300] "GET /cormun/static/Resources/prompt.gif HTTP/1.1" 200 902
201.186.225.193 - - [27/Apr/2026:10:00:42 -0300] "GET /cormun/static/solicitudot.js?20221129840983 HTTP/1.1" 200 74072
190.95.67.93 - - [27/Apr/2026:10:00:50 -0300] "POST /cormun/servlet/trlicencias?6a5b236c6c37a59aaea6f595e455602a,,gx-no-cache=1777295179926 HTTP/1.1" 200 4444
190.95.1.185 - - [27/Apr/2026:10:00:52 -0300] "POST /cormun/servlet/trsolicitudot?fe7b69a3149c980fc8c66e8af0d25516,gx-no-cache=1777295182099 HTTP/1.1" 200 107
190.95.1.185 - - [27/Apr/2026:10:00:52 -0300] "GET /cormun/servlet/trsolicitudadjuntos?2026,23500, HTTP/1.1" 200 6578
190.95.1.185 - - [27/Apr/2026:10:00:52 -0300] "GET /cormun/static/gxcfg.js?20201215574222 HTTP/1.1" 200 953
190.95.1.185 - - [27/Apr/2026:10:00:52 -0300] "GET /cormun/static/Resources/PXToolsGridNew.png HTTP/1.1" 200 427
190.95.1.185 - - [27/Apr/2026:10:00:52 -0300] "GET /cormun/static/trsolicitudadjuntos.js?20201215574932 HTTP/1.1" 200 17921
190.95.1.185 - - [27/Apr/2026:10:00:56 -0300] "GET /cormun/servlet/solicitudotadjuntos?INS,2026,23500,,1, HTTP/1.1" 200 6523
190.95.1.185 - - [27/Apr/2026:10:00:56 -0300] "GET /cormun/static/gxcfg.js?202211298385187 HTTP/1.1" 200 953
190.95.1.185 - - [27/Apr/2026:10:00:56 -0300] "GET /cormun/static/solicitudotadjuntos.js?202211298385196 HTTP/1.1" 200 11771
190.95.1.185 - - [27/Apr/2026:10:00:56 -0300] "GET /cormun/static/about:blank HTTP/1.1" 404 1011
190.95.1.185 - - [27/Apr/2026:10:00:57 -0300] "GET /cormun/servlet/solicitudotadjuntos?14c02f3b64adac156bbd9c6b4574fd9b20c5bc961967d71f0687056fcec58ac4afdc5ea9b2d516b4dd7c5ce6ebf2f5ae,gx-no-cache=1777295186991 HTTP/1.1" 200 30
190.95.1.185 - - [27/Apr/2026:10:00:57 -0300] "POST /cormun/servlet/solicitudotadjuntos?fe7b69a3149c980fc8c66e8af0d25516,INS,2026,23500,,1,,gx-no-cache=1777295187009 HTTP/1.1" 200 4154
190.95.1.185 - - [27/Apr/2026:10:00:59 -0300] "POST /cormun/servlet/solicitudotadjuntos?gx-no-cache=1777295189287 HTTP/1.1" 200 26
190.95.67.93 - - [27/Apr/2026:10:01:00 -0300] "POST /cormun/servlet/trlicencias?6a5b236c6c37a59aaea6f595e455602a,,gx-no-cache=1777295189917 HTTP/1.1" 200 6232
201.186.225.193 - - [27/Apr/2026:10:01:15 -0300] "POST /cormun/servlet/solicitudot?gx-no-cache=1777295205083 HTTP/1.1" 200 4179
201.186.225.193 - - [27/Apr/2026:10:01:15 -0300] "POST /cormun/servlet/solicitudot?f585d0f122c83b904f0f9c72c7a947c1,INS,0,0,false,,gx-no-cache=1777295205219 HTTP/1.1" 200 13058
201.186.225.193 - - [27/Apr/2026:10:01:15 -0300] "GET /cormun/servlet/solicitudot?10e3bca14ad3c1216bd7dc1a901176b311ff7fb83cfeb2b91ced62239a41f2e6c533ea584c5e7be5223b1ec01f67290d,gx-no-cache=1777295205368 HTTP/1.1" 200 30
190.95.1.185 - - [27/Apr/2026:10:01:31 -0300] "GET /cormun/servlet/solicitudotadjuntos?14c02f3b64adac156bbd9c6b4574fd9bd4108194f86c4d06dac9b9c121765e53,gx-no-cache=1777295221444 HTTP/1.1" 200 30
190.95.1.185 - - [27/Apr/2026:10:01:31 -0300] "GET /cormun/servlet/solicitudotadjuntos?14c02f3b64adac156bbd9c6b4574fd9bd4108194f86c4d06dac9b9c121765e53,gx-no-cache=1777295221465 HTTP/1.1" 200 30
190.95.1.185 - - [27/Apr/2026:10:01:31 -0300] "POST /cormun/servlet/solicitudotadjuntos?fe7b69a3149c980fc8c66e8af0d25516,INS,2026,23500,,1, HTTP/1.1" 200 116
190.95.1.185 - - [27/Apr/2026:10:01:31 -0300] "GET /cormun/servlet/hpexe_return? HTTP/1.1" 200 1025
190.95.1.185 - - [27/Apr/2026:10:01:31 -0300] "GET /cormun/servlet/trsolicitudadjuntos?2026,23500, HTTP/1.1" 200 9845
190.95.1.185 - - [27/Apr/2026:10:01:33 -0300] "GET /cormun/servlet/solicitudotadjuntos?INS,2026,23500,,1, HTTP/1.1" 200 6523
190.95.1.185 - - [27/Apr/2026:10:01:33 -0300] "GET /cormun/static/about:blank HTTP/1.1" 404 1011
190.95.1.185 - - [27/Apr/2026:10:01:34 -0300] "GET /cormun/servlet/solicitudotadjuntos?14c02f3b64adac156bbd9c6b4574fd9b20c5bc961967d71f0687056fcec58ac4afdc5ea9b2d516b4dd7c5ce6ebf2f5ae,gx-no-cache=1777295224359 HTTP/1.1" 200 30
190.95.1.185 - - [27/Apr/2026:10:01:34 -0300] "POST /cormun/servlet/solicitudotadjuntos?fe7b69a3149c980fc8c66e8af0d25516,INS,2026,23500,,1,,gx-no-cache=1777295224376 HTTP/1.1" 200 4154
190.95.1.185 - - [27/Apr/2026:10:01:36 -0300] "POST /cormun/servlet/solicitudotadjuntos?gx-no-cache=1777295226741 HTTP/1.1" 200 26
190.95.1.185 - - [27/Apr/2026:10:01:46 -0300] "GET /cormun/servlet/solicitudotadjuntos?14c02f3b64adac156bbd9c6b4574fd9bd4108194f86c4d06dac9b9c121765e53,gx-no-cache=1777295236068 HTTP/1.1" 200 30
190.95.1.185 - - [27/Apr/2026:10:01:46 -0300] "GET /cormun/servlet/solicitudotadjuntos?14c02f3b64adac156bbd9c6b4574fd9bd4108194f86c4d06dac9b9c121765e53,gx-no-cache=1777295236081 HTTP/1.1" 200 30
190.95.1.185 - - [27/Apr/2026:10:01:46 -0300] "POST /cormun/servlet/solicitudotadjuntos?fe7b69a3149c980fc8c66e8af0d25516,INS,2026,23500,,1, HTTP/1.1" 200 116
190.95.1.185 - - [27/Apr/2026:10:01:46 -0300] "GET /cormun/servlet/hpexe_return? HTTP/1.1" 200 1025
190.95.1.185 - - [27/Apr/2026:10:01:46 -0300] "GET /cormun/servlet/trsolicitudadjuntos?2026,23500, HTTP/1.1" 200 10128
190.95.1.185 - - [27/Apr/2026:10:01:49 -0300] "GET /cormun/servlet/solicitudotadjuntos?INS,2026,23500,,1, HTTP/1.1" 200 6524
190.95.1.185 - - [27/Apr/2026:10:01:49 -0300] "GET /cormun/static/about:blank HTTP/1.1" 404 1011
190.95.1.185 - - [27/Apr/2026:10:01:49 -0300] "GET /cormun/servlet/solicitudotadjuntos?14c02f3b64adac156bbd9c6b4574fd9b20c5bc961967d71f0687056fcec58ac4afdc5ea9b2d516b4dd7c5ce6ebf2f5ae,gx-no-cache=1777295239607 HTTP/1.1" 200 30
190.95.1.185 - - [27/Apr/2026:10:01:49 -0300] "POST /cormun/servlet/solicitudotadjuntos?fe7b69a3149c980fc8c66e8af0d25516,INS,2026,23500,,1,,gx-no-cache=1777295239621 HTTP/1.1" 200 4155
190.95.1.185 - - [27/Apr/2026:10:01:51 -0300] "POST /cormun/servlet/solicitudotadjuntos?gx-no-cache=1777295241852 HTTP/1.1" 200 26
190.95.1.185 - - [27/Apr/2026:10:01:58 -0300] "GET /cormun/servlet/solicitudotadjuntos?14c02f3b64adac156bbd9c6b4574fd9bd4108194f86c4d06dac9b9c121765e53,gx-no-cache=1777295248860 HTTP/1.1" 200 30
190.95.1.185 - - [27/Apr/2026:10:01:58 -0300] "GET /cormun/servlet/solicitudotadjuntos?14c02f3b64adac156bbd9c6b4574fd9bd4108194f86c4d06dac9b9c121765e53,gx-no-cache=1777295248873 HTTP/1.1" 200 30
190.95.1.185 - - [27/Apr/2026:10:01:59 -0300] "POST /cormun/servlet/solicitudotadjuntos?fe7b69a3149c980fc8c66e8af0d25516,INS,2026,23500,,1, HTTP/1.1" 200 116
190.95.1.185 - - [27/Apr/2026:10:01:59 -0300] "GET /cormun/servlet/hpexe_return? HTTP/1.1" 200 1025
190.95.1.185 - - [27/Apr/2026:10:01:59 -0300] "GET /cormun/servlet/trsolicitudadjuntos?2026,23500, HTTP/1.1" 200 10372
190.95.1.185 - - [27/Apr/2026:10:02:01 -0300] "GET /cormun/servlet/solicitudotadjuntos?INS,2026,23500,,1, HTTP/1.1" 200 6524
190.95.1.185 - - [27/Apr/2026:10:02:02 -0300] "GET /cormun/static/about:blank HTTP/1.1" 404 1011
190.95.1.185 - - [27/Apr/2026:10:02:02 -0300] "GET /cormun/servlet/solicitudotadjuntos?14c02f3b64adac156bbd9c6b4574fd9b20c5bc961967d71f0687056fcec58ac4afdc5ea9b2d516b4dd7c5ce6ebf2f5ae,gx-no-cache=1777295252480 HTTP/1.1" 200 30
190.95.1.185 - - [27/Apr/2026:10:02:02 -0300] "POST /cormun/servlet/solicitudotadjuntos?fe7b69a3149c980fc8c66e8af0d25516,INS,2026,23500,,1,,gx-no-cache=1777295252502 HTTP/1.1" 200 4155
190.95.1.185 - - [27/Apr/2026:10:02:05 -0300] "POST /cormun/servlet/solicitudotadjuntos?gx-no-cache=1777295255012 HTTP/1.1" 200 26
190.95.1.185 - - [27/Apr/2026:10:02:11 -0300] "GET /cormun/servlet/solicitudotadjuntos?14c02f3b64adac156bbd9c6b4574fd9bd4108194f86c4d06dac9b9c121765e53,gx-no-cache=1777295261892 HTTP/1.1" 200 30
190.95.1.185 - - [27/Apr/2026:10:02:11 -0300] "GET /cormun/servlet/solicitudotadjuntos?14c02f3b64adac156bbd9c6b4574fd9bd4108194f86c4d06dac9b9c121765e53,gx-no-cache=1777295261906 HTTP/1.1" 200 30
190.95.1.185 - - [27/Apr/2026:10:02:12 -0300] "POST /cormun/servlet/solicitudotadjuntos?fe7b69a3149c980fc8c66e8af0d25516,INS,2026,23500,,1, HTTP/1.1" 200 116
190.95.1.185 - - [27/Apr/2026:10:02:12 -0300] "GET /cormun/servlet/hpexe_return? HTTP/1.1" 200 1025
190.95.1.185 - - [27/Apr/2026:10:02:12 -0300] "GET /cormun/servlet/trsolicitudadjuntos?2026,23500, HTTP/1.1" 200 10714
190.95.1.185 - - [27/Apr/2026:10:02:14 -0300] "GET /cormun/servlet/solicitudotadjuntos?INS,2026,23500,,1, HTTP/1.1" 200 6524
190.95.1.185 - - [27/Apr/2026:10:02:14 -0300] "GET /cormun/static/about:blank HTTP/1.1" 404 1011
190.95.1.185 - - [27/Apr/2026:10:02:15 -0300] "GET /cormun/servlet/solicitudotadjuntos?14c02f3b64adac156bbd9c6b4574fd9b20c5bc961967d71f0687056fcec58ac4afdc5ea9b2d516b4dd7c5ce6ebf2f5ae,gx-no-cache=1777295265285 HTTP/1.1" 200 30
190.95.1.185 - - [27/Apr/2026:10:02:15 -0300] "POST /cormun/servlet/solicitudotadjuntos?fe7b69a3149c980fc8c66e8af0d25516,INS,2026,23500,,1,,gx-no-cache=1777295265308 HTTP/1.1" 200 4155
190.95.1.185 - - [27/Apr/2026:10:02:17 -0300] "POST /cormun/servlet/solicitudotadjuntos?gx-no-cache=1777295267676 HTTP/1.1" 200 26
201.186.225.193 - - [27/Apr/2026:10:02:18 -0300] "GET /cormun/servlet/solicitudot?10e3bca14ad3c1216bd7dc1a901176b3506669de5659823cfa02ef56f9779fb029f817273095947fff0f35ed78fd3fe3a8cd033a91574882faf6871088fc0f98,gx-no-cache=1777295268321 HTTP/1.1" 200 30
201.186.225.193 - - [27/Apr/2026:10:02:18 -0300] "GET /cormun/servlet/solicitudot?10e3bca14ad3c1216bd7dc1a901176b324fed9ff9f7432aecbba170ad6359e28,gx-no-cache=1777295268353 HTTP/1.1" 200 53
201.186.225.193 - - [27/Apr/2026:10:02:18 -0300] "POST /cormun/servlet/solicitudot?gx-no-cache=1777295268381 HTTP/1.1" 200 297
201.186.225.193 - - [27/Apr/2026:10:02:18 -0300] "GET /cormun/servlet/solicitudot?10e3bca14ad3c1216bd7dc1a901176b346186fcb8871775e02dc972a030671aed90c1d3a455ac60a9fd37d821d4f45aa998fc395140e1cf24461f466af6ffa7c7436e1790d9ed0ebd00b3194e11ff8af706b9b37855c5f527ee2f394abb508908e1b4664396c7df06296ad4426c65ec5b62a98289d366b11af5ad85e282005486ac61a835b096930c157d79547f90bb10148e5a7a53f718e1a1a93ddb90785ee6679da481c979f7000b43fd397a119a589e1d6bed0fc909aeca6c5e27da0dea4e228574bf7a76852353ac22250957d106cc086eedb11610a7f94129b8ca4ac19a99448245edce46ed979f2f33c074dc44a2b86cecb948118a0017c2a57fa84d37e992095379c9001fca1f2b51ae53a2ba25e812660205a8d78e4ccb9768021c11d8aae503f682cd599d46038ab93a9eac414e3fdf3a87e5419353cc638e1cd8349be5adcb6efe964c53e7d00f574a830ac4d15f9c27db8440b52cb5db9970389b9abddda90aaba171c401f00f614893e9ee71146905377c009c13e8129f99903132e2d2bdf501b6dd7a32991e14aa0df,gx-no-cache=1777295268416 HTTP/1.1" 200 30
201.186.225.193 - - [27/Apr/2026:10:02:18 -0300] "POST /cormun/servlet/solicitudot?gx-no-cache=1777295268440 HTTP/1.1" 200 30
201.186.225.193 - - [27/Apr/2026:10:02:18 -0300] "POST /cormun/servlet/solicitudot?gx-no-cache=1777295268465 HTTP/1.1" 200 1481
201.186.225.193 - - [27/Apr/2026:10:02:18 -0300] "POST /cormun/servlet/solicitudot?gx-no-cache=1777295268504 HTTP/1.1" 200 38
201.186.225.193 - - [27/Apr/2026:10:02:18 -0300] "GET /cormun/servlet/solicitudot?10e3bca14ad3c1216bd7dc1a901176b302b1c4965b871db8e4e9cdbd12287d5778b979a32f7acd9ef778ff5dd830ef1bf471fd6d9e3dc5523bdaec1cd9e739677f8ed5245bab97498741aa70b60630905370e6e933bffbd8deddbef4099fe4449f6c0777140a90a8070107817ed4535a,gx-no-cache=1777295268527 HTTP/1.1" 200 110
201.186.225.193 - - [27/Apr/2026:10:02:20 -0300] "POST /cormun/servlet/solicitudot?gx-no-cache=1777295270290 HTTP/1.1" 200 64
201.186.225.193 - - [27/Apr/2026:10:02:27 -0300] "POST /cormun/servlet/solicitudot?gx-no-cache=1777295277217 HTTP/1.1" 200 97
190.95.67.93 - - [27/Apr/2026:10:02:38 -0300] "POST /cormun/servlet/trlicencias?6a5b236c6c37a59aaea6f595e455602a,,gx-no-cache=1777295288326 HTTP/1.1" 200 4451
190.95.67.93 - - [27/Apr/2026:10:02:52 -0300] "POST /cormun/servlet/trlicencias?6a5b236c6c37a59aaea6f595e455602a,,gx-no-cache=1777295302142 HTTP/1.1" 200 10342
201.186.225.193 - - [27/Apr/2026:10:02:53 -0300] "POST /cormun/servlet/solicitudot?gx-no-cache=1777295303072 HTTP/1.1" 200 30
192.168.10.19 - - [27/Apr/2026:10:02:53 -0300] "GET /cormun/servlet/vesolicitudgral?2026,23427,,SolicitudOTAdjuntos HTTP/1.1" 200 7086
192.168.10.19 - - [27/Apr/2026:10:02:53 -0300] "GET /cormun/pexe_scrolldiv.js HTTP/1.1" 404 1009
192.168.10.19 - - [27/Apr/2026:10:02:54 -0300] "POST /cormun/servlet/acontrolpreferencessavestate?None,RRHH+DANIELA,true HTTP/1.1" 200 35
192.168.10.19 - - [27/Apr/2026:10:02:55 -0300] "GET /cormun/servlet/vesolicitudgral?2026,23427,,General HTTP/1.1" 200 8385
192.168.10.19 - - [27/Apr/2026:10:02:55 -0300] "GET /cormun/pexe_scrolldiv.js HTTP/1.1" 404 1009
190.95.1.185 - - [27/Apr/2026:10:03:35 -0300] "GET /cormun/servlet/solicitudotadjuntos?14c02f3b64adac156bbd9c6b4574fd9bd4108194f86c4d06dac9b9c121765e53,gx-no-cache=1777295344956 HTTP/1.1" 200 30
190.95.1.185 - - [27/Apr/2026:10:03:35 -0300] "GET /cormun/servlet/solicitudotadjuntos?14c02f3b64adac156bbd9c6b4574fd9bd4108194f86c4d06dac9b9c121765e53,gx-no-cache=1777295344987 HTTP/1.1" 200 30
190.95.1.185 - - [27/Apr/2026:10:03:35 -0300] "POST /cormun/servlet/solicitudotadjuntos?fe7b69a3149c980fc8c66e8af0d25516,INS,2026,23500,,1, HTTP/1.1" 200 116
190.95.1.185 - - [27/Apr/2026:10:03:35 -0300] "GET /cormun/servlet/hpexe_return? HTTP/1.1" 200 1025
190.95.1.185 - - [27/Apr/2026:10:03:35 -0300] "GET /cormun/servlet/trsolicitudadjuntos?2026,23500, HTTP/1.1" 200 10908
190.95.1.185 - - [27/Apr/2026:10:03:37 -0300] "GET /cormun/servlet/solicitudotadjuntos?INS,2026,23500,,1, HTTP/1.1" 200 6524
190.95.1.185 - - [27/Apr/2026:10:03:37 -0300] "GET /cormun/static/about:blank HTTP/1.1" 404 1011
190.95.1.185 - - [27/Apr/2026:10:03:37 -0300] "GET /cormun/servlet/solicitudotadjuntos?14c02f3b64adac156bbd9c6b4574fd9b20c5bc961967d71f0687056fcec58ac4afdc5ea9b2d516b4dd7c5ce6ebf2f5ae,gx-no-cache=1777295347833 HTTP/1.1" 200 30
190.95.1.185 - - [27/Apr/2026:10:03:37 -0300] "POST /cormun/servlet/solicitudotadjuntos?fe7b69a3149c980fc8c66e8af0d25516,INS,2026,23500,,1,,gx-no-cache=1777295347848 HTTP/1.1" 200 4154
190.95.1.185 - - [27/Apr/2026:10:03:40 -0300] "POST /cormun/servlet/solicitudotadjuntos?gx-no-cache=1777295350221 HTTP/1.1" 200 26
201.186.225.193 - - [27/Apr/2026:10:03:41 -0300] "POST /cormun/servlet/solicitudot?gx-no-cache=1777295351304 HTTP/1.1" 200 30
190.95.1.185 - - [27/Apr/2026:10:03:51 -0300] "GET /cormun/servlet/solicitudotadjuntos?14c02f3b64adac156bbd9c6b4574fd9bd4108194f86c4d06dac9b9c121765e53,gx-no-cache=1777295361148 HTTP/1.1" 200 30
190.95.1.185 - - [27/Apr/2026:10:03:51 -0300] "GET /cormun/servlet/solicitudotadjuntos?14c02f3b64adac156bbd9c6b4574fd9bd4108194f86c4d06dac9b9c121765e53,gx-no-cache=1777295361163 HTTP/1.1" 200 30
190.95.1.185 - - [27/Apr/2026:10:03:51 -0300] "POST /cormun/servlet/solicitudotadjuntos?fe7b69a3149c980fc8c66e8af0d25516,INS,2026,23500,,1, HTTP/1.1" 200 116
190.95.1.185 - - [27/Apr/2026:10:03:51 -0300] "GET /cormun/servlet/hpexe_return? HTTP/1.1" 200 1025
190.95.1.185 - - [27/Apr/2026:10:03:51 -0300] "GET /cormun/servlet/trsolicitudadjuntos?2026,23500, HTTP/1.1" 200 11085
201.186.225.193 - - [27/Apr/2026:10:03:52 -0300] "POST /cormun/servlet/solicitudot?gx-no-cache=1777295361993 HTTP/1.1" 200 30
190.95.67.93 - - [27/Apr/2026:10:03:52 -0300] "POST /cormun/servlet/trlicencias?6a5b236c6c37a59aaea6f595e455602a,,gx-no-cache=1777295362239 HTTP/1.1" 200 4446
190.95.1.185 - - [27/Apr/2026:10:03:56 -0300] "GET /cormun/servlet/trsolicitudot? HTTP/1.1" 200 9098
201.186.225.193 - - [27/Apr/2026:10:04:03 -0300] "POST /cormun/servlet/solicitudot?gx-no-cache=1777295373697 HTTP/1.1" 200 30
190.95.67.93 - - [27/Apr/2026:10:04:07 -0300] "POST /cormun/servlet/trlicencias?6a5b236c6c37a59aaea6f595e455602a,,gx-no-cache=1777295376886 HTTP/1.1" 200 6930
190.95.1.185 - - [27/Apr/2026:10:04:12 -0300] "POST /cormun/servlet/trsolicitudot?fe7b69a3149c980fc8c66e8af0d25516,,gx-no-cache=1777295382022 HTTP/1.1" 200 4872
190.95.1.185 - - [27/Apr/2026:10:04:12 -0300] "GET /cormun/static/Shared/jqueryui/images/ui-bg_highlight-soft_100_c6c2c8_1x100.png HTTP/1.1" 404 1117
190.95.1.185 - - [27/Apr/2026:10:04:12 -0300] "GET /cormun/static/Shared/jqueryui/images/ui-icons_82798d_256x240.png HTTP/1.1" 404 1089
190.95.1.185 - - [27/Apr/2026:10:04:12 -0300] "GET /cormun/static/Shared/jqueryui/images/ui-bg_flat_55_fafafa_40x100.png HTTP/1.1" 404 1097
190.95.1.185 - - [27/Apr/2026:10:04:12 -0300] "GET /cormun/static/Shared/jqueryui/images/ui-icons_8d78a5_256x240.png HTTP/1.1" 404 1089
190.95.1.185 - - [27/Apr/2026:10:04:12 -0300] "POST /cormun/servlet/trsolicitudot?fe7b69a3149c980fc8c66e8af0d25516,,gx-no-cache=1777295382168 HTTP/1.1" 200 4634
190.95.1.185 - - [27/Apr/2026:10:04:15 -0300] "GET /cormun/servlet/trautorizarsolicitud? HTTP/1.1" 200 8986
190.95.1.185 - - [27/Apr/2026:10:04:15 -0300] "GET /cormun/static/gxcfg.js?202211298474254 HTTP/1.1" 200 953
190.95.1.185 - - [27/Apr/2026:10:04:15 -0300] "GET /cormun/static/trautorizarsolicitud.js?202211298474588 HTTP/1.1" 200 53909
190.95.1.185 - - [27/Apr/2026:10:04:17 -0300] "POST /cormun/servlet/trautorizarsolicitud?fe7b69a3149c980fc8c66e8af0d25516,,gx-no-cache=1777295387702 HTTP/1.1" 200 4790
190.95.1.185 - - [27/Apr/2026:10:04:17 -0300] "POST /cormun/servlet/trautorizarsolicitud?fe7b69a3149c980fc8c66e8af0d25516,,gx-no-cache=1777295387819 HTTP/1.1" 200 4551
190.95.67.93 - - [27/Apr/2026:10:04:37 -0300] "POST /cormun/servlet/trlicencias?6a5b236c6c37a59aaea6f595e455602a,,gx-no-cache=1777295407478 HTTP/1.1" 200 5975
190.95.67.93 - - [27/Apr/2026:10:04:58 -0300] "POST /cormun/servlet/trlicencias?6a5b236c6c37a59aaea6f595e455602a,,gx-no-cache=1777295428103 HTTP/1.1" 200 4454
190.95.67.93 - - [27/Apr/2026:10:05:02 -0300] "POST /cormun/servlet/trlicencias?6a5b236c6c37a59aaea6f595e455602a,,gx-no-cache=1777295432566 HTTP/1.1" 200 10139
192.168.10.19 - - [27/Apr/2026:10:05:51 -0300] "POST /cormun/servlet/vesolicitudgral?03eca5f007713bc4c26def12bde9a5e4,2026,23427,,General,gx-no-cache=1777295537279 HTTP/1.1" 200 12370
192.168.10.19 - - [27/Apr/2026:10:05:51 -0300] "POST /cormun/servlet/vesolicitudgral?03eca5f007713bc4c26def12bde9a5e4,2026,23427,,General,gx-no-cache=1777295537444 HTTP/1.1" 200 12300
192.168.10.19 - - [27/Apr/2026:10:05:53 -0300] "GET /cormun/servlet/trsolicitudgral? HTTP/1.1" 200 21571
190.95.67.93 - - [27/Apr/2026:10:06:02 -0300] "POST /cormun/servlet/trlicencias?6a5b236c6c37a59aaea6f595e455602a,,gx-no-cache=1777295492327 HTTP/1.1" 200 6236
192.168.10.19 - - [27/Apr/2026:10:06:21 -0300] "GET /cormun/servlet/vesolicitudgral?2026,23421,, HTTP/1.1" 200 8437
192.168.10.19 - - [27/Apr/2026:10:06:21 -0300] "GET /cormun/pexe_scrolldiv.js HTTP/1.1" 404 1009
192.168.10.19 - - [27/Apr/2026:10:07:11 -0300] "GET /cormun/servlet/trsolicitudgral? HTTP/1.1" 200 21565
201.186.225.193 - - [27/Apr/2026:10:07:37 -0300] "POST /cormun/servlet/solicitudot?gx-no-cache=1777295587033 HTTP/1.1" 200 1481
179.57.78.9 - - [27/Apr/2026:10:07:41 -0300] "GET /cormun/servlet/hlogin HTTP/1.1" 200 1723
179.57.78.9 - - [27/Apr/2026:10:07:41 -0300] "GET /cormun/servlet/hlogin HTTP/1.1" 200 1734
179.57.78.9 - - [27/Apr/2026:10:07:47 -0300] "POST /cormun/servlet/hlogin?be79641407ab4aa344a5512c964b7627,gx-no-cache=1777295596168 HTTP/1.1" 200 90
179.57.78.9 - - [27/Apr/2026:10:07:47 -0300] "GET /cormun/servlet/hpexe_link HTTP/1.1" 200 956
179.57.78.9 - - [27/Apr/2026:10:07:47 -0300] "GET /cormun/servlet/hhome HTTP/1.1" 200 4349
201.186.225.193 - - [27/Apr/2026:10:07:52 -0300] "GET /cormun/static/menuarrow.gif HTTP/1.1" 404 1015
179.57.78.9 - - [27/Apr/2026:10:07:53 -0300] "GET /cormun/servlet/trlicencias? HTTP/1.1" 200 11690
179.57.78.9 - - [27/Apr/2026:10:07:53 -0300] "GET /cormun/static/gxui/gxui-all.css?120300 HTTP/1.1" 200 2179
179.57.78.9 - - [27/Apr/2026:10:07:53 -0300] "GET /cormun/static/calendar-system.css?85620 HTTP/1.1" 200 5572
179.57.78.9 - - [27/Apr/2026:10:07:53 -0300] "GET /cormun/static/gxcfg.js?202211298463625 HTTP/1.1" 200 953
179.57.78.9 - - [27/Apr/2026:10:07:53 -0300] "GET /cormun/static/calendar-setup.js?85251 HTTP/1.1" 200 2588
179.57.78.9 - - [27/Apr/2026:10:07:53 -0300] "GET /cormun/static/calendar-es.js?85251 HTTP/1.1" 200 1901
179.57.78.9 - - [27/Apr/2026:10:07:53 -0300] "GET /cormun/static/calendar.js?85251 HTTP/1.1" 200 26246
179.57.78.9 - - [27/Apr/2026:10:07:53 -0300] "GET /cormun/static/Resources/PXTools/calendar.png HTTP/1.1" 200 1306
179.57.78.9 - - [27/Apr/2026:10:07:53 -0300] "GET /cormun/static/gxdec.js?85251 HTTP/1.1" 200 19579
179.57.78.9 - - [27/Apr/2026:10:07:53 -0300] "GET /cormun/static/trlicencias.js?202211298463889 HTTP/1.1" 200 41883
179.57.78.9 - - [27/Apr/2026:10:07:53 -0300] "GET /cormun/static/Resources/PXToolsDataSearch.png HTTP/1.1" 200 435
179.57.78.9 - - [27/Apr/2026:10:07:53 -0300] "GET /cormun/static/Resources/PXToolsGridFirstDisabled.gif HTTP/1.1" 200 100
179.57.78.9 - - [27/Apr/2026:10:07:53 -0300] "GET /cormun/static/Resources/PXToolsGridPreviousDisabled.gif HTTP/1.1" 200 90
179.57.78.9 - - [27/Apr/2026:10:07:53 -0300] "GET /cormun/static/Resources/PXToolsGridNextDisabled.gif HTTP/1.1" 200 90
179.57.78.9 - - [27/Apr/2026:10:07:53 -0300] "GET /cormun/static/Resources/PXToolsGridLastDisabled.gif HTTP/1.1" 200 98
