200.126.117.15 - - [24/Mar/2026:09:07:43 -0300] "GET /cormun/servlet/solicitudot?5bd08432662596b622868a8fd04fc9c284e3932e186fb70efa749177164da46e8bf4fa630d379c465a34897bacf1ff7384a9f3f32d1b4bb2aabadd610115eabdae60d7d87eb57819cadbdd1a636ae21a8d19b01cd9bc8d28a2ba9b0d5d3ce63d5ad7bbccf857a6f7d510a181827c87e4,gx-no-cache=1774354325871 HTTP/1.1" 200 29
200.126.117.15 - - [24/Mar/2026:09:07:45 -0300] "GET /cormun/static/menuarrow.gif HTTP/1.1" 404 1015
200.126.117.15 - - [24/Mar/2026:09:07:53 -0300] "GET /cormun/servlet/solicitudot?5bd08432662596b622868a8fd04fc9c294f8040da43e8dc7178d1739d7f983c62c80b52ffd27eb6b67340483284643a0,gx-no-cache=1774354335732 HTTP/1.1" 200 30
200.126.117.15 - - [24/Mar/2026:09:07:59 -0300] "POST /cormun/servlet/solicitudot?gx-no-cache=1774354341734 HTTP/1.1" 200 30
190.95.67.91 - - [24/Mar/2026:09:09:00 -0300] "GET /cormun/servlet/hlogin HTTP/1.1" 200 1733
148.222.218.189 - - [24/Mar/2026:09:10:26 -0300] "GET /cormun/servlet/hlogin HTTP/1.1" 200 1721
148.222.218.189 - - [24/Mar/2026:09:10:26 -0300] "GET /cormun/servlet/hlogin HTTP/1.1" 200 1732
148.222.218.189 - - [24/Mar/2026:09:10:26 -0300] "GET /favicon.ico HTTP/1.1" 200 21630
148.222.218.189 - - [24/Mar/2026:09:10:28 -0300] "POST /cormun/servlet/hlogin?a255c8eafffad6843ac105e9e4450d47,gx-no-cache=1774354492425 HTTP/1.1" 200 90
148.222.218.189 - - [24/Mar/2026:09:10:28 -0300] "GET /cormun/servlet/hpexe_link HTTP/1.1" 200 953
148.222.218.189 - - [24/Mar/2026:09:10:28 -0300] "GET /cormun/servlet/hhome HTTP/1.1" 200 4334
200.126.117.15 - - [24/Mar/2026:09:10:31 -0300] "POST /cormun/servlet/solicitudot?gx-no-cache=1774354493895 HTTP/1.1" 200 1480
200.126.117.15 - - [24/Mar/2026:09:10:31 -0300] "POST /cormun/servlet/solicitudot?gx-no-cache=1774354493988 HTTP/1.1" 200 41
200.126.117.15 - - [24/Mar/2026:09:10:31 -0300] "GET /cormun/servlet/solicitudot?5bd08432662596b622868a8fd04fc9c214238402b533f02606aacd780881bc69ab2a954b34ed432e3112a8562e3e8e4f5ba02ab4ed9ecbc2d6033371401fd0f31c9a4455d3fc98bac65224c4e879b8a2deea28e311d17be75373ecc30e82b12b0eb13841ae57ab5b3f6d18e4b17551bb,gx-no-cache=1774354494010 HTTP/1.1" 200 110
200.126.117.15 - - [24/Mar/2026:09:10:31 -0300] "POST /cormun/servlet/solicitudot?gx-no-cache=1774354494033 HTTP/1.1" 200 110
200.126.117.15 - - [24/Mar/2026:09:10:31 -0300] "GET /cormun/servlet/solicitudot?5bd08432662596b622868a8fd04fc9c294f8040da43e8dc7178d1739d7f983c62c80b52ffd27eb6b67340483284643a0,gx-no-cache=1774354494057 HTTP/1.1" 200 30
200.126.117.15 - - [24/Mar/2026:09:10:32 -0300] "POST /cormun/servlet/solicitudot?gx-no-cache=1774354494073 HTTP/1.1" 200 30
200.126.117.15 - - [24/Mar/2026:09:10:32 -0300] "POST /cormun/servlet/solicitudot?bb3ff6c8560a811cbb5ca3916426202f,INS,0,0,false,,gx-no-cache=1774354494093 HTTP/1.1" 200 13397
148.222.218.189 - - [24/Mar/2026:09:10:34 -0300] "GET /cormun/servlet/trsolicitudot? HTTP/1.1" 200 7553
148.222.218.189 - - [24/Mar/2026:09:10:55 -0300] "GET /cormun/servlet/solicitudot?INS,0,0,false, HTTP/1.1" 200 16336
148.222.218.189 - - [24/Mar/2026:09:10:55 -0300] "GET /cormun/static/Resources/prompt.gif HTTP/1.1" 200 902
148.222.218.189 - - [24/Mar/2026:09:10:55 -0300] "GET /cormun/static/gxcfg.js?20221129840861 HTTP/1.1" 200 953
148.222.218.189 - - [24/Mar/2026:09:10:55 -0300] "GET /cormun/static/solicitudot.js?20221129840983 HTTP/1.1" 200 74072
148.222.218.189 - - [24/Mar/2026:09:11:07 -0300] "POST /cormun/servlet/solicitudot?gx-no-cache=1774354531329 HTTP/1.1" 200 4114
148.222.218.189 - - [24/Mar/2026:09:11:07 -0300] "GET /cormun/static/Shared/jqueryui/images/ui-bg_highlight-soft_100_c6c2c8_1x100.png HTTP/1.1" 404 1117
148.222.218.189 - - [24/Mar/2026:09:11:07 -0300] "GET /cormun/static/Shared/jqueryui/images/ui-icons_ebccce_256x240.png HTTP/1.1" 404 1089
148.222.218.189 - - [24/Mar/2026:09:11:07 -0300] "GET /cormun/static/Shared/jqueryui/images/ui-icons_82798d_256x240.png HTTP/1.1" 404 1089
148.222.218.189 - - [24/Mar/2026:09:11:07 -0300] "GET /cormun/static/Shared/jqueryui/images/ui-bg_flat_55_994d53_40x100.png HTTP/1.1" 404 1097
148.222.218.189 - - [24/Mar/2026:09:11:15 -0300] "GET /cormun/servlet/solicitudot?1e6cdaba01dcbb97c0836053b537deb6030cf588b6bee18a9f649d23ebeef6f509a632b58989137b6a2d6dde657e3d3d,gx-no-cache=1774354539267 HTTP/1.1" 200 111
200.126.117.15 - - [24/Mar/2026:09:11:21 -0300] "POST /cormun/servlet/solicitudot?gx-no-cache=1774354543171 HTTP/1.1" 200 30
148.222.218.189 - - [24/Mar/2026:09:11:37 -0300] "GET /cormun/servlet/solicitudot?1e6cdaba01dcbb97c0836053b537deb6a5774b9e557dd31048a376822d277aa9acd01310bc3d004e9c64cccd6ddf51e7,gx-no-cache=1774354561204 HTTP/1.1" 200 30
200.126.117.15 - - [24/Mar/2026:09:11:39 -0300] "POST /cormun/servlet/solicitudot?gx-no-cache=1774354561474 HTTP/1.1" 200 1480
200.126.117.15 - - [24/Mar/2026:09:11:39 -0300] "POST /cormun/servlet/solicitudot?gx-no-cache=1774354561503 HTTP/1.1" 200 41
200.126.117.15 - - [24/Mar/2026:09:11:39 -0300] "GET /cormun/servlet/solicitudot?5bd08432662596b622868a8fd04fc9c214238402b533f02606aacd780881bc69ab2a954b34ed432e3112a8562e3e8e4f5ba02ab4ed9ecbc2d6033371401fd0f31c9a4455d3fc98bac65224c4e879b8a2deea28e311d17be75373ecc30e82b12b0eb13841ae57ab5b3f6d18e4b17551bb,gx-no-cache=1774354561519 HTTP/1.1" 200 110
200.126.117.15 - - [24/Mar/2026:09:11:39 -0300] "POST /cormun/servlet/solicitudot?gx-no-cache=1774354561538 HTTP/1.1" 200 110
200.126.117.15 - - [24/Mar/2026:09:11:39 -0300] "GET /cormun/servlet/solicitudot?5bd08432662596b622868a8fd04fc9c294f8040da43e8dc7178d1739d7f983c62c80b52ffd27eb6b67340483284643a0,gx-no-cache=1774354561563 HTTP/1.1" 200 30
200.126.117.15 - - [24/Mar/2026:09:11:39 -0300] "POST /cormun/servlet/solicitudot?gx-no-cache=1774354561587 HTTP/1.1" 200 30
200.126.117.15 - - [24/Mar/2026:09:11:40 -0300] "POST /cormun/servlet/solicitudot?bb3ff6c8560a811cbb5ca3916426202f,INS,0,0,false,,gx-no-cache=1774354561618 HTTP/1.1" 200 93
200.126.117.15 - - [24/Mar/2026:09:11:40 -0300] "GET /cormun/servlet/hpexe_return? HTTP/1.1" 200 1007
200.126.117.15 - - [24/Mar/2026:09:11:40 -0300] "GET /cormun/static/gxcfg.js?20221129846035 HTTP/1.1" 200 953
200.126.117.15 - - [24/Mar/2026:09:11:40 -0300] "GET /cormun/static/hpexe_return.js?20221129846037 HTTP/1.1" 200 1633
200.126.117.15 - - [24/Mar/2026:09:11:40 -0300] "GET /cormun/servlet/trsolicitudot HTTP/1.1" 200 8954
200.126.117.15 - - [24/Mar/2026:09:11:40 -0300] "GET /cormun//static/Resources/PXToolsGridUpdate.png HTTP/1.1" 200 470
200.126.117.15 - - [24/Mar/2026:09:11:40 -0300] "GET /cormun//static/Resources/PXToolsActionView.png HTTP/1.1" 200 398
200.126.117.15 - - [24/Mar/2026:09:11:40 -0300] "GET /cormun//static/Resources/PXToolsGridDelete.png HTTP/1.1" 200 538
200.126.117.15 - - [24/Mar/2026:09:11:40 -0300] "GET /cormun//static/Resources/PXTools/ActionInsert.png HTTP/1.1" 200 1482
200.126.117.15 - - [24/Mar/2026:09:11:40 -0300] "GET /cormun//static/Resources/PXToolsRemoveAllAction.png HTTP/1.1" 200 487
200.126.117.15 - - [24/Mar/2026:09:11:54 -0300] "POST /cormun/servlet/trsolicitudot?bb3ff6c8560a811cbb5ca3916426202f,gx-no-cache=1774354576256 HTTP/1.1" 200 6058
200.126.117.15 - - [24/Mar/2026:09:11:54 -0300] "GET /cormun/static/Shared/jqueryui/images/ui-icons_82798d_256x240.png HTTP/1.1" 404 1089
200.126.117.15 - - [24/Mar/2026:09:11:54 -0300] "GET /cormun/static/Shared/jqueryui/images/ui-bg_highlight-soft_100_c6c2c8_1x100.png HTTP/1.1" 404 1117
200.126.117.15 - - [24/Mar/2026:09:11:54 -0300] "GET /cormun/static/Shared/jqueryui/images/ui-icons_8d78a5_256x240.png HTTP/1.1" 404 1089
200.126.117.15 - - [24/Mar/2026:09:11:54 -0300] "GET /cormun/static/Shared/jqueryui/images/ui-bg_flat_55_fafafa_40x100.png HTTP/1.1" 404 1097
200.126.117.15 - - [24/Mar/2026:09:11:56 -0300] "POST /cormun/servlet/trsolicitudot?bb3ff6c8560a811cbb5ca3916426202f,gx-no-cache=1774354578245 HTTP/1.1" 200 6058
200.126.117.15 - - [24/Mar/2026:09:11:58 -0300] "POST /cormun/servlet/trsolicitudot?bb3ff6c8560a811cbb5ca3916426202f,gx-no-cache=1774354580100 HTTP/1.1" 200 6058
200.126.117.15 - - [24/Mar/2026:09:12:07 -0300] "POST /cormun/servlet/trsolicitudot?bb3ff6c8560a811cbb5ca3916426202f,gx-no-cache=1774354589573 HTTP/1.1" 200 6058
200.126.117.15 - - [24/Mar/2026:09:12:09 -0300] "POST /cormun/servlet/trsolicitudot?bb3ff6c8560a811cbb5ca3916426202f,gx-no-cache=1774354591232 HTTP/1.1" 200 6058
200.126.117.15 - - [24/Mar/2026:09:12:54 -0300] "POST /cormun/servlet/trsolicitudot?bb3ff6c8560a811cbb5ca3916426202f,gx-no-cache=1774354636913 HTTP/1.1" 200 6057
200.126.117.15 - - [24/Mar/2026:09:12:56 -0300] "POST /cormun/servlet/trsolicitudot?bb3ff6c8560a811cbb5ca3916426202f,gx-no-cache=1774354638552 HTTP/1.1" 200 6057
200.126.117.15 - - [24/Mar/2026:09:13:55 -0300] "POST /cormun/servlet/trsolicitudot?bb3ff6c8560a811cbb5ca3916426202f,gx-no-cache=1774354697421 HTTP/1.1" 200 4860
200.126.117.15 - - [24/Mar/2026:09:13:55 -0300] "POST /cormun/servlet/trsolicitudot?bb3ff6c8560a811cbb5ca3916426202f,gx-no-cache=1774354697542 HTTP/1.1" 200 4610
200.126.117.15 - - [24/Mar/2026:09:14:02 -0300] "GET /cormun/servlet/solicitudot?INS,0,0,false, HTTP/1.1" 200 16316
200.126.117.15 - - [24/Mar/2026:09:14:06 -0300] "GET /cormun/servlet/trsolicitudot HTTP/1.1" 200 7540
200.126.117.15 - - [24/Mar/2026:09:14:16 -0300] "GET /cormun/servlet/trautorizarsolicitud? HTTP/1.1" 200 8844
200.126.117.15 - - [24/Mar/2026:09:14:16 -0300] "GET /cormun/static/gxcfg.js?202211298474254 HTTP/1.1" 200 953
200.126.117.15 - - [24/Mar/2026:09:14:16 -0300] "GET /cormun/static/trautorizarsolicitud.js?202211298474588 HTTP/1.1" 200 53909
200.126.117.15 - - [24/Mar/2026:09:14:23 -0300] "POST /cormun/servlet/trautorizarsolicitud?bb3ff6c8560a811cbb5ca3916426202f,,gx-no-cache=1774354725811 HTTP/1.1" 200 5981
200.126.117.15 - - [24/Mar/2026:09:14:25 -0300] "POST /cormun/servlet/trautorizarsolicitud?bb3ff6c8560a811cbb5ca3916426202f,,gx-no-cache=1774354727417 HTTP/1.1" 200 5981
148.222.218.189 - - [24/Mar/2026:09:14:30 -0300] "GET /cormun/servlet/solicitudot?1e6cdaba01dcbb97c0836053b537deb6b441d8fff39105b5f1c4fe87f9c59f87024411e76e1a7c4220049e82009ae098fbe79df78b91678bb2ffec6478325b7d,gx-no-cache=1774354734884 HTTP/1.1" 200 30
148.222.218.189 - - [24/Mar/2026:09:14:33 -0300] "GET /cormun/static/Resources/resize.gif HTTP/1.1" 200 77
148.222.218.189 - - [24/Mar/2026:09:14:34 -0300] "GET /cormun/static/Resources/PXTools/ClosePrompt.png HTTP/1.1" 200 1036
148.222.218.189 - - [24/Mar/2026:09:14:34 -0300] "GET /cormun/servlet/prbanco?,MD,,gxPopupLevel%3D0%3B HTTP/1.1" 200 6741
148.222.218.189 - - [24/Mar/2026:09:14:34 -0300] "GET /cormun/static/gxcfg.js?20201216131581 HTTP/1.1" 200 953
148.222.218.189 - - [24/Mar/2026:09:14:34 -0300] "GET /cormun/static/Resources/PXToolsMenuSearch.png HTTP/1.1" 200 336
200.126.117.15 - - [24/Mar/2026:09:14:34 -0300] "POST /cormun/servlet/trautorizarsolicitud?bb3ff6c8560a811cbb5ca3916426202f,,gx-no-cache=1774354736109 HTTP/1.1" 200 4786
148.222.218.189 - - [24/Mar/2026:09:14:34 -0300] "GET /cormun/static/Resources/PXToolsMenuSearchCancel.png HTTP/1.1" 200 306
200.126.117.15 - - [24/Mar/2026:09:14:34 -0300] "POST /cormun/servlet/trautorizarsolicitud?bb3ff6c8560a811cbb5ca3916426202f,,gx-no-cache=1774354736194 HTTP/1.1" 200 4539
148.222.218.189 - - [24/Mar/2026:09:14:34 -0300] "GET /cormun/static/hmpwkw011.js?202211298443482 HTTP/1.1" 200 1968
148.222.218.189 - - [24/Mar/2026:09:14:34 -0300] "GET /cormun/static/menusearch.js?20201214473581 HTTP/1.1" 200 1424
148.222.218.189 - - [24/Mar/2026:09:14:34 -0300] "GET /cormun/static/prbanco.js?20201216132311 HTTP/1.1" 200 10693
192.168.10.19 - - [24/Mar/2026:09:14:40 -0300] "GET /cormun/servlet/hlogin HTTP/1.1" 200 1717
192.168.10.19 - - [24/Mar/2026:09:14:42 -0300] "GET /cormun/servlet/hlogin HTTP/1.1" 200 1727
148.222.218.189 - - [24/Mar/2026:09:14:43 -0300] "GET /cormun/servlet/solicitudot?1e6cdaba01dcbb97c0836053b537deb6abd6dabe5b2814f8149a3fa8706ce9a3,gx-no-cache=1774354747243 HTTP/1.1" 200 70
200.126.117.15 - - [24/Mar/2026:09:14:45 -0300] "GET /cormun/servlet/trvisualizadoreventos? HTTP/1.1" 200 7099
200.126.117.15 - - [24/Mar/2026:09:14:45 -0300] "GET /cormun/static/Resources/PXToolsActionPrint.png HTTP/1.1" 200 404
200.126.117.15 - - [24/Mar/2026:09:14:45 -0300] "GET /cormun/static/gxcfg.js?202211298474834 HTTP/1.1" 200 953
200.126.117.15 - - [24/Mar/2026:09:14:45 -0300] "GET /cormun/static/trvisualizadoreventos.js?202211298474971 HTTP/1.1" 200 19318
192.168.10.19 - - [24/Mar/2026:09:14:47 -0300] "POST /cormun/servlet/hlogin?f9e3e1485bea2511c795a11bdbeba306,gx-no-cache=1774354774659 HTTP/1.1" 200 90
192.168.10.19 - - [24/Mar/2026:09:14:47 -0300] "GET /cormun/servlet/hpexe_link HTTP/1.1" 200 949
192.168.10.19 - - [24/Mar/2026:09:14:48 -0300] "GET /cormun/servlet/hhome HTTP/1.1" 200 3818
200.126.117.15 - - [24/Mar/2026:09:14:48 -0300] "GET /cormun/servlet/trautorizarsolicitud? HTTP/1.1" 200 7441
192.168.10.19 - - [24/Mar/2026:09:14:51 -0300] "GET /cormun/servlet/trsolicitudgral? HTTP/1.1" 200 16560
200.126.117.15 - - [24/Mar/2026:09:14:53 -0300] "GET /cormun/servlet/trautorizarsolicitud? HTTP/1.1" 200 7440
192.168.10.19 - - [24/Mar/2026:09:14:56 -0300] "POST /cormun/servlet/trsolicitudgral?f9e3e1485bea2511c795a11bdbeba306,,gx-no-cache=1774354783404 HTTP/1.1" 200 6670
200.126.117.15 - - [24/Mar/2026:09:14:56 -0300] "GET /cormun/servlet/trvisualizadoreventos? HTTP/1.1" 200 7099
192.168.10.19 - - [24/Mar/2026:09:15:01 -0300] "POST /cormun/servlet/trsolicitudgral?f9e3e1485bea2511c795a11bdbeba306,,gx-no-cache=1774354788522 HTTP/1.1" 200 6675
148.222.218.189 - - [24/Mar/2026:09:15:06 -0300] "GET /cormun/servlet/solicitudot?1e6cdaba01dcbb97c0836053b537deb6f4b676baacc060cd0643a39c3c3bd4d018805b8609332989ca5114e119abb359db36a6a58e68735c449a698055d7755de1332a704ef6c1e3eabbba07359716bab170b98df2426c942aece3d69bd822991d7cf85705f9f2120f862c699b332ce33360d2adf3c0f1e23aa14a59bfa645b0ec7f9587f124e3567c479811529c6b58eb8190d9834e4eb2b2809929c67d117b76a3c8059fd42e63b9926f402626bd31ae0c75383c71bf9774d997bf7aba7a6fb0ae6bd4da5c888e2e7349ac930121b067e6d5386bb62cae236f26422c0f85b54ca9e1b0e2e2eb54498162c8faf95effe25b68629cb5e5dedff589e9a204bb7c22646c0bf5574d0ebac272cbd7f17ca18edd0deeab53c78e30ae545cf27b5f6fb7020e5b9d7cc430c65e9106a399eac7d3e0f6db2cecd3b655cdb70f74f38426209252a2472413619432c131392dd9db,gx-no-cache=1774354771050 HTTP/1.1" 200 255
179.57.78.71 - - [24/Mar/2026:09:15:07 -0300] "GET /cormun/servlet/hlogin HTTP/1.1" 200 1715
179.57.78.71 - - [24/Mar/2026:09:15:07 -0300] "GET /cormun/servlet/hlogin HTTP/1.1" 200 1725
148.222.218.189 - - [24/Mar/2026:09:15:08 -0300] "GET /cormun/servlet/solicitudot?1e6cdaba01dcbb97c0836053b537deb6559177135a79ac5632216b35ea8c14280b3b535d91ab37a87284a164277b60175a329faa1cf5494dfe871d259cbea0eaef553faae724c9939d8278fa4c7a362babb1a9e2ca42b08ed562bcca6eb0ae18127c178e303888e8f63686069303dc73b50ebb60ea621c2629c515f32f45d7931a92869df862b27055f53938420af2a4468ea8d408a8dfa7ee8b6ad56a08e385af407bff0c2a965da181bc91fdee1d38c27e0a1c1d92a148513955e112fe9624df27a49939470ef7b1b24a0e856dc9d7ba61b92bde76b49b0b360d296f8c314b1b2725983e33280b78f58c70304b18eb74f68d2238a2349bbbdaea4a4d4d0b2c367b81c861d3c9394639805499f950bca595f8f3ea07734e4825061c620e5da6b202d64b90bb5996472b5b0a49058048bd9ab24d00e05fc64a96a1b5209a41f06c81b716cf933cc8dbc265560c5099a6f563c33aa4bec926a104bbeb36576af45c15b82fde8658bc22712381299b8ee2f48c62bec68226ee4b1f6194f34ac745,gx-no-cache=1774354772882 HTTP/1.1" 200 30
200.126.117.15 - - [24/Mar/2026:09:15:11 -0300] "POST /cormun/servlet/trvisualizadoreventos?bb3ff6c8560a811cbb5ca3916426202f,,gx-no-cache=1774354772937 HTTP/1.1" 200 4290
200.126.117.15 - - [24/Mar/2026:09:15:12 -0300] "POST /cormun/servlet/trvisualizadoreventos?bb3ff6c8560a811cbb5ca3916426202f,,gx-no-cache=1774354774276 HTTP/1.1" 200 4290
179.57.78.71 - - [24/Mar/2026:09:15:12 -0300] "POST /cormun/servlet/hlogin?00052d18b6afd3338d7ab5cdafdfc0ca,gx-no-cache=1774354776215 HTTP/1.1" 200 90
179.57.78.71 - - [24/Mar/2026:09:15:12 -0300] "GET /cormun/servlet/hpexe_link HTTP/1.1" 200 945
179.57.78.71 - - [24/Mar/2026:09:15:12 -0300] "GET /cormun/servlet/hhome HTTP/1.1" 200 4262
148.222.218.189 - - [24/Mar/2026:09:15:13 -0300] "POST /cormun/servlet/solicitudot?gx-no-cache=1774354778009 HTTP/1.1" 200 30
148.222.218.189 - - [24/Mar/2026:09:15:15 -0300] "POST /cormun/servlet/solicitudot?gx-no-cache=1774354779286 HTTP/1.1" 200 1474
148.222.218.189 - - [24/Mar/2026:09:15:15 -0300] "POST /cormun/servlet/solicitudot?gx-no-cache=1774354779358 HTTP/1.1" 200 38
179.57.78.71 - - [24/Mar/2026:09:15:16 -0300] "GET /cormun/servlet/trsolicitudot? HTTP/1.1" 200 7479
179.57.78.71 - - [24/Mar/2026:09:15:20 -0300] "GET /cormun/servlet/solicitudot?INS,0,0,false, HTTP/1.1" 200 16261
200.126.117.15 - - [24/Mar/2026:09:15:29 -0300] "POST /cormun/servlet/trvisualizadoreventos?bb3ff6c8560a811cbb5ca3916426202f,,gx-no-cache=1774354791824 HTTP/1.1" 200 90
200.126.117.15 - - [24/Mar/2026:09:15:29 -0300] "GET /cormun/servlet/hpexe_link HTTP/1.1" 200 970
200.126.117.15 - - [24/Mar/2026:09:15:29 -0300] "GET /cormun/servlet/trautorizarsolicitud HTTP/1.1" 200 7441
148.222.218.189 - - [24/Mar/2026:09:15:39 -0300] "GET /cormun/servlet/solicitudot?1e6cdaba01dcbb97c0836053b537deb64e7567ae8c094dc1523f55ddcb1e9626cc29d616d4e9a712fd18f9ccd7ca5d90410d0660adcd98385404bb1eb87045f49ad85668cd2d46eae8f409fb64245a0354e4af8e512c5ff74332d95259ad22cedb8238b468b35ffda43b058dd70f5c61,gx-no-cache=1774354804051 HTTP/1.1" 200 110
179.57.78.71 - - [24/Mar/2026:09:15:40 -0300] "POST /cormun/servlet/solicitudot?gx-no-cache=1774354803789 HTTP/1.1" 200 4046
179.57.78.71 - - [24/Mar/2026:09:15:40 -0300] "POST /cormun/servlet/solicitudot?00052d18b6afd3338d7ab5cdafdfc0ca,INS,0,0,false,,gx-no-cache=1774354803904 HTTP/1.1" 200 12906
200.126.117.15 - - [24/Mar/2026:09:15:42 -0300] "POST /cormun/servlet/trautorizarsolicitud?bb3ff6c8560a811cbb5ca3916426202f,gx-no-cache=1774354804669 HTTP/1.1" 200 4556
200.126.117.15 - - [24/Mar/2026:09:15:43 -0300] "POST /cormun/servlet/trautorizarsolicitud?bb3ff6c8560a811cbb5ca3916426202f,gx-no-cache=1774354805484 HTTP/1.1" 200 4555
179.57.78.71 - - [24/Mar/2026:09:15:44 -0300] "GET /cormun/servlet/solicitudot?9a64160b014378e0cb4fef6b8e832f29af3006e27a03e6063c082f6ddf3bac0761aa619fbfeb95b49a37aae842a330b7,gx-no-cache=1774354808259 HTTP/1.1" 200 30
200.126.117.15 - - [24/Mar/2026:09:15:48 -0300] "GET /cormun/servlet/trvisualizadoreventos? HTTP/1.1" 200 7111
200.126.117.15 - - [24/Mar/2026:09:15:51 -0300] "GET /cormun/servlet/trsolicitudot? HTTP/1.1" 200 7537
148.222.218.189 - - [24/Mar/2026:09:16:00 -0300] "POST /cormun/servlet/solicitudot?gx-no-cache=1774354824955 HTTP/1.1" 200 97
200.126.117.15 - - [24/Mar/2026:09:16:00 -0300] "GET /cormun/servlet/solicitudot?INS,0,0,false, HTTP/1.1" 200 16316
200.126.117.15 - - [24/Mar/2026:09:16:05 -0300] "GET /cormun/servlet/prfichaempleado?,MD,,gxPopupLevel%3D0%3B HTTP/1.1" 200 9289
200.126.117.15 - - [24/Mar/2026:09:16:13 -0300] "POST /cormun/servlet/prfichaempleado?bb3ff6c8560a811cbb5ca3916426202f,,MD,,gxPopupLevel%3D0%3B,gx-no-cache=1774354835285 HTTP/1.1" 200 3400
200.126.117.15 - - [24/Mar/2026:09:16:18 -0300] "POST /cormun/servlet/solicitudot?gx-no-cache=1774354840130 HTTP/1.1" 200 4174
200.126.117.15 - - [24/Mar/2026:09:16:18 -0300] "POST /cormun/servlet/solicitudot?bb3ff6c8560a811cbb5ca3916426202f,INS,0,0,false,,gx-no-cache=1774354840250 HTTP/1.1" 200 13048
200.126.117.15 - - [24/Mar/2026:09:16:18 -0300] "GET /cormun/servlet/solicitudot?5bd08432662596b622868a8fd04fc9c25f10cf008c62ce0590e963725622038253f3f27c4f610e7b3903a6d069e92960,gx-no-cache=1774354840374 HTTP/1.1" 200 30
148.222.218.189 - - [24/Mar/2026:09:16:23 -0300] "GET /cormun/servlet/solicitudot?1e6cdaba01dcbb97c0836053b537deb608f4fdd2c971e58f4b66a97955bfbc8ce25b68629cb5e5dedff589e9a204bb7c22646c0bf5574d0ebac272cbd7f17ca18574d90bd36700be3446d1164c315f46,gx-no-cache=1774354847907 HTTP/1.1" 200 29
148.222.218.189 - - [24/Mar/2026:09:16:29 -0300] "GET /cormun/static/menuarrow.gif HTTP/1.1" 404 1015
200.126.117.15 - - [24/Mar/2026:09:16:29 -0300] "GET /cormun/servlet/solicitudot?5bd08432662596b622868a8fd04fc9c27a68b8e7817b3ffee1997b784a8f27f75ca4dda39b204f804ce0bd409c71f5f7f5fa7d32697d6c9eb47203513d977277,gx-no-cache=1774354851610 HTTP/1.1" 200 30
200.126.117.15 - - [24/Mar/2026:09:16:29 -0300] "GET /cormun/servlet/solicitudot?5bd08432662596b622868a8fd04fc9c21ac33bbaa763527239a7f969101795af,gx-no-cache=1774354851655 HTTP/1.1" 200 59
200.126.117.15 - - [24/Mar/2026:09:16:29 -0300] "POST /cormun/servlet/solicitudot?gx-no-cache=1774354851706 HTTP/1.1" 200 255
200.126.117.15 - - [24/Mar/2026:09:16:29 -0300] "GET /cormun/servlet/solicitudot?5bd08432662596b622868a8fd04fc9c23f44da321bcb76430abdb5a3e95dfc178570937f4c88e065d0e91ed5ebaad7ae6cb3e1c822a692dcdd9d490713a1f80e8166464032d1f2c9a29611554561227102c79aba43271496802c24a85ebc6675e996355984e276e15d2af5d98c3a4dfb45323a123a317cf6e9d36f3ae1d2fb27f6a7f29a12b78daacf0ad3d247a08ac6288d23adb5188f5a1a8fce5b7cf80926ab0bb705ccaf09f92d2e1d1cf0a343f5c7feaa8600a1812efaa3ff38f3fa1530435978aef4bd76419b54ce24c143252874a7d47f70b78946664c5d7e0246750cf2949205a0cc710ecf6ebd46df85c44103146a4ccc83df7ab1019521ebd87f205b9ed9cacab6f7335c041cc8be20949e029e13b9f3e129a1f8e4ced019e60cfd78f7ac54a01aa87c7c27e94e8ffba9b6b3636ee12dfb6afc82a2706318a82bf3f7dd12e4940786bd43246f5d6b7594d979bd28d6be5a6ecfd89a19ec5279dfc4ff9a2a72c1cae017e6efa750bf81a67853f51afa39a861d7b10aa87d186b2236,gx-no-cache=1774354851734 HTTP/1.1" 200 30
200.126.117.15 - - [24/Mar/2026:09:16:29 -0300] "POST /cormun/servlet/solicitudot?gx-no-cache=1774354851749 HTTP/1.1" 200 30
200.126.117.15 - - [24/Mar/2026:09:16:29 -0300] "POST /cormun/servlet/solicitudot?gx-no-cache=1774354851768 HTTP/1.1" 200 1480
200.126.117.15 - - [24/Mar/2026:09:16:29 -0300] "POST /cormun/servlet/solicitudot?gx-no-cache=1774354851798 HTTP/1.1" 200 38
200.126.117.15 - - [24/Mar/2026:09:16:29 -0300] "GET /cormun/servlet/solicitudot?5bd08432662596b622868a8fd04fc9c214238402b533f02606aacd780881bc69ab2a954b34ed432e3112a8562e3e8e4f5ba02ab4ed9ecbc2d6033371401fd0f31c9a4455d3fc98bac65224c4e879b8a2deea28e311d17be75373ecc30e82b12b0eb13841ae57ab5b3f6d18e4b17551bb,gx-no-cache=1774354851814 HTTP/1.1" 200 110
148.222.218.189 - - [24/Mar/2026:09:16:35 -0300] "GET /cormun/servlet/solicitudot?1e6cdaba01dcbb97c0836053b537deb6bf3a97765b2df44abe63d2f50a2374f9bc4d73cd8f8cb8f6b8790efac71c35b8,gx-no-cache=1774354859489 HTTP/1.1" 200 30
200.126.117.15 - - [24/Mar/2026:09:16:42 -0300] "POST /cormun/servlet/solicitudot?gx-no-cache=1774354864432 HTTP/1.1" 200 97
148.222.218.189 - - [24/Mar/2026:09:16:44 -0300] "POST /cormun/servlet/solicitudot?gx-no-cache=1774354868834 HTTP/1.1" 200 30
148.222.218.189 - - [24/Mar/2026:09:16:51 -0300] "POST /cormun/servlet/solicitudot?a255c8eafffad6843ac105e9e4450d47,INS,0,0,false,,gx-no-cache=1774354875148 HTTP/1.1" 200 13274
200.126.117.15 - - [24/Mar/2026:09:16:55 -0300] "GET /cormun/servlet/solicitudot?5bd08432662596b622868a8fd04fc9c284e3932e186fb70efa749177164da46e8bf4fa630d379c465a34897bacf1ff73d2088759083feea6c921c6f449292fd5491e30443ae80b0f1c6dfcbcee03e8ff1b65e52efcd9885ca248671703ed62aa2ed327f34ff81cb7a95e061578d66db24cbb78b466c4f6b37434d02a027d5903bc6a8baca978a8a1463eb9f320323658b34bbd44cfd2212ce664e768900674df,gx-no-cache=1774354877440 HTTP/1.1" 200 29
148.222.218.189 - - [24/Mar/2026:09:17:00 -0300] "GET /cormun/servlet/trcontratounov2? HTTP/1.1" 200 15850
40.77.167.40 - - [24/Mar/2026:09:17:34 -0300] "GET /cormun/servlet/hlogin HTTP/1.1" 200 1723
179.57.78.71 - - [24/Mar/2026:09:17:44 -0300] "GET /cormun/servlet/solicitudot?9a64160b014378e0cb4fef6b8e832f29ca0021d0aa77229c550d190c6e9faaf8,gx-no-cache=1774354927941 HTTP/1.1" 200 94
179.57.78.71 - - [24/Mar/2026:09:17:44 -0300] "GET /cormun/static/Shared/jqueryui/images/ui-bg_highlight-soft_100_c6c2c8_1x100.png HTTP/1.1" 404 1117
179.57.78.71 - - [24/Mar/2026:09:17:44 -0300] "GET /cormun/static/Shared/jqueryui/images/ui-icons_82798d_256x240.png HTTP/1.1" 404 1089
179.57.78.71 - - [24/Mar/2026:09:17:44 -0300] "GET /cormun/static/Shared/jqueryui/images/ui-bg_flat_55_994d53_40x100.png HTTP/1.1" 404 1097
179.57.78.71 - - [24/Mar/2026:09:17:44 -0300] "GET /cormun/static/Shared/jqueryui/images/ui-icons_ebccce_256x240.png HTTP/1.1" 404 1089
40.77.167.40 - - [24/Mar/2026:09:17:44 -0300] "GET /cormun/servlet/hlogin HTTP/1.1" 200 1717
179.57.78.71 - - [24/Mar/2026:09:17:47 -0300] "GET /cormun/servlet/solicitudot?9a64160b014378e0cb4fef6b8e832f2948d5c244517599b1ede10a447681f39d,gx-no-cache=1774354931492 HTTP/1.1" 200 53
200.126.117.15 - - [24/Mar/2026:09:19:15 -0300] "GET /cormun/servlet/hlogin HTTP/1.1" 200 1717
200.126.117.15 - - [24/Mar/2026:09:19:15 -0300] "GET /cormun/static/gxtimezone.js?85251 HTTP/1.1" 200 5781
200.126.117.15 - - [24/Mar/2026:09:19:15 -0300] "GET /cormun/static/gxcfg.js?2022112219184450 HTTP/1.1" 200 953
200.126.117.15 - - [24/Mar/2026:09:19:16 -0300] "GET /cormun/static/messages.spa.js?85251 HTTP/1.1" 200 30736
200.126.117.15 - - [24/Mar/2026:09:19:16 -0300] "GET /cormun/static/Resources/CormunLogin.png HTTP/1.1" 200 19132
200.126.117.15 - - [24/Mar/2026:09:19:16 -0300] "GET /cormun/static/hlogin.js?2022112219184458 HTTP/1.1" 200 2156
200.126.117.15 - - [24/Mar/2026:09:19:16 -0300] "GET /cormun/static/Resources/Spanish/PXTools.css?1759030 HTTP/1.1" 200 100853
200.126.117.15 - - [24/Mar/2026:09:19:16 -0300] "GET /cormun/static/gxgral.js?85251 HTTP/1.1" 200 384558
200.126.117.15 - - [24/Mar/2026:09:19:17 -0300] "GET /cormun/static/Resources/PXToolsLoginTop.png HTTP/1.1" 200 1337
200.126.117.15 - - [24/Mar/2026:09:19:17 -0300] "GET /cormun/static/Resources/PXToolsButtonRight.png HTTP/1.1" 200 1294
200.126.117.15 - - [24/Mar/2026:09:19:17 -0300] "GET /cormun/static/Resources/PXToolsButtonLeft.png HTTP/1.1" 200 1310
200.126.117.15 - - [24/Mar/2026:09:19:17 -0300] "GET /cormun/static/Resources/PXToolsLoginBackground.png HTTP/1.1" 200 1164
200.126.117.15 - - [24/Mar/2026:09:19:17 -0300] "GET /cormun/static/Resources/PXToolsButtonBackground.png HTTP/1.1" 200 1176
200.126.117.15 - - [24/Mar/2026:09:19:17 -0300] "GET /cormun/static/Resources/PXToolsLoginBottom.png HTTP/1.1" 200 1389
200.126.117.15 - - [24/Mar/2026:09:19:17 -0300] "GET /cormun/static/Resources/indicator.gif HTTP/1.1" 200 1553
200.126.117.15 - - [24/Mar/2026:09:19:17 -0300] "GET /cormun/servlet/hlogin HTTP/1.1" 200 1727
200.126.117.15 - - [24/Mar/2026:09:19:20 -0300] "POST /cormun/servlet/hlogin?3b31f8e69c89fd14f4d11f373899328f,gx-no-cache=1774355022328 HTTP/1.1" 200 90
200.126.117.15 - - [24/Mar/2026:09:19:20 -0300] "GET /cormun/servlet/hpexe_link HTTP/1.1" 200 948
200.126.117.15 - - [24/Mar/2026:09:19:20 -0300] "GET /cormun/static/hpexe_link.js?20221129847423 HTTP/1.1" 200 625
200.126.117.15 - - [24/Mar/2026:09:19:20 -0300] "GET /cormun/static/gxcfg.js?20221129847421 HTTP/1.1" 200 953
200.126.117.15 - - [24/Mar/2026:09:19:20 -0300] "GET /cormun/static/Resources/Spanish/PXTools.css?8354383 HTTP/1.1" 200 100853
200.126.117.15 - - [24/Mar/2026:09:19:20 -0300] "GET /cormun/servlet/hhome HTTP/1.1" 200 4319
200.126.117.15 - - [24/Mar/2026:09:19:20 -0300] "GET /cormun/static/gxcfg.js?20201215495537 HTTP/1.1" 200 953
200.126.117.15 - - [24/Mar/2026:09:19:20 -0300] "GET /cormun/static/SmoothNavMenu/resources/ddsmoothmenu-v.css?1112540 HTTP/1.1" 200 1188
200.126.117.15 - - [24/Mar/2026:09:19:20 -0300] "GET /cormun/static/SmoothNavMenu/resources/ddsmoothmenu.css?1112540 HTTP/1.1" 200 2223
200.126.117.15 - - [24/Mar/2026:09:19:20 -0300] "GET /cormun/static/scaMessage/css/jquery.pnotify.default.css?1816380 HTTP/1.1" 200 1707
200.126.117.15 - - [24/Mar/2026:09:19:20 -0300] "GET /cormun/static/Shared/jqueryui/jquery-ui.min.css?1345370 HTTP/1.1" 200 30288
200.126.117.15 - - [24/Mar/2026:09:19:20 -0300] "GET /cormun/static/PXToolsJavascripts/pexe_autoreload.js HTTP/1.1" 200 1762
200.126.117.15 - - [24/Mar/2026:09:19:20 -0300] "GET /cormun/static/PXToolsJavascripts/pexe_windows.js HTTP/1.1" 200 15249
200.126.117.15 - - [24/Mar/2026:09:19:20 -0300] "GET /cormun/static/PXToolsJavascripts/pexe_cookies.js HTTP/1.1" 200 792
200.126.117.15 - - [24/Mar/2026:09:19:20 -0300] "GET /cormun/static/PXToolsJavascripts/pexe_grid.js HTTP/1.1" 200 7559
200.126.117.15 - - [24/Mar/2026:09:19:20 -0300] "GET /cormun/static/PXToolsJavascripts/pexe_griddivfix.js HTTP/1.1" 200 6946
200.126.117.15 - - [24/Mar/2026:09:19:20 -0300] "GET /cormun/static/PXToolsJavascripts/pexe_link.js HTTP/1.1" 200 5671
200.126.117.15 - - [24/Mar/2026:09:19:20 -0300] "GET /cormun/static/PXToolsJavascripts/pexe_menudivfix.js HTTP/1.1" 200 333
200.126.117.15 - - [24/Mar/2026:09:19:20 -0300] "GET /cormun/static/PXToolsJavascripts/pexe_menus.js HTTP/1.1" 200 1286
200.126.117.15 - - [24/Mar/2026:09:19:20 -0300] "GET /cormun/static/PXToolsJavascripts/pexe_oav.js HTTP/1.1" 200 645
200.126.117.15 - - [24/Mar/2026:09:19:20 -0300] "GET /cormun/static/PXToolsJavascripts/pexe_layers.js HTTP/1.1" 200 4114
200.126.117.15 - - [24/Mar/2026:09:19:20 -0300] "GET /cormun/static/PXToolsJavascripts/pexe_oavdivfix.js HTTP/1.1" 200 639
200.126.117.15 - - [24/Mar/2026:09:19:20 -0300] "GET /cormun/static/PXToolsJavascripts/pexe_popup.js HTTP/1.1" 200 15149
200.126.117.15 - - [24/Mar/2026:09:19:20 -0300] "GET /cormun/static/PXToolsJavascripts/pexe_picture.js HTTP/1.1" 200 689
200.126.117.15 - - [24/Mar/2026:09:19:20 -0300] "GET /cormun/static/Resources/Spanish/PXTools.css?14345360 HTTP/1.1" 200 100853
200.126.117.15 - - [24/Mar/2026:09:19:20 -0300] "GET /cormun/static/PXToolsJavascripts/pexe_tabdivfix.js HTTP/1.1" 200 898
200.126.117.15 - - [24/Mar/2026:09:19:20 -0300] "GET /cormun/static/PXToolsJavascripts/pexe_scrolldiv.js HTTP/1.1" 200 4138
200.126.117.15 - - [24/Mar/2026:09:19:20 -0300] "GET /cormun/static/PXToolsJavascripts/pexe_tabs.js HTTP/1.1" 200 3748
200.126.117.15 - - [24/Mar/2026:09:19:20 -0300] "GET /cormun/static/PXToolsJavascripts/pexe_upload.js HTTP/1.1" 200 1423
200.126.117.15 - - [24/Mar/2026:09:19:20 -0300] "GET /cormun/static/PXToolsJavascripts/PXToolsJavascriptsRender.js HTTP/1.1" 200 367
200.126.117.15 - - [24/Mar/2026:09:19:20 -0300] "GET /cormun/static/Resources/CormunMP2.png HTTP/1.1" 200 6878
200.126.117.15 - - [24/Mar/2026:09:19:20 -0300] "GET /cormun/static/Resources/ImgHome.png HTTP/1.1" 200 1364
200.126.117.15 - - [24/Mar/2026:09:19:20 -0300] "GET /cormun/static/Resources/ImgLogin.png HTTP/1.1" 200 1432
200.126.117.15 - - [24/Mar/2026:09:19:20 -0300] "GET /cormun/static/Resources/Llave.png HTTP/1.1" 200 1395
200.126.117.15 - - [24/Mar/2026:09:19:20 -0300] "GET /cormun/static/RunJS/RunJS.js HTTP/1.1" 200 288
200.126.117.15 - - [24/Mar/2026:09:19:20 -0300] "GET /cormun/static/Shared/ext/locale/ext-lang-en.js HTTP/1.1" 200 10940
200.126.117.15 - - [24/Mar/2026:09:19:20 -0300] "GET /cormun/static/Resources/PXToolsDataTitle.png HTTP/1.1" 200 1173
200.126.117.15 - - [24/Mar/2026:09:19:20 -0300] "GET /cormun/static/hwchdr01.js?2022112219251119 HTTP/1.1" 200 996
200.126.117.15 - - [24/Mar/2026:09:19:20 -0300] "GET /cormun/static/hhome.js?20201215495544 HTTP/1.1" 200 777
200.126.117.15 - - [24/Mar/2026:09:19:20 -0300] "GET /cormun/static/hpexe_recentlink.js?20201214471090 HTTP/1.1" 200 2144
200.126.117.15 - - [24/Mar/2026:09:19:20 -0300] "GET /cormun/static/hpexe_messagecontroller.js?202211298371222 HTTP/1.1" 200 870
200.126.117.15 - - [24/Mar/2026:09:19:20 -0300] "GET /cormun/static/hpexe_scripts.js?20201214471411 HTTP/1.1" 200 1544
200.126.117.15 - - [24/Mar/2026:09:19:20 -0300] "GET /cormun/static/hpexe_messagepopupcomponent.js?2020121447232 HTTP/1.1" 200 605
200.126.117.15 - - [24/Mar/2026:09:19:20 -0300] "GET /cormun/static/hpexe_messagegenexuscomponent.js?20221129836373 HTTP/1.1" 200 587
200.126.117.15 - - [24/Mar/2026:09:19:20 -0300] "GET /cormun/static/cmcontrolpreferences.js?20199141926336 HTTP/1.1" 200 1375
200.126.117.15 - - [24/Mar/2026:09:19:20 -0300] "GET /cormun/static/SmoothNavMenu/resources/ddsmoothmenu.js HTTP/1.1" 200 12712
200.126.117.15 - - [24/Mar/2026:09:19:20 -0300] "GET /cormun/static/gxui/gxui-all.js HTTP/1.1" 200 107772
200.126.117.15 - - [24/Mar/2026:09:19:20 -0300] "GET /cormun/static/SmoothNavMenu/resources/SmoothNavMenuRender.js HTTP/1.1" 200 5951
200.126.117.15 - - [24/Mar/2026:09:19:20 -0300] "GET /cormun/static/scaMessage/js/jquery.pnotify.min.js HTTP/1.1" 200 13038
200.126.117.15 - - [24/Mar/2026:09:19:21 -0300] "GET /cormun/static/Shared/jquery/jquery-1.4.2.min.js HTTP/1.1" 200 72174
200.126.117.15 - - [24/Mar/2026:09:19:21 -0300] "GET /cormun/static/scaMessage/scaMessageRender.js HTTP/1.1" 200 11977
200.126.117.15 - - [24/Mar/2026:09:19:21 -0300] "GET /cormun/static/hmpwkw03.js?20221129844354 HTTP/1.1" 200 3971
200.126.117.15 - - [24/Mar/2026:09:19:21 -0300] "GET /cormun/static/Shared/jqueryui/jquery-ui.min.js HTTP/1.1" 200 240427
200.126.117.15 - - [24/Mar/2026:09:19:21 -0300] "GET /cormun/static/Shared/jquery/jquery-1.10.2.min.js HTTP/1.1" 200 273199
200.126.117.15 - - [24/Mar/2026:09:19:21 -0300] "GET /cormun/static/Shared/ext/ext-all.js HTTP/1.1" 200 1289687
200.126.117.15 - - [24/Mar/2026:09:19:21 -0300] "GET /cormun/static/SmoothNavMenu/resources/images/down.gif HTTP/1.1" 200 854
200.126.117.15 - - [24/Mar/2026:09:19:21 -0300] "GET /cormun/static/SmoothNavMenu/resources/images/right.gif HTTP/1.1" 200 860
200.126.117.15 - - [24/Mar/2026:09:19:24 -0300] "GET /cormun/servlet/trlicencias? HTTP/1.1" 200 9435
200.126.117.15 - - [24/Mar/2026:09:19:25 -0300] "GET /cormun/static/gxui/gxui-all.css?120300 HTTP/1.1" 200 2179
200.126.117.15 - - [24/Mar/2026:09:19:25 -0300] "GET /cormun/static/calendar-setup.js?85251 HTTP/1.1" 200 2588
200.126.117.15 - - [24/Mar/2026:09:19:25 -0300] "GET /cormun/static/calendar-system.css?85620 HTTP/1.1" 200 5572
200.126.117.15 - - [24/Mar/2026:09:19:25 -0300] "GET /cormun/static/gxcfg.js?202211298463625 HTTP/1.1" 200 953
200.126.117.15 - - [24/Mar/2026:09:19:25 -0300] "GET /cormun/static/calendar.js?85251 HTTP/1.1" 200 26246
200.126.117.15 - - [24/Mar/2026:09:19:25 -0300] "GET /cormun/static/calendar-es.js?85251 HTTP/1.1" 200 1901
200.126.117.15 - - [24/Mar/2026:09:19:25 -0300] "GET /cormun/static/Resources/PXTools/calendar.png HTTP/1.1" 200 1306
200.126.117.15 - - [24/Mar/2026:09:19:25 -0300] "GET /cormun/static/gxdec.js?85251 HTTP/1.1" 200 19579
200.126.117.15 - - [24/Mar/2026:09:19:25 -0300] "GET /cormun/static/trlicencias.js?202211298463889 HTTP/1.1" 200 41883
200.126.117.15 - - [24/Mar/2026:09:19:25 -0300] "GET /cormun/static/Resources/PXToolsDataSearch.png HTTP/1.1" 200 435
200.126.117.15 - - [24/Mar/2026:09:19:25 -0300] "GET /cormun/static/Resources/PXToolsGridFirstDisabled.gif HTTP/1.1" 200 100
200.126.117.15 - - [24/Mar/2026:09:19:25 -0300] "GET /cormun/static/Resources/PXToolsGridPreviousDisabled.gif HTTP/1.1" 200 90
200.126.117.15 - - [24/Mar/2026:09:19:25 -0300] "GET /cormun/static/Shared/ext/resources/css/ext-all.css?215870 HTTP/1.1" 200 416045
200.126.117.15 - - [24/Mar/2026:09:19:25 -0300] "GET /cormun/static/Resources/PXToolsGridNextDisabled.gif HTTP/1.1" 200 90
200.126.117.15 - - [24/Mar/2026:09:19:25 -0300] "GET /cormun/static/Resources/PXToolsGridLastDisabled.gif HTTP/1.1" 200 98
200.126.117.15 - - [24/Mar/2026:09:19:25 -0300] "GET /cormun/static/Resources/PXToolsGridPage.gif HTTP/1.1" 200 725
200.126.117.15 - - [24/Mar/2026:09:19:25 -0300] "GET /cormun/static/Resources/PXToolsAddAllAction.png HTTP/1.1" 200 495
200.126.117.15 - - [24/Mar/2026:09:19:25 -0300] "GET /cormun/static/Resources/PXToolsActionExcel.png HTTP/1.1" 200 727
200.126.117.15 - - [24/Mar/2026:09:19:25 -0300] "GET /cormun//static/Resources/PXToolsGridDisplay.png HTTP/1.1" 200 525
200.126.117.15 - - [24/Mar/2026:09:19:25 -0300] "GET /cormun//static/Resources/PXTools/ActionInsert.png HTTP/1.1" 200 1482
200.126.117.15 - - [24/Mar/2026:09:19:25 -0300] "GET /cormun/static/Resources/desc.gif HTTP/1.1" 200 65
200.126.117.15 - - [24/Mar/2026:09:19:25 -0300] "GET /cormun//static/Resources/PXToolsActionDisabled.gif HTTP/1.1" 200 53
200.126.117.15 - - [24/Mar/2026:09:19:25 -0300] "GET /cormun//static/Resources/PXToolsActionPrint.png HTTP/1.1" 200 404
200.126.117.15 - - [24/Mar/2026:09:19:25 -0300] "GET /cormun/static/Resources/asc.gif HTTP/1.1" 200 67
200.126.117.15 - - [24/Mar/2026:09:19:25 -0300] "GET /cormun//static/Resources/PXToolsHeaderFavorites.png HTTP/1.1" 200 1414
200.126.117.15 - - [24/Mar/2026:09:19:25 -0300] "GET /cormun//static/Resources/PXToolsHeaderHelp.png HTTP/1.1" 200 1333
200.126.117.15 - - [24/Mar/2026:09:19:25 -0300] "GET /cormun/static/Shared/ext/resources/themes/images/default/tools/tool-sprites.gif HTTP/1.1" 200 5434
200.126.117.15 - - [24/Mar/2026:09:19:25 -0300] "GET /cormun/static/Shared/ext/resources/themes/images/default/panel/bg-headersPanel.png HTTP/1.1" 200 255
200.126.117.15 - - [24/Mar/2026:09:19:38 -0300] "GET /cormun/servlet/solicitudot?5bd08432662596b622868a8fd04fc9c29184e6a331c37edb2c86e3dac3d326a696171dbe01c8e0c0885589b6e7f33d28,gx-no-cache=1774355040181 HTTP/1.1" 200 30
200.126.117.15 - - [24/Mar/2026:09:19:38 -0300] "POST /cormun/servlet/solicitudot?gx-no-cache=1774355040346 HTTP/1.1" 200 30
179.57.78.71 - - [24/Mar/2026:09:19:43 -0300] "GET /cormun/servlet/solicitudot?9a64160b014378e0cb4fef6b8e832f298ebe7683ec4f0177d3f390500cef8f7c68553475cf4c0871465beb5531dfa7b36c5c37d462ad06010cc0bfb77a4ab639,gx-no-cache=1774355047558 HTTP/1.1" 200 30
179.57.78.71 - - [24/Mar/2026:09:19:45 -0300] "POST /cormun/servlet/solicitudot?gx-no-cache=1774355048760 HTTP/1.1" 200 255
179.57.78.71 - - [24/Mar/2026:09:19:47 -0300] "GET /cormun/servlet/solicitudot?9a64160b014378e0cb4fef6b8e832f292547653154be1dc60ef778f23f072abcb4a1f9a9defe2b983abb953b317d6d3aa22d99ce2f0002b0cd39e8e4f0b9d94db4272cf8b7f16f19fe769901c3286b89389ed0d707ecb34ca3d4650852a06136fd9d46424f0e6ab1c7c0bccf27c97527f6b32eb2fd88ee6b093ca61105d8721c3d6a72922bb2378d228af13321337313234624689f7f776487114e20c9e965bc9434b51b0c7ec367f1605cf8ed9ba3f539f4032979f4a63b6d9b67808867fe1e0d7f045093cc81e7858b999b1a7eef621bc71af6711d2e8715489211e570517e12568171dfc9090ba4cfb18b875f3f01592ad1d8585563dbc78e21307763888ebbc49ac627ac0da0ae50df9a6c7813331760e42af54448c052220523ef2b4161adda999d4aeaef8a948b41b982ae43eef469c42908412c5c1f97d22257710b314125b112e08c3dd9e68ead5f9a314f28e7354e4438e9e1f855bcf884f5330c732ae216b1cf471ba283322b89a94fcfd648e52063b893377ba81f3bc5a58c65c9,gx-no-cache=1774355051305 HTTP/1.1" 200 30
190.95.2.163 - - [24/Mar/2026:09:19:49 -0300] "GET /cormun/servlet/trlicencias? HTTP/1.1" 200 7141
179.57.78.71 - - [24/Mar/2026:09:19:52 -0300] "POST /cormun/servlet/solicitudot?gx-no-cache=1774355056010 HTTP/1.1" 200 30
179.57.78.71 - - [24/Mar/2026:09:19:52 -0300] "POST /cormun/servlet/solicitudot?gx-no-cache=1774355056053 HTTP/1.1" 200 1481
179.57.78.71 - - [24/Mar/2026:09:19:52 -0300] "POST /cormun/servlet/solicitudot?gx-no-cache=1774355056104 HTTP/1.1" 200 38
179.57.78.71 - - [24/Mar/2026:09:20:33 -0300] "GET /cormun/servlet/solicitudot?9a64160b014378e0cb4fef6b8e832f2985280732ef1a3bf023da1dcef2c2ee9e04af993648d8aa10f612021c9990f71011825ef93420bfde63c102d7bbc52f2cd0a4587102348f5c5a43013244129588756cb2e993c7f5cadb2b7fa83b914ff9599ce1e63ddc07e62888ae0d028da5eb,gx-no-cache=1774355097188 HTTP/1.1" 200 110
179.57.78.71 - - [24/Mar/2026:09:20:33 -0300] "POST /cormun/servlet/solicitudot?gx-no-cache=1774355097251 HTTP/1.1" 200 97
179.57.78.71 - - [24/Mar/2026:09:20:44 -0300] "GET /cormun/servlet/solicitudot?9a64160b014378e0cb4fef6b8e832f29ff4deda40f2c8b67acdd8d87b6eb17626c405e64fdc139b3242fc92916f0358dc8a6215ff1bec7f85f7c28512796aeee6252513284910aa6bbfeb8e494bd1170d11115bd15cb76982f048c1445f87fc3bac282e3032d746ea1c7b5c801e9b08f,gx-no-cache=1774355107760 HTTP/1.1" 200 29
179.57.78.71 - - [24/Mar/2026:09:21:06 -0300] "GET /cormun/servlet/solicitudot?9a64160b014378e0cb4fef6b8e832f2975f8449b2d8199a25cf2385516941edda2958171b329b19d36c0293f01118161,gx-no-cache=1774355130446 HTTP/1.1" 200 30
179.57.78.9 - - [24/Mar/2026:09:21:31 -0300] "GET /cormun/servlet/hlogin HTTP/1.1" 200 1718
179.57.78.71 - - [24/Mar/2026:09:21:32 -0300] "POST /cormun/servlet/solicitudot?gx-no-cache=1774355156548 HTTP/1.1" 200 30
179.57.78.9 - - [24/Mar/2026:09:21:34 -0300] "POST /cormun/servlet/hlogin?56b1a61f806b2d00e2268ba6fd5e24f1,gx-no-cache=1774355158662 HTTP/1.1" 200 90
179.57.78.9 - - [24/Mar/2026:09:21:34 -0300] "GET /cormun/servlet/hpexe_link HTTP/1.1" 200 950
179.57.78.9 - - [24/Mar/2026:09:21:34 -0300] "GET /cormun/servlet/hhome HTTP/1.1" 200 4346
179.57.78.9 - - [24/Mar/2026:09:21:36 -0300] "GET /cormun/servlet/trlicencias? HTTP/1.1" 200 10157
179.57.78.9 - - [24/Mar/2026:09:21:41 -0300] "GET /cormun/servlet/trsolicitudot? HTTP/1.1" 200 7560
179.57.78.9 - - [24/Mar/2026:09:21:48 -0300] "POST /cormun/servlet/trsolicitudot?56b1a61f806b2d00e2268ba6fd5e24f1,,gx-no-cache=1774355172750 HTTP/1.1" 200 7672
179.57.78.9 - - [24/Mar/2026:09:21:54 -0300] "GET /cormun/servlet/vesolicitudot?2026,23249,, HTTP/1.1" 200 8682
179.57.78.9 - - [24/Mar/2026:09:21:54 -0300] "GET /cormun/pexe_scrolldiv.js HTTP/1.1" 404 1009
192.168.10.19 - - [24/Mar/2026:09:22:37 -0300] "POST /cormun/servlet/trsolicitudgral?f9e3e1485bea2511c795a11bdbeba306,,gx-no-cache=1774355244040 HTTP/1.1" 200 6670
192.168.10.19 - - [24/Mar/2026:09:22:53 -0300] "POST /cormun/servlet/trsolicitudgral?f9e3e1485bea2511c795a11bdbeba306,,gx-no-cache=1774355260116 HTTP/1.1" 200 5468
192.168.10.19 - - [24/Mar/2026:09:22:53 -0300] "GET /cormun/static/Shared/jqueryui/images/ui-bg_highlight-soft_100_c6c2c8_1x100.png HTTP/1.1" 404 1117
192.168.10.19 - - [24/Mar/2026:09:22:53 -0300] "GET /cormun/static/Shared/jqueryui/images/ui-icons_82798d_256x240.png HTTP/1.1" 404 1089
192.168.10.19 - - [24/Mar/2026:09:22:53 -0300] "GET /cormun/static/Shared/jqueryui/images/ui-icons_8d78a5_256x240.png HTTP/1.1" 404 1089
192.168.10.19 - - [24/Mar/2026:09:22:53 -0300] "GET /cormun/static/Shared/jqueryui/images/ui-bg_flat_55_fafafa_40x100.png HTTP/1.1" 404 1097
192.168.10.19 - - [24/Mar/2026:09:22:55 -0300] "GET /cormun/servlet/trautorizarot? HTTP/1.1" 200 9585
192.168.10.19 - - [24/Mar/2026:09:22:58 -0300] "POST /cormun/servlet/trautorizarot?f9e3e1485bea2511c795a11bdbeba306,,gx-no-cache=1774355265061 HTTP/1.1" 200 5339
192.168.10.19 - - [24/Mar/2026:09:22:59 -0300] "GET /cormun/servlet/trsolicitudgral? HTTP/1.1" 200 8316
190.95.67.91 - - [24/Mar/2026:09:23:24 -0300] "GET /cormun/servlet/hlogin HTTP/1.1" 200 1733
200.126.117.15 - - [24/Mar/2026:09:23:25 -0300] "GET /cormun/servlet/solicitudot?5bd08432662596b622868a8fd04fc9c2db07fde42f738067a843c270b96c0b020121756381553429583398b8b3ea4996,gx-no-cache=1774355267926 HTTP/1.1" 200 30
179.57.78.55 - - [24/Mar/2026:09:23:45 -0300] "GET /cormun/servlet/trpermisosgoce? HTTP/1.1" 200 6021
179.57.78.55 - - [24/Mar/2026:09:23:45 -0300] "GET /cormun/servlet/hlogin HTTP/1.1" 200 1741
179.57.78.55 - - [24/Mar/2026:09:23:45 -0300] "GET /cormun/servlet/trpermisosgoce? HTTP/1.1" 200 6030
179.57.78.55 - - [24/Mar/2026:09:23:53 -0300] "POST /cormun/servlet/hlogin?90dae27458df74666e72f2497bdd6aa8,gx-no-cache=1774355295466 HTTP/1.1" 200 90
179.57.78.55 - - [24/Mar/2026:09:23:53 -0300] "GET /cormun/servlet/hpexe_link HTTP/1.1" 200 957
179.57.78.55 - - [24/Mar/2026:09:23:53 -0300] "GET /cormun/servlet/trpermisosgoce HTTP/1.1" 200 13652
179.57.78.55 - - [24/Mar/2026:09:24:01 -0300] "GET /cormun/servlet/trsolicitudot? HTTP/1.1" 200 7201
179.57.78.55 - - [24/Mar/2026:09:24:04 -0300] "GET /cormun/servlet/solicitudot?INS,0,0,false, HTTP/1.1" 200 15985
190.95.15.13 - - [24/Mar/2026:09:24:11 -0300] "GET /cormun/servlet/hlogin HTTP/1.1" 200 1722
190.95.15.13 - - [24/Mar/2026:09:24:20 -0300] "GET /cormun/servlet/trautorizarsolicitud? HTTP/1.1" 200 6224
190.95.15.13 - - [24/Mar/2026:09:24:21 -0300] "GET /cormun/static/gxcfg.js?202211298474254 HTTP/1.1" 200 953
190.95.15.13 - - [24/Mar/2026:09:24:22 -0300] "GET /cormun/static/trautorizarsolicitud.js?202211298474588 HTTP/1.1" 200 53909
190.95.15.13 - - [24/Mar/2026:09:24:22 -0300] "GET /cormun/servlet/hlogin HTTP/1.1" 200 1744
179.57.78.55 - - [24/Mar/2026:09:24:25 -0300] "POST /cormun/servlet/solicitudot?gx-no-cache=1774355327694 HTTP/1.1" 200 4158
179.57.78.55 - - [24/Mar/2026:09:24:26 -0300] "POST /cormun/servlet/solicitudot?90dae27458df74666e72f2497bdd6aa8,INS,0,0,false,,gx-no-cache=1774355327832 HTTP/1.1" 200 12723
190.95.15.13 - - [24/Mar/2026:09:24:29 -0300] "POST /cormun/servlet/hlogin?7b3cc9f1bd8c360ea08c32ff9d3e5083,gx-no-cache=1774355327327 HTTP/1.1" 200 90
190.95.15.13 - - [24/Mar/2026:09:24:29 -0300] "GET /cormun/servlet/hpexe_link HTTP/1.1" 200 960
190.95.15.13 - - [24/Mar/2026:09:24:29 -0300] "GET /cormun/servlet/trautorizarsolicitud HTTP/1.1" 200 7218
179.57.78.55 - - [24/Mar/2026:09:24:31 -0300] "GET /cormun/servlet/solicitudot?aabe3241f60575ad65320e8c271e6db9bf60335ba41b32629f3841ebac59e24bbb0651b2979f9bfae039d99793a85366,gx-no-cache=1774355333195 HTTP/1.1" 200 30
190.95.15.13 - - [24/Mar/2026:09:24:56 -0300] "POST /cormun/servlet/trautorizarsolicitud?7b3cc9f1bd8c360ea08c32ff9d3e5083,gx-no-cache=1774355354136 HTTP/1.1" 200 6631
190.95.15.13 - - [24/Mar/2026:09:24:56 -0300] "GET /cormun//static/Resources/PXToolsActionView.png HTTP/1.1" 200 398
190.95.15.13 - - [24/Mar/2026:09:24:56 -0300] "GET /cormun//static/Resources/PXToolsGridUpdate.png HTTP/1.1" 200 470
190.95.15.13 - - [24/Mar/2026:09:24:56 -0300] "GET /cormun//static/Resources/PXToolsGridDelete.png HTTP/1.1" 200 538
190.95.15.13 - - [24/Mar/2026:09:24:56 -0300] "GET /cormun//static/Resources/PXToolsRemoveAllAction.png HTTP/1.1" 200 487
190.95.15.13 - - [24/Mar/2026:09:25:04 -0300] "POST /cormun/servlet/trautorizarsolicitud?7b3cc9f1bd8c360ea08c32ff9d3e5083,gx-no-cache=1774355362490 HTTP/1.1" 200 6644
190.95.15.13 - - [24/Mar/2026:09:25:04 -0300] "GET /cormun/static/Shared/jqueryui/images/ui-bg_highlight-soft_100_c6c2c8_1x100.png HTTP/1.1" 404 1117
190.95.15.13 - - [24/Mar/2026:09:25:04 -0300] "GET /cormun/static/Shared/jqueryui/images/ui-icons_82798d_256x240.png HTTP/1.1" 404 1089
190.95.15.13 - - [24/Mar/2026:09:25:04 -0300] "GET /cormun/static/Shared/jqueryui/images/ui-bg_flat_55_fafafa_40x100.png HTTP/1.1" 404 1097
190.95.15.13 - - [24/Mar/2026:09:25:04 -0300] "GET /cormun/static/Shared/jqueryui/images/ui-icons_8d78a5_256x240.png HTTP/1.1" 404 1089
190.95.15.13 - - [24/Mar/2026:09:25:08 -0300] "POST /cormun/servlet/trautorizarsolicitud?7b3cc9f1bd8c360ea08c32ff9d3e5083,gx-no-cache=1774355366588 HTTP/1.1" 200 6643
190.95.15.13 - - [24/Mar/2026:09:25:11 -0300] "POST /cormun/servlet/trautorizarsolicitud?7b3cc9f1bd8c360ea08c32ff9d3e5083,gx-no-cache=1774355369659 HTTP/1.1" 200 6643
152.32.208.116 - - [24/Mar/2026:09:25:12 -0300] "üøuK¤„jã…Û Âl±åL>"ÀЍŐ#ÑMûK ܀VòŠ~7CÊ©ä£Fÿ˜Y´òýx€zÔÁÚ+BÒ4̨̩À/À0À+À,À žÌ¨Ìª3=À" 400 -
152.32.208.116 - - [24/Mar/2026:09:25:23 -0300] "GET / HTTP/1.1" 200 11217
152.32.208.116 - - [24/Mar/2026:09:25:41 -0300] "GET /favicon.ico HTTP/1.1" 200 21630
152.32.208.116 - - [24/Mar/2026:09:25:41 -0300] "GET /robots.txt HTTP/1.1" 404 981
152.32.208.116 - - [24/Mar/2026:09:25:42 -0300] "GET /sitemap.xml HTTP/1.1" 404 983
152.32.208.116 - - [24/Mar/2026:09:25:42 -0300] "GET /config.json HTTP/1.1" 404 983
179.57.78.55 - - [24/Mar/2026:09:25:51 -0300] "GET /cormun/servlet/prbanco?,MD,,gxPopupLevel%3D0%3B HTTP/1.1" 200 6645
179.57.78.55 - - [24/Mar/2026:09:26:25 -0300] "GET /cormun/servlet/solicitudot?aabe3241f60575ad65320e8c271e6db9be2f224bcab0197e5b1519b607850d2e66aefc147fbab383c749e2d3a88bab648513a72496f572b2b62444958d0b7609,gx-no-cache=1774355447254 HTTP/1.1" 200 103
179.57.78.55 - - [24/Mar/2026:09:26:25 -0300] "GET /cormun/static/Shared/jqueryui/images/ui-bg_highlight-soft_100_c6c2c8_1x100.png HTTP/1.1" 404 1117
179.57.78.55 - - [24/Mar/2026:09:26:25 -0300] "GET /cormun/static/Shared/jqueryui/images/ui-icons_82798d_256x240.png HTTP/1.1" 404 1089
179.57.78.55 - - [24/Mar/2026:09:26:25 -0300] "GET /cormun/static/Shared/jqueryui/images/ui-bg_flat_55_994d53_40x100.png HTTP/1.1" 404 1097
179.57.78.55 - - [24/Mar/2026:09:26:25 -0300] "GET /cormun/static/Shared/jqueryui/images/ui-icons_ebccce_256x240.png HTTP/1.1" 404 1089
192.168.10.19 - - [24/Mar/2026:09:26:40 -0300] "GET /cormun/servlet/trsolicitudgral? HTTP/1.1" 200 8316
192.168.10.19 - - [24/Mar/2026:09:26:45 -0300] "POST /cormun/servlet/trsolicitudgral?f9e3e1485bea2511c795a11bdbeba306,,gx-no-cache=1774355491833 HTTP/1.1" 200 6675
179.57.78.55 - - [24/Mar/2026:09:26:52 -0300] "GET /cormun/servlet/prbanco?,MD,,gxPopupLevel%3D0%3B HTTP/1.1" 200 6645
179.57.78.55 - - [24/Mar/2026:09:26:58 -0300] "GET /cormun/servlet/solicitudot?aabe3241f60575ad65320e8c271e6db9be2f224bcab0197e5b1519b607850d2e66aefc147fbab383c749e2d3a88bab64b94faf6df0f1f3398f360b08780ecbc4c75b754683f656fe94e7b3754fb5da4e,gx-no-cache=1774355479861 HTTP/1.1" 200 30
192.168.10.19 - - [24/Mar/2026:09:26:58 -0300] "GET /cormun/servlet/vesolicitudgral?2026,23343,, HTTP/1.1" 200 8426
192.168.10.19 - - [24/Mar/2026:09:26:58 -0300] "GET /cormun/pexe_scrolldiv.js HTTP/1.1" 404 1009
179.57.78.55 - - [24/Mar/2026:09:26:59 -0300] "GET /cormun/servlet/solicitudot?aabe3241f60575ad65320e8c271e6db9151f83d6a8151eaee6592d4b20e933c0,gx-no-cache=1774355481728 HTTP/1.1" 200 51
179.57.78.55 - - [24/Mar/2026:09:27:46 -0300] "POST /cormun/servlet/solicitudot?gx-no-cache=1774355528246 HTTP/1.1" 200 256
179.57.78.55 - - [24/Mar/2026:09:27:46 -0300] "GET /cormun/servlet/solicitudot?aabe3241f60575ad65320e8c271e6db942ce9bd4bd8950ad8c10c8bfa285ba22aa31173a614aa7bf9ae86847e0ebbc3b735c44b45e22cb608fc16370870b357c03a8986fa292d28b3909dd21a36c9af0502c79e2eef4140c503873492ed87859e80745b5a20e4e54a896ccef2943a37340388fb5a739b07811e938002b5198b2eedd48fae96323ce00b5c1a6fc58a756ab2cef15176991af9d49b55623797e74bbb4114314741029511812068b170556fde66c62d290998378a1b39871e93884f8199a7ed89550038f6c9116d5740602613b1466f98096087ebd6127a4bc80d34f3612ccd6a2e0435776aa16442fe050026c32756fc417b6bc5f3a4cf95a8db80b7a78a1448e7ce95312c7e26b087ee1dc119b856937f80fc03cbe9d3a5f463af8bbf1b24bb607bbea6c83ef145ff1842f29d6963fd45ed1f24bb71820c0f812a85206351fefa2e88132cfe74c460b5839f24a358e731cf919f260e98e28b47cdceec81d265d86cd457eac07be439facfe8427807933ff9aa55f753aa3fcd2a5,gx-no-cache=1774355528294 HTTP/1.1" 200 30
190.95.15.13 - - [24/Mar/2026:09:28:17 -0300] "GET /cormun/servlet/hlogin HTTP/1.1" 200 1743
