179.57.78.55 - - [24/Mar/2026:09:28:17 -0300] "POST /cormun/servlet/solicitudot?gx-no-cache=1774355559225 HTTP/1.1" 200 30
179.57.78.55 - - [24/Mar/2026:09:29:09 -0300] "GET /cormun/servlet/prcontratosol?16884596,,,,,MD,,gxPopupLevel%3D0%3B HTTP/1.1" 200 7851
179.57.78.55 - - [24/Mar/2026:09:29:09 -0300] "GET /cormun/static/gxcfg.js?202211298464198 HTTP/1.1" 200 953
179.57.78.55 - - [24/Mar/2026:09:29:09 -0300] "GET /cormun/static/prcontratosol.js?202211298464288 HTTP/1.1" 200 15806
179.57.78.55 - - [24/Mar/2026:09:29:14 -0300] "POST /cormun/servlet/solicitudot?gx-no-cache=1774355616231 HTTP/1.1" 200 1563
179.57.78.55 - - [24/Mar/2026:09:29:14 -0300] "POST /cormun/servlet/solicitudot?gx-no-cache=1774355616275 HTTP/1.1" 200 117
179.57.78.55 - - [24/Mar/2026:09:29:14 -0300] "GET /cormun/servlet/solicitudot?aabe3241f60575ad65320e8c271e6db9d0884d82fe7f8b095de898ea7179886021d7cca4e7b2e963cb4d81b7bca1674297609f0f1a27b14bb9581f2579ca4fed3cd74d28d7b645dd6ad13494097253d61233b8309799d217cd67a8c52e9691e5a71356cd0fb52aee222066ff144759e4,gx-no-cache=1774355616297 HTTP/1.1" 200 110
179.57.78.55 - - [24/Mar/2026:09:29:14 -0300] "POST /cormun/servlet/solicitudot?gx-no-cache=1774355616318 HTTP/1.1" 200 64
179.57.78.55 - - [24/Mar/2026:09:29:14 -0300] "GET /cormun/servlet/solicitudot?aabe3241f60575ad65320e8c271e6db901d3ca758f7def8600ea528741ded3609a648d81a530ec9ee686a14c23a04d912b871d056a40f706ee3c9df89cedf60a6d6d4aba8e7d63940f8c713ec0da539250c80b4223ff97947091a13c0d03d573d7a5f76cedee434ce56fe7eff342c595,gx-no-cache=1774355616358 HTTP/1.1" 200 29
179.57.78.55 - - [24/Mar/2026:09:29:14 -0300] "GET /cormun/servlet/solicitudot?aabe3241f60575ad65320e8c271e6db9f42d4499411836263b94dbaf5b8329e8,gx-no-cache=1774355616377 HTTP/1.1" 200 30
179.57.78.55 - - [24/Mar/2026:09:29:16 -0300] "GET /cormun/servlet/prpersonalsolicitud?16884596,,,,,MD,,gxPopupLevel%3D0%3B HTTP/1.1" 200 5624
179.57.78.55 - - [24/Mar/2026:09:29:16 -0300] "GET /cormun/static/gxui/gxui-all.css?110300 HTTP/1.1" 200 2179
179.57.78.55 - - [24/Mar/2026:09:29:16 -0300] "GET /cormun/static/calendar-system.css?75620 HTTP/1.1" 200 5572
179.57.78.55 - - [24/Mar/2026:09:29:16 -0300] "GET /cormun/static/gxcfg.js?20199142022523 HTTP/1.1" 200 953
179.57.78.55 - - [24/Mar/2026:09:29:16 -0300] "GET /cormun/static/prpersonalsolicitud.js?20199142022764 HTTP/1.1" 200 13873
179.57.78.55 - - [24/Mar/2026:09:29:16 -0300] "GET /cormun/static/Resources/Spanish/PXTools.css?19172979 HTTP/1.1" 200 100853
179.57.78.55 - - [24/Mar/2026:09:29:16 -0300] "GET /cormun/static/Shared/ext/resources/css/ext-all.css?205870 HTTP/1.1" 200 416045
179.57.78.55 - - [24/Mar/2026:09:29:37 -0300] "GET /cormun/servlet/prsolicitudot?16884596,,,,,MD,,gxPopupLevel%3D0%3B HTTP/1.1" 200 6002
179.57.78.55 - - [24/Mar/2026:09:29:37 -0300] "GET /cormun/static/gxcfg.js?20201215593468 HTTP/1.1" 200 953
179.57.78.55 - - [24/Mar/2026:09:29:37 -0300] "GET /cormun/static/prsolicitudot.js?20201215593721 HTTP/1.1" 200 13680
179.57.78.55 - - [24/Mar/2026:09:29:43 -0300] "POST /cormun/servlet/solicitudot?gx-no-cache=1774355644852 HTTP/1.1" 200 30
179.57.78.55 - - [24/Mar/2026:09:29:43 -0300] "POST /cormun/servlet/solicitudot?gx-no-cache=1774355644877 HTTP/1.1" 200 1563
179.57.78.55 - - [24/Mar/2026:09:29:43 -0300] "POST /cormun/servlet/solicitudot?gx-no-cache=1774355644923 HTTP/1.1" 200 117
179.57.78.55 - - [24/Mar/2026:09:29:43 -0300] "GET /cormun/servlet/solicitudot?aabe3241f60575ad65320e8c271e6db9d0884d82fe7f8b095de898ea7179886021d7cca4e7b2e963cb4d81b7bca1674297609f0f1a27b14bb9581f2579ca4fed3cd74d28d7b645dd6ad13494097253d61233b8309799d217cd67a8c52e9691e5a71356cd0fb52aee222066ff144759e4,gx-no-cache=1774355644948 HTTP/1.1" 200 110
179.57.78.55 - - [24/Mar/2026:09:30:16 -0300] "POST /cormun/servlet/solicitudot?gx-no-cache=1774355677779 HTTP/1.1" 200 1482
179.57.78.55 - - [24/Mar/2026:09:30:16 -0300] "POST /cormun/servlet/solicitudot?gx-no-cache=1774355677880 HTTP/1.1" 200 117
179.57.78.55 - - [24/Mar/2026:09:30:16 -0300] "GET /cormun/servlet/solicitudot?aabe3241f60575ad65320e8c271e6db9d0884d82fe7f8b095de898ea7179886021d7cca4e7b2e963cb4d81b7bca1674297609f0f1a27b14bb9581f2579ca4fed3cd74d28d7b645dd6ad13494097253d61233b8309799d217cd67a8c52e9691e5a71356cd0fb52aee222066ff144759e4,gx-no-cache=1774355677905 HTTP/1.1" 200 110
179.57.78.55 - - [24/Mar/2026:09:30:16 -0300] "POST /cormun/servlet/solicitudot?gx-no-cache=1774355677929 HTTP/1.1" 200 110
179.57.78.55 - - [24/Mar/2026:09:30:22 -0300] "GET /cormun/static/menuarrow.gif HTTP/1.1" 404 1015
179.57.78.55 - - [24/Mar/2026:09:30:29 -0300] "GET /cormun/servlet/prlicenciaspermisos?19083979,L,,MD,,gxPopupLevel%3D0%3B HTTP/1.1" 200 6529
179.57.78.55 - - [24/Mar/2026:09:30:29 -0300] "GET /cormun/static/gxcfg.js?2020121559567 HTTP/1.1" 200 953
179.57.78.55 - - [24/Mar/2026:09:30:29 -0300] "GET /cormun/static/prlicenciaspermisos.js?2020121559821 HTTP/1.1" 200 13379
179.57.78.55 - - [24/Mar/2026:09:30:47 -0300] "POST /cormun/servlet/solicitudot?gx-no-cache=1774355709813 HTTP/1.1" 200 41
179.57.78.55 - - [24/Mar/2026:09:30:48 -0300] "GET /cormun/servlet/solicitudot?aabe3241f60575ad65320e8c271e6db9d0884d82fe7f8b095de898ea7179886021d7cca4e7b2e963cb4d81b7bca1674297609f0f1a27b14bb9581f2579ca4fed3cd74d28d7b645dd6ad13494097253d61233b8309799d217cd67a8c52e9691e5a71356cd0fb52aee222066ff144759e4,gx-no-cache=1774355709857 HTTP/1.1" 200 110
192.168.10.19 - - [24/Mar/2026:09:30:48 -0300] "GET /cormun/servlet/trsolicitudgral? HTTP/1.1" 200 9741
179.57.78.55 - - [24/Mar/2026:09:31:05 -0300] "GET /cormun/servlet/solicitudot?aabe3241f60575ad65320e8c271e6db9e8d77ac134eda867f25791b5a6df8c9b25abbbbabcd22a7206c0247a404f9539,gx-no-cache=1774355727725 HTTP/1.1" 200 30
179.57.78.55 - - [24/Mar/2026:09:31:05 -0300] "POST /cormun/servlet/solicitudot?gx-no-cache=1774355727747 HTTP/1.1" 200 135
179.57.78.55 - - [24/Mar/2026:09:31:18 -0300] "POST /cormun/servlet/solicitudot?gx-no-cache=1774355739940 HTTP/1.1" 200 30
179.57.78.55 - - [24/Mar/2026:09:31:50 -0300] "POST /cormun/servlet/solicitudot?gx-no-cache=1774355772430 HTTP/1.1" 200 1482
179.57.78.55 - - [24/Mar/2026:09:31:50 -0300] "POST /cormun/servlet/solicitudot?gx-no-cache=1774355772546 HTTP/1.1" 200 41
179.57.78.55 - - [24/Mar/2026:09:31:50 -0300] "GET /cormun/servlet/solicitudot?aabe3241f60575ad65320e8c271e6db9d0884d82fe7f8b095de898ea7179886021d7cca4e7b2e963cb4d81b7bca1674297609f0f1a27b14bb9581f2579ca4fed3cd74d28d7b645dd6ad13494097253d61233b8309799d217cd67a8c52e9691e5a71356cd0fb52aee222066ff144759e4,gx-no-cache=1774355772568 HTTP/1.1" 200 110
179.57.78.55 - - [24/Mar/2026:09:31:50 -0300] "POST /cormun/servlet/solicitudot?gx-no-cache=1774355772592 HTTP/1.1" 200 110
179.57.78.55 - - [24/Mar/2026:09:31:52 -0300] "POST /cormun/servlet/solicitudot?gx-no-cache=1774355774557 HTTP/1.1" 200 30
179.57.78.55 - - [24/Mar/2026:09:31:52 -0300] "POST /cormun/servlet/solicitudot?gx-no-cache=1774355774603 HTTP/1.1" 200 1482
179.57.78.55 - - [24/Mar/2026:09:31:52 -0300] "POST /cormun/servlet/solicitudot?gx-no-cache=1774355774677 HTTP/1.1" 200 41
179.57.78.55 - - [24/Mar/2026:09:31:52 -0300] "GET /cormun/servlet/solicitudot?aabe3241f60575ad65320e8c271e6db9d0884d82fe7f8b095de898ea7179886021d7cca4e7b2e963cb4d81b7bca1674297609f0f1a27b14bb9581f2579ca4fed3cd74d28d7b645dd6ad13494097253d61233b8309799d217cd67a8c52e9691e5a71356cd0fb52aee222066ff144759e4,gx-no-cache=1774355774697 HTTP/1.1" 200 110
179.57.78.55 - - [24/Mar/2026:09:31:52 -0300] "POST /cormun/servlet/solicitudot?gx-no-cache=1774355774717 HTTP/1.1" 200 110
200.126.117.15 - - [24/Mar/2026:09:31:53 -0300] "GET /cormun/servlet/prfichaempleado?,MD,,gxPopupLevel%3D0%3B HTTP/1.1" 200 9289
179.57.78.55 - - [24/Mar/2026:09:31:54 -0300] "POST /cormun/servlet/solicitudot?gx-no-cache=1774355775943 HTTP/1.1" 200 30
200.126.117.15 - - [24/Mar/2026:09:32:08 -0300] "POST /cormun/servlet/prfichaempleado?bb3ff6c8560a811cbb5ca3916426202f,,MD,,gxPopupLevel%3D0%3B,gx-no-cache=1774355790335 HTTP/1.1" 200 3406
200.126.117.15 - - [24/Mar/2026:09:32:13 -0300] "POST /cormun/servlet/solicitudot?gx-no-cache=1774355795774 HTTP/1.1" 200 4196
200.126.117.15 - - [24/Mar/2026:09:32:13 -0300] "POST /cormun/servlet/solicitudot?bb3ff6c8560a811cbb5ca3916426202f,INS,0,0,false,,gx-no-cache=1774355795873 HTTP/1.1" 200 13181
200.126.117.15 - - [24/Mar/2026:09:32:13 -0300] "GET /cormun/servlet/solicitudot?5bd08432662596b622868a8fd04fc9c25aea2e370077df1b07eb11ac166e4349783c766588cce8ef65aac116f4f2ed93,gx-no-cache=1774355795956 HTTP/1.1" 200 111
200.126.117.15 - - [24/Mar/2026:09:32:13 -0300] "GET /cormun/static/Shared/jqueryui/images/ui-bg_flat_55_994d53_40x100.png HTTP/1.1" 404 1097
200.126.117.15 - - [24/Mar/2026:09:32:13 -0300] "GET /cormun/static/Shared/jqueryui/images/ui-icons_ebccce_256x240.png HTTP/1.1" 404 1089
200.126.117.15 - - [24/Mar/2026:09:32:29 -0300] "GET /cormun/servlet/solicitudot?5bd08432662596b622868a8fd04fc9c2b2edee0656af6bc89ed9dcc1752412b5783c766588cce8ef65aac116f4f2ed93,gx-no-cache=1774355811962 HTTP/1.1" 200 30
200.126.117.15 - - [24/Mar/2026:09:32:49 -0300] "GET /cormun/servlet/prfichaempleado?,MD,,gxPopupLevel%3D0%3B HTTP/1.1" 200 9289
179.57.78.55 - - [24/Mar/2026:09:32:50 -0300] "POST /cormun/servlet/solicitudot?90dae27458df74666e72f2497bdd6aa8,INS,0,0,false,,gx-no-cache=1774355832167 HTTP/1.1" 200 93
179.57.78.55 - - [24/Mar/2026:09:32:50 -0300] "GET /cormun/servlet/hpexe_return? HTTP/1.1" 200 1008
179.57.78.55 - - [24/Mar/2026:09:32:51 -0300] "GET /cormun/servlet/trsolicitudot HTTP/1.1" 200 8614
190.95.2.163 - - [24/Mar/2026:09:32:53 -0300] "GET /cormun/servlet/hlogin HTTP/1.1" 200 1725
179.57.78.55 - - [24/Mar/2026:09:32:54 -0300] "POST /cormun/servlet/trsolicitudot?90dae27458df74666e72f2497bdd6aa8,gx-no-cache=1774355836569 HTTP/1.1" 200 107
179.57.78.55 - - [24/Mar/2026:09:32:54 -0300] "GET /cormun/servlet/trsolicitudadjuntos?2026,23344, HTTP/1.1" 200 6090
179.57.78.55 - - [24/Mar/2026:09:32:56 -0300] "GET /cormun/servlet/solicitudotadjuntos?INS,2026,23344,,1, HTTP/1.1" 200 6034
179.57.78.55 - - [24/Mar/2026:09:32:56 -0300] "GET /cormun/static/about:blank HTTP/1.1" 404 1011
179.57.78.55 - - [24/Mar/2026:09:32:57 -0300] "GET /cormun/servlet/solicitudotadjuntos?aabe3241f60575ad65320e8c271e6db9f638a3e4055adad61df167209166e4cc1365a0b67bd7778f2bafe9d248f95c56,gx-no-cache=1774355839170 HTTP/1.1" 200 30
179.57.78.55 - - [24/Mar/2026:09:32:57 -0300] "POST /cormun/servlet/solicitudotadjuntos?90dae27458df74666e72f2497bdd6aa8,INS,2026,23344,,1,,gx-no-cache=1774355839207 HTTP/1.1" 200 3872
200.126.117.15 - - [24/Mar/2026:09:33:00 -0300] "GET /cormun/servlet/hlogin HTTP/1.1" 200 1721
179.57.78.55 - - [24/Mar/2026:09:33:00 -0300] "POST /cormun/servlet/solicitudotadjuntos?gx-no-cache=1774355842816 HTTP/1.1" 200 26
190.95.2.163 - - [24/Mar/2026:09:33:07 -0300] "POST /cormun/servlet/hlogin?0c85b33cd6de8c2bc316185937bed8e3,gx-no-cache=1774355849916 HTTP/1.1" 200 90
190.95.2.163 - - [24/Mar/2026:09:33:07 -0300] "GET /cormun/servlet/hpexe_link HTTP/1.1" 200 952
190.95.2.163 - - [24/Mar/2026:09:33:07 -0300] "GET /cormun/servlet/hhome HTTP/1.1" 200 4000
200.126.117.15 - - [24/Mar/2026:09:33:10 -0300] "POST /cormun/servlet/hlogin?bb3ff6c8560a811cbb5ca3916426202f,gx-no-cache=1774355852169 HTTP/1.1" 200 90
200.126.117.15 - - [24/Mar/2026:09:33:10 -0300] "GET /cormun/servlet/hpexe_link HTTP/1.1" 200 962
200.126.117.15 - - [24/Mar/2026:09:33:10 -0300] "GET /cormun/servlet/prfichaempleado?,MD, HTTP/1.1" 200 9284
190.95.2.163 - - [24/Mar/2026:09:33:12 -0300] "GET /cormun/servlet/trpermisosgoce? HTTP/1.1" 200 10320
190.95.2.163 - - [24/Mar/2026:09:33:20 -0300] "GET /cormun/servlet/trpermisosadjuntos?15523072,20260323125229,P, HTTP/1.1" 200 6326
200.126.117.15 - - [24/Mar/2026:09:33:20 -0300] "POST /cormun/servlet/prfichaempleado?bb3ff6c8560a811cbb5ca3916426202f,,MD,,gx-no-cache=1774355861983 HTTP/1.1" 200 6267
179.57.78.55 - - [24/Mar/2026:09:33:21 -0300] "GET /cormun/servlet/solicitudotadjuntos?aabe3241f60575ad65320e8c271e6db9e11c4d3be5e71d2b7dcba196df18c93e,gx-no-cache=1774355863207 HTTP/1.1" 200 30
179.57.78.55 - - [24/Mar/2026:09:33:21 -0300] "GET /cormun/servlet/solicitudotadjuntos?aabe3241f60575ad65320e8c271e6db9e11c4d3be5e71d2b7dcba196df18c93e,gx-no-cache=1774355863252 HTTP/1.1" 200 30
179.57.78.55 - - [24/Mar/2026:09:33:21 -0300] "POST /cormun/servlet/solicitudotadjuntos?90dae27458df74666e72f2497bdd6aa8,INS,2026,23344,,1, HTTP/1.1" 200 116
179.57.78.55 - - [24/Mar/2026:09:33:21 -0300] "GET /cormun/servlet/hpexe_return? HTTP/1.1" 200 1026
179.57.78.55 - - [24/Mar/2026:09:33:21 -0300] "GET /cormun/servlet/trsolicitudadjuntos?2026,23344, HTTP/1.1" 200 9318
190.95.2.163 - - [24/Mar/2026:09:33:22 -0300] "GET /cormun/servlet/permisosadjuntos?INS,15523072,P,20260323125229,, HTTP/1.1" 200 5645
190.95.2.163 - - [24/Mar/2026:09:33:23 -0300] "GET /cormun/static/about:blank HTTP/1.1" 404 1011
179.57.78.55 - - [24/Mar/2026:09:33:23 -0300] "GET /cormun/servlet/solicitudotadjuntos?INS,2026,23344,,1, HTTP/1.1" 200 6035
179.57.78.55 - - [24/Mar/2026:09:33:23 -0300] "GET /cormun/static/about:blank HTTP/1.1" 404 1011
179.57.78.55 - - [24/Mar/2026:09:33:24 -0300] "GET /cormun/servlet/solicitudotadjuntos?aabe3241f60575ad65320e8c271e6db9f638a3e4055adad61df167209166e4cc1365a0b67bd7778f2bafe9d248f95c56,gx-no-cache=1774355866191 HTTP/1.1" 200 30
179.57.78.55 - - [24/Mar/2026:09:33:24 -0300] "POST /cormun/servlet/solicitudotadjuntos?90dae27458df74666e72f2497bdd6aa8,INS,2026,23344,,1,,gx-no-cache=1774355866218 HTTP/1.1" 200 3873
200.126.117.15 - - [24/Mar/2026:09:33:27 -0300] "POST /cormun/servlet/prfichaempleado?bb3ff6c8560a811cbb5ca3916426202f,,MD,,gx-no-cache=1774355869666 HTTP/1.1" 200 3390
179.57.78.55 - - [24/Mar/2026:09:33:29 -0300] "POST /cormun/servlet/solicitudotadjuntos?gx-no-cache=1774355871096 HTTP/1.1" 200 26
200.126.117.15 - - [24/Mar/2026:09:33:29 -0300] "POST /cormun/servlet/prfichaempleado?bb3ff6c8560a811cbb5ca3916426202f,,MD,,gx-no-cache=1774355871470 HTTP/1.1" 200 3390
200.126.117.15 - - [24/Mar/2026:09:33:33 -0300] "POST /cormun/servlet/prfichaempleado?bb3ff6c8560a811cbb5ca3916426202f,,MD,,gx-no-cache=1774355875703 HTTP/1.1" 200 3395
190.95.2.163 - - [24/Mar/2026:09:33:49 -0300] "POST /cormun/servlet/permisosadjuntos?0c85b33cd6de8c2bc316185937bed8e3,INS,15523072,P,20260323125229,, HTTP/1.1" 200 116
190.95.2.163 - - [24/Mar/2026:09:33:49 -0300] "GET /cormun/servlet/hpexe_return? HTTP/1.1" 200 1040
190.95.2.163 - - [24/Mar/2026:09:33:49 -0300] "GET /cormun/servlet/trpermisosadjuntos?15523072,20260323125229,P, HTTP/1.1" 200 6779
190.95.2.163 - - [24/Mar/2026:09:33:53 -0300] "GET /cormun/servlet/trpermisosgoce? HTTP/1.1" 200 10319
190.95.2.163 - - [24/Mar/2026:09:33:58 -0300] "POST /cormun/servlet/trpermisosgoce?0c85b33cd6de8c2bc316185937bed8e3,,gx-no-cache=1774355900877 HTTP/1.1" 200 7617
190.95.2.163 - - [24/Mar/2026:09:33:58 -0300] "GET /cormun/static/Shared/jqueryui/images/ui-bg_highlight-soft_100_c6c2c8_1x100.png HTTP/1.1" 404 1117
190.95.2.163 - - [24/Mar/2026:09:33:58 -0300] "GET /cormun/static/Shared/jqueryui/images/ui-icons_82798d_256x240.png HTTP/1.1" 404 1089
190.95.2.163 - - [24/Mar/2026:09:33:58 -0300] "GET /cormun/static/Shared/jqueryui/images/ui-bg_flat_55_fafafa_40x100.png HTTP/1.1" 404 1097
190.95.2.163 - - [24/Mar/2026:09:33:58 -0300] "GET /cormun/static/Shared/jqueryui/images/ui-icons_8d78a5_256x240.png HTTP/1.1" 404 1089
200.126.117.15 - - [24/Mar/2026:09:34:05 -0300] "GET /cormun/servlet/hlogin HTTP/1.1" 200 1718
200.126.117.15 - - [24/Mar/2026:09:34:15 -0300] "POST /cormun/servlet/hlogin?a4d27c1f3786f6cc0b0e47609260c3ac,gx-no-cache=1774355917667 HTTP/1.1" 200 90
200.126.117.15 - - [24/Mar/2026:09:34:15 -0300] "GET /cormun/servlet/hpexe_link HTTP/1.1" 200 947
200.126.117.15 - - [24/Mar/2026:09:34:15 -0300] "GET /cormun/servlet/hhome HTTP/1.1" 200 4320
200.126.117.15 - - [24/Mar/2026:09:34:20 -0300] "GET /cormun/servlet/trsolicitudot? HTTP/1.1" 200 7535
190.95.2.163 - - [24/Mar/2026:09:34:23 -0300] "GET /cormun/servlet/hlogin HTTP/1.1" 200 1725
200.126.117.15 - - [24/Mar/2026:09:34:23 -0300] "GET /cormun/servlet/solicitudot?INS,0,0,false, HTTP/1.1" 200 16312
200.126.117.15 - - [24/Mar/2026:09:34:27 -0300] "GET /cormun/servlet/prfichaempleado?,MD,,gxPopupLevel%3D0%3B HTTP/1.1" 200 9288
190.95.2.163 - - [24/Mar/2026:09:34:28 -0300] "POST /cormun/servlet/hlogin?0c85b33cd6de8c2bc316185937bed8e3,gx-no-cache=1774355931050 HTTP/1.1" 200 90
190.95.2.163 - - [24/Mar/2026:09:34:28 -0300] "GET /cormun/servlet/hpexe_link HTTP/1.1" 200 952
190.95.2.163 - - [24/Mar/2026:09:34:28 -0300] "GET /cormun/servlet/hhome HTTP/1.1" 200 4201
200.126.117.15 - - [24/Mar/2026:09:34:32 -0300] "POST /cormun/servlet/prfichaempleado?a4d27c1f3786f6cc0b0e47609260c3ac,,MD,,gxPopupLevel%3D0%3B,gx-no-cache=1774355934087 HTTP/1.1" 200 3405
179.57.78.55 - - [24/Mar/2026:09:34:34 -0300] "GET /cormun/servlet/solicitudotadjuntos?aabe3241f60575ad65320e8c271e6db9e11c4d3be5e71d2b7dcba196df18c93e,gx-no-cache=1774355936249 HTTP/1.1" 200 30
179.57.78.55 - - [24/Mar/2026:09:34:34 -0300] "GET /cormun/servlet/solicitudotadjuntos?aabe3241f60575ad65320e8c271e6db9e11c4d3be5e71d2b7dcba196df18c93e,gx-no-cache=1774355936317 HTTP/1.1" 200 30
179.57.78.55 - - [24/Mar/2026:09:34:34 -0300] "POST /cormun/servlet/solicitudotadjuntos?90dae27458df74666e72f2497bdd6aa8,INS,2026,23344,,1, HTTP/1.1" 200 116
179.57.78.55 - - [24/Mar/2026:09:34:34 -0300] "GET /cormun/servlet/hpexe_return? HTTP/1.1" 200 1026
179.57.78.55 - - [24/Mar/2026:09:34:34 -0300] "GET /cormun/servlet/trsolicitudadjuntos?2026,23344, HTTP/1.1" 200 9612
190.95.2.163 - - [24/Mar/2026:09:34:34 -0300] "GET /cormun/servlet/trautorizarpermisogoce? HTTP/1.1" 200 7878
200.126.117.15 - - [24/Mar/2026:09:34:35 -0300] "POST /cormun/servlet/solicitudot?gx-no-cache=1774355937808 HTTP/1.1" 200 4126
200.126.117.15 - - [24/Mar/2026:09:34:35 -0300] "POST /cormun/servlet/solicitudot?a4d27c1f3786f6cc0b0e47609260c3ac,INS,0,0,false,,gx-no-cache=1774355937960 HTTP/1.1" 200 12956
179.57.78.55 - - [24/Mar/2026:09:34:37 -0300] "GET /cormun/servlet/solicitudotadjuntos?INS,2026,23344,,1, HTTP/1.1" 200 6036
179.57.78.55 - - [24/Mar/2026:09:34:37 -0300] "GET /cormun/static/about:blank HTTP/1.1" 404 1011
179.57.78.55 - - [24/Mar/2026:09:34:38 -0300] "GET /cormun/servlet/solicitudotadjuntos?aabe3241f60575ad65320e8c271e6db9f638a3e4055adad61df167209166e4cc1365a0b67bd7778f2bafe9d248f95c56,gx-no-cache=1774355940004 HTTP/1.1" 200 30
179.57.78.55 - - [24/Mar/2026:09:34:38 -0300] "POST /cormun/servlet/solicitudotadjuntos?90dae27458df74666e72f2497bdd6aa8,INS,2026,23344,,1,,gx-no-cache=1774355940040 HTTP/1.1" 200 3873
190.95.2.163 - - [24/Mar/2026:09:34:39 -0300] "POST /cormun/servlet/trautorizarpermisogoce?0c85b33cd6de8c2bc316185937bed8e3,,gx-no-cache=1774355941380 HTTP/1.1" 200 4535
190.95.2.163 - - [24/Mar/2026:09:34:39 -0300] "GET /cormun/static/Shared/jqueryui/images/ui-bg_highlight-soft_100_c6c2c8_1x100.png HTTP/1.1" 404 1117
190.95.2.163 - - [24/Mar/2026:09:34:39 -0300] "GET /cormun/static/Shared/jqueryui/images/ui-icons_82798d_256x240.png HTTP/1.1" 404 1089
190.95.2.163 - - [24/Mar/2026:09:34:39 -0300] "GET /cormun/static/Shared/jqueryui/images/ui-bg_flat_55_fafafa_40x100.png HTTP/1.1" 404 1097
190.95.2.163 - - [24/Mar/2026:09:34:39 -0300] "GET /cormun/static/Shared/jqueryui/images/ui-icons_8d78a5_256x240.png HTTP/1.1" 404 1089
179.57.78.55 - - [24/Mar/2026:09:34:42 -0300] "POST /cormun/servlet/solicitudotadjuntos?gx-no-cache=1774355944210 HTTP/1.1" 200 26
200.126.117.15 - - [24/Mar/2026:09:34:43 -0300] "GET /cormun/servlet/solicitudot?f7c5fcf0cb060553d882b94d3b707f82cfadfa03915076fa7b31c7a369f713fa272bc4c56060d47ae6eecba5b2fd1a23,gx-no-cache=1774355945931 HTTP/1.1" 200 30
179.57.78.55 - - [24/Mar/2026:09:34:48 -0300] "GET /cormun/servlet/solicitudotadjuntos?aabe3241f60575ad65320e8c271e6db9e11c4d3be5e71d2b7dcba196df18c93e,gx-no-cache=1774355950160 HTTP/1.1" 200 30
179.57.78.55 - - [24/Mar/2026:09:34:48 -0300] "GET /cormun/servlet/solicitudotadjuntos?aabe3241f60575ad65320e8c271e6db9e11c4d3be5e71d2b7dcba196df18c93e,gx-no-cache=1774355950176 HTTP/1.1" 200 30
179.57.78.55 - - [24/Mar/2026:09:34:48 -0300] "POST /cormun/servlet/solicitudotadjuntos?90dae27458df74666e72f2497bdd6aa8,INS,2026,23344,,1, HTTP/1.1" 200 116
179.57.78.55 - - [24/Mar/2026:09:34:48 -0300] "GET /cormun/servlet/hpexe_return? HTTP/1.1" 200 1026
179.57.78.55 - - [24/Mar/2026:09:34:48 -0300] "GET /cormun/servlet/trsolicitudadjuntos?2026,23344, HTTP/1.1" 200 9902
179.57.78.55 - - [24/Mar/2026:09:34:50 -0300] "GET /cormun/servlet/solicitudotadjuntos?INS,2026,23344,,1, HTTP/1.1" 200 6036
179.57.78.55 - - [24/Mar/2026:09:34:50 -0300] "GET /cormun/static/about:blank HTTP/1.1" 404 1011
179.57.78.55 - - [24/Mar/2026:09:34:51 -0300] "GET /cormun/servlet/solicitudotadjuntos?aabe3241f60575ad65320e8c271e6db9f638a3e4055adad61df167209166e4cc1365a0b67bd7778f2bafe9d248f95c56,gx-no-cache=1774355952969 HTTP/1.1" 200 30
179.57.78.55 - - [24/Mar/2026:09:34:51 -0300] "POST /cormun/servlet/solicitudotadjuntos?90dae27458df74666e72f2497bdd6aa8,INS,2026,23344,,1,,gx-no-cache=1774355952994 HTTP/1.1" 200 3873
179.57.78.55 - - [24/Mar/2026:09:34:54 -0300] "POST /cormun/servlet/solicitudotadjuntos?gx-no-cache=1774355956258 HTTP/1.1" 200 26
179.57.78.55 - - [24/Mar/2026:09:35:00 -0300] "GET /cormun/servlet/solicitudotadjuntos?aabe3241f60575ad65320e8c271e6db9e11c4d3be5e71d2b7dcba196df18c93e,gx-no-cache=1774355962472 HTTP/1.1" 200 30
179.57.78.55 - - [24/Mar/2026:09:35:00 -0300] "GET /cormun/servlet/solicitudotadjuntos?aabe3241f60575ad65320e8c271e6db9e11c4d3be5e71d2b7dcba196df18c93e,gx-no-cache=1774355962489 HTTP/1.1" 200 30
179.57.78.55 - - [24/Mar/2026:09:35:00 -0300] "POST /cormun/servlet/solicitudotadjuntos?90dae27458df74666e72f2497bdd6aa8,INS,2026,23344,,1, HTTP/1.1" 200 116
179.57.78.55 - - [24/Mar/2026:09:35:00 -0300] "GET /cormun/servlet/hpexe_return? HTTP/1.1" 200 1026
179.57.78.55 - - [24/Mar/2026:09:35:00 -0300] "GET /cormun/servlet/trsolicitudadjuntos?2026,23344, HTTP/1.1" 200 10256
179.57.78.55 - - [24/Mar/2026:09:35:02 -0300] "GET /cormun/servlet/solicitudotadjuntos?INS,2026,23344,,1, HTTP/1.1" 200 6036
179.57.78.55 - - [24/Mar/2026:09:35:02 -0300] "GET /cormun/static/about:blank HTTP/1.1" 404 1011
179.57.78.55 - - [24/Mar/2026:09:35:03 -0300] "GET /cormun/servlet/solicitudotadjuntos?aabe3241f60575ad65320e8c271e6db9f638a3e4055adad61df167209166e4cc1365a0b67bd7778f2bafe9d248f95c56,gx-no-cache=1774355965214 HTTP/1.1" 200 30
179.57.78.55 - - [24/Mar/2026:09:35:03 -0300] "POST /cormun/servlet/solicitudotadjuntos?90dae27458df74666e72f2497bdd6aa8,INS,2026,23344,,1,,gx-no-cache=1774355965243 HTTP/1.1" 200 3873
179.57.78.55 - - [24/Mar/2026:09:35:05 -0300] "POST /cormun/servlet/solicitudotadjuntos?gx-no-cache=1774355967481 HTTP/1.1" 200 26
179.57.78.55 - - [24/Mar/2026:09:35:18 -0300] "GET /cormun/servlet/solicitudotadjuntos?aabe3241f60575ad65320e8c271e6db9e11c4d3be5e71d2b7dcba196df18c93e,gx-no-cache=1774355980537 HTTP/1.1" 200 30
179.57.78.55 - - [24/Mar/2026:09:35:18 -0300] "GET /cormun/servlet/solicitudotadjuntos?aabe3241f60575ad65320e8c271e6db9e11c4d3be5e71d2b7dcba196df18c93e,gx-no-cache=1774355980552 HTTP/1.1" 200 30
179.57.78.55 - - [24/Mar/2026:09:35:18 -0300] "POST /cormun/servlet/solicitudotadjuntos?90dae27458df74666e72f2497bdd6aa8,INS,2026,23344,,1, HTTP/1.1" 200 116
179.57.78.55 - - [24/Mar/2026:09:35:18 -0300] "GET /cormun/servlet/hpexe_return? HTTP/1.1" 200 1026
179.57.78.55 - - [24/Mar/2026:09:35:18 -0300] "GET /cormun/servlet/trsolicitudadjuntos?2026,23344, HTTP/1.1" 200 10465
179.57.78.55 - - [24/Mar/2026:09:35:20 -0300] "GET /cormun/servlet/solicitudotadjuntos?INS,2026,23344,,1, HTTP/1.1" 200 6036
179.57.78.55 - - [24/Mar/2026:09:35:21 -0300] "GET /cormun/static/about:blank HTTP/1.1" 404 1011
179.57.78.55 - - [24/Mar/2026:09:35:21 -0300] "GET /cormun/servlet/solicitudotadjuntos?aabe3241f60575ad65320e8c271e6db9f638a3e4055adad61df167209166e4cc1365a0b67bd7778f2bafe9d248f95c56,gx-no-cache=1774355983383 HTTP/1.1" 200 30
179.57.78.55 - - [24/Mar/2026:09:35:21 -0300] "POST /cormun/servlet/solicitudotadjuntos?90dae27458df74666e72f2497bdd6aa8,INS,2026,23344,,1,,gx-no-cache=1774355983408 HTTP/1.1" 200 3873
179.57.78.55 - - [24/Mar/2026:09:35:23 -0300] "POST /cormun/servlet/solicitudotadjuntos?gx-no-cache=1774355985441 HTTP/1.1" 200 26
179.57.78.55 - - [24/Mar/2026:09:35:28 -0300] "GET /cormun/servlet/solicitudotadjuntos?aabe3241f60575ad65320e8c271e6db9e11c4d3be5e71d2b7dcba196df18c93e,gx-no-cache=1774355990162 HTTP/1.1" 200 30
179.57.78.55 - - [24/Mar/2026:09:35:28 -0300] "GET /cormun/servlet/solicitudotadjuntos?aabe3241f60575ad65320e8c271e6db9e11c4d3be5e71d2b7dcba196df18c93e,gx-no-cache=1774355990179 HTTP/1.1" 200 30
179.57.78.55 - - [24/Mar/2026:09:35:28 -0300] "POST /cormun/servlet/solicitudotadjuntos?90dae27458df74666e72f2497bdd6aa8,INS,2026,23344,,1, HTTP/1.1" 200 116
179.57.78.55 - - [24/Mar/2026:09:35:28 -0300] "GET /cormun/servlet/hpexe_return? HTTP/1.1" 200 1026
179.57.78.55 - - [24/Mar/2026:09:35:28 -0300] "GET /cormun/servlet/trsolicitudadjuntos?2026,23344, HTTP/1.1" 200 10649
179.57.78.55 - - [24/Mar/2026:09:35:33 -0300] "GET /cormun/servlet/trsolicitudot? HTTP/1.1" 200 8617
200.126.117.15 - - [24/Mar/2026:09:36:37 -0300] "GET /cormun/servlet/prbanco?,MD,,gxPopupLevel%3D0%3B HTTP/1.1" 200 6712
200.126.117.15 - - [24/Mar/2026:09:36:37 -0300] "GET /cormun/static/gxcfg.js?20201216131581 HTTP/1.1" 200 953
200.126.117.15 - - [24/Mar/2026:09:36:37 -0300] "GET /cormun/static/prbanco.js?20201216132311 HTTP/1.1" 200 10693
200.126.117.15 - - [24/Mar/2026:09:36:44 -0300] "GET /cormun/servlet/solicitudot?f7c5fcf0cb060553d882b94d3b707f828b7efa18e7e8ff29880f88a2d52985c78e6749604267b37fc06af71a6d01c7c8e10569024a80f01c9feae7d9f873eb54,gx-no-cache=1774356066266 HTTP/1.1" 200 30
200.126.117.15 - - [24/Mar/2026:09:39:49 -0300] "GET /cormun/servlet/solicitudot?f7c5fcf0cb060553d882b94d3b707f823f28097a6df9cdb29809647c35257adc,gx-no-cache=1774356251774 HTTP/1.1" 200 53
179.57.78.55 - - [24/Mar/2026:09:39:54 -0300] "POST /cormun/servlet/trsolicitudot?90dae27458df74666e72f2497bdd6aa8,,gx-no-cache=1774356256315 HTTP/1.1" 200 113
179.57.78.55 - - [24/Mar/2026:09:39:54 -0300] "GET /cormun/servlet/solicitudot?UPD,2026,23344,false, HTTP/1.1" 200 16701
179.57.78.55 - - [24/Mar/2026:09:39:55 -0300] "POST /cormun/servlet/solicitudot?gx-no-cache=1774356257140 HTTP/1.1" 200 4129
179.57.78.55 - - [24/Mar/2026:09:39:55 -0300] "POST /cormun/servlet/solicitudot?90dae27458df74666e72f2497bdd6aa8,UPD,2026,23344,false,,gx-no-cache=1774356257288 HTTP/1.1" 200 12813
179.57.78.55 - - [24/Mar/2026:09:39:55 -0300] "GET /cormun/servlet/solicitudot?aabe3241f60575ad65320e8c271e6db9bf60335ba41b32629f3841ebac59e24bc4e25e244830a16407e085d01cda5e4f,gx-no-cache=1774356257402 HTTP/1.1" 200 30
179.57.78.55 - - [24/Mar/2026:09:39:55 -0300] "GET /cormun/servlet/solicitudot?aabe3241f60575ad65320e8c271e6db9be2f224bcab0197e5b1519b607850d2e66aefc147fbab383c749e2d3a88bab64b94faf6df0f1f3398f360b08780ecbc4a5363f53a2a744bbd8558e4b0d48fb0c,gx-no-cache=1774356257426 HTTP/1.1" 200 30
179.57.78.55 - - [24/Mar/2026:09:39:55 -0300] "GET /cormun/servlet/solicitudot?aabe3241f60575ad65320e8c271e6db91402fb1098a8d35b02eec45342fc67c2db535335d86d0dd1956b23d14b03abb8a0206bba4fc1483f69857b03d5b9a8df,gx-no-cache=1774356257446 HTTP/1.1" 200 51
179.57.78.55 - - [24/Mar/2026:09:39:55 -0300] "POST /cormun/servlet/solicitudot?gx-no-cache=1774356257469 HTTP/1.1" 200 257
179.57.78.55 - - [24/Mar/2026:09:39:55 -0300] "GET /cormun/servlet/solicitudot?aabe3241f60575ad65320e8c271e6db942ce9bd4bd8950ad8c10c8bfa285ba22aa31173a614aa7bf9ae86847e0ebbc3b735c44b45e22cb608fc16370870b357c03a8986fa292d28b3909dd21a36c9af0502c79e2eef4140c503873492ed87859e80745b5a20e4e54a896ccef2943a37340388fb5a739b07811e938002b5198b2eedd48fae96323ce00b5c1a6fc58a756ab2cef15176991af9d49b55623797e74bbb4114314741029511812068b170556fde66c62d290998378a1b39871e93884f8199a7ed89550038f6c9116d5740602613b1466f98096087ebd6127a4bc80d34f3612ccd6a2e0435776aa16442fe050026c32756fc417b6bc5f3a4cf95a8db80b7a78a1448e7ce95312c7e26b087ee1dc119b856937f80fc03cbe9d3a5f463af8bbf1b24bb607bbea6c83ef145ff1842f29d6963fd45ed1f24bb71820c0f812a85206351fefa2e88132cfe74c460b5839f24a358e731cf919f260e98e28b47cdceec81d265d86cd457eac07be439faca4bd69555777fd2d4e50c27de0660891,gx-no-cache=1774356257497 HTTP/1.1" 200 30
179.57.78.55 - - [24/Mar/2026:09:39:55 -0300] "POST /cormun/servlet/solicitudot?gx-no-cache=1774356257520 HTTP/1.1" 200 30
179.57.78.55 - - [24/Mar/2026:09:39:55 -0300] "POST /cormun/servlet/solicitudot?gx-no-cache=1774356257547 HTTP/1.1" 200 1484
179.57.78.55 - - [24/Mar/2026:09:39:55 -0300] "POST /cormun/servlet/solicitudot?gx-no-cache=1774356257635 HTTP/1.1" 200 41
200.126.117.15 - - [24/Mar/2026:09:40:18 -0300] "POST /cormun/servlet/solicitudot?gx-no-cache=1774356280146 HTTP/1.1" 200 240
200.126.117.15 - - [24/Mar/2026:09:40:18 -0300] "GET /cormun/servlet/solicitudot?f7c5fcf0cb060553d882b94d3b707f82422b2696390116380f9050d1c3c75855ea6eb99d42ba3c14ea0ff89d0afd47c0ae8a605f6983e19998cb2c6c8b49672f9866840bd1b9314424eb34f0d4d0fd8ccfa3ed67a65dec7207bc1bf3387d6f1ebe29a7346628308b092b4d3923ae9789e000fba4a9ac9c45609ce1de1e9ce15efee760775a7b71bd735c4023de344c2637d201c65e1b1209fa969befb901dba5328f6b71c587433a50c1fafb12d4a3d8c83287411cd3742317c3c148ef63272f89687d7a121f054d758d8fa2b8de82ff780fbd4ac9d809b378f33ce41b3ac09999aee71daf07ded95be07da5f24141ed3efb08493aa7286038e14de5ad3789d67d12ba916ed2fc18d1219b28d5ca95e8e98fbac161d041b8a861923d7e653fc1425744e0ec73f811c5cdf6cca59074651a7d1a1dbd446a20861b47cca46c877e21b68527625177b9100afc3a5950c9c6a521e2c76b3c8c319d341d5e546a8077fbc23afc40a1ffcb899f7087aad75e88cc93be5b8da89968c1a7ab4d95b9456b,gx-no-cache=1774356280191 HTTP/1.1" 200 30
200.126.117.15 - - [24/Mar/2026:09:40:18 -0300] "POST /cormun/servlet/solicitudot?gx-no-cache=1774356280215 HTTP/1.1" 200 30
200.126.117.15 - - [24/Mar/2026:09:40:18 -0300] "POST /cormun/servlet/solicitudot?gx-no-cache=1774356280250 HTTP/1.1" 200 1481
200.126.117.15 - - [24/Mar/2026:09:40:18 -0300] "POST /cormun/servlet/solicitudot?gx-no-cache=1774356280282 HTTP/1.1" 200 38
179.57.78.55 - - [24/Mar/2026:09:40:23 -0300] "GET /cormun/servlet/solicitudot?aabe3241f60575ad65320e8c271e6db9d0884d82fe7f8b095de898ea7179886021d7cca4e7b2e963cb4d81b7bca1674297609f0f1a27b14bb9581f2579ca4fed3cd74d28d7b645dd6ad13494097253d61233b8309799d217cd67a8c52e9691e5a71356cd0fb52aee222066ff144759e4,gx-no-cache=1774356284906 HTTP/1.1" 200 110
179.57.78.55 - - [24/Mar/2026:09:40:23 -0300] "POST /cormun/servlet/solicitudot?gx-no-cache=1774356284944 HTTP/1.1" 200 110
179.57.78.55 - - [24/Mar/2026:09:40:23 -0300] "GET /cormun/servlet/solicitudot?aabe3241f60575ad65320e8c271e6db9a84db4a85ffd1d738f29d7d7c0473da204d930aba86e153b89da1bca5d15cb4c5a2324fa5ef0434b28c7db98fced4f9afb8181d90dbf67535ab70a618814ea0554dc68507625c170d00aef55afdb01195b4cfac05b635e2cca08f31372cf4f73,gx-no-cache=1774356284976 HTTP/1.1" 200 29
179.57.78.55 - - [24/Mar/2026:09:40:23 -0300] "GET /cormun/servlet/solicitudot?aabe3241f60575ad65320e8c271e6db9e8d77ac134eda867f25791b5a6df8c9b25abbbbabcd22a7206c0247a404f9539,gx-no-cache=1774356284997 HTTP/1.1" 200 30
179.57.78.55 - - [24/Mar/2026:09:40:23 -0300] "POST /cormun/servlet/solicitudot?gx-no-cache=1774356285031 HTTP/1.1" 200 30
179.57.78.55 - - [24/Mar/2026:09:40:23 -0300] "POST /cormun/servlet/solicitudot?90dae27458df74666e72f2497bdd6aa8,UPD,2026,23344,false,,gx-no-cache=1774356285060 HTTP/1.1" 200 93
179.57.78.55 - - [24/Mar/2026:09:40:23 -0300] "GET /cormun/servlet/hpexe_return? HTTP/1.1" 200 1015
179.57.78.55 - - [24/Mar/2026:09:40:23 -0300] "GET /cormun/servlet/trsolicitudot HTTP/1.1" 200 8614
200.126.117.15 - - [24/Mar/2026:09:40:30 -0300] "GET /cormun/servlet/solicitudot?f7c5fcf0cb060553d882b94d3b707f82858767aff88f76c377b14430fa65951642261aa60f4477e798d6ade00acec0142517236c3c4ed56d1b3bf70dcec0b765c0bfa977fabc6633010b7dcde3bce3325e2e0a106e04fe910288fac6e9d32fa31caa75e889a781cba8b17bc44cc48a1d,gx-no-cache=1774356292675 HTTP/1.1" 200 110
200.126.117.15 - - [24/Mar/2026:09:40:44 -0300] "POST /cormun/servlet/solicitudot?gx-no-cache=1774356306444 HTTP/1.1" 200 110
179.57.78.55 - - [24/Mar/2026:09:40:52 -0300] "POST /cormun/servlet/trsolicitudot?90dae27458df74666e72f2497bdd6aa8,gx-no-cache=1774356303539 HTTP/1.1" 200 4581
179.57.78.55 - - [24/Mar/2026:09:40:52 -0300] "GET /cormun/static/Shared/jqueryui/images/ui-bg_highlight-soft_100_c6c2c8_1x100.png HTTP/1.1" 404 1117
179.57.78.55 - - [24/Mar/2026:09:40:52 -0300] "GET /cormun/static/Shared/jqueryui/images/ui-icons_82798d_256x240.png HTTP/1.1" 404 1089
179.57.78.55 - - [24/Mar/2026:09:40:52 -0300] "GET /cormun/static/Shared/jqueryui/images/ui-bg_flat_55_fafafa_40x100.png HTTP/1.1" 404 1097
179.57.78.55 - - [24/Mar/2026:09:40:52 -0300] "GET /cormun/static/Shared/jqueryui/images/ui-icons_8d78a5_256x240.png HTTP/1.1" 404 1089
179.57.78.55 - - [24/Mar/2026:09:40:52 -0300] "POST /cormun/servlet/trsolicitudot?90dae27458df74666e72f2497bdd6aa8,gx-no-cache=1774356313910 HTTP/1.1" 200 4336
200.126.117.15 - - [24/Mar/2026:09:40:52 -0300] "GET /cormun/servlet/solicitudot?f7c5fcf0cb060553d882b94d3b707f82f341bcaf4b87154e8b25c06d9f981b43819c857ef5d2d50a00516156c76ea6ee880b2f6d68d93bbe0558f9e27101026082018689b070ed301a43b62b666fea3e6f203267c10b241159d36a76b670df086596cef31964984cecc04c0737bff72d,gx-no-cache=1774356314730 HTTP/1.1" 200 29
179.57.78.55 - - [24/Mar/2026:09:41:13 -0300] "GET /cormun/servlet/hlogin HTTP/1.1" 200 1739
200.126.117.15 - - [24/Mar/2026:09:41:20 -0300] "GET /cormun/static/menuarrow.gif HTTP/1.1" 404 1015
200.126.117.15 - - [24/Mar/2026:09:41:24 -0300] "GET /cormun/servlet/solicitudot?f7c5fcf0cb060553d882b94d3b707f82840291557ac799afec9ad65697ebbada4d625076afb0035219a1b89374c13d3b,gx-no-cache=1774356346172 HTTP/1.1" 200 30
200.126.117.15 - - [24/Mar/2026:09:41:34 -0300] "POST /cormun/servlet/solicitudot?gx-no-cache=1774356356571 HTTP/1.1" 200 30
200.126.117.15 - - [24/Mar/2026:09:42:13 -0300] "POST /cormun/servlet/solicitudot?a4d27c1f3786f6cc0b0e47609260c3ac,INS,0,0,false,,gx-no-cache=1774356395903 HTTP/1.1" 200 13363
200.126.117.15 - - [24/Mar/2026:09:42:14 -0300] "GET /cormun/static/Shared/jqueryui/images/ui-bg_highlight-soft_100_c6c2c8_1x100.png HTTP/1.1" 404 1117
200.126.117.15 - - [24/Mar/2026:09:42:14 -0300] "GET /cormun/static/Shared/jqueryui/images/ui-icons_82798d_256x240.png HTTP/1.1" 404 1089
200.126.117.15 - - [24/Mar/2026:09:42:14 -0300] "GET /cormun/static/Shared/jqueryui/images/ui-icons_ebccce_256x240.png HTTP/1.1" 404 1089
200.126.117.15 - - [24/Mar/2026:09:42:14 -0300] "GET /cormun/static/Shared/jqueryui/images/ui-bg_flat_55_994d53_40x100.png HTTP/1.1" 404 1097
200.126.117.15 - - [24/Mar/2026:09:42:29 -0300] "POST /cormun/servlet/solicitudot?gx-no-cache=1774356411598 HTTP/1.1" 200 1481
200.126.117.15 - - [24/Mar/2026:09:42:29 -0300] "POST /cormun/servlet/solicitudot?gx-no-cache=1774356411629 HTTP/1.1" 200 41
200.126.117.15 - - [24/Mar/2026:09:42:29 -0300] "GET /cormun/servlet/solicitudot?f7c5fcf0cb060553d882b94d3b707f82858767aff88f76c377b14430fa65951642261aa60f4477e798d6ade00acec0142517236c3c4ed56d1b3bf70dcec0b765c0bfa977fabc6633010b7dcde3bce3325e2e0a106e04fe910288fac6e9d32fa31caa75e889a781cba8b17bc44cc48a1d,gx-no-cache=1774356411650 HTTP/1.1" 200 110
200.126.117.15 - - [24/Mar/2026:09:42:29 -0300] "POST /cormun/servlet/solicitudot?gx-no-cache=1774356411672 HTTP/1.1" 200 79
200.126.117.15 - - [24/Mar/2026:09:42:29 -0300] "GET /cormun/servlet/solicitudot?f7c5fcf0cb060553d882b94d3b707f82840291557ac799afec9ad65697ebbada4d625076afb0035219a1b89374c13d3b,gx-no-cache=1774356411701 HTTP/1.1" 200 30
200.126.117.15 - - [24/Mar/2026:09:42:29 -0300] "POST /cormun/servlet/solicitudot?gx-no-cache=1774356411741 HTTP/1.1" 200 30
200.126.117.15 - - [24/Mar/2026:09:42:32 -0300] "POST /cormun/servlet/solicitudot?a4d27c1f3786f6cc0b0e47609260c3ac,INS,0,0,false,,gx-no-cache=1774356411769 HTTP/1.1" 200 93
200.126.117.15 - - [24/Mar/2026:09:42:32 -0300] "GET /cormun/servlet/hpexe_return? HTTP/1.1" 200 1004
200.126.117.15 - - [24/Mar/2026:09:42:32 -0300] "GET /cormun/static/gxcfg.js?20221129846035 HTTP/1.1" 200 953
200.126.117.15 - - [24/Mar/2026:09:42:32 -0300] "GET /cormun/static/hpexe_return.js?20221129846037 HTTP/1.1" 200 1633
200.126.117.15 - - [24/Mar/2026:09:42:32 -0300] "GET /cormun/servlet/trsolicitudot HTTP/1.1" 200 8949
200.126.117.15 - - [24/Mar/2026:09:42:33 -0300] "GET /cormun//static/Resources/PXToolsGridUpdate.png HTTP/1.1" 200 470
200.126.117.15 - - [24/Mar/2026:09:42:33 -0300] "GET /cormun//static/Resources/PXToolsRemoveAllAction.png HTTP/1.1" 200 487
200.126.117.15 - - [24/Mar/2026:09:42:33 -0300] "GET /cormun//static/Resources/PXToolsGridDelete.png HTTP/1.1" 200 538
200.126.117.15 - - [24/Mar/2026:09:42:33 -0300] "GET /cormun//static/Resources/PXToolsActionView.png HTTP/1.1" 200 398
200.126.117.15 - - [24/Mar/2026:09:42:39 -0300] "POST /cormun/servlet/trsolicitudot?a4d27c1f3786f6cc0b0e47609260c3ac,gx-no-cache=1774356421243 HTTP/1.1" 200 6060
200.126.117.15 - - [24/Mar/2026:09:42:39 -0300] "GET /cormun/static/Shared/jqueryui/images/ui-icons_82798d_256x240.png HTTP/1.1" 404 1089
200.126.117.15 - - [24/Mar/2026:09:42:39 -0300] "GET /cormun/static/Shared/jqueryui/images/ui-bg_highlight-soft_100_c6c2c8_1x100.png HTTP/1.1" 404 1117
200.126.117.15 - - [24/Mar/2026:09:42:39 -0300] "GET /cormun/static/Shared/jqueryui/images/ui-bg_flat_55_fafafa_40x100.png HTTP/1.1" 404 1097
200.126.117.15 - - [24/Mar/2026:09:42:39 -0300] "GET /cormun/static/Shared/jqueryui/images/ui-icons_8d78a5_256x240.png HTTP/1.1" 404 1089
200.126.117.15 - - [24/Mar/2026:09:42:40 -0300] "POST /cormun/servlet/trsolicitudot?a4d27c1f3786f6cc0b0e47609260c3ac,gx-no-cache=1774356422597 HTTP/1.1" 200 6061
200.126.117.15 - - [24/Mar/2026:09:42:43 -0300] "POST /cormun/servlet/trsolicitudot?a4d27c1f3786f6cc0b0e47609260c3ac,gx-no-cache=1774356425293 HTTP/1.1" 200 6061
200.126.117.15 - - [24/Mar/2026:09:43:24 -0300] "POST /cormun/servlet/trsolicitudot?a4d27c1f3786f6cc0b0e47609260c3ac,gx-no-cache=1774356466637 HTTP/1.1" 200 6061
200.126.117.15 - - [24/Mar/2026:09:43:26 -0300] "POST /cormun/servlet/trsolicitudot?a4d27c1f3786f6cc0b0e47609260c3ac,gx-no-cache=1774356468004 HTTP/1.1" 200 6060
200.126.117.15 - - [24/Mar/2026:09:43:27 -0300] "POST /cormun/servlet/trsolicitudot?a4d27c1f3786f6cc0b0e47609260c3ac,gx-no-cache=1774356469020 HTTP/1.1" 200 6061
200.126.117.15 - - [24/Mar/2026:09:43:33 -0300] "POST /cormun/servlet/trsolicitudot?a4d27c1f3786f6cc0b0e47609260c3ac,gx-no-cache=1774356475537 HTTP/1.1" 200 4862
200.126.117.15 - - [24/Mar/2026:09:43:33 -0300] "POST /cormun/servlet/trsolicitudot?a4d27c1f3786f6cc0b0e47609260c3ac,gx-no-cache=1774356475625 HTTP/1.1" 200 4608
200.126.117.15 - - [24/Mar/2026:09:43:47 -0300] "GET /cormun/servlet/trautorizarsolicitud? HTTP/1.1" 200 8840
200.126.117.15 - - [24/Mar/2026:09:43:47 -0300] "GET /cormun/static/gxcfg.js?202211298474254 HTTP/1.1" 200 953
200.126.117.15 - - [24/Mar/2026:09:43:47 -0300] "GET /cormun/static/trautorizarsolicitud.js?202211298474588 HTTP/1.1" 200 53909
200.126.117.15 - - [24/Mar/2026:09:44:02 -0300] "POST /cormun/servlet/trautorizarsolicitud?a4d27c1f3786f6cc0b0e47609260c3ac,,gx-no-cache=1774356504803 HTTP/1.1" 200 5983
200.126.117.15 - - [24/Mar/2026:09:44:37 -0300] "GET /cormun/servlet/trsolicitudot? HTTP/1.1" 200 7534
200.126.117.15 - - [24/Mar/2026:09:44:41 -0300] "GET /cormun/servlet/solicitudot?INS,0,0,false, HTTP/1.1" 200 16312
200.126.117.15 - - [24/Mar/2026:09:44:46 -0300] "GET /cormun/servlet/prfichaempleado?,MD,,gxPopupLevel%3D0%3B HTTP/1.1" 200 9288
200.126.117.15 - - [24/Mar/2026:09:45:08 -0300] "POST /cormun/servlet/prfichaempleado?a4d27c1f3786f6cc0b0e47609260c3ac,,MD,,gxPopupLevel%3D0%3B,gx-no-cache=1774356570357 HTTP/1.1" 200 3168
200.126.117.15 - - [24/Mar/2026:09:45:35 -0300] "POST /cormun/servlet/prfichaempleado?a4d27c1f3786f6cc0b0e47609260c3ac,,MD,,gxPopupLevel%3D0%3B,gx-no-cache=1774356597749 HTTP/1.1" 200 3168
200.126.117.15 - - [24/Mar/2026:09:45:55 -0300] "GET /cormun/servlet/hlogin HTTP/1.1" 200 1718
200.126.117.15 - - [24/Mar/2026:09:46:03 -0300] "POST /cormun/servlet/hlogin?a4d27c1f3786f6cc0b0e47609260c3ac,gx-no-cache=1774356625542 HTTP/1.1" 200 90
200.126.117.15 - - [24/Mar/2026:09:46:03 -0300] "GET /cormun/servlet/hpexe_link HTTP/1.1" 200 959
200.126.117.15 - - [24/Mar/2026:09:46:04 -0300] "GET /cormun/servlet/prfichaempleado?,MD, HTTP/1.1" 200 9282
190.95.15.13 - - [24/Mar/2026:09:46:15 -0300] "GET /cormun/servlet/hlogin HTTP/1.1" 200 1744
179.57.78.71 - - [24/Mar/2026:09:46:52 -0300] "GET /cormun/servlet/solicitudot?9a64160b014378e0cb4fef6b8e832f292547653154be1dc60ef778f23f072abcb4a1f9a9defe2b983abb953b317d6d3aa22d99ce2f0002b0cd39e8e4f0b9d94db4272cf8b7f16f19fe769901c3286b89389ed0d707ecb34ca3d4650852a06136fd9d46424f0e6ab1c7c0bccf27c97527f6b32eb2fd88ee6b093ca61105d8721c3d6a72922bb2378d228af13321337313234624689f7f776487114e20c9e965bc9434b51b0c7ec367f1605cf8ed9ba3f539f4032979f4a63b6d9b67808867fe1e0d7f045093cc81e7858b999b1a7eef621bc71af6711d2e8715489211e570517e12568171dfc9090ba4cfb18b875f3f01592ad1d8585563dbc78e21307763888ebbc49ac627ac0da0ae50df9a6c7813331760e42af54448c052220523ef2b4161adda999d4aeaef8a948b41b982ae43eef469c42908412c5c1f97d22257710b314125b112e08c3dd9e68ead5f9a314f28e7354e4438e9e1f855bcf884f5330c732ae216b1cf471ba283322b89a94fcfd68395ec64694b313aeb158388f982948e,gx-no-cache=1774356676114 HTTP/1.1" 200 30
179.57.78.71 - - [24/Mar/2026:09:46:52 -0300] "POST /cormun/servlet/solicitudot?gx-no-cache=1774356676139 HTTP/1.1" 200 30
179.57.78.71 - - [24/Mar/2026:09:46:52 -0300] "POST /cormun/servlet/solicitudot?gx-no-cache=1774356676162 HTTP/1.1" 200 1481
179.57.78.71 - - [24/Mar/2026:09:46:52 -0300] "POST /cormun/servlet/solicitudot?gx-no-cache=1774356676197 HTTP/1.1" 200 41
179.57.78.71 - - [24/Mar/2026:09:46:52 -0300] "GET /cormun/servlet/solicitudot?9a64160b014378e0cb4fef6b8e832f2985280732ef1a3bf023da1dcef2c2ee9e04af993648d8aa10f612021c9990f71011825ef93420bfde63c102d7bbc52f2cd0a4587102348f5c5a43013244129588756cb2e993c7f5cadb2b7fa83b914ff9599ce1e63ddc07e62888ae0d028da5eb,gx-no-cache=1774356676215 HTTP/1.1" 200 110
179.57.78.71 - - [24/Mar/2026:09:46:52 -0300] "POST /cormun/servlet/solicitudot?gx-no-cache=1774356676239 HTTP/1.1" 200 97
179.57.78.71 - - [24/Mar/2026:09:46:52 -0300] "GET /cormun/servlet/solicitudot?9a64160b014378e0cb4fef6b8e832f2975f8449b2d8199a25cf2385516941edda2958171b329b19d36c0293f01118161,gx-no-cache=1774356676274 HTTP/1.1" 200 30
179.57.78.71 - - [24/Mar/2026:09:46:52 -0300] "POST /cormun/servlet/solicitudot?gx-no-cache=1774356676296 HTTP/1.1" 200 30
179.57.78.71 - - [24/Mar/2026:09:46:53 -0300] "POST /cormun/servlet/solicitudot?00052d18b6afd3338d7ab5cdafdfc0ca,INS,0,0,false,,gx-no-cache=1774356676326 HTTP/1.1" 200 93
179.57.78.71 - - [24/Mar/2026:09:46:53 -0300] "GET /cormun/servlet/hpexe_return? HTTP/1.1" 200 1004
179.57.78.71 - - [24/Mar/2026:09:46:53 -0300] "GET /cormun/servlet/trsolicitudot HTTP/1.1" 200 8909
179.57.78.71 - - [24/Mar/2026:09:46:53 -0300] "GET /cormun//static/Resources/PXToolsActionView.png HTTP/1.1" 200 398
179.57.78.71 - - [24/Mar/2026:09:46:53 -0300] "GET /cormun//static/Resources/PXToolsGridUpdate.png HTTP/1.1" 200 470
179.57.78.71 - - [24/Mar/2026:09:46:53 -0300] "GET /cormun//static/Resources/PXToolsGridDelete.png HTTP/1.1" 200 538
179.57.78.71 - - [24/Mar/2026:09:46:53 -0300] "GET /cormun//static/Resources/PXToolsRemoveAllAction.png HTTP/1.1" 200 487
192.168.10.19 - - [24/Mar/2026:09:46:55 -0300] "POST /cormun/servlet/trsolicitudgral?f9e3e1485bea2511c795a11bdbeba306,,gx-no-cache=1774356702310 HTTP/1.1" 200 5262
192.168.10.19 - - [24/Mar/2026:09:46:58 -0300] "POST /cormun/servlet/trsolicitudgral?f9e3e1485bea2511c795a11bdbeba306,,gx-no-cache=1774356705380 HTTP/1.1" 200 12999
200.126.117.15 - - [24/Mar/2026:09:47:02 -0300] "GET /cormun/servlet/hlogin HTTP/1.1" 200 1717
200.126.117.15 - - [24/Mar/2026:09:47:09 -0300] "POST /cormun/servlet/hlogin?a4d27c1f3786f6cc0b0e47609260c3ac,gx-no-cache=1774356691437 HTTP/1.1" 200 90
200.126.117.15 - - [24/Mar/2026:09:47:09 -0300] "GET /cormun/servlet/hpexe_link HTTP/1.1" 200 959
200.126.117.15 - - [24/Mar/2026:09:47:10 -0300] "GET /cormun/servlet/prfichaempleado?,MD, HTTP/1.1" 200 9282
200.126.117.15 - - [24/Mar/2026:09:47:18 -0300] "GET /cormun/servlet/hpexe_link HTTP/1.1" 200 959
200.126.117.15 - - [24/Mar/2026:09:47:18 -0300] "GET /cormun/servlet/prfichaempleado?,MD, HTTP/1.1" 200 9282
200.126.117.15 - - [24/Mar/2026:09:47:19 -0300] "GET /cormun/servlet/hlogin HTTP/1.1" 200 1717
179.57.78.71 - - [24/Mar/2026:09:47:26 -0300] "POST /cormun/servlet/trsolicitudot?00052d18b6afd3338d7ab5cdafdfc0ca,gx-no-cache=1774356709884 HTTP/1.1" 200 4861
179.57.78.71 - - [24/Mar/2026:09:47:26 -0300] "GET /cormun/static/Shared/jqueryui/images/ui-bg_flat_55_fafafa_40x100.png HTTP/1.1" 404 1097
179.57.78.71 - - [24/Mar/2026:09:47:26 -0300] "GET /cormun/static/Shared/jqueryui/images/ui-icons_8d78a5_256x240.png HTTP/1.1" 404 1089
179.57.78.71 - - [24/Mar/2026:09:47:26 -0300] "POST /cormun/servlet/trsolicitudot?00052d18b6afd3338d7ab5cdafdfc0ca,gx-no-cache=1774356710021 HTTP/1.1" 200 4611
179.57.78.55 - - [24/Mar/2026:09:47:55 -0300] "POST /cormun/servlet/hlogin?90dae27458df74666e72f2497bdd6aa8,gx-no-cache=1774356737307 HTTP/1.1" 200 90
179.57.78.55 - - [24/Mar/2026:09:47:55 -0300] "GET /cormun/servlet/hpexe_link HTTP/1.1" 200 951
179.57.78.55 - - [24/Mar/2026:09:47:55 -0300] "GET /cormun/servlet/hhome HTTP/1.1" 200 4256
179.57.78.55 - - [24/Mar/2026:09:47:58 -0300] "GET /cormun/servlet/trautorizarsolicitud? HTTP/1.1" 200 8773
179.57.78.55 - - [24/Mar/2026:09:47:58 -0300] "GET /cormun/static/gxcfg.js?202211298474254 HTTP/1.1" 200 953
179.57.78.55 - - [24/Mar/2026:09:47:58 -0300] "GET /cormun/static/trautorizarsolicitud.js?202211298474588 HTTP/1.1" 200 53909
179.57.78.55 - - [24/Mar/2026:09:48:02 -0300] "POST /cormun/servlet/trautorizarsolicitud?90dae27458df74666e72f2497bdd6aa8,,gx-no-cache=1774356744222 HTTP/1.1" 200 4780
179.57.78.55 - - [24/Mar/2026:09:48:02 -0300] "POST /cormun/servlet/trautorizarsolicitud?90dae27458df74666e72f2497bdd6aa8,,gx-no-cache=1774356744346 HTTP/1.1" 200 4533
179.57.78.55 - - [24/Mar/2026:09:48:15 -0300] "GET /cormun/servlet/hlogin HTTP/1.1" 200 1745
179.57.78.55 - - [24/Mar/2026:09:48:23 -0300] "POST /cormun/servlet/hlogin?90dae27458df74666e72f2497bdd6aa8,gx-no-cache=1774356765290 HTTP/1.1" 200 90
179.57.78.55 - - [24/Mar/2026:09:48:23 -0300] "GET /cormun/servlet/hpexe_link HTTP/1.1" 200 951
179.57.78.55 - - [24/Mar/2026:09:48:23 -0300] "GET /cormun/servlet/hhome HTTP/1.1" 200 3979
179.57.78.55 - - [24/Mar/2026:09:48:27 -0300] "GET /cormun/servlet/trpermisosgoce? HTTP/1.1" 200 13793
200.126.117.15 - - [24/Mar/2026:09:49:47 -0300] "GET /cormun/servlet/trsolicitudot? HTTP/1.1" 200 6329
200.126.117.15 - - [24/Mar/2026:09:49:47 -0300] "GET /cormun/static/gxcfg.js?20221129846531 HTTP/1.1" 200 953
200.126.117.15 - - [24/Mar/2026:09:49:47 -0300] "GET /cormun/static/trsolicitudot.js?202211298465651 HTTP/1.1" 200 54040
200.126.117.15 - - [24/Mar/2026:09:49:47 -0300] "GET /cormun/servlet/hlogin HTTP/1.1" 200 1738
200.126.117.15 - - [24/Mar/2026:09:49:50 -0300] "POST /cormun/servlet/hlogin?f0b93184a0358ef67eefc119021a5663,gx-no-cache=1774356852106 HTTP/1.1" 200 90
200.126.117.15 - - [24/Mar/2026:09:49:50 -0300] "GET /cormun/servlet/hpexe_link HTTP/1.1" 200 956
200.126.117.15 - - [24/Mar/2026:09:49:50 -0300] "GET /cormun/servlet/trsolicitudot HTTP/1.1" 200 7365
200.126.117.15 - - [24/Mar/2026:09:49:53 -0300] "GET /cormun/servlet/solicitudot?INS,0,0,false, HTTP/1.1" 200 16320
200.126.117.15 - - [24/Mar/2026:09:49:53 -0300] "GET /cormun/static/Resources/prompt.gif HTTP/1.1" 200 902
200.126.117.15 - - [24/Mar/2026:09:49:53 -0300] "GET /cormun/static/gxcfg.js?20221129840861 HTTP/1.1" 200 953
200.126.117.15 - - [24/Mar/2026:09:49:53 -0300] "GET /cormun/static/solicitudot.js?20221129840983 HTTP/1.1" 200 74072
200.126.117.15 - - [24/Mar/2026:09:49:58 -0300] "GET /cormun/static/Resources/resize.gif HTTP/1.1" 200 77
200.126.117.15 - - [24/Mar/2026:09:49:58 -0300] "GET /cormun/static/Resources/PXTools/ClosePrompt.png HTTP/1.1" 200 1036
200.126.117.15 - - [24/Mar/2026:09:49:59 -0300] "GET /cormun/servlet/prfichaempleado?,MD,,gxPopupLevel%3D0%3B HTTP/1.1" 200 9291
200.126.117.15 - - [24/Mar/2026:09:49:59 -0300] "GET /cormun/static/Resources/PXToolsMenuSearch.png HTTP/1.1" 200 336
200.126.117.15 - - [24/Mar/2026:09:49:59 -0300] "GET /cormun/static/prfichaempleado.js?20201215572193 HTTP/1.1" 200 16005
200.126.117.15 - - [24/Mar/2026:09:49:59 -0300] "GET /cormun/static/gxcfg.js?20201215571085 HTTP/1.1" 200 953
200.126.117.15 - - [24/Mar/2026:09:49:59 -0300] "GET /cormun/static/menusearch.js?20201214473581 HTTP/1.1" 200 1424
200.126.117.15 - - [24/Mar/2026:09:49:59 -0300] "GET /cormun/static/Resources/PXToolsMenuSearchCancel.png HTTP/1.1" 200 306
200.126.117.15 - - [24/Mar/2026:09:49:59 -0300] "GET /cormun/static/hmpwkw011.js?202211298443482 HTTP/1.1" 200 1968
200.126.117.15 - - [24/Mar/2026:09:50:15 -0300] "POST /cormun/servlet/prfichaempleado?f0b93184a0358ef67eefc119021a5663,,MD,,gxPopupLevel%3D0%3B,gx-no-cache=1774356877612 HTTP/1.1" 200 3173
200.126.117.15 - - [24/Mar/2026:09:50:17 -0300] "POST /cormun/servlet/prfichaempleado?f0b93184a0358ef67eefc119021a5663,,MD,,gxPopupLevel%3D0%3B,gx-no-cache=1774356879574 HTTP/1.1" 200 3173
200.126.117.15 - - [24/Mar/2026:09:50:27 -0300] "POST /cormun/servlet/prfichaempleado?f0b93184a0358ef67eefc119021a5663,,MD,,gxPopupLevel%3D0%3B,gx-no-cache=1774356888838 HTTP/1.1" 200 3169
192.168.10.19 - - [24/Mar/2026:09:52:40 -0300] "POST /cormun/servlet/trsolicitudgral?f9e3e1485bea2511c795a11bdbeba306,,gx-no-cache=1774357046814 HTTP/1.1" 200 5262
192.168.10.19 - - [24/Mar/2026:09:52:43 -0300] "POST /cormun/servlet/trsolicitudgral?f9e3e1485bea2511c795a11bdbeba306,,gx-no-cache=1774357050307 HTTP/1.1" 200 5261
200.126.117.15 - - [24/Mar/2026:09:57:29 -0300] "POST /cormun/servlet/solicitudot?gx-no-cache=1774357311165 HTTP/1.1" 200 4096
200.126.117.15 - - [24/Mar/2026:09:57:29 -0300] "GET /cormun/static/Shared/jqueryui/images/ui-bg_highlight-soft_100_c6c2c8_1x100.png HTTP/1.1" 404 1117
