200.126.117.15 - - [18/Mar/2026:07:55:32 -0300] "GET /cormun/static/hpexe_messagecontroller.js?202211298371222 HTTP/1.1" 200 870
200.126.117.15 - - [18/Mar/2026:07:55:32 -0300] "GET /cormun/static/hpexe_messagepopupcomponent.js?2020121447232 HTTP/1.1" 200 605
200.126.117.15 - - [18/Mar/2026:07:55:32 -0300] "GET /cormun/static/hpexe_messagegenexuscomponent.js?20221129836373 HTTP/1.1" 200 587
200.126.117.15 - - [18/Mar/2026:07:55:32 -0300] "GET /cormun/static/cmcontrolpreferences.js?20199141926336 HTTP/1.1" 200 1375
200.126.117.15 - - [18/Mar/2026:07:55:32 -0300] "GET /cormun/static/gxui/gxui-all.js HTTP/1.1" 200 107772
200.126.117.15 - - [18/Mar/2026:07:55:32 -0300] "GET /cormun/static/Shared/jquery/jquery-1.10.2.min.js HTTP/1.1" 200 273199
200.126.117.15 - - [18/Mar/2026:07:55:32 -0300] "GET /cormun/static/Shared/jquery/jquery-1.4.2.min.js HTTP/1.1" 200 72174
200.126.117.15 - - [18/Mar/2026:07:55:32 -0300] "GET /cormun/static/Shared/jqueryui/jquery-ui.min.js HTTP/1.1" 200 240427
200.126.117.15 - - [18/Mar/2026:07:55:32 -0300] "GET /cormun/static/SmoothNavMenu/resources/ddsmoothmenu.js HTTP/1.1" 200 12712
200.126.117.15 - - [18/Mar/2026:07:55:32 -0300] "GET /cormun/static/SmoothNavMenu/resources/SmoothNavMenuRender.js HTTP/1.1" 200 5951
200.126.117.15 - - [18/Mar/2026:07:55:33 -0300] "GET /cormun/static/Resources/PXToolsDataTitle.png HTTP/1.1" 200 1173
200.126.117.15 - - [18/Mar/2026:07:55:33 -0300] "GET /cormun/static/scaMessage/js/jquery.pnotify.min.js HTTP/1.1" 200 13038
200.126.117.15 - - [18/Mar/2026:07:55:33 -0300] "GET /cormun/static/Shared/ext/ext-all.js HTTP/1.1" 200 1289687
200.126.117.15 - - [18/Mar/2026:07:55:33 -0300] "GET /cormun/static/scaMessage/scaMessageRender.js HTTP/1.1" 200 11977
200.126.117.15 - - [18/Mar/2026:07:55:33 -0300] "GET /cormun/static/hmpwkw03.js?20221129844354 HTTP/1.1" 200 3971
200.126.117.15 - - [18/Mar/2026:07:55:45 -0300] "GET /cormun/static/SmoothNavMenu/resources/images/down.gif HTTP/1.1" 200 854
200.126.117.15 - - [18/Mar/2026:07:55:45 -0300] "GET /cormun/static/SmoothNavMenu/resources/images/right.gif HTTP/1.1" 200 860
200.126.117.15 - - [18/Mar/2026:07:55:48 -0300] "GET /cormun/servlet/trlicencias? HTTP/1.1" 200 9014
200.126.117.15 - - [18/Mar/2026:07:55:51 -0300] "GET /cormun/static/gxui/gxui-all.css?120300 HTTP/1.1" 200 2179
200.126.117.15 - - [18/Mar/2026:07:55:51 -0300] "GET /cormun/static/calendar-setup.js?85251 HTTP/1.1" 200 2588
200.126.117.15 - - [18/Mar/2026:07:55:51 -0300] "GET /cormun/static/gxcfg.js?202211298463625 HTTP/1.1" 200 953
200.126.117.15 - - [18/Mar/2026:07:55:51 -0300] "GET /cormun/static/calendar-system.css?85620 HTTP/1.1" 200 5572
200.126.117.15 - - [18/Mar/2026:07:55:51 -0300] "GET /cormun/static/calendar.js?85251 HTTP/1.1" 200 26246
200.126.117.15 - - [18/Mar/2026:07:55:51 -0300] "GET /cormun/static/Shared/ext/resources/css/ext-all.css?215870 HTTP/1.1" 200 416045
200.126.117.15 - - [18/Mar/2026:07:55:55 -0300] "GET /cormun/static/calendar-es.js?85251 HTTP/1.1" 200 1901
200.126.117.15 - - [18/Mar/2026:07:55:55 -0300] "GET /cormun/static/Resources/PXTools/calendar.png HTTP/1.1" 200 1306
200.126.117.15 - - [18/Mar/2026:07:55:55 -0300] "GET /cormun/static/gxdec.js?85251 HTTP/1.1" 200 19579
200.126.117.15 - - [18/Mar/2026:07:55:55 -0300] "GET /cormun/static/trlicencias.js?202211298463889 HTTP/1.1" 200 41883
200.126.117.15 - - [18/Mar/2026:07:55:55 -0300] "GET /cormun/static/Resources/PXToolsDataSearch.png HTTP/1.1" 200 435
200.126.117.15 - - [18/Mar/2026:07:55:55 -0300] "GET /cormun/static/Resources/PXToolsGridNextDisabled.gif HTTP/1.1" 200 90
200.126.117.15 - - [18/Mar/2026:07:55:55 -0300] "GET /cormun/static/Resources/PXToolsActionExcel.png HTTP/1.1" 200 727
200.126.117.15 - - [18/Mar/2026:07:55:55 -0300] "GET /cormun/static/Resources/PXToolsGridPage.gif HTTP/1.1" 200 725
200.126.117.15 - - [18/Mar/2026:07:55:55 -0300] "GET /cormun/static/Resources/PXToolsGridLastDisabled.gif HTTP/1.1" 200 98
200.126.117.15 - - [18/Mar/2026:07:55:55 -0300] "GET /cormun/static/Resources/PXToolsGridPreviousDisabled.gif HTTP/1.1" 200 90
200.126.117.15 - - [18/Mar/2026:07:55:55 -0300] "GET /cormun/static/Resources/PXToolsGridFirstDisabled.gif HTTP/1.1" 200 100
200.126.117.15 - - [18/Mar/2026:07:55:55 -0300] "GET /cormun/static/Resources/PXToolsAddAllAction.png HTTP/1.1" 200 495
200.126.117.15 - - [18/Mar/2026:07:55:55 -0300] "GET /cormun//static/Resources/PXToolsGridDisplay.png HTTP/1.1" 200 525
200.126.117.15 - - [18/Mar/2026:07:55:55 -0300] "GET /cormun/static/Resources/desc.gif HTTP/1.1" 200 65
200.126.117.15 - - [18/Mar/2026:07:55:55 -0300] "GET /cormun//static/Resources/PXToolsActionDisabled.gif HTTP/1.1" 200 53
200.126.117.15 - - [18/Mar/2026:07:55:55 -0300] "GET /cormun/static/Resources/asc.gif HTTP/1.1" 200 67
200.126.117.15 - - [18/Mar/2026:07:55:55 -0300] "GET /cormun//static/Resources/PXTools/ActionInsert.png HTTP/1.1" 200 1482
200.126.117.15 - - [18/Mar/2026:07:55:55 -0300] "GET /cormun//static/Resources/PXToolsActionPrint.png HTTP/1.1" 200 404
200.126.117.15 - - [18/Mar/2026:07:55:55 -0300] "GET /cormun//static/Resources/PXToolsHeaderHelp.png HTTP/1.1" 200 1333
200.126.117.15 - - [18/Mar/2026:07:55:55 -0300] "GET /cormun//static/Resources/PXToolsHeaderFavorites.png HTTP/1.1" 200 1414
200.126.117.15 - - [18/Mar/2026:07:55:55 -0300] "GET /cormun/static/SmoothNavMenu/resources/images/down.gif HTTP/1.1" 200 854
200.126.117.15 - - [18/Mar/2026:07:55:55 -0300] "GET /cormun/static/SmoothNavMenu/resources/images/right.gif HTTP/1.1" 200 860
200.126.117.15 - - [18/Mar/2026:07:55:55 -0300] "GET /cormun/static/Shared/ext/resources/themes/images/default/tools/tool-sprites.gif HTTP/1.1" 200 5434
200.126.117.15 - - [18/Mar/2026:07:55:55 -0300] "GET /cormun/static/Shared/ext/resources/themes/images/default/panel/bg-headersPanel.png HTTP/1.1" 200 255
167.94.138.38 - - [18/Mar/2026:08:00:25 -0300] "GET / HTTP/1.1" 200 11217
167.94.138.38 - - [18/Mar/2026:08:00:28 -0300] "PRI * HTTP/2.0" 505 -
167.94.138.38 - - [18/Mar/2026:08:00:43 -0300] "GET /favicon.ico HTTP/1.1" 200 21630
200.126.116.145 - - [18/Mar/2026:08:01:31 -0300] "GET /cormun/servlet/trreportecargahoraria? HTTP/1.1" 200 6904
200.126.116.145 - - [18/Mar/2026:08:01:31 -0300] "GET /cormun/static/gxcfg.js?202211298504121 HTTP/1.1" 200 953
200.126.116.145 - - [18/Mar/2026:08:01:31 -0300] "GET /cormun/static/trreportecargahoraria.js?20221129850435 HTTP/1.1" 200 29376
200.126.116.145 - - [18/Mar/2026:08:01:35 -0300] "GET /cormun/servlet/trcontratosolicitud? HTTP/1.1" 200 14770
200.126.116.145 - - [18/Mar/2026:08:01:36 -0300] "GET /cormun/static/gxcfg.js?202211298514361 HTTP/1.1" 200 953
200.126.116.145 - - [18/Mar/2026:08:01:36 -0300] "GET /cormun/static/trcontratosolicitud.js?202211298514531 HTTP/1.1" 200 28237
167.94.138.38 - - [18/Mar/2026:08:02:31 -0300] "GET /wiki HTTP/1.1" 404 969
14.224.225.242 - - [18/Mar/2026:08:03:53 -0300] "POST /HNAP1/ HTTP/1.0" 404 973
14.224.225.242 - - [18/Mar/2026:08:03:54 -0300] "POST /HNAP1/ HTTP/1.0" 404 973
190.95.1.185 - - [18/Mar/2026:08:05:28 -0300] "GET /cormun/servlet/hlogin HTTP/1.1" 200 1724
190.95.1.185 - - [18/Mar/2026:08:05:31 -0300] "POST /cormun/servlet/hlogin?7e0fcbbd9df852ee83edc2bc0e714621,gx-no-cache=1773832203100 HTTP/1.1" 200 90
190.95.1.185 - - [18/Mar/2026:08:05:31 -0300] "GET /cormun/servlet/hpexe_link HTTP/1.1" 200 958
190.95.1.185 - - [18/Mar/2026:08:05:31 -0300] "GET /cormun/servlet/trlicencias HTTP/1.1" 200 9417
190.95.1.185 - - [18/Mar/2026:08:05:37 -0300] "GET /cormun/servlet/trcontratosolicitud? HTTP/1.1" 200 15074
190.95.15.27 - - [18/Mar/2026:08:05:41 -0300] "GET /cormun/servlet/hlogin HTTP/1.1" 200 1725
190.95.15.27 - - [18/Mar/2026:08:05:48 -0300] "POST /cormun/servlet/hlogin?f6b3fb39c8a72363c65b883d4cc6df00,gx-no-cache=1773832218958 HTTP/1.1" 200 90
190.95.15.27 - - [18/Mar/2026:08:05:48 -0300] "GET /cormun/servlet/hpexe_link HTTP/1.1" 200 956
190.95.15.27 - - [18/Mar/2026:08:05:48 -0300] "GET /cormun/servlet/hhome HTTP/1.1" 200 3952
190.95.15.27 - - [18/Mar/2026:08:05:52 -0300] "GET /cormun/servlet/trlicencias? HTTP/1.1" 200 9059
190.95.15.13 - - [18/Mar/2026:08:06:05 -0300] "GET /cormun/servlet/hlogin HTTP/1.1" 200 1720
190.95.15.13 - - [18/Mar/2026:08:06:15 -0300] "POST /cormun/servlet/hlogin?b03115a5d6dc81aabf3fae0d8769774c,gx-no-cache=1773832244746 HTTP/1.1" 200 90
190.95.15.13 - - [18/Mar/2026:08:06:15 -0300] "GET /cormun/servlet/hpexe_link HTTP/1.1" 200 936
190.95.15.13 - - [18/Mar/2026:08:06:15 -0300] "GET /cormun/servlet/hhome HTTP/1.1" 200 4267
190.95.15.13 - - [18/Mar/2026:08:06:18 -0300] "GET /cormun/servlet/trlicencias? HTTP/1.1" 200 13739
201.186.225.183 - - [18/Mar/2026:08:06:31 -0300] "GET /cormun/servlet/trlicencias? HTTP/1.1" 200 6044
201.186.225.183 - - [18/Mar/2026:08:06:32 -0300] "GET /cormun/servlet/hlogin HTTP/1.1" 200 1732
201.186.225.183 - - [18/Mar/2026:08:06:35 -0300] "POST /cormun/servlet/hlogin?1f55fbe938318b43bdcd3774bd5bf0ea,gx-no-cache=1773832267143 HTTP/1.1" 200 90
201.186.225.183 - - [18/Mar/2026:08:06:35 -0300] "GET /cormun/servlet/hpexe_link HTTP/1.1" 200 950
201.186.225.183 - - [18/Mar/2026:08:06:36 -0300] "GET /cormun/servlet/trlicencias HTTP/1.1" 200 10679
190.95.15.13 - - [18/Mar/2026:08:06:39 -0300] "GET /cormun/servlet/hlogin HTTP/1.1" 200 1723
201.186.225.183 - - [18/Mar/2026:08:08:19 -0300] "GET /cormun/servlet/trpermisosgoce? HTTP/1.1" 200 8235
201.186.225.183 - - [18/Mar/2026:08:08:44 -0300] "GET /cormun/servlet/permisogoce?INS,0,,, HTTP/1.1" 200 6825
201.186.225.183 - - [18/Mar/2026:08:08:44 -0300] "GET /cormun/static/gxcfg.js?20201215124560 HTTP/1.1" 200 953
201.186.225.183 - - [18/Mar/2026:08:08:44 -0300] "GET /cormun/static/permisogoce.js?20201215124939 HTTP/1.1" 200 27790
201.186.225.183 - - [18/Mar/2026:08:08:51 -0300] "GET /cormun/servlet/permisogoce?50e7e0ad8341f7551099bc1ff09379d3620bf2dab0349471ac4933d7a4ebccab3427d2d94ef53279fb733756274df705931bf6988a7dd7ea0f3c3f3e00297260,gx-no-cache=1773832402492 HTTP/1.1" 200 81
201.186.225.183 - - [18/Mar/2026:08:08:58 -0300] "GET /cormun/servlet/permisogoce?50e7e0ad8341f7551099bc1ff09379d3fa209e246a8e8cbaa68eb023c11bff9f5707adbe12f862599d8bccf21dfe3196852bb47611f1e51d3c590aaabe304554,gx-no-cache=1773832409540 HTTP/1.1" 200 44
201.186.225.183 - - [18/Mar/2026:08:09:01 -0300] "POST /cormun/servlet/permisogoce?1f55fbe938318b43bdcd3774bd5bf0ea,INS,0,,,,gx-no-cache=1773832411811 HTTP/1.1" 200 93
201.186.225.183 - - [18/Mar/2026:08:09:01 -0300] "GET /cormun/servlet/hpexe_return? HTTP/1.1" 200 1005
201.186.225.183 - - [18/Mar/2026:08:09:02 -0300] "GET /cormun/servlet/trpermisosgoce HTTP/1.1" 200 8523
201.186.225.183 - - [18/Mar/2026:08:09:06 -0300] "GET /cormun/servlet/apermisogoceprn?20916630,P,20260318081343,PU HTTP/1.1" 200 1656
179.57.78.9 - - [18/Mar/2026:08:09:15 -0300] "GET /cormun/servlet/hlogin HTTP/1.1" 200 1719
179.57.78.9 - - [18/Mar/2026:08:09:15 -0300] "GET /cormun/static/gxcfg.js?2022112219184450 HTTP/1.1" 304 -
179.57.78.9 - - [18/Mar/2026:08:09:15 -0300] "GET /cormun/static/Resources/Spanish/PXTools.css?1759030 HTTP/1.1" 304 -
179.57.78.9 - - [18/Mar/2026:08:09:15 -0300] "GET /cormun/static/messages.spa.js?85251 HTTP/1.1" 304 -
179.57.78.9 - - [18/Mar/2026:08:09:15 -0300] "GET /cormun/static/Resources/CormunLogin.png HTTP/1.1" 304 -
179.57.78.9 - - [18/Mar/2026:08:09:15 -0300] "GET /cormun/static/hlogin.js?2022112219184458 HTTP/1.1" 304 -
179.57.78.9 - - [18/Mar/2026:08:09:15 -0300] "GET /cormun/static/Resources/PXToolsLoginBackground.png HTTP/1.1" 304 -
179.57.78.9 - - [18/Mar/2026:08:09:15 -0300] "GET /cormun/static/Resources/PXToolsLoginTop.png HTTP/1.1" 304 -
179.57.78.9 - - [18/Mar/2026:08:09:15 -0300] "GET /cormun/static/Resources/PXToolsButtonLeft.png HTTP/1.1" 304 -
179.57.78.9 - - [18/Mar/2026:08:09:15 -0300] "GET /cormun/static/Resources/PXToolsButtonRight.png HTTP/1.1" 304 -
179.57.78.9 - - [18/Mar/2026:08:09:15 -0300] "GET /cormun/static/Resources/PXToolsButtonBackground.png HTTP/1.1" 304 -
179.57.78.9 - - [18/Mar/2026:08:09:15 -0300] "GET /cormun/static/Resources/PXToolsLoginBottom.png HTTP/1.1" 304 -
179.57.78.9 - - [18/Mar/2026:08:09:15 -0300] "GET /cormun/static/Resources/indicator.gif HTTP/1.1" 304 -
179.57.78.9 - - [18/Mar/2026:08:09:15 -0300] "GET /cormun/servlet/hlogin HTTP/1.1" 200 1729
179.57.78.9 - - [18/Mar/2026:08:09:17 -0300] "POST /cormun/servlet/hlogin?435fbb2cebb1de4208e82103f1c891ac,gx-no-cache=1773832428299 HTTP/1.1" 200 90
179.57.78.9 - - [18/Mar/2026:08:09:17 -0300] "GET /cormun/servlet/hpexe_link HTTP/1.1" 200 950
179.57.78.9 - - [18/Mar/2026:08:09:17 -0300] "GET /cormun/static/gxcfg.js?20221129847421 HTTP/1.1" 304 -
179.57.78.9 - - [18/Mar/2026:08:09:17 -0300] "GET /cormun/static/Resources/Spanish/PXTools.css?8354383 HTTP/1.1" 304 -
179.57.78.9 - - [18/Mar/2026:08:09:17 -0300] "GET /cormun/static/hpexe_link.js?20221129847423 HTTP/1.1" 304 -
179.57.78.9 - - [18/Mar/2026:08:09:17 -0300] "GET /cormun/servlet/hhome HTTP/1.1" 200 4348
179.57.78.9 - - [18/Mar/2026:08:09:17 -0300] "GET /cormun/static/Resources/Spanish/PXTools.css?14345360 HTTP/1.1" 304 -
179.57.78.9 - - [18/Mar/2026:08:09:17 -0300] "GET /cormun/static/gxcfg.js?20201215495537 HTTP/1.1" 304 -
179.57.78.9 - - [18/Mar/2026:08:09:17 -0300] "GET /cormun/static/Resources/CormunMP2.png HTTP/1.1" 304 -
179.57.78.9 - - [18/Mar/2026:08:09:17 -0300] "GET /cormun/static/Resources/ImgHome.png HTTP/1.1" 304 -
179.57.78.9 - - [18/Mar/2026:08:09:17 -0300] "GET /cormun/static/Resources/Llave.png HTTP/1.1" 304 -
179.57.78.9 - - [18/Mar/2026:08:09:17 -0300] "GET /cormun/static/Resources/ImgLogin.png HTTP/1.1" 304 -
179.57.78.9 - - [18/Mar/2026:08:09:17 -0300] "GET /cormun/static/hhome.js?20201215495544 HTTP/1.1" 304 -
179.57.78.9 - - [18/Mar/2026:08:09:17 -0300] "GET /cormun/static/hwchdr01.js?2022112219251119 HTTP/1.1" 304 -
179.57.78.9 - - [18/Mar/2026:08:09:17 -0300] "GET /cormun/static/hpexe_recentlink.js?20201214471090 HTTP/1.1" 304 -
179.57.78.9 - - [18/Mar/2026:08:09:17 -0300] "GET /cormun/static/hpexe_scripts.js?20201214471411 HTTP/1.1" 304 -
179.57.78.9 - - [18/Mar/2026:08:09:17 -0300] "GET /cormun/static/hpexe_messagecontroller.js?202211298371222 HTTP/1.1" 304 -
179.57.78.9 - - [18/Mar/2026:08:09:17 -0300] "GET /cormun/static/hpexe_messagepopupcomponent.js?2020121447232 HTTP/1.1" 304 -
179.57.78.9 - - [18/Mar/2026:08:09:17 -0300] "GET /cormun/static/hpexe_messagegenexuscomponent.js?20221129836373 HTTP/1.1" 304 -
179.57.78.9 - - [18/Mar/2026:08:09:17 -0300] "GET /cormun/static/cmcontrolpreferences.js?20199141926336 HTTP/1.1" 304 -
179.57.78.9 - - [18/Mar/2026:08:09:17 -0300] "GET /cormun/static/Resources/PXToolsDataTitle.png HTTP/1.1" 304 -
179.57.78.9 - - [18/Mar/2026:08:09:17 -0300] "GET /cormun/static/hmpwkw03.js?20221129844354 HTTP/1.1" 304 -
201.186.225.183 - - [18/Mar/2026:08:09:18 -0300] "GET /cormun/servlet/permisogoce?INS,0,,, HTTP/1.1" 200 6825
179.57.78.9 - - [18/Mar/2026:08:09:22 -0300] "GET /cormun/servlet/trsolicitudot? HTTP/1.1" 200 10158
179.57.78.9 - - [18/Mar/2026:08:09:22 -0300] "GET /cormun/static/Resources/PXTools/calendar.png HTTP/1.1" 304 -
179.57.78.9 - - [18/Mar/2026:08:09:22 -0300] "GET /cormun/static/Resources/PXToolsDataSearch.png HTTP/1.1" 304 -
179.57.78.9 - - [18/Mar/2026:08:09:22 -0300] "GET /cormun/static/Resources/PXToolsGridFirstDisabled.gif HTTP/1.1" 304 -
179.57.78.9 - - [18/Mar/2026:08:09:22 -0300] "GET /cormun/static/Resources/PXToolsGridPreviousDisabled.gif HTTP/1.1" 304 -
179.57.78.9 - - [18/Mar/2026:08:09:22 -0300] "GET /cormun/static/Resources/PXToolsGridPage.gif HTTP/1.1" 304 -
179.57.78.9 - - [18/Mar/2026:08:09:22 -0300] "GET /cormun/static/Resources/PXToolsActionExcel.png HTTP/1.1" 304 -
179.57.78.9 - - [18/Mar/2026:08:09:22 -0300] "GET /cormun/static/Resources/PXToolsGridLastDisabled.gif HTTP/1.1" 304 -
179.57.78.9 - - [18/Mar/2026:08:09:22 -0300] "GET /cormun/static/Resources/PXToolsGridNextDisabled.gif HTTP/1.1" 304 -
179.57.78.9 - - [18/Mar/2026:08:09:22 -0300] "GET /cormun/static/Resources/PXToolsAddAllAction.png HTTP/1.1" 304 -
179.57.78.9 - - [18/Mar/2026:08:09:22 -0300] "GET /cormun/static/Resources/desc.gif HTTP/1.1" 304 -
179.57.78.9 - - [18/Mar/2026:08:09:22 -0300] "GET /cormun/static/Resources/asc.gif HTTP/1.1" 304 -
179.57.78.9 - - [18/Mar/2026:08:09:22 -0300] "GET /cormun//static/Resources/PXTools/ActionInsert.png HTTP/1.1" 304 -
201.186.225.183 - - [18/Mar/2026:08:09:29 -0300] "GET /cormun/servlet/permisogoce?50e7e0ad8341f7551099bc1ff09379d3669130d5369aef0adf971a00546554063427d2d94ef53279fb733756274df705931bf6988a7dd7ea0f3c3f3e00297260,gx-no-cache=1773832440565 HTTP/1.1" 200 80
201.186.225.183 - - [18/Mar/2026:08:09:36 -0300] "GET /cormun/servlet/permisogoce?50e7e0ad8341f7551099bc1ff09379d3c13f39d0443ed7c59e845e321dd412cfab8c5d5b397e12a30c6de580c41f90ff852bb47611f1e51d3c590aaabe304554,gx-no-cache=1773832448108 HTTP/1.1" 200 46
201.186.225.183 - - [18/Mar/2026:08:09:38 -0300] "POST /cormun/servlet/permisogoce?1f55fbe938318b43bdcd3774bd5bf0ea,INS,0,,,,gx-no-cache=1773832449572 HTTP/1.1" 200 93
201.186.225.183 - - [18/Mar/2026:08:09:38 -0300] "GET /cormun/servlet/hpexe_return? HTTP/1.1" 200 1005
201.186.225.183 - - [18/Mar/2026:08:09:38 -0300] "GET /cormun/servlet/trpermisosgoce HTTP/1.1" 200 8753
201.186.225.183 - - [18/Mar/2026:08:10:19 -0300] "GET /cormun/servlet/apermisogoceprn?11366289,P,20260318081418,PU HTTP/1.1" 200 1650
201.186.225.183 - - [18/Mar/2026:08:10:31 -0300] "GET /cormun/servlet/permisogoce?INS,0,,, HTTP/1.1" 200 6824
201.186.225.183 - - [18/Mar/2026:08:10:46 -0300] "GET /cormun/servlet/permisogoce?50e7e0ad8341f7551099bc1ff09379d373c3984e276d18e850601cede3b576b53427d2d94ef53279fb733756274df705931bf6988a7dd7ea0f3c3f3e00297260,gx-no-cache=1773832517853 HTTP/1.1" 200 75
201.186.225.183 - - [18/Mar/2026:08:10:55 -0300] "GET /cormun/servlet/permisogoce?50e7e0ad8341f7551099bc1ff09379d39c795be2c81f458e743f886b8e3f382f7eb1cb2f1accb5113db25241e9ec2e7c852bb47611f1e51d3c590aaabe304554,gx-no-cache=1773832527045 HTTP/1.1" 200 46
201.186.225.183 - - [18/Mar/2026:08:10:57 -0300] "POST /cormun/servlet/permisogoce?1f55fbe938318b43bdcd3774bd5bf0ea,INS,0,,,,gx-no-cache=1773832528163 HTTP/1.1" 200 93
201.186.225.183 - - [18/Mar/2026:08:10:57 -0300] "GET /cormun/servlet/hpexe_return? HTTP/1.1" 200 1005
201.186.225.183 - - [18/Mar/2026:08:10:57 -0300] "GET /cormun/servlet/trpermisosgoce HTTP/1.1" 200 8969
190.95.1.185 - - [18/Mar/2026:08:11:02 -0300] "GET /cormun/servlet/hlogin HTTP/1.1" 200 1723
190.95.1.185 - - [18/Mar/2026:08:11:04 -0300] "POST /cormun/servlet/hlogin?2097dfecbac1f6c3a17d98697b236650,gx-no-cache=1773832535494 HTTP/1.1" 200 90
190.95.1.185 - - [18/Mar/2026:08:11:04 -0300] "GET /cormun/servlet/hpexe_link HTTP/1.1" 200 953
190.95.1.185 - - [18/Mar/2026:08:11:04 -0300] "GET /cormun/servlet/hhome HTTP/1.1" 200 4486
190.95.1.185 - - [18/Mar/2026:08:11:06 -0300] "GET /cormun/servlet/trlicencias? HTTP/1.1" 200 9418
201.186.225.183 - - [18/Mar/2026:08:11:09 -0300] "GET /cormun/servlet/apermisogoceprn?17137412,P,20260318081530,PU HTTP/1.1" 200 1647
201.186.225.183 - - [18/Mar/2026:08:11:20 -0300] "GET /cormun/servlet/permisogoce?INS,0,,, HTTP/1.1" 200 6825
179.57.78.9 - - [18/Mar/2026:08:11:23 -0300] "GET /cormun/servlet/solicitudot?INS,0,0,false, HTTP/1.1" 200 16335
10.40.40.2 - - [18/Mar/2026:08:11:30 -0300] "POST /cormun/servlet/trlicenciasgenerales?35488f27b5034cbf88861986dbcbfff7,gx-no-cache=1773832534400 HTTP/1.1" 440 972
10.40.40.2 - - [18/Mar/2026:08:11:32 -0300] "GET /cormun/servlet/trlicenciasgenerales HTTP/1.1" 200 9214
10.40.40.2 - - [18/Mar/2026:08:11:32 -0300] "GET /cormun/servlet/hlogin HTTP/1.1" 200 1739
201.186.225.183 - - [18/Mar/2026:08:11:33 -0300] "GET /cormun/servlet/permisogoce?50e7e0ad8341f7551099bc1ff09379d384aa00817ea4f06169b23fc42ef0e2093427d2d94ef53279fb733756274df705931bf6988a7dd7ea0f3c3f3e00297260,gx-no-cache=1773832565188 HTTP/1.1" 200 82
10.40.40.2 - - [18/Mar/2026:08:11:34 -0300] "POST /cormun/servlet/hlogin?f9b4f0c7a67df67f9ea885d9b6e070ce,gx-no-cache=1773832538349 HTTP/1.1" 200 90
10.40.40.2 - - [18/Mar/2026:08:11:34 -0300] "GET /cormun/servlet/hpexe_link HTTP/1.1" 200 957
10.40.40.2 - - [18/Mar/2026:08:11:34 -0300] "GET /cormun/static/gxcfg.js?20221129847421 HTTP/1.1" 304 -
10.40.40.2 - - [18/Mar/2026:08:11:34 -0300] "GET /cormun/static/hpexe_link.js?20221129847423 HTTP/1.1" 304 -
10.40.40.2 - - [18/Mar/2026:08:11:34 -0300] "GET /cormun/servlet/trlicenciasgenerales HTTP/1.1" 200 9358
10.40.40.2 - - [18/Mar/2026:08:11:45 -0300] "POST /cormun/servlet/trlicenciasgenerales?f9b4f0c7a67df67f9ea885d9b6e070ce,gx-no-cache=1773832549046 HTTP/1.1" 200 13103
10.40.40.2 - - [18/Mar/2026:08:12:05 -0300] "POST /cormun/servlet/trlicenciasgenerales?f9b4f0c7a67df67f9ea885d9b6e070ce,gx-no-cache=1773832569254 HTTP/1.1" 200 8145
201.186.225.183 - - [18/Mar/2026:08:12:50 -0300] "GET /cormun/servlet/permisogoce?50e7e0ad8341f7551099bc1ff09379d30dd2f9ddb72e2e5b94f269db0d81fae643beda603d644fc402dc5ea16321edf4525f3b15f35a8f90fb269f0ce56c9eac,gx-no-cache=1773832641804 HTTP/1.1" 200 47
201.186.225.183 - - [18/Mar/2026:08:12:52 -0300] "POST /cormun/servlet/permisogoce?1f55fbe938318b43bdcd3774bd5bf0ea,INS,0,,,,gx-no-cache=1773832643003 HTTP/1.1" 200 93
201.186.225.183 - - [18/Mar/2026:08:12:52 -0300] "GET /cormun/servlet/hpexe_return? HTTP/1.1" 200 1005
201.186.225.183 - - [18/Mar/2026:08:12:52 -0300] "GET /cormun/servlet/trpermisosgoce HTTP/1.1" 200 9164
201.186.225.183 - - [18/Mar/2026:08:13:00 -0300] "GET /cormun/servlet/apermisogoceprn?18040659,P,20260318081620,PU HTTP/1.1" 200 1647
201.186.225.183 - - [18/Mar/2026:08:13:10 -0300] "GET /cormun/servlet/permisogoce?INS,0,,, HTTP/1.1" 200 6825
190.95.15.15 - - [18/Mar/2026:08:13:15 -0300] "GET /cormun/servlet/hlogin HTTP/1.1" 200 1724
179.57.78.9 - - [18/Mar/2026:08:13:37 -0300] "POST /cormun/servlet/solicitudot?gx-no-cache=1773832688365 HTTP/1.1" 200 4158
179.57.78.9 - - [18/Mar/2026:08:13:38 -0300] "POST /cormun/servlet/solicitudot?435fbb2cebb1de4208e82103f1c891ac,INS,0,0,false,,gx-no-cache=1773832688491 HTTP/1.1" 200 13026
179.57.78.9 - - [18/Mar/2026:08:13:42 -0300] "GET /cormun/servlet/solicitudot?01d2e67ea991be566d7cadcf6bd7806ec8304bd928c3592048f11b73603fa60fb0a2326919cd3f8dc9ba4538bf8f0203,gx-no-cache=1773832693436 HTTP/1.1" 200 30
179.57.78.9 - - [18/Mar/2026:08:13:42 -0300] "GET /cormun/servlet/solicitudot?01d2e67ea991be566d7cadcf6bd7806ea13545a27f037576d11ff2e2ca564cdd52eb530b58ef66750ce597afc2f313d69262da09e3cfbcd120d112757539c3b3,gx-no-cache=1773832693459 HTTP/1.1" 200 30
179.57.78.9 - - [18/Mar/2026:08:13:42 -0300] "GET /cormun/servlet/solicitudot?01d2e67ea991be566d7cadcf6bd7806e8d7c4ee21f61cf1a65899fe4d5a9f170,gx-no-cache=1773832693478 HTTP/1.1" 200 53
179.57.78.9 - - [18/Mar/2026:08:13:42 -0300] "POST /cormun/servlet/solicitudot?gx-no-cache=1773832693500 HTTP/1.1" 200 255
179.57.78.9 - - [18/Mar/2026:08:13:42 -0300] "GET /cormun/servlet/solicitudot?01d2e67ea991be566d7cadcf6bd7806e718e21b16550dbe057b1ebc95bb2f72bc950461ed53dd22d7cdc4824533df03891f01cf98e7a2b00a59f82d7dca2d70b0542048f2fce75a9b050731d892650b43679b05340b669baee0a83b098a86ba40b3560f2bdc0f90f68dffa971b7616601bc3b9f61bd47098c1e677fc3d496e5e537117a4eaae07556aebffb8f1559c0cc55c796229ad5f32b3b0e0a4f18d5d3fb0771d6645d6aa49f7cf30986970fa8c590fea39c5ec25a1986552debca6aa8b1aa6489860034c53c0b9c46853171bab0e8fa79e6e0d0c9859f3f4493a68e83de3b060b306411b6a2295e274fe64934349e3f51bee5023218117eb53b6f7920d884adbd3adb788f53b1f7e59bd1297095cbf9778ceffe9b60d8f4e9ef910459c033bb9fa377e142de17eff7c89ef575583d10c2cdef49277a3652b6f409dfcba40b21bf1790a042f03cb6d6236831f70d5108592f1d592c12c7f00dd921772b55aefa7cd2c42ebc431c95e096daaf640b2266531b9f58cb00816e4b6d6069d2b,gx-no-cache=1773832693523 HTTP/1.1" 200 30
179.57.78.9 - - [18/Mar/2026:08:13:44 -0300] "POST /cormun/servlet/solicitudot?gx-no-cache=1773832695217 HTTP/1.1" 200 30
179.57.78.9 - - [18/Mar/2026:08:13:46 -0300] "POST /cormun/servlet/solicitudot?gx-no-cache=1773832697158 HTTP/1.1" 200 1481
179.57.78.9 - - [18/Mar/2026:08:13:46 -0300] "POST /cormun/servlet/solicitudot?gx-no-cache=1773832697200 HTTP/1.1" 200 38
179.57.78.9 - - [18/Mar/2026:08:13:46 -0300] "GET /cormun/servlet/solicitudot?01d2e67ea991be566d7cadcf6bd7806ef93b60f823fec183d00936b6f60e808577022cbb80a80535a1af46b94c40a1e746d7d1c9a584e1e539483824a3fb25341038f43a8208afea30de98b03074b388f52f8f4a70c01f154d88cf1f3a3e632c007651ab8368dadc6cb898f7b13c5d43,gx-no-cache=1773832697221 HTTP/1.1" 200 110
179.57.78.9 - - [18/Mar/2026:08:13:51 -0300] "POST /cormun/servlet/solicitudot?gx-no-cache=1773832701598 HTTP/1.1" 200 97
179.57.78.9 - - [18/Mar/2026:08:13:54 -0300] "GET /cormun/servlet/solicitudot?01d2e67ea991be566d7cadcf6bd7806e6e0d0853f14a224e56b8bfbf0df2b4aec3718b39731c796774f6336a088b4430fd86295415015652a99a9a57fda8d61c524aed11922599f939b2d6784b8b31a77e954eb966b4ae6dc6518f28d54e50f3520f526d2a6d04c817b6dff95fba7c2fd425c25d45cd47a4f01d140b274df1c41d0eb06428f716f9901d04e3724cc638cb77737a185bfc6fa6124c1f1b9bde34,gx-no-cache=1773832704930 HTTP/1.1" 200 29
179.57.78.9 - - [18/Mar/2026:08:13:54 -0300] "GET /cormun/static/menuarrow.gif HTTP/1.1" 404 1015
179.57.78.9 - - [18/Mar/2026:08:13:58 -0300] "GET /cormun/servlet/solicitudot?01d2e67ea991be566d7cadcf6bd7806ede5da5e4e00a0b3c04c38ef890fb11c0284e34bd44e5302099f846c1319214f7,gx-no-cache=1773832708913 HTTP/1.1" 200 30
179.57.78.9 - - [18/Mar/2026:08:14:06 -0300] "POST /cormun/servlet/solicitudot?gx-no-cache=1773832716777 HTTP/1.1" 200 30
179.57.78.9 - - [18/Mar/2026:08:14:09 -0300] "POST /cormun/servlet/solicitudot?435fbb2cebb1de4208e82103f1c891ac,INS,0,0,false,,gx-no-cache=1773832718915 HTTP/1.1" 200 93
179.57.78.9 - - [18/Mar/2026:08:14:09 -0300] "GET /cormun/servlet/hpexe_return? HTTP/1.1" 200 1008
179.57.78.9 - - [18/Mar/2026:08:14:09 -0300] "GET /cormun/servlet/trsolicitudot HTTP/1.1" 200 10596
179.57.78.9 - - [18/Mar/2026:08:14:16 -0300] "POST /cormun/servlet/trsolicitudot?435fbb2cebb1de4208e82103f1c891ac,gx-no-cache=1773832727196 HTTP/1.1" 200 107
179.57.78.9 - - [18/Mar/2026:08:14:16 -0300] "GET /cormun/servlet/trsolicitudadjuntos?2026,23306, HTTP/1.1" 200 6455
201.186.225.183 - - [18/Mar/2026:08:14:17 -0300] "GET /cormun/servlet/permisogoce?50e7e0ad8341f7551099bc1ff09379d3875fb7c6cb347ecdaa9cb4f56a7049863427d2d94ef53279fb733756274df705931bf6988a7dd7ea0f3c3f3e00297260,gx-no-cache=1773832728531 HTTP/1.1" 200 183
201.186.225.183 - - [18/Mar/2026:08:14:17 -0300] "GET /cormun/static/Shared/jqueryui/images/ui-bg_flat_55_994d53_40x100.png HTTP/1.1" 404 1097
201.186.225.183 - - [18/Mar/2026:08:14:17 -0300] "GET /cormun/static/Shared/jqueryui/images/ui-icons_ebccce_256x240.png HTTP/1.1" 404 1089
179.57.78.9 - - [18/Mar/2026:08:14:18 -0300] "GET /cormun/servlet/solicitudotadjuntos?INS,2026,23306,,1, HTTP/1.1" 200 6398
179.57.78.9 - - [18/Mar/2026:08:14:18 -0300] "GET /cormun/static/about:blank HTTP/1.1" 404 1011
179.57.78.9 - - [18/Mar/2026:08:14:19 -0300] "GET /cormun/servlet/solicitudotadjuntos?01d2e67ea991be566d7cadcf6bd7806ebc0cad915c897aa0a41055c50e9a38676eed4df3d458751bc41fb46858af7d16,gx-no-cache=1773832729792 HTTP/1.1" 200 30
179.57.78.9 - - [18/Mar/2026:08:14:19 -0300] "POST /cormun/servlet/solicitudotadjuntos?435fbb2cebb1de4208e82103f1c891ac,INS,2026,23306,,1,,gx-no-cache=1773832729806 HTTP/1.1" 200 4186
179.57.78.9 - - [18/Mar/2026:08:14:20 -0300] "POST /cormun/servlet/solicitudotadjuntos?gx-no-cache=1773832730976 HTTP/1.1" 200 26
201.186.225.183 - - [18/Mar/2026:08:14:37 -0300] "GET /cormun/servlet/permisogoce?50e7e0ad8341f7551099bc1ff09379d3226b0fb7afaab029691ac45439556e323427d2d94ef53279fb733756274df705931bf6988a7dd7ea0f3c3f3e00297260,gx-no-cache=1773832748729 HTTP/1.1" 200 83
179.57.78.9 - - [18/Mar/2026:08:14:40 -0300] "GET /cormun/servlet/solicitudotadjuntos?01d2e67ea991be566d7cadcf6bd7806ea3250fb9179d193033c3c7caee98bb2e,gx-no-cache=1773832751185 HTTP/1.1" 200 30
179.57.78.9 - - [18/Mar/2026:08:14:40 -0300] "GET /cormun/servlet/solicitudotadjuntos?01d2e67ea991be566d7cadcf6bd7806ea3250fb9179d193033c3c7caee98bb2e,gx-no-cache=1773832751206 HTTP/1.1" 200 30
179.57.78.9 - - [18/Mar/2026:08:14:40 -0300] "POST /cormun/servlet/solicitudotadjuntos?435fbb2cebb1de4208e82103f1c891ac,INS,2026,23306,,1, HTTP/1.1" 200 116
179.57.78.9 - - [18/Mar/2026:08:14:40 -0300] "GET /cormun/servlet/hpexe_return? HTTP/1.1" 200 1026
179.57.78.9 - - [18/Mar/2026:08:14:41 -0300] "GET /cormun/servlet/trsolicitudadjuntos?2026,23306, HTTP/1.1" 200 9703
201.186.225.183 - - [18/Mar/2026:08:14:45 -0300] "GET /cormun/servlet/permisogoce?50e7e0ad8341f7551099bc1ff09379d397d13584305adb44bd153b6e40447dd33d5ea4c8b2dd22c753e5c55338cd4dee852bb47611f1e51d3c590aaabe304554,gx-no-cache=1773832756428 HTTP/1.1" 200 47
201.186.225.183 - - [18/Mar/2026:08:14:46 -0300] "POST /cormun/servlet/permisogoce?1f55fbe938318b43bdcd3774bd5bf0ea,INS,0,,,,gx-no-cache=1773832757511 HTTP/1.1" 200 93
201.186.225.183 - - [18/Mar/2026:08:14:46 -0300] "GET /cormun/servlet/hpexe_return? HTTP/1.1" 200 1005
201.186.225.183 - - [18/Mar/2026:08:14:46 -0300] "GET /cormun/servlet/trpermisosgoce HTTP/1.1" 200 9412
201.186.225.183 - - [18/Mar/2026:08:14:49 -0300] "GET /cormun/servlet/apermisogoceprn?20027912,P,20260318081809,PU HTTP/1.1" 200 1651
201.186.225.183 - - [18/Mar/2026:08:15:00 -0300] "GET /cormun/servlet/permisogoce?INS,0,,, HTTP/1.1" 200 6825
179.57.78.9 - - [18/Mar/2026:08:15:07 -0300] "GET /cormun/servlet/solicitudotadjuntos?INS,2026,23306,,1, HTTP/1.1" 200 6399
179.57.78.9 - - [18/Mar/2026:08:15:07 -0300] "GET /cormun/static/about:blank HTTP/1.1" 404 1011
201.186.225.183 - - [18/Mar/2026:08:15:07 -0300] "GET /cormun/servlet/permisogoce?50e7e0ad8341f7551099bc1ff09379d31a6f883f97b6f2fa49840e982703d2c23427d2d94ef53279fb733756274df705931bf6988a7dd7ea0f3c3f3e00297260,gx-no-cache=1773832778812 HTTP/1.1" 200 75
179.57.78.9 - - [18/Mar/2026:08:15:07 -0300] "GET /cormun/servlet/solicitudotadjuntos?01d2e67ea991be566d7cadcf6bd7806ebc0cad915c897aa0a41055c50e9a38676eed4df3d458751bc41fb46858af7d16,gx-no-cache=1773832778139 HTTP/1.1" 200 30
179.57.78.9 - - [18/Mar/2026:08:15:07 -0300] "POST /cormun/servlet/solicitudotadjuntos?435fbb2cebb1de4208e82103f1c891ac,INS,2026,23306,,1,,gx-no-cache=1773832778153 HTTP/1.1" 200 4185
179.57.78.9 - - [18/Mar/2026:08:15:09 -0300] "POST /cormun/servlet/solicitudotadjuntos?gx-no-cache=1773832780153 HTTP/1.1" 200 26
179.57.78.9 - - [18/Mar/2026:08:15:14 -0300] "GET /cormun/servlet/solicitudotadjuntos?01d2e67ea991be566d7cadcf6bd7806ea3250fb9179d193033c3c7caee98bb2e,gx-no-cache=1773832784928 HTTP/1.1" 200 30
179.57.78.9 - - [18/Mar/2026:08:15:14 -0300] "GET /cormun/servlet/solicitudotadjuntos?01d2e67ea991be566d7cadcf6bd7806ea3250fb9179d193033c3c7caee98bb2e,gx-no-cache=1773832784940 HTTP/1.1" 200 30
179.57.78.9 - - [18/Mar/2026:08:15:14 -0300] "POST /cormun/servlet/solicitudotadjuntos?435fbb2cebb1de4208e82103f1c891ac,INS,2026,23306,,1, HTTP/1.1" 200 116
179.57.78.9 - - [18/Mar/2026:08:15:14 -0300] "GET /cormun/servlet/hpexe_return? HTTP/1.1" 200 1026
179.57.78.9 - - [18/Mar/2026:08:15:14 -0300] "GET /cormun/servlet/trsolicitudadjuntos?2026,23306, HTTP/1.1" 200 9956
179.57.78.9 - - [18/Mar/2026:08:15:16 -0300] "GET /cormun/servlet/solicitudotadjuntos?INS,2026,23306,,1, HTTP/1.1" 200 6399
179.57.78.9 - - [18/Mar/2026:08:15:16 -0300] "GET /cormun/static/about:blank HTTP/1.1" 404 1011
201.186.225.183 - - [18/Mar/2026:08:15:16 -0300] "GET /cormun/servlet/permisogoce?50e7e0ad8341f7551099bc1ff09379d30a153918511b4cbbf38935e975a92178a302bb495813b522c80f405dbcd3671c852bb47611f1e51d3c590aaabe304554,gx-no-cache=1773832787818 HTTP/1.1" 200 47
179.57.78.9 - - [18/Mar/2026:08:15:16 -0300] "GET /cormun/servlet/solicitudotadjuntos?01d2e67ea991be566d7cadcf6bd7806ebc0cad915c897aa0a41055c50e9a38676eed4df3d458751bc41fb46858af7d16,gx-no-cache=1773832787510 HTTP/1.1" 200 30
179.57.78.9 - - [18/Mar/2026:08:15:17 -0300] "POST /cormun/servlet/solicitudotadjuntos?435fbb2cebb1de4208e82103f1c891ac,INS,2026,23306,,1,,gx-no-cache=1773832787526 HTTP/1.1" 200 4185
201.186.225.183 - - [18/Mar/2026:08:15:17 -0300] "POST /cormun/servlet/permisogoce?1f55fbe938318b43bdcd3774bd5bf0ea,INS,0,,,,gx-no-cache=1773832788823 HTTP/1.1" 200 93
201.186.225.183 - - [18/Mar/2026:08:15:17 -0300] "GET /cormun/servlet/hpexe_return? HTTP/1.1" 200 1005
201.186.225.183 - - [18/Mar/2026:08:15:18 -0300] "GET /cormun/servlet/trpermisosgoce HTTP/1.1" 200 9618
179.57.78.9 - - [18/Mar/2026:08:15:18 -0300] "POST /cormun/servlet/solicitudotadjuntos?gx-no-cache=1773832789369 HTTP/1.1" 200 26
201.186.225.183 - - [18/Mar/2026:08:15:20 -0300] "GET /cormun/servlet/apermisogoceprn?20143359,P,20260318082000,PU HTTP/1.1" 200 1649
179.57.78.9 - - [18/Mar/2026:08:15:23 -0300] "GET /cormun/servlet/solicitudotadjuntos?01d2e67ea991be566d7cadcf6bd7806ea3250fb9179d193033c3c7caee98bb2e,gx-no-cache=1773832794032 HTTP/1.1" 200 30
179.57.78.9 - - [18/Mar/2026:08:15:23 -0300] "GET /cormun/servlet/solicitudotadjuntos?01d2e67ea991be566d7cadcf6bd7806ea3250fb9179d193033c3c7caee98bb2e,gx-no-cache=1773832794044 HTTP/1.1" 200 30
179.57.78.9 - - [18/Mar/2026:08:15:23 -0300] "POST /cormun/servlet/solicitudotadjuntos?435fbb2cebb1de4208e82103f1c891ac,INS,2026,23306,,1, HTTP/1.1" 200 116
179.57.78.9 - - [18/Mar/2026:08:15:23 -0300] "GET /cormun/servlet/hpexe_return? HTTP/1.1" 200 1026
179.57.78.9 - - [18/Mar/2026:08:15:23 -0300] "GET /cormun/servlet/trsolicitudadjuntos?2026,23306, HTTP/1.1" 200 10214
179.57.78.9 - - [18/Mar/2026:08:15:25 -0300] "GET /cormun/servlet/solicitudotadjuntos?INS,2026,23306,,1, HTTP/1.1" 200 6399
179.57.78.9 - - [18/Mar/2026:08:15:25 -0300] "GET /cormun/static/about:blank HTTP/1.1" 404 1011
179.57.78.9 - - [18/Mar/2026:08:15:26 -0300] "GET /cormun/servlet/solicitudotadjuntos?01d2e67ea991be566d7cadcf6bd7806ebc0cad915c897aa0a41055c50e9a38676eed4df3d458751bc41fb46858af7d16,gx-no-cache=1773832796910 HTTP/1.1" 200 30
179.57.78.9 - - [18/Mar/2026:08:15:26 -0300] "POST /cormun/servlet/solicitudotadjuntos?435fbb2cebb1de4208e82103f1c891ac,INS,2026,23306,,1,,gx-no-cache=1773832796921 HTTP/1.1" 200 4185
179.57.78.9 - - [18/Mar/2026:08:15:28 -0300] "POST /cormun/servlet/solicitudotadjuntos?gx-no-cache=1773832799057 HTTP/1.1" 200 26
201.186.225.183 - - [18/Mar/2026:08:15:31 -0300] "GET /cormun/servlet/permisogoce?INS,0,,, HTTP/1.1" 200 6825
179.57.78.9 - - [18/Mar/2026:08:15:32 -0300] "GET /cormun/servlet/solicitudotadjuntos?01d2e67ea991be566d7cadcf6bd7806ea3250fb9179d193033c3c7caee98bb2e,gx-no-cache=1773832803433 HTTP/1.1" 200 30
179.57.78.9 - - [18/Mar/2026:08:15:33 -0300] "GET /cormun/servlet/solicitudotadjuntos?01d2e67ea991be566d7cadcf6bd7806ea3250fb9179d193033c3c7caee98bb2e,gx-no-cache=1773832803715 HTTP/1.1" 200 30
179.57.78.9 - - [18/Mar/2026:08:15:33 -0300] "POST /cormun/servlet/solicitudotadjuntos?435fbb2cebb1de4208e82103f1c891ac,INS,2026,23306,,1, HTTP/1.1" 200 116
179.57.78.9 - - [18/Mar/2026:08:15:33 -0300] "GET /cormun/servlet/hpexe_return? HTTP/1.1" 200 1026
179.57.78.9 - - [18/Mar/2026:08:15:33 -0300] "GET /cormun/servlet/trsolicitudadjuntos?2026,23306, HTTP/1.1" 200 10542
179.57.78.9 - - [18/Mar/2026:08:15:35 -0300] "GET /cormun/servlet/solicitudotadjuntos?INS,2026,23306,,1, HTTP/1.1" 200 6399
179.57.78.9 - - [18/Mar/2026:08:15:35 -0300] "GET /cormun/static/about:blank HTTP/1.1" 404 1011
179.57.78.9 - - [18/Mar/2026:08:15:36 -0300] "GET /cormun/servlet/solicitudotadjuntos?01d2e67ea991be566d7cadcf6bd7806ebc0cad915c897aa0a41055c50e9a38676eed4df3d458751bc41fb46858af7d16,gx-no-cache=1773832806675 HTTP/1.1" 200 30
179.57.78.9 - - [18/Mar/2026:08:15:36 -0300] "POST /cormun/servlet/solicitudotadjuntos?435fbb2cebb1de4208e82103f1c891ac,INS,2026,23306,,1,,gx-no-cache=1773832806688 HTTP/1.1" 200 4185
179.57.78.9 - - [18/Mar/2026:08:15:40 -0300] "POST /cormun/servlet/solicitudotadjuntos?gx-no-cache=1773832810961 HTTP/1.1" 200 26
179.57.78.9 - - [18/Mar/2026:08:15:45 -0300] "GET /cormun/servlet/solicitudotadjuntos?01d2e67ea991be566d7cadcf6bd7806ea3250fb9179d193033c3c7caee98bb2e,gx-no-cache=1773832815576 HTTP/1.1" 200 30
179.57.78.9 - - [18/Mar/2026:08:15:45 -0300] "GET /cormun/servlet/solicitudotadjuntos?01d2e67ea991be566d7cadcf6bd7806ea3250fb9179d193033c3c7caee98bb2e,gx-no-cache=1773832815585 HTTP/1.1" 200 30
179.57.78.9 - - [18/Mar/2026:08:15:45 -0300] "POST /cormun/servlet/solicitudotadjuntos?435fbb2cebb1de4208e82103f1c891ac,INS,2026,23306,,1, HTTP/1.1" 200 6622
179.57.78.9 - - [18/Mar/2026:08:15:45 -0300] "GET /cormun/static/Shared/jqueryui/images/ui-bg_highlight-soft_100_c6c2c8_1x100.png HTTP/1.1" 404 1117
179.57.78.9 - - [18/Mar/2026:08:15:45 -0300] "GET /cormun/static/Shared/jqueryui/images/ui-icons_82798d_256x240.png HTTP/1.1" 404 1089
179.57.78.9 - - [18/Mar/2026:08:15:45 -0300] "GET /cormun/static/Shared/jqueryui/images/ui-bg_flat_55_994d53_40x100.png HTTP/1.1" 404 1097
179.57.78.9 - - [18/Mar/2026:08:15:45 -0300] "GET /cormun/static/Shared/jqueryui/images/ui-icons_ebccce_256x240.png HTTP/1.1" 404 1089
179.57.78.9 - - [18/Mar/2026:08:15:45 -0300] "GET /cormun/PrivateTempStorage/upload_00006848.pdf HTTP/1.1" 200 37066
201.186.225.183 - - [18/Mar/2026:08:15:45 -0300] "GET /cormun/servlet/permisogoce?50e7e0ad8341f7551099bc1ff09379d3142e0c95c0d8dc5436172213020ba9773427d2d94ef53279fb733756274df705931bf6988a7dd7ea0f3c3f3e00297260,gx-no-cache=1773832817018 HTTP/1.1" 200 78
179.57.78.9 - - [18/Mar/2026:08:15:50 -0300] "POST /cormun/servlet/solicitudotadjuntos?gx-no-cache=1773832820673 HTTP/1.1" 200 26
179.57.78.9 - - [18/Mar/2026:08:15:56 -0300] "GET /cormun/servlet/solicitudotadjuntos?01d2e67ea991be566d7cadcf6bd7806e81b956fc981e16e5aacb5d5ce3924c3ca18d227c0675cfeee3bd52091a646991,gx-no-cache=1773832826600 HTTP/1.1" 200 30
179.57.78.9 - - [18/Mar/2026:08:15:56 -0300] "GET /cormun/servlet/solicitudotadjuntos?01d2e67ea991be566d7cadcf6bd7806efd8c3000f1f9fe2b688f13c44ff21f7aa18d227c0675cfeee3bd52091a646991,gx-no-cache=1773832826618 HTTP/1.1" 200 30
201.186.225.183 - - [18/Mar/2026:08:15:56 -0300] "GET /cormun/servlet/permisogoce?50e7e0ad8341f7551099bc1ff09379d30932debd8c83d5196f42352fa3fbe5ae086bd2588c8d75b2fa9d4ba6a3ea9b62525f3b15f35a8f90fb269f0ce56c9eac,gx-no-cache=1773832827456 HTTP/1.1" 200 47
179.57.78.9 - - [18/Mar/2026:08:15:56 -0300] "POST /cormun/servlet/solicitudotadjuntos?435fbb2cebb1de4208e82103f1c891ac,INS,2026,23306,,1, HTTP/1.1" 200 116
179.57.78.9 - - [18/Mar/2026:08:15:56 -0300] "GET /cormun/servlet/hpexe_return? HTTP/1.1" 200 1026
179.57.78.9 - - [18/Mar/2026:08:15:56 -0300] "GET /cormun/servlet/trsolicitudadjuntos?2026,23306, HTTP/1.1" 200 10725
201.186.225.183 - - [18/Mar/2026:08:15:57 -0300] "POST /cormun/servlet/permisogoce?1f55fbe938318b43bdcd3774bd5bf0ea,INS,0,,,,gx-no-cache=1773832828559 HTTP/1.1" 200 93
201.186.225.183 - - [18/Mar/2026:08:15:57 -0300] "GET /cormun/servlet/hpexe_return? HTTP/1.1" 200 1005
201.186.225.183 - - [18/Mar/2026:08:15:57 -0300] "GET /cormun/servlet/trpermisosgoce HTTP/1.1" 200 9804
201.186.225.183 - - [18/Mar/2026:08:16:00 -0300] "GET /cormun/servlet/apermisogoceprn?19588811,P,20260318082031,PU HTTP/1.1" 200 1650
179.57.78.9 - - [18/Mar/2026:08:16:01 -0300] "GET /cormun/servlet/solicitudotadjuntos?INS,2026,23306,,1, HTTP/1.1" 200 6398
179.57.78.9 - - [18/Mar/2026:08:16:02 -0300] "GET /cormun/static/about:blank HTTP/1.1" 404 1011
179.57.78.9 - - [18/Mar/2026:08:16:02 -0300] "GET /cormun/servlet/solicitudotadjuntos?01d2e67ea991be566d7cadcf6bd7806ebc0cad915c897aa0a41055c50e9a38676eed4df3d458751bc41fb46858af7d16,gx-no-cache=1773832833078 HTTP/1.1" 200 30
179.57.78.9 - - [18/Mar/2026:08:16:02 -0300] "POST /cormun/servlet/solicitudotadjuntos?435fbb2cebb1de4208e82103f1c891ac,INS,2026,23306,,1,,gx-no-cache=1773832833094 HTTP/1.1" 200 4184
179.57.78.9 - - [18/Mar/2026:08:16:05 -0300] "POST /cormun/servlet/solicitudotadjuntos?gx-no-cache=1773832835617 HTTP/1.1" 200 26
201.186.225.183 - - [18/Mar/2026:08:16:08 -0300] "GET /cormun/servlet/permisogoce?INS,0,,, HTTP/1.1" 200 6825
179.57.78.9 - - [18/Mar/2026:08:16:09 -0300] "GET /cormun/servlet/solicitudotadjuntos?01d2e67ea991be566d7cadcf6bd7806ea3250fb9179d193033c3c7caee98bb2e,gx-no-cache=1773832839889 HTTP/1.1" 200 30
179.57.78.9 - - [18/Mar/2026:08:16:09 -0300] "GET /cormun/servlet/solicitudotadjuntos?01d2e67ea991be566d7cadcf6bd7806ea3250fb9179d193033c3c7caee98bb2e,gx-no-cache=1773832839903 HTTP/1.1" 200 30
179.57.78.9 - - [18/Mar/2026:08:16:09 -0300] "POST /cormun/servlet/solicitudotadjuntos?435fbb2cebb1de4208e82103f1c891ac,INS,2026,23306,,1, HTTP/1.1" 200 116
179.57.78.9 - - [18/Mar/2026:08:16:09 -0300] "GET /cormun/servlet/hpexe_return? HTTP/1.1" 200 1026
179.57.78.9 - - [18/Mar/2026:08:16:09 -0300] "GET /cormun/servlet/trsolicitudadjuntos?2026,23306, HTTP/1.1" 200 10896
179.57.78.9 - - [18/Mar/2026:08:16:11 -0300] "POST /cormun/servlet/trsolicitudadjuntos?435fbb2cebb1de4208e82103f1c891ac,2026,23306,,gx-no-cache=1773832841921 HTTP/1.1" 200 90
179.57.78.9 - - [18/Mar/2026:08:16:11 -0300] "GET /cormun/servlet/hpexe_link HTTP/1.1" 200 969
179.57.78.9 - - [18/Mar/2026:08:16:11 -0300] "GET /cormun/servlet/trsolicitudot HTTP/1.1" 200 10594
201.186.225.183 - - [18/Mar/2026:08:16:17 -0300] "GET /cormun/servlet/permisogoce?50e7e0ad8341f7551099bc1ff09379d3f6c816a8610a1dca772930afac83119d3427d2d94ef53279fb733756274df705931bf6988a7dd7ea0f3c3f3e00297260,gx-no-cache=1773832849097 HTTP/1.1" 200 80
179.57.78.9 - - [18/Mar/2026:08:16:25 -0300] "POST /cormun/servlet/trsolicitudot?435fbb2cebb1de4208e82103f1c891ac,gx-no-cache=1773832855507 HTTP/1.1" 200 7278
179.57.78.9 - - [18/Mar/2026:08:16:25 -0300] "GET /cormun/static/Shared/jqueryui/images/ui-icons_8d78a5_256x240.png HTTP/1.1" 404 1089
179.57.78.9 - - [18/Mar/2026:08:16:25 -0300] "GET /cormun/static/Shared/jqueryui/images/ui-bg_flat_55_fafafa_40x100.png HTTP/1.1" 404 1097
179.57.78.9 - - [18/Mar/2026:08:16:25 -0300] "POST /cormun/servlet/trsolicitudot?435fbb2cebb1de4208e82103f1c891ac,gx-no-cache=1773832855630 HTTP/1.1" 200 7221
179.57.78.9 - - [18/Mar/2026:08:16:26 -0300] "POST /cormun/servlet/trsolicitudot?435fbb2cebb1de4208e82103f1c891ac,gx-no-cache=1773832856648 HTTP/1.1" 200 6923
179.57.78.9 - - [18/Mar/2026:08:16:26 -0300] "POST /cormun/servlet/trsolicitudot?435fbb2cebb1de4208e82103f1c891ac,gx-no-cache=1773832856776 HTTP/1.1" 200 6865
201.186.225.183 - - [18/Mar/2026:08:16:27 -0300] "GET /cormun/servlet/permisogoce?50e7e0ad8341f7551099bc1ff09379d379844814d5788a0eea3ee87f86b1abe14a3c0c8f1e852af355f32e8049e14f02525f3b15f35a8f90fb269f0ce56c9eac,gx-no-cache=1773832858313 HTTP/1.1" 200 47
179.57.78.9 - - [18/Mar/2026:08:16:27 -0300] "POST /cormun/servlet/trsolicitudot?435fbb2cebb1de4208e82103f1c891ac,gx-no-cache=1773832857617 HTTP/1.1" 200 6493
179.57.78.9 - - [18/Mar/2026:08:16:27 -0300] "POST /cormun/servlet/trsolicitudot?435fbb2cebb1de4208e82103f1c891ac,gx-no-cache=1773832857748 HTTP/1.1" 200 6434
179.57.78.9 - - [18/Mar/2026:08:16:28 -0300] "POST /cormun/servlet/trsolicitudot?435fbb2cebb1de4208e82103f1c891ac,gx-no-cache=1773832858585 HTTP/1.1" 200 6072
201.186.225.183 - - [18/Mar/2026:08:16:28 -0300] "POST /cormun/servlet/permisogoce?1f55fbe938318b43bdcd3774bd5bf0ea,INS,0,,,,gx-no-cache=1773832859131 HTTP/1.1" 200 93
201.186.225.183 - - [18/Mar/2026:08:16:28 -0300] "GET /cormun/servlet/hpexe_return? HTTP/1.1" 200 1005
179.57.78.9 - - [18/Mar/2026:08:16:28 -0300] "POST /cormun/servlet/trsolicitudot?435fbb2cebb1de4208e82103f1c891ac,gx-no-cache=1773832858746 HTTP/1.1" 200 6016
201.186.225.183 - - [18/Mar/2026:08:16:28 -0300] "GET /cormun/servlet/trpermisosgoce HTTP/1.1" 200 10029
179.57.78.9 - - [18/Mar/2026:08:16:29 -0300] "POST /cormun/servlet/trsolicitudot?435fbb2cebb1de4208e82103f1c891ac,gx-no-cache=1773832859457 HTTP/1.1" 200 4851
179.57.78.9 - - [18/Mar/2026:08:16:29 -0300] "POST /cormun/servlet/trsolicitudot?435fbb2cebb1de4208e82103f1c891ac,gx-no-cache=1773832859576 HTTP/1.1" 200 4610
179.57.78.9 - - [18/Mar/2026:08:16:32 -0300] "GET /cormun/servlet/trautorizarsolicitud? HTTP/1.1" 200 10468
179.57.78.9 - - [18/Mar/2026:08:16:32 -0300] "GET /cormun/static/gxcfg.js?202211298474254 HTTP/1.1" 200 953
179.57.78.9 - - [18/Mar/2026:08:16:32 -0300] "GET /cormun/static/trautorizarsolicitud.js?202211298474588 HTTP/1.1" 200 53909
201.186.225.183 - - [18/Mar/2026:08:16:34 -0300] "GET /cormun/servlet/apermisogoceprn?14546010,P,20260318082108,PU HTTP/1.1" 200 1648
179.57.78.9 - - [18/Mar/2026:08:16:35 -0300] "POST /cormun/servlet/trautorizarsolicitud?435fbb2cebb1de4208e82103f1c891ac,,gx-no-cache=1773832865963 HTTP/1.1" 200 7203
179.57.78.9 - - [18/Mar/2026:08:16:35 -0300] "POST /cormun/servlet/trautorizarsolicitud?435fbb2cebb1de4208e82103f1c891ac,,gx-no-cache=1773832866084 HTTP/1.1" 200 7146
190.95.15.15 - - [18/Mar/2026:08:16:35 -0300] "POST /cormun/servlet/hlogin?93933edf932f27a913900be19022e3a2,gx-no-cache=1773832866449 HTTP/1.1" 200 90
190.95.15.15 - - [18/Mar/2026:08:16:35 -0300] "GET /cormun/servlet/hpexe_link HTTP/1.1" 200 952
190.95.15.15 - - [18/Mar/2026:08:16:35 -0300] "GET /cormun/servlet/hhome HTTP/1.1" 200 3992
179.57.78.9 - - [18/Mar/2026:08:16:36 -0300] "POST /cormun/servlet/trautorizarsolicitud?435fbb2cebb1de4208e82103f1c891ac,,gx-no-cache=1773832866640 HTTP/1.1" 200 6846
179.57.78.9 - - [18/Mar/2026:08:16:36 -0300] "POST /cormun/servlet/trautorizarsolicitud?435fbb2cebb1de4208e82103f1c891ac,,gx-no-cache=1773832866774 HTTP/1.1" 200 6791
179.57.78.9 - - [18/Mar/2026:08:16:36 -0300] "POST /cormun/servlet/trautorizarsolicitud?435fbb2cebb1de4208e82103f1c891ac,,gx-no-cache=1773832867361 HTTP/1.1" 200 6417
179.57.78.9 - - [18/Mar/2026:08:16:37 -0300] "POST /cormun/servlet/trautorizarsolicitud?435fbb2cebb1de4208e82103f1c891ac,,gx-no-cache=1773832867484 HTTP/1.1" 200 6362
179.57.78.9 - - [18/Mar/2026:08:16:37 -0300] "POST /cormun/servlet/trautorizarsolicitud?435fbb2cebb1de4208e82103f1c891ac,,gx-no-cache=1773832868056 HTTP/1.1" 200 5998
179.57.78.9 - - [18/Mar/2026:08:16:37 -0300] "POST /cormun/servlet/trautorizarsolicitud?435fbb2cebb1de4208e82103f1c891ac,,gx-no-cache=1773832868175 HTTP/1.1" 200 5944
190.95.15.15 - - [18/Mar/2026:08:16:38 -0300] "GET /cormun/servlet/trlicencias? HTTP/1.1" 200 10091
179.57.78.9 - - [18/Mar/2026:08:16:38 -0300] "POST /cormun/servlet/trautorizarsolicitud?435fbb2cebb1de4208e82103f1c891ac,,gx-no-cache=1773832868736 HTTP/1.1" 200 4780
179.57.78.9 - - [18/Mar/2026:08:16:38 -0300] "POST /cormun/servlet/trautorizarsolicitud?435fbb2cebb1de4208e82103f1c891ac,,gx-no-cache=1773832868826 HTTP/1.1" 200 4539
201.186.225.183 - - [18/Mar/2026:08:16:40 -0300] "GET /cormun/servlet/permisogoce?INS,0,,, HTTP/1.1" 200 6824
179.57.78.9 - - [18/Mar/2026:08:16:50 -0300] "GET /cormun/servlet/trsolicitudot? HTTP/1.1" 200 7567
179.57.78.9 - - [18/Mar/2026:08:16:54 -0300] "POST /cormun/servlet/trsolicitudot?435fbb2cebb1de4208e82103f1c891ac,,gx-no-cache=1773832884474 HTTP/1.1" 200 7670
179.57.78.9 - - [18/Mar/2026:08:17:01 -0300] "GET /cormun/servlet/vesolicitudot?2026,23306,, HTTP/1.1" 200 8718
179.57.78.9 - - [18/Mar/2026:08:17:01 -0300] "GET /cormun/pexe_scrolldiv.js HTTP/1.1" 404 1009
179.57.78.9 - - [18/Mar/2026:08:17:01 -0300] "GET /cormun/static/gxcfg.js?202211298465857 HTTP/1.1" 200 953
179.57.78.9 - - [18/Mar/2026:08:17:01 -0300] "GET /cormun/static/Resources/PXToolsTabFirstSelected.png HTTP/1.1" 200 1270
179.57.78.9 - - [18/Mar/2026:08:17:01 -0300] "GET /cormun/static/vesolicitudot.js?202211298465886 HTTP/1.1" 200 6091
179.57.78.9 - - [18/Mar/2026:08:17:01 -0300] "GET /cormun/static/hwcviewtabs.js?201991422154026 HTTP/1.1" 200 1074
179.57.78.9 - - [18/Mar/2026:08:17:01 -0300] "GET /cormun/static/hpexe_tabsview.js?2020121447381 HTTP/1.1" 200 1661
179.57.78.9 - - [18/Mar/2026:08:17:01 -0300] "GET /cormun/static/Resources/PXToolsTabLastUnselected.png HTTP/1.1" 200 1297
179.57.78.9 - - [18/Mar/2026:08:17:01 -0300] "GET /cormun/static/Resources/PXToolsTabPrevious.gif HTTP/1.1" 200 172
179.57.78.9 - - [18/Mar/2026:08:17:01 -0300] "GET /cormun/static/Resources/PXToolsTabNext.gif HTTP/1.1" 200 168
179.57.78.9 - - [18/Mar/2026:08:17:01 -0300] "GET /cormun/static/tbsolicitudot01.js?20201214462316 HTTP/1.1" 200 30566
179.57.78.9 - - [18/Mar/2026:08:17:01 -0300] "GET /cormun/static/calendar-system.css HTTP/1.1" 200 5572
179.57.78.9 - - [18/Mar/2026:08:17:01 -0300] "GET /cormun/static/Resources/PXToolsTabBackSelected.png HTTP/1.1" 200 1157
179.57.78.9 - - [18/Mar/2026:08:17:01 -0300] "GET /cormun/static/Resources/PXToolsTabBackUnselected.png HTTP/1.1" 200 1175
179.57.78.9 - - [18/Mar/2026:08:17:01 -0300] "GET /cormun/static/Resources/PXToolsTabUnselectedUnselected.png HTTP/1.1" 200 1470
179.57.78.9 - - [18/Mar/2026:08:17:01 -0300] "GET /cormun/static/Resources/PXToolsTabSelectedUnselected.png HTTP/1.1" 200 1451
201.186.225.183 - - [18/Mar/2026:08:17:15 -0300] "GET /cormun/servlet/permisogoce?50e7e0ad8341f7551099bc1ff09379d3f273d804b2f597deb25d7ff19809b58c3427d2d94ef53279fb733756274df705931bf6988a7dd7ea0f3c3f3e00297260,gx-no-cache=1773832906802 HTTP/1.1" 200 74
201.186.225.183 - - [18/Mar/2026:08:17:36 -0300] "GET /cormun/servlet/permisogoce?50e7e0ad8341f7551099bc1ff09379d39d2c23201f893832ea637c5bc3f7e55727d9d71dd80e6348210837abcc87a233852bb47611f1e51d3c590aaabe304554,gx-no-cache=1773832928233 HTTP/1.1" 200 47
201.186.225.183 - - [18/Mar/2026:08:17:38 -0300] "POST /cormun/servlet/permisogoce?1f55fbe938318b43bdcd3774bd5bf0ea,INS,0,,,,gx-no-cache=1773832929408 HTTP/1.1" 200 93
201.186.225.183 - - [18/Mar/2026:08:17:38 -0300] "GET /cormun/servlet/hpexe_return? HTTP/1.1" 200 1005
201.186.225.183 - - [18/Mar/2026:08:17:38 -0300] "GET /cormun/servlet/trpermisosgoce HTTP/1.1" 200 10314
201.186.225.183 - - [18/Mar/2026:08:17:47 -0300] "GET /cormun/servlet/apermisogoceprn?10204581,P,20260318082140,PU HTTP/1.1" 200 1645
179.57.78.9 - - [18/Mar/2026:08:20:02 -0300] "POST /cormun/servlet/vesolicitudot?435fbb2cebb1de4208e82103f1c891ac,2026,23306,,,gx-no-cache=1773833073116 HTTP/1.1" 200 90
179.57.78.9 - - [18/Mar/2026:08:20:02 -0300] "GET /cormun/servlet/hpexe_link HTTP/1.1" 200 967
179.57.78.9 - - [18/Mar/2026:08:20:02 -0300] "GET /cormun/servlet/trsolicitudot? HTTP/1.1" 200 10593
179.57.78.9 - - [18/Mar/2026:08:20:07 -0300] "GET /cormun/servlet/vesolicitudot?2026,23254,, HTTP/1.1" 200 8682
179.57.78.9 - - [18/Mar/2026:08:20:07 -0300] "GET /cormun/pexe_scrolldiv.js HTTP/1.1" 404 1009
