190.95.67.91 - - [12/Mar/2026:15:09:14 -0300] "POST /cormun/servlet/solicitudot?gx-no-cache=1773339234171 HTTP/1.1" 200 41
179.57.78.9 - - [12/Mar/2026:15:09:16 -0300] "POST /cormun/servlet/solicitudotadjuntos?gx-no-cache=1773339235608 HTTP/1.1" 200 26
190.95.67.91 - - [12/Mar/2026:15:09:35 -0300] "POST /cormun/servlet/solicitudot?gx-no-cache=1773339254721 HTTP/1.1" 200 30
190.95.67.91 - - [12/Mar/2026:15:09:35 -0300] "POST /cormun/servlet/solicitudot?gx-no-cache=1773339254744 HTTP/1.1" 200 1482
190.95.67.91 - - [12/Mar/2026:15:09:35 -0300] "POST /cormun/servlet/solicitudot?gx-no-cache=1773339254767 HTTP/1.1" 200 41
190.95.67.91 - - [12/Mar/2026:15:09:35 -0300] "GET /cormun/servlet/solicitudot?3a573b35a72c811a9e959431d3a3127d2135040930f4ba9d9d732348ad48539e9785cb9dd6435a15fed16d4b7aaff07b2f3b359078563ad1469c891e60506f24e810f3345adfa3d5789db975fb8ac608063a7cbb121ada625d1def5a3ac16b269ab629c75c2e0a63e8671be5dc0f372c,gx-no-cache=1773339254782 HTTP/1.1" 200 110
190.95.67.91 - - [12/Mar/2026:15:09:35 -0300] "POST /cormun/servlet/solicitudot?gx-no-cache=1773339254797 HTTP/1.1" 200 97
190.95.67.91 - - [12/Mar/2026:15:09:35 -0300] "GET /cormun/servlet/solicitudot?3a573b35a72c811a9e959431d3a3127dea77e39ad9017d395533befff7fde237cec013dfb090c358bd33ea3d7b117cd14ac9539c47e408305468797d2306a373af903cca12ee141fb336af4743c19cd4237b33aaadb57573d0ca4cfcb415a11466c95e56ff9d9c22207520a48fea164dfd4e6a499a20fe80f37d22e059ceb1e3b676678fa8946e7f2c2957a77c2efe29b8abbc1bfd4a848ffed5c1c03720ce8a7b97945a47868c6544d4b02570541b8d50620cf82198b561cfb35051a538ce0e1f47b6fea482f3c2bc900339893ebc3d,gx-no-cache=1773339254816 HTTP/1.1" 200 29
190.95.67.91 - - [12/Mar/2026:15:09:35 -0300] "GET /cormun/servlet/solicitudot?3a573b35a72c811a9e959431d3a3127d09c43fa7ab025307612bb3c0e3e66d89fc923be690d4e2e94842835b8bb1c3c0,gx-no-cache=1773339254831 HTTP/1.1" 200 30
190.95.67.91 - - [12/Mar/2026:15:09:35 -0300] "POST /cormun/servlet/solicitudot?gx-no-cache=1773339254845 HTTP/1.1" 200 30
190.95.67.91 - - [12/Mar/2026:15:09:35 -0300] "POST /cormun/servlet/solicitudot?5a9d398f7102e0c23ba88d63bb9f385c,UPD,2026,23258,false,,gx-no-cache=1773339254861 HTTP/1.1" 200 93
190.95.67.91 - - [12/Mar/2026:15:09:35 -0300] "GET /cormun/servlet/hpexe_return? HTTP/1.1" 200 1014
190.95.67.91 - - [12/Mar/2026:15:09:35 -0300] "GET /cormun/servlet/trsolicitudot HTTP/1.1" 200 8987
179.57.78.9 - - [12/Mar/2026:15:10:57 -0300] "POST /cormun/servlet/solicitudotadjuntos?2f5ae786e464f1965b05a90329a4bec5,INS,2026,23254,,1,,gx-no-cache=1773339336541 HTTP/1.1" 200 90
179.57.78.9 - - [12/Mar/2026:15:10:57 -0300] "GET /cormun/servlet/hpexe_link HTTP/1.1" 200 981
179.57.78.9 - - [12/Mar/2026:15:10:57 -0300] "GET /cormun/servlet/trsolicitudadjuntos?2026,23254, HTTP/1.1" 200 6457
179.57.78.9 - - [12/Mar/2026:15:11:00 -0300] "POST /cormun/servlet/trsolicitudadjuntos?2f5ae786e464f1965b05a90329a4bec5,2026,23254,,gx-no-cache=1773339339917 HTTP/1.1" 200 90
179.57.78.9 - - [12/Mar/2026:15:11:00 -0300] "GET /cormun/servlet/hpexe_link HTTP/1.1" 200 971
179.57.78.9 - - [12/Mar/2026:15:11:01 -0300] "GET /cormun/servlet/trsolicitudot HTTP/1.1" 200 10158
179.57.78.9 - - [12/Mar/2026:15:11:04 -0300] "POST /cormun/servlet/trsolicitudot?2f5ae786e464f1965b05a90329a4bec5,gx-no-cache=1773339343965 HTTP/1.1" 200 107
179.57.78.9 - - [12/Mar/2026:15:11:05 -0300] "GET /cormun/servlet/trsolicitudadjuntos?2026,23254, HTTP/1.1" 200 6456
179.57.78.9 - - [12/Mar/2026:15:11:06 -0300] "GET /cormun/servlet/solicitudotadjuntos?INS,2026,23254,,1, HTTP/1.1" 200 6399
179.57.78.9 - - [12/Mar/2026:15:11:06 -0300] "GET /cormun/static/about:blank HTTP/1.1" 404 1011
179.57.78.9 - - [12/Mar/2026:15:11:07 -0300] "GET /cormun/servlet/solicitudotadjuntos?f8dc5f9852e026f374ce0c141a9855c62f63ff913d7ca478a058a819dcfaf797d54dac305137f65670a23327fc49b388,gx-no-cache=1773339346307 HTTP/1.1" 200 30
179.57.78.9 - - [12/Mar/2026:15:11:07 -0300] "POST /cormun/servlet/solicitudotadjuntos?2f5ae786e464f1965b05a90329a4bec5,INS,2026,23254,,1,,gx-no-cache=1773339346320 HTTP/1.1" 200 4154
179.57.78.9 - - [12/Mar/2026:15:11:08 -0300] "POST /cormun/servlet/solicitudotadjuntos?gx-no-cache=1773339347436 HTTP/1.1" 200 26
190.95.67.91 - - [12/Mar/2026:15:11:19 -0300] "POST /cormun/servlet/trsolicitudot?5a9d398f7102e0c23ba88d63bb9f385c,gx-no-cache=1773339358572 HTTP/1.1" 200 4849
190.95.67.91 - - [12/Mar/2026:15:11:19 -0300] "GET /cormun/static/Shared/jqueryui/images/ui-icons_8d78a5_256x240.png HTTP/1.1" 404 1089
190.95.67.91 - - [12/Mar/2026:15:11:19 -0300] "GET /cormun/static/Shared/jqueryui/images/ui-icons_82798d_256x240.png HTTP/1.1" 404 1089
190.95.67.91 - - [12/Mar/2026:15:11:19 -0300] "GET /cormun/static/Shared/jqueryui/images/ui-bg_highlight-soft_100_c6c2c8_1x100.png HTTP/1.1" 404 1117
190.95.67.91 - - [12/Mar/2026:15:11:19 -0300] "GET /cormun/static/Shared/jqueryui/images/ui-bg_flat_55_fafafa_40x100.png HTTP/1.1" 404 1097
190.95.67.91 - - [12/Mar/2026:15:11:19 -0300] "POST /cormun/servlet/trsolicitudot?5a9d398f7102e0c23ba88d63bb9f385c,gx-no-cache=1773339358699 HTTP/1.1" 200 4615
179.57.78.9 - - [12/Mar/2026:15:11:20 -0300] "GET /cormun/servlet/solicitudotadjuntos?f8dc5f9852e026f374ce0c141a9855c6bd36433cd408bcdcb40483babbb6909f,gx-no-cache=1773339359172 HTTP/1.1" 200 30
179.57.78.9 - - [12/Mar/2026:15:11:20 -0300] "GET /cormun/servlet/solicitudotadjuntos?f8dc5f9852e026f374ce0c141a9855c6bd36433cd408bcdcb40483babbb6909f,gx-no-cache=1773339359185 HTTP/1.1" 200 30
179.57.78.9 - - [12/Mar/2026:15:11:20 -0300] "POST /cormun/servlet/solicitudotadjuntos?2f5ae786e464f1965b05a90329a4bec5,INS,2026,23254,,1, HTTP/1.1" 200 116
179.57.78.9 - - [12/Mar/2026:15:11:20 -0300] "GET /cormun/servlet/hpexe_return? HTTP/1.1" 200 1027
179.57.78.9 - - [12/Mar/2026:15:11:20 -0300] "GET /cormun/servlet/trsolicitudadjuntos?2026,23254, HTTP/1.1" 200 9687
179.57.78.9 - - [12/Mar/2026:15:11:22 -0300] "GET /cormun/servlet/solicitudotadjuntos?INS,2026,23254,,1, HTTP/1.1" 200 6399
179.57.78.9 - - [12/Mar/2026:15:11:22 -0300] "GET /cormun/static/about:blank HTTP/1.1" 404 1011
179.57.78.9 - - [12/Mar/2026:15:11:23 -0300] "GET /cormun/servlet/solicitudotadjuntos?f8dc5f9852e026f374ce0c141a9855c62f63ff913d7ca478a058a819dcfaf797d54dac305137f65670a23327fc49b388,gx-no-cache=1773339362384 HTTP/1.1" 200 30
179.57.78.9 - - [12/Mar/2026:15:11:23 -0300] "POST /cormun/servlet/solicitudotadjuntos?2f5ae786e464f1965b05a90329a4bec5,INS,2026,23254,,1,,gx-no-cache=1773339362397 HTTP/1.1" 200 4154
190.95.67.91 - - [12/Mar/2026:15:11:24 -0300] "GET /cormun/servlet/solicitudot?INS,0,0,false, HTTP/1.1" 200 16350
179.57.78.9 - - [12/Mar/2026:15:11:25 -0300] "POST /cormun/servlet/solicitudotadjuntos?gx-no-cache=1773339364500 HTTP/1.1" 200 26
190.95.67.91 - - [12/Mar/2026:15:11:32 -0300] "POST /cormun/servlet/solicitudot?gx-no-cache=1773339371592 HTTP/1.1" 200 4039
190.95.67.91 - - [12/Mar/2026:15:11:32 -0300] "POST /cormun/servlet/solicitudot?5a9d398f7102e0c23ba88d63bb9f385c,INS,0,0,false,,gx-no-cache=1773339371684 HTTP/1.1" 200 12901
179.57.78.9 - - [12/Mar/2026:15:11:34 -0300] "GET /cormun/servlet/solicitudotadjuntos?f8dc5f9852e026f374ce0c141a9855c6bd36433cd408bcdcb40483babbb6909f,gx-no-cache=1773339373324 HTTP/1.1" 200 30
179.57.78.9 - - [12/Mar/2026:15:11:34 -0300] "GET /cormun/servlet/solicitudotadjuntos?f8dc5f9852e026f374ce0c141a9855c6bd36433cd408bcdcb40483babbb6909f,gx-no-cache=1773339373337 HTTP/1.1" 200 30
179.57.78.9 - - [12/Mar/2026:15:11:35 -0300] "POST /cormun/servlet/solicitudotadjuntos?2f5ae786e464f1965b05a90329a4bec5,INS,2026,23254,,1, HTTP/1.1" 200 116
179.57.78.9 - - [12/Mar/2026:15:11:35 -0300] "GET /cormun/servlet/hpexe_return? HTTP/1.1" 200 1027
179.57.78.9 - - [12/Mar/2026:15:11:35 -0300] "GET /cormun/servlet/trsolicitudadjuntos?2026,23254, HTTP/1.1" 200 10010
190.95.67.91 - - [12/Mar/2026:15:11:36 -0300] "GET /cormun/servlet/solicitudot?3a573b35a72c811a9e959431d3a3127d9e493572be51a712f38cdce444e0208df80390e3a66f2c321fc5bbddd6f8c095,gx-no-cache=1773339375842 HTTP/1.1" 200 30
179.57.78.9 - - [12/Mar/2026:15:11:38 -0300] "GET /cormun/servlet/solicitudotadjuntos?INS,2026,23254,,1, HTTP/1.1" 200 6399
179.57.78.9 - - [12/Mar/2026:15:11:38 -0300] "GET /cormun/static/about:blank HTTP/1.1" 404 1011
179.57.78.9 - - [12/Mar/2026:15:11:38 -0300] "GET /cormun/servlet/solicitudotadjuntos?f8dc5f9852e026f374ce0c141a9855c62f63ff913d7ca478a058a819dcfaf797d54dac305137f65670a23327fc49b388,gx-no-cache=1773339377627 HTTP/1.1" 200 30
179.57.78.9 - - [12/Mar/2026:15:11:38 -0300] "POST /cormun/servlet/solicitudotadjuntos?2f5ae786e464f1965b05a90329a4bec5,INS,2026,23254,,1,,gx-no-cache=1773339377640 HTTP/1.1" 200 4154
179.57.78.9 - - [12/Mar/2026:15:11:41 -0300] "POST /cormun/servlet/solicitudotadjuntos?gx-no-cache=1773339380420 HTTP/1.1" 200 26
179.57.78.9 - - [12/Mar/2026:15:11:47 -0300] "GET /cormun/servlet/solicitudotadjuntos?f8dc5f9852e026f374ce0c141a9855c6bd36433cd408bcdcb40483babbb6909f,gx-no-cache=1773339386460 HTTP/1.1" 200 30
179.57.78.9 - - [12/Mar/2026:15:11:47 -0300] "GET /cormun/servlet/solicitudotadjuntos?f8dc5f9852e026f374ce0c141a9855c6bd36433cd408bcdcb40483babbb6909f,gx-no-cache=1773339386470 HTTP/1.1" 200 30
179.57.78.9 - - [12/Mar/2026:15:11:47 -0300] "POST /cormun/servlet/solicitudotadjuntos?2f5ae786e464f1965b05a90329a4bec5,INS,2026,23254,,1, HTTP/1.1" 200 116
179.57.78.9 - - [12/Mar/2026:15:11:47 -0300] "GET /cormun/servlet/hpexe_return? HTTP/1.1" 200 1027
179.57.78.9 - - [12/Mar/2026:15:11:47 -0300] "GET /cormun/servlet/trsolicitudadjuntos?2026,23254, HTTP/1.1" 200 10258
179.57.78.9 - - [12/Mar/2026:15:11:49 -0300] "GET /cormun/servlet/solicitudotadjuntos?INS,2026,23254,,1, HTTP/1.1" 200 6400
179.57.78.9 - - [12/Mar/2026:15:11:49 -0300] "GET /cormun/static/about:blank HTTP/1.1" 404 1011
179.57.78.9 - - [12/Mar/2026:15:11:50 -0300] "GET /cormun/servlet/solicitudotadjuntos?f8dc5f9852e026f374ce0c141a9855c62f63ff913d7ca478a058a819dcfaf797d54dac305137f65670a23327fc49b388,gx-no-cache=1773339389058 HTTP/1.1" 200 30
179.57.78.9 - - [12/Mar/2026:15:11:50 -0300] "POST /cormun/servlet/solicitudotadjuntos?2f5ae786e464f1965b05a90329a4bec5,INS,2026,23254,,1,,gx-no-cache=1773339389076 HTTP/1.1" 200 4155
179.57.78.9 - - [12/Mar/2026:15:11:53 -0300] "POST /cormun/servlet/solicitudotadjuntos?gx-no-cache=1773339392548 HTTP/1.1" 200 26
179.57.78.9 - - [12/Mar/2026:15:11:58 -0300] "GET /cormun/servlet/solicitudotadjuntos?f8dc5f9852e026f374ce0c141a9855c6bd36433cd408bcdcb40483babbb6909f,gx-no-cache=1773339397948 HTTP/1.1" 200 30
179.57.78.9 - - [12/Mar/2026:15:11:58 -0300] "GET /cormun/servlet/solicitudotadjuntos?f8dc5f9852e026f374ce0c141a9855c6bd36433cd408bcdcb40483babbb6909f,gx-no-cache=1773339397959 HTTP/1.1" 200 30
179.57.78.9 - - [12/Mar/2026:15:11:59 -0300] "POST /cormun/servlet/solicitudotadjuntos?2f5ae786e464f1965b05a90329a4bec5,INS,2026,23254,,1, HTTP/1.1" 200 116
179.57.78.9 - - [12/Mar/2026:15:11:59 -0300] "GET /cormun/servlet/hpexe_return? HTTP/1.1" 200 1027
179.57.78.9 - - [12/Mar/2026:15:11:59 -0300] "GET /cormun/servlet/trsolicitudadjuntos?2026,23254, HTTP/1.1" 200 10579
179.57.78.9 - - [12/Mar/2026:15:12:01 -0300] "GET /cormun/servlet/solicitudotadjuntos?INS,2026,23254,,1, HTTP/1.1" 200 6400
179.57.78.9 - - [12/Mar/2026:15:12:01 -0300] "GET /cormun/static/about:blank HTTP/1.1" 404 1011
179.57.78.9 - - [12/Mar/2026:15:12:01 -0300] "GET /cormun/servlet/solicitudotadjuntos?f8dc5f9852e026f374ce0c141a9855c62f63ff913d7ca478a058a819dcfaf797d54dac305137f65670a23327fc49b388,gx-no-cache=1773339400859 HTTP/1.1" 200 30
179.57.78.9 - - [12/Mar/2026:15:12:01 -0300] "POST /cormun/servlet/solicitudotadjuntos?2f5ae786e464f1965b05a90329a4bec5,INS,2026,23254,,1,,gx-no-cache=1773339400871 HTTP/1.1" 200 4155
179.57.78.9 - - [12/Mar/2026:15:12:04 -0300] "POST /cormun/servlet/solicitudotadjuntos?gx-no-cache=1773339403532 HTTP/1.1" 200 26
179.57.78.9 - - [12/Mar/2026:15:12:10 -0300] "GET /cormun/servlet/solicitudotadjuntos?f8dc5f9852e026f374ce0c141a9855c6bd36433cd408bcdcb40483babbb6909f,gx-no-cache=1773339409284 HTTP/1.1" 200 30
179.57.78.9 - - [12/Mar/2026:15:12:10 -0300] "GET /cormun/servlet/solicitudotadjuntos?f8dc5f9852e026f374ce0c141a9855c6bd36433cd408bcdcb40483babbb6909f,gx-no-cache=1773339409295 HTTP/1.1" 200 30
179.57.78.9 - - [12/Mar/2026:15:12:10 -0300] "POST /cormun/servlet/solicitudotadjuntos?2f5ae786e464f1965b05a90329a4bec5,INS,2026,23254,,1, HTTP/1.1" 200 116
179.57.78.9 - - [12/Mar/2026:15:12:10 -0300] "GET /cormun/servlet/hpexe_return? HTTP/1.1" 200 1027
179.57.78.9 - - [12/Mar/2026:15:12:10 -0300] "GET /cormun/servlet/trsolicitudadjuntos?2026,23254, HTTP/1.1" 200 10756
179.57.78.9 - - [12/Mar/2026:15:12:12 -0300] "GET /cormun/servlet/solicitudotadjuntos?INS,2026,23254,,1, HTTP/1.1" 200 6400
179.57.78.9 - - [12/Mar/2026:15:12:12 -0300] "GET /cormun/static/about:blank HTTP/1.1" 404 1011
179.57.78.9 - - [12/Mar/2026:15:12:13 -0300] "GET /cormun/servlet/solicitudotadjuntos?f8dc5f9852e026f374ce0c141a9855c62f63ff913d7ca478a058a819dcfaf797d54dac305137f65670a23327fc49b388,gx-no-cache=1773339412066 HTTP/1.1" 200 30
179.57.78.9 - - [12/Mar/2026:15:12:13 -0300] "POST /cormun/servlet/solicitudotadjuntos?2f5ae786e464f1965b05a90329a4bec5,INS,2026,23254,,1,,gx-no-cache=1773339412080 HTTP/1.1" 200 4155
179.57.78.9 - - [12/Mar/2026:15:12:15 -0300] "POST /cormun/servlet/solicitudotadjuntos?gx-no-cache=1773339414196 HTTP/1.1" 200 26
179.57.78.9 - - [12/Mar/2026:15:12:19 -0300] "GET /cormun/servlet/solicitudotadjuntos?f8dc5f9852e026f374ce0c141a9855c6bd36433cd408bcdcb40483babbb6909f,gx-no-cache=1773339418508 HTTP/1.1" 200 30
179.57.78.9 - - [12/Mar/2026:15:12:19 -0300] "GET /cormun/servlet/solicitudotadjuntos?f8dc5f9852e026f374ce0c141a9855c6bd36433cd408bcdcb40483babbb6909f,gx-no-cache=1773339418517 HTTP/1.1" 200 30
179.57.78.9 - - [12/Mar/2026:15:12:19 -0300] "POST /cormun/servlet/solicitudotadjuntos?2f5ae786e464f1965b05a90329a4bec5,INS,2026,23254,,1, HTTP/1.1" 200 116
179.57.78.9 - - [12/Mar/2026:15:12:19 -0300] "GET /cormun/servlet/hpexe_return? HTTP/1.1" 200 1027
179.57.78.9 - - [12/Mar/2026:15:12:19 -0300] "GET /cormun/servlet/trsolicitudadjuntos?2026,23254, HTTP/1.1" 200 10927
179.57.78.9 - - [12/Mar/2026:15:12:21 -0300] "POST /cormun/servlet/trsolicitudadjuntos?2f5ae786e464f1965b05a90329a4bec5,2026,23254,,gx-no-cache=1773339420684 HTTP/1.1" 200 90
179.57.78.9 - - [12/Mar/2026:15:12:21 -0300] "GET /cormun/servlet/hpexe_link HTTP/1.1" 200 971
179.57.78.9 - - [12/Mar/2026:15:12:21 -0300] "GET /cormun/servlet/trsolicitudot HTTP/1.1" 200 10158
190.95.1.187 - - [12/Mar/2026:15:12:33 -0300] "GET /cormun/servlet/hlogin HTTP/1.1" 200 1722
201.186.225.249 - - [12/Mar/2026:15:12:57 -0300] "GET /cormun/servlet/hlogin HTTP/1.1" 200 1720
201.186.225.249 - - [12/Mar/2026:15:13:05 -0300] "POST /cormun/servlet/hlogin?fdc078423573ff09465f33424c3f38a0,gx-no-cache=1773339463879 HTTP/1.1" 200 90
201.186.225.249 - - [12/Mar/2026:15:13:05 -0300] "GET /cormun/servlet/hpexe_link HTTP/1.1" 200 950
201.186.225.249 - - [12/Mar/2026:15:13:05 -0300] "GET /cormun/servlet/hhome HTTP/1.1" 200 4302
201.186.225.249 - - [12/Mar/2026:15:13:07 -0300] "GET /cormun/servlet/trlicencias? HTTP/1.1" 200 8694
10.40.40.2 - - [12/Mar/2026:15:13:07 -0300] "POST /cormun/servlet/hlogin?4a1d1ea33c2449653e5f915abec45c98,gx-no-cache=1773339449008 HTTP/1.1" 440 972
10.40.40.2 - - [12/Mar/2026:15:13:12 -0300] "GET /cormun/servlet/hlogin HTTP/1.1" 200 1723
10.40.40.2 - - [12/Mar/2026:15:13:14 -0300] "POST /cormun/servlet/hlogin?3688b5b102deb1cf927e2eba30e9e936,gx-no-cache=1773339456082 HTTP/1.1" 200 90
10.40.40.2 - - [12/Mar/2026:15:13:14 -0300] "GET /cormun/servlet/hpexe_link HTTP/1.1" 200 944
10.40.40.2 - - [12/Mar/2026:15:13:14 -0300] "GET /cormun/servlet/hhome HTTP/1.1" 200 3470
10.40.40.2 - - [12/Mar/2026:15:13:16 -0300] "GET /cormun/servlet/trlicenciasgenerales? HTTP/1.1" 200 9481
10.40.40.2 - - [12/Mar/2026:15:13:18 -0300] "GET /cormun/static/menuarrow.gif HTTP/1.1" 404 1015
10.40.40.2 - - [12/Mar/2026:15:13:27 -0300] "POST /cormun/servlet/trlicenciasgenerales?3688b5b102deb1cf927e2eba30e9e936,,gx-no-cache=1773339468868 HTTP/1.1" 200 13858
10.40.40.2 - - [12/Mar/2026:15:13:34 -0300] "POST /cormun/servlet/trlicenciasgenerales?3688b5b102deb1cf927e2eba30e9e936,,gx-no-cache=1773339476019 HTTP/1.1" 200 8345
179.57.78.9 - - [12/Mar/2026:15:13:34 -0300] "POST /cormun/servlet/trsolicitudot?2f5ae786e464f1965b05a90329a4bec5,gx-no-cache=1773339493792 HTTP/1.1" 200 107
179.57.78.9 - - [12/Mar/2026:15:13:34 -0300] "GET /cormun/servlet/trsolicitudadjuntos?2026,23250, HTTP/1.1" 200 6456
179.57.78.9 - - [12/Mar/2026:15:13:36 -0300] "GET /cormun/servlet/solicitudotadjuntos?INS,2026,23250,,1, HTTP/1.1" 200 6401
179.57.78.9 - - [12/Mar/2026:15:13:36 -0300] "GET /cormun/static/about:blank HTTP/1.1" 404 1011
179.57.78.9 - - [12/Mar/2026:15:13:37 -0300] "GET /cormun/servlet/solicitudotadjuntos?f8dc5f9852e026f374ce0c141a9855c656e578bed85f3975fb6a6b2b785663eed54dac305137f65670a23327fc49b388,gx-no-cache=1773339496190 HTTP/1.1" 200 30
179.57.78.9 - - [12/Mar/2026:15:13:37 -0300] "POST /cormun/servlet/solicitudotadjuntos?2f5ae786e464f1965b05a90329a4bec5,INS,2026,23250,,1,,gx-no-cache=1773339496208 HTTP/1.1" 200 4154
179.57.78.9 - - [12/Mar/2026:15:13:38 -0300] "POST /cormun/servlet/solicitudotadjuntos?gx-no-cache=1773339497543 HTTP/1.1" 200 26
179.57.78.55 - - [12/Mar/2026:15:13:39 -0300] "POST /cormun/servlet/permisosadjuntos?f76c4986c43e3664ae0f4f683ab8e197,INS,12515632,P,20260303130935,, HTTP/1.1" 200 116
179.57.78.55 - - [12/Mar/2026:15:13:39 -0300] "GET /cormun/servlet/hpexe_return? HTTP/1.1" 200 1033
179.57.78.55 - - [12/Mar/2026:15:13:39 -0300] "GET /cormun/servlet/trpermisosadjuntos?12515632,20260303130935,P, HTTP/1.1" 200 6799
179.57.78.55 - - [12/Mar/2026:15:13:42 -0300] "GET /cormun/servlet/trpermisosgoce? HTTP/1.1" 200 11920
179.57.78.55 - - [12/Mar/2026:15:13:52 -0300] "POST /cormun/servlet/trpermisosgoce?f76c4986c43e3664ae0f4f683ab8e197,,gx-no-cache=1773339510674 HTTP/1.1" 200 9153
179.57.78.55 - - [12/Mar/2026:15:13:52 -0300] "GET /cormun/static/Shared/jqueryui/images/ui-bg_flat_55_fafafa_40x100.png HTTP/1.1" 404 1097
179.57.78.55 - - [12/Mar/2026:15:13:52 -0300] "GET /cormun/static/Shared/jqueryui/images/ui-icons_8d78a5_256x240.png HTTP/1.1" 404 1089
179.57.78.55 - - [12/Mar/2026:15:14:06 -0300] "GET /cormun/servlet/trpermisosadjuntos?20214252,20260312143541,P, HTTP/1.1" 200 6290
179.57.78.55 - - [12/Mar/2026:15:14:09 -0300] "GET /cormun/servlet/permisosadjuntos?INS,20214252,P,20260312143541,, HTTP/1.1" 200 5611
179.57.78.55 - - [12/Mar/2026:15:14:09 -0300] "GET /cormun/static/about:blank HTTP/1.1" 404 1011
179.57.78.55 - - [12/Mar/2026:15:14:16 -0300] "POST /cormun/servlet/permisosadjuntos?f76c4986c43e3664ae0f4f683ab8e197,INS,20214252,P,20260312143541,, HTTP/1.1" 200 116
179.57.78.55 - - [12/Mar/2026:15:14:16 -0300] "GET /cormun/servlet/hpexe_return? HTTP/1.1" 200 1031
179.57.78.55 - - [12/Mar/2026:15:14:16 -0300] "GET /cormun/servlet/trpermisosadjuntos?20214252,20260312143541,P, HTTP/1.1" 200 6790
179.57.78.55 - - [12/Mar/2026:15:14:19 -0300] "GET /cormun/servlet/trpermisosgoce? HTTP/1.1" 200 11953
179.57.78.55 - - [12/Mar/2026:15:14:22 -0300] "POST /cormun/servlet/trpermisosgoce?f76c4986c43e3664ae0f4f683ab8e197,,gx-no-cache=1773339540744 HTTP/1.1" 200 9173
179.57.78.55 - - [12/Mar/2026:15:14:31 -0300] "GET /cormun/servlet/trpermisosadjuntos?7642896,20260311123430,P, HTTP/1.1" 200 6293
179.57.78.55 - - [12/Mar/2026:15:14:33 -0300] "GET /cormun/servlet/permisosadjuntos?INS,7642896,P,20260311123430,, HTTP/1.1" 200 5615
179.57.78.55 - - [12/Mar/2026:15:14:33 -0300] "GET /cormun/static/about:blank HTTP/1.1" 404 1011
179.57.78.55 - - [12/Mar/2026:15:14:40 -0300] "POST /cormun/servlet/permisosadjuntos?f76c4986c43e3664ae0f4f683ab8e197,INS,7642896,P,20260311123430,, HTTP/1.1" 200 116
179.57.78.55 - - [12/Mar/2026:15:14:40 -0300] "GET /cormun/servlet/hpexe_return? HTTP/1.1" 200 1032
179.57.78.55 - - [12/Mar/2026:15:14:40 -0300] "GET /cormun/servlet/trpermisosadjuntos?7642896,20260311123430,P, HTTP/1.1" 200 6816
179.57.78.55 - - [12/Mar/2026:15:14:42 -0300] "GET /cormun/servlet/trpermisosgoce? HTTP/1.1" 200 11937
179.57.78.55 - - [12/Mar/2026:15:14:46 -0300] "POST /cormun/servlet/trpermisosgoce?f76c4986c43e3664ae0f4f683ab8e197,,gx-no-cache=1773339564871 HTTP/1.1" 200 9190
179.57.78.55 - - [12/Mar/2026:15:14:54 -0300] "GET /cormun/servlet/trpermisosadjuntos?13720244,20260311123401,P, HTTP/1.1" 200 6290
179.57.78.55 - - [12/Mar/2026:15:14:56 -0300] "GET /cormun/servlet/permisosadjuntos?INS,13720244,P,20260311123401,, HTTP/1.1" 200 5609
179.57.78.55 - - [12/Mar/2026:15:14:56 -0300] "GET /cormun/static/about:blank HTTP/1.1" 404 1011
179.57.78.55 - - [12/Mar/2026:15:15:03 -0300] "POST /cormun/servlet/permisosadjuntos?f76c4986c43e3664ae0f4f683ab8e197,INS,13720244,P,20260311123401,, HTTP/1.1" 200 116
179.57.78.55 - - [12/Mar/2026:15:15:03 -0300] "GET /cormun/servlet/hpexe_return? HTTP/1.1" 200 1031
179.57.78.55 - - [12/Mar/2026:15:15:03 -0300] "GET /cormun/servlet/trpermisosadjuntos?13720244,20260311123401,P, HTTP/1.1" 200 6794
179.57.78.55 - - [12/Mar/2026:15:15:05 -0300] "GET /cormun/servlet/trpermisosgoce? HTTP/1.1" 200 11964
179.57.78.55 - - [12/Mar/2026:15:15:09 -0300] "POST /cormun/servlet/trpermisosgoce?f76c4986c43e3664ae0f4f683ab8e197,,gx-no-cache=1773339587407 HTTP/1.1" 200 9163
179.57.78.55 - - [12/Mar/2026:15:15:17 -0300] "GET /cormun/servlet/trpermisosadjuntos?13720244,20260311120952,P, HTTP/1.1" 200 6291
179.57.78.55 - - [12/Mar/2026:15:15:18 -0300] "GET /cormun/servlet/permisosadjuntos?INS,13720244,P,20260311120952,, HTTP/1.1" 200 5612
179.57.78.55 - - [12/Mar/2026:15:15:19 -0300] "GET /cormun/static/about:blank HTTP/1.1" 404 1011
179.57.78.55 - - [12/Mar/2026:15:15:26 -0300] "POST /cormun/servlet/permisosadjuntos?f76c4986c43e3664ae0f4f683ab8e197,INS,13720244,P,20260311120952,, HTTP/1.1" 200 116
179.57.78.55 - - [12/Mar/2026:15:15:26 -0300] "GET /cormun/servlet/hpexe_return? HTTP/1.1" 200 1032
179.57.78.55 - - [12/Mar/2026:15:15:26 -0300] "GET /cormun/servlet/trpermisosadjuntos?13720244,20260311120952,P, HTTP/1.1" 200 6793
179.57.78.55 - - [12/Mar/2026:15:15:27 -0300] "GET /cormun/servlet/trpermisosgoce? HTTP/1.1" 200 11919
179.57.78.55 - - [12/Mar/2026:15:15:30 -0300] "POST /cormun/servlet/trpermisosgoce?f76c4986c43e3664ae0f4f683ab8e197,,gx-no-cache=1773339608863 HTTP/1.1" 200 9163
179.57.78.55 - - [12/Mar/2026:15:15:40 -0300] "GET /cormun/servlet/trpermisosadjuntos?13720244,20260311120952,P, HTTP/1.1" 200 6789
179.57.78.55 - - [12/Mar/2026:15:15:45 -0300] "GET /cormun/servlet/trpermisosgoce? HTTP/1.1" 200 11951
179.57.78.9 - - [12/Mar/2026:15:15:48 -0300] "GET /cormun/servlet/solicitudotadjuntos?f8dc5f9852e026f374ce0c141a9855c6bd36433cd408bcdcb40483babbb6909f,gx-no-cache=1773339627646 HTTP/1.1" 200 30
179.57.78.9 - - [12/Mar/2026:15:15:48 -0300] "GET /cormun/servlet/solicitudotadjuntos?f8dc5f9852e026f374ce0c141a9855c6bd36433cd408bcdcb40483babbb6909f,gx-no-cache=1773339627668 HTTP/1.1" 200 30
179.57.78.9 - - [12/Mar/2026:15:15:49 -0300] "POST /cormun/servlet/solicitudotadjuntos?2f5ae786e464f1965b05a90329a4bec5,INS,2026,23250,,1, HTTP/1.1" 200 116
179.57.78.9 - - [12/Mar/2026:15:15:49 -0300] "GET /cormun/servlet/hpexe_return? HTTP/1.1" 200 1027
179.57.78.9 - - [12/Mar/2026:15:15:49 -0300] "GET /cormun/servlet/trsolicitudadjuntos?2026,23250, HTTP/1.1" 200 9690
179.57.78.55 - - [12/Mar/2026:15:15:50 -0300] "GET /cormun/servlet/trpermisosadjuntos?13720244,20260311123401,P, HTTP/1.1" 200 6790
179.57.78.9 - - [12/Mar/2026:15:15:51 -0300] "GET /cormun/servlet/solicitudotadjuntos?INS,2026,23250,,1, HTTP/1.1" 200 6400
179.57.78.9 - - [12/Mar/2026:15:15:51 -0300] "GET /cormun/static/about:blank HTTP/1.1" 404 1011
179.57.78.9 - - [12/Mar/2026:15:15:51 -0300] "GET /cormun/servlet/solicitudotadjuntos?f8dc5f9852e026f374ce0c141a9855c656e578bed85f3975fb6a6b2b785663eed54dac305137f65670a23327fc49b388,gx-no-cache=1773339630751 HTTP/1.1" 200 30
179.57.78.9 - - [12/Mar/2026:15:15:51 -0300] "POST /cormun/servlet/solicitudotadjuntos?2f5ae786e464f1965b05a90329a4bec5,INS,2026,23250,,1,,gx-no-cache=1773339630770 HTTP/1.1" 200 4154
179.57.78.9 - - [12/Mar/2026:15:15:53 -0300] "POST /cormun/servlet/solicitudotadjuntos?gx-no-cache=1773339632846 HTTP/1.1" 200 26
179.57.78.55 - - [12/Mar/2026:15:15:54 -0300] "GET /cormun/servlet/trpermisosgoce? HTTP/1.1" 200 11919
179.57.78.9 - - [12/Mar/2026:15:16:01 -0300] "GET /cormun/servlet/solicitudotadjuntos?f8dc5f9852e026f374ce0c141a9855c6bd36433cd408bcdcb40483babbb6909f,gx-no-cache=1773339640549 HTTP/1.1" 200 30
179.57.78.9 - - [12/Mar/2026:15:16:01 -0300] "GET /cormun/servlet/solicitudotadjuntos?f8dc5f9852e026f374ce0c141a9855c6bd36433cd408bcdcb40483babbb6909f,gx-no-cache=1773339640562 HTTP/1.1" 200 30
179.57.78.9 - - [12/Mar/2026:15:16:01 -0300] "POST /cormun/servlet/solicitudotadjuntos?2f5ae786e464f1965b05a90329a4bec5,INS,2026,23250,,1, HTTP/1.1" 200 116
179.57.78.9 - - [12/Mar/2026:15:16:01 -0300] "GET /cormun/servlet/hpexe_return? HTTP/1.1" 200 1027
179.57.78.9 - - [12/Mar/2026:15:16:01 -0300] "GET /cormun/servlet/trsolicitudadjuntos?2026,23250, HTTP/1.1" 200 9958
179.57.78.9 - - [12/Mar/2026:15:16:03 -0300] "GET /cormun/servlet/solicitudotadjuntos?INS,2026,23250,,1, HTTP/1.1" 200 6400
179.57.78.9 - - [12/Mar/2026:15:16:03 -0300] "GET /cormun/static/about:blank HTTP/1.1" 404 1011
179.57.78.9 - - [12/Mar/2026:15:16:04 -0300] "GET /cormun/servlet/solicitudotadjuntos?f8dc5f9852e026f374ce0c141a9855c656e578bed85f3975fb6a6b2b785663eed54dac305137f65670a23327fc49b388,gx-no-cache=1773339643111 HTTP/1.1" 200 30
179.57.78.9 - - [12/Mar/2026:15:16:04 -0300] "POST /cormun/servlet/solicitudotadjuntos?2f5ae786e464f1965b05a90329a4bec5,INS,2026,23250,,1,,gx-no-cache=1773339643132 HTTP/1.1" 200 4154
179.57.78.9 - - [12/Mar/2026:15:16:07 -0300] "POST /cormun/servlet/solicitudotadjuntos?gx-no-cache=1773339646094 HTTP/1.1" 200 26
179.57.78.55 - - [12/Mar/2026:15:16:08 -0300] "GET /cormun/servlet/trpermisosadjuntos?15126448,20260311112542,P, HTTP/1.1" 200 6293
179.57.78.55 - - [12/Mar/2026:15:16:10 -0300] "GET /cormun/servlet/permisosadjuntos?INS,15126448,P,20260311112542,, HTTP/1.1" 200 5617
179.57.78.55 - - [12/Mar/2026:15:16:10 -0300] "GET /cormun/static/about:blank HTTP/1.1" 404 1011
179.57.78.9 - - [12/Mar/2026:15:16:12 -0300] "GET /cormun/servlet/solicitudotadjuntos?f8dc5f9852e026f374ce0c141a9855c6bd36433cd408bcdcb40483babbb6909f,gx-no-cache=1773339651525 HTTP/1.1" 200 30
179.57.78.9 - - [12/Mar/2026:15:16:12 -0300] "GET /cormun/servlet/solicitudotadjuntos?f8dc5f9852e026f374ce0c141a9855c6bd36433cd408bcdcb40483babbb6909f,gx-no-cache=1773339651540 HTTP/1.1" 200 30
179.57.78.9 - - [12/Mar/2026:15:16:12 -0300] "POST /cormun/servlet/solicitudotadjuntos?2f5ae786e464f1965b05a90329a4bec5,INS,2026,23250,,1, HTTP/1.1" 200 116
179.57.78.9 - - [12/Mar/2026:15:16:12 -0300] "GET /cormun/servlet/hpexe_return? HTTP/1.1" 200 1027
179.57.78.9 - - [12/Mar/2026:15:16:12 -0300] "GET /cormun/servlet/trsolicitudadjuntos?2026,23250, HTTP/1.1" 200 10213
179.57.78.9 - - [12/Mar/2026:15:16:15 -0300] "GET /cormun/servlet/solicitudotadjuntos?INS,2026,23250,,1, HTTP/1.1" 200 6400
179.57.78.9 - - [12/Mar/2026:15:16:15 -0300] "GET /cormun/static/about:blank HTTP/1.1" 404 1011
179.57.78.9 - - [12/Mar/2026:15:16:15 -0300] "GET /cormun/servlet/solicitudotadjuntos?f8dc5f9852e026f374ce0c141a9855c656e578bed85f3975fb6a6b2b785663eed54dac305137f65670a23327fc49b388,gx-no-cache=1773339654615 HTTP/1.1" 200 30
179.57.78.9 - - [12/Mar/2026:15:16:15 -0300] "POST /cormun/servlet/solicitudotadjuntos?2f5ae786e464f1965b05a90329a4bec5,INS,2026,23250,,1,,gx-no-cache=1773339654633 HTTP/1.1" 200 4154
179.57.78.55 - - [12/Mar/2026:15:16:15 -0300] "POST /cormun/servlet/permisosadjuntos?f76c4986c43e3664ae0f4f683ab8e197,INS,15126448,P,20260311112542,, HTTP/1.1" 200 116
179.57.78.55 - - [12/Mar/2026:15:16:15 -0300] "GET /cormun/servlet/hpexe_return? HTTP/1.1" 200 1032
179.57.78.55 - - [12/Mar/2026:15:16:15 -0300] "GET /cormun/servlet/trpermisosadjuntos?15126448,20260311112542,P, HTTP/1.1" 200 6796
179.57.78.55 - - [12/Mar/2026:15:16:17 -0300] "GET /cormun/servlet/trpermisosgoce? HTTP/1.1" 200 11919
179.57.78.9 - - [12/Mar/2026:15:16:18 -0300] "POST /cormun/servlet/solicitudotadjuntos?gx-no-cache=1773339657582 HTTP/1.1" 200 26
179.57.78.9 - - [12/Mar/2026:15:16:24 -0300] "GET /cormun/servlet/solicitudotadjuntos?f8dc5f9852e026f374ce0c141a9855c6bd36433cd408bcdcb40483babbb6909f,gx-no-cache=1773339663333 HTTP/1.1" 200 30
179.57.78.9 - - [12/Mar/2026:15:16:24 -0300] "GET /cormun/servlet/solicitudotadjuntos?f8dc5f9852e026f374ce0c141a9855c6bd36433cd408bcdcb40483babbb6909f,gx-no-cache=1773339663348 HTTP/1.1" 200 30
179.57.78.9 - - [12/Mar/2026:15:16:24 -0300] "POST /cormun/servlet/solicitudotadjuntos?2f5ae786e464f1965b05a90329a4bec5,INS,2026,23250,,1, HTTP/1.1" 200 116
179.57.78.9 - - [12/Mar/2026:15:16:24 -0300] "GET /cormun/servlet/hpexe_return? HTTP/1.1" 200 1027
179.57.78.9 - - [12/Mar/2026:15:16:24 -0300] "GET /cormun/servlet/trsolicitudadjuntos?2026,23250, HTTP/1.1" 200 10531
179.57.78.9 - - [12/Mar/2026:15:16:26 -0300] "GET /cormun/servlet/solicitudotadjuntos?INS,2026,23250,,1, HTTP/1.1" 200 6400
179.57.78.9 - - [12/Mar/2026:15:16:26 -0300] "GET /cormun/static/about:blank HTTP/1.1" 404 1011
179.57.78.9 - - [12/Mar/2026:15:16:27 -0300] "GET /cormun/servlet/solicitudotadjuntos?f8dc5f9852e026f374ce0c141a9855c656e578bed85f3975fb6a6b2b785663eed54dac305137f65670a23327fc49b388,gx-no-cache=1773339666255 HTTP/1.1" 200 30
179.57.78.9 - - [12/Mar/2026:15:16:27 -0300] "POST /cormun/servlet/solicitudotadjuntos?2f5ae786e464f1965b05a90329a4bec5,INS,2026,23250,,1,,gx-no-cache=1773339666273 HTTP/1.1" 200 4154
179.57.78.9 - - [12/Mar/2026:15:16:29 -0300] "POST /cormun/servlet/solicitudotadjuntos?gx-no-cache=1773339668542 HTTP/1.1" 200 26
179.57.78.9 - - [12/Mar/2026:15:16:36 -0300] "GET /cormun/servlet/solicitudotadjuntos?f8dc5f9852e026f374ce0c141a9855c6bd36433cd408bcdcb40483babbb6909f,gx-no-cache=1773339675637 HTTP/1.1" 200 30
179.57.78.9 - - [12/Mar/2026:15:16:36 -0300] "GET /cormun/servlet/solicitudotadjuntos?f8dc5f9852e026f374ce0c141a9855c6bd36433cd408bcdcb40483babbb6909f,gx-no-cache=1773339675653 HTTP/1.1" 200 30
179.57.78.9 - - [12/Mar/2026:15:16:36 -0300] "POST /cormun/servlet/solicitudotadjuntos?2f5ae786e464f1965b05a90329a4bec5,INS,2026,23250,,1, HTTP/1.1" 200 116
179.57.78.9 - - [12/Mar/2026:15:16:36 -0300] "GET /cormun/servlet/hpexe_return? HTTP/1.1" 200 1027
179.57.78.9 - - [12/Mar/2026:15:16:36 -0300] "GET /cormun/servlet/trsolicitudadjuntos?2026,23250, HTTP/1.1" 200 10718
179.57.78.9 - - [12/Mar/2026:15:16:39 -0300] "GET /cormun/servlet/solicitudotadjuntos?INS,2026,23250,,1, HTTP/1.1" 200 6400
179.57.78.9 - - [12/Mar/2026:15:16:39 -0300] "GET /cormun/static/about:blank HTTP/1.1" 404 1011
200.85.196.97 - - [12/Mar/2026:15:16:39 -0300] "GET /cormun/servlet/hlogin HTTP/1.1" 200 1723
200.85.196.97 - - [12/Mar/2026:15:16:39 -0300] "GET /cormun/static/gxgral.js?85251 HTTP/1.1" 200 384558
179.57.78.9 - - [12/Mar/2026:15:16:40 -0300] "GET /cormun/servlet/solicitudotadjuntos?f8dc5f9852e026f374ce0c141a9855c656e578bed85f3975fb6a6b2b785663eed54dac305137f65670a23327fc49b388,gx-no-cache=1773339679020 HTTP/1.1" 200 30
179.57.78.9 - - [12/Mar/2026:15:16:40 -0300] "POST /cormun/servlet/solicitudotadjuntos?2f5ae786e464f1965b05a90329a4bec5,INS,2026,23250,,1,,gx-no-cache=1773339679039 HTTP/1.1" 200 4154
200.85.196.97 - - [12/Mar/2026:15:16:40 -0300] "GET /cormun/servlet/hlogin HTTP/1.1" 200 1734
179.57.78.55 - - [12/Mar/2026:15:16:41 -0300] "POST /cormun/servlet/trpermisosgoce?f76c4986c43e3664ae0f4f683ab8e197,,gx-no-cache=1773339679424 HTTP/1.1" 200 9166
200.85.196.97 - - [12/Mar/2026:15:16:42 -0300] "POST /cormun/servlet/hlogin?b7036daef94939ae21a75fee760b5323,gx-no-cache=1773339681330 HTTP/1.1" 200 90
200.85.196.97 - - [12/Mar/2026:15:16:42 -0300] "GET /cormun/servlet/hpexe_link HTTP/1.1" 200 955
200.85.196.97 - - [12/Mar/2026:15:16:43 -0300] "GET /cormun/servlet/hhome HTTP/1.1" 200 3918
179.57.78.9 - - [12/Mar/2026:15:16:43 -0300] "POST /cormun/servlet/solicitudotadjuntos?gx-no-cache=1773339682278 HTTP/1.1" 200 26
200.85.196.97 - - [12/Mar/2026:15:16:46 -0300] "GET /cormun/servlet/trlicencias? HTTP/1.1" 200 9626
200.85.196.97 - - [12/Mar/2026:15:16:46 -0300] "GET /cormun/static/gxdec.js?85251 HTTP/1.1" 200 19579
179.57.78.55 - - [12/Mar/2026:15:16:48 -0300] "GET /cormun/servlet/trpermisosadjuntos?9517647,20260311111946,P, HTTP/1.1" 200 6307
179.57.78.9 - - [12/Mar/2026:15:16:49 -0300] "GET /cormun/servlet/solicitudotadjuntos?f8dc5f9852e026f374ce0c141a9855c6bd36433cd408bcdcb40483babbb6909f,gx-no-cache=1773339688493 HTTP/1.1" 200 30
179.57.78.9 - - [12/Mar/2026:15:16:49 -0300] "GET /cormun/servlet/solicitudotadjuntos?f8dc5f9852e026f374ce0c141a9855c6bd36433cd408bcdcb40483babbb6909f,gx-no-cache=1773339688506 HTTP/1.1" 200 30
179.57.78.9 - - [12/Mar/2026:15:16:49 -0300] "POST /cormun/servlet/solicitudotadjuntos?2f5ae786e464f1965b05a90329a4bec5,INS,2026,23250,,1, HTTP/1.1" 200 116
179.57.78.9 - - [12/Mar/2026:15:16:49 -0300] "GET /cormun/servlet/hpexe_return? HTTP/1.1" 200 1027
179.57.78.9 - - [12/Mar/2026:15:16:49 -0300] "GET /cormun/servlet/trsolicitudadjuntos?2026,23250, HTTP/1.1" 200 10900
179.57.78.55 - - [12/Mar/2026:15:16:50 -0300] "GET /cormun/servlet/permisosadjuntos?INS,9517647,P,20260311111946,, HTTP/1.1" 200 5629
179.57.78.55 - - [12/Mar/2026:15:16:50 -0300] "GET /cormun/static/about:blank HTTP/1.1" 404 1011
179.57.78.9 - - [12/Mar/2026:15:16:54 -0300] "POST /cormun/servlet/trsolicitudadjuntos?2f5ae786e464f1965b05a90329a4bec5,2026,23250,,gx-no-cache=1773339693751 HTTP/1.1" 200 90
179.57.78.9 - - [12/Mar/2026:15:16:54 -0300] "GET /cormun/servlet/hpexe_link HTTP/1.1" 200 970
179.57.78.9 - - [12/Mar/2026:15:16:54 -0300] "GET /cormun/servlet/trsolicitudot HTTP/1.1" 200 10158
179.57.78.55 - - [12/Mar/2026:15:17:00 -0300] "POST /cormun/servlet/permisosadjuntos?f76c4986c43e3664ae0f4f683ab8e197,INS,9517647,P,20260311111946,, HTTP/1.1" 200 116
179.57.78.55 - - [12/Mar/2026:15:17:00 -0300] "GET /cormun/servlet/hpexe_return? HTTP/1.1" 200 1031
179.57.78.55 - - [12/Mar/2026:15:17:00 -0300] "GET /cormun/servlet/trpermisosadjuntos?9517647,20260311111946,P, HTTP/1.1" 200 6831
179.57.78.9 - - [12/Mar/2026:15:17:02 -0300] "POST /cormun/servlet/trsolicitudot?2f5ae786e464f1965b05a90329a4bec5,gx-no-cache=1773339701088 HTTP/1.1" 200 107
179.57.78.9 - - [12/Mar/2026:15:17:02 -0300] "GET /cormun/servlet/trsolicitudadjuntos?2026,23249, HTTP/1.1" 200 6456
179.57.78.55 - - [12/Mar/2026:15:17:02 -0300] "GET /cormun/servlet/trpermisosgoce? HTTP/1.1" 200 11936
179.57.78.9 - - [12/Mar/2026:15:17:03 -0300] "GET /cormun/servlet/solicitudotadjuntos?INS,2026,23249,,1, HTTP/1.1" 200 6399
179.57.78.9 - - [12/Mar/2026:15:17:03 -0300] "GET /cormun/static/about:blank HTTP/1.1" 404 1011
179.57.78.9 - - [12/Mar/2026:15:17:04 -0300] "GET /cormun/servlet/solicitudotadjuntos?f8dc5f9852e026f374ce0c141a9855c62aa80da377b4cf5892866c03f34b64c5b0377dfc08a077b311b6610b1aaf28a0,gx-no-cache=1773339703519 HTTP/1.1" 200 30
179.57.78.9 - - [12/Mar/2026:15:17:04 -0300] "POST /cormun/servlet/solicitudotadjuntos?2f5ae786e464f1965b05a90329a4bec5,INS,2026,23249,,1,,gx-no-cache=1773339703544 HTTP/1.1" 200 4185
179.57.78.9 - - [12/Mar/2026:15:17:05 -0300] "POST /cormun/servlet/solicitudotadjuntos?gx-no-cache=1773339704944 HTTP/1.1" 200 26
179.57.78.55 - - [12/Mar/2026:15:17:06 -0300] "POST /cormun/servlet/trpermisosgoce?f76c4986c43e3664ae0f4f683ab8e197,,gx-no-cache=1773339704136 HTTP/1.1" 200 9143
179.57.78.55 - - [12/Mar/2026:15:17:11 -0300] "GET /cormun/servlet/trpermisosadjuntos?13504206,20260309162429,P, HTTP/1.1" 200 6296
201.186.225.191 - - [12/Mar/2026:15:17:14 -0300] "GET /cormun/servlet/hlogin HTTP/1.1" 200 1723
201.186.225.191 - - [12/Mar/2026:15:17:14 -0300] "GET /cormun/servlet/hlogin HTTP/1.1" 200 1733
179.57.78.9 - - [12/Mar/2026:15:17:16 -0300] "GET /cormun/servlet/solicitudotadjuntos?f8dc5f9852e026f374ce0c141a9855c6bd36433cd408bcdcb40483babbb6909f,gx-no-cache=1773339715406 HTTP/1.1" 200 30
179.57.78.9 - - [12/Mar/2026:15:17:16 -0300] "GET /cormun/servlet/solicitudotadjuntos?f8dc5f9852e026f374ce0c141a9855c6bd36433cd408bcdcb40483babbb6909f,gx-no-cache=1773339715421 HTTP/1.1" 200 30
179.57.78.55 - - [12/Mar/2026:15:17:20 -0300] "GET /cormun/servlet/permisosadjuntos?INS,13504206,P,20260309162429,, HTTP/1.1" 200 5621
179.57.78.55 - - [12/Mar/2026:15:17:20 -0300] "GET /cormun/static/about:blank HTTP/1.1" 404 1011
179.57.78.9 - - [12/Mar/2026:15:17:24 -0300] "POST /cormun/servlet/solicitudotadjuntos?2f5ae786e464f1965b05a90329a4bec5,INS,2026,23249,,1, HTTP/1.1" 200 116
179.57.78.9 - - [12/Mar/2026:15:17:24 -0300] "GET /cormun/servlet/hpexe_return? HTTP/1.1" 200 1027
179.57.78.9 - - [12/Mar/2026:15:17:25 -0300] "GET /cormun/servlet/trsolicitudadjuntos?2026,23249, HTTP/1.1" 200 9684
179.57.78.9 - - [12/Mar/2026:15:17:29 -0300] "GET /cormun/servlet/solicitudotadjuntos?INS,2026,23249,,1, HTTP/1.1" 200 6399
179.57.78.9 - - [12/Mar/2026:15:17:29 -0300] "GET /cormun/static/about:blank HTTP/1.1" 404 1011
179.57.78.9 - - [12/Mar/2026:15:17:30 -0300] "GET /cormun/servlet/solicitudotadjuntos?f8dc5f9852e026f374ce0c141a9855c62aa80da377b4cf5892866c03f34b64c5b0377dfc08a077b311b6610b1aaf28a0,gx-no-cache=1773339729187 HTTP/1.1" 200 30
179.57.78.9 - - [12/Mar/2026:15:17:30 -0300] "POST /cormun/servlet/solicitudotadjuntos?2f5ae786e464f1965b05a90329a4bec5,INS,2026,23249,,1,,gx-no-cache=1773339729207 HTTP/1.1" 200 4185
179.57.78.9 - - [12/Mar/2026:15:17:32 -0300] "POST /cormun/servlet/solicitudotadjuntos?gx-no-cache=1773339731014 HTTP/1.1" 200 26
201.186.225.191 - - [12/Mar/2026:15:17:36 -0300] "POST /cormun/servlet/hlogin?0d12109b4c09ebba26d50a072fda852d,gx-no-cache=1773339734932 HTTP/1.1" 200 90
201.186.225.191 - - [12/Mar/2026:15:17:36 -0300] "GET /cormun/servlet/hpexe_link HTTP/1.1" 200 954
201.186.225.191 - - [12/Mar/2026:15:17:36 -0300] "GET /cormun/servlet/hhome HTTP/1.1" 200 4214
179.57.78.9 - - [12/Mar/2026:15:17:37 -0300] "GET /cormun/servlet/solicitudotadjuntos?f8dc5f9852e026f374ce0c141a9855c6bd36433cd408bcdcb40483babbb6909f,gx-no-cache=1773339736677 HTTP/1.1" 200 30
179.57.78.9 - - [12/Mar/2026:15:17:37 -0300] "GET /cormun/servlet/solicitudotadjuntos?f8dc5f9852e026f374ce0c141a9855c6bd36433cd408bcdcb40483babbb6909f,gx-no-cache=1773339736698 HTTP/1.1" 200 30
179.57.78.9 - - [12/Mar/2026:15:17:37 -0300] "POST /cormun/servlet/solicitudotadjuntos?2f5ae786e464f1965b05a90329a4bec5,INS,2026,23249,,1, HTTP/1.1" 200 116
179.57.78.9 - - [12/Mar/2026:15:17:37 -0300] "GET /cormun/servlet/hpexe_return? HTTP/1.1" 200 1027
179.57.78.9 - - [12/Mar/2026:15:17:38 -0300] "GET /cormun/servlet/trsolicitudadjuntos?2026,23249, HTTP/1.1" 200 9930
179.57.78.9 - - [12/Mar/2026:15:17:39 -0300] "GET /cormun/servlet/solicitudotadjuntos?INS,2026,23249,,1, HTTP/1.1" 200 6399
179.57.78.9 - - [12/Mar/2026:15:17:40 -0300] "GET /cormun/static/about:blank HTTP/1.1" 404 1011
179.57.78.9 - - [12/Mar/2026:15:17:40 -0300] "GET /cormun/servlet/solicitudotadjuntos?f8dc5f9852e026f374ce0c141a9855c62aa80da377b4cf5892866c03f34b64c5b0377dfc08a077b311b6610b1aaf28a0,gx-no-cache=1773339739535 HTTP/1.1" 200 30
179.57.78.9 - - [12/Mar/2026:15:17:40 -0300] "POST /cormun/servlet/solicitudotadjuntos?2f5ae786e464f1965b05a90329a4bec5,INS,2026,23249,,1,,gx-no-cache=1773339739552 HTTP/1.1" 200 4185
179.57.78.9 - - [12/Mar/2026:15:17:42 -0300] "POST /cormun/servlet/solicitudotadjuntos?gx-no-cache=1773339741685 HTTP/1.1" 200 26
179.57.78.9 - - [12/Mar/2026:15:17:47 -0300] "GET /cormun/servlet/solicitudotadjuntos?f8dc5f9852e026f374ce0c141a9855c6bd36433cd408bcdcb40483babbb6909f,gx-no-cache=1773339746717 HTTP/1.1" 200 30
179.57.78.9 - - [12/Mar/2026:15:17:47 -0300] "GET /cormun/servlet/solicitudotadjuntos?f8dc5f9852e026f374ce0c141a9855c6bd36433cd408bcdcb40483babbb6909f,gx-no-cache=1773339746728 HTTP/1.1" 200 30
179.57.78.9 - - [12/Mar/2026:15:17:47 -0300] "POST /cormun/servlet/solicitudotadjuntos?2f5ae786e464f1965b05a90329a4bec5,INS,2026,23249,,1, HTTP/1.1" 200 116
179.57.78.9 - - [12/Mar/2026:15:17:47 -0300] "GET /cormun/servlet/hpexe_return? HTTP/1.1" 200 1027
179.57.78.9 - - [12/Mar/2026:15:17:48 -0300] "GET /cormun/servlet/trsolicitudadjuntos?2026,23249, HTTP/1.1" 200 10192
179.57.78.9 - - [12/Mar/2026:15:17:49 -0300] "GET /cormun/servlet/solicitudotadjuntos?INS,2026,23249,,1, HTTP/1.1" 200 6399
179.57.78.9 - - [12/Mar/2026:15:17:49 -0300] "GET /cormun/static/about:blank HTTP/1.1" 404 1011
179.57.78.9 - - [12/Mar/2026:15:17:50 -0300] "GET /cormun/servlet/solicitudotadjuntos?f8dc5f9852e026f374ce0c141a9855c62aa80da377b4cf5892866c03f34b64c5b0377dfc08a077b311b6610b1aaf28a0,gx-no-cache=1773339749359 HTTP/1.1" 200 30
179.57.78.9 - - [12/Mar/2026:15:17:50 -0300] "POST /cormun/servlet/solicitudotadjuntos?2f5ae786e464f1965b05a90329a4bec5,INS,2026,23249,,1,,gx-no-cache=1773339749377 HTTP/1.1" 200 4187
201.186.225.191 - - [12/Mar/2026:15:17:51 -0300] "GET /cormun/servlet/trautorizarpermisogoce? HTTP/1.1" 200 7039
201.186.225.191 - - [12/Mar/2026:15:17:51 -0300] "GET /cormun/static/gxcfg.js?2020121645532 HTTP/1.1" 200 953
201.186.225.191 - - [12/Mar/2026:15:17:51 -0300] "GET /cormun/static/trautorizarpermisogoce.js?2020121651492 HTTP/1.1" 200 34948
179.57.78.9 - - [12/Mar/2026:15:17:52 -0300] "POST /cormun/servlet/solicitudotadjuntos?gx-no-cache=1773339751990 HTTP/1.1" 200 26
201.186.225.191 - - [12/Mar/2026:15:17:56 -0300] "GET /cormun/static/menuarrow.gif HTTP/1.1" 404 1015
179.57.78.9 - - [12/Mar/2026:15:17:57 -0300] "GET /cormun/servlet/solicitudotadjuntos?f8dc5f9852e026f374ce0c141a9855c6bd36433cd408bcdcb40483babbb6909f,gx-no-cache=1773339756477 HTTP/1.1" 200 30
179.57.78.9 - - [12/Mar/2026:15:17:57 -0300] "GET /cormun/servlet/solicitudotadjuntos?f8dc5f9852e026f374ce0c141a9855c6bd36433cd408bcdcb40483babbb6909f,gx-no-cache=1773339756491 HTTP/1.1" 200 30
179.57.78.9 - - [12/Mar/2026:15:17:57 -0300] "POST /cormun/servlet/solicitudotadjuntos?2f5ae786e464f1965b05a90329a4bec5,INS,2026,23249,,1, HTTP/1.1" 200 116
179.57.78.9 - - [12/Mar/2026:15:17:57 -0300] "GET /cormun/servlet/hpexe_return? HTTP/1.1" 200 1027
179.57.78.9 - - [12/Mar/2026:15:17:57 -0300] "GET /cormun/servlet/trsolicitudadjuntos?2026,23249, HTTP/1.1" 200 10518
179.57.78.9 - - [12/Mar/2026:15:17:59 -0300] "GET /cormun/servlet/solicitudotadjuntos?INS,2026,23249,,1, HTTP/1.1" 200 6399
179.57.78.9 - - [12/Mar/2026:15:17:59 -0300] "GET /cormun/static/about:blank HTTP/1.1" 404 1011
179.57.78.9 - - [12/Mar/2026:15:18:00 -0300] "GET /cormun/servlet/solicitudotadjuntos?f8dc5f9852e026f374ce0c141a9855c62aa80da377b4cf5892866c03f34b64c5b0377dfc08a077b311b6610b1aaf28a0,gx-no-cache=1773339759103 HTTP/1.1" 200 30
179.57.78.9 - - [12/Mar/2026:15:18:00 -0300] "POST /cormun/servlet/solicitudotadjuntos?2f5ae786e464f1965b05a90329a4bec5,INS,2026,23249,,1,,gx-no-cache=1773339759122 HTTP/1.1" 200 4187
179.57.78.9 - - [12/Mar/2026:15:18:02 -0300] "POST /cormun/servlet/solicitudotadjuntos?gx-no-cache=1773339761582 HTTP/1.1" 200 26
179.57.78.9 - - [12/Mar/2026:15:18:07 -0300] "GET /cormun/servlet/solicitudotadjuntos?f8dc5f9852e026f374ce0c141a9855c6bd36433cd408bcdcb40483babbb6909f,gx-no-cache=1773339766861 HTTP/1.1" 200 30
179.57.78.9 - - [12/Mar/2026:15:18:07 -0300] "GET /cormun/servlet/solicitudotadjuntos?f8dc5f9852e026f374ce0c141a9855c6bd36433cd408bcdcb40483babbb6909f,gx-no-cache=1773339766875 HTTP/1.1" 200 30
179.57.78.9 - - [12/Mar/2026:15:18:07 -0300] "POST /cormun/servlet/solicitudotadjuntos?2f5ae786e464f1965b05a90329a4bec5,INS,2026,23249,,1, HTTP/1.1" 200 116
179.57.78.9 - - [12/Mar/2026:15:18:08 -0300] "GET /cormun/servlet/hpexe_return? HTTP/1.1" 200 1027
179.57.78.9 - - [12/Mar/2026:15:18:08 -0300] "GET /cormun/servlet/trsolicitudadjuntos?2026,23249, HTTP/1.1" 200 10697
179.57.78.9 - - [12/Mar/2026:15:18:10 -0300] "GET /cormun/servlet/solicitudotadjuntos?INS,2026,23249,,1, HTTP/1.1" 200 6399
179.57.78.9 - - [12/Mar/2026:15:18:10 -0300] "GET /cormun/static/about:blank HTTP/1.1" 404 1011
179.57.78.9 - - [12/Mar/2026:15:18:10 -0300] "GET /cormun/servlet/solicitudotadjuntos?f8dc5f9852e026f374ce0c141a9855c62aa80da377b4cf5892866c03f34b64c5b0377dfc08a077b311b6610b1aaf28a0,gx-no-cache=1773339769654 HTTP/1.1" 200 30
179.57.78.9 - - [12/Mar/2026:15:18:10 -0300] "POST /cormun/servlet/solicitudotadjuntos?2f5ae786e464f1965b05a90329a4bec5,INS,2026,23249,,1,,gx-no-cache=1773339769673 HTTP/1.1" 200 4187
179.57.78.9 - - [12/Mar/2026:15:18:12 -0300] "POST /cormun/servlet/solicitudotadjuntos?gx-no-cache=1773339771789 HTTP/1.1" 200 26
179.57.78.55 - - [12/Mar/2026:15:18:13 -0300] "POST /cormun/servlet/permisosadjuntos?f76c4986c43e3664ae0f4f683ab8e197,INS,13504206,P,20260309162429,, HTTP/1.1" 200 116
179.57.78.55 - - [12/Mar/2026:15:18:13 -0300] "GET /cormun/servlet/hpexe_return? HTTP/1.1" 200 1033
179.57.78.55 - - [12/Mar/2026:15:18:13 -0300] "GET /cormun/servlet/trpermisosadjuntos?13504206,20260309162429,P, HTTP/1.1" 200 6797
179.57.78.55 - - [12/Mar/2026:15:18:15 -0300] "GET /cormun/servlet/trpermisosgoce? HTTP/1.1" 200 11910
179.57.78.9 - - [12/Mar/2026:15:18:17 -0300] "GET /cormun/servlet/solicitudotadjuntos?f8dc5f9852e026f374ce0c141a9855c6bd36433cd408bcdcb40483babbb6909f,gx-no-cache=1773339776573 HTTP/1.1" 200 30
179.57.78.9 - - [12/Mar/2026:15:18:17 -0300] "GET /cormun/servlet/solicitudotadjuntos?f8dc5f9852e026f374ce0c141a9855c6bd36433cd408bcdcb40483babbb6909f,gx-no-cache=1773339776590 HTTP/1.1" 200 30
179.57.78.9 - - [12/Mar/2026:15:18:17 -0300] "POST /cormun/servlet/solicitudotadjuntos?2f5ae786e464f1965b05a90329a4bec5,INS,2026,23249,,1, HTTP/1.1" 200 116
179.57.78.9 - - [12/Mar/2026:15:18:17 -0300] "GET /cormun/servlet/hpexe_return? HTTP/1.1" 200 1027
179.57.78.9 - - [12/Mar/2026:15:18:18 -0300] "GET /cormun/servlet/trsolicitudadjuntos?2026,23249, HTTP/1.1" 200 10915
179.57.78.55 - - [12/Mar/2026:15:18:20 -0300] "POST /cormun/servlet/trpermisosgoce?f76c4986c43e3664ae0f4f683ab8e197,,gx-no-cache=1773339777999 HTTP/1.1" 200 9164
179.57.78.9 - - [12/Mar/2026:15:18:21 -0300] "POST /cormun/servlet/trsolicitudadjuntos?2f5ae786e464f1965b05a90329a4bec5,2026,23249,,gx-no-cache=1773339780949 HTTP/1.1" 200 90
179.57.78.9 - - [12/Mar/2026:15:18:21 -0300] "GET /cormun/servlet/hpexe_link HTTP/1.1" 200 971
179.57.78.9 - - [12/Mar/2026:15:18:22 -0300] "GET /cormun/servlet/trsolicitudot HTTP/1.1" 200 10158
179.57.78.9 - - [12/Mar/2026:15:18:26 -0300] "POST /cormun/servlet/trsolicitudot?2f5ae786e464f1965b05a90329a4bec5,gx-no-cache=1773339785072 HTTP/1.1" 200 107
179.57.78.9 - - [12/Mar/2026:15:18:26 -0300] "GET /cormun/servlet/trsolicitudadjuntos?2026,23248, HTTP/1.1" 200 6456
179.57.78.9 - - [12/Mar/2026:15:18:27 -0300] "GET /cormun/servlet/solicitudotadjuntos?INS,2026,23248,,1, HTTP/1.1" 200 6399
179.57.78.9 - - [12/Mar/2026:15:18:27 -0300] "GET /cormun/static/about:blank HTTP/1.1" 404 1011
179.57.78.9 - - [12/Mar/2026:15:18:28 -0300] "GET /cormun/servlet/solicitudotadjuntos?f8dc5f9852e026f374ce0c141a9855c6fa9e6aa96c6b7eb65507a6f23804ffa3b0377dfc08a077b311b6610b1aaf28a0,gx-no-cache=1773339787348 HTTP/1.1" 200 30
179.57.78.9 - - [12/Mar/2026:15:18:28 -0300] "POST /cormun/servlet/solicitudotadjuntos?2f5ae786e464f1965b05a90329a4bec5,INS,2026,23248,,1,,gx-no-cache=1773339787366 HTTP/1.1" 200 4187
179.57.78.9 - - [12/Mar/2026:15:18:30 -0300] "POST /cormun/servlet/solicitudotadjuntos?gx-no-cache=1773339789185 HTTP/1.1" 200 26
179.57.78.9 - - [12/Mar/2026:15:18:39 -0300] "GET /cormun/servlet/solicitudotadjuntos?f8dc5f9852e026f374ce0c141a9855c6bd36433cd408bcdcb40483babbb6909f,gx-no-cache=1773339798718 HTTP/1.1" 200 30
179.57.78.9 - - [12/Mar/2026:15:18:39 -0300] "GET /cormun/servlet/solicitudotadjuntos?f8dc5f9852e026f374ce0c141a9855c6bd36433cd408bcdcb40483babbb6909f,gx-no-cache=1773339798730 HTTP/1.1" 200 30
179.57.78.9 - - [12/Mar/2026:15:18:40 -0300] "POST /cormun/servlet/solicitudotadjuntos?2f5ae786e464f1965b05a90329a4bec5,INS,2026,23248,,1, HTTP/1.1" 200 116
179.57.78.9 - - [12/Mar/2026:15:18:40 -0300] "GET /cormun/servlet/hpexe_return? HTTP/1.1" 200 1027
179.57.78.9 - - [12/Mar/2026:15:18:40 -0300] "GET /cormun/servlet/trsolicitudadjuntos?2026,23248, HTTP/1.1" 200 9687
201.186.225.191 - - [12/Mar/2026:15:18:40 -0300] "POST /cormun/servlet/trautorizarpermisogoce?0d12109b4c09ebba26d50a072fda852d,,gx-no-cache=1773339799280 HTTP/1.1" 200 4439
179.57.78.55 - - [12/Mar/2026:15:18:41 -0300] "GET /cormun/servlet/trpermisosadjuntos?19263316,20260309082717,P, HTTP/1.1" 200 6297
190.95.67.91 - - [12/Mar/2026:15:18:41 -0300] "GET /cormun/servlet/solicitudot?3a573b35a72c811a9e959431d3a3127dc94509c211539fc766d923d1608dea02cbe185874e4f218288257d3280a904f473d30ac3f1df9e125b28984a1905ef77,gx-no-cache=1773339801163 HTTP/1.1" 200 30
179.57.78.9 - - [12/Mar/2026:15:18:42 -0300] "GET /cormun/servlet/solicitudotadjuntos?INS,2026,23248,,1, HTTP/1.1" 200 6399
179.57.78.9 - - [12/Mar/2026:15:18:42 -0300] "GET /cormun/static/about:blank HTTP/1.1" 404 1011
179.57.78.9 - - [12/Mar/2026:15:18:42 -0300] "GET /cormun/servlet/solicitudotadjuntos?f8dc5f9852e026f374ce0c141a9855c6fa9e6aa96c6b7eb65507a6f23804ffa3b0377dfc08a077b311b6610b1aaf28a0,gx-no-cache=1773339801752 HTTP/1.1" 200 30
201.186.225.191 - - [12/Mar/2026:15:18:42 -0300] "POST /cormun/servlet/trautorizarpermisogoce?0d12109b4c09ebba26d50a072fda852d,,gx-no-cache=1773339801359 HTTP/1.1" 200 111
179.57.78.9 - - [12/Mar/2026:15:18:42 -0300] "POST /cormun/servlet/solicitudotadjuntos?2f5ae786e464f1965b05a90329a4bec5,INS,2026,23248,,1,,gx-no-cache=1773339801771 HTTP/1.1" 200 4187
201.186.225.191 - - [12/Mar/2026:15:18:42 -0300] "POST /cormun/servlet/trautorizarpermisogoce?0d12109b4c09ebba26d50a072fda852d,,gx-no-cache=1773339801442 HTTP/1.1" 200 4414
201.186.225.191 - - [12/Mar/2026:15:18:42 -0300] "GET /cormun/AutorizarPermisoGoce-635.xls HTTP/1.1" 200 4096
179.57.78.55 - - [12/Mar/2026:15:18:42 -0300] "GET /cormun/servlet/permisosadjuntos?INS,19263316,P,20260309082717,, HTTP/1.1" 200 5618
179.57.78.55 - - [12/Mar/2026:15:18:43 -0300] "GET /cormun/static/about:blank HTTP/1.1" 404 1011
179.57.78.9 - - [12/Mar/2026:15:18:44 -0300] "POST /cormun/servlet/solicitudotadjuntos?gx-no-cache=1773339803430 HTTP/1.1" 200 26
