201.186.225.191 - - [12/Mar/2026:15:18:48 -0300] "POST /cormun/servlet/trautorizarpermisogoce?0d12109b4c09ebba26d50a072fda852d,,gx-no-cache=1773339807056 HTTP/1.1" 200 112
201.186.225.191 - - [12/Mar/2026:15:18:48 -0300] "POST /cormun/servlet/trautorizarpermisogoce?0d12109b4c09ebba26d50a072fda852d,,gx-no-cache=1773339807112 HTTP/1.1" 200 4414
201.186.225.191 - - [12/Mar/2026:15:18:48 -0300] "GET /cormun/AutorizarPermisoGoce-7859.xls HTTP/1.1" 200 4096
190.95.67.91 - - [12/Mar/2026:15:18:49 -0300] "GET /cormun/servlet/solicitudot?3a573b35a72c811a9e959431d3a3127d7200a5ef3cae595895ecd73627e036d9,gx-no-cache=1773339808780 HTTP/1.1" 200 53
179.57.78.9 - - [12/Mar/2026:15:18:49 -0300] "GET /cormun/servlet/solicitudotadjuntos?f8dc5f9852e026f374ce0c141a9855c6bd36433cd408bcdcb40483babbb6909f,gx-no-cache=1773339808445 HTTP/1.1" 200 30
179.57.78.9 - - [12/Mar/2026:15:18:49 -0300] "GET /cormun/servlet/solicitudotadjuntos?f8dc5f9852e026f374ce0c141a9855c6bd36433cd408bcdcb40483babbb6909f,gx-no-cache=1773339808459 HTTP/1.1" 200 30
179.57.78.9 - - [12/Mar/2026:15:18:49 -0300] "POST /cormun/servlet/solicitudotadjuntos?2f5ae786e464f1965b05a90329a4bec5,INS,2026,23248,,1, HTTP/1.1" 200 116
179.57.78.9 - - [12/Mar/2026:15:18:49 -0300] "GET /cormun/servlet/hpexe_return? HTTP/1.1" 200 1027
179.57.78.9 - - [12/Mar/2026:15:18:49 -0300] "GET /cormun/servlet/trsolicitudadjuntos?2026,23248, HTTP/1.1" 200 9943
179.57.78.55 - - [12/Mar/2026:15:18:49 -0300] "POST /cormun/servlet/permisosadjuntos?f76c4986c43e3664ae0f4f683ab8e197,INS,19263316,P,20260309082717,, HTTP/1.1" 200 116
179.57.78.55 - - [12/Mar/2026:15:18:50 -0300] "GET /cormun/servlet/hpexe_return? HTTP/1.1" 200 1034
179.57.78.55 - - [12/Mar/2026:15:18:50 -0300] "GET /cormun/servlet/trpermisosadjuntos?19263316,20260309082717,P, HTTP/1.1" 200 6814
179.57.78.9 - - [12/Mar/2026:15:18:51 -0300] "GET /cormun/servlet/solicitudotadjuntos?INS,2026,23248,,1, HTTP/1.1" 200 6399
179.57.78.9 - - [12/Mar/2026:15:18:51 -0300] "GET /cormun/static/about:blank HTTP/1.1" 404 1011
179.57.78.55 - - [12/Mar/2026:15:18:51 -0300] "GET /cormun/servlet/trpermisosgoce? HTTP/1.1" 200 11911
179.57.78.9 - - [12/Mar/2026:15:18:51 -0300] "GET /cormun/servlet/solicitudotadjuntos?f8dc5f9852e026f374ce0c141a9855c6fa9e6aa96c6b7eb65507a6f23804ffa3b0377dfc08a077b311b6610b1aaf28a0,gx-no-cache=1773339810903 HTTP/1.1" 200 30
179.57.78.9 - - [12/Mar/2026:15:18:51 -0300] "POST /cormun/servlet/solicitudotadjuntos?2f5ae786e464f1965b05a90329a4bec5,INS,2026,23248,,1,,gx-no-cache=1773339810922 HTTP/1.1" 200 4187
179.57.78.55 - - [12/Mar/2026:15:18:54 -0300] "POST /cormun/servlet/trpermisosgoce?f76c4986c43e3664ae0f4f683ab8e197,,gx-no-cache=1773339812584 HTTP/1.1" 200 9160
190.95.67.93 - - [12/Mar/2026:15:18:56 -0300] "GET /cormun/servlet/hlogin HTTP/1.1" 200 1721
179.57.78.9 - - [12/Mar/2026:15:18:56 -0300] "POST /cormun/servlet/solicitudotadjuntos?gx-no-cache=1773339815878 HTTP/1.1" 200 26
190.95.67.93 - - [12/Mar/2026:15:18:56 -0300] "GET /favicon.ico HTTP/1.1" 200 21630
179.57.78.9 - - [12/Mar/2026:15:19:02 -0300] "GET /cormun/servlet/solicitudotadjuntos?f8dc5f9852e026f374ce0c141a9855c6bd36433cd408bcdcb40483babbb6909f,gx-no-cache=1773339821509 HTTP/1.1" 200 30
179.57.78.9 - - [12/Mar/2026:15:19:02 -0300] "GET /cormun/servlet/solicitudotadjuntos?f8dc5f9852e026f374ce0c141a9855c6bd36433cd408bcdcb40483babbb6909f,gx-no-cache=1773339821523 HTTP/1.1" 200 30
179.57.78.9 - - [12/Mar/2026:15:19:02 -0300] "POST /cormun/servlet/solicitudotadjuntos?2f5ae786e464f1965b05a90329a4bec5,INS,2026,23248,,1, HTTP/1.1" 200 116
179.57.78.9 - - [12/Mar/2026:15:19:02 -0300] "GET /cormun/servlet/hpexe_return? HTTP/1.1" 200 1027
179.57.78.9 - - [12/Mar/2026:15:19:02 -0300] "GET /cormun/servlet/trsolicitudadjuntos?2026,23248, HTTP/1.1" 200 10206
179.57.78.55 - - [12/Mar/2026:15:19:03 -0300] "GET /cormun/servlet/trpermisosadjuntos?19679348,20260304093559,P, HTTP/1.1" 200 6293
179.57.78.55 - - [12/Mar/2026:15:19:05 -0300] "GET /cormun/servlet/permisosadjuntos?INS,19679348,P,20260304093559,, HTTP/1.1" 200 5617
179.57.78.55 - - [12/Mar/2026:15:19:05 -0300] "GET /cormun/static/about:blank HTTP/1.1" 404 1011
179.57.78.9 - - [12/Mar/2026:15:19:06 -0300] "GET /cormun/servlet/solicitudotadjuntos?INS,2026,23248,,1, HTTP/1.1" 200 6399
179.57.78.9 - - [12/Mar/2026:15:19:06 -0300] "GET /cormun/static/about:blank HTTP/1.1" 404 1011
179.57.78.9 - - [12/Mar/2026:15:19:07 -0300] "GET /cormun/servlet/solicitudotadjuntos?f8dc5f9852e026f374ce0c141a9855c6fa9e6aa96c6b7eb65507a6f23804ffa3b0377dfc08a077b311b6610b1aaf28a0,gx-no-cache=1773339826245 HTTP/1.1" 200 30
179.57.78.9 - - [12/Mar/2026:15:19:07 -0300] "POST /cormun/servlet/solicitudotadjuntos?2f5ae786e464f1965b05a90329a4bec5,INS,2026,23248,,1,,gx-no-cache=1773339826264 HTTP/1.1" 200 4187
179.57.78.9 - - [12/Mar/2026:15:19:09 -0300] "POST /cormun/servlet/solicitudotadjuntos?gx-no-cache=1773339828109 HTTP/1.1" 200 26
179.57.78.55 - - [12/Mar/2026:15:19:12 -0300] "POST /cormun/servlet/permisosadjuntos?f76c4986c43e3664ae0f4f683ab8e197,INS,19679348,P,20260304093559,, HTTP/1.1" 200 116
179.57.78.55 - - [12/Mar/2026:15:19:12 -0300] "GET /cormun/servlet/hpexe_return? HTTP/1.1" 200 1033
179.57.78.55 - - [12/Mar/2026:15:19:13 -0300] "GET /cormun/servlet/trpermisosadjuntos?19679348,20260304093559,P, HTTP/1.1" 200 6795
179.57.78.55 - - [12/Mar/2026:15:19:14 -0300] "GET /cormun/servlet/trpermisosgoce? HTTP/1.1" 200 11909
179.57.78.9 - - [12/Mar/2026:15:19:15 -0300] "GET /cormun/servlet/solicitudotadjuntos?f8dc5f9852e026f374ce0c141a9855c6bd36433cd408bcdcb40483babbb6909f,gx-no-cache=1773339834533 HTTP/1.1" 200 30
179.57.78.9 - - [12/Mar/2026:15:19:15 -0300] "GET /cormun/servlet/solicitudotadjuntos?f8dc5f9852e026f374ce0c141a9855c6bd36433cd408bcdcb40483babbb6909f,gx-no-cache=1773339834548 HTTP/1.1" 200 30
179.57.78.9 - - [12/Mar/2026:15:19:15 -0300] "POST /cormun/servlet/solicitudotadjuntos?2f5ae786e464f1965b05a90329a4bec5,INS,2026,23248,,1, HTTP/1.1" 200 6621
179.57.78.9 - - [12/Mar/2026:15:19:15 -0300] "GET /cormun/static/Shared/jqueryui/images/ui-bg_highlight-soft_100_c6c2c8_1x100.png HTTP/1.1" 404 1117
179.57.78.9 - - [12/Mar/2026:15:19:15 -0300] "GET /cormun/static/Shared/jqueryui/images/ui-icons_82798d_256x240.png HTTP/1.1" 404 1089
179.57.78.9 - - [12/Mar/2026:15:19:15 -0300] "GET /cormun/static/Shared/jqueryui/images/ui-bg_flat_55_994d53_40x100.png HTTP/1.1" 404 1097
179.57.78.9 - - [12/Mar/2026:15:19:15 -0300] "GET /cormun/static/Shared/jqueryui/images/ui-icons_ebccce_256x240.png HTTP/1.1" 404 1089
179.57.78.9 - - [12/Mar/2026:15:19:15 -0300] "GET /cormun/PrivateTempStorage/upload_00004609.pdf HTTP/1.1" 200 438725
179.57.78.55 - - [12/Mar/2026:15:19:22 -0300] "POST /cormun/servlet/trpermisosgoce?f76c4986c43e3664ae0f4f683ab8e197,,gx-no-cache=1773339839911 HTTP/1.1" 200 9113
179.57.78.55 - - [12/Mar/2026:15:19:26 -0300] "GET /cormun/servlet/trpermisosadjuntos?18376653,20260305080426,P, HTTP/1.1" 200 6296
179.57.78.55 - - [12/Mar/2026:15:19:27 -0300] "GET /cormun/servlet/permisosadjuntos?INS,18376653,P,20260305080426,, HTTP/1.1" 200 5621
179.57.78.55 - - [12/Mar/2026:15:19:28 -0300] "GET /cormun/static/about:blank HTTP/1.1" 404 1011
179.57.78.55 - - [12/Mar/2026:15:19:34 -0300] "POST /cormun/servlet/permisosadjuntos?f76c4986c43e3664ae0f4f683ab8e197,INS,18376653,P,20260305080426,, HTTP/1.1" 200 116
179.57.78.55 - - [12/Mar/2026:15:19:34 -0300] "GET /cormun/servlet/hpexe_return? HTTP/1.1" 200 1034
179.57.78.55 - - [12/Mar/2026:15:19:34 -0300] "GET /cormun/servlet/trpermisosadjuntos?18376653,20260305080426,P, HTTP/1.1" 200 6825
179.57.78.55 - - [12/Mar/2026:15:19:36 -0300] "GET /cormun/servlet/trpermisosgoce? HTTP/1.1" 200 11892
179.57.78.9 - - [12/Mar/2026:15:19:37 -0300] "POST /cormun/servlet/solicitudotadjuntos?gx-no-cache=1773339856014 HTTP/1.1" 200 26
179.57.78.55 - - [12/Mar/2026:15:19:39 -0300] "POST /cormun/servlet/trpermisosgoce?f76c4986c43e3664ae0f4f683ab8e197,,gx-no-cache=1773339857783 HTTP/1.1" 200 9107
201.186.225.191 - - [12/Mar/2026:15:19:40 -0300] "GET /cormun/servlet/trpermisosgoce? HTTP/1.1" 200 7138
179.57.78.9 - - [12/Mar/2026:15:19:42 -0300] "GET /cormun/servlet/solicitudotadjuntos?f8dc5f9852e026f374ce0c141a9855c616f47443aa27173c907c4bded64e404e0ad635fd6ecc97929a95b23d3af9de42,gx-no-cache=1773339861749 HTTP/1.1" 200 30
179.57.78.9 - - [12/Mar/2026:15:19:42 -0300] "GET /cormun/servlet/solicitudotadjuntos?f8dc5f9852e026f374ce0c141a9855c6caf76f921ebe363dce32db11c4d29d420ad635fd6ecc97929a95b23d3af9de42,gx-no-cache=1773339861765 HTTP/1.1" 200 30
179.57.78.9 - - [12/Mar/2026:15:19:42 -0300] "POST /cormun/servlet/solicitudotadjuntos?2f5ae786e464f1965b05a90329a4bec5,INS,2026,23248,,1, HTTP/1.1" 200 6626
179.57.78.9 - - [12/Mar/2026:15:19:43 -0300] "GET /cormun/PrivateTempStorage/upload_00004626.pdf HTTP/1.1" 200 677712
190.95.67.91 - - [12/Mar/2026:15:19:46 -0300] "POST /cormun/servlet/solicitudot?gx-no-cache=1773339865673 HTTP/1.1" 200 255
179.57.78.9 - - [12/Mar/2026:15:19:47 -0300] "POST /cormun/servlet/solicitudotadjuntos?gx-no-cache=1773339866246 HTTP/1.1" 200 26
190.95.67.91 - - [12/Mar/2026:15:19:48 -0300] "GET /cormun/servlet/solicitudot?3a573b35a72c811a9e959431d3a3127d73321e0766bb826ac43559797938b6d78317787000024aff18bb33261478bab1547c190db3ec72b30d1032e248de9b225ce8ad7c559f46e29970ce546018457aa999b122ca955bd15224c8fb206846d7665e4765950bfbae6c2d999abc44436a1eef9efd3701818deba8658b3e81a57fff29d97656222c4f9e374ee6255cfa94e45904f8833c9601436c138fc90e298753583c1cbf8d1816ae9e683113df3b8dbe1cd655926445c99863603b943352d2bb5af50a44b70ecf1bd64139610f72f9052e9facc669935e24a2bbb989a3b54e30d2526d6e6b45e528226dde78c917d566f358b5967f02f29bd530c969e5fd22d238a082aea1fd227bedc005a2dcf11bb922b73a5f5fd33e459d4c8f7202e7bf6c10ef0b01b64733e9c6669275613e67f3c05bcc83d5ef76861a698f0c015774164b79d88c37c95c2ffd5d367c243686d305d8c7471f2a554da976aacf03d41ea98a4ddde55d4a5ef1065717b721f00525a3640c1827caf887d527986deb6610,gx-no-cache=1773339867706 HTTP/1.1" 200 30
190.95.67.91 - - [12/Mar/2026:15:19:50 -0300] "POST /cormun/servlet/solicitudot?gx-no-cache=1773339870281 HTTP/1.1" 200 30
190.95.67.91 - - [12/Mar/2026:15:19:51 -0300] "POST /cormun/servlet/solicitudot?gx-no-cache=1773339871077 HTTP/1.1" 200 1479
190.95.67.91 - - [12/Mar/2026:15:19:51 -0300] "POST /cormun/servlet/solicitudot?gx-no-cache=1773339871103 HTTP/1.1" 200 38
179.57.78.9 - - [12/Mar/2026:15:19:52 -0300] "GET /cormun/servlet/solicitudotadjuntos?f8dc5f9852e026f374ce0c141a9855c6caf76f921ebe363dce32db11c4d29d420ad635fd6ecc97929a95b23d3af9de42,gx-no-cache=1773339871373 HTTP/1.1" 200 30
179.57.78.9 - - [12/Mar/2026:15:19:52 -0300] "GET /cormun/servlet/solicitudotadjuntos?f8dc5f9852e026f374ce0c141a9855c6caf76f921ebe363dce32db11c4d29d420ad635fd6ecc97929a95b23d3af9de42,gx-no-cache=1773339871386 HTTP/1.1" 200 30
179.57.78.9 - - [12/Mar/2026:15:19:52 -0300] "POST /cormun/servlet/solicitudotadjuntos?2f5ae786e464f1965b05a90329a4bec5,INS,2026,23248,,1, HTTP/1.1" 200 116
179.57.78.9 - - [12/Mar/2026:15:19:52 -0300] "GET /cormun/servlet/hpexe_return? HTTP/1.1" 200 1027
179.57.78.9 - - [12/Mar/2026:15:19:52 -0300] "GET /cormun/servlet/trsolicitudadjuntos?2026,23248, HTTP/1.1" 200 10542
179.57.78.9 - - [12/Mar/2026:15:20:00 -0300] "GET /cormun/servlet/solicitudotadjuntos?INS,2026,23248,,1, HTTP/1.1" 200 6399
179.57.78.9 - - [12/Mar/2026:15:20:00 -0300] "GET /cormun/static/about:blank HTTP/1.1" 404 1011
179.57.78.9 - - [12/Mar/2026:15:20:01 -0300] "GET /cormun/servlet/solicitudotadjuntos?f8dc5f9852e026f374ce0c141a9855c6fa9e6aa96c6b7eb65507a6f23804ffa3b0377dfc08a077b311b6610b1aaf28a0,gx-no-cache=1773339880037 HTTP/1.1" 200 30
179.57.78.9 - - [12/Mar/2026:15:20:01 -0300] "POST /cormun/servlet/solicitudotadjuntos?2f5ae786e464f1965b05a90329a4bec5,INS,2026,23248,,1,,gx-no-cache=1773339880055 HTTP/1.1" 200 4187
201.186.225.183 - - [12/Mar/2026:15:20:01 -0300] "GET /cormun/servlet/trlicencias? HTTP/1.1" 200 6048
201.186.225.183 - - [12/Mar/2026:15:20:01 -0300] "GET /cormun/servlet/hlogin HTTP/1.1" 200 1735
179.57.78.9 - - [12/Mar/2026:15:20:07 -0300] "POST /cormun/servlet/solicitudotadjuntos?gx-no-cache=1773339886358 HTTP/1.1" 200 26
201.186.225.183 - - [12/Mar/2026:15:20:07 -0300] "POST /cormun/servlet/hlogin?5e21a6bb759c19a72faf7c54893dee2a,gx-no-cache=1773339886730 HTTP/1.1" 200 90
201.186.225.183 - - [12/Mar/2026:15:20:07 -0300] "GET /cormun/servlet/hpexe_link HTTP/1.1" 200 950
201.186.225.183 - - [12/Mar/2026:15:20:08 -0300] "GET /cormun/servlet/hhome HTTP/1.1" 200 3964
201.186.225.183 - - [12/Mar/2026:15:20:12 -0300] "GET /cormun/servlet/trlicencias? HTTP/1.1" 200 9636
179.57.78.9 - - [12/Mar/2026:15:20:13 -0300] "GET /cormun/servlet/solicitudotadjuntos?f8dc5f9852e026f374ce0c141a9855c6bd36433cd408bcdcb40483babbb6909f,gx-no-cache=1773339892325 HTTP/1.1" 200 30
179.57.78.9 - - [12/Mar/2026:15:20:13 -0300] "GET /cormun/servlet/solicitudotadjuntos?f8dc5f9852e026f374ce0c141a9855c6bd36433cd408bcdcb40483babbb6909f,gx-no-cache=1773339892338 HTTP/1.1" 200 30
179.57.78.9 - - [12/Mar/2026:15:20:13 -0300] "POST /cormun/servlet/solicitudotadjuntos?2f5ae786e464f1965b05a90329a4bec5,INS,2026,23248,,1, HTTP/1.1" 200 6619
179.57.78.9 - - [12/Mar/2026:15:20:13 -0300] "GET /cormun/PrivateTempStorage/upload_00004650.pdf HTTP/1.1" 200 438725
201.186.225.191 - - [12/Mar/2026:15:20:17 -0300] "GET /cormun/servlet/permisogoce?INS,0,,, HTTP/1.1" 200 7079
179.57.78.9 - - [12/Mar/2026:15:20:20 -0300] "POST /cormun/servlet/solicitudotadjuntos?2f5ae786e464f1965b05a90329a4bec5,INS,2026,23248,,1, HTTP/1.1" 200 116
179.57.78.9 - - [12/Mar/2026:15:20:20 -0300] "GET /cormun/servlet/hpexe_return? HTTP/1.1" 200 1027
179.57.78.9 - - [12/Mar/2026:15:20:20 -0300] "GET /cormun/servlet/trsolicitudadjuntos?2026,23248, HTTP/1.1" 200 10542
201.186.225.191 - - [12/Mar/2026:15:20:22 -0300] "GET /cormun/servlet/permisogoce?9cc35c5bd57487120a44264f72086c39fab5713906f43bccc037aca76d2c8edc8a9e2ac3669bc8b6cbd1796e062bc22807b56993ef64e30ace7f490e1af3d8f3,gx-no-cache=1773339901443 HTTP/1.1" 200 200
201.186.225.191 - - [12/Mar/2026:15:20:22 -0300] "GET /cormun/static/Shared/jqueryui/images/ui-bg_highlight-soft_100_c6c2c8_1x100.png HTTP/1.1" 404 1117
201.186.225.191 - - [12/Mar/2026:15:20:22 -0300] "GET /cormun/static/Shared/jqueryui/images/ui-icons_82798d_256x240.png HTTP/1.1" 404 1089
201.186.225.191 - - [12/Mar/2026:15:20:22 -0300] "GET /cormun/static/Shared/jqueryui/images/ui-bg_flat_55_994d53_40x100.png HTTP/1.1" 404 1097
201.186.225.191 - - [12/Mar/2026:15:20:22 -0300] "GET /cormun/static/Shared/jqueryui/images/ui-icons_ebccce_256x240.png HTTP/1.1" 404 1089
179.57.78.9 - - [12/Mar/2026:15:20:22 -0300] "GET /cormun/PublicTempStorage/isapre7810718.pdf HTTP/1.1" 200 446151
190.95.67.91 - - [12/Mar/2026:15:20:25 -0300] "GET /cormun/servlet/solicitudot?3a573b35a72c811a9e959431d3a3127d2135040930f4ba9d9d732348ad48539e9785cb9dd6435a15fed16d4b7aaff07b2f3b359078563ad1469c891e60506f24e810f3345adfa3d5789db975fb8ac608063a7cbb121ada625d1def5a3ac16b269ab629c75c2e0a63e8671be5dc0f372c,gx-no-cache=1773339904987 HTTP/1.1" 200 110
201.186.225.191 - - [12/Mar/2026:15:20:26 -0300] "GET /cormun/servlet/permisogoce?9cc35c5bd57487120a44264f72086c39fab5713906f43bccc037aca76d2c8edc8a9e2ac3669bc8b6cbd1796e062bc22807b56993ef64e30ace7f490e1af3d8f3,gx-no-cache=1773339904987 HTTP/1.1" 200 200
201.186.225.191 - - [12/Mar/2026:15:20:33 -0300] "GET /cormun/servlet/permisogoce?9cc35c5bd57487120a44264f72086c394244a3bff363990875faa842f9ed07c85505c24781160377687873ea2e8b32b6ceb59aba954a68276096e425fb3e2fae,gx-no-cache=1773339911748 HTTP/1.1" 200 46
179.57.78.9 - - [12/Mar/2026:15:20:35 -0300] "GET /cormun/servlet/hlogin HTTP/1.1" 200 1720
179.57.78.9 - - [12/Mar/2026:15:20:37 -0300] "POST /cormun/servlet/hlogin?2f5ae786e464f1965b05a90329a4bec5,gx-no-cache=1773339916950 HTTP/1.1" 200 90
179.57.78.9 - - [12/Mar/2026:15:20:37 -0300] "GET /cormun/servlet/hpexe_link HTTP/1.1" 200 972
179.57.78.9 - - [12/Mar/2026:15:20:38 -0300] "GET /cormun/servlet/trsolicitudadjuntos?2026,23248, HTTP/1.1" 200 10539
179.57.78.9 - - [12/Mar/2026:15:20:40 -0300] "GET /cormun/PublicTempStorage/cedula8568052.pdf HTTP/1.1" 200 649015
179.57.78.9 - - [12/Mar/2026:15:20:45 -0300] "GET /cormun/servlet/trsolicitudadjuntos?2026,23248, HTTP/1.1" 200 10539
179.57.78.9 - - [12/Mar/2026:15:20:47 -0300] "GET /cormun/PublicTempStorage/isapre3650252.pdf HTTP/1.1" 200 446151
179.57.78.9 - - [12/Mar/2026:15:20:50 -0300] "GET /cormun/servlet/trsolicitudadjuntos?2026,23248, HTTP/1.1" 200 10538
179.57.78.9 - - [12/Mar/2026:15:20:52 -0300] "GET /cormun/PublicTempStorage/antecedentes7885223.pdf HTTP/1.1" 200 677712
179.57.78.9 - - [12/Mar/2026:15:20:56 -0300] "GET /cormun/servlet/trsolicitudadjuntos?2026,23248, HTTP/1.1" 200 10538
201.186.225.191 - - [12/Mar/2026:15:20:58 -0300] "GET /cormun/servlet/permisogoce?9cc35c5bd57487120a44264f72086c399e3bf54109f83468901a6efeccd7a83d259325bb21d27e5d24fcebe983df3e33485961c80adf37d1852708a021d02353,gx-no-cache=1773339936930 HTTP/1.1" 200 172
201.186.225.191 - - [12/Mar/2026:15:20:58 -0300] "POST /cormun/servlet/permisogoce?0d12109b4c09ebba26d50a072fda852d,INS,0,,,,gx-no-cache=1773339937009 HTTP/1.1" 200 4753
179.57.78.9 - - [12/Mar/2026:15:20:59 -0300] "GET /cormun/PublicTempStorage/curriculum2802665.pdf HTTP/1.1" 200 821578
179.57.78.9 - - [12/Mar/2026:15:21:02 -0300] "GET /cormun/servlet/trsolicitudadjuntos?2026,23248, HTTP/1.1" 200 10537
179.57.78.9 - - [12/Mar/2026:15:21:04 -0300] "GET /cormun/servlet/solicitudotadjuntos?INS,2026,23248,,1, HTTP/1.1" 200 6398
179.57.78.9 - - [12/Mar/2026:15:21:04 -0300] "GET /cormun/static/about:blank HTTP/1.1" 404 1011
179.57.78.9 - - [12/Mar/2026:15:21:05 -0300] "GET /cormun/servlet/solicitudotadjuntos?f8dc5f9852e026f374ce0c141a9855c6fa9e6aa96c6b7eb65507a6f23804ffa3b0377dfc08a077b311b6610b1aaf28a0,gx-no-cache=1773339944206 HTTP/1.1" 200 30
179.57.78.9 - - [12/Mar/2026:15:21:05 -0300] "POST /cormun/servlet/solicitudotadjuntos?2f5ae786e464f1965b05a90329a4bec5,INS,2026,23248,,1,,gx-no-cache=1773339944224 HTTP/1.1" 200 4185
179.57.78.9 - - [12/Mar/2026:15:21:08 -0300] "POST /cormun/servlet/solicitudotadjuntos?gx-no-cache=1773339947006 HTTP/1.1" 200 26
179.57.78.9 - - [12/Mar/2026:15:21:13 -0300] "GET /cormun/servlet/solicitudotadjuntos?f8dc5f9852e026f374ce0c141a9855c6bd36433cd408bcdcb40483babbb6909f,gx-no-cache=1773339952733 HTTP/1.1" 200 30
179.57.78.9 - - [12/Mar/2026:15:21:13 -0300] "GET /cormun/servlet/solicitudotadjuntos?f8dc5f9852e026f374ce0c141a9855c6bd36433cd408bcdcb40483babbb6909f,gx-no-cache=1773339952745 HTTP/1.1" 200 30
179.57.78.9 - - [12/Mar/2026:15:21:13 -0300] "POST /cormun/servlet/solicitudotadjuntos?2f5ae786e464f1965b05a90329a4bec5,INS,2026,23248,,1, HTTP/1.1" 200 6617
179.57.78.9 - - [12/Mar/2026:15:21:13 -0300] "GET /cormun/static/Shared/jqueryui/images/ui-bg_highlight-soft_100_c6c2c8_1x100.png HTTP/1.1" 404 1117
179.57.78.9 - - [12/Mar/2026:15:21:13 -0300] "GET /cormun/static/Shared/jqueryui/images/ui-icons_82798d_256x240.png HTTP/1.1" 404 1089
179.57.78.9 - - [12/Mar/2026:15:21:13 -0300] "GET /cormun/static/Shared/jqueryui/images/ui-icons_ebccce_256x240.png HTTP/1.1" 404 1089
179.57.78.9 - - [12/Mar/2026:15:21:13 -0300] "GET /cormun/static/Shared/jqueryui/images/ui-bg_flat_55_994d53_40x100.png HTTP/1.1" 404 1097
179.57.78.9 - - [12/Mar/2026:15:21:13 -0300] "GET /cormun/PrivateTempStorage/upload_00004674.pdf HTTP/1.1" 200 438725
179.57.78.9 - - [12/Mar/2026:15:21:26 -0300] "POST /cormun/servlet/solicitudotadjuntos?gx-no-cache=1773339965750 HTTP/1.1" 200 26
179.57.78.9 - - [12/Mar/2026:15:21:31 -0300] "GET /cormun/servlet/solicitudotadjuntos?f8dc5f9852e026f374ce0c141a9855c616f47443aa27173c907c4bded64e404e0ad635fd6ecc97929a95b23d3af9de42,gx-no-cache=1773339970798 HTTP/1.1" 200 30
179.57.78.9 - - [12/Mar/2026:15:21:31 -0300] "GET /cormun/servlet/solicitudotadjuntos?f8dc5f9852e026f374ce0c141a9855c6caf76f921ebe363dce32db11c4d29d420ad635fd6ecc97929a95b23d3af9de42,gx-no-cache=1773339970813 HTTP/1.1" 200 30
179.57.78.9 - - [12/Mar/2026:15:21:32 -0300] "POST /cormun/servlet/solicitudotadjuntos?2f5ae786e464f1965b05a90329a4bec5,INS,2026,23248,,1, HTTP/1.1" 200 116
179.57.78.9 - - [12/Mar/2026:15:21:32 -0300] "GET /cormun/servlet/hpexe_return? HTTP/1.1" 200 1027
179.57.78.9 - - [12/Mar/2026:15:21:33 -0300] "GET /cormun/servlet/trsolicitudadjuntos?2026,23248, HTTP/1.1" 200 10722
179.57.78.9 - - [12/Mar/2026:15:21:54 -0300] "GET /cormun/servlet/solicitudotadjuntos?DLT,2026,23248,CERTIF3,0, HTTP/1.1" 200 6359
179.57.78.9 - - [12/Mar/2026:15:21:54 -0300] "GET /cormun/static/Shared/jqueryui/images/ui-bg_flat_55_fafafa_40x100.png HTTP/1.1" 404 1097
179.57.78.9 - - [12/Mar/2026:15:21:54 -0300] "GET /cormun/static/Shared/jqueryui/images/ui-icons_8d78a5_256x240.png HTTP/1.1" 404 1089
179.57.78.9 - - [12/Mar/2026:15:21:54 -0300] "GET /cormun/PublicTempStorage/isapre4350799.pdf HTTP/1.1" 200 446151
190.95.67.91 - - [12/Mar/2026:15:22:24 -0300] "POST /cormun/servlet/solicitudot?gx-no-cache=1773340024347 HTTP/1.1" 200 97
190.95.67.91 - - [12/Mar/2026:15:22:31 -0300] "GET /cormun/servlet/solicitudot?3a573b35a72c811a9e959431d3a3127df713dab2f5599ab98996c92ca3449a15d2a0c50ba6e4db8c9f86f3ceac5c9217a451ad431e332232820e0f9a881ac74f930d08423fe789a1fd332be3a421bf0eb30a84aba4609d1d143b6421a671aa3b99f8ef591628143a2021ef0ce34957d5,gx-no-cache=1773340030491 HTTP/1.1" 200 29
190.95.67.91 - - [12/Mar/2026:15:22:33 -0300] "GET /cormun/static/menuarrow.gif HTTP/1.1" 404 1015
190.95.67.91 - - [12/Mar/2026:15:22:35 -0300] "GET /cormun/servlet/solicitudot?3a573b35a72c811a9e959431d3a3127d09c43fa7ab025307612bb3c0e3e66d89dffc5235dfb8dbd28af08ed8b121a7ff,gx-no-cache=1773340034884 HTTP/1.1" 200 30
179.57.78.55 - - [12/Mar/2026:15:23:28 -0300] "GET /cormun/servlet/hlogin HTTP/1.1" 200 1736
179.57.78.9 - - [12/Mar/2026:15:23:29 -0300] "POST /cormun/servlet/solicitudotadjuntos?2f5ae786e464f1965b05a90329a4bec5,DLT,2026,23248,CERTIF3,0,,gx-no-cache=1773340088399 HTTP/1.1" 200 93
179.57.78.9 - - [12/Mar/2026:15:23:29 -0300] "GET /cormun/servlet/hpexe_return? HTTP/1.1" 200 1034
179.57.78.9 - - [12/Mar/2026:15:23:29 -0300] "GET /cormun/servlet/trsolicitudadjuntos?2026,23248, HTTP/1.1" 200 10547
179.57.78.9 - - [12/Mar/2026:15:23:35 -0300] "GET /cormun/servlet/solicitudotadjuntos?INS,2026,23248,,1, HTTP/1.1" 200 6398
179.57.78.9 - - [12/Mar/2026:15:23:35 -0300] "GET /cormun/static/about:blank HTTP/1.1" 404 1011
179.57.78.9 - - [12/Mar/2026:15:23:36 -0300] "GET /cormun/servlet/solicitudotadjuntos?f8dc5f9852e026f374ce0c141a9855c6fa9e6aa96c6b7eb65507a6f23804ffa3b0377dfc08a077b311b6610b1aaf28a0,gx-no-cache=1773340095271 HTTP/1.1" 200 30
179.57.78.55 - - [12/Mar/2026:15:23:36 -0300] "POST /cormun/servlet/hlogin?f76c4986c43e3664ae0f4f683ab8e197,gx-no-cache=1773340094389 HTTP/1.1" 200 90
179.57.78.55 - - [12/Mar/2026:15:23:36 -0300] "GET /cormun/servlet/hpexe_link HTTP/1.1" 200 948
179.57.78.9 - - [12/Mar/2026:15:23:36 -0300] "POST /cormun/servlet/solicitudotadjuntos?2f5ae786e464f1965b05a90329a4bec5,INS,2026,23248,,1,,gx-no-cache=1773340095288 HTTP/1.1" 200 4186
179.57.78.55 - - [12/Mar/2026:15:23:36 -0300] "GET /cormun/servlet/hhome HTTP/1.1" 200 4253
179.57.78.55 - - [12/Mar/2026:15:23:36 -0300] "GET /cormun/static/SmoothNavMenu/resources/images/right.gif HTTP/1.1" 200 860
179.57.78.9 - - [12/Mar/2026:15:23:38 -0300] "POST /cormun/servlet/solicitudotadjuntos?gx-no-cache=1773340097318 HTTP/1.1" 200 26
179.57.78.55 - - [12/Mar/2026:15:23:40 -0300] "GET /cormun/servlet/trautorizarpermisogoce? HTTP/1.1" 200 10125
179.57.78.55 - - [12/Mar/2026:15:23:40 -0300] "GET /cormun/static/gxcfg.js?2020121645532 HTTP/1.1" 200 953
179.57.78.55 - - [12/Mar/2026:15:23:40 -0300] "GET /cormun/static/trautorizarpermisogoce.js?2020121651492 HTTP/1.1" 200 34948
179.57.78.9 - - [12/Mar/2026:15:23:43 -0300] "GET /cormun/servlet/solicitudotadjuntos?f8dc5f9852e026f374ce0c141a9855c6bd36433cd408bcdcb40483babbb6909f,gx-no-cache=1773340102573 HTTP/1.1" 200 30
179.57.78.9 - - [12/Mar/2026:15:23:43 -0300] "GET /cormun/servlet/solicitudotadjuntos?f8dc5f9852e026f374ce0c141a9855c6bd36433cd408bcdcb40483babbb6909f,gx-no-cache=1773340102596 HTTP/1.1" 200 30
179.57.78.9 - - [12/Mar/2026:15:23:44 -0300] "POST /cormun/servlet/solicitudotadjuntos?2f5ae786e464f1965b05a90329a4bec5,INS,2026,23248,,1, HTTP/1.1" 200 116
179.57.78.9 - - [12/Mar/2026:15:23:44 -0300] "GET /cormun/servlet/hpexe_return? HTTP/1.1" 200 1027
179.57.78.9 - - [12/Mar/2026:15:23:44 -0300] "GET /cormun/servlet/trsolicitudadjuntos?2026,23248, HTTP/1.1" 200 10723
179.57.78.9 - - [12/Mar/2026:15:23:48 -0300] "GET /cormun/servlet/solicitudotadjuntos?INS,2026,23248,,1, HTTP/1.1" 200 6399
179.57.78.9 - - [12/Mar/2026:15:23:48 -0300] "GET /cormun/static/about:blank HTTP/1.1" 404 1011
179.57.78.9 - - [12/Mar/2026:15:23:48 -0300] "GET /cormun/servlet/solicitudotadjuntos?f8dc5f9852e026f374ce0c141a9855c6fa9e6aa96c6b7eb65507a6f23804ffa3b0377dfc08a077b311b6610b1aaf28a0,gx-no-cache=1773340107620 HTTP/1.1" 200 30
179.57.78.9 - - [12/Mar/2026:15:23:48 -0300] "POST /cormun/servlet/solicitudotadjuntos?2f5ae786e464f1965b05a90329a4bec5,INS,2026,23248,,1,,gx-no-cache=1773340107640 HTTP/1.1" 200 4188
179.57.78.55 - - [12/Mar/2026:15:23:49 -0300] "POST /cormun/servlet/trautorizarpermisogoce?f76c4986c43e3664ae0f4f683ab8e197,,gx-no-cache=1773340107016 HTTP/1.1" 200 7295
179.57.78.9 - - [12/Mar/2026:15:23:55 -0300] "POST /cormun/servlet/solicitudotadjuntos?gx-no-cache=1773340114046 HTTP/1.1" 200 26
179.57.78.9 - - [12/Mar/2026:15:24:03 -0300] "GET /cormun/servlet/solicitudotadjuntos?f8dc5f9852e026f374ce0c141a9855c6bd36433cd408bcdcb40483babbb6909f,gx-no-cache=1773340122357 HTTP/1.1" 200 30
179.57.78.9 - - [12/Mar/2026:15:24:03 -0300] "GET /cormun/servlet/solicitudotadjuntos?f8dc5f9852e026f374ce0c141a9855c6bd36433cd408bcdcb40483babbb6909f,gx-no-cache=1773340122374 HTTP/1.1" 200 30
179.57.78.9 - - [12/Mar/2026:15:24:03 -0300] "POST /cormun/servlet/solicitudotadjuntos?2f5ae786e464f1965b05a90329a4bec5,INS,2026,23248,,1, HTTP/1.1" 200 6644
179.57.78.9 - - [12/Mar/2026:15:24:04 -0300] "GET /cormun/PrivateTempStorage/upload_00004710.pdf HTTP/1.1" 200 2442478
179.57.78.9 - - [12/Mar/2026:15:24:17 -0300] "POST /cormun/servlet/solicitudotadjuntos?2f5ae786e464f1965b05a90329a4bec5,INS,2026,23248,,1, HTTP/1.1" 200 116
179.57.78.9 - - [12/Mar/2026:15:24:17 -0300] "GET /cormun/servlet/hpexe_return? HTTP/1.1" 200 1027
179.57.78.9 - - [12/Mar/2026:15:24:17 -0300] "GET /cormun/servlet/trsolicitudadjuntos?2026,23248, HTTP/1.1" 200 10726
179.57.78.55 - - [12/Mar/2026:15:24:24 -0300] "POST /cormun/servlet/trautorizarpermisogoce?f76c4986c43e3664ae0f4f683ab8e197,,gx-no-cache=1773340141959 HTTP/1.1" 200 6894
179.57.78.9 - - [12/Mar/2026:15:24:24 -0300] "GET /cormun/servlet/solicitudotadjuntos?INS,2026,23248,,1, HTTP/1.1" 200 6399
179.57.78.9 - - [12/Mar/2026:15:24:24 -0300] "GET /cormun/static/about:blank HTTP/1.1" 404 1011
179.57.78.9 - - [12/Mar/2026:15:24:24 -0300] "GET /cormun/servlet/solicitudotadjuntos?f8dc5f9852e026f374ce0c141a9855c6fa9e6aa96c6b7eb65507a6f23804ffa3b0377dfc08a077b311b6610b1aaf28a0,gx-no-cache=1773340143999 HTTP/1.1" 200 30
179.57.78.9 - - [12/Mar/2026:15:24:25 -0300] "POST /cormun/servlet/solicitudotadjuntos?2f5ae786e464f1965b05a90329a4bec5,INS,2026,23248,,1,,gx-no-cache=1773340144015 HTTP/1.1" 200 4188
179.57.78.9 - - [12/Mar/2026:15:24:27 -0300] "POST /cormun/servlet/solicitudotadjuntos?gx-no-cache=1773340146461 HTTP/1.1" 200 26
179.57.78.55 - - [12/Mar/2026:15:24:28 -0300] "POST /cormun/servlet/trautorizarpermisogoce?f76c4986c43e3664ae0f4f683ab8e197,,gx-no-cache=1773340146791 HTTP/1.1" 200 6667
190.95.67.91 - - [12/Mar/2026:15:24:29 -0300] "POST /cormun/servlet/solicitudot?gx-no-cache=1773340149044 HTTP/1.1" 200 30
179.57.78.9 - - [12/Mar/2026:15:24:31 -0300] "GET /cormun/servlet/solicitudotadjuntos?f8dc5f9852e026f374ce0c141a9855c6bd36433cd408bcdcb40483babbb6909f,gx-no-cache=1773340150749 HTTP/1.1" 200 30
179.57.78.9 - - [12/Mar/2026:15:24:31 -0300] "GET /cormun/servlet/solicitudotadjuntos?f8dc5f9852e026f374ce0c141a9855c6bd36433cd408bcdcb40483babbb6909f,gx-no-cache=1773340150762 HTTP/1.1" 200 30
179.57.78.9 - - [12/Mar/2026:15:24:31 -0300] "POST /cormun/servlet/solicitudotadjuntos?2f5ae786e464f1965b05a90329a4bec5,INS,2026,23248,,1, HTTP/1.1" 200 116
179.57.78.9 - - [12/Mar/2026:15:24:31 -0300] "GET /cormun/servlet/hpexe_return? HTTP/1.1" 200 1027
179.57.78.9 - - [12/Mar/2026:15:24:32 -0300] "GET /cormun/servlet/trsolicitudadjuntos?2026,23248, HTTP/1.1" 200 10889
179.57.78.55 - - [12/Mar/2026:15:24:33 -0300] "POST /cormun/servlet/trautorizarpermisogoce?f76c4986c43e3664ae0f4f683ab8e197,,gx-no-cache=1773340151062 HTTP/1.1" 200 6450
179.57.78.9 - - [12/Mar/2026:15:24:37 -0300] "POST /cormun/servlet/trsolicitudadjuntos?2f5ae786e464f1965b05a90329a4bec5,2026,23248,,gx-no-cache=1773340156719 HTTP/1.1" 200 90
179.57.78.9 - - [12/Mar/2026:15:24:37 -0300] "GET /cormun/servlet/hpexe_link HTTP/1.1" 200 971
179.57.78.9 - - [12/Mar/2026:15:24:37 -0300] "GET /cormun/servlet/trsolicitudot HTTP/1.1" 200 10158
179.57.78.55 - - [12/Mar/2026:15:24:38 -0300] "POST /cormun/servlet/trautorizarpermisogoce?f76c4986c43e3664ae0f4f683ab8e197,,gx-no-cache=1773340156021 HTTP/1.1" 200 6221
179.57.78.55 - - [12/Mar/2026:15:24:40 -0300] "POST /cormun/servlet/trautorizarpermisogoce?f76c4986c43e3664ae0f4f683ab8e197,,gx-no-cache=1773340158846 HTTP/1.1" 200 5996
179.57.78.55 - - [12/Mar/2026:15:24:43 -0300] "POST /cormun/servlet/trautorizarpermisogoce?f76c4986c43e3664ae0f4f683ab8e197,,gx-no-cache=1773340161007 HTTP/1.1" 200 5766
190.95.67.91 - - [12/Mar/2026:15:24:45 -0300] "POST /cormun/servlet/solicitudot?5a9d398f7102e0c23ba88d63bb9f385c,INS,0,0,false,,gx-no-cache=1773340165098 HTTP/1.1" 200 93
190.95.67.91 - - [12/Mar/2026:15:24:45 -0300] "GET /cormun/servlet/hpexe_return? HTTP/1.1" 200 1029
190.95.67.91 - - [12/Mar/2026:15:24:45 -0300] "GET /cormun/servlet/trsolicitudot?gx-no-cache=1773339358699 HTTP/1.1" 200 9000
179.57.78.55 - - [12/Mar/2026:15:24:46 -0300] "POST /cormun/servlet/trautorizarpermisogoce?f76c4986c43e3664ae0f4f683ab8e197,,gx-no-cache=1773340164150 HTTP/1.1" 200 5533
179.57.78.9 - - [12/Mar/2026:15:24:51 -0300] "GET /cormun/servlet/trlicencias? HTTP/1.1" 200 9842
179.57.78.9 - - [12/Mar/2026:15:25:15 -0300] "GET /cormun/servlet/licenciaspermisos?DSP,17399914,L,20260303000000, HTTP/1.1" 200 7501
179.57.78.9 - - [12/Mar/2026:15:25:23 -0300] "POST /cormun/servlet/licenciaspermisos?2f5ae786e464f1965b05a90329a4bec5,DSP,17399914,L,20260303000000,,gx-no-cache=1773340202311 HTTP/1.1" 200 90
179.57.78.9 - - [12/Mar/2026:15:25:23 -0300] "GET /cormun/servlet/hpexe_link HTTP/1.1" 200 983
179.57.78.9 - - [12/Mar/2026:15:25:23 -0300] "GET /cormun/servlet/trlicencias HTTP/1.1" 200 9843
190.95.67.91 - - [12/Mar/2026:15:25:44 -0300] "POST /cormun/servlet/trsolicitudot?5a9d398f7102e0c23ba88d63bb9f385c,gx-no-cache=1773339358699,gx-no-cache=1773340223731 HTTP/1.1" 200 107
190.95.67.91 - - [12/Mar/2026:15:25:44 -0300] "GET /cormun/servlet/trsolicitudadjuntos?2026,23262, HTTP/1.1" 200 6473
190.95.67.91 - - [12/Mar/2026:15:25:47 -0300] "GET /cormun/servlet/solicitudotadjuntos?INS,2026,23262,,1, HTTP/1.1" 200 6397
190.95.67.91 - - [12/Mar/2026:15:25:47 -0300] "GET /cormun/static/about:blank HTTP/1.1" 404 1011
190.95.67.91 - - [12/Mar/2026:15:25:48 -0300] "GET /cormun/servlet/solicitudotadjuntos?3a573b35a72c811a9e959431d3a3127d062fcfe7be73583539a51a468811d34101c497b8a0f64ee9ed179a2015eeeb46,gx-no-cache=1773340227549 HTTP/1.1" 200 30
190.95.67.91 - - [12/Mar/2026:15:25:48 -0300] "POST /cormun/servlet/solicitudotadjuntos?5a9d398f7102e0c23ba88d63bb9f385c,INS,2026,23262,,1,,gx-no-cache=1773340227561 HTTP/1.1" 200 4186
190.95.67.91 - - [12/Mar/2026:15:25:50 -0300] "POST /cormun/servlet/solicitudotadjuntos?gx-no-cache=1773340230114 HTTP/1.1" 200 26
190.95.67.91 - - [12/Mar/2026:15:26:02 -0300] "GET /cormun/servlet/solicitudotadjuntos?3a573b35a72c811a9e959431d3a3127da3a20b03f91f8433598d7fa860bd2da5,gx-no-cache=1773340241568 HTTP/1.1" 200 30
190.95.67.91 - - [12/Mar/2026:15:26:02 -0300] "GET /cormun/servlet/solicitudotadjuntos?3a573b35a72c811a9e959431d3a3127da3a20b03f91f8433598d7fa860bd2da5,gx-no-cache=1773340241578 HTTP/1.1" 200 30
190.95.67.91 - - [12/Mar/2026:15:26:02 -0300] "POST /cormun/servlet/solicitudotadjuntos?5a9d398f7102e0c23ba88d63bb9f385c,INS,2026,23262,,1, HTTP/1.1" 200 116
190.95.67.91 - - [12/Mar/2026:15:26:02 -0300] "GET /cormun/servlet/hpexe_return? HTTP/1.1" 200 1026
190.95.67.91 - - [12/Mar/2026:15:26:02 -0300] "GET /cormun/servlet/trsolicitudadjuntos?2026,23262, HTTP/1.1" 200 9710
190.95.67.91 - - [12/Mar/2026:15:26:03 -0300] "GET /cormun/servlet/solicitudotadjuntos?INS,2026,23262,,1, HTTP/1.1" 200 6397
190.95.67.91 - - [12/Mar/2026:15:26:03 -0300] "GET /cormun/static/about:blank HTTP/1.1" 404 1011
190.95.67.91 - - [12/Mar/2026:15:26:04 -0300] "GET /cormun/servlet/solicitudotadjuntos?3a573b35a72c811a9e959431d3a3127d062fcfe7be73583539a51a468811d34101c497b8a0f64ee9ed179a2015eeeb46,gx-no-cache=1773340243896 HTTP/1.1" 200 30
190.95.67.91 - - [12/Mar/2026:15:26:04 -0300] "POST /cormun/servlet/solicitudotadjuntos?5a9d398f7102e0c23ba88d63bb9f385c,INS,2026,23262,,1,,gx-no-cache=1773340243908 HTTP/1.1" 200 4186
190.95.67.91 - - [12/Mar/2026:15:26:05 -0300] "POST /cormun/servlet/solicitudotadjuntos?gx-no-cache=1773340245409 HTTP/1.1" 200 26
190.95.67.91 - - [12/Mar/2026:15:26:10 -0300] "GET /cormun/servlet/solicitudotadjuntos?3a573b35a72c811a9e959431d3a3127da3a20b03f91f8433598d7fa860bd2da5,gx-no-cache=1773340250280 HTTP/1.1" 200 30
190.95.67.91 - - [12/Mar/2026:15:26:10 -0300] "GET /cormun/servlet/solicitudotadjuntos?3a573b35a72c811a9e959431d3a3127da3a20b03f91f8433598d7fa860bd2da5,gx-no-cache=1773340250290 HTTP/1.1" 200 30
190.95.67.91 - - [12/Mar/2026:15:26:10 -0300] "POST /cormun/servlet/solicitudotadjuntos?5a9d398f7102e0c23ba88d63bb9f385c,INS,2026,23262,,1, HTTP/1.1" 200 116
190.95.67.91 - - [12/Mar/2026:15:26:10 -0300] "GET /cormun/servlet/hpexe_return? HTTP/1.1" 200 1026
190.95.67.91 - - [12/Mar/2026:15:26:11 -0300] "GET /cormun/servlet/trsolicitudadjuntos?2026,23262, HTTP/1.1" 200 10003
190.95.67.91 - - [12/Mar/2026:15:26:12 -0300] "GET /cormun/servlet/solicitudotadjuntos?INS,2026,23262,,1, HTTP/1.1" 200 6397
190.95.67.91 - - [12/Mar/2026:15:26:13 -0300] "GET /cormun/static/about:blank HTTP/1.1" 404 1011
190.95.67.91 - - [12/Mar/2026:15:26:13 -0300] "GET /cormun/servlet/solicitudotadjuntos?3a573b35a72c811a9e959431d3a3127d062fcfe7be73583539a51a468811d34101c497b8a0f64ee9ed179a2015eeeb46,gx-no-cache=1773340253001 HTTP/1.1" 200 30
190.95.67.91 - - [12/Mar/2026:15:26:13 -0300] "POST /cormun/servlet/solicitudotadjuntos?5a9d398f7102e0c23ba88d63bb9f385c,INS,2026,23262,,1,,gx-no-cache=1773340253012 HTTP/1.1" 200 4186
190.95.67.91 - - [12/Mar/2026:15:26:15 -0300] "POST /cormun/servlet/solicitudotadjuntos?gx-no-cache=1773340254737 HTTP/1.1" 200 26
190.95.67.91 - - [12/Mar/2026:15:26:20 -0300] "GET /cormun/servlet/solicitudotadjuntos?3a573b35a72c811a9e959431d3a3127da3a20b03f91f8433598d7fa860bd2da5,gx-no-cache=1773340260040 HTTP/1.1" 200 30
190.95.67.91 - - [12/Mar/2026:15:26:20 -0300] "GET /cormun/servlet/solicitudotadjuntos?3a573b35a72c811a9e959431d3a3127da3a20b03f91f8433598d7fa860bd2da5,gx-no-cache=1773340260050 HTTP/1.1" 200 30
190.95.67.91 - - [12/Mar/2026:15:26:20 -0300] "POST /cormun/servlet/solicitudotadjuntos?5a9d398f7102e0c23ba88d63bb9f385c,INS,2026,23262,,1, HTTP/1.1" 200 116
190.95.67.91 - - [12/Mar/2026:15:26:20 -0300] "GET /cormun/servlet/hpexe_return? HTTP/1.1" 200 1026
190.95.67.91 - - [12/Mar/2026:15:26:20 -0300] "GET /cormun/servlet/trsolicitudadjuntos?2026,23262, HTTP/1.1" 200 10265
190.95.67.91 - - [12/Mar/2026:15:26:22 -0300] "GET /cormun/servlet/solicitudotadjuntos?INS,2026,23262,,1, HTTP/1.1" 200 6397
190.95.67.91 - - [12/Mar/2026:15:26:22 -0300] "GET /cormun/static/about:blank HTTP/1.1" 404 1011
190.95.67.91 - - [12/Mar/2026:15:26:23 -0300] "GET /cormun/servlet/solicitudotadjuntos?3a573b35a72c811a9e959431d3a3127d062fcfe7be73583539a51a468811d34101c497b8a0f64ee9ed179a2015eeeb46,gx-no-cache=1773340262633 HTTP/1.1" 200 30
190.95.67.91 - - [12/Mar/2026:15:26:23 -0300] "POST /cormun/servlet/solicitudotadjuntos?5a9d398f7102e0c23ba88d63bb9f385c,INS,2026,23262,,1,,gx-no-cache=1773340262646 HTTP/1.1" 200 4186
190.95.67.91 - - [12/Mar/2026:15:26:25 -0300] "POST /cormun/servlet/solicitudotadjuntos?gx-no-cache=1773340264841 HTTP/1.1" 200 26
190.95.67.91 - - [12/Mar/2026:15:26:31 -0300] "GET /cormun/servlet/solicitudotadjuntos?3a573b35a72c811a9e959431d3a3127da3a20b03f91f8433598d7fa860bd2da5,gx-no-cache=1773340271080 HTTP/1.1" 200 30
190.95.67.91 - - [12/Mar/2026:15:26:31 -0300] "GET /cormun/servlet/solicitudotadjuntos?3a573b35a72c811a9e959431d3a3127da3a20b03f91f8433598d7fa860bd2da5,gx-no-cache=1773340271090 HTTP/1.1" 200 30
190.95.67.91 - - [12/Mar/2026:15:26:31 -0300] "POST /cormun/servlet/solicitudotadjuntos?5a9d398f7102e0c23ba88d63bb9f385c,INS,2026,23262,,1, HTTP/1.1" 200 116
190.95.67.91 - - [12/Mar/2026:15:26:31 -0300] "GET /cormun/servlet/hpexe_return? HTTP/1.1" 200 1026
190.95.67.91 - - [12/Mar/2026:15:26:31 -0300] "GET /cormun/servlet/trsolicitudadjuntos?2026,23262, HTTP/1.1" 200 10633
190.95.67.91 - - [12/Mar/2026:15:26:33 -0300] "GET /cormun/servlet/solicitudotadjuntos?INS,2026,23262,,1, HTTP/1.1" 200 6397
190.95.67.91 - - [12/Mar/2026:15:26:33 -0300] "GET /cormun/static/about:blank HTTP/1.1" 404 1011
190.95.67.91 - - [12/Mar/2026:15:26:34 -0300] "GET /cormun/servlet/solicitudotadjuntos?3a573b35a72c811a9e959431d3a3127d062fcfe7be73583539a51a468811d34101c497b8a0f64ee9ed179a2015eeeb46,gx-no-cache=1773340273902 HTTP/1.1" 200 30
190.95.67.91 - - [12/Mar/2026:15:26:34 -0300] "POST /cormun/servlet/solicitudotadjuntos?5a9d398f7102e0c23ba88d63bb9f385c,INS,2026,23262,,1,,gx-no-cache=1773340273922 HTTP/1.1" 200 4186
190.95.67.91 - - [12/Mar/2026:15:26:36 -0300] "POST /cormun/servlet/solicitudotadjuntos?gx-no-cache=1773340276081 HTTP/1.1" 200 26
190.95.67.91 - - [12/Mar/2026:15:26:40 -0300] "GET /cormun/servlet/solicitudotadjuntos?3a573b35a72c811a9e959431d3a3127da3a20b03f91f8433598d7fa860bd2da5,gx-no-cache=1773340279848 HTTP/1.1" 200 30
190.95.67.91 - - [12/Mar/2026:15:26:40 -0300] "GET /cormun/servlet/solicitudotadjuntos?3a573b35a72c811a9e959431d3a3127da3a20b03f91f8433598d7fa860bd2da5,gx-no-cache=1773340279858 HTTP/1.1" 200 30
190.95.67.91 - - [12/Mar/2026:15:26:40 -0300] "POST /cormun/servlet/solicitudotadjuntos?5a9d398f7102e0c23ba88d63bb9f385c,INS,2026,23262,,1, HTTP/1.1" 200 116
190.95.67.91 - - [12/Mar/2026:15:26:40 -0300] "GET /cormun/servlet/hpexe_return? HTTP/1.1" 200 1026
190.95.67.91 - - [12/Mar/2026:15:26:40 -0300] "GET /cormun/servlet/trsolicitudadjuntos?2026,23262, HTTP/1.1" 200 10865
190.95.67.91 - - [12/Mar/2026:15:26:42 -0300] "GET /cormun/servlet/solicitudotadjuntos?INS,2026,23262,,1, HTTP/1.1" 200 6397
190.95.67.91 - - [12/Mar/2026:15:26:42 -0300] "GET /cormun/static/about:blank HTTP/1.1" 404 1011
190.95.67.91 - - [12/Mar/2026:15:26:43 -0300] "GET /cormun/servlet/solicitudotadjuntos?3a573b35a72c811a9e959431d3a3127d062fcfe7be73583539a51a468811d34101c497b8a0f64ee9ed179a2015eeeb46,gx-no-cache=1773340282704 HTTP/1.1" 200 30
190.95.67.91 - - [12/Mar/2026:15:26:43 -0300] "POST /cormun/servlet/solicitudotadjuntos?5a9d398f7102e0c23ba88d63bb9f385c,INS,2026,23262,,1,,gx-no-cache=1773340282716 HTTP/1.1" 200 4186
190.95.67.91 - - [12/Mar/2026:15:26:45 -0300] "POST /cormun/servlet/solicitudotadjuntos?gx-no-cache=1773340284912 HTTP/1.1" 200 26
190.95.67.91 - - [12/Mar/2026:15:26:50 -0300] "GET /cormun/servlet/solicitudotadjuntos?3a573b35a72c811a9e959431d3a3127da3a20b03f91f8433598d7fa860bd2da5,gx-no-cache=1773340290392 HTTP/1.1" 200 30
190.95.67.91 - - [12/Mar/2026:15:26:50 -0300] "GET /cormun/servlet/solicitudotadjuntos?3a573b35a72c811a9e959431d3a3127da3a20b03f91f8433598d7fa860bd2da5,gx-no-cache=1773340290402 HTTP/1.1" 200 30
190.95.67.91 - - [12/Mar/2026:15:26:51 -0300] "POST /cormun/servlet/solicitudotadjuntos?5a9d398f7102e0c23ba88d63bb9f385c,INS,2026,23262,,1, HTTP/1.1" 200 116
190.95.67.91 - - [12/Mar/2026:15:26:51 -0300] "GET /cormun/servlet/hpexe_return? HTTP/1.1" 200 1026
190.95.67.91 - - [12/Mar/2026:15:26:51 -0300] "GET /cormun/servlet/trsolicitudadjuntos?2026,23262, HTTP/1.1" 200 11110
190.95.67.91 - - [12/Mar/2026:15:26:53 -0300] "GET /cormun/servlet/solicitudotadjuntos?INS,2026,23262,,2, HTTP/1.1" 200 6394
190.95.67.91 - - [12/Mar/2026:15:26:53 -0300] "GET /cormun/static/about:blank HTTP/1.1" 404 1011
190.95.67.91 - - [12/Mar/2026:15:26:53 -0300] "GET /cormun/servlet/solicitudotadjuntos?3a573b35a72c811a9e959431d3a3127d062fcfe7be73583539a51a468811d34101c497b8a0f64ee9ed179a2015eeeb46,gx-no-cache=1773340293237 HTTP/1.1" 200 30
190.95.67.91 - - [12/Mar/2026:15:26:53 -0300] "POST /cormun/servlet/solicitudotadjuntos?5a9d398f7102e0c23ba88d63bb9f385c,INS,2026,23262,,2,,gx-no-cache=1773340293249 HTTP/1.1" 200 4325
190.95.67.91 - - [12/Mar/2026:15:26:55 -0300] "POST /cormun/servlet/solicitudotadjuntos?gx-no-cache=1773340295409 HTTP/1.1" 200 26
190.95.67.91 - - [12/Mar/2026:15:26:59 -0300] "GET /cormun/servlet/solicitudotadjuntos?3a573b35a72c811a9e959431d3a3127da3a20b03f91f8433598d7fa860bd2da5,gx-no-cache=1773340299288 HTTP/1.1" 200 30
190.95.67.91 - - [12/Mar/2026:15:26:59 -0300] "GET /cormun/servlet/solicitudotadjuntos?3a573b35a72c811a9e959431d3a3127da3a20b03f91f8433598d7fa860bd2da5,gx-no-cache=1773340299298 HTTP/1.1" 200 30
190.95.67.91 - - [12/Mar/2026:15:26:59 -0300] "POST /cormun/servlet/solicitudotadjuntos?5a9d398f7102e0c23ba88d63bb9f385c,INS,2026,23262,,2, HTTP/1.1" 200 116
190.95.67.91 - - [12/Mar/2026:15:26:59 -0300] "GET /cormun/servlet/hpexe_return? HTTP/1.1" 200 1026
190.95.67.91 - - [12/Mar/2026:15:27:00 -0300] "GET /cormun/servlet/trsolicitudadjuntos?2026,23262, HTTP/1.1" 200 11291
190.95.67.91 - - [12/Mar/2026:15:27:07 -0300] "POST /cormun/servlet/trsolicitudadjuntos?5a9d398f7102e0c23ba88d63bb9f385c,2026,23262,,gx-no-cache=1773340306533 HTTP/1.1" 200 90
190.95.67.91 - - [12/Mar/2026:15:27:07 -0300] "GET /cormun/servlet/hpexe_link HTTP/1.1" 200 989
190.95.67.91 - - [12/Mar/2026:15:27:07 -0300] "GET /cormun/servlet/trsolicitudot?gx-no-cache=1773339358699 HTTP/1.1" 200 8997
190.95.67.91 - - [12/Mar/2026:15:27:11 -0300] "POST /cormun/servlet/trsolicitudot?5a9d398f7102e0c23ba88d63bb9f385c,gx-no-cache=1773339358699,gx-no-cache=1773340310986 HTTP/1.1" 200 4850
190.95.67.91 - - [12/Mar/2026:15:27:11 -0300] "POST /cormun/servlet/trsolicitudot?5a9d398f7102e0c23ba88d63bb9f385c,gx-no-cache=1773339358699,gx-no-cache=1773340311093 HTTP/1.1" 200 4613
190.95.67.91 - - [12/Mar/2026:15:27:13 -0300] "GET /cormun/servlet/trautorizarsolicitud? HTTP/1.1" 200 10051
190.95.67.91 - - [12/Mar/2026:15:27:45 -0300] "GET /cormun/servlet/trlicencias? HTTP/1.1" 200 12965
190.95.67.99 - - [12/Mar/2026:15:28:36 -0300] "GET /cormun/servlet/hhome HTTP/1.1" 200 3325
190.95.67.99 - - [12/Mar/2026:15:28:38 -0300] "GET /cormun/servlet/hlogin HTTP/1.1" 200 1733
190.95.67.99 - - [12/Mar/2026:15:28:41 -0300] "POST /cormun/servlet/hlogin?5c47d22821a9860a3fcdf060d73150b9,gx-no-cache=1773340401398 HTTP/1.1" 200 90
190.95.67.99 - - [12/Mar/2026:15:28:41 -0300] "GET /cormun/servlet/hpexe_link HTTP/1.1" 200 952
190.95.67.99 - - [12/Mar/2026:15:28:41 -0300] "GET /cormun/servlet/hhome HTTP/1.1" 200 4319
190.95.67.99 - - [12/Mar/2026:15:28:45 -0300] "GET /cormun/servlet/trpermisosgoce? HTTP/1.1" 200 8408
190.95.67.99 - - [12/Mar/2026:15:28:51 -0300] "GET /cormun/servlet/permisogoce?INS,0,,, HTTP/1.1" 200 7214
190.95.67.99 - - [12/Mar/2026:15:29:09 -0300] "GET /cormun/servlet/permisogoce?ea1d929bbe5ad6380e9b487a43171968cae3ffc66dce251e52818afacb9b24bd61c5d7470ce863d7dad2cb66759d9ac29b1bac597475785a6ba47532cd2f729d,gx-no-cache=1773340430030 HTTP/1.1" 200 77
190.95.67.99 - - [12/Mar/2026:15:29:15 -0300] "GET /cormun/servlet/permisogoce?ea1d929bbe5ad6380e9b487a43171968c3ce6d96440be136bd20a84f10416f6a3dd627348986815ef1a39179c0951eaa5535fae5666c5de6c854f302d3260ac0,gx-no-cache=1773340436323 HTTP/1.1" 200 47
190.95.67.99 - - [12/Mar/2026:15:29:18 -0300] "POST /cormun/servlet/permisogoce?5c47d22821a9860a3fcdf060d73150b9,INS,0,,,,gx-no-cache=1773340438566 HTTP/1.1" 200 93
190.95.67.99 - - [12/Mar/2026:15:29:18 -0300] "GET /cormun/servlet/hpexe_return? HTTP/1.1" 200 1011
190.95.67.99 - - [12/Mar/2026:15:29:18 -0300] "GET /cormun/servlet/trpermisosgoce HTTP/1.1" 200 8645
190.95.67.99 - - [12/Mar/2026:15:29:31 -0300] "GET /cormun/servlet/apermisogoceprn?16250701,P,20260312153405,PU HTTP/1.1" 200 1646
190.95.67.99 - - [12/Mar/2026:15:29:59 -0300] "GET /cormun/servlet/permisogoce?UPD,16881995,P,20260312084915, HTTP/1.1" 200 7259
190.95.67.99 - - [12/Mar/2026:15:30:00 -0300] "GET /cormun/servlet/permisogoce?ea1d929bbe5ad6380e9b487a431719680b478127a6f9aa6b3e6e853df1b31ef37fc5c08e51bdfa040fa854103e7dae1367b4d10bc8f0b75371cba5236a605684,gx-no-cache=1773340480979 HTTP/1.1" 200 77
190.95.67.99 - - [12/Mar/2026:15:30:01 -0300] "POST /cormun/servlet/permisogoce?5c47d22821a9860a3fcdf060d73150b9,UPD,16881995,P,20260312084915,,gx-no-cache=1773340482202 HTTP/1.1" 200 93
190.95.67.99 - - [12/Mar/2026:15:30:01 -0300] "GET /cormun/servlet/hpexe_return? HTTP/1.1" 200 1030
190.95.67.99 - - [12/Mar/2026:15:30:01 -0300] "GET /cormun/servlet/trpermisosgoce HTTP/1.1" 200 8645
190.95.67.99 - - [12/Mar/2026:15:30:04 -0300] "GET /cormun/servlet/permisogoce?UPD,16250701,P,20260312153405, HTTP/1.1" 200 7261
190.95.67.99 - - [12/Mar/2026:15:30:04 -0300] "GET /cormun/servlet/permisogoce?ea1d929bbe5ad6380e9b487a43171968cae3ffc66dce251e52818afacb9b24bde3e22dae68a9f0277336a99a644726d1a883279ce6e30358b24a39a8197a13b782b79034f17800404dcfe8c9c05a0cea,gx-no-cache=1773340485185 HTTP/1.1" 200 80
190.95.67.99 - - [12/Mar/2026:15:30:11 -0300] "GET /cormun/servlet/permisogoce?ea1d929bbe5ad6380e9b487a43171968c3ce6d96440be136bd20a84f10416f6a54f6e213ea917b021e11ccfd6303ad78ae5f490c35c8fa1513b03e82998bc040,gx-no-cache=1773340491525 HTTP/1.1" 200 47
190.95.67.99 - - [12/Mar/2026:15:30:11 -0300] "POST /cormun/servlet/permisogoce?5c47d22821a9860a3fcdf060d73150b9,UPD,16250701,P,20260312153405,,gx-no-cache=1773340491545 HTTP/1.1" 200 93
190.95.67.99 - - [12/Mar/2026:15:30:11 -0300] "GET /cormun/servlet/hpexe_return? HTTP/1.1" 200 1029
190.95.67.99 - - [12/Mar/2026:15:30:11 -0300] "GET /cormun/servlet/trpermisosgoce HTTP/1.1" 200 8659
190.95.67.99 - - [12/Mar/2026:15:30:17 -0300] "GET /cormun/servlet/apermisogoceprn?16250701,P,20260312153405,PU HTTP/1.1" 200 1651
190.95.67.99 - - [12/Mar/2026:15:30:35 -0300] "GET /cormun/servlet/permisogoce?UPD,16250701,P,20260312153405, HTTP/1.1" 200 7263
190.95.67.99 - - [12/Mar/2026:15:30:36 -0300] "GET /cormun/servlet/permisogoce?ea1d929bbe5ad6380e9b487a43171968cae3ffc66dce251e52818afacb9b24bde3e22dae68a9f0277336a99a644726d1a883279ce6e30358b24a39a8197a13b782b79034f17800404dcfe8c9c05a0cea,gx-no-cache=1773340516868 HTTP/1.1" 200 80
190.95.67.99 - - [12/Mar/2026:15:30:43 -0300] "GET /cormun/servlet/permisogoce?ea1d929bbe5ad6380e9b487a43171968c3ce6d96440be136bd20a84f10416f6acad9c32c230588752c265aedcc7b326f178e919230dbb01cfba3a4d82cd32735,gx-no-cache=1773340524063 HTTP/1.1" 200 48
190.95.67.99 - - [12/Mar/2026:15:30:44 -0300] "POST /cormun/servlet/permisogoce?5c47d22821a9860a3fcdf060d73150b9,UPD,16250701,P,20260312153405,,gx-no-cache=1773340524082 HTTP/1.1" 200 93
190.95.67.99 - - [12/Mar/2026:15:30:44 -0300] "GET /cormun/servlet/hpexe_return? HTTP/1.1" 200 1029
190.95.67.99 - - [12/Mar/2026:15:30:44 -0300] "GET /cormun/servlet/trpermisosgoce HTTP/1.1" 200 8645
179.57.78.55 - - [12/Mar/2026:15:36:31 -0300] "GET /cormun/servlet/hlogin HTTP/1.1" 200 1741
179.57.78.55 - - [12/Mar/2026:15:36:39 -0300] "POST /cormun/servlet/hlogin?f76c4986c43e3664ae0f4f683ab8e197,gx-no-cache=1773340877150 HTTP/1.1" 200 90
179.57.78.55 - - [12/Mar/2026:15:36:39 -0300] "GET /cormun/servlet/hpexe_link HTTP/1.1" 200 948
179.57.78.55 - - [12/Mar/2026:15:36:39 -0300] "GET /cormun/servlet/hhome HTTP/1.1" 200 3974
179.57.78.55 - - [12/Mar/2026:15:36:41 -0300] "GET /cormun/servlet/trpermisosgoce? HTTP/1.1" 200 11887
179.57.78.55 - - [12/Mar/2026:15:36:45 -0300] "GET /cormun/servlet/trlicencias? HTTP/1.1" 200 8310
190.114.36.245 - - [12/Mar/2026:15:50:55 -0300] "þ <"#+á©Yç¸5¹îá+ç R±ÉXW½¦Ê½ B;K݁ §n™Â« :›¯»kLÕªY°ÛªÆ" 400 -
190.114.36.245 - - [12/Mar/2026:15:50:55 -0300] "þ ÂGä,=,áQãìpoT¯qrÞÓ::S×ô+Y$‹Û L" 400 -
190.114.36.245 - - [12/Mar/2026:15:50:55 -0300] "þ½n-j@€^¹1v•÷ö· ™pƒÝ&ß‹D*}ÕT QX]ªkÞ|¥¿{M­+ÈøØÍªºù˄½Æâà*À,À+Ì©À0À/̨À " 400 -
190.114.36.245 - - [12/Mar/2026:15:50:55 -0300] "þñ•”á ð!±CV¹ ?»Oݼ´¨÷*9—ˆ&¢‰Ú¥ ÿè6²É¤aMà`¦ÔèùMá§é‹öÅE