179.57.78.55 - - [10/Mar/2026:15:24:18 -0300] "GET /cormun/static/Shared/jquery/jquery-1.10.2.min.js HTTP/1.1" 200 273199
179.57.78.55 - - [10/Mar/2026:15:24:18 -0300] "GET /cormun/static/Resources/PXToolsGridPreviousDisabled.gif HTTP/1.1" 200 90
179.57.78.55 - - [10/Mar/2026:15:24:18 -0300] "GET /cormun/static/hmpwkw03.js?20221129844354 HTTP/1.1" 200 3971
179.57.78.55 - - [10/Mar/2026:15:24:18 -0300] "GET /cormun/static/Resources/PXToolsActionExcel.png HTTP/1.1" 200 727
179.57.78.55 - - [10/Mar/2026:15:24:18 -0300] "GET /cormun/static/Resources/PXToolsDataSearch.png HTTP/1.1" 200 435
179.57.78.55 - - [10/Mar/2026:15:24:18 -0300] "GET /cormun/static/Resources/desc.gif HTTP/1.1" 200 65
179.57.78.55 - - [10/Mar/2026:15:24:18 -0300] "GET /cormun/static/Resources/indicator.gif HTTP/1.1" 200 1553
179.57.78.55 - - [10/Mar/2026:15:24:18 -0300] "GET /cormun/static/Resources/asc.gif HTTP/1.1" 200 67
179.57.78.55 - - [10/Mar/2026:15:24:18 -0300] "GET /cormun/servlet/hlogin HTTP/1.1" 200 1740
179.57.78.55 - - [10/Mar/2026:15:24:18 -0300] "GET /cormun/static/Shared/ext/resources/themes/images/default/panel/bg-headersPanel.png HTTP/1.1" 200 255
179.57.78.55 - - [10/Mar/2026:15:24:18 -0300] "GET /cormun/static/Shared/ext/resources/themes/images/default/tools/tool-sprites.gif HTTP/1.1" 200 5434
179.57.78.55 - - [10/Mar/2026:15:24:18 -0300] "GET /cormun/static/gxcfg.js?2022112219184450 HTTP/1.1" 200 953
179.57.78.55 - - [10/Mar/2026:15:24:18 -0300] "GET /cormun/static/Resources/CormunLogin.png HTTP/1.1" 200 19132
179.57.78.55 - - [10/Mar/2026:15:24:18 -0300] "GET /cormun/static/hlogin.js?2022112219184458 HTTP/1.1" 200 2156
179.57.78.55 - - [10/Mar/2026:15:24:18 -0300] "GET /cormun/static/Resources/Spanish/PXTools.css?1759030 HTTP/1.1" 200 100853
179.57.78.55 - - [10/Mar/2026:15:24:18 -0300] "GET /cormun/static/Resources/PXToolsLoginBackground.png HTTP/1.1" 200 1164
179.57.78.55 - - [10/Mar/2026:15:24:18 -0300] "GET /cormun/static/Resources/PXToolsButtonBackground.png HTTP/1.1" 200 1176
179.57.78.55 - - [10/Mar/2026:15:24:18 -0300] "GET /cormun/static/Resources/PXToolsButtonRight.png HTTP/1.1" 200 1294
179.57.78.55 - - [10/Mar/2026:15:24:18 -0300] "GET /cormun/static/Resources/PXToolsLoginBottom.png HTTP/1.1" 200 1389
179.57.78.55 - - [10/Mar/2026:15:24:18 -0300] "GET /cormun/static/Resources/PXToolsLoginTop.png HTTP/1.1" 200 1337
179.57.78.55 - - [10/Mar/2026:15:24:18 -0300] "GET /cormun/static/Resources/PXToolsButtonLeft.png HTTP/1.1" 200 1310
223.95.206.80 - - [10/Mar/2026:15:24:19 -0300] "GET /examples/error/error.html HTTP/1.1" 404 1011
223.95.206.80 - - [10/Mar/2026:15:24:20 -0300] "GET /favicon.ico HTTP/1.1" 200 21630
179.57.78.55 - - [10/Mar/2026:15:24:23 -0300] "POST /cormun/servlet/hlogin?340110db6b68bcec052221e9eb1936c0,gx-no-cache=1773167344297 HTTP/1.1" 200 90
179.57.78.55 - - [10/Mar/2026:15:24:23 -0300] "GET /cormun/servlet/hpexe_link HTTP/1.1" 200 954
179.57.78.55 - - [10/Mar/2026:15:24:23 -0300] "GET /cormun/static/Resources/Spanish/PXTools.css?8354383 HTTP/1.1" 200 100853
179.57.78.55 - - [10/Mar/2026:15:24:23 -0300] "GET /cormun/static/gxcfg.js?20221129847421 HTTP/1.1" 200 953
179.57.78.55 - - [10/Mar/2026:15:24:23 -0300] "GET /cormun/static/hpexe_link.js?20221129847423 HTTP/1.1" 200 625
179.57.78.55 - - [10/Mar/2026:15:24:23 -0300] "GET /cormun/servlet/trpermisosgoce HTTP/1.1" 200 10128
179.57.78.55 - - [10/Mar/2026:15:24:23 -0300] "GET /cormun//static/Resources/PXToolsActionPrint.png HTTP/1.1" 200 404
179.57.78.55 - - [10/Mar/2026:15:24:23 -0300] "GET /cormun//static/Resources/PXTools/ActionInsert.png HTTP/1.1" 200 1482
179.57.78.55 - - [10/Mar/2026:15:24:23 -0300] "GET /cormun//static/Resources/PXToolsGridUpdate.png HTTP/1.1" 200 470
179.57.78.55 - - [10/Mar/2026:15:24:23 -0300] "GET /cormun//static/Resources/PXToolsHeaderHelp.png HTTP/1.1" 200 1333
179.57.78.55 - - [10/Mar/2026:15:24:23 -0300] "GET /cormun//static/Resources/PXToolsGridDisplay.png HTTP/1.1" 200 525
179.57.78.55 - - [10/Mar/2026:15:24:23 -0300] "GET /cormun//static/Resources/PXToolsActionDisabled.gif HTTP/1.1" 200 53
179.57.78.55 - - [10/Mar/2026:15:24:23 -0300] "GET /cormun//static/Resources/PXToolsHeaderFavorites.png HTTP/1.1" 200 1414
179.57.78.55 - - [10/Mar/2026:15:24:23 -0300] "GET /cormun//static/Resources/PXToolsGridDelete.png HTTP/1.1" 200 538
179.57.78.55 - - [10/Mar/2026:15:24:23 -0300] "GET /cormun/static/SmoothNavMenu/resources/images/down.gif HTTP/1.1" 200 854
179.57.78.55 - - [10/Mar/2026:15:24:29 -0300] "GET /cormun/servlet/permisogoce?INS,0,,, HTTP/1.1" 200 6846
179.57.78.55 - - [10/Mar/2026:15:24:29 -0300] "GET /cormun/static/Resources/prompt.gif HTTP/1.1" 200 902
179.57.78.55 - - [10/Mar/2026:15:24:29 -0300] "GET /cormun/static/permisogoce.js?20201215124939 HTTP/1.1" 200 27790
179.57.78.55 - - [10/Mar/2026:15:24:29 -0300] "GET /cormun/static/gxcfg.js?20201215124560 HTTP/1.1" 200 953
186.236.240.56 - - [10/Mar/2026:15:24:31 -0300] "GET /manager/html HTTP/1.1" 401 2474
179.57.78.55 - - [10/Mar/2026:15:24:36 -0300] "GET /cormun/servlet/permisogoce?bd7aa88b3182f13b5771b6c1ebf74a519b64631b91e556326027cb808769c8f468048dd44a50b151978256e8186b999af10426eb20f4725d20d79e3364f3d03e,gx-no-cache=1773167357026 HTTP/1.1" 200 176
179.57.78.55 - - [10/Mar/2026:15:24:36 -0300] "GET /cormun/static/Shared/jqueryui/images/ui-bg_highlight-soft_100_c6c2c8_1x100.png HTTP/1.1" 404 1117
179.57.78.55 - - [10/Mar/2026:15:24:36 -0300] "GET /cormun/static/Shared/jqueryui/images/ui-icons_82798d_256x240.png HTTP/1.1" 404 1089
179.57.78.55 - - [10/Mar/2026:15:24:36 -0300] "GET /cormun/static/Shared/jqueryui/images/ui-bg_flat_55_994d53_40x100.png HTTP/1.1" 404 1097
179.57.78.55 - - [10/Mar/2026:15:24:36 -0300] "GET /cormun/static/Shared/jqueryui/images/ui-icons_ebccce_256x240.png HTTP/1.1" 404 1089
190.95.67.91 - - [10/Mar/2026:15:24:44 -0300] "GET /cormun/servlet/trautorizarsolicitud? HTTP/1.1" 200 6220
190.95.67.91 - - [10/Mar/2026:15:24:44 -0300] "GET /cormun/servlet/hlogin HTTP/1.1" 200 1738
190.95.67.91 - - [10/Mar/2026:15:24:57 -0300] "POST /cormun/servlet/hlogin?9bc0830a31c7405c1b75c7459ddac135,gx-no-cache=1773167379373 HTTP/1.1" 200 90
190.95.67.91 - - [10/Mar/2026:15:24:57 -0300] "GET /cormun/servlet/hpexe_link HTTP/1.1" 200 959
190.95.67.91 - - [10/Mar/2026:15:24:57 -0300] "GET /cormun/servlet/trautorizarsolicitud HTTP/1.1" 200 7267
186.236.240.56 - - [10/Mar/2026:15:25:09 -0300] "GET /manager/html HTTP/1.1" 401 2474
190.95.67.91 - - [10/Mar/2026:15:25:42 -0300] "GET /cormun/servlet/trsolicitudot? HTTP/1.1" 200 7542
190.95.67.91 - - [10/Mar/2026:15:25:46 -0300] "GET /cormun/servlet/solicitudot?INS,0,0,false, HTTP/1.1" 200 16333
186.236.240.56 - - [10/Mar/2026:15:25:47 -0300] "GET /manager/html HTTP/1.1" 401 2474
190.95.67.91 - - [10/Mar/2026:15:25:54 -0300] "POST /cormun/servlet/solicitudot?gx-no-cache=1773167436285 HTTP/1.1" 200 4146
190.95.67.91 - - [10/Mar/2026:15:25:54 -0300] "POST /cormun/servlet/solicitudot?9bc0830a31c7405c1b75c7459ddac135,INS,0,0,false,,gx-no-cache=1773167436424 HTTP/1.1" 200 13013
190.95.67.91 - - [10/Mar/2026:15:25:59 -0300] "GET /cormun/servlet/solicitudot?b713854eb66a00d9a28a9aacc39954123d363a0a9f5c55c078353c5f859907533850b19f7c2e57942729ac9c0d4080c7,gx-no-cache=1773167441182 HTTP/1.1" 200 30
186.236.240.56 - - [10/Mar/2026:15:26:23 -0300] "GET /manager/html HTTP/1.1" 401 2474
186.236.240.56 - - [10/Mar/2026:15:27:00 -0300] "GET /manager/html HTTP/1.1" 401 2474
129.222.173.48 - - [10/Mar/2026:15:27:12 -0300] "GET /cormun/servlet/hlogin HTTP/1.1" 200 1718
129.222.173.48 - - [10/Mar/2026:15:27:17 -0300] "POST /cormun/servlet/hlogin?85420ad8898c6c1e28f302a295d3de15,gx-no-cache=1773167518561 HTTP/1.1" 200 90
129.222.173.48 - - [10/Mar/2026:15:27:17 -0300] "GET /cormun/servlet/hpexe_link HTTP/1.1" 200 949
129.222.173.48 - - [10/Mar/2026:15:27:17 -0300] "GET /cormun/servlet/hhome HTTP/1.1" 200 3944
190.95.15.15 - - [10/Mar/2026:15:27:26 -0300] "GET /cormun/static/menuarrow.gif HTTP/1.1" 404 1015
190.95.15.15 - - [10/Mar/2026:15:27:31 -0300] "POST /cormun/servlet/trlicencias?f5c72eb7821d884f3f53ea7f0a7ec082,gx-no-cache=1773167532459 HTTP/1.1" 440 972
190.95.15.15 - - [10/Mar/2026:15:27:32 -0300] "GET /cormun/servlet/trlicencias HTTP/1.1" 200 6050
190.95.15.15 - - [10/Mar/2026:15:27:32 -0300] "GET /cormun/servlet/hlogin HTTP/1.1" 200 1738
186.236.240.56 - - [10/Mar/2026:15:27:36 -0300] "GET /manager/html HTTP/1.1" 401 2474
190.95.15.15 - - [10/Mar/2026:15:27:38 -0300] "POST /cormun/servlet/hlogin?c6bc84931cac538ea0c06bd7f2cfe889,gx-no-cache=1773167539409 HTTP/1.1" 200 90
190.95.15.15 - - [10/Mar/2026:15:27:38 -0300] "GET /cormun/servlet/hpexe_link HTTP/1.1" 200 955
190.95.15.15 - - [10/Mar/2026:15:27:38 -0300] "GET /cormun/servlet/trlicencias HTTP/1.1" 200 9236
190.95.15.15 - - [10/Mar/2026:15:27:47 -0300] "POST /cormun/servlet/trlicencias?c6bc84931cac538ea0c06bd7f2cfe889,gx-no-cache=1773167548247 HTTP/1.1" 200 7463
186.236.240.56 - - [10/Mar/2026:15:28:12 -0300] "GET /manager/html HTTP/1.1" 401 2474
190.95.2.157 - - [10/Mar/2026:15:28:40 -0300] "GET /cormun/servlet/hlogin HTTP/1.1" 200 1715
129.222.173.48 - - [10/Mar/2026:15:28:42 -0300] "GET /cormun/servlet/trsolicitudot? HTTP/1.1" 200 7158
190.95.2.157 - - [10/Mar/2026:15:28:44 -0300] "POST /cormun/servlet/hlogin?b1ee215068ea1ae7317dff4106f1608c,gx-no-cache=1773167606471 HTTP/1.1" 200 90
190.95.2.157 - - [10/Mar/2026:15:28:44 -0300] "GET /cormun/servlet/hpexe_link HTTP/1.1" 200 945
190.95.2.157 - - [10/Mar/2026:15:28:44 -0300] "GET /cormun/servlet/hhome HTTP/1.1" 200 4310
129.222.173.48 - - [10/Mar/2026:15:28:45 -0300] "GET /cormun/servlet/solicitudot?INS,0,0,false, HTTP/1.1" 200 15946
186.236.240.56 - - [10/Mar/2026:15:28:49 -0300] "GET /manager/html HTTP/1.1" 401 2474
190.95.2.157 - - [10/Mar/2026:15:28:49 -0300] "GET /cormun/servlet/trlicencias? HTTP/1.1" 200 9521
190.95.67.91 - - [10/Mar/2026:15:28:54 -0300] "GET /cormun/servlet/prbanco?,MD,,gxPopupLevel%3D0%3B HTTP/1.1" 200 6721
190.95.67.91 - - [10/Mar/2026:15:28:56 -0300] "POST /cormun/servlet/acontrolpreferencessavestate?None,MRAMOS,true HTTP/1.1" 200 35
190.95.67.91 - - [10/Mar/2026:15:29:00 -0300] "GET /cormun/servlet/solicitudot?b713854eb66a00d9a28a9aacc3995412bb15af447f9730401e1f921910c9096f0eece20fc75d68fc396bd88bf00c163f,gx-no-cache=1773167622765 HTTP/1.1" 200 30
129.222.173.48 - - [10/Mar/2026:15:29:01 -0300] "POST /cormun/servlet/solicitudot?gx-no-cache=1773167620849 HTTP/1.1" 200 4114
129.222.173.48 - - [10/Mar/2026:15:29:01 -0300] "GET /cormun/static/Shared/jqueryui/images/ui-icons_ebccce_256x240.png HTTP/1.1" 404 1089
129.222.173.48 - - [10/Mar/2026:15:29:01 -0300] "GET /cormun/static/Shared/jqueryui/images/ui-bg_highlight-soft_100_c6c2c8_1x100.png HTTP/1.1" 404 1117
129.222.173.48 - - [10/Mar/2026:15:29:01 -0300] "GET /cormun/static/Shared/jqueryui/images/ui-icons_82798d_256x240.png HTTP/1.1" 404 1089
129.222.173.48 - - [10/Mar/2026:15:29:01 -0300] "GET /cormun/static/Shared/jqueryui/images/ui-bg_flat_55_994d53_40x100.png HTTP/1.1" 404 1097
190.95.67.91 - - [10/Mar/2026:15:29:02 -0300] "GET /cormun/servlet/solicitudot?b713854eb66a00d9a28a9aacc399541262978d8d55f96253783c4c8d1f588d3e,gx-no-cache=1773167624542 HTTP/1.1" 200 45
190.95.2.157 - - [10/Mar/2026:15:29:06 -0300] "GET /cormun/servlet/alicenciaprn?17503462,L,20260310000000,PU HTTP/1.1" 200 1540
129.222.173.48 - - [10/Mar/2026:15:29:12 -0300] "POST /cormun/servlet/solicitudot?85420ad8898c6c1e28f302a295d3de15,INS,0,0,false,,gx-no-cache=1773167633699 HTTP/1.1" 200 90
129.222.173.48 - - [10/Mar/2026:15:29:12 -0300] "GET /cormun/servlet/hpexe_link HTTP/1.1" 200 962
129.222.173.48 - - [10/Mar/2026:15:29:12 -0300] "GET /cormun/servlet/trsolicitudot HTTP/1.1" 200 7159
129.222.173.48 - - [10/Mar/2026:15:29:15 -0300] "GET /cormun/servlet/solicitudot?INS,0,0,false, HTTP/1.1" 200 15946
129.222.173.48 - - [10/Mar/2026:15:29:25 -0300] "POST /cormun/servlet/solicitudot?gx-no-cache=1773167646317 HTTP/1.1" 200 4114
186.236.240.56 - - [10/Mar/2026:15:29:25 -0300] "GET /manager/html HTTP/1.1" 401 2474
129.222.173.48 - - [10/Mar/2026:15:29:29 -0300] "GET /cormun/servlet/solicitudot?723d148e3fd01d4d1452fcd8dba669ccc12af5f4b7b2573290b9dde4a16e89901742a48b9828d505e6c27ff83c20457a,gx-no-cache=1773167650913 HTTP/1.1" 200 111
129.222.173.48 - - [10/Mar/2026:15:29:47 -0300] "POST /cormun/servlet/solicitudot?gx-no-cache=1773167668388 HTTP/1.1" 200 4171
129.222.173.48 - - [10/Mar/2026:15:29:48 -0300] "POST /cormun/servlet/solicitudot?85420ad8898c6c1e28f302a295d3de15,INS,0,0,false,,gx-no-cache=1773167669106 HTTP/1.1" 200 12765
186.236.240.56 - - [10/Mar/2026:15:30:02 -0300] "GET /manager/html HTTP/1.1" 401 2474
129.222.173.48 - - [10/Mar/2026:15:30:07 -0300] "GET /cormun/servlet/solicitudot?723d148e3fd01d4d1452fcd8dba669cc0cee8d8de085851a27e4e7b6cd1ae6fd1742a48b9828d505e6c27ff83c20457a,gx-no-cache=1773167688801 HTTP/1.1" 200 30
129.222.173.48 - - [10/Mar/2026:15:30:07 -0300] "GET /cormun/servlet/solicitudot?723d148e3fd01d4d1452fcd8dba669cc8b6cc43213b2a4ee632f122129f1f0c76330f8f14dcfa67e6a0fceb249e051cae9a62667f9fd70936ec9a6fb90ca159a,gx-no-cache=1773167688883 HTTP/1.1" 200 30
129.222.173.48 - - [10/Mar/2026:15:30:07 -0300] "GET /cormun/servlet/solicitudot?723d148e3fd01d4d1452fcd8dba669cc9f5314cab10d031419697f076a3d2c94,gx-no-cache=1773167688942 HTTP/1.1" 200 45
129.222.173.48 - - [10/Mar/2026:15:30:07 -0300] "POST /cormun/servlet/solicitudot?gx-no-cache=1773167689014 HTTP/1.1" 200 255
129.222.173.48 - - [10/Mar/2026:15:30:07 -0300] "GET /cormun/servlet/solicitudot?723d148e3fd01d4d1452fcd8dba669ccd729506e5b105ed8eef74a469a59617a860fc9fb4cb6cbe46e5424ddc5512b4886c56608dfe322a23f8eaaf6d2ca1e14375aa70f70c4b4a59d2a956f2dcb8dd5981da4db4c3b2663cc4b9ad3e0b7353b15de973adb44505bf19b00881de45ddd2a1a71bcd099ca96265666729309382036c361921fefd4c6fad606c25512d065a4d772f729f23b3438860760309457fd0fa9730d623e97c98620c5a5da71c4776ad53d2eb56b39bc9a155baff50ca0b007d6bab213999a5279aae5bc11de3c14224afa192d426c3cadd918eb701d3f65dbaf33ed2f3749866647b85a0588e9b7308a0f1904f761e541ba47426b4dae10289a422f90498b3c8dc70c5fc626d9ee373721db704d02f9df3c036bd90b1d2183b0130738a8a9cd7bcbd77e81ce7ccaaabb35c9b1ac617bbe37108d9f1268b398246f5d84cb27bcfa38575dc053a3c085e64ad28c1e133c702e768abe5be0c2169864792d40b48cf00fa2ca37be1a782bd9512bed91aa533d55c4e4f810af7f,gx-no-cache=1773167689083 HTTP/1.1" 200 30
129.222.173.48 - - [10/Mar/2026:15:30:36 -0300] "POST /cormun/servlet/solicitudot?gx-no-cache=1773167715152 HTTP/1.1" 200 30
186.236.240.56 - - [10/Mar/2026:15:30:39 -0300] "GET /manager/html HTTP/1.1" 401 2474
186.236.240.56 - - [10/Mar/2026:15:31:15 -0300] "GET /manager/html HTTP/1.1" 401 2474
186.236.240.56 - - [10/Mar/2026:15:31:51 -0300] "GET /manager/html HTTP/1.1" 401 2474
190.95.67.99 - - [10/Mar/2026:15:32:03 -0300] "GET /cormun/servlet/hlogin HTTP/1.1" 200 1734
186.236.240.56 - - [10/Mar/2026:15:32:27 -0300] "GET /manager/html HTTP/1.1" 401 2474
186.236.240.56 - - [10/Mar/2026:15:33:03 -0300] "GET /manager/html HTTP/1.1" 401 2474
190.95.2.157 - - [10/Mar/2026:15:33:23 -0300] "GET /cormun/servlet/trautorizarpermisogoce? HTTP/1.1" 200 7146
190.95.67.91 - - [10/Mar/2026:15:33:31 -0300] "POST /cormun/servlet/solicitudot?gx-no-cache=1773167893809 HTTP/1.1" 200 240
190.95.67.91 - - [10/Mar/2026:15:33:31 -0300] "GET /cormun/servlet/solicitudot?b713854eb66a00d9a28a9aacc399541299fa6bac528b5e4e52c316887dc5e7288ae52e453f5c85529133c2a384d3fcb10d0a299905324b5a2a33b2981e4e908f00f572540997694f08d06dfa23b38a7e4f8863784520b87f6d16a5237250e6da880f84891ee56a32d3576347588e67f9c5c27c1851dce0151dc10d5d86f6af9b96c229bf88b69df5f20a2af1222a444455f6cd9d57b2da1e4243ba9adfdca05e4b13263ff0969c0f1d0400d931c5abd078026268eeda7c2c09f69beefdbc9e85b5340851172556a726a7fe874f8e25d6aae163dafa23b496d99db864c3a5685a5661720dfb2d9bd27bc953006e8c6c6bc46ad68249c8021c5893658e29cc9ab7fe8891f3ccb4e6032673418eb33780911abdbfc0810f7d6681da39778237b972ed947e656c99ad69064bea6fc79601c0b8a505ea0e27c24e45acf556f3db22ac19d04deab48a73ac16f8186f7bde123e65faf4049a6c6754d7da0666d613f5bc1efe957b2d3ef00bf02c0a4bf7738d817abbc9b970215d583d424cf990ba86ed,gx-no-cache=1773167893841 HTTP/1.1" 200 30
190.95.67.91 - - [10/Mar/2026:15:33:33 -0300] "POST /cormun/servlet/solicitudot?gx-no-cache=1773167895181 HTTP/1.1" 200 30
129.222.173.48 - - [10/Mar/2026:15:33:33 -0300] "POST /cormun/servlet/solicitudot?gx-no-cache=1773167895172 HTTP/1.1" 200 1481
129.222.173.48 - - [10/Mar/2026:15:33:33 -0300] "POST /cormun/servlet/solicitudot?gx-no-cache=1773167895292 HTTP/1.1" 200 38
129.222.173.48 - - [10/Mar/2026:15:33:34 -0300] "GET /cormun/servlet/solicitudot?723d148e3fd01d4d1452fcd8dba669cce20156ef107ca124e4ac604923540346bb5926cbfe37963a79c91bd3733d9ea96b6f8e77e5a87a5730cd5e4877171bfe5230c55768da16fa3eae0c675e6c37a4dd05890f3b8febcf1e738319133952ebc1e0bcf202423da7cbbb136d0c057704,gx-no-cache=1773167895343 HTTP/1.1" 200 110
190.95.67.91 - - [10/Mar/2026:15:33:34 -0300] "POST /cormun/servlet/solicitudot?gx-no-cache=1773167896452 HTTP/1.1" 200 1481
190.95.67.91 - - [10/Mar/2026:15:33:34 -0300] "POST /cormun/servlet/solicitudot?gx-no-cache=1773167896478 HTTP/1.1" 200 38
190.95.67.91 - - [10/Mar/2026:15:33:36 -0300] "GET /cormun/servlet/solicitudot?b713854eb66a00d9a28a9aacc39954123bd453d485ff72d5c9f09ec8d2ca725ad769abf7776f2cf8fc7c63ec362022f0d8044f016f8b2538f2b81a7317f4cf4f29dd0fc67685ed765d44e31c8527bcc4cffdd29c19373422c996b44c4533a22d4e82054464047e7dbbd0d9a2f124a0a8,gx-no-cache=1773167898215 HTTP/1.1" 200 110
190.95.67.91 - - [10/Mar/2026:15:33:36 -0300] "POST /cormun/servlet/solicitudot?gx-no-cache=1773167898234 HTTP/1.1" 200 97
186.236.240.56 - - [10/Mar/2026:15:33:39 -0300] "GET /manager/html HTTP/1.1" 401 2474
190.95.67.91 - - [10/Mar/2026:15:33:39 -0300] "GET /cormun/servlet/solicitudot?b713854eb66a00d9a28a9aacc39954128a62e89920efd793422e99794cef5cb8f5660a6f0b71db59905234ee60e937fd3f86b88dbf419812a828142d417162848a9bcc37221026fe5a1b9c670012bd27c38904b42a41b950fb072f62b78a4faee19b3362c0f64c4827c12c4256b3d48d6206528f13b2e72c9ba5d6e347bdf617e8e31dfb282e70efd0189a3aa153035ed9068fcc37a571eec487078736fe8f972b320452019cf13d16bd7ef42d17371aaaec9fa8e1459dc721b5694f5ffd50f6ce94b18a36bbbd93a05e920d03cab836,gx-no-cache=1773167901524 HTTP/1.1" 200 29
190.95.67.91 - - [10/Mar/2026:15:33:42 -0300] "GET /cormun/static/menuarrow.gif HTTP/1.1" 404 1015
190.95.67.91 - - [10/Mar/2026:15:33:47 -0300] "GET /cormun/servlet/solicitudot?b713854eb66a00d9a28a9aacc39954124616abb410f71959678d2a106c5e31339cc29a99d15581d4098ce473c6b582e7,gx-no-cache=1773167909559 HTTP/1.1" 200 30
129.222.173.48 - - [10/Mar/2026:15:33:53 -0300] "POST /cormun/servlet/solicitudot?gx-no-cache=1773167914378 HTTP/1.1" 200 97
129.222.173.48 - - [10/Mar/2026:15:34:01 -0300] "GET /cormun/servlet/solicitudot?723d148e3fd01d4d1452fcd8dba669cc02b9a1af8778290ab84c57cf0c1db365468f4bc816dfd3dd2c261f8be2ab3eca62fc40c11342ed7704d8c469d2f5b608e5faaf16cee59ff5c4e6882fe0b1ac9e869ab6d435e2fad842945e24aa65b6f6bf835d101e0abe811d564eaad63e6be469be70ffdfe73d959a3d4e3f43b32115513c3e4aa6264aa00bbeb326d567a5c4672d6cdf27af51be5c551c94ccc0c7bf,gx-no-cache=1773167922953 HTTP/1.1" 200 29
129.222.173.48 - - [10/Mar/2026:15:34:01 -0300] "GET /cormun/static/menuarrow.gif HTTP/1.1" 404 1015
190.95.67.91 - - [10/Mar/2026:15:34:10 -0300] "POST /cormun/servlet/solicitudot?gx-no-cache=1773167932437 HTTP/1.1" 200 30
129.222.173.48 - - [10/Mar/2026:15:34:11 -0300] "GET /cormun/servlet/solicitudot?723d148e3fd01d4d1452fcd8dba669cc781bce2145516485afd4f80e4b86e1021d6ce38f54cf6cdfd52cab7046e45110,gx-no-cache=1773167933047 HTTP/1.1" 200 30
186.236.240.56 - - [10/Mar/2026:15:34:15 -0300] "GET /manager/html HTTP/1.1" 401 2474
52.167.144.167 - - [10/Mar/2026:15:34:17 -0300] "GET /cormun/servlet/hlogin HTTP/1.1" 200 1720
190.95.67.91 - - [10/Mar/2026:15:34:29 -0300] "POST /cormun/servlet/solicitudot?9bc0830a31c7405c1b75c7459ddac135,INS,0,0,false,,gx-no-cache=1773167950877 HTTP/1.1" 200 93
190.95.67.91 - - [10/Mar/2026:15:34:29 -0300] "GET /cormun/servlet/hpexe_return? HTTP/1.1" 200 1005
190.95.67.91 - - [10/Mar/2026:15:34:29 -0300] "GET /cormun/servlet/trsolicitudot HTTP/1.1" 200 8956
186.236.240.56 - - [10/Mar/2026:15:34:51 -0300] "GET /manager/html HTTP/1.1" 401 2474
190.95.67.91 - - [10/Mar/2026:15:35:00 -0300] "POST /cormun/servlet/trsolicitudot?9bc0830a31c7405c1b75c7459ddac135,gx-no-cache=1773167982367 HTTP/1.1" 200 111
190.95.67.91 - - [10/Mar/2026:15:35:00 -0300] "GET /cormun/servlet/solicitudot?UPD,2026,23232,false, HTTP/1.1" 200 16938
190.95.67.91 - - [10/Mar/2026:15:35:01 -0300] "POST /cormun/servlet/solicitudot?gx-no-cache=1773167983198 HTTP/1.1" 200 4108
190.95.67.91 - - [10/Mar/2026:15:35:01 -0300] "POST /cormun/servlet/solicitudot?9bc0830a31c7405c1b75c7459ddac135,UPD,2026,23232,false,,gx-no-cache=1773167983281 HTTP/1.1" 200 13017
190.95.67.91 - - [10/Mar/2026:15:35:01 -0300] "GET /cormun/servlet/solicitudot?b713854eb66a00d9a28a9aacc39954123d363a0a9f5c55c078353c5f85990753c85b946461e1f3f24a8fa50f50525d8c,gx-no-cache=1773167983359 HTTP/1.1" 200 30
190.95.67.91 - - [10/Mar/2026:15:35:01 -0300] "GET /cormun/servlet/solicitudot?b713854eb66a00d9a28a9aacc3995412bb15af447f9730401e1f921910c9096f45b2270209d27f438418782349c5ed64,gx-no-cache=1773167983386 HTTP/1.1" 200 30
190.95.67.91 - - [10/Mar/2026:15:35:01 -0300] "GET /cormun/servlet/solicitudot?b713854eb66a00d9a28a9aacc3995412e613a7fb3751eb0b4292150a636fb766c75e0bf94fd373bd1dbd647cdbb37b3c,gx-no-cache=1773167983399 HTTP/1.1" 200 45
190.95.67.91 - - [10/Mar/2026:15:35:01 -0300] "POST /cormun/servlet/solicitudot?gx-no-cache=1773167983414 HTTP/1.1" 200 238
190.95.67.91 - - [10/Mar/2026:15:35:01 -0300] "GET /cormun/servlet/solicitudot?b713854eb66a00d9a28a9aacc399541299fa6bac528b5e4e52c316887dc5e7288ae52e453f5c85529133c2a384d3fcb10d0a299905324b5a2a33b2981e4e908f00f572540997694f08d06dfa23b38a7e4f8863784520b87f6d16a5237250e6da880f84891ee56a32d3576347588e67f9c5c27c1851dce0151dc10d5d86f6af9b96c229bf88b69df5f20a2af1222a444455f6cd9d57b2da1e4243ba9adfdca05e4b13263ff0969c0f1d0400d931c5abd078026268eeda7c2c09f69beefdbc9e85b5340851172556a726a7fe874f8e25d6aae163dafa23b496d99db864c3a5685a5661720dfb2d9bd27bc953006e8c6c6bc46ad68249c8021c5893658e29cc9ab7fe8891f3ccb4e6032673418eb33780911abdbfc0810f7d6681da39778237b972ed947e656c99ad69064bea6fc79601c0b8a505ea0e27c24e45acf556f3db22ac19d04deab48a73ac16f8186f7bde123e65faf4049a6c6754d7da0666d613f5bc1efe957b2d3ef00bf02c0a4bf7738d816f714420bf2efe3b76e1fb464ef390df,gx-no-cache=1773167983431 HTTP/1.1" 200 30
190.95.67.91 - - [10/Mar/2026:15:35:01 -0300] "POST /cormun/servlet/solicitudot?gx-no-cache=1773167983445 HTTP/1.1" 200 30
190.95.67.91 - - [10/Mar/2026:15:35:01 -0300] "POST /cormun/servlet/solicitudot?gx-no-cache=1773167983464 HTTP/1.1" 200 1481
190.95.67.91 - - [10/Mar/2026:15:35:01 -0300] "POST /cormun/servlet/solicitudot?gx-no-cache=1773167983484 HTTP/1.1" 200 41
190.95.67.91 - - [10/Mar/2026:15:35:14 -0300] "GET /cormun/servlet/solicitudot?b713854eb66a00d9a28a9aacc39954123bd453d485ff72d5c9f09ec8d2ca725ad769abf7776f2cf8fc7c63ec362022f0d8044f016f8b2538f2b81a7317f4cf4f29dd0fc67685ed765d44e31c8527bcc4cffdd29c19373422c996b44c4533a22d4e82054464047e7dbbd0d9a2f124a0a8,gx-no-cache=1773167996006 HTTP/1.1" 200 110
190.95.67.91 - - [10/Mar/2026:15:35:14 -0300] "POST /cormun/servlet/solicitudot?gx-no-cache=1773167996024 HTTP/1.1" 200 97
190.95.67.91 - - [10/Mar/2026:15:35:14 -0300] "GET /cormun/servlet/solicitudot?b713854eb66a00d9a28a9aacc3995412f400655671a231e36557a5640c6f82d895051b49cfc8fd790a497557a55078df2506183d08ca157e65380c9f24244b9d42e5d98cdfe827065c7773810c45b0c1c4bed3b41392300b78b88b53a5d411e8e04265985855a2727b4797f27150aafd51be08145cde46661fccd6dbdf7777a401cbcbd458955d267a48c37266f1559533bbf617fb4b93ce9c7ad79d75d2c1a00941771708eed21e9a6cc71881397a4a8a1eff6628226efa9e8736cc63442db8e2bf9cbfd939db45e632c9525f4e3011,gx-no-cache=1773167996044 HTTP/1.1" 200 29
190.95.67.91 - - [10/Mar/2026:15:35:14 -0300] "GET /cormun/servlet/solicitudot?b713854eb66a00d9a28a9aacc39954124616abb410f71959678d2a106c5e31339cc29a99d15581d4098ce473c6b582e7,gx-no-cache=1773167996057 HTTP/1.1" 200 30
190.95.67.91 - - [10/Mar/2026:15:35:14 -0300] "POST /cormun/servlet/solicitudot?gx-no-cache=1773167996071 HTTP/1.1" 200 30
129.222.173.48 - - [10/Mar/2026:15:35:15 -0300] "POST /cormun/servlet/solicitudot?85420ad8898c6c1e28f302a295d3de15,INS,0,0,false,,gx-no-cache=1773167996898 HTTP/1.1" 200 93
129.222.173.48 - - [10/Mar/2026:15:35:15 -0300] "GET /cormun/servlet/hpexe_return? HTTP/1.1" 200 1006
129.222.173.48 - - [10/Mar/2026:15:35:16 -0300] "GET /cormun/servlet/trsolicitudot HTTP/1.1" 200 7160
186.236.240.56 - - [10/Mar/2026:15:35:28 -0300] "GET /manager/html HTTP/1.1" 401 2474
129.222.173.48 - - [10/Mar/2026:15:35:36 -0300] "GET /cormun/servlet/hlogin HTTP/1.1" 200 1735
190.95.67.91 - - [10/Mar/2026:15:35:37 -0300] "POST /cormun/servlet/solicitudot?9bc0830a31c7405c1b75c7459ddac135,UPD,2026,23232,false,,gx-no-cache=1773168019118 HTTP/1.1" 200 93
190.95.67.91 - - [10/Mar/2026:15:35:37 -0300] "GET /cormun/servlet/hpexe_return? HTTP/1.1" 200 1011
190.95.67.91 - - [10/Mar/2026:15:35:37 -0300] "GET /cormun/servlet/trsolicitudot HTTP/1.1" 200 8956
186.236.240.56 - - [10/Mar/2026:15:36:05 -0300] "GET /manager/html HTTP/1.1" 401 2474
190.95.67.91 - - [10/Mar/2026:15:36:08 -0300] "POST /cormun/servlet/trsolicitudot?9bc0830a31c7405c1b75c7459ddac135,gx-no-cache=1773168050042 HTTP/1.1" 200 106
190.95.67.91 - - [10/Mar/2026:15:36:08 -0300] "GET /cormun/servlet/trsolicitudadjuntos?2026,23232, HTTP/1.1" 200 6440
190.95.67.91 - - [10/Mar/2026:15:36:09 -0300] "POST /cormun/servlet/acontrolpreferencessavestate?None,MRAMOS,true HTTP/1.1" 200 35
190.95.67.91 - - [10/Mar/2026:15:36:10 -0300] "GET /cormun/servlet/solicitudotadjuntos?INS,2026,23232,,1, HTTP/1.1" 200 6391
190.95.67.91 - - [10/Mar/2026:15:36:10 -0300] "GET /cormun/static/about:blank HTTP/1.1" 404 1011
190.95.67.91 - - [10/Mar/2026:15:36:11 -0300] "GET /cormun/servlet/solicitudotadjuntos?b713854eb66a00d9a28a9aacc39954126ef32929dc261537b4e3eff3e70b327e7cf75395cc02fa63eba90118c3ea154d,gx-no-cache=1773168053319 HTTP/1.1" 200 30
190.95.67.91 - - [10/Mar/2026:15:36:11 -0300] "POST /cormun/servlet/solicitudotadjuntos?9bc0830a31c7405c1b75c7459ddac135,INS,2026,23232,,1,,gx-no-cache=1773168053340 HTTP/1.1" 200 4182
190.95.67.91 - - [10/Mar/2026:15:36:12 -0300] "POST /cormun/servlet/solicitudotadjuntos?gx-no-cache=1773168054599 HTTP/1.1" 200 26
190.95.67.91 - - [10/Mar/2026:15:36:16 -0300] "GET /cormun/servlet/solicitudotadjuntos?b713854eb66a00d9a28a9aacc399541271a05483a2c62d738811264ea01c6ed5,gx-no-cache=1773168058563 HTTP/1.1" 200 30
190.95.67.91 - - [10/Mar/2026:15:36:16 -0300] "GET /cormun/servlet/solicitudotadjuntos?b713854eb66a00d9a28a9aacc399541271a05483a2c62d738811264ea01c6ed5,gx-no-cache=1773168058574 HTTP/1.1" 200 30
190.95.67.91 - - [10/Mar/2026:15:36:16 -0300] "POST /cormun/servlet/solicitudotadjuntos?9bc0830a31c7405c1b75c7459ddac135,INS,2026,23232,,1, HTTP/1.1" 200 116
190.95.67.91 - - [10/Mar/2026:15:36:16 -0300] "GET /cormun/servlet/hpexe_return? HTTP/1.1" 200 1022
190.95.67.91 - - [10/Mar/2026:15:36:16 -0300] "GET /cormun/servlet/trsolicitudadjuntos?2026,23232, HTTP/1.1" 200 9713
190.95.67.91 - - [10/Mar/2026:15:36:18 -0300] "GET /cormun/servlet/solicitudotadjuntos?INS,2026,23232,,1, HTTP/1.1" 200 6391
190.95.67.91 - - [10/Mar/2026:15:36:18 -0300] "GET /cormun/static/about:blank HTTP/1.1" 404 1011
190.95.67.91 - - [10/Mar/2026:15:36:19 -0300] "GET /cormun/servlet/solicitudotadjuntos?b713854eb66a00d9a28a9aacc39954126ef32929dc261537b4e3eff3e70b327e7cf75395cc02fa63eba90118c3ea154d,gx-no-cache=1773168061081 HTTP/1.1" 200 30
190.95.67.91 - - [10/Mar/2026:15:36:19 -0300] "POST /cormun/servlet/solicitudotadjuntos?9bc0830a31c7405c1b75c7459ddac135,INS,2026,23232,,1,,gx-no-cache=1773168061101 HTTP/1.1" 200 4182
190.95.67.91 - - [10/Mar/2026:15:36:20 -0300] "POST /cormun/servlet/solicitudotadjuntos?gx-no-cache=1773168062588 HTTP/1.1" 200 26
186.236.240.56 - - [10/Mar/2026:15:36:42 -0300] "GET /manager/html HTTP/1.1" 401 2474
190.95.67.91 - - [10/Mar/2026:15:37:15 -0300] "GET /cormun/servlet/solicitudotadjuntos?b713854eb66a00d9a28a9aacc399541271a05483a2c62d738811264ea01c6ed5,gx-no-cache=1773168117044 HTTP/1.1" 200 30
190.95.67.91 - - [10/Mar/2026:15:37:15 -0300] "GET /cormun/servlet/solicitudotadjuntos?b713854eb66a00d9a28a9aacc399541271a05483a2c62d738811264ea01c6ed5,gx-no-cache=1773168117060 HTTP/1.1" 200 30
190.95.67.91 - - [10/Mar/2026:15:37:15 -0300] "POST /cormun/servlet/solicitudotadjuntos?9bc0830a31c7405c1b75c7459ddac135,INS,2026,23232,,1, HTTP/1.1" 200 116
190.95.67.91 - - [10/Mar/2026:15:37:15 -0300] "GET /cormun/servlet/hpexe_return? HTTP/1.1" 200 1022
190.95.67.91 - - [10/Mar/2026:15:37:15 -0300] "GET /cormun/servlet/trsolicitudadjuntos?2026,23232, HTTP/1.1" 200 9988
186.236.240.56 - - [10/Mar/2026:15:37:28 -0300] "GET /manager/html HTTP/1.1" 401 2474
186.236.240.56 - - [10/Mar/2026:15:38:07 -0300] "GET /manager/html HTTP/1.1" 401 2474
139.59.36.115 - - [10/Mar/2026:15:38:33 -0300] "GET / HTTP/1.1" 200 11217
186.236.240.56 - - [10/Mar/2026:15:38:45 -0300] "GET /manager/html HTTP/1.1" 401 2474
186.236.240.56 - - [10/Mar/2026:15:39:22 -0300] "GET /manager/html HTTP/1.1" 401 2474
190.95.67.91 - - [10/Mar/2026:15:39:39 -0300] "GET /cormun/servlet/solicitudotadjuntos?INS,2026,23232,,1, HTTP/1.1" 200 6390
190.95.67.91 - - [10/Mar/2026:15:39:39 -0300] "GET /cormun/static/about:blank HTTP/1.1" 404 1011
190.95.67.91 - - [10/Mar/2026:15:39:40 -0300] "GET /cormun/servlet/solicitudotadjuntos?b713854eb66a00d9a28a9aacc39954126ef32929dc261537b4e3eff3e70b327e7cf75395cc02fa63eba90118c3ea154d,gx-no-cache=1773168262331 HTTP/1.1" 200 30
190.95.67.91 - - [10/Mar/2026:15:39:40 -0300] "POST /cormun/servlet/solicitudotadjuntos?9bc0830a31c7405c1b75c7459ddac135,INS,2026,23232,,1,,gx-no-cache=1773168262344 HTTP/1.1" 200 4183
190.95.67.91 - - [10/Mar/2026:15:39:42 -0300] "POST /cormun/servlet/solicitudotadjuntos?gx-no-cache=1773168264108 HTTP/1.1" 200 26
190.95.67.91 - - [10/Mar/2026:15:39:46 -0300] "GET /cormun/servlet/solicitudotadjuntos?b713854eb66a00d9a28a9aacc399541271a05483a2c62d738811264ea01c6ed5,gx-no-cache=1773168268315 HTTP/1.1" 200 30
190.95.67.91 - - [10/Mar/2026:15:39:46 -0300] "GET /cormun/servlet/solicitudotadjuntos?b713854eb66a00d9a28a9aacc399541271a05483a2c62d738811264ea01c6ed5,gx-no-cache=1773168268325 HTTP/1.1" 200 30
190.95.67.91 - - [10/Mar/2026:15:39:46 -0300] "POST /cormun/servlet/solicitudotadjuntos?9bc0830a31c7405c1b75c7459ddac135,INS,2026,23232,,1, HTTP/1.1" 200 116
190.95.67.91 - - [10/Mar/2026:15:39:46 -0300] "GET /cormun/servlet/hpexe_return? HTTP/1.1" 200 1022
190.95.67.91 - - [10/Mar/2026:15:39:46 -0300] "GET /cormun/servlet/trsolicitudadjuntos?2026,23232, HTTP/1.1" 200 10260
201.186.225.187 - - [10/Mar/2026:15:39:47 -0300] "GET /cormun/servlet/hlogin HTTP/1.1" 200 1724
201.186.225.187 - - [10/Mar/2026:15:39:47 -0300] "GET /cormun/servlet/hlogin HTTP/1.1" 200 1734
190.95.67.91 - - [10/Mar/2026:15:39:48 -0300] "GET /cormun/servlet/solicitudotadjuntos?INS,2026,23232,,1, HTTP/1.1" 200 6390
190.95.67.91 - - [10/Mar/2026:15:39:48 -0300] "GET /cormun/static/about:blank HTTP/1.1" 404 1011
190.95.67.91 - - [10/Mar/2026:15:39:48 -0300] "GET /cormun/servlet/solicitudotadjuntos?b713854eb66a00d9a28a9aacc39954126ef32929dc261537b4e3eff3e70b327e7cf75395cc02fa63eba90118c3ea154d,gx-no-cache=1773168270932 HTTP/1.1" 200 30
190.95.67.91 - - [10/Mar/2026:15:39:49 -0300] "POST /cormun/servlet/solicitudotadjuntos?9bc0830a31c7405c1b75c7459ddac135,INS,2026,23232,,1,,gx-no-cache=1773168270943 HTTP/1.1" 200 4183
201.186.225.187 - - [10/Mar/2026:15:39:53 -0300] "POST /cormun/servlet/hlogin?ac4a453e7b2f538dcaeea694f9948b27,gx-no-cache=1773171962844 HTTP/1.1" 200 90
201.186.225.187 - - [10/Mar/2026:15:39:53 -0300] "GET /cormun/servlet/hpexe_link HTTP/1.1" 200 955
201.186.225.187 - - [10/Mar/2026:15:39:53 -0300] "GET /cormun/servlet/hhome HTTP/1.1" 200 3971
201.186.225.187 - - [10/Mar/2026:15:39:55 -0300] "GET /cormun/servlet/trlicencias? HTTP/1.1" 200 8036
186.236.240.56 - - [10/Mar/2026:15:39:58 -0300] "GET /manager/html HTTP/1.1" 401 2474
186.236.240.56 - - [10/Mar/2026:15:40:34 -0300] "GET /manager/html HTTP/1.1" 401 2474
186.236.240.56 - - [10/Mar/2026:15:41:11 -0300] "GET /manager/html HTTP/1.1" 401 2474
190.95.15.13 - - [10/Mar/2026:15:41:34 -0300] "GET /cormun/servlet/hlogin HTTP/1.1" 200 1732
186.236.240.56 - - [10/Mar/2026:15:41:48 -0300] "GET /manager/html HTTP/1.1" 401 2474
186.236.240.56 - - [10/Mar/2026:15:42:24 -0300] "GET /manager/html HTTP/1.1" 401 2474
186.236.240.56 - - [10/Mar/2026:15:43:10 -0300] "GET /manager/html HTTP/1.1" 401 2474
186.236.240.56 - - [10/Mar/2026:15:43:49 -0300] "GET /manager/html HTTP/1.1" 401 2474
186.236.240.56 - - [10/Mar/2026:15:44:25 -0300] "GET /manager/html HTTP/1.1" 401 2474
186.236.240.56 - - [10/Mar/2026:15:45:02 -0300] "GET /manager/html HTTP/1.1" 401 2474
186.236.240.56 - - [10/Mar/2026:15:45:39 -0300] "GET /manager/html HTTP/1.1" 401 2474
186.236.240.56 - - [10/Mar/2026:15:46:15 -0300] "GET /manager/html HTTP/1.1" 401 2474
186.236.240.56 - - [10/Mar/2026:15:46:53 -0300] "GET /manager/html HTTP/1.1" 401 2474
190.95.67.91 - - [10/Mar/2026:15:47:27 -0300] "GET /cormun/servlet/trlicencias? HTTP/1.1" 200 12148
186.236.240.56 - - [10/Mar/2026:15:47:29 -0300] "GET /manager/html HTTP/1.1" 401 2474
190.95.67.91 - - [10/Mar/2026:15:47:32 -0300] "GET /cormun/servlet/licenciaspermisos?DSP,16497984,L,20260309000000, HTTP/1.1" 200 7462
142.93.213.36 - - [10/Mar/2026:15:47:53 -0300] "GET / HTTP/1.1" 200 11217
186.236.240.56 - - [10/Mar/2026:15:48:15 -0300] "GET /manager/html HTTP/1.1" 401 2474
190.95.67.91 - - [10/Mar/2026:15:48:31 -0300] "POST /cormun/servlet/licenciaspermisos?9bc0830a31c7405c1b75c7459ddac135,DSP,16497984,L,20260309000000,,gx-no-cache=1773168793550 HTTP/1.1" 200 93
190.95.67.91 - - [10/Mar/2026:15:48:31 -0300] "GET /cormun/servlet/hpexe_return? HTTP/1.1" 200 1025
190.95.67.91 - - [10/Mar/2026:15:48:31 -0300] "GET /cormun/servlet/trlicencias HTTP/1.1" 200 12135
186.236.240.56 - - [10/Mar/2026:15:48:53 -0300] "GET /manager/html HTTP/1.1" 401 2474
186.236.240.56 - - [10/Mar/2026:15:49:30 -0300] "GET /manager/html HTTP/1.1" 401 2474
190.95.67.91 - - [10/Mar/2026:15:49:50 -0300] "GET /cormun/servlet/trsolicitudot? HTTP/1.1" 200 8957
190.95.67.91 - - [10/Mar/2026:15:49:53 -0300] "POST /cormun/servlet/trsolicitudot?9bc0830a31c7405c1b75c7459ddac135,,gx-no-cache=1773168875502 HTTP/1.1" 200 106
190.95.67.91 - - [10/Mar/2026:15:49:53 -0300] "GET /cormun/servlet/trsolicitudadjuntos?2026,23232, HTTP/1.1" 200 10254
190.95.67.91 - - [10/Mar/2026:15:49:56 -0300] "GET /cormun/servlet/solicitudotadjuntos?INS,2026,23232,,1, HTTP/1.1" 200 6390
190.95.67.91 - - [10/Mar/2026:15:49:56 -0300] "GET /cormun/static/about:blank HTTP/1.1" 404 1011
190.95.67.91 - - [10/Mar/2026:15:49:57 -0300] "GET /cormun/servlet/solicitudotadjuntos?b713854eb66a00d9a28a9aacc39954126ef32929dc261537b4e3eff3e70b327e7cf75395cc02fa63eba90118c3ea154d,gx-no-cache=1773168879291 HTTP/1.1" 200 30
190.95.67.91 - - [10/Mar/2026:15:49:57 -0300] "POST /cormun/servlet/solicitudotadjuntos?9bc0830a31c7405c1b75c7459ddac135,INS,2026,23232,,1,,gx-no-cache=1773168879325 HTTP/1.1" 200 4183
190.95.67.91 - - [10/Mar/2026:15:49:59 -0300] "POST /cormun/servlet/solicitudotadjuntos?gx-no-cache=1773168881531 HTTP/1.1" 200 26
186.236.240.56 - - [10/Mar/2026:15:50:06 -0300] "GET /manager/html HTTP/1.1" 401 2474
190.95.67.91 - - [10/Mar/2026:15:50:12 -0300] "GET /cormun/servlet/solicitudotadjuntos?b713854eb66a00d9a28a9aacc399541271a05483a2c62d738811264ea01c6ed5,gx-no-cache=1773168894827 HTTP/1.1" 200 30
190.95.67.91 - - [10/Mar/2026:15:50:12 -0300] "GET /cormun/servlet/solicitudotadjuntos?b713854eb66a00d9a28a9aacc399541271a05483a2c62d738811264ea01c6ed5,gx-no-cache=1773168894837 HTTP/1.1" 200 30
190.95.67.91 - - [10/Mar/2026:15:50:12 -0300] "POST /cormun/servlet/solicitudotadjuntos?9bc0830a31c7405c1b75c7459ddac135,INS,2026,23232,,1, HTTP/1.1" 200 116
190.95.67.91 - - [10/Mar/2026:15:50:12 -0300] "GET /cormun/servlet/hpexe_return? HTTP/1.1" 200 1022
190.95.67.91 - - [10/Mar/2026:15:50:13 -0300] "GET /cormun/servlet/trsolicitudadjuntos?2026,23232, HTTP/1.1" 200 10600
186.236.240.56 - - [10/Mar/2026:15:50:42 -0300] "GET /manager/html HTTP/1.1" 401 2474
190.95.67.91 - - [10/Mar/2026:15:51:07 -0300] "GET /cormun/servlet/solicitudotadjuntos?INS,2026,23232,,1, HTTP/1.1" 200 6391
190.95.67.91 - - [10/Mar/2026:15:51:08 -0300] "GET /cormun/static/about:blank HTTP/1.1" 404 1011
190.95.67.91 - - [10/Mar/2026:15:51:08 -0300] "GET /cormun/servlet/solicitudotadjuntos?b713854eb66a00d9a28a9aacc39954126ef32929dc261537b4e3eff3e70b327e7cf75395cc02fa63eba90118c3ea154d,gx-no-cache=1773168950553 HTTP/1.1" 200 30
190.95.67.91 - - [10/Mar/2026:15:51:08 -0300] "POST /cormun/servlet/solicitudotadjuntos?9bc0830a31c7405c1b75c7459ddac135,INS,2026,23232,,1,,gx-no-cache=1773168950564 HTTP/1.1" 200 4182
186.236.240.56 - - [10/Mar/2026:15:51:18 -0300] "GET /manager/html HTTP/1.1" 401 2474
190.95.67.91 - - [10/Mar/2026:15:51:54 -0300] "POST /cormun/servlet/solicitudotadjuntos?gx-no-cache=1773168996179 HTTP/1.1" 200 26
190.95.67.91 - - [10/Mar/2026:15:52:04 -0300] "GET /cormun/servlet/solicitudotadjuntos?b713854eb66a00d9a28a9aacc399541271a05483a2c62d738811264ea01c6ed5,gx-no-cache=1773169006826 HTTP/1.1" 200 30
190.95.67.91 - - [10/Mar/2026:15:52:04 -0300] "GET /cormun/servlet/solicitudotadjuntos?b713854eb66a00d9a28a9aacc399541271a05483a2c62d738811264ea01c6ed5,gx-no-cache=1773169006836 HTTP/1.1" 200 30
186.236.240.56 - - [10/Mar/2026:15:52:04 -0300] "GET /manager/html HTTP/1.1" 401 2474
190.95.67.91 - - [10/Mar/2026:15:52:04 -0300] "POST /cormun/servlet/solicitudotadjuntos?9bc0830a31c7405c1b75c7459ddac135,INS,2026,23232,,1, HTTP/1.1" 200 116
190.95.67.91 - - [10/Mar/2026:15:52:05 -0300] "GET /cormun/servlet/hpexe_return? HTTP/1.1" 200 1022
190.95.67.91 - - [10/Mar/2026:15:52:05 -0300] "GET /cormun/servlet/trsolicitudadjuntos?2026,23232, HTTP/1.1" 200 10898
190.95.67.91 - - [10/Mar/2026:15:52:07 -0300] "GET /cormun/servlet/solicitudotadjuntos?INS,2026,23232,,1, HTTP/1.1" 200 6390
190.95.67.91 - - [10/Mar/2026:15:52:07 -0300] "GET /cormun/static/about:blank HTTP/1.1" 404 1011
190.95.67.91 - - [10/Mar/2026:15:52:08 -0300] "GET /cormun/servlet/solicitudotadjuntos?b713854eb66a00d9a28a9aacc39954126ef32929dc261537b4e3eff3e70b327e7cf75395cc02fa63eba90118c3ea154d,gx-no-cache=1773169009941 HTTP/1.1" 200 30
190.95.67.91 - - [10/Mar/2026:15:52:08 -0300] "POST /cormun/servlet/solicitudotadjuntos?9bc0830a31c7405c1b75c7459ddac135,INS,2026,23232,,1,,gx-no-cache=1773169009954 HTTP/1.1" 200 4183
190.95.67.91 - - [10/Mar/2026:15:52:09 -0300] "POST /cormun/servlet/solicitudotadjuntos?gx-no-cache=1773169011851 HTTP/1.1" 200 26
190.95.67.91 - - [10/Mar/2026:15:52:14 -0300] "GET /cormun/servlet/solicitudotadjuntos?b713854eb66a00d9a28a9aacc399541271a05483a2c62d738811264ea01c6ed5,gx-no-cache=1773169016179 HTTP/1.1" 200 30
190.95.67.91 - - [10/Mar/2026:15:52:14 -0300] "GET /cormun/servlet/solicitudotadjuntos?b713854eb66a00d9a28a9aacc399541271a05483a2c62d738811264ea01c6ed5,gx-no-cache=1773169016189 HTTP/1.1" 200 30
190.95.67.91 - - [10/Mar/2026:15:52:16 -0300] "POST /cormun/servlet/solicitudotadjuntos?9bc0830a31c7405c1b75c7459ddac135,INS,2026,23232,,1, HTTP/1.1" 200 116
190.95.67.91 - - [10/Mar/2026:15:52:16 -0300] "GET /cormun/servlet/hpexe_return? HTTP/1.1" 200 1022
190.95.67.91 - - [10/Mar/2026:15:52:16 -0300] "GET /cormun/servlet/trsolicitudadjuntos?2026,23232, HTTP/1.1" 200 11091
190.95.67.91 - - [10/Mar/2026:15:52:19 -0300] "GET /cormun/servlet/solicitudotadjuntos?INS,2026,23232,,2, HTTP/1.1" 200 6387
190.95.67.91 - - [10/Mar/2026:15:52:19 -0300] "GET /cormun/static/about:blank HTTP/1.1" 404 1011
190.95.67.91 - - [10/Mar/2026:15:52:20 -0300] "GET /cormun/servlet/solicitudotadjuntos?b713854eb66a00d9a28a9aacc39954126ef32929dc261537b4e3eff3e70b327e7cf75395cc02fa63eba90118c3ea154d,gx-no-cache=1773169022369 HTTP/1.1" 200 30
190.95.67.91 - - [10/Mar/2026:15:52:20 -0300] "POST /cormun/servlet/solicitudotadjuntos?9bc0830a31c7405c1b75c7459ddac135,INS,2026,23232,,2,,gx-no-cache=1773169022385 HTTP/1.1" 200 4322
190.95.67.91 - - [10/Mar/2026:15:52:29 -0300] "POST /cormun/servlet/solicitudotadjuntos?gx-no-cache=1773169030955 HTTP/1.1" 200 26
190.95.67.91 - - [10/Mar/2026:15:52:33 -0300] "GET /cormun/servlet/solicitudotadjuntos?b713854eb66a00d9a28a9aacc399541271a05483a2c62d738811264ea01c6ed5,gx-no-cache=1773169035451 HTTP/1.1" 200 30
190.95.67.91 - - [10/Mar/2026:15:52:33 -0300] "GET /cormun/servlet/solicitudotadjuntos?b713854eb66a00d9a28a9aacc399541271a05483a2c62d738811264ea01c6ed5,gx-no-cache=1773169035460 HTTP/1.1" 200 30
190.95.67.91 - - [10/Mar/2026:15:52:36 -0300] "POST /cormun/servlet/solicitudotadjuntos?9bc0830a31c7405c1b75c7459ddac135,INS,2026,23232,,2, HTTP/1.1" 200 116
190.95.67.91 - - [10/Mar/2026:15:52:36 -0300] "GET /cormun/servlet/hpexe_return? HTTP/1.1" 200 1022
190.95.67.91 - - [10/Mar/2026:15:52:36 -0300] "GET /cormun/servlet/trsolicitudadjuntos?2026,23232, HTTP/1.1" 200 11244
134.209.150.160 - - [10/Mar/2026:15:52:39 -0300] "GET / HTTP/1.1" 200 11217
45.156.128.131 - - [10/Mar/2026:15:52:41 -0300] "GET / HTTP/1.1" 200 11217
190.95.67.91 - - [10/Mar/2026:15:52:42 -0300] "POST /cormun/servlet/trsolicitudadjuntos?9bc0830a31c7405c1b75c7459ddac135,2026,23232,,gx-no-cache=1773169044277 HTTP/1.1" 200 90
190.95.67.91 - - [10/Mar/2026:15:52:42 -0300] "GET /cormun/servlet/hpexe_link HTTP/1.1" 200 965
190.95.67.91 - - [10/Mar/2026:15:52:42 -0300] "GET /cormun/servlet/trsolicitudot HTTP/1.1" 200 8958
186.236.240.56 - - [10/Mar/2026:15:52:43 -0300] "GET /manager/html HTTP/1.1" 401 2474
186.236.240.56 - - [10/Mar/2026:15:53:19 -0300] "GET /manager/html HTTP/1.1" 401 2474
190.95.67.91 - - [10/Mar/2026:15:53:26 -0300] "POST /cormun/servlet/trsolicitudot?9bc0830a31c7405c1b75c7459ddac135,gx-no-cache=1773169088533 HTTP/1.1" 200 4842
190.95.67.91 - - [10/Mar/2026:15:53:26 -0300] "GET /cormun/static/Shared/jqueryui/images/ui-bg_highlight-soft_100_c6c2c8_1x100.png HTTP/1.1" 404 1117
190.95.67.91 - - [10/Mar/2026:15:53:26 -0300] "GET /cormun/static/Shared/jqueryui/images/ui-icons_82798d_256x240.png HTTP/1.1" 404 1089
190.95.67.91 - - [10/Mar/2026:15:53:26 -0300] "GET /cormun/static/Shared/jqueryui/images/ui-icons_8d78a5_256x240.png HTTP/1.1" 404 1089
190.95.67.91 - - [10/Mar/2026:15:53:26 -0300] "GET /cormun/static/Shared/jqueryui/images/ui-bg_flat_55_fafafa_40x100.png HTTP/1.1" 404 1097
190.95.67.91 - - [10/Mar/2026:15:53:26 -0300] "POST /cormun/servlet/trsolicitudot?9bc0830a31c7405c1b75c7459ddac135,gx-no-cache=1773169088660 HTTP/1.1" 200 4609
190.95.67.99 - - [10/Mar/2026:15:53:48 -0300] "GET /cormun/servlet/hlogin HTTP/1.1" 200 1734
190.95.67.93 - - [10/Mar/2026:15:53:54 -0300] "GET /cormun/servlet/hlogin HTTP/1.1" 200 1717
186.236.240.56 - - [10/Mar/2026:15:53:55 -0300] "GET /manager/html HTTP/1.1" 401 2474
190.95.67.93 - - [10/Mar/2026:15:54:07 -0300] "POST /cormun/servlet/hlogin?be51b6cb61eed9bd986fff59688ecdcd,gx-no-cache=1773169128549 HTTP/1.1" 200 90
190.95.67.93 - - [10/Mar/2026:15:54:07 -0300] "GET /cormun/servlet/hpexe_link HTTP/1.1" 200 948
190.95.67.93 - - [10/Mar/2026:15:54:07 -0300] "GET /cormun/servlet/hhome HTTP/1.1" 200 4336
190.95.67.93 - - [10/Mar/2026:15:54:11 -0300] "GET /cormun/servlet/trpermisosgoce? HTTP/1.1" 200 8440
190.95.67.93 - - [10/Mar/2026:15:54:14 -0300] "GET /cormun/servlet/permisogoce?INS,0,,, HTTP/1.1" 200 7228
190.95.67.93 - - [10/Mar/2026:15:54:32 -0300] "GET /cormun/servlet/permisogoce?375ec69aea7a5317148eceea4214d0961839e30c7444c52d5cd8e98cd89023351c6bb0540ee63e8c18f0a378e9bf3aa35b43ea9c6208204f2e0daa04be834de7,gx-no-cache=1773169153953 HTTP/1.1" 200 77
186.236.240.56 - - [10/Mar/2026:15:54:35 -0300] "GET /manager/html HTTP/1.1" 401 2474
190.95.67.93 - - [10/Mar/2026:15:54:44 -0300] "GET /cormun/static/menuarrow.gif HTTP/1.1" 404 1015
190.95.67.93 - - [10/Mar/2026:15:54:51 -0300] "GET /cormun/servlet/permisogoce?375ec69aea7a5317148eceea4214d096dc090d56ed8298224336736639397dbd57d0b5f033d1c3c4d897b5c3bd8ff530b8b32be6d88e2679a2e7f746ca129aed,gx-no-cache=1773169172588 HTTP/1.1" 200 46
190.95.67.93 - - [10/Mar/2026:15:54:55 -0300] "POST /cormun/servlet/permisogoce?be51b6cb61eed9bd986fff59688ecdcd,INS,0,,,,gx-no-cache=1773169175878 HTTP/1.1" 200 93
190.95.67.93 - - [10/Mar/2026:15:54:55 -0300] "GET /cormun/servlet/hpexe_return? HTTP/1.1" 200 1007
190.95.67.93 - - [10/Mar/2026:15:54:55 -0300] "GET /cormun/servlet/trpermisosgoce HTTP/1.1" 200 8684
190.95.67.93 - - [10/Mar/2026:15:55:02 -0300] "GET /cormun/servlet/apermisogoceprn?7594271,P,20260310155932,PU HTTP/1.1" 200 1651
186.236.240.56 - - [10/Mar/2026:15:55:11 -0300] "GET /manager/html HTTP/1.1" 401 2474
186.236.240.56 - - [10/Mar/2026:15:55:48 -0300] "GET /manager/html HTTP/1.1" 401 2474
186.236.240.56 - - [10/Mar/2026:15:56:25 -0300] "GET /manager/html HTTP/1.1" 401 2474
186.236.240.56 - - [10/Mar/2026:15:57:04 -0300] "GET /manager/html HTTP/1.1" 401 2474
186.236.240.56 - - [10/Mar/2026:15:57:41 -0300] "GET /manager/html HTTP/1.1" 401 2474
186.236.240.56 - - [10/Mar/2026:15:58:19 -0300] "GET /manager/html HTTP/1.1" 401 2474
186.236.240.56 - - [10/Mar/2026:15:58:56 -0300] "GET /manager/html HTTP/1.1" 401 2474
165.245.187.143 - - [10/Mar/2026:15:59:20 -0300] "GET / HTTP/1.1" 200 11217
186.236.240.56 - - [10/Mar/2026:15:59:32 -0300] "GET /manager/html HTTP/1.1" 401 2474
186.236.240.56 - - [10/Mar/2026:16:00:08 -0300] "GET /manager/html HTTP/1.1" 401 2474
186.236.240.56 - - [10/Mar/2026:16:00:45 -0300] "GET /manager/html HTTP/1.1" 401 2474
186.236.240.56 - - [10/Mar/2026:16:01:21 -0300] "GET /manager/html HTTP/1.1" 401 2474
186.236.240.56 - - [10/Mar/2026:16:01:57 -0300] "GET /manager/html HTTP/1.1" 401 2474
186.236.240.56 - - [10/Mar/2026:16:02:34 -0300] "GET /manager/html HTTP/1.1" 401 2474
167.71.226.196 - - [10/Mar/2026:16:03:01 -0300] "GET / HTTP/1.1" 200 11217
186.236.240.56 - - [10/Mar/2026:16:03:12 -0300] "GET /manager/html HTTP/1.1" 401 2474
186.236.240.56 - - [10/Mar/2026:16:03:48 -0300] "GET /manager/html HTTP/1.1" 401 2474
10.40.40.2 - - [10/Mar/2026:16:04:07 -0300] "GET /cormun/servlet/hlogin HTTP/1.1" 200 1723
10.40.40.2 - - [10/Mar/2026:16:04:07 -0300] "GET /cormun/static/Resources/CormunLogin.png HTTP/1.1" 200 19132
10.40.40.2 - - [10/Mar/2026:16:04:07 -0300] "GET /cormun/static/Resources/PXToolsLoginTop.png HTTP/1.1" 200 1337
10.40.40.2 - - [10/Mar/2026:16:04:07 -0300] "GET /cormun/static/Resources/PXToolsLoginBackground.png HTTP/1.1" 200 1164
10.40.40.2 - - [10/Mar/2026:16:04:07 -0300] "GET /cormun/static/Resources/PXToolsButtonRight.png HTTP/1.1" 200 1294
10.40.40.2 - - [10/Mar/2026:16:04:07 -0300] "GET /cormun/static/Resources/PXToolsButtonLeft.png HTTP/1.1" 200 1310
10.40.40.2 - - [10/Mar/2026:16:04:07 -0300] "GET /cormun/static/Resources/PXToolsButtonBackground.png HTTP/1.1" 200 1176
10.40.40.2 - - [10/Mar/2026:16:04:07 -0300] "GET /cormun/static/Resources/PXToolsLoginBottom.png HTTP/1.1" 200 1389
10.40.40.2 - - [10/Mar/2026:16:04:07 -0300] "GET /cormun/static/Resources/indicator.gif HTTP/1.1" 200 1553
10.40.40.2 - - [10/Mar/2026:16:04:10 -0300] "POST /cormun/servlet/hlogin?197988f33926d2a6b71e3ec7afba6fcc,gx-no-cache=1773169659489 HTTP/1.1" 200 90
10.40.40.2 - - [10/Mar/2026:16:04:10 -0300] "GET /cormun/servlet/hpexe_link HTTP/1.1" 200 955
10.40.40.2 - - [10/Mar/2026:16:04:11 -0300] "GET /cormun/servlet/hhome HTTP/1.1" 200 3178
10.40.40.2 - - [10/Mar/2026:16:04:11 -0300] "GET /cormun/static/Resources/CormunMP2.png HTTP/1.1" 200 6878
10.40.40.2 - - [10/Mar/2026:16:04:11 -0300] "GET /cormun/static/Resources/ImgHome.png HTTP/1.1" 200 1364
10.40.40.2 - - [10/Mar/2026:16:04:11 -0300] "GET /cormun/static/Resources/ImgLogin.png HTTP/1.1" 200 1432
10.40.40.2 - - [10/Mar/2026:16:04:11 -0300] "GET /cormun/static/Resources/Llave.png HTTP/1.1" 200 1395
10.40.40.2 - - [10/Mar/2026:16:04:11 -0300] "GET /cormun/static/Resources/PXToolsDataTitle.png HTTP/1.1" 200 1173
10.40.40.2 - - [10/Mar/2026:16:04:11 -0300] "GET /cormun/static/SmoothNavMenu/resources/images/down.gif HTTP/1.1" 200 854
10.40.40.2 - - [10/Mar/2026:16:04:14 -0300] "GET /cormun/servlet/trlicencias? HTTP/1.1" 200 16385
10.40.40.2 - - [10/Mar/2026:16:04:14 -0300] "GET /cormun/static/Resources/PXTools/calendar.png HTTP/1.1" 200 1306
10.40.40.2 - - [10/Mar/2026:16:04:14 -0300] "GET /cormun/static/Resources/PXToolsAddAllAction.png HTTP/1.1" 200 495
10.40.40.2 - - [10/Mar/2026:16:04:14 -0300] "GET /cormun/static/Resources/PXToolsDataSearch.png HTTP/1.1" 200 435
10.40.40.2 - - [10/Mar/2026:16:04:14 -0300] "GET /cormun/static/Resources/PXToolsGridFirstDisabled.gif HTTP/1.1" 200 100
10.40.40.2 - - [10/Mar/2026:16:04:14 -0300] "GET /cormun/static/Resources/PXToolsGridPreviousDisabled.gif HTTP/1.1" 200 90
10.40.40.2 - - [10/Mar/2026:16:04:14 -0300] "GET /cormun/static/Resources/PXToolsGridNextDisabled.gif HTTP/1.1" 200 90
10.40.40.2 - - [10/Mar/2026:16:04:14 -0300] "GET /cormun/static/Resources/PXToolsGridLastDisabled.gif HTTP/1.1" 200 98
10.40.40.2 - - [10/Mar/2026:16:04:14 -0300] "GET /cormun/static/Resources/PXToolsActionExcel.png HTTP/1.1" 200 727
10.40.40.2 - - [10/Mar/2026:16:04:14 -0300] "GET /cormun/static/Resources/PXToolsGridPage.gif HTTP/1.1" 200 725
10.40.40.2 - - [10/Mar/2026:16:04:14 -0300] "GET /cormun//static/Resources/PXToolsHeaderFavorites.png HTTP/1.1" 200 1414
10.40.40.2 - - [10/Mar/2026:16:04:14 -0300] "GET /cormun/static/Resources/asc.gif HTTP/1.1" 200 67
10.40.40.2 - - [10/Mar/2026:16:04:14 -0300] "GET /cormun/static/Resources/desc.gif HTTP/1.1" 200 65
10.40.40.2 - - [10/Mar/2026:16:04:14 -0300] "GET /cormun//static/Resources/PXToolsActionDisabled.gif HTTP/1.1" 200 53
10.40.40.2 - - [10/Mar/2026:16:04:14 -0300] "GET /cormun//static/Resources/PXToolsGridDisplay.png HTTP/1.1" 200 525
10.40.40.2 - - [10/Mar/2026:16:04:14 -0300] "GET /cormun//static/Resources/PXTools/ActionInsert.png HTTP/1.1" 200 1482
10.40.40.2 - - [10/Mar/2026:16:04:14 -0300] "GET /cormun//static/Resources/PXToolsActionPrint.png HTTP/1.1" 200 404
10.40.40.2 - - [10/Mar/2026:16:04:14 -0300] "GET /cormun//static/Resources/PXToolsHeaderHelp.png HTTP/1.1" 200 1333
