190.95.67.99 - - [10/Mar/2026:10:29:21 -0300] "GET /cormun/static/calendar-es.js?85251 HTTP/1.1" 200 1901
190.95.67.99 - - [10/Mar/2026:10:29:21 -0300] "GET /cormun/static/calendar.js?85251 HTTP/1.1" 200 26246
190.95.67.99 - - [10/Mar/2026:10:29:21 -0300] "GET /cormun/static/trcontratosolicitud.js?202211298514531 HTTP/1.1" 200 28237
190.95.67.99 - - [10/Mar/2026:10:29:21 -0300] "GET /cormun/static/gxdec.js?85251 HTTP/1.1" 200 19579
190.95.67.99 - - [10/Mar/2026:10:29:21 -0300] "GET /cormun//static/Resources/PXToolsGridNew.png HTTP/1.1" 200 427
190.95.67.99 - - [10/Mar/2026:10:29:21 -0300] "GET /cormun//static/Resources/PXToolsActionDisabled.gif HTTP/1.1" 200 53
186.174.240.4 - - [10/Mar/2026:10:29:25 -0300] "GET /cormun/servlet/solicitudotadjuntos?INS,2026,23222,,1, HTTP/1.1" 200 5972
186.174.240.4 - - [10/Mar/2026:10:29:25 -0300] "GET /cormun/static/about:blank HTTP/1.1" 404 1011
186.174.240.4 - - [10/Mar/2026:10:29:26 -0300] "GET /cormun/servlet/solicitudotadjuntos?3a4803dfe9e47bf25e2fc893a3506c426709a57bf347eb18ac65e22861c7e88a3009d6121a8d1ca4cfdaeff29eb7bc36,gx-no-cache=1773149649940 HTTP/1.1" 200 30
186.174.240.4 - - [10/Mar/2026:10:29:26 -0300] "POST /cormun/servlet/solicitudotadjuntos?5c57964ca3dcae10bb81704c5b719474,INS,2026,23222,,1,,gx-no-cache=1773149650096 HTTP/1.1" 200 3900
186.174.240.4 - - [10/Mar/2026:10:29:29 -0300] "POST /cormun/servlet/solicitudotadjuntos?gx-no-cache=1773149653151 HTTP/1.1" 200 26
186.174.240.4 - - [10/Mar/2026:10:29:39 -0300] "GET /cormun/servlet/solicitudotadjuntos?3a4803dfe9e47bf25e2fc893a3506c42561180561d9f2e71a2c183e3075f935a,gx-no-cache=1773149662694 HTTP/1.1" 200 30
186.174.240.4 - - [10/Mar/2026:10:29:39 -0300] "GET /cormun/servlet/solicitudotadjuntos?3a4803dfe9e47bf25e2fc893a3506c42561180561d9f2e71a2c183e3075f935a,gx-no-cache=1773149662738 HTTP/1.1" 200 30
186.174.240.4 - - [10/Mar/2026:10:29:39 -0300] "POST /cormun/servlet/solicitudotadjuntos?5c57964ca3dcae10bb81704c5b719474,INS,2026,23222,,1, HTTP/1.1" 200 116
186.174.240.4 - - [10/Mar/2026:10:29:39 -0300] "GET /cormun/servlet/hpexe_return? HTTP/1.1" 200 1024
186.174.240.4 - - [10/Mar/2026:10:29:39 -0300] "GET /cormun/servlet/trsolicitudadjuntos?2026,23222, HTTP/1.1" 200 9786
129.222.173.48 - - [10/Mar/2026:10:29:39 -0300] "GET /cormun/servlet/hlogin HTTP/1.1" 200 1714
129.222.173.48 - - [10/Mar/2026:10:29:40 -0300] "GET /cormun/servlet/hlogin HTTP/1.1" 200 1725
186.174.240.4 - - [10/Mar/2026:10:29:42 -0300] "GET /cormun/servlet/solicitudotadjuntos?INS,2026,23222,,1, HTTP/1.1" 200 5972
129.222.173.48 - - [10/Mar/2026:10:29:42 -0300] "POST /cormun/servlet/hlogin?22c52523c6cc69c5483b71293af5bd83,gx-no-cache=1773149664828 HTTP/1.1" 200 90
186.174.240.4 - - [10/Mar/2026:10:29:42 -0300] "GET /cormun/static/about:blank HTTP/1.1" 404 1011
129.222.173.48 - - [10/Mar/2026:10:29:43 -0300] "GET /cormun/servlet/hpexe_link HTTP/1.1" 200 945
129.222.173.48 - - [10/Mar/2026:10:29:43 -0300] "GET /cormun/servlet/hhome HTTP/1.1" 200 3940
186.174.240.4 - - [10/Mar/2026:10:29:43 -0300] "GET /cormun/servlet/solicitudotadjuntos?3a4803dfe9e47bf25e2fc893a3506c426709a57bf347eb18ac65e22861c7e88a3009d6121a8d1ca4cfdaeff29eb7bc36,gx-no-cache=1773149666912 HTTP/1.1" 200 30
186.174.240.4 - - [10/Mar/2026:10:29:43 -0300] "POST /cormun/servlet/solicitudotadjuntos?5c57964ca3dcae10bb81704c5b719474,INS,2026,23222,,1,,gx-no-cache=1773149666994 HTTP/1.1" 200 3900
186.174.240.4 - - [10/Mar/2026:10:29:46 -0300] "POST /cormun/servlet/solicitudotadjuntos?gx-no-cache=1773149669599 HTTP/1.1" 200 26
186.174.240.4 - - [10/Mar/2026:10:30:38 -0300] "GET /cormun/servlet/solicitudotadjuntos?3a4803dfe9e47bf25e2fc893a3506c42561180561d9f2e71a2c183e3075f935a,gx-no-cache=1773149721825 HTTP/1.1" 200 30
186.174.240.4 - - [10/Mar/2026:10:30:38 -0300] "GET /cormun/servlet/solicitudotadjuntos?3a4803dfe9e47bf25e2fc893a3506c42561180561d9f2e71a2c183e3075f935a,gx-no-cache=1773149721924 HTTP/1.1" 200 30
186.174.240.4 - - [10/Mar/2026:10:30:38 -0300] "POST /cormun/servlet/solicitudotadjuntos?5c57964ca3dcae10bb81704c5b719474,INS,2026,23222,,1, HTTP/1.1" 200 116
186.174.240.4 - - [10/Mar/2026:10:30:38 -0300] "GET /cormun/servlet/hpexe_return? HTTP/1.1" 200 1024
186.174.240.4 - - [10/Mar/2026:10:30:38 -0300] "GET /cormun/servlet/trsolicitudadjuntos?2026,23222, HTTP/1.1" 200 10182
190.95.67.99 - - [10/Mar/2026:10:30:43 -0300] "POST /cormun/servlet/trcontratosolicitud?bdfe66d93d596fa30208768d1dfb6fd8,,gx-no-cache=1773149706622 HTTP/1.1" 200 4282
186.174.240.4 - - [10/Mar/2026:10:30:48 -0300] "GET /cormun/servlet/solicitudotadjuntos?INS,2026,23222,,1, HTTP/1.1" 200 5972
186.174.240.4 - - [10/Mar/2026:10:30:48 -0300] "GET /cormun/static/about:blank HTTP/1.1" 404 1011
186.174.240.4 - - [10/Mar/2026:10:30:48 -0300] "GET /cormun/servlet/solicitudotadjuntos?3a4803dfe9e47bf25e2fc893a3506c426709a57bf347eb18ac65e22861c7e88a3009d6121a8d1ca4cfdaeff29eb7bc36,gx-no-cache=1773149732256 HTTP/1.1" 200 30
186.174.240.4 - - [10/Mar/2026:10:30:48 -0300] "POST /cormun/servlet/solicitudotadjuntos?5c57964ca3dcae10bb81704c5b719474,INS,2026,23222,,1,,gx-no-cache=1773149732323 HTTP/1.1" 200 3900
190.95.67.99 - - [10/Mar/2026:10:30:49 -0300] "POST /cormun/servlet/trcontratosolicitud?bdfe66d93d596fa30208768d1dfb6fd8,,gx-no-cache=1773149712702 HTTP/1.1" 200 10881
186.174.240.4 - - [10/Mar/2026:10:30:55 -0300] "POST /cormun/servlet/solicitudotadjuntos?gx-no-cache=1773149738522 HTTP/1.1" 200 26
186.174.240.4 - - [10/Mar/2026:10:31:01 -0300] "GET /cormun/servlet/solicitudotadjuntos?3a4803dfe9e47bf25e2fc893a3506c42561180561d9f2e71a2c183e3075f935a,gx-no-cache=1773149745282 HTTP/1.1" 200 30
186.174.240.4 - - [10/Mar/2026:10:31:01 -0300] "GET /cormun/servlet/solicitudotadjuntos?3a4803dfe9e47bf25e2fc893a3506c42561180561d9f2e71a2c183e3075f935a,gx-no-cache=1773149745354 HTTP/1.1" 200 30
186.174.240.4 - - [10/Mar/2026:10:31:02 -0300] "POST /cormun/servlet/solicitudotadjuntos?5c57964ca3dcae10bb81704c5b719474,INS,2026,23222,,1, HTTP/1.1" 200 116
186.174.240.4 - - [10/Mar/2026:10:31:02 -0300] "GET /cormun/servlet/hpexe_return? HTTP/1.1" 200 1024
186.174.240.4 - - [10/Mar/2026:10:31:02 -0300] "GET /cormun/servlet/trsolicitudadjuntos?2026,23222, HTTP/1.1" 200 10409
186.174.240.4 - - [10/Mar/2026:10:31:09 -0300] "GET /cormun/servlet/solicitudotadjuntos?INS,2026,23222,,1, HTTP/1.1" 200 5972
186.174.240.4 - - [10/Mar/2026:10:31:09 -0300] "GET /cormun/static/about:blank HTTP/1.1" 404 1011
186.174.240.4 - - [10/Mar/2026:10:31:09 -0300] "GET /cormun/servlet/solicitudotadjuntos?3a4803dfe9e47bf25e2fc893a3506c426709a57bf347eb18ac65e22861c7e88a3009d6121a8d1ca4cfdaeff29eb7bc36,gx-no-cache=1773149753394 HTTP/1.1" 200 30
186.174.240.4 - - [10/Mar/2026:10:31:10 -0300] "POST /cormun/servlet/solicitudotadjuntos?5c57964ca3dcae10bb81704c5b719474,INS,2026,23222,,1,,gx-no-cache=1773149753441 HTTP/1.1" 200 3900
186.174.240.4 - - [10/Mar/2026:10:31:13 -0300] "POST /cormun/servlet/solicitudotadjuntos?gx-no-cache=1773149757179 HTTP/1.1" 200 26
186.174.240.4 - - [10/Mar/2026:10:31:23 -0300] "GET /cormun/servlet/solicitudotadjuntos?3a4803dfe9e47bf25e2fc893a3506c42561180561d9f2e71a2c183e3075f935a,gx-no-cache=1773149767194 HTTP/1.1" 200 30
186.174.240.4 - - [10/Mar/2026:10:31:23 -0300] "GET /cormun/servlet/solicitudotadjuntos?3a4803dfe9e47bf25e2fc893a3506c42561180561d9f2e71a2c183e3075f935a,gx-no-cache=1773149767256 HTTP/1.1" 200 30
186.174.240.4 - - [10/Mar/2026:10:31:24 -0300] "POST /cormun/servlet/solicitudotadjuntos?5c57964ca3dcae10bb81704c5b719474,INS,2026,23222,,1, HTTP/1.1" 200 116
186.174.240.4 - - [10/Mar/2026:10:31:24 -0300] "GET /cormun/servlet/hpexe_return? HTTP/1.1" 200 1024
186.174.240.4 - - [10/Mar/2026:10:31:24 -0300] "GET /cormun/servlet/trsolicitudadjuntos?2026,23222, HTTP/1.1" 200 10607
186.174.240.4 - - [10/Mar/2026:10:31:36 -0300] "GET /cormun/servlet/trsolicitudot? HTTP/1.1" 200 10847
186.174.240.4 - - [10/Mar/2026:10:31:51 -0300] "GET /cormun/servlet/trsolicitudot? HTTP/1.1" 200 10840
186.174.240.4 - - [10/Mar/2026:10:32:34 -0300] "GET /cormun/servlet/solicitudot?INS,0,0,false, HTTP/1.1" 200 15926
186.174.240.4 - - [10/Mar/2026:10:32:51 -0300] "POST /cormun/servlet/solicitudot?gx-no-cache=1773149854956 HTTP/1.1" 200 4150
186.174.240.4 - - [10/Mar/2026:10:32:51 -0300] "POST /cormun/servlet/solicitudot?5c57964ca3dcae10bb81704c5b719474,INS,0,0,false,,gx-no-cache=1773149855160 HTTP/1.1" 200 12737
186.174.240.4 - - [10/Mar/2026:10:32:55 -0300] "GET /cormun/servlet/solicitudot?3a4803dfe9e47bf25e2fc893a3506c424531bd2a46e80cd586bd20b9535276650bb2f916510411f9ce9a21f131df6fac,gx-no-cache=1773149859174 HTTP/1.1" 200 30
186.174.240.4 - - [10/Mar/2026:10:32:55 -0300] "GET /cormun/servlet/solicitudot?3a4803dfe9e47bf25e2fc893a3506c424aae6a813d9308ea3acea1d5afd6b6fec992b422be207c4c438c997384c1b8be,gx-no-cache=1773149859238 HTTP/1.1" 200 30
186.174.240.4 - - [10/Mar/2026:10:32:55 -0300] "GET /cormun/servlet/solicitudot?3a4803dfe9e47bf25e2fc893a3506c42ff2ba47df7279a997d64dc41606fd364,gx-no-cache=1773149859288 HTTP/1.1" 200 53
186.174.240.4 - - [10/Mar/2026:10:32:55 -0300] "POST /cormun/servlet/solicitudot?gx-no-cache=1773149859327 HTTP/1.1" 200 255
186.174.240.4 - - [10/Mar/2026:10:32:55 -0300] "GET /cormun/servlet/solicitudot?3a4803dfe9e47bf25e2fc893a3506c424d91ca10322dc3a7928aabfde3d40ef63204df2efa5c3a702aae3bc5a70fca0cc714c98cca5d189af0de6ebf9dba60e65b3af1fbdb0a1a4272b3751095cb5193500650e59182d792ba4e0faec738f5af4c8e7a25c1b236a737ee01b9c721cd939d19175d8e890869457788c7993504248c69fec9bb7c01626d839e77e3b1d2730275db65f2a57e46a48876f52698f427cf50e01107baf0585132a5c8eccf0c72ccca5e1b616301bdbd0db58c44b60d65738691965a103cb69d1a644c5cf556e9d1220f6ef467aa691e32b4131dac75073e304fa30de8e391e36e81fd9cc3891b0b8788dc9df569e954b1591b1e6b18cdffc2ce034206812f7e4af1d46681e508af6dd37c42381531bfd32638fdb99c443d594601b3afe0f0f9e62ae760f007f564b989f1035389a0ddab0feb41d8edfbf899c4ee670b6ce6ba74918460c103903e3d3405ead528bd119d1928b8ac9ed712033709d445c112d52fb38e1de6b75a5b59364e9c6564afc6c42422b55a0bc4,gx-no-cache=1773149859379 HTTP/1.1" 200 30
186.174.240.4 - - [10/Mar/2026:10:33:07 -0300] "POST /cormun/servlet/solicitudot?gx-no-cache=1773149870503 HTTP/1.1" 200 30
186.174.240.4 - - [10/Mar/2026:10:33:09 -0300] "POST /cormun/servlet/solicitudot?gx-no-cache=1773149873409 HTTP/1.1" 200 1480
186.174.240.4 - - [10/Mar/2026:10:33:10 -0300] "POST /cormun/servlet/solicitudot?gx-no-cache=1773149873486 HTTP/1.1" 200 38
186.174.240.4 - - [10/Mar/2026:10:33:10 -0300] "GET /cormun/servlet/solicitudot?3a4803dfe9e47bf25e2fc893a3506c42714a2609d5015792379f2dbd3f9663a62fe05b19cbbaf8ba23985198a5e2f9aa4c44fd201d4c97e09ca992ca8a4e81a2613267b9b1d63b93b6e2fab54002d83b7e175fd74af29e6d1e344e85c2d1a480ed339116713393e632f676cc7655ba64,gx-no-cache=1773149873550 HTTP/1.1" 200 110
186.174.240.4 - - [10/Mar/2026:10:33:16 -0300] "POST /cormun/servlet/solicitudot?gx-no-cache=1773149879457 HTTP/1.1" 200 97
186.174.240.4 - - [10/Mar/2026:10:33:41 -0300] "GET /cormun/servlet/solicitudot?3a4803dfe9e47bf25e2fc893a3506c42ecb0530fe990ef2f6a60f3359c5c4400d4364b441499e758ffb4d7e61455aaaaead7dabc9f76100047e8492d2b658f18d26a4ebe9cfbf8f88d7933ccdaa0ad9f70d128f5bf1105b74c0c889a58e8b6ac00fc5d9672637c7a9e34bb3ac98e9a398d1c239080a94f91bba20d18cfad7e1ecad462b38f426b66b191d00077dafc85a046f8a5d7bf0944806e0e96b8bdaac2,gx-no-cache=1773149904656 HTTP/1.1" 200 29
186.174.240.4 - - [10/Mar/2026:10:33:43 -0300] "GET /cormun/servlet/solicitudot?3a4803dfe9e47bf25e2fc893a3506c4208ee07c36f5578146189540e0d908d8a94a6e3a801d70472c0c18457e17091ad,gx-no-cache=1773149907319 HTTP/1.1" 200 30
186.174.240.4 - - [10/Mar/2026:10:33:55 -0300] "POST /cormun/servlet/solicitudot?gx-no-cache=1773149918848 HTTP/1.1" 200 30
186.174.240.4 - - [10/Mar/2026:10:33:55 -0300] "POST /cormun/servlet/solicitudot?5c57964ca3dcae10bb81704c5b719474,INS,0,0,false,,gx-no-cache=1773149918929 HTTP/1.1" 200 93
186.174.240.4 - - [10/Mar/2026:10:33:55 -0300] "GET /cormun/servlet/hpexe_return? HTTP/1.1" 200 1007
186.174.240.4 - - [10/Mar/2026:10:33:55 -0300] "GET /cormun/servlet/trsolicitudot HTTP/1.1" 200 11217
129.222.173.48 - - [10/Mar/2026:10:34:25 -0300] "GET /cormun/servlet/trsolicitudot? HTTP/1.1" 200 7154
129.222.173.48 - - [10/Mar/2026:10:34:29 -0300] "GET /cormun/servlet/solicitudot?INS,0,0,false, HTTP/1.1" 200 15941
186.174.240.4 - - [10/Mar/2026:10:34:38 -0300] "POST /cormun/servlet/trsolicitudot?5c57964ca3dcae10bb81704c5b719474,gx-no-cache=1773149961477 HTTP/1.1" 200 107
186.174.240.4 - - [10/Mar/2026:10:34:38 -0300] "GET /cormun/servlet/trsolicitudadjuntos?2026,23223, HTTP/1.1" 200 6028
186.174.240.4 - - [10/Mar/2026:10:35:22 -0300] "GET /cormun/servlet/solicitudotadjuntos?INS,2026,23223,,1, HTTP/1.1" 200 5971
186.174.240.4 - - [10/Mar/2026:10:35:22 -0300] "GET /cormun/static/about:blank HTTP/1.1" 404 1011
186.174.240.4 - - [10/Mar/2026:10:35:22 -0300] "GET /cormun/servlet/solicitudotadjuntos?3a4803dfe9e47bf25e2fc893a3506c42e419a4a1878bc2085d2776fa9bf55f453009d6121a8d1ca4cfdaeff29eb7bc36,gx-no-cache=1773150006355 HTTP/1.1" 200 30
186.174.240.4 - - [10/Mar/2026:10:35:23 -0300] "POST /cormun/servlet/solicitudotadjuntos?5c57964ca3dcae10bb81704c5b719474,INS,2026,23223,,1,,gx-no-cache=1773150006418 HTTP/1.1" 200 3900
186.174.240.4 - - [10/Mar/2026:10:35:26 -0300] "POST /cormun/servlet/solicitudotadjuntos?gx-no-cache=1773150009787 HTTP/1.1" 200 26
186.174.240.4 - - [10/Mar/2026:10:35:37 -0300] "GET /cormun/servlet/solicitudotadjuntos?3a4803dfe9e47bf25e2fc893a3506c42561180561d9f2e71a2c183e3075f935a,gx-no-cache=1773150020867 HTTP/1.1" 200 30
186.174.240.4 - - [10/Mar/2026:10:35:37 -0300] "GET /cormun/servlet/solicitudotadjuntos?3a4803dfe9e47bf25e2fc893a3506c42561180561d9f2e71a2c183e3075f935a,gx-no-cache=1773150020927 HTTP/1.1" 200 30
186.174.240.4 - - [10/Mar/2026:10:35:38 -0300] "POST /cormun/servlet/solicitudotadjuntos?5c57964ca3dcae10bb81704c5b719474,INS,2026,23223,,1, HTTP/1.1" 200 116
186.174.240.4 - - [10/Mar/2026:10:35:38 -0300] "GET /cormun/servlet/hpexe_return? HTTP/1.1" 200 1024
186.174.240.4 - - [10/Mar/2026:10:35:38 -0300] "GET /cormun/servlet/trsolicitudadjuntos?2026,23223, HTTP/1.1" 200 9288
186.174.240.4 - - [10/Mar/2026:10:35:43 -0300] "GET /cormun/servlet/solicitudotadjuntos?INS,2026,23223,,1, HTTP/1.1" 200 5970
186.174.240.4 - - [10/Mar/2026:10:35:43 -0300] "GET /cormun/static/about:blank HTTP/1.1" 404 1011
186.174.240.4 - - [10/Mar/2026:10:35:43 -0300] "GET /cormun/servlet/solicitudotadjuntos?3a4803dfe9e47bf25e2fc893a3506c42e419a4a1878bc2085d2776fa9bf55f453009d6121a8d1ca4cfdaeff29eb7bc36,gx-no-cache=1773150027331 HTTP/1.1" 200 30
186.174.240.4 - - [10/Mar/2026:10:35:43 -0300] "POST /cormun/servlet/solicitudotadjuntos?5c57964ca3dcae10bb81704c5b719474,INS,2026,23223,,1,,gx-no-cache=1773150027396 HTTP/1.1" 200 3898
186.174.240.4 - - [10/Mar/2026:10:35:46 -0300] "POST /cormun/servlet/solicitudotadjuntos?gx-no-cache=1773150029556 HTTP/1.1" 200 26
129.222.173.48 - - [10/Mar/2026:10:37:08 -0300] "POST /cormun/servlet/solicitudot?gx-no-cache=1773150110348 HTTP/1.1" 200 4039
129.222.173.48 - - [10/Mar/2026:10:37:08 -0300] "POST /cormun/servlet/solicitudot?22c52523c6cc69c5483b71293af5bd83,INS,0,0,false,,gx-no-cache=1773150110597 HTTP/1.1" 200 12620
129.222.173.48 - - [10/Mar/2026:10:37:12 -0300] "GET /cormun/servlet/solicitudot?5699d78ef6a59cef55a618bbfc1aefc192b996659e1f9a8680cba36c3c4e9d43eb0624f44012a9da05e3340e2b1f0d0e,gx-no-cache=1773150114514 HTTP/1.1" 200 111
129.222.173.48 - - [10/Mar/2026:10:37:12 -0300] "GET /cormun/static/Shared/jqueryui/images/ui-bg_highlight-soft_100_c6c2c8_1x100.png HTTP/1.1" 404 1117
129.222.173.48 - - [10/Mar/2026:10:37:12 -0300] "GET /cormun/static/Shared/jqueryui/images/ui-icons_82798d_256x240.png HTTP/1.1" 404 1089
129.222.173.48 - - [10/Mar/2026:10:37:12 -0300] "GET /cormun/static/Shared/jqueryui/images/ui-icons_ebccce_256x240.png HTTP/1.1" 404 1089
129.222.173.48 - - [10/Mar/2026:10:37:12 -0300] "GET /cormun/static/Shared/jqueryui/images/ui-bg_flat_55_994d53_40x100.png HTTP/1.1" 404 1097
186.174.240.4 - - [10/Mar/2026:10:38:04 -0300] "GET /cormun/servlet/solicitudotadjuntos?3a4803dfe9e47bf25e2fc893a3506c42561180561d9f2e71a2c183e3075f935a,gx-no-cache=1773150167639 HTTP/1.1" 200 30
186.174.240.4 - - [10/Mar/2026:10:38:04 -0300] "GET /cormun/servlet/solicitudotadjuntos?3a4803dfe9e47bf25e2fc893a3506c42561180561d9f2e71a2c183e3075f935a,gx-no-cache=1773150167957 HTTP/1.1" 200 30
186.174.240.4 - - [10/Mar/2026:10:38:04 -0300] "POST /cormun/servlet/solicitudotadjuntos?5c57964ca3dcae10bb81704c5b719474,INS,2026,23223,,1, HTTP/1.1" 200 116
186.174.240.4 - - [10/Mar/2026:10:38:04 -0300] "GET /cormun/servlet/hpexe_return? HTTP/1.1" 200 1024
186.174.240.4 - - [10/Mar/2026:10:38:04 -0300] "GET /cormun/servlet/trsolicitudadjuntos?2026,23223, HTTP/1.1" 200 9559
129.222.173.48 - - [10/Mar/2026:10:38:33 -0300] "POST /cormun/servlet/solicitudot?gx-no-cache=1773150195067 HTTP/1.1" 200 4047
129.222.173.48 - - [10/Mar/2026:10:38:33 -0300] "POST /cormun/servlet/solicitudot?22c52523c6cc69c5483b71293af5bd83,INS,0,0,false,,gx-no-cache=1773150195314 HTTP/1.1" 200 12675
129.222.173.48 - - [10/Mar/2026:10:38:33 -0300] "GET /cormun/servlet/solicitudot?5699d78ef6a59cef55a618bbfc1aefc1bc8a50e0a7a68c703834a64a361a3bd4eb0624f44012a9da05e3340e2b1f0d0e,gx-no-cache=1773150195464 HTTP/1.1" 200 30
186.174.240.4 - - [10/Mar/2026:10:41:04 -0300] "GET /cormun/servlet/solicitudotadjuntos?INS,2026,23223,,1, HTTP/1.1" 200 5971
186.174.240.4 - - [10/Mar/2026:10:41:04 -0300] "GET /cormun/static/about:blank HTTP/1.1" 404 1011
186.174.240.4 - - [10/Mar/2026:10:41:04 -0300] "GET /cormun/servlet/solicitudotadjuntos?3a4803dfe9e47bf25e2fc893a3506c42e419a4a1878bc2085d2776fa9bf55f453009d6121a8d1ca4cfdaeff29eb7bc36,gx-no-cache=1773150348239 HTTP/1.1" 200 30
186.174.240.4 - - [10/Mar/2026:10:41:04 -0300] "POST /cormun/servlet/solicitudotadjuntos?5c57964ca3dcae10bb81704c5b719474,INS,2026,23223,,1,,gx-no-cache=1773150348296 HTTP/1.1" 200 3899
186.174.240.4 - - [10/Mar/2026:10:41:07 -0300] "POST /cormun/servlet/solicitudotadjuntos?gx-no-cache=1773150350959 HTTP/1.1" 200 26
10.40.40.2 - - [10/Mar/2026:10:41:11 -0300] "POST /cormun/servlet/trlicencias?e9413c049dd7e6c3261d7369997015c8,gx-no-cache=1773150281440 HTTP/1.1" 440 972
10.40.40.2 - - [10/Mar/2026:10:41:13 -0300] "GET /cormun/servlet/trlicencias HTTP/1.1" 200 6044
10.40.40.2 - - [10/Mar/2026:10:41:13 -0300] "GET /cormun/servlet/hlogin HTTP/1.1" 200 1732
10.40.40.2 - - [10/Mar/2026:10:41:15 -0300] "POST /cormun/servlet/hlogin?4f2e77bf29460f9efc6ff52a60976fce,gx-no-cache=1773150285253 HTTP/1.1" 200 90
10.40.40.2 - - [10/Mar/2026:10:41:15 -0300] "GET /cormun/servlet/hpexe_link HTTP/1.1" 200 949
10.40.40.2 - - [10/Mar/2026:10:41:15 -0300] "GET /cormun/servlet/trlicencias HTTP/1.1" 200 16085
10.40.40.2 - - [10/Mar/2026:10:41:21 -0300] "POST /cormun/servlet/trlicencias?4f2e77bf29460f9efc6ff52a60976fce,gx-no-cache=1773150290511 HTTP/1.1" 200 4575
186.174.240.4 - - [10/Mar/2026:10:41:29 -0300] "GET /cormun/servlet/solicitudotadjuntos?3a4803dfe9e47bf25e2fc893a3506c42561180561d9f2e71a2c183e3075f935a,gx-no-cache=1773150373359 HTTP/1.1" 200 30
186.174.240.4 - - [10/Mar/2026:10:41:29 -0300] "GET /cormun/servlet/solicitudotadjuntos?3a4803dfe9e47bf25e2fc893a3506c42561180561d9f2e71a2c183e3075f935a,gx-no-cache=1773150373463 HTTP/1.1" 200 30
186.174.240.4 - - [10/Mar/2026:10:41:30 -0300] "POST /cormun/servlet/solicitudotadjuntos?5c57964ca3dcae10bb81704c5b719474,INS,2026,23223,,1, HTTP/1.1" 200 116
186.174.240.4 - - [10/Mar/2026:10:41:30 -0300] "GET /cormun/servlet/hpexe_return? HTTP/1.1" 200 1024
186.174.240.4 - - [10/Mar/2026:10:41:30 -0300] "GET /cormun/servlet/trsolicitudadjuntos?2026,23223, HTTP/1.1" 200 9813
186.174.240.4 - - [10/Mar/2026:10:41:35 -0300] "GET /cormun/servlet/solicitudotadjuntos?INS,2026,23223,,1, HTTP/1.1" 200 5971
186.174.240.4 - - [10/Mar/2026:10:41:35 -0300] "GET /cormun/static/about:blank HTTP/1.1" 404 1011
186.174.240.4 - - [10/Mar/2026:10:41:35 -0300] "GET /cormun/servlet/solicitudotadjuntos?3a4803dfe9e47bf25e2fc893a3506c42e419a4a1878bc2085d2776fa9bf55f453009d6121a8d1ca4cfdaeff29eb7bc36,gx-no-cache=1773150379365 HTTP/1.1" 200 30
186.174.240.4 - - [10/Mar/2026:10:41:36 -0300] "POST /cormun/servlet/solicitudotadjuntos?5c57964ca3dcae10bb81704c5b719474,INS,2026,23223,,1,,gx-no-cache=1773150379425 HTTP/1.1" 200 3899
186.174.240.4 - - [10/Mar/2026:10:41:38 -0300] "POST /cormun/servlet/solicitudotadjuntos?gx-no-cache=1773150382224 HTTP/1.1" 200 26
129.222.173.48 - - [10/Mar/2026:10:41:46 -0300] "GET /cormun/servlet/solicitudot?5699d78ef6a59cef55a618bbfc1aefc11e53f28e0078e7c4b0eb5acba93772199cd56877d41b44a6d3b36cfc9d37dc8b84697bcbacaf07edd1bea030a2207399ff59c35f8a608b9b31ab511c238c6811,gx-no-cache=1773150388610 HTTP/1.1" 200 30
129.222.173.48 - - [10/Mar/2026:10:41:47 -0300] "GET /cormun/static/Resources/resize.gif HTTP/1.1" 200 77
129.222.173.48 - - [10/Mar/2026:10:41:47 -0300] "GET /cormun/static/Resources/PXTools/ClosePrompt.png HTTP/1.1" 200 1036
129.222.173.48 - - [10/Mar/2026:10:41:47 -0300] "GET /cormun/servlet/prbanco?,MD,,gxPopupLevel%3D0%3B HTTP/1.1" 200 6600
129.222.173.48 - - [10/Mar/2026:10:41:47 -0300] "GET /cormun/static/prbanco.js?20201216132311 HTTP/1.1" 200 10693
129.222.173.48 - - [10/Mar/2026:10:41:47 -0300] "GET /cormun/static/Resources/PXToolsMenuSearch.png HTTP/1.1" 200 336
129.222.173.48 - - [10/Mar/2026:10:41:47 -0300] "GET /cormun/static/gxcfg.js?20201216131581 HTTP/1.1" 200 953
129.222.173.48 - - [10/Mar/2026:10:41:48 -0300] "GET /cormun/static/menusearch.js?20201214473581 HTTP/1.1" 200 1424
129.222.173.48 - - [10/Mar/2026:10:41:48 -0300] "GET /cormun/static/hmpwkw011.js?202211298443482 HTTP/1.1" 200 1968
129.222.173.48 - - [10/Mar/2026:10:41:48 -0300] "GET /cormun/static/Resources/PXToolsMenuSearchCancel.png HTTP/1.1" 200 306
129.222.173.48 - - [10/Mar/2026:10:42:04 -0300] "GET /cormun/servlet/solicitudot?5699d78ef6a59cef55a618bbfc1aefc10418f3e2869c9488df774517bb2ad171,gx-no-cache=1773150406884 HTTP/1.1" 200 70
186.174.240.4 - - [10/Mar/2026:10:42:06 -0300] "GET /cormun/servlet/solicitudotadjuntos?3a4803dfe9e47bf25e2fc893a3506c42561180561d9f2e71a2c183e3075f935a,gx-no-cache=1773150410408 HTTP/1.1" 200 30
186.174.240.4 - - [10/Mar/2026:10:42:07 -0300] "GET /cormun/servlet/solicitudotadjuntos?3a4803dfe9e47bf25e2fc893a3506c42561180561d9f2e71a2c183e3075f935a,gx-no-cache=1773150410500 HTTP/1.1" 200 30
186.174.240.4 - - [10/Mar/2026:10:42:07 -0300] "POST /cormun/servlet/solicitudotadjuntos?5c57964ca3dcae10bb81704c5b719474,INS,2026,23223,,1, HTTP/1.1" 200 116
186.174.240.4 - - [10/Mar/2026:10:42:07 -0300] "GET /cormun/servlet/hpexe_return? HTTP/1.1" 200 1024
186.174.240.4 - - [10/Mar/2026:10:42:07 -0300] "GET /cormun/servlet/trsolicitudadjuntos?2026,23223, HTTP/1.1" 200 10209
186.174.240.4 - - [10/Mar/2026:10:42:09 -0300] "GET /cormun/servlet/solicitudotadjuntos?INS,2026,23223,,1, HTTP/1.1" 200 5971
186.174.240.4 - - [10/Mar/2026:10:42:10 -0300] "GET /cormun/static/about:blank HTTP/1.1" 404 1011
186.174.240.4 - - [10/Mar/2026:10:42:10 -0300] "GET /cormun/servlet/solicitudotadjuntos?3a4803dfe9e47bf25e2fc893a3506c42e419a4a1878bc2085d2776fa9bf55f453009d6121a8d1ca4cfdaeff29eb7bc36,gx-no-cache=1773150413971 HTTP/1.1" 200 30
186.174.240.4 - - [10/Mar/2026:10:42:10 -0300] "POST /cormun/servlet/solicitudotadjuntos?5c57964ca3dcae10bb81704c5b719474,INS,2026,23223,,1,,gx-no-cache=1773150414025 HTTP/1.1" 200 3900
186.174.240.4 - - [10/Mar/2026:10:42:12 -0300] "POST /cormun/servlet/solicitudotadjuntos?gx-no-cache=1773150416201 HTTP/1.1" 200 26
186.174.240.4 - - [10/Mar/2026:10:42:18 -0300] "GET /cormun/servlet/solicitudotadjuntos?3a4803dfe9e47bf25e2fc893a3506c42561180561d9f2e71a2c183e3075f935a,gx-no-cache=1773150422176 HTTP/1.1" 200 30
186.174.240.4 - - [10/Mar/2026:10:42:18 -0300] "GET /cormun/servlet/solicitudotadjuntos?3a4803dfe9e47bf25e2fc893a3506c42561180561d9f2e71a2c183e3075f935a,gx-no-cache=1773150422271 HTTP/1.1" 200 30
186.174.240.4 - - [10/Mar/2026:10:42:27 -0300] "POST /cormun/servlet/solicitudotadjuntos?5c57964ca3dcae10bb81704c5b719474,INS,2026,23223,,1, HTTP/1.1" 200 116
186.174.240.4 - - [10/Mar/2026:10:42:27 -0300] "GET /cormun/servlet/hpexe_return? HTTP/1.1" 200 1024
186.174.240.4 - - [10/Mar/2026:10:42:28 -0300] "GET /cormun/servlet/trsolicitudadjuntos?2026,23223, HTTP/1.1" 200 10443
186.174.240.4 - - [10/Mar/2026:10:42:31 -0300] "GET /cormun/servlet/solicitudotadjuntos?INS,2026,23223,,1, HTTP/1.1" 200 5971
186.174.240.4 - - [10/Mar/2026:10:42:31 -0300] "GET /cormun/static/about:blank HTTP/1.1" 404 1011
186.174.240.4 - - [10/Mar/2026:10:42:32 -0300] "GET /cormun/servlet/solicitudotadjuntos?3a4803dfe9e47bf25e2fc893a3506c42e419a4a1878bc2085d2776fa9bf55f453009d6121a8d1ca4cfdaeff29eb7bc36,gx-no-cache=1773150435450 HTTP/1.1" 200 30
186.174.240.4 - - [10/Mar/2026:10:42:32 -0300] "POST /cormun/servlet/solicitudotadjuntos?5c57964ca3dcae10bb81704c5b719474,INS,2026,23223,,1,,gx-no-cache=1773150435506 HTTP/1.1" 200 3900
186.174.240.4 - - [10/Mar/2026:10:42:34 -0300] "POST /cormun/servlet/solicitudotadjuntos?gx-no-cache=1773150437809 HTTP/1.1" 200 26
129.222.173.48 - - [10/Mar/2026:10:42:35 -0300] "POST /cormun/servlet/solicitudot?gx-no-cache=1773150437205 HTTP/1.1" 200 256
129.222.173.48 - - [10/Mar/2026:10:42:37 -0300] "GET /cormun/servlet/solicitudot?5699d78ef6a59cef55a618bbfc1aefc196023c7d932b9532e05b489867058e954b4f477aec32a95ad34d8ac15811a7cdaf936b5e168ddfdc771a5e70df0c02a28defba8bb2c1c856c4b0c7b03463b0419292a2bf296b8b07c48ee9e016c50809522b860b1078e6c2241ed0a022babec530b76f0e1218f2ce2881d554fa91ec0d3e27b1ff82a04fc06aef5e52fb15bb1669ad9fd5672e7655f8df473b3047948ad8d61ed3358e8ae2ad899bbc371de86a803b7dbf3acb6b38ecc7e8aeb8513e8421703c4567faa006aedf8755f8d0311108eac43c4c126bdff6df4dccde9982386995b586d8f8c46afeb64eaf01fd6329c819da5897a7d4f7c0dd76961f9f0a3f082098a652c7406935bf34b08130b472db962bcff99631197d6a91f514bfed2ee17ed44524eed34e91db951044ce806c7f155094daf4d3e33214ad231b8097fc2c94e09f85c216dd04c4daa8a7d7c1fc49d6a4872024c06a771ba6d3e74621768d7ce376495dffb14acab8fb49a6c40105a6047b788ad171cefaa92e2156776e,gx-no-cache=1773150438936 HTTP/1.1" 200 30
129.222.173.48 - - [10/Mar/2026:10:42:40 -0300] "POST /cormun/servlet/solicitudot?gx-no-cache=1773150442589 HTTP/1.1" 200 30
129.222.173.48 - - [10/Mar/2026:10:42:42 -0300] "POST /cormun/servlet/solicitudot?gx-no-cache=1773150444037 HTTP/1.1" 200 1479
129.222.173.48 - - [10/Mar/2026:10:42:42 -0300] "POST /cormun/servlet/solicitudot?gx-no-cache=1773150444114 HTTP/1.1" 200 38
186.174.240.4 - - [10/Mar/2026:10:42:43 -0300] "GET /cormun/servlet/solicitudotadjuntos?3a4803dfe9e47bf25e2fc893a3506c42561180561d9f2e71a2c183e3075f935a,gx-no-cache=1773150446810 HTTP/1.1" 200 30
186.174.240.4 - - [10/Mar/2026:10:42:43 -0300] "GET /cormun/servlet/solicitudotadjuntos?3a4803dfe9e47bf25e2fc893a3506c42561180561d9f2e71a2c183e3075f935a,gx-no-cache=1773150446856 HTTP/1.1" 200 30
186.174.240.4 - - [10/Mar/2026:10:42:43 -0300] "POST /cormun/servlet/solicitudotadjuntos?5c57964ca3dcae10bb81704c5b719474,INS,2026,23223,,1, HTTP/1.1" 200 116
186.174.240.4 - - [10/Mar/2026:10:42:44 -0300] "GET /cormun/servlet/hpexe_return? HTTP/1.1" 200 1024
186.174.240.4 - - [10/Mar/2026:10:42:44 -0300] "GET /cormun/servlet/trsolicitudadjuntos?2026,23223, HTTP/1.1" 200 10633
129.222.173.48 - - [10/Mar/2026:10:42:54 -0300] "GET /cormun/servlet/solicitudot?5699d78ef6a59cef55a618bbfc1aefc1e2f0431d19da1b34ffc9102367838b76a01a70f15208a6b7e3c3deb57a3fc57dd84f87f07d7edb9d2c902753e3c63a3fe982be32e9bb72bec8486a838a4a8c9ebdc1774a89f61cff878a04ff85d133c5aff5fbf8b891bb270db6026f56d464c0,gx-no-cache=1773150456435 HTTP/1.1" 200 110
186.174.240.4 - - [10/Mar/2026:10:43:03 -0300] "GET /cormun/servlet/trsolicitudot? HTTP/1.1" 200 11220
129.222.173.48 - - [10/Mar/2026:10:43:10 -0300] "POST /cormun/servlet/solicitudot?gx-no-cache=1773150472688 HTTP/1.1" 200 110
129.222.173.48 - - [10/Mar/2026:10:43:32 -0300] "GET /cormun/servlet/solicitudot?5699d78ef6a59cef55a618bbfc1aefc102d5ea2fe192e0373c82ed268962908850335e85826afabc41876e22dd43c1ae7627349b8acbddbed0352133f10557dba1ee6bd458c5a501291282b686f7409467d33249d63c0c8f9af818ef7b1607293b1c38ec9013f043e6f5189a2a10dc00,gx-no-cache=1773150494082 HTTP/1.1" 200 29
129.222.173.48 - - [10/Mar/2026:10:43:32 -0300] "GET /cormun/static/menuarrow.gif HTTP/1.1" 404 1015
186.174.240.4 - - [10/Mar/2026:10:44:00 -0300] "GET /cormun/servlet/solicitudot?INS,0,0,false, HTTP/1.1" 200 15926
186.174.240.4 - - [10/Mar/2026:10:44:16 -0300] "POST /cormun/servlet/solicitudot?gx-no-cache=1773150540149 HTTP/1.1" 200 4162
186.174.240.4 - - [10/Mar/2026:10:44:16 -0300] "POST /cormun/servlet/solicitudot?5c57964ca3dcae10bb81704c5b719474,INS,0,0,false,,gx-no-cache=1773150540361 HTTP/1.1" 200 12758
186.174.240.4 - - [10/Mar/2026:10:44:22 -0300] "GET /cormun/servlet/solicitudot?3a4803dfe9e47bf25e2fc893a3506c429c3fde82ae1e9350cb34dae1e63f53490bb2f916510411f9ce9a21f131df6fac,gx-no-cache=1773150545815 HTTP/1.1" 200 30
186.174.240.4 - - [10/Mar/2026:10:44:22 -0300] "GET /cormun/servlet/solicitudot?3a4803dfe9e47bf25e2fc893a3506c4231ea5f4006f913d7b6499dc9955c442ee49c90c69c658cf6ceb48e53edfbe89c83d2c8387d03bcfca2635d5a4a3f4ba5,gx-no-cache=1773150545878 HTTP/1.1" 200 30
186.174.240.4 - - [10/Mar/2026:10:44:22 -0300] "GET /cormun/servlet/solicitudot?3a4803dfe9e47bf25e2fc893a3506c42ff2ba47df7279a997d64dc41606fd364,gx-no-cache=1773150545965 HTTP/1.1" 200 53
186.174.240.4 - - [10/Mar/2026:10:44:22 -0300] "POST /cormun/servlet/solicitudot?gx-no-cache=1773150546025 HTTP/1.1" 200 255
186.174.240.4 - - [10/Mar/2026:10:44:22 -0300] "GET /cormun/servlet/solicitudot?3a4803dfe9e47bf25e2fc893a3506c424d91ca10322dc3a7928aabfde3d40ef63204df2efa5c3a702aae3bc5a70fca0cc714c98cca5d189af0de6ebf9dba60e65b3af1fbdb0a1a4272b3751095cb5193500650e59182d792ba4e0faec738f5af4c8e7a25c1b236a737ee01b9c721cd939d19175d8e890869457788c7993504248c69fec9bb7c01626d839e77e3b1d2730275db65f2a57e46a48876f52698f427cf50e01107baf0585132a5c8eccf0c72ccca5e1b616301bdbd0db58c44b60d65738691965a103cb69d1a644c5cf556e9d1220f6ef467aa691e32b4131dac75073e304fa30de8e391e36e81fd9cc3891b0b8788dc9df569e954b1591b1e6b18cdffc2ce034206812f7e4af1d46681e508af6dd37c42381531bfd32638fdb99c443d594601b3afe0f0f9e62ae760f007f564b989f1035389a0ddab0feb41d8edfbf899c4ee670b6ce6ba74918460c103903e3d3405ead528bd119d1928b8ac9ed712033709d445c112d52fb38e1de6b75a5b59364e9c6564afc6c42422b55a0bc4,gx-no-cache=1773150546127 HTTP/1.1" 200 30
186.174.240.4 - - [10/Mar/2026:10:44:22 -0300] "POST /cormun/servlet/solicitudot?gx-no-cache=1773150546164 HTTP/1.1" 200 30
186.174.240.4 - - [10/Mar/2026:10:44:22 -0300] "POST /cormun/servlet/solicitudot?gx-no-cache=1773150546208 HTTP/1.1" 200 1481
186.174.240.4 - - [10/Mar/2026:10:44:22 -0300] "POST /cormun/servlet/solicitudot?gx-no-cache=1773150546293 HTTP/1.1" 200 38
186.174.240.4 - - [10/Mar/2026:10:44:22 -0300] "GET /cormun/servlet/solicitudot?3a4803dfe9e47bf25e2fc893a3506c42714a2609d5015792379f2dbd3f9663a62fe05b19cbbaf8ba23985198a5e2f9aa4c44fd201d4c97e09ca992ca8a4e81a2613267b9b1d63b93b6e2fab54002d83b7e175fd74af29e6d1e344e85c2d1a480ed339116713393e632f676cc7655ba64,gx-no-cache=1773150546344 HTTP/1.1" 200 110
186.174.240.4 - - [10/Mar/2026:10:44:35 -0300] "POST /cormun/servlet/solicitudot?gx-no-cache=1773150558639 HTTP/1.1" 200 30
186.174.240.4 - - [10/Mar/2026:10:44:38 -0300] "POST /cormun/servlet/solicitudot?gx-no-cache=1773150562248 HTTP/1.1" 200 1481
186.174.240.4 - - [10/Mar/2026:10:44:38 -0300] "POST /cormun/servlet/solicitudot?gx-no-cache=1773150562336 HTTP/1.1" 200 38
186.174.240.4 - - [10/Mar/2026:10:44:38 -0300] "GET /cormun/servlet/solicitudot?3a4803dfe9e47bf25e2fc893a3506c42714a2609d5015792379f2dbd3f9663a62fe05b19cbbaf8ba23985198a5e2f9aa4c44fd201d4c97e09ca992ca8a4e81a2613267b9b1d63b93b6e2fab54002d83b7e175fd74af29e6d1e344e85c2d1a480ed339116713393e632f676cc7655ba64,gx-no-cache=1773150562394 HTTP/1.1" 200 110
186.174.240.4 - - [10/Mar/2026:10:44:39 -0300] "POST /cormun/servlet/solicitudot?gx-no-cache=1773150562447 HTTP/1.1" 200 97
186.174.240.4 - - [10/Mar/2026:10:44:42 -0300] "GET /cormun/servlet/solicitudot?3a4803dfe9e47bf25e2fc893a3506c42ecb0530fe990ef2f6a60f3359c5c4400d4364b441499e758ffb4d7e61455aaaaead7dabc9f76100047e8492d2b658f18d26a4ebe9cfbf8f88d7933ccdaa0ad9f70d128f5bf1105b74c0c889a58e8b6ac00fc5d9672637c7a9e34bb3ac98e9a398d1c239080a94f91bba20d18cfad7e1ecad462b38f426b66b191d00077dafc85a046f8a5d7bf0944806e0e96b8bdaac2,gx-no-cache=1773150566310 HTTP/1.1" 200 29
186.174.240.4 - - [10/Mar/2026:10:46:07 -0300] "GET /cormun/servlet/solicitudot?3a4803dfe9e47bf25e2fc893a3506c4208ee07c36f5578146189540e0d908d8a94a6e3a801d70472c0c18457e17091ad,gx-no-cache=1773150651385 HTTP/1.1" 200 30
129.222.173.48 - - [10/Mar/2026:10:46:39 -0300] "GET /cormun/servlet/solicitudot?5699d78ef6a59cef55a618bbfc1aefc120830675a601a25450e91a7dcabe521d5729467b30b9e9505a7663ce3445151e,gx-no-cache=1773150681549 HTTP/1.1" 200 30
186.174.240.4 - - [10/Mar/2026:10:46:50 -0300] "POST /cormun/servlet/solicitudot?gx-no-cache=1773150693427 HTTP/1.1" 200 30
186.174.240.4 - - [10/Mar/2026:10:46:50 -0300] "POST /cormun/servlet/solicitudot?5c57964ca3dcae10bb81704c5b719474,INS,0,0,false,,gx-no-cache=1773150693540 HTTP/1.1" 200 93
186.174.240.4 - - [10/Mar/2026:10:46:50 -0300] "GET /cormun/servlet/hpexe_return? HTTP/1.1" 200 1007
186.174.240.4 - - [10/Mar/2026:10:46:50 -0300] "GET /cormun/servlet/trsolicitudot HTTP/1.1" 200 11690
129.222.173.48 - - [10/Mar/2026:10:47:05 -0300] "POST /cormun/servlet/solicitudot?gx-no-cache=1773150707189 HTTP/1.1" 200 30
129.222.173.48 - - [10/Mar/2026:10:47:28 -0300] "POST /cormun/servlet/solicitudot?22c52523c6cc69c5483b71293af5bd83,INS,0,0,false,,gx-no-cache=1773150730010 HTTP/1.1" 200 93
129.222.173.48 - - [10/Mar/2026:10:47:28 -0300] "GET /cormun/servlet/hpexe_return? HTTP/1.1" 200 1002
129.222.173.48 - - [10/Mar/2026:10:47:29 -0300] "GET /cormun/static/hpexe_return.js?20221129846037 HTTP/1.1" 200 1633
129.222.173.48 - - [10/Mar/2026:10:47:29 -0300] "GET /cormun/static/gxcfg.js?20221129846035 HTTP/1.1" 200 953
129.222.173.48 - - [10/Mar/2026:10:47:29 -0300] "GET /cormun/servlet/trsolicitudot HTTP/1.1" 200 8536
129.222.173.48 - - [10/Mar/2026:10:47:29 -0300] "GET /cormun//static/Resources/PXToolsActionView.png HTTP/1.1" 200 398
129.222.173.48 - - [10/Mar/2026:10:47:29 -0300] "GET /cormun//static/Resources/PXToolsGridDelete.png HTTP/1.1" 200 538
129.222.173.48 - - [10/Mar/2026:10:47:29 -0300] "GET /cormun//static/Resources/PXToolsRemoveAllAction.png HTTP/1.1" 200 487
129.222.173.48 - - [10/Mar/2026:10:47:29 -0300] "GET /cormun//static/Resources/PXTools/ActionInsert.png HTTP/1.1" 200 1482
129.222.173.48 - - [10/Mar/2026:10:47:33 -0300] "POST /cormun/servlet/trsolicitudot?22c52523c6cc69c5483b71293af5bd83,gx-no-cache=1773150735162 HTTP/1.1" 200 107
129.222.173.48 - - [10/Mar/2026:10:47:33 -0300] "GET /cormun/servlet/trsolicitudadjuntos?2026,23225, HTTP/1.1" 200 6046
129.222.173.48 - - [10/Mar/2026:10:47:33 -0300] "GET /cormun/static/Resources/PXToolsGridNew.png HTTP/1.1" 200 427
129.222.173.48 - - [10/Mar/2026:10:47:33 -0300] "GET /cormun/static/gxcfg.js?20201215574222 HTTP/1.1" 200 953
129.222.173.48 - - [10/Mar/2026:10:47:33 -0300] "GET /cormun/static/trsolicitudadjuntos.js?20201215574932 HTTP/1.1" 200 17921
129.222.173.48 - - [10/Mar/2026:10:47:38 -0300] "POST /cormun/servlet/trsolicitudadjuntos?22c52523c6cc69c5483b71293af5bd83,2026,23225,,gx-no-cache=1773150740030 HTTP/1.1" 200 3929
129.222.173.48 - - [10/Mar/2026:10:47:40 -0300] "GET /cormun/servlet/solicitudotadjuntos?INS,2026,23225,,1, HTTP/1.1" 200 5994
129.222.173.48 - - [10/Mar/2026:10:47:40 -0300] "GET /cormun/static/gxcfg.js?202211298385187 HTTP/1.1" 200 953
129.222.173.48 - - [10/Mar/2026:10:47:40 -0300] "GET /cormun/static/solicitudotadjuntos.js?202211298385196 HTTP/1.1" 200 11771
129.222.173.48 - - [10/Mar/2026:10:47:40 -0300] "GET /cormun/static/about:blank HTTP/1.1" 404 1011
129.222.173.48 - - [10/Mar/2026:10:47:41 -0300] "GET /cormun/servlet/solicitudotadjuntos?5699d78ef6a59cef55a618bbfc1aefc1ab71fcf5d4c1585f5d38dfd84dd867371698b7fdd9c7aa107e663b3c1479c993,gx-no-cache=1773150743022 HTTP/1.1" 200 30
129.222.173.48 - - [10/Mar/2026:10:47:41 -0300] "POST /cormun/servlet/solicitudotadjuntos?22c52523c6cc69c5483b71293af5bd83,INS,2026,23225,,1,,gx-no-cache=1773150743091 HTTP/1.1" 200 3863
190.95.67.91 - - [10/Mar/2026:10:47:41 -0300] "GET /cormun/servlet/trlicencias HTTP/1.1" 200 6050
190.95.67.91 - - [10/Mar/2026:10:47:42 -0300] "GET /cormun/servlet/hlogin HTTP/1.1" 200 1736
129.222.173.48 - - [10/Mar/2026:10:47:49 -0300] "POST /cormun/servlet/solicitudotadjuntos?gx-no-cache=1773150751151 HTTP/1.1" 200 26
129.222.173.48 - - [10/Mar/2026:10:48:30 -0300] "GET /cormun/servlet/solicitudotadjuntos?5699d78ef6a59cef55a618bbfc1aefc199cbf3e6df1910ea91bacc9b7a0fda70,gx-no-cache=1773150792115 HTTP/1.1" 200 30
129.222.173.48 - - [10/Mar/2026:10:48:30 -0300] "GET /cormun/servlet/solicitudotadjuntos?5699d78ef6a59cef55a618bbfc1aefc199cbf3e6df1910ea91bacc9b7a0fda70,gx-no-cache=1773150792197 HTTP/1.1" 200 30
129.222.173.48 - - [10/Mar/2026:10:48:30 -0300] "POST /cormun/servlet/solicitudotadjuntos?22c52523c6cc69c5483b71293af5bd83,INS,2026,23225,,1, HTTP/1.1" 200 116
129.222.173.48 - - [10/Mar/2026:10:48:30 -0300] "GET /cormun/servlet/hpexe_return? HTTP/1.1" 200 1020
129.222.173.48 - - [10/Mar/2026:10:48:31 -0300] "GET /cormun/servlet/trsolicitudadjuntos?2026,23225, HTTP/1.1" 200 9297
129.222.173.48 - - [10/Mar/2026:10:48:36 -0300] "POST /cormun/servlet/trsolicitudadjuntos?22c52523c6cc69c5483b71293af5bd83,2026,23225,,gx-no-cache=1773150798109 HTTP/1.1" 200 8648
129.222.173.48 - - [10/Mar/2026:10:48:41 -0300] "GET /cormun/servlet/solicitudotadjuntos?INS,2026,23225,,1, HTTP/1.1" 200 5994
129.222.173.48 - - [10/Mar/2026:10:48:41 -0300] "GET /cormun/static/about:blank HTTP/1.1" 404 1011
129.222.173.48 - - [10/Mar/2026:10:48:42 -0300] "GET /cormun/servlet/solicitudotadjuntos?5699d78ef6a59cef55a618bbfc1aefc1ab71fcf5d4c1585f5d38dfd84dd867371698b7fdd9c7aa107e663b3c1479c993,gx-no-cache=1773150804264 HTTP/1.1" 200 30
129.222.173.48 - - [10/Mar/2026:10:48:42 -0300] "POST /cormun/servlet/solicitudotadjuntos?22c52523c6cc69c5483b71293af5bd83,INS,2026,23225,,1,,gx-no-cache=1773150804325 HTTP/1.1" 200 3863
129.222.173.48 - - [10/Mar/2026:10:48:48 -0300] "POST /cormun/servlet/solicitudotadjuntos?gx-no-cache=1773150810444 HTTP/1.1" 200 26
129.222.173.48 - - [10/Mar/2026:10:49:00 -0300] "GET /cormun/servlet/solicitudotadjuntos?5699d78ef6a59cef55a618bbfc1aefc199cbf3e6df1910ea91bacc9b7a0fda70,gx-no-cache=1773150822683 HTTP/1.1" 200 30
129.222.173.48 - - [10/Mar/2026:10:49:00 -0300] "GET /cormun/servlet/solicitudotadjuntos?5699d78ef6a59cef55a618bbfc1aefc199cbf3e6df1910ea91bacc9b7a0fda70,gx-no-cache=1773150822721 HTTP/1.1" 200 30
129.222.173.48 - - [10/Mar/2026:10:49:01 -0300] "POST /cormun/servlet/solicitudotadjuntos?22c52523c6cc69c5483b71293af5bd83,INS,2026,23225,,1, HTTP/1.1" 200 116
129.222.173.48 - - [10/Mar/2026:10:49:01 -0300] "GET /cormun/servlet/hpexe_return? HTTP/1.1" 200 1020
129.222.173.48 - - [10/Mar/2026:10:49:01 -0300] "GET /cormun/servlet/trsolicitudadjuntos?2026,23225, HTTP/1.1" 200 9597
129.222.173.48 - - [10/Mar/2026:10:49:04 -0300] "GET /cormun/servlet/solicitudotadjuntos?INS,2026,23225,,1, HTTP/1.1" 200 5994
129.222.173.48 - - [10/Mar/2026:10:49:05 -0300] "GET /cormun/static/about:blank HTTP/1.1" 404 1011
129.222.173.48 - - [10/Mar/2026:10:49:05 -0300] "GET /cormun/servlet/solicitudotadjuntos?5699d78ef6a59cef55a618bbfc1aefc1ab71fcf5d4c1585f5d38dfd84dd867371698b7fdd9c7aa107e663b3c1479c993,gx-no-cache=1773150827508 HTTP/1.1" 200 30
129.222.173.48 - - [10/Mar/2026:10:49:05 -0300] "POST /cormun/servlet/solicitudotadjuntos?22c52523c6cc69c5483b71293af5bd83,INS,2026,23225,,1,,gx-no-cache=1773150827575 HTTP/1.1" 200 3863
186.174.240.4 - - [10/Mar/2026:10:49:07 -0300] "GET /cormun/servlet/solicitudot?INS,0,0,false, HTTP/1.1" 200 15926
129.222.173.48 - - [10/Mar/2026:10:49:08 -0300] "POST /cormun/servlet/solicitudotadjuntos?gx-no-cache=1773150830228 HTTP/1.1" 200 26
129.222.173.48 - - [10/Mar/2026:10:49:17 -0300] "GET /cormun/servlet/solicitudotadjuntos?5699d78ef6a59cef55a618bbfc1aefc199cbf3e6df1910ea91bacc9b7a0fda70,gx-no-cache=1773150839828 HTTP/1.1" 200 30
129.222.173.48 - - [10/Mar/2026:10:49:17 -0300] "GET /cormun/servlet/solicitudotadjuntos?5699d78ef6a59cef55a618bbfc1aefc199cbf3e6df1910ea91bacc9b7a0fda70,gx-no-cache=1773150839878 HTTP/1.1" 200 30
129.222.173.48 - - [10/Mar/2026:10:49:18 -0300] "POST /cormun/servlet/solicitudotadjuntos?22c52523c6cc69c5483b71293af5bd83,INS,2026,23225,,1, HTTP/1.1" 200 116
129.222.173.48 - - [10/Mar/2026:10:49:18 -0300] "GET /cormun/servlet/hpexe_return? HTTP/1.1" 200 1020
129.222.173.48 - - [10/Mar/2026:10:49:18 -0300] "GET /cormun/servlet/trsolicitudadjuntos?2026,23225, HTTP/1.1" 200 9846
129.222.173.48 - - [10/Mar/2026:10:49:20 -0300] "GET /cormun/servlet/solicitudotadjuntos?INS,2026,23225,,1, HTTP/1.1" 200 5994
129.222.173.48 - - [10/Mar/2026:10:49:20 -0300] "GET /cormun/static/about:blank HTTP/1.1" 404 1011
129.222.173.48 - - [10/Mar/2026:10:49:21 -0300] "GET /cormun/servlet/solicitudotadjuntos?5699d78ef6a59cef55a618bbfc1aefc1ab71fcf5d4c1585f5d38dfd84dd867371698b7fdd9c7aa107e663b3c1479c993,gx-no-cache=1773150843343 HTTP/1.1" 200 30
129.222.173.48 - - [10/Mar/2026:10:49:21 -0300] "POST /cormun/servlet/solicitudotadjuntos?22c52523c6cc69c5483b71293af5bd83,INS,2026,23225,,1,,gx-no-cache=1773150843654 HTTP/1.1" 200 3863
129.222.173.48 - - [10/Mar/2026:10:49:25 -0300] "POST /cormun/servlet/solicitudotadjuntos?gx-no-cache=1773150847084 HTTP/1.1" 200 26
129.222.173.48 - - [10/Mar/2026:10:49:31 -0300] "GET /cormun/servlet/solicitudotadjuntos?5699d78ef6a59cef55a618bbfc1aefc199cbf3e6df1910ea91bacc9b7a0fda70,gx-no-cache=1773150853236 HTTP/1.1" 200 30
129.222.173.48 - - [10/Mar/2026:10:49:31 -0300] "GET /cormun/servlet/solicitudotadjuntos?5699d78ef6a59cef55a618bbfc1aefc199cbf3e6df1910ea91bacc9b7a0fda70,gx-no-cache=1773150853303 HTTP/1.1" 200 30
129.222.173.48 - - [10/Mar/2026:10:49:31 -0300] "POST /cormun/servlet/solicitudotadjuntos?22c52523c6cc69c5483b71293af5bd83,INS,2026,23225,,1, HTTP/1.1" 200 116
129.222.173.48 - - [10/Mar/2026:10:49:31 -0300] "GET /cormun/servlet/hpexe_return? HTTP/1.1" 200 1020
129.222.173.48 - - [10/Mar/2026:10:49:32 -0300] "GET /cormun/servlet/trsolicitudadjuntos?2026,23225, HTTP/1.1" 200 10179
129.222.173.48 - - [10/Mar/2026:10:49:34 -0300] "GET /cormun/servlet/solicitudotadjuntos?INS,2026,23225,,1, HTTP/1.1" 200 5994
129.222.173.48 - - [10/Mar/2026:10:49:34 -0300] "GET /cormun/static/about:blank HTTP/1.1" 404 1011
129.222.173.48 - - [10/Mar/2026:10:49:35 -0300] "GET /cormun/servlet/solicitudotadjuntos?5699d78ef6a59cef55a618bbfc1aefc1ab71fcf5d4c1585f5d38dfd84dd867371698b7fdd9c7aa107e663b3c1479c993,gx-no-cache=1773150857474 HTTP/1.1" 200 30
129.222.173.48 - - [10/Mar/2026:10:49:35 -0300] "POST /cormun/servlet/solicitudotadjuntos?22c52523c6cc69c5483b71293af5bd83,INS,2026,23225,,1,,gx-no-cache=1773150857530 HTTP/1.1" 200 3863
129.222.173.48 - - [10/Mar/2026:10:49:40 -0300] "POST /cormun/servlet/solicitudotadjuntos?gx-no-cache=1773150862885 HTTP/1.1" 200 26
129.222.173.48 - - [10/Mar/2026:10:49:49 -0300] "GET /cormun/servlet/solicitudotadjuntos?5699d78ef6a59cef55a618bbfc1aefc199cbf3e6df1910ea91bacc9b7a0fda70,gx-no-cache=1773150871827 HTTP/1.1" 200 30
129.222.173.48 - - [10/Mar/2026:10:49:49 -0300] "GET /cormun/servlet/solicitudotadjuntos?5699d78ef6a59cef55a618bbfc1aefc199cbf3e6df1910ea91bacc9b7a0fda70,gx-no-cache=1773150871874 HTTP/1.1" 200 30
129.222.173.48 - - [10/Mar/2026:10:49:50 -0300] "POST /cormun/servlet/solicitudotadjuntos?22c52523c6cc69c5483b71293af5bd83,INS,2026,23225,,1, HTTP/1.1" 200 116
129.222.173.48 - - [10/Mar/2026:10:49:50 -0300] "GET /cormun/servlet/hpexe_return? HTTP/1.1" 200 1020
129.222.173.48 - - [10/Mar/2026:10:49:50 -0300] "GET /cormun/servlet/trsolicitudadjuntos?2026,23225, HTTP/1.1" 200 10363
129.222.173.48 - - [10/Mar/2026:10:49:53 -0300] "GET /cormun/servlet/solicitudotadjuntos?INS,2026,23225,,1, HTTP/1.1" 200 5993
129.222.173.48 - - [10/Mar/2026:10:49:53 -0300] "GET /cormun/static/about:blank HTTP/1.1" 404 1011
129.222.173.48 - - [10/Mar/2026:10:49:54 -0300] "GET /cormun/servlet/solicitudotadjuntos?5699d78ef6a59cef55a618bbfc1aefc1ab71fcf5d4c1585f5d38dfd84dd867371698b7fdd9c7aa107e663b3c1479c993,gx-no-cache=1773150875969 HTTP/1.1" 200 30
129.222.173.48 - - [10/Mar/2026:10:49:54 -0300] "POST /cormun/servlet/solicitudotadjuntos?22c52523c6cc69c5483b71293af5bd83,INS,2026,23225,,1,,gx-no-cache=1773150876018 HTTP/1.1" 200 3862
129.222.173.48 - - [10/Mar/2026:10:49:56 -0300] "POST /cormun/servlet/solicitudotadjuntos?gx-no-cache=1773150878828 HTTP/1.1" 200 26
186.174.240.4 - - [10/Mar/2026:10:49:57 -0300] "POST /cormun/servlet/solicitudot?gx-no-cache=1773150880591 HTTP/1.1" 200 4123
186.174.240.4 - - [10/Mar/2026:10:49:57 -0300] "POST /cormun/servlet/solicitudot?5c57964ca3dcae10bb81704c5b719474,INS,0,0,false,,gx-no-cache=1773150880887 HTTP/1.1" 200 12718
129.222.173.48 - - [10/Mar/2026:10:50:06 -0300] "GET /cormun/servlet/solicitudotadjuntos?5699d78ef6a59cef55a618bbfc1aefc199cbf3e6df1910ea91bacc9b7a0fda70,gx-no-cache=1773150888355 HTTP/1.1" 200 30
129.222.173.48 - - [10/Mar/2026:10:50:06 -0300] "GET /cormun/servlet/solicitudotadjuntos?5699d78ef6a59cef55a618bbfc1aefc199cbf3e6df1910ea91bacc9b7a0fda70,gx-no-cache=1773150888404 HTTP/1.1" 200 30
129.222.173.48 - - [10/Mar/2026:10:50:06 -0300] "POST /cormun/servlet/solicitudotadjuntos?22c52523c6cc69c5483b71293af5bd83,INS,2026,23225,,1, HTTP/1.1" 200 116
129.222.173.48 - - [10/Mar/2026:10:50:06 -0300] "GET /cormun/servlet/hpexe_return? HTTP/1.1" 200 1020
129.222.173.48 - - [10/Mar/2026:10:50:07 -0300] "GET /cormun/servlet/trsolicitudadjuntos?2026,23225, HTTP/1.1" 200 10550
186.174.240.4 - - [10/Mar/2026:10:50:08 -0300] "GET /cormun/servlet/solicitudot?3a4803dfe9e47bf25e2fc893a3506c429f6be6c187ee9910c5a20d16757d83cc0bb2f916510411f9ce9a21f131df6fac,gx-no-cache=1773150891865 HTTP/1.1" 200 30
186.174.240.4 - - [10/Mar/2026:10:50:08 -0300] "GET /cormun/servlet/solicitudot?3a4803dfe9e47bf25e2fc893a3506c42448193370f9229ae8fbc5ae465cdd36eae900f4047bcc57f77ececcb47c1474b,gx-no-cache=1773150891939 HTTP/1.1" 200 103
186.174.240.4 - - [10/Mar/2026:10:50:08 -0300] "GET /cormun/servlet/solicitudot?3a4803dfe9e47bf25e2fc893a3506c4217c1e9b44e7e8d21c0e27b1349a14622,gx-no-cache=1773150892016 HTTP/1.1" 200 70
186.174.240.4 - - [10/Mar/2026:10:50:08 -0300] "POST /cormun/servlet/solicitudot?gx-no-cache=1773150892060 HTTP/1.1" 200 255
186.174.240.4 - - [10/Mar/2026:10:50:08 -0300] "GET /cormun/servlet/solicitudot?3a4803dfe9e47bf25e2fc893a3506c424d91ca10322dc3a7928aabfde3d40ef63204df2efa5c3a702aae3bc5a70fca0cc714c98cca5d189af0de6ebf9dba60e65b3af1fbdb0a1a4272b3751095cb5193500650e59182d792ba4e0faec738f5af4c8e7a25c1b236a737ee01b9c721cd939d19175d8e890869457788c7993504248c69fec9bb7c01626d839e77e3b1d2730275db65f2a57e46a48876f52698f427cf50e01107baf0585132a5c8eccf0c72ccca5e1b616301bdbd0db58c44b60d65738691965a103cb69d1a644c5cf556e9d1220f6ef467aa691e32b4131dac75073e304fa30de8e391e36e81fd9cc3891b0b8788dc9df569e954b1591b1e6b18cdffc2ce034206812f7e4af1d46681e508af6dd37c42381531bfd32638fdb99c443d594601b3afe0f0f9e62ae760f007f564b989f1035389a0ddab0feb41d8edfbf899c4ee670b6ce6ba74918460c103903e3d3405ead528bd119d1928b8ac9ed712033709d445c112d52fb38e1de6b75a5b59364e9c6564afc6c42422b55a0bc4,gx-no-cache=1773150892136 HTTP/1.1" 200 30
186.174.240.4 - - [10/Mar/2026:10:50:08 -0300] "POST /cormun/servlet/solicitudot?gx-no-cache=1773150892178 HTTP/1.1" 200 30
186.174.240.4 - - [10/Mar/2026:10:50:08 -0300] "POST /cormun/servlet/solicitudot?gx-no-cache=1773150892306 HTTP/1.1" 200 1481
186.174.240.4 - - [10/Mar/2026:10:50:08 -0300] "POST /cormun/servlet/solicitudot?gx-no-cache=1773150892374 HTTP/1.1" 200 38
186.174.240.4 - - [10/Mar/2026:10:50:08 -0300] "GET /cormun/servlet/solicitudot?3a4803dfe9e47bf25e2fc893a3506c42714a2609d5015792379f2dbd3f9663a62fe05b19cbbaf8ba23985198a5e2f9aa4c44fd201d4c97e09ca992ca8a4e81a2613267b9b1d63b93b6e2fab54002d83b7e175fd74af29e6d1e344e85c2d1a480ed339116713393e632f676cc7655ba64,gx-no-cache=1773150892422 HTTP/1.1" 200 110
129.222.173.48 - - [10/Mar/2026:10:50:18 -0300] "POST /cormun/servlet/trsolicitudadjuntos?22c52523c6cc69c5483b71293af5bd83,2026,23225,,gx-no-cache=1773150900046 HTTP/1.1" 200 90
129.222.173.48 - - [10/Mar/2026:10:50:18 -0300] "GET /cormun/servlet/hpexe_link HTTP/1.1" 200 963
129.222.173.48 - - [10/Mar/2026:10:50:18 -0300] "GET /cormun/servlet/trsolicitudot HTTP/1.1" 200 8533
129.222.173.48 - - [10/Mar/2026:10:50:33 -0300] "POST /cormun/servlet/trsolicitudot?22c52523c6cc69c5483b71293af5bd83,gx-no-cache=1773150914831 HTTP/1.1" 200 4556
129.222.173.48 - - [10/Mar/2026:10:50:33 -0300] "GET /cormun/static/Shared/jqueryui/images/ui-icons_82798d_256x240.png HTTP/1.1" 404 1089
129.222.173.48 - - [10/Mar/2026:10:50:33 -0300] "GET /cormun/static/Shared/jqueryui/images/ui-bg_highlight-soft_100_c6c2c8_1x100.png HTTP/1.1" 404 1117
129.222.173.48 - - [10/Mar/2026:10:50:33 -0300] "GET /cormun/static/Shared/jqueryui/images/ui-icons_8d78a5_256x240.png HTTP/1.1" 404 1089
129.222.173.48 - - [10/Mar/2026:10:50:33 -0300] "GET /cormun/static/Shared/jqueryui/images/ui-bg_flat_55_fafafa_40x100.png HTTP/1.1" 404 1097
129.222.173.48 - - [10/Mar/2026:10:50:33 -0300] "POST /cormun/servlet/trsolicitudot?22c52523c6cc69c5483b71293af5bd83,gx-no-cache=1773150915040 HTTP/1.1" 200 4322
129.222.173.48 - - [10/Mar/2026:10:50:43 -0300] "GET /cormun/servlet/hlogin HTTP/1.1" 200 1731
129.222.173.48 - - [10/Mar/2026:10:50:46 -0300] "POST /cormun/servlet/hlogin?22c52523c6cc69c5483b71293af5bd83,gx-no-cache=1773150928580 HTTP/1.1" 200 90
129.222.173.48 - - [10/Mar/2026:10:50:46 -0300] "GET /cormun/servlet/hpexe_link HTTP/1.1" 200 945
129.222.173.48 - - [10/Mar/2026:10:50:46 -0300] "GET /cormun/servlet/hhome HTTP/1.1" 200 4302
129.222.173.48 - - [10/Mar/2026:10:50:50 -0300] "GET /cormun/servlet/trautorizarsolicitud? HTTP/1.1" 200 8780
129.222.173.48 - - [10/Mar/2026:10:50:50 -0300] "GET /cormun/static/gxcfg.js?202211298474254 HTTP/1.1" 200 953
129.222.173.48 - - [10/Mar/2026:10:50:50 -0300] "GET /cormun/static/trautorizarsolicitud.js?202211298474588 HTTP/1.1" 200 53909
