190.95.67.97 - - [23/Dec/2025:08:49:50 -0300] "GET /cormun/servlet/trlicencias? HTTP/1.1" 200 10344
190.95.67.97 - - [23/Dec/2025:08:49:50 -0300] "GET /cormun/static/calendar-system.css?85620 HTTP/1.1" 200 5572
190.95.67.97 - - [23/Dec/2025:08:49:50 -0300] "GET /cormun/static/gxui/gxui-all.css?120300 HTTP/1.1" 200 2179
190.95.67.97 - - [23/Dec/2025:08:49:50 -0300] "GET /cormun/static/calendar.js?85251 HTTP/1.1" 200 26246
190.95.67.97 - - [23/Dec/2025:08:49:50 -0300] "GET /cormun/static/calendar-setup.js?85251 HTTP/1.1" 200 2588
190.95.67.97 - - [23/Dec/2025:08:49:50 -0300] "GET /cormun/static/gxcfg.js?202211298463625 HTTP/1.1" 200 953
190.95.67.97 - - [23/Dec/2025:08:49:50 -0300] "GET /cormun/static/calendar-es.js?85251 HTTP/1.1" 200 1901
190.95.67.97 - - [23/Dec/2025:08:49:50 -0300] "GET /cormun/static/Resources/PXTools/calendar.png HTTP/1.1" 200 1306
190.95.67.97 - - [23/Dec/2025:08:49:50 -0300] "GET /cormun/static/gxdec.js?85251 HTTP/1.1" 200 19579
190.95.67.97 - - [23/Dec/2025:08:49:50 -0300] "GET /cormun/static/trlicencias.js?202211298463889 HTTP/1.1" 200 41883
190.95.67.97 - - [23/Dec/2025:08:49:50 -0300] "GET /cormun/static/Resources/PXToolsDataSearch.png HTTP/1.1" 200 435
190.95.67.97 - - [23/Dec/2025:08:49:50 -0300] "GET /cormun/static/Resources/PXToolsGridFirstDisabled.gif HTTP/1.1" 200 100
190.95.67.97 - - [23/Dec/2025:08:49:50 -0300] "GET /cormun/static/Resources/PXToolsGridPreviousDisabled.gif HTTP/1.1" 200 90
190.95.67.97 - - [23/Dec/2025:08:49:50 -0300] "GET /cormun/static/Resources/PXToolsGridNextDisabled.gif HTTP/1.1" 200 90
190.95.67.97 - - [23/Dec/2025:08:49:50 -0300] "GET /cormun/static/Resources/PXToolsGridLastDisabled.gif HTTP/1.1" 200 98
190.95.67.97 - - [23/Dec/2025:08:49:50 -0300] "GET /cormun/static/Resources/PXToolsGridPage.gif HTTP/1.1" 200 725
190.95.67.97 - - [23/Dec/2025:08:49:50 -0300] "GET /cormun/static/Resources/PXToolsActionExcel.png HTTP/1.1" 200 727
190.95.67.97 - - [23/Dec/2025:08:49:50 -0300] "GET /cormun/static/Resources/PXToolsAddAllAction.png HTTP/1.1" 200 495
190.95.67.97 - - [23/Dec/2025:08:49:50 -0300] "GET /cormun/static/Shared/ext/resources/css/ext-all.css?215870 HTTP/1.1" 200 416045
190.95.67.97 - - [23/Dec/2025:08:49:50 -0300] "GET /cormun//static/Resources/PXTools/ActionInsert.png HTTP/1.1" 200 1482
190.95.67.97 - - [23/Dec/2025:08:49:50 -0300] "GET /cormun//static/Resources/PXToolsActionPrint.png HTTP/1.1" 200 404
190.95.67.97 - - [23/Dec/2025:08:49:50 -0300] "GET /cormun//static/Resources/PXToolsActionDisabled.gif HTTP/1.1" 200 53
190.95.67.97 - - [23/Dec/2025:08:49:50 -0300] "GET /cormun//static/Resources/PXToolsGridDisplay.png HTTP/1.1" 200 525
190.95.67.97 - - [23/Dec/2025:08:49:50 -0300] "GET /cormun/static/Resources/asc.gif HTTP/1.1" 200 67
190.95.67.97 - - [23/Dec/2025:08:49:50 -0300] "GET /cormun/static/Resources/desc.gif HTTP/1.1" 200 65
190.95.67.97 - - [23/Dec/2025:08:49:50 -0300] "GET /cormun//static/Resources/PXToolsHeaderHelp.png HTTP/1.1" 200 1333
190.95.67.97 - - [23/Dec/2025:08:49:50 -0300] "GET /cormun//static/Resources/PXToolsHeaderFavorites.png HTTP/1.1" 200 1414
190.95.67.97 - - [23/Dec/2025:08:49:50 -0300] "GET /cormun/static/Shared/ext/resources/themes/images/default/tools/tool-sprites.gif HTTP/1.1" 200 5434
190.95.67.97 - - [23/Dec/2025:08:49:50 -0300] "GET /cormun/static/Shared/ext/resources/themes/images/default/panel/bg-headersPanel.png HTTP/1.1" 200 255
190.95.2.163 - - [23/Dec/2025:08:49:52 -0300] "GET /cormun/servlet/apermisogoceprn?19158120,P,20251223085009,PU HTTP/1.1" 200 1661
190.95.67.93 - - [23/Dec/2025:08:49:52 -0300] "GET /cormun/servlet/permisogoce?95c80231d0a9bd7849af82c8fd96d700e767dcc6ede8123161937c88879c94849237636abe31a25962118e526b0a44dc4e3e683d4d7eb4d9c001c80ce752ef28,gx-no-cache=1766490607537 HTTP/1.1" 200 48
190.95.1.185 - - [23/Dec/2025:08:49:54 -0300] "GET /cormun/servlet/trpermisosadjuntos?15523566,20251222125033,P, HTTP/1.1" 200 6820
190.95.67.93 - - [23/Dec/2025:08:49:55 -0300] "POST /cormun/servlet/permisogoce?39686a532468fbe08e58b1373c4b0a94,INS,0,,,,gx-no-cache=1766490610235 HTTP/1.1" 200 93
190.95.67.93 - - [23/Dec/2025:08:49:55 -0300] "GET /cormun/servlet/hpexe_return? HTTP/1.1" 200 1030
190.95.67.93 - - [23/Dec/2025:08:49:55 -0300] "GET /cormun/servlet/trpermisosgoce?gx-no-cache=1766490466116 HTTP/1.1" 200 9142
190.95.1.185 - - [23/Dec/2025:08:49:56 -0300] "POST /cormun/servlet/trpermisosadjuntos?c97ac1c5fb522403a2cc16f7bb148f72,15523566,20251222125033,P,,gx-no-cache=1766490611750 HTTP/1.1" 200 4341
190.95.1.185 - - [23/Dec/2025:08:49:56 -0300] "GET /cormun/servlet/permisosadjuntos?INS,15523566,P,20251222125033,, HTTP/1.1" 200 6118
190.95.1.185 - - [23/Dec/2025:08:49:57 -0300] "GET /cormun/static/about:blank HTTP/1.1" 404 1011
190.95.67.93 - - [23/Dec/2025:08:50:01 -0300] "GET /cormun/servlet/apermisogoceprn?19526595,P,20251223085031,PU HTTP/1.1" 200 1657
190.95.1.185 - - [23/Dec/2025:08:50:04 -0300] "POST /cormun/servlet/permisosadjuntos?c97ac1c5fb522403a2cc16f7bb148f72,INS,15523566,P,20251222125033,, HTTP/1.1" 200 116
190.95.1.185 - - [23/Dec/2025:08:50:04 -0300] "GET /cormun/servlet/hpexe_return? HTTP/1.1" 200 1036
190.95.1.185 - - [23/Dec/2025:08:50:04 -0300] "GET /cormun/servlet/trpermisosadjuntos?15523566,20251222125033,P, HTTP/1.1" 200 7314
190.95.1.185 - - [23/Dec/2025:08:50:06 -0300] "POST /cormun/servlet/trpermisosadjuntos?c97ac1c5fb522403a2cc16f7bb148f72,15523566,20251222125033,P,,gx-no-cache=1766490621548 HTTP/1.1" 200 90
190.95.1.185 - - [23/Dec/2025:08:50:06 -0300] "GET /cormun/servlet/hpexe_link HTTP/1.1" 200 981
190.95.1.185 - - [23/Dec/2025:08:50:06 -0300] "GET /cormun/servlet/trpermisosgoce HTTP/1.1" 200 19020
190.95.1.185 - - [23/Dec/2025:08:50:10 -0300] "GET /cormun/servlet/trpermisosadjuntos?15523566,20251222125151,P, HTTP/1.1" 200 6819
190.95.1.185 - - [23/Dec/2025:08:50:11 -0300] "GET /cormun/servlet/permisosadjuntos?INS,15523566,P,20251222125151,, HTTP/1.1" 200 6117
190.95.1.185 - - [23/Dec/2025:08:50:11 -0300] "GET /cormun/static/about:blank HTTP/1.1" 404 1011
190.95.1.185 - - [23/Dec/2025:08:50:17 -0300] "POST /cormun/servlet/permisosadjuntos?c97ac1c5fb522403a2cc16f7bb148f72,INS,15523566,P,20251222125151,, HTTP/1.1" 200 116
190.95.1.185 - - [23/Dec/2025:08:50:17 -0300] "GET /cormun/servlet/hpexe_return? HTTP/1.1" 200 1034
190.95.1.185 - - [23/Dec/2025:08:50:17 -0300] "GET /cormun/servlet/trpermisosadjuntos?15523566,20251222125151,P, HTTP/1.1" 200 7313
190.95.1.185 - - [23/Dec/2025:08:50:19 -0300] "POST /cormun/servlet/trpermisosadjuntos?c97ac1c5fb522403a2cc16f7bb148f72,15523566,20251222125151,P,,gx-no-cache=1766490635380 HTTP/1.1" 200 90
190.95.1.185 - - [23/Dec/2025:08:50:19 -0300] "GET /cormun/servlet/hpexe_link HTTP/1.1" 200 980
190.95.1.185 - - [23/Dec/2025:08:50:20 -0300] "GET /cormun/servlet/trpermisosgoce HTTP/1.1" 200 19020
190.95.1.185 - - [23/Dec/2025:08:50:23 -0300] "POST /cormun/servlet/trpermisosgoce?c97ac1c5fb522403a2cc16f7bb148f72,gx-no-cache=1766490638630 HTTP/1.1" 200 16099
190.95.1.185 - - [23/Dec/2025:08:50:23 -0300] "GET /cormun/static/Shared/jqueryui/images/ui-bg_highlight-soft_100_c6c2c8_1x100.png HTTP/1.1" 404 1117
190.95.1.185 - - [23/Dec/2025:08:50:23 -0300] "GET /cormun/static/Shared/jqueryui/images/ui-icons_82798d_256x240.png HTTP/1.1" 404 1089
190.95.1.185 - - [23/Dec/2025:08:50:23 -0300] "GET /cormun/static/Shared/jqueryui/images/ui-icons_8d78a5_256x240.png HTTP/1.1" 404 1089
190.95.1.185 - - [23/Dec/2025:08:50:23 -0300] "GET /cormun/static/Shared/jqueryui/images/ui-bg_flat_55_fafafa_40x100.png HTTP/1.1" 404 1097
190.95.1.185 - - [23/Dec/2025:08:50:37 -0300] "GET /cormun/servlet/trpermisosgoce? HTTP/1.1" 200 18983
190.95.1.185 - - [23/Dec/2025:08:50:41 -0300] "GET /cormun/servlet/trautorizarpermisogoce? HTTP/1.1" 200 18446
190.95.1.185 - - [23/Dec/2025:08:50:48 -0300] "POST /cormun/servlet/trautorizarpermisogoce?c97ac1c5fb522403a2cc16f7bb148f72,,gx-no-cache=1766490663629 HTTP/1.1" 200 15581
190.95.1.185 - - [23/Dec/2025:08:51:05 -0300] "POST /cormun/servlet/trautorizarpermisogoce?c97ac1c5fb522403a2cc16f7bb148f72,,gx-no-cache=1766490680996 HTTP/1.1" 200 15590
190.95.1.185 - - [23/Dec/2025:08:51:08 -0300] "POST /cormun/servlet/trautorizarpermisogoce?c97ac1c5fb522403a2cc16f7bb148f72,,gx-no-cache=1766490683331 HTTP/1.1" 200 15630
190.95.1.185 - - [23/Dec/2025:08:51:11 -0300] "POST /cormun/servlet/trautorizarpermisogoce?c97ac1c5fb522403a2cc16f7bb148f72,,gx-no-cache=1766490687067 HTTP/1.1" 200 15617
201.186.225.191 - - [23/Dec/2025:08:51:17 -0300] "GET /cormun/servlet/hlogin HTTP/1.1" 200 1721
201.186.225.191 - - [23/Dec/2025:08:51:26 -0300] "POST /cormun/servlet/hlogin?7a85264b98666a50f51ed2da1aa1ff52,gx-no-cache=1766490701387 HTTP/1.1" 200 90
201.186.225.191 - - [23/Dec/2025:08:51:26 -0300] "GET /cormun/servlet/hpexe_link HTTP/1.1" 200 953
201.186.225.191 - - [23/Dec/2025:08:51:26 -0300] "GET /cormun/servlet/hhome HTTP/1.1" 200 4200
190.95.1.185 - - [23/Dec/2025:08:51:29 -0300] "POST /cormun/servlet/trautorizarpermisogoce?c97ac1c5fb522403a2cc16f7bb148f72,,gx-no-cache=1766490705099 HTTP/1.1" 200 6360
190.95.1.185 - - [23/Dec/2025:08:51:29 -0300] "GET /cormun/static/Resources/PXToolsGridFirst.gif HTTP/1.1" 200 379
190.95.1.185 - - [23/Dec/2025:08:51:29 -0300] "GET /cormun/static/Resources/PXToolsGridPrevious.gif HTTP/1.1" 200 369
201.186.225.191 - - [23/Dec/2025:08:51:30 -0300] "GET /cormun/servlet/trpermisosgoce? HTTP/1.1" 200 12377
190.95.1.185 - - [23/Dec/2025:08:51:33 -0300] "POST /cormun/servlet/trautorizarpermisogoce?c97ac1c5fb522403a2cc16f7bb148f72,,gx-no-cache=1766490708498 HTTP/1.1" 200 15589
201.186.225.191 - - [23/Dec/2025:08:51:33 -0300] "GET /cormun/static/menuarrow.gif HTTP/1.1" 404 1015
201.186.225.191 - - [23/Dec/2025:08:51:50 -0300] "POST /cormun/servlet/trpermisosgoce?7a85264b98666a50f51ed2da1aa1ff52,,gx-no-cache=1766490725714 HTTP/1.1" 200 5950
190.95.67.93 - - [23/Dec/2025:08:52:16 -0300] "POST /cormun/servlet/trpermisosgoce?39686a532468fbe08e58b1373c4b0a94,gx-no-cache=1766490466116,gx-no-cache=1766490750779 HTTP/1.1" 200 6450
179.57.78.9 - - [23/Dec/2025:08:52:19 -0300] "GET /cormun/servlet/hlogin HTTP/1.1" 200 1717
179.57.78.9 - - [23/Dec/2025:08:52:21 -0300] "POST /cormun/servlet/hlogin?49864c6e9dd8b16334a1bf68502f22e6,gx-no-cache=1766490765233 HTTP/1.1" 200 90
179.57.78.9 - - [23/Dec/2025:08:52:21 -0300] "GET /cormun/servlet/hpexe_link HTTP/1.1" 200 949
179.57.78.9 - - [23/Dec/2025:08:52:22 -0300] "GET /cormun/servlet/hhome HTTP/1.1" 200 4343
190.95.15.15 - - [23/Dec/2025:08:52:22 -0300] "GET /cormun/servlet/permisogoce?INS,0,,, HTTP/1.1" 200 6860
179.57.78.9 - - [23/Dec/2025:08:52:24 -0300] "GET /cormun/servlet/trlicencias? HTTP/1.1" 200 11366
190.95.15.15 - - [23/Dec/2025:08:52:35 -0300] "GET /cormun/servlet/permisogoce?09e9474e8b791c33e7dea253e67935d2cc050f5ac24377c4ae23bdc628bba759d4068d44e20eacd83be7ebbe91ffca76eb031fd3882b6d633cb2d034a0b054a6,gx-no-cache=1766490770498 HTTP/1.1" 200 80
190.95.15.15 - - [23/Dec/2025:08:52:40 -0300] "GET /cormun/servlet/permisogoce?09e9474e8b791c33e7dea253e67935d2b7ae66f71c1cb8fdc7329a478d051f3436d2ee56e59fa00c0dc239016787095fc548e690049d76bb7bffd0af3f2b8035,gx-no-cache=1766490775285 HTTP/1.1" 200 47
190.95.15.15 - - [23/Dec/2025:08:52:42 -0300] "POST /cormun/servlet/permisogoce?9c4e40f8c62e11bc7d10aca96fa5bc96,INS,0,,,,gx-no-cache=1766490776934 HTTP/1.1" 200 93
190.95.15.15 - - [23/Dec/2025:08:52:42 -0300] "GET /cormun/servlet/hpexe_return? HTTP/1.1" 200 1011
190.95.67.93 - - [23/Dec/2025:08:52:42 -0300] "GET /cormun/servlet/permisogoce?INS,0,,, HTTP/1.1" 200 7250
190.95.15.15 - - [23/Dec/2025:08:52:42 -0300] "GET /cormun/servlet/trpermisosgoce HTTP/1.1" 200 18457
190.95.15.15 - - [23/Dec/2025:08:52:45 -0300] "GET /cormun/servlet/apermisogoceprn?17523712,P,20251223085324,PU HTTP/1.1" 200 1656
200.126.116.145 - - [23/Dec/2025:08:52:55 -0300] "GET /cormun/servlet/permisogoce?INS,0,,, HTTP/1.1" 200 7220
190.95.67.93 - - [23/Dec/2025:08:53:00 -0300] "GET /cormun/servlet/permisogoce?95c80231d0a9bd7849af82c8fd96d7002a316e993809a196356062588fb0044f5fccc09c80b022af7d45b3444303515b410b0cd71ee27f61cc9180082edd9c57,gx-no-cache=1766490794821 HTTP/1.1" 200 81
200.126.116.145 - - [23/Dec/2025:08:53:06 -0300] "GET /cormun/servlet/permisogoce?e212d20a3d4ca6e2816902b8cb4cbec2b4d373b79f016e82d06703b2b29a21ce2775b53ad63591ec04870b82896a539894cc4f3816b88b8e0e14e28b9a43c8d9,gx-no-cache=1766490802360 HTTP/1.1" 200 77
190.95.67.93 - - [23/Dec/2025:08:53:13 -0300] "GET /cormun/servlet/permisogoce?95c80231d0a9bd7849af82c8fd96d700da242877fa993563270e23bc147dbef347e5f283794b90523b762d241fac2867067baf751f5b83139c4c3095c2dac0a7,gx-no-cache=1766490808258 HTTP/1.1" 200 47
200.126.116.145 - - [23/Dec/2025:08:53:14 -0300] "GET /cormun/servlet/permisogoce?e212d20a3d4ca6e2816902b8cb4cbec20e22528592224c527b5a5a0ac48b4ff71868849b928321b69700a9d123eb7da4f7836e867e87f99535ec21ace9108843,gx-no-cache=1766490810597 HTTP/1.1" 200 48
200.126.116.145 - - [23/Dec/2025:08:53:16 -0300] "POST /cormun/servlet/permisogoce?a17013b058f25a5017b9862e55d9d4be,INS,0,,,,gx-no-cache=1766490811960 HTTP/1.1" 200 93
200.126.116.145 - - [23/Dec/2025:08:53:16 -0300] "GET /cormun/servlet/hpexe_return? HTTP/1.1" 200 1008
200.126.116.145 - - [23/Dec/2025:08:53:16 -0300] "GET /cormun/servlet/trpermisosgoce HTTP/1.1" 200 18997
190.95.67.93 - - [23/Dec/2025:08:53:17 -0300] "POST /cormun/servlet/permisogoce?39686a532468fbe08e58b1373c4b0a94,INS,0,,,,gx-no-cache=1766490811523 HTTP/1.1" 200 93
190.95.67.93 - - [23/Dec/2025:08:53:17 -0300] "GET /cormun/servlet/hpexe_return? HTTP/1.1" 200 1030
190.95.67.93 - - [23/Dec/2025:08:53:17 -0300] "GET /cormun/servlet/trpermisosgoce?gx-no-cache=1766490466116 HTTP/1.1" 200 9480
200.126.116.145 - - [23/Dec/2025:08:53:19 -0300] "GET /cormun/servlet/apermisogoceprn?16571284,P,20251223085356,PU HTTP/1.1" 200 1656
190.95.67.93 - - [23/Dec/2025:08:53:21 -0300] "GET /cormun/servlet/apermisogoceprn?13301971,P,20251223085344,PU HTTP/1.1" 200 1658
201.186.225.191 - - [23/Dec/2025:08:55:23 -0300] "POST /cormun/servlet/trpermisosgoce?7a85264b98666a50f51ed2da1aa1ff52,,gx-no-cache=1766490938924 HTTP/1.1" 200 6148
190.95.67.93 - - [23/Dec/2025:08:55:34 -0300] "POST /cormun/servlet/trpermisosgoce?39686a532468fbe08e58b1373c4b0a94,gx-no-cache=1766490466116,gx-no-cache=1766490949171 HTTP/1.1" 200 6273
190.95.67.93 - - [23/Dec/2025:08:56:25 -0300] "GET /cormun/servlet/apermisogoceprn?15805592,P,20251124082717,PU HTTP/1.1" 200 1659
201.186.225.191 - - [23/Dec/2025:08:56:41 -0300] "POST /cormun/servlet/trpermisosgoce?7a85264b98666a50f51ed2da1aa1ff52,,gx-no-cache=1766491016257 HTTP/1.1" 200 5591
190.95.1.187 - - [23/Dec/2025:08:57:14 -0300] "POST /cormun/servlet/trlicencias?6e0c99d07e7974f48e3b3d5e7d846c6a,,gx-no-cache=1766491049151 HTTP/1.1" 200 8857
190.95.67.93 - - [23/Dec/2025:08:57:54 -0300] "POST /cormun/servlet/trpermisosgoce?39686a532468fbe08e58b1373c4b0a94,gx-no-cache=1766490466116,gx-no-cache=1766491088907 HTTP/1.1" 200 5928
201.186.225.191 - - [23/Dec/2025:08:58:00 -0300] "POST /cormun/servlet/trpermisosgoce?7a85264b98666a50f51ed2da1aa1ff52,,gx-no-cache=1766491095903 HTTP/1.1" 200 5589
190.95.67.93 - - [23/Dec/2025:08:58:06 -0300] "GET /cormun/servlet/permisogoce?INS,0,,, HTTP/1.1" 200 7250
190.95.67.93 - - [23/Dec/2025:08:58:19 -0300] "GET /cormun/servlet/permisogoce?95c80231d0a9bd7849af82c8fd96d700ea379c474bbb27dc2f0a9e61417b35375fccc09c80b022af7d45b3444303515b410b0cd71ee27f61cc9180082edd9c57,gx-no-cache=1766491113838 HTTP/1.1" 200 82
190.95.67.93 - - [23/Dec/2025:08:58:37 -0300] "GET /cormun/servlet/permisogoce?95c80231d0a9bd7849af82c8fd96d70096040bc80e56653a205687a4fb887279b4e560c966af07498becef6142a1bc154e3e683d4d7eb4d9c001c80ce752ef28,gx-no-cache=1766491132569 HTTP/1.1" 200 47
190.95.67.93 - - [23/Dec/2025:08:58:41 -0300] "POST /cormun/servlet/permisogoce?39686a532468fbe08e58b1373c4b0a94,INS,0,,,,gx-no-cache=1766491136187 HTTP/1.1" 200 93
190.95.67.93 - - [23/Dec/2025:08:58:41 -0300] "GET /cormun/servlet/hpexe_return? HTTP/1.1" 200 1030
190.95.67.93 - - [23/Dec/2025:08:58:41 -0300] "GET /cormun/servlet/trpermisosgoce?gx-no-cache=1766490466116 HTTP/1.1" 200 8970
190.95.67.93 - - [23/Dec/2025:08:58:55 -0300] "GET /cormun/servlet/permisogoce?UPD,10108738,P,20251223085907, HTTP/1.1" 200 7319
190.95.67.93 - - [23/Dec/2025:08:58:55 -0300] "GET /cormun/servlet/permisogoce?95c80231d0a9bd7849af82c8fd96d700ea379c474bbb27dc2f0a9e61417b35375c700903905587657acfbd42daad6b1f12e198975d2aba505eff9ada2b2fa28e,gx-no-cache=1766491150745 HTTP/1.1" 200 81
190.95.67.93 - - [23/Dec/2025:08:59:02 -0300] "GET /cormun/servlet/permisogoce?95c80231d0a9bd7849af82c8fd96d70096040bc80e56653a205687a4fb8872791a0461e56d32f22cf3e5d964e6b54869f854345b512be112010f302b91408fb7,gx-no-cache=1766491157265 HTTP/1.1" 200 45
190.95.67.93 - - [23/Dec/2025:08:59:05 -0300] "POST /cormun/servlet/permisogoce?39686a532468fbe08e58b1373c4b0a94,UPD,10108738,P,20251223085907,,gx-no-cache=1766491159499 HTTP/1.1" 200 93
190.95.67.93 - - [23/Dec/2025:08:59:05 -0300] "GET /cormun/servlet/hpexe_return? HTTP/1.1" 200 1049
190.95.67.93 - - [23/Dec/2025:08:59:05 -0300] "GET /cormun/servlet/trpermisosgoce?gx-no-cache=1766490466116 HTTP/1.1" 200 8970
190.95.67.93 - - [23/Dec/2025:08:59:10 -0300] "GET /cormun/servlet/apermisogoceprn?10108738,P,20251223085907,PU HTTP/1.1" 200 1657
190.95.67.93 - - [23/Dec/2025:08:59:38 -0300] "POST /cormun/servlet/trpermisosgoce?39686a532468fbe08e58b1373c4b0a94,gx-no-cache=1766490466116,gx-no-cache=1766491193123 HTTP/1.1" 200 5317
190.95.67.93 - - [23/Dec/2025:08:59:49 -0300] "GET /cormun/servlet/permisogoce?INS,0,,, HTTP/1.1" 200 7249
190.95.67.93 - - [23/Dec/2025:08:59:58 -0300] "GET /cormun/servlet/permisogoce?95c80231d0a9bd7849af82c8fd96d70001241f949bd8d6de11392a65fa10490b5fccc09c80b022af7d45b3444303515b410b0cd71ee27f61cc9180082edd9c57,gx-no-cache=1766491213201 HTTP/1.1" 200 76
190.95.67.93 - - [23/Dec/2025:09:00:14 -0300] "GET /cormun/servlet/permisogoce?95c80231d0a9bd7849af82c8fd96d700c6cc37893172b60d4c1b1565facfa9f91c24bc67dd3b0f7a3be016d88bbf15974e3e683d4d7eb4d9c001c80ce752ef28,gx-no-cache=1766491229113 HTTP/1.1" 200 45
190.95.67.93 - - [23/Dec/2025:09:00:17 -0300] "POST /cormun/servlet/permisogoce?39686a532468fbe08e58b1373c4b0a94,INS,0,,,,gx-no-cache=1766491232132 HTTP/1.1" 200 93
190.95.67.93 - - [23/Dec/2025:09:00:17 -0300] "GET /cormun/servlet/hpexe_return? HTTP/1.1" 200 1030
190.95.67.93 - - [23/Dec/2025:09:00:18 -0300] "GET /cormun/servlet/trpermisosgoce?gx-no-cache=1766490466116 HTTP/1.1" 200 8419
190.95.67.93 - - [23/Dec/2025:09:00:24 -0300] "GET /cormun/servlet/apermisogoceprn?10742579,P,20251223090051,PU HTTP/1.1" 200 1653
201.186.225.191 - - [23/Dec/2025:09:00:31 -0300] "POST /cormun/servlet/trpermisosgoce?7a85264b98666a50f51ed2da1aa1ff52,,gx-no-cache=1766491246029 HTTP/1.1" 200 15412
201.186.225.191 - - [23/Dec/2025:09:00:31 -0300] "GET /cormun/static/Resources/PXToolsGridNext.gif HTTP/1.1" 200 369
201.186.225.191 - - [23/Dec/2025:09:00:31 -0300] "GET /cormun/static/Resources/PXToolsGridLast.gif HTTP/1.1" 200 370
201.186.225.191 - - [23/Dec/2025:09:00:33 -0300] "GET /cormun/servlet/hlogin HTTP/1.1" 200 1740
190.95.67.93 - - [23/Dec/2025:09:00:38 -0300] "GET /cormun/servlet/permisogoce?INS,0,,, HTTP/1.1" 200 7249
190.95.67.93 - - [23/Dec/2025:09:00:45 -0300] "GET /cormun/servlet/permisogoce?95c80231d0a9bd7849af82c8fd96d70001241f949bd8d6de11392a65fa10490b5fccc09c80b022af7d45b3444303515b410b0cd71ee27f61cc9180082edd9c57,gx-no-cache=1766491260507 HTTP/1.1" 200 75
190.95.67.93 - - [23/Dec/2025:09:01:02 -0300] "GET /cormun/servlet/permisogoce?95c80231d0a9bd7849af82c8fd96d700c6cc37893172b60d4c1b1565facfa9f9b3ea55b0810d23424db64a59cf3b0c244e3e683d4d7eb4d9c001c80ce752ef28,gx-no-cache=1766491277529 HTTP/1.1" 200 47
190.95.67.93 - - [23/Dec/2025:09:01:06 -0300] "POST /cormun/servlet/permisogoce?39686a532468fbe08e58b1373c4b0a94,INS,0,,,,gx-no-cache=1766491281091 HTTP/1.1" 200 93
190.95.67.93 - - [23/Dec/2025:09:01:06 -0300] "GET /cormun/servlet/hpexe_return? HTTP/1.1" 200 1030
190.95.67.93 - - [23/Dec/2025:09:01:06 -0300] "GET /cormun/servlet/trpermisosgoce?gx-no-cache=1766490466116 HTTP/1.1" 200 8587
190.95.67.93 - - [23/Dec/2025:09:01:10 -0300] "GET /cormun/servlet/apermisogoceprn?10742579,P,20251223090140,PU HTTP/1.1" 200 1647
190.95.67.93 - - [23/Dec/2025:09:01:35 -0300] "POST /cormun/servlet/trpermisosgoce?39686a532468fbe08e58b1373c4b0a94,gx-no-cache=1766490466116,gx-no-cache=1766491310515 HTTP/1.1" 200 6350
190.95.67.93 - - [23/Dec/2025:09:02:30 -0300] "POST /cormun/servlet/trpermisosgoce?39686a532468fbe08e58b1373c4b0a94,gx-no-cache=1766490466116,gx-no-cache=1766491365146 HTTP/1.1" 200 6285
190.95.1.187 - - [23/Dec/2025:09:06:32 -0300] "POST /cormun/servlet/trlicencias?6e0c99d07e7974f48e3b3d5e7d846c6a,,gx-no-cache=1766491607303 HTTP/1.1" 200 8870
185.137.122.74 - - [23/Dec/2025:09:07:12 -0300] "GET /0155.cfg HTTP/1.1" 404 977
190.95.67.93 - - [23/Dec/2025:09:08:17 -0300] "POST /cormun/servlet/trpermisosgoce?39686a532468fbe08e58b1373c4b0a94,gx-no-cache=1766490466116,gx-no-cache=1766491712106 HTTP/1.1" 200 5308
190.95.67.93 - - [23/Dec/2025:09:08:24 -0300] "GET /cormun/servlet/permisogoce?INS,0,,, HTTP/1.1" 200 7249
190.95.67.93 - - [23/Dec/2025:09:08:31 -0300] "GET /cormun/servlet/permisogoce?95c80231d0a9bd7849af82c8fd96d700d0a8fd607837d4c718929ab10a7245565fccc09c80b022af7d45b3444303515b410b0cd71ee27f61cc9180082edd9c57,gx-no-cache=1766491726428 HTTP/1.1" 200 69
190.95.67.93 - - [23/Dec/2025:09:08:44 -0300] "GET /cormun/servlet/permisogoce?95c80231d0a9bd7849af82c8fd96d700330f82c82fb44845bc3f255fce811bff4f717d92bc342a3d0817204be507e3874e3e683d4d7eb4d9c001c80ce752ef28,gx-no-cache=1766491739393 HTTP/1.1" 200 48
190.95.67.93 - - [23/Dec/2025:09:08:52 -0300] "POST /cormun/servlet/permisogoce?39686a532468fbe08e58b1373c4b0a94,INS,0,,,,gx-no-cache=1766491747107 HTTP/1.1" 200 93
190.95.67.93 - - [23/Dec/2025:09:08:52 -0300] "GET /cormun/servlet/hpexe_return? HTTP/1.1" 200 1030
190.95.67.93 - - [23/Dec/2025:09:08:52 -0300] "GET /cormun/servlet/trpermisosgoce?gx-no-cache=1766490466116 HTTP/1.1" 200 8398
190.95.67.93 - - [23/Dec/2025:09:08:56 -0300] "GET /cormun/servlet/apermisogoceprn?21273199,P,20251223090926,PU HTTP/1.1" 200 1648
190.95.67.93 - - [23/Dec/2025:09:11:06 -0300] "POST /cormun/servlet/trpermisosgoce?39686a532468fbe08e58b1373c4b0a94,gx-no-cache=1766490466116,gx-no-cache=1766491880908 HTTP/1.1" 200 6160
190.95.67.93 - - [23/Dec/2025:09:11:11 -0300] "GET /cormun/servlet/permisogoce?INS,0,,, HTTP/1.1" 200 7249
190.95.67.93 - - [23/Dec/2025:09:11:16 -0300] "GET /cormun/servlet/trpermisosgoce?gx-no-cache=1766490466116 HTTP/1.1" 200 8980
190.95.67.93 - - [23/Dec/2025:09:11:25 -0300] "GET /cormun/servlet/permisogoce?INS,0,,, HTTP/1.1" 200 7250
190.95.67.93 - - [23/Dec/2025:09:11:33 -0300] "GET /cormun/servlet/permisogoce?95c80231d0a9bd7849af82c8fd96d700e7181160d61cbf53099d53094e849f6a5fccc09c80b022af7d45b3444303515b410b0cd71ee27f61cc9180082edd9c57,gx-no-cache=1766491908038 HTTP/1.1" 200 78
190.95.67.93 - - [23/Dec/2025:09:11:47 -0300] "GET /cormun/servlet/permisogoce?95c80231d0a9bd7849af82c8fd96d7003b24790a6d31595db85ab067eee057537ad40124fbfe2b8f13c5025dd74f44ae4e3e683d4d7eb4d9c001c80ce752ef28,gx-no-cache=1766491922196 HTTP/1.1" 200 45
190.95.67.93 - - [23/Dec/2025:09:11:49 -0300] "POST /cormun/servlet/permisogoce?39686a532468fbe08e58b1373c4b0a94,INS,0,,,,gx-no-cache=1766491924338 HTTP/1.1" 200 93
190.95.67.93 - - [23/Dec/2025:09:11:50 -0300] "GET /cormun/servlet/hpexe_return? HTTP/1.1" 200 1030
190.95.67.93 - - [23/Dec/2025:09:11:50 -0300] "GET /cormun/servlet/trpermisosgoce?gx-no-cache=1766490466116 HTTP/1.1" 200 9153
190.95.67.93 - - [23/Dec/2025:09:11:58 -0300] "GET /cormun/servlet/apermisogoceprn?17811729,P,20251223091227,PU HTTP/1.1" 200 1656
190.95.67.93 - - [23/Dec/2025:09:12:32 -0300] "POST /cormun/servlet/trpermisosgoce?39686a532468fbe08e58b1373c4b0a94,gx-no-cache=1766490466116,gx-no-cache=1766491966755 HTTP/1.1" 200 6299
190.95.67.93 - - [23/Dec/2025:09:14:48 -0300] "POST /cormun/servlet/trpermisosgoce?39686a532468fbe08e58b1373c4b0a94,gx-no-cache=1766490466116,gx-no-cache=1766492103186 HTTP/1.1" 200 6134
190.95.67.93 - - [23/Dec/2025:09:15:13 -0300] "GET /cormun/servlet/permisogoce?INS,0,,, HTTP/1.1" 200 7250
190.95.67.93 - - [23/Dec/2025:09:15:22 -0300] "GET /cormun/servlet/permisogoce?95c80231d0a9bd7849af82c8fd96d700ee71aa21d52ca56c7cfc71d066319ee55fccc09c80b022af7d45b3444303515b410b0cd71ee27f61cc9180082edd9c57,gx-no-cache=1766492136750 HTTP/1.1" 200 80
190.95.67.93 - - [23/Dec/2025:09:15:34 -0300] "GET /cormun/servlet/permisogoce?95c80231d0a9bd7849af82c8fd96d700c3f2dbbe99f48f87232d3fd27b8b1de6d9b5872bee12621e3d54833097c8211c4e3e683d4d7eb4d9c001c80ce752ef28,gx-no-cache=1766492148817 HTTP/1.1" 200 45
190.95.67.93 - - [23/Dec/2025:09:15:37 -0300] "POST /cormun/servlet/permisogoce?39686a532468fbe08e58b1373c4b0a94,INS,0,,,,gx-no-cache=1766492152306 HTTP/1.1" 200 93
190.95.67.93 - - [23/Dec/2025:09:15:37 -0300] "GET /cormun/servlet/hpexe_return? HTTP/1.1" 200 1030
190.95.67.93 - - [23/Dec/2025:09:15:38 -0300] "GET /cormun/servlet/trpermisosgoce?gx-no-cache=1766490466116 HTTP/1.1" 200 9143
190.95.67.93 - - [23/Dec/2025:09:15:54 -0300] "GET /cormun/servlet/apermisogoceprn?17139583,P,20251223091614,PU HTTP/1.1" 200 1653
190.95.67.93 - - [23/Dec/2025:09:16:27 -0300] "POST /cormun/servlet/trpermisosgoce?39686a532468fbe08e58b1373c4b0a94,gx-no-cache=1766490466116,gx-no-cache=1766492202387 HTTP/1.1" 200 6432
200.126.116.145 - - [23/Dec/2025:09:16:41 -0300] "GET /cormun/servlet/permisogoce?INS,0,,, HTTP/1.1" 200 7219
200.126.116.145 - - [23/Dec/2025:09:16:48 -0300] "GET /cormun/servlet/permisogoce?e212d20a3d4ca6e2816902b8cb4cbec24807c65b30e6926728f90470138bb9522775b53ad63591ec04870b82896a539894cc4f3816b88b8e0e14e28b9a43c8d9,gx-no-cache=1766492224166 HTTP/1.1" 200 82
200.126.116.145 - - [23/Dec/2025:09:16:54 -0300] "GET /cormun/servlet/permisogoce?e212d20a3d4ca6e2816902b8cb4cbec226cc9bbbc2b87ca02cd7e29ea100560a79a7c50fb3fc9e298d0e1a8dae3b947df7836e867e87f99535ec21ace9108843,gx-no-cache=1766492230849 HTTP/1.1" 200 47
200.126.116.145 - - [23/Dec/2025:09:16:56 -0300] "POST /cormun/servlet/permisogoce?a17013b058f25a5017b9862e55d9d4be,INS,0,,,,gx-no-cache=1766492232492 HTTP/1.1" 200 93
200.126.116.145 - - [23/Dec/2025:09:16:56 -0300] "GET /cormun/servlet/hpexe_return? HTTP/1.1" 200 1008
200.126.116.145 - - [23/Dec/2025:09:16:57 -0300] "GET /cormun/servlet/trpermisosgoce HTTP/1.1" 200 18999
200.126.116.145 - - [23/Dec/2025:09:17:03 -0300] "GET /cormun/servlet/apermisogoceprn?20038622,P,20251223091743,PU HTTP/1.1" 200 1669
200.126.116.145 - - [23/Dec/2025:09:17:09 -0300] "GET /cormun/servlet/permisogoce?INS,0,,, HTTP/1.1" 200 7220
200.126.116.145 - - [23/Dec/2025:09:17:18 -0300] "GET /cormun/servlet/permisogoce?e212d20a3d4ca6e2816902b8cb4cbec29f4b2e9a24a610ecde31c5d099dcc1942775b53ad63591ec04870b82896a539894cc4f3816b88b8e0e14e28b9a43c8d9,gx-no-cache=1766492254172 HTTP/1.1" 200 77
200.126.116.145 - - [23/Dec/2025:09:17:24 -0300] "GET /cormun/servlet/permisogoce?e212d20a3d4ca6e2816902b8cb4cbec2bca99bf6f1e3f60a62cb24b47c23965c984c492c9192817b777d8688109aa26ef7836e867e87f99535ec21ace9108843,gx-no-cache=1766492260208 HTTP/1.1" 200 47
200.126.116.145 - - [23/Dec/2025:09:17:26 -0300] "POST /cormun/servlet/permisogoce?a17013b058f25a5017b9862e55d9d4be,INS,0,,,,gx-no-cache=1766492261555 HTTP/1.1" 200 93
200.126.116.145 - - [23/Dec/2025:09:17:26 -0300] "GET /cormun/servlet/hpexe_return? HTTP/1.1" 200 1008
200.126.116.145 - - [23/Dec/2025:09:17:26 -0300] "GET /cormun/servlet/trpermisosgoce HTTP/1.1" 200 19030
200.126.116.145 - - [23/Dec/2025:09:17:30 -0300] "GET /cormun/servlet/apermisogoceprn?19743443,P,20251223091810,PU HTTP/1.1" 200 1666
190.95.2.163 - - [23/Dec/2025:09:19:07 -0300] "GET /cormun/servlet/hlogin HTTP/1.1" 200 1721
190.95.2.163 - - [23/Dec/2025:09:19:14 -0300] "POST /cormun/servlet/hlogin?9ebc803fb493f951f0afff059be48818,gx-no-cache=1766492369985 HTTP/1.1" 200 90
190.95.2.163 - - [23/Dec/2025:09:19:14 -0300] "GET /cormun/servlet/hpexe_link HTTP/1.1" 200 958
190.95.2.163 - - [23/Dec/2025:09:19:15 -0300] "GET /cormun/servlet/trpermisosgoce HTTP/1.1" 200 17959
190.95.2.163 - - [23/Dec/2025:09:19:23 -0300] "GET /cormun/servlet/trlicencias? HTTP/1.1" 200 9644
190.95.2.163 - - [23/Dec/2025:09:19:49 -0300] "GET /cormun/servlet/trpermisosgoce? HTTP/1.1" 200 18008
190.95.2.163 - - [23/Dec/2025:09:20:11 -0300] "GET /cormun/servlet/trpermisosadjuntos?18044222,20251222090007,P, HTTP/1.1" 200 6315
190.95.2.163 - - [23/Dec/2025:09:20:15 -0300] "GET /cormun/servlet/permisosadjuntos?INS,18044222,P,20251222090007,, HTTP/1.1" 200 5632
190.95.2.163 - - [23/Dec/2025:09:20:15 -0300] "GET /cormun/static/about:blank HTTP/1.1" 404 1011
190.95.2.163 - - [23/Dec/2025:09:20:33 -0300] "POST /cormun/servlet/permisosadjuntos?9ebc803fb493f951f0afff059be48818,INS,18044222,P,20251222090007,, HTTP/1.1" 200 116
190.95.2.163 - - [23/Dec/2025:09:20:33 -0300] "GET /cormun/servlet/hpexe_return? HTTP/1.1" 200 1039
190.95.2.163 - - [23/Dec/2025:09:20:34 -0300] "GET /cormun/servlet/trpermisosadjuntos?18044222,20251222090007,P, HTTP/1.1" 200 6771
190.95.2.163 - - [23/Dec/2025:09:20:38 -0300] "GET /cormun/servlet/trpermisosgoce? HTTP/1.1" 200 17971
190.95.1.187 - - [23/Dec/2025:09:20:43 -0300] "GET /cormun/servlet/hhome HTTP/1.1" 200 3349
190.95.1.187 - - [23/Dec/2025:09:20:43 -0300] "GET /cormun/servlet/hlogin HTTP/1.1" 200 1734
190.95.2.163 - - [23/Dec/2025:09:20:50 -0300] "POST /cormun/servlet/trpermisosgoce?9ebc803fb493f951f0afff059be48818,,gx-no-cache=1766492465171 HTTP/1.1" 200 15308
190.95.2.163 - - [23/Dec/2025:09:20:50 -0300] "GET /cormun/static/Shared/jqueryui/images/ui-bg_highlight-soft_100_c6c2c8_1x100.png HTTP/1.1" 404 1117
190.95.2.163 - - [23/Dec/2025:09:20:50 -0300] "GET /cormun/static/Shared/jqueryui/images/ui-icons_82798d_256x240.png HTTP/1.1" 404 1089
190.95.2.163 - - [23/Dec/2025:09:20:50 -0300] "GET /cormun/static/Shared/jqueryui/images/ui-bg_flat_55_fafafa_40x100.png HTTP/1.1" 404 1097
190.95.2.163 - - [23/Dec/2025:09:20:50 -0300] "GET /cormun/static/Shared/jqueryui/images/ui-icons_8d78a5_256x240.png HTTP/1.1" 404 1089
190.95.2.163 - - [23/Dec/2025:09:21:12 -0300] "GET /cormun/servlet/trpermisosadjuntos?17794177,20251218092446,P, HTTP/1.1" 200 6314
190.95.2.163 - - [23/Dec/2025:09:21:15 -0300] "GET /cormun/servlet/permisosadjuntos?INS,17794177,P,20251218092446,, HTTP/1.1" 200 5633
190.95.2.163 - - [23/Dec/2025:09:21:15 -0300] "GET /cormun/static/about:blank HTTP/1.1" 404 1011
190.95.67.93 - - [23/Dec/2025:09:21:30 -0300] "POST /cormun/servlet/trpermisosgoce?39686a532468fbe08e58b1373c4b0a94,gx-no-cache=1766490466116,gx-no-cache=1766492505194 HTTP/1.1" 200 5975
190.95.2.163 - - [23/Dec/2025:09:21:56 -0300] "POST /cormun/servlet/permisosadjuntos?9ebc803fb493f951f0afff059be48818,INS,17794177,P,20251218092446,,,gx-no-cache=1766492531278 HTTP/1.1" 200 93
190.95.2.163 - - [23/Dec/2025:09:21:56 -0300] "GET /cormun/servlet/hpexe_return? HTTP/1.1" 200 1039
190.95.2.163 - - [23/Dec/2025:09:21:56 -0300] "GET /cormun/servlet/trpermisosadjuntos?17794177,20251218092446,P, HTTP/1.1" 200 6318
190.95.2.163 - - [23/Dec/2025:09:23:18 -0300] "GET /cormun/servlet/trpermisosgoce? HTTP/1.1" 200 18029
190.95.2.163 - - [23/Dec/2025:09:23:28 -0300] "GET /cormun/servlet/trpermisosadjuntos?17794177,20251218083402,P, HTTP/1.1" 200 6314
190.95.2.163 - - [23/Dec/2025:09:23:33 -0300] "GET /cormun/servlet/permisosadjuntos?INS,17794177,P,20251218083402,, HTTP/1.1" 200 5635
190.95.2.163 - - [23/Dec/2025:09:23:33 -0300] "GET /cormun/static/about:blank HTTP/1.1" 404 1011
190.95.67.93 - - [23/Dec/2025:09:23:46 -0300] "POST /cormun/servlet/trpermisosgoce?39686a532468fbe08e58b1373c4b0a94,gx-no-cache=1766490466116,gx-no-cache=1766492641521 HTTP/1.1" 200 5325
190.95.2.163 - - [23/Dec/2025:09:23:50 -0300] "POST /cormun/servlet/permisosadjuntos?9ebc803fb493f951f0afff059be48818,INS,17794177,P,20251218083402,, HTTP/1.1" 200 116
190.95.2.163 - - [23/Dec/2025:09:23:50 -0300] "GET /cormun/servlet/hpexe_return? HTTP/1.1" 200 1039
190.95.2.163 - - [23/Dec/2025:09:23:50 -0300] "GET /cormun/servlet/trpermisosadjuntos?17794177,20251218083402,P, HTTP/1.1" 200 6771
190.95.2.163 - - [23/Dec/2025:09:23:54 -0300] "GET /cormun/servlet/trlicencias? HTTP/1.1" 200 9656
190.95.67.93 - - [23/Dec/2025:09:23:55 -0300] "GET /cormun/servlet/permisogoce?INS,0,,, HTTP/1.1" 200 7250
190.95.2.163 - - [23/Dec/2025:09:24:03 -0300] "GET /cormun/servlet/trpermisosgoce? HTTP/1.1" 200 18014
190.95.67.93 - - [23/Dec/2025:09:24:08 -0300] "GET /cormun/servlet/permisogoce?95c80231d0a9bd7849af82c8fd96d700ae81a85978b6bcc01090cdbda462d3015fccc09c80b022af7d45b3444303515b410b0cd71ee27f61cc9180082edd9c57,gx-no-cache=1766492663677 HTTP/1.1" 200 82
190.95.67.93 - - [23/Dec/2025:09:24:24 -0300] "GET /cormun/servlet/permisogoce?95c80231d0a9bd7849af82c8fd96d700ae4b213cf866a38ff10e8082d555ed23cd87e5d3ebd8017053ea05e15986c6164e3e683d4d7eb4d9c001c80ce752ef28,gx-no-cache=1766492679657 HTTP/1.1" 200 48
190.95.2.163 - - [23/Dec/2025:09:24:25 -0300] "POST /cormun/servlet/trpermisosgoce?9ebc803fb493f951f0afff059be48818,,gx-no-cache=1766492680068 HTTP/1.1" 200 15317
190.95.67.93 - - [23/Dec/2025:09:24:28 -0300] "POST /cormun/servlet/permisogoce?39686a532468fbe08e58b1373c4b0a94,INS,0,,,,gx-no-cache=1766492682635 HTTP/1.1" 200 93
190.95.67.93 - - [23/Dec/2025:09:24:28 -0300] "GET /cormun/servlet/hpexe_return? HTTP/1.1" 200 1030
190.95.67.93 - - [23/Dec/2025:09:24:28 -0300] "GET /cormun/servlet/trpermisosgoce?gx-no-cache=1766490466116 HTTP/1.1" 200 8423
190.95.67.93 - - [23/Dec/2025:09:24:31 -0300] "GET /cormun/servlet/apermisogoceprn?20442206,P,20251223092457,PU HTTP/1.1" 200 1661
190.95.2.163 - - [23/Dec/2025:09:24:36 -0300] "GET /cormun/servlet/trpermisosadjuntos?8991268,20251218092615,P, HTTP/1.1" 200 6328
190.95.2.163 - - [23/Dec/2025:09:24:39 -0300] "GET /cormun/servlet/permisosadjuntos?INS,8991268,P,20251218092615,, HTTP/1.1" 200 5647
190.95.2.163 - - [23/Dec/2025:09:24:40 -0300] "GET /cormun/static/about:blank HTTP/1.1" 404 1011
190.95.2.163 - - [23/Dec/2025:09:24:57 -0300] "POST /cormun/servlet/permisosadjuntos?9ebc803fb493f951f0afff059be48818,INS,8991268,P,20251218092615,, HTTP/1.1" 200 116
190.95.2.163 - - [23/Dec/2025:09:24:57 -0300] "GET /cormun/servlet/hpexe_return? HTTP/1.1" 200 1038
190.95.2.163 - - [23/Dec/2025:09:24:57 -0300] "GET /cormun/servlet/trpermisosadjuntos?8991268,20251218092615,P, HTTP/1.1" 200 6784
190.95.2.163 - - [23/Dec/2025:09:25:01 -0300] "GET /cormun/servlet/trpermisosgoce? HTTP/1.1" 200 18033
190.95.2.163 - - [23/Dec/2025:09:25:13 -0300] "POST /cormun/servlet/trpermisosgoce?9ebc803fb493f951f0afff059be48818,,gx-no-cache=1766492728762 HTTP/1.1" 200 15340
190.95.2.163 - - [23/Dec/2025:09:25:25 -0300] "GET /cormun/servlet/trpermisosadjuntos?8991268,20251218092655,P, HTTP/1.1" 200 6328
190.95.2.163 - - [23/Dec/2025:09:25:28 -0300] "GET /cormun/servlet/permisosadjuntos?INS,8991268,P,20251218092655,, HTTP/1.1" 200 5644
190.95.2.163 - - [23/Dec/2025:09:25:28 -0300] "GET /cormun/static/about:blank HTTP/1.1" 404 1011
190.95.2.163 - - [23/Dec/2025:09:25:46 -0300] "POST /cormun/servlet/permisosadjuntos?9ebc803fb493f951f0afff059be48818,INS,8991268,P,20251218092655,, HTTP/1.1" 200 116
190.95.2.163 - - [23/Dec/2025:09:25:46 -0300] "GET /cormun/servlet/hpexe_return? HTTP/1.1" 200 1038
190.95.2.163 - - [23/Dec/2025:09:25:46 -0300] "GET /cormun/servlet/trpermisosadjuntos?8991268,20251218092655,P, HTTP/1.1" 200 6784
190.95.2.163 - - [23/Dec/2025:09:25:49 -0300] "GET /cormun/servlet/trpermisosgoce? HTTP/1.1" 200 17989
190.95.2.163 - - [23/Dec/2025:09:26:00 -0300] "POST /cormun/servlet/trpermisosgoce?9ebc803fb493f951f0afff059be48818,,gx-no-cache=1766492775888 HTTP/1.1" 200 15329
190.95.2.163 - - [23/Dec/2025:09:26:21 -0300] "GET /cormun/servlet/trpermisosadjuntos?16255094,20251218092910,P, HTTP/1.1" 200 6317
190.95.2.163 - - [23/Dec/2025:09:26:25 -0300] "GET /cormun/servlet/permisosadjuntos?INS,16255094,P,20251218092910,, HTTP/1.1" 200 5637
190.95.2.163 - - [23/Dec/2025:09:26:25 -0300] "GET /cormun/static/about:blank HTTP/1.1" 404 1011
190.95.2.163 - - [23/Dec/2025:09:26:42 -0300] "POST /cormun/servlet/permisosadjuntos?9ebc803fb493f951f0afff059be48818,INS,16255094,P,20251218092910,, HTTP/1.1" 200 116
190.95.2.163 - - [23/Dec/2025:09:26:42 -0300] "GET /cormun/servlet/hpexe_return? HTTP/1.1" 200 1040
190.95.2.163 - - [23/Dec/2025:09:26:42 -0300] "GET /cormun/servlet/trpermisosadjuntos?16255094,20251218092910,P, HTTP/1.1" 200 6770
190.95.2.163 - - [23/Dec/2025:09:26:45 -0300] "GET /cormun/servlet/trpermisosgoce? HTTP/1.1" 200 18041
190.95.2.163 - - [23/Dec/2025:09:26:57 -0300] "POST /cormun/servlet/trpermisosgoce?9ebc803fb493f951f0afff059be48818,,gx-no-cache=1766492832774 HTTP/1.1" 200 15385
190.95.2.163 - - [23/Dec/2025:09:27:12 -0300] "GET /cormun/servlet/trpermisosadjuntos?16255094,20251218093148,P, HTTP/1.1" 200 6317
190.95.2.163 - - [23/Dec/2025:09:27:15 -0300] "GET /cormun/servlet/permisosadjuntos?INS,16255094,P,20251218093148,, HTTP/1.1" 200 5637
190.95.67.93 - - [23/Dec/2025:09:27:15 -0300] "POST /cormun/servlet/trpermisosgoce?39686a532468fbe08e58b1373c4b0a94,gx-no-cache=1766490466116,gx-no-cache=1766492850195 HTTP/1.1" 200 6301
190.95.2.163 - - [23/Dec/2025:09:27:15 -0300] "GET /cormun/static/about:blank HTTP/1.1" 404 1011
190.95.15.15 - - [23/Dec/2025:09:27:17 -0300] "GET /cormun/servlet/permisogoce?INS,0,,, HTTP/1.1" 200 6027
190.95.15.15 - - [23/Dec/2025:09:27:18 -0300] "GET /cormun/servlet/hlogin HTTP/1.1" 200 1739
185.137.122.74 - - [23/Dec/2025:09:27:21 -0300] "GET /0156.cfg HTTP/1.1" 404 977
190.95.15.15 - - [23/Dec/2025:09:27:28 -0300] "POST /cormun/servlet/hlogin?1a8527f6930e7b58d98c1d6b53f8c875,gx-no-cache=1766492863139 HTTP/1.1" 200 90
190.95.15.15 - - [23/Dec/2025:09:27:28 -0300] "GET /cormun/servlet/hpexe_link HTTP/1.1" 200 960
190.95.15.15 - - [23/Dec/2025:09:27:28 -0300] "GET /cormun/servlet/permisogoce?INS,0,,, HTTP/1.1" 200 6683
190.95.2.163 - - [23/Dec/2025:09:27:35 -0300] "POST /cormun/servlet/permisosadjuntos?9ebc803fb493f951f0afff059be48818,INS,16255094,P,20251218093148,, HTTP/1.1" 200 116
190.95.2.163 - - [23/Dec/2025:09:27:35 -0300] "GET /cormun/servlet/hpexe_return? HTTP/1.1" 200 1040
190.95.2.163 - - [23/Dec/2025:09:27:35 -0300] "GET /cormun/servlet/trpermisosadjuntos?16255094,20251218093148,P, HTTP/1.1" 200 6775
190.95.67.93 - - [23/Dec/2025:09:27:36 -0300] "GET /cormun/servlet/permisogoce?INS,0,,, HTTP/1.1" 200 7250
190.95.15.15 - - [23/Dec/2025:09:27:37 -0300] "GET /cormun/servlet/permisogoce?d2cad35e9b7a2b376a4425c0694a3b308005a8062356e62eca86da38b0796516e33612369c25f76dcb4edde9ad2dffc2a85e5801322711c110baebb294290877,gx-no-cache=1766492871838 HTTP/1.1" 200 79
190.95.15.15 - - [23/Dec/2025:09:27:37 -0300] "GET /cormun/static/menuarrow.gif HTTP/1.1" 404 1015
190.95.2.163 - - [23/Dec/2025:09:27:38 -0300] "GET /cormun/servlet/trpermisosgoce? HTTP/1.1" 200 18029
190.95.15.15 - - [23/Dec/2025:09:27:42 -0300] "GET /cormun/servlet/permisogoce?d2cad35e9b7a2b376a4425c0694a3b30d19d125a8af35eef606aa96e82b5b5db0bf7367d757c120157c2773e423ce18c5cb0a22db0165fbe0a20e01febf0e66e,gx-no-cache=1766492876947 HTTP/1.1" 200 47
190.95.15.15 - - [23/Dec/2025:09:27:44 -0300] "POST /cormun/servlet/permisogoce?1a8527f6930e7b58d98c1d6b53f8c875,INS,0,,,,gx-no-cache=1766492878573 HTTP/1.1" 200 93
190.95.15.15 - - [23/Dec/2025:09:27:44 -0300] "GET /cormun/servlet/hpexe_return? HTTP/1.1" 200 1004
190.95.15.15 - - [23/Dec/2025:09:27:44 -0300] "GET /cormun/servlet/hhome HTTP/1.1" 200 3990
190.95.67.93 - - [23/Dec/2025:09:27:46 -0300] "GET /cormun/servlet/permisogoce?95c80231d0a9bd7849af82c8fd96d700971d345a5d455ed5738de19183054bdf5fccc09c80b022af7d45b3444303515b410b0cd71ee27f61cc9180082edd9c57,gx-no-cache=1766492880891 HTTP/1.1" 200 86
190.95.15.15 - - [23/Dec/2025:09:27:46 -0300] "GET /cormun/servlet/trpermisosgoce? HTTP/1.1" 200 18627
190.95.2.163 - - [23/Dec/2025:09:27:46 -0300] "POST /cormun/servlet/trpermisosgoce?9ebc803fb493f951f0afff059be48818,,gx-no-cache=1766492882012 HTTP/1.1" 200 15332
190.95.15.15 - - [23/Dec/2025:09:27:49 -0300] "GET /cormun/servlet/apermisogoceprn?16792496,P,20251223092830,PU HTTP/1.1" 200 1662
190.95.2.163 - - [23/Dec/2025:09:27:58 -0300] "GET /cormun/servlet/trpermisosadjuntos?16255094,20251218093041,P, HTTP/1.1" 200 6317
190.95.2.163 - - [23/Dec/2025:09:28:03 -0300] "GET /cormun/servlet/permisosadjuntos?INS,16255094,P,20251218093041,, HTTP/1.1" 200 5637
190.95.2.163 - - [23/Dec/2025:09:28:03 -0300] "GET /cormun/static/about:blank HTTP/1.1" 404 1011
190.95.67.93 - - [23/Dec/2025:09:28:07 -0300] "GET /cormun/servlet/permisogoce?95c80231d0a9bd7849af82c8fd96d700a4a1a5a3f71cb245080664133b6d414c037f4da8719477cd1b20f693435155704e3e683d4d7eb4d9c001c80ce752ef28,gx-no-cache=1766492901921 HTTP/1.1" 200 48
190.95.67.93 - - [23/Dec/2025:09:28:13 -0300] "POST /cormun/servlet/permisogoce?39686a532468fbe08e58b1373c4b0a94,INS,0,,,,gx-no-cache=1766492907611 HTTP/1.1" 200 93
190.95.67.93 - - [23/Dec/2025:09:28:13 -0300] "GET /cormun/servlet/hpexe_return? HTTP/1.1" 200 1030
190.95.67.93 - - [23/Dec/2025:09:28:13 -0300] "GET /cormun/servlet/trpermisosgoce?gx-no-cache=1766490466116 HTTP/1.1" 200 9316
190.95.2.163 - - [23/Dec/2025:09:28:18 -0300] "POST /cormun/servlet/permisosadjuntos?9ebc803fb493f951f0afff059be48818,INS,16255094,P,20251218093041,, HTTP/1.1" 200 116
190.95.2.163 - - [23/Dec/2025:09:28:18 -0300] "GET /cormun/servlet/hpexe_return? HTTP/1.1" 200 1040
190.95.2.163 - - [23/Dec/2025:09:28:18 -0300] "GET /cormun/servlet/trpermisosadjuntos?16255094,20251218093041,P, HTTP/1.1" 200 6774
190.95.67.93 - - [23/Dec/2025:09:28:18 -0300] "GET /cormun/servlet/apermisogoceprn?18042341,P,20251223092838,PU HTTP/1.1" 200 1662
190.95.2.163 - - [23/Dec/2025:09:28:21 -0300] "GET /cormun/servlet/trpermisosgoce? HTTP/1.1" 200 17978
190.95.2.163 - - [23/Dec/2025:09:28:33 -0300] "POST /cormun/servlet/trpermisosgoce?9ebc803fb493f951f0afff059be48818,,gx-no-cache=1766492928718 HTTP/1.1" 200 15332
190.95.2.163 - - [23/Dec/2025:09:28:40 -0300] "GET /cormun/servlet/trpermisosadjuntos?16255094,20251218093041,P, HTTP/1.1" 200 6769
190.95.67.93 - - [23/Dec/2025:09:28:44 -0300] "GET /cormun/servlet/permisogoce?INS,0,,, HTTP/1.1" 200 7250
190.95.2.163 - - [23/Dec/2025:09:28:47 -0300] "GET /cormun/servlet/permisosadjuntos?INS,16255094,P,20251218093041,, HTTP/1.1" 200 5637
190.95.2.163 - - [23/Dec/2025:09:28:47 -0300] "GET /cormun/static/about:blank HTTP/1.1" 404 1011
190.95.67.93 - - [23/Dec/2025:09:28:51 -0300] "GET /cormun/servlet/permisogoce?95c80231d0a9bd7849af82c8fd96d700971d345a5d455ed5738de19183054bdf5fccc09c80b022af7d45b3444303515b410b0cd71ee27f61cc9180082edd9c57,gx-no-cache=1766492945928 HTTP/1.1" 200 87
190.95.2.163 - - [23/Dec/2025:09:29:03 -0300] "POST /cormun/servlet/permisosadjuntos?9ebc803fb493f951f0afff059be48818,INS,16255094,P,20251218093041,, HTTP/1.1" 200 116
190.95.2.163 - - [23/Dec/2025:09:29:03 -0300] "GET /cormun/servlet/hpexe_return? HTTP/1.1" 200 1040
190.95.2.163 - - [23/Dec/2025:09:29:03 -0300] "GET /cormun/servlet/trpermisosadjuntos?16255094,20251218093041,P, HTTP/1.1" 200 6861
190.95.67.93 - - [23/Dec/2025:09:29:06 -0300] "GET /cormun/servlet/permisogoce?95c80231d0a9bd7849af82c8fd96d700a4a1a5a3f71cb245080664133b6d414ce983f6deeb9f84b81f0e951e969643bf4e3e683d4d7eb4d9c001c80ce752ef28,gx-no-cache=1766492961008 HTTP/1.1" 200 124
190.95.67.93 - - [23/Dec/2025:09:29:06 -0300] "GET /cormun/static/Shared/jqueryui/images/ui-bg_highlight-soft_100_c6c2c8_1x100.png HTTP/1.1" 404 1117
190.95.67.93 - - [23/Dec/2025:09:29:06 -0300] "GET /cormun/static/Shared/jqueryui/images/ui-icons_82798d_256x240.png HTTP/1.1" 404 1089
190.95.67.93 - - [23/Dec/2025:09:29:06 -0300] "GET /cormun/static/Shared/jqueryui/images/ui-bg_flat_55_994d53_40x100.png HTTP/1.1" 404 1097
190.95.67.93 - - [23/Dec/2025:09:29:06 -0300] "GET /cormun/static/Shared/jqueryui/images/ui-icons_ebccce_256x240.png HTTP/1.1" 404 1089
190.95.2.163 - - [23/Dec/2025:09:29:08 -0300] "GET /cormun/servlet/trpermisosgoce? HTTP/1.1" 200 17978
190.95.2.163 - - [23/Dec/2025:09:29:24 -0300] "POST /cormun/servlet/trpermisosgoce?9ebc803fb493f951f0afff059be48818,,gx-no-cache=1766492979078 HTTP/1.1" 200 15333
190.95.2.163 - - [23/Dec/2025:09:29:42 -0300] "GET /cormun/servlet/trpermisosadjuntos?7186906,20251218083520,P, HTTP/1.1" 200 6321
190.95.2.163 - - [23/Dec/2025:09:29:45 -0300] "GET /cormun/servlet/permisosadjuntos?INS,7186906,P,20251218083520,, HTTP/1.1" 200 5643
190.95.2.163 - - [23/Dec/2025:09:29:45 -0300] "GET /cormun/static/about:blank HTTP/1.1" 404 1011
190.95.2.163 - - [23/Dec/2025:09:30:03 -0300] "POST /cormun/servlet/permisosadjuntos?9ebc803fb493f951f0afff059be48818,INS,7186906,P,20251218083520,, HTTP/1.1" 200 116
190.95.2.163 - - [23/Dec/2025:09:30:03 -0300] "GET /cormun/servlet/hpexe_return? HTTP/1.1" 200 1038
190.95.2.163 - - [23/Dec/2025:09:30:03 -0300] "GET /cormun/servlet/trpermisosadjuntos?7186906,20251218083520,P, HTTP/1.1" 200 6777
190.95.2.163 - - [23/Dec/2025:09:30:08 -0300] "GET /cormun/servlet/trpermisosgoce? HTTP/1.1" 200 18029
190.95.2.163 - - [23/Dec/2025:09:30:21 -0300] "POST /cormun/servlet/trpermisosgoce?9ebc803fb493f951f0afff059be48818,,gx-no-cache=1766493036386 HTTP/1.1" 200 15365
190.95.67.93 - - [23/Dec/2025:09:30:39 -0300] "GET /cormun/servlet/trpermisosgoce?gx-no-cache=1766490466116 HTTP/1.1" 200 9316
190.95.2.163 - - [23/Dec/2025:09:30:43 -0300] "GET /cormun/servlet/hlogin HTTP/1.1" 200 1721
190.95.2.163 - - [23/Dec/2025:09:30:49 -0300] "POST /cormun/servlet/hlogin?9ebc803fb493f951f0afff059be48818,gx-no-cache=1766493064575 HTTP/1.1" 200 90
190.95.2.163 - - [23/Dec/2025:09:30:49 -0300] "GET /cormun/servlet/hpexe_link HTTP/1.1" 200 953
190.95.2.163 - - [23/Dec/2025:09:30:49 -0300] "GET /cormun/servlet/hhome HTTP/1.1" 200 4193
190.95.2.163 - - [23/Dec/2025:09:30:57 -0300] "GET /cormun/servlet/trautorizarpermisogoce? HTTP/1.1" 200 9435
190.95.2.163 - - [23/Dec/2025:09:31:09 -0300] "POST /cormun/servlet/trautorizarpermisogoce?9ebc803fb493f951f0afff059be48818,,gx-no-cache=1766493084841 HTTP/1.1" 200 6626
190.95.2.163 - - [23/Dec/2025:09:31:09 -0300] "GET /cormun/static/Shared/jqueryui/images/ui-bg_highlight-soft_100_c6c2c8_1x100.png HTTP/1.1" 404 1117
190.95.2.163 - - [23/Dec/2025:09:31:09 -0300] "GET /cormun/static/Shared/jqueryui/images/ui-icons_82798d_256x240.png HTTP/1.1" 404 1089
190.95.2.163 - - [23/Dec/2025:09:31:09 -0300] "GET /cormun/static/Shared/jqueryui/images/ui-icons_8d78a5_256x240.png HTTP/1.1" 404 1089
190.95.2.163 - - [23/Dec/2025:09:31:09 -0300] "GET /cormun/static/Shared/jqueryui/images/ui-bg_flat_55_fafafa_40x100.png HTTP/1.1" 404 1097
190.95.2.163 - - [23/Dec/2025:09:31:20 -0300] "POST /cormun/servlet/trautorizarpermisogoce?9ebc803fb493f951f0afff059be48818,,gx-no-cache=1766493095702 HTTP/1.1" 200 6253
190.95.2.163 - - [23/Dec/2025:09:31:32 -0300] "POST /cormun/servlet/trautorizarpermisogoce?9ebc803fb493f951f0afff059be48818,,gx-no-cache=1766493107356 HTTP/1.1" 200 5877
190.95.2.163 - - [23/Dec/2025:09:31:42 -0300] "POST /cormun/servlet/trautorizarpermisogoce?9ebc803fb493f951f0afff059be48818,,gx-no-cache=1766493117163 HTTP/1.1" 200 5296
190.95.2.163 - - [23/Dec/2025:09:31:53 -0300] "POST /cormun/servlet/trautorizarpermisogoce?9ebc803fb493f951f0afff059be48818,,gx-no-cache=1766493128829 HTTP/1.1" 200 4528
190.95.15.15 - - [23/Dec/2025:09:31:57 -0300] "GET /cormun/servlet/permisogoce?INS,0,,, HTTP/1.1" 200 6852
190.95.15.15 - - [23/Dec/2025:09:32:05 -0300] "GET /cormun/servlet/permisogoce?d2cad35e9b7a2b376a4425c0694a3b30591287499f8a9eb8742ce5b6d0501abee33612369c25f76dcb4edde9ad2dffc2a85e5801322711c110baebb294290877,gx-no-cache=1766493140156 HTTP/1.1" 200 78
190.95.15.15 - - [23/Dec/2025:09:32:05 -0300] "GET /cormun/static/menuarrow.gif HTTP/1.1" 404 1015
190.95.2.163 - - [23/Dec/2025:09:32:08 -0300] "GET /cormun/servlet/hlogin HTTP/1.1" 200 1721
190.95.15.15 - - [23/Dec/2025:09:32:10 -0300] "GET /cormun/servlet/permisogoce?d2cad35e9b7a2b376a4425c0694a3b30e830e1b10a1540d2bc0a7369022c443f0026991cdfdc32c0460684a39b0f38915cb0a22db0165fbe0a20e01febf0e66e,gx-no-cache=1766493145518 HTTP/1.1" 200 48
190.95.15.15 - - [23/Dec/2025:09:32:12 -0300] "POST /cormun/servlet/permisogoce?1a8527f6930e7b58d98c1d6b53f8c875,INS,0,,,,gx-no-cache=1766493146991 HTTP/1.1" 200 93
190.95.15.15 - - [23/Dec/2025:09:32:12 -0300] "GET /cormun/servlet/hpexe_return? HTTP/1.1" 200 1006
190.95.15.15 - - [23/Dec/2025:09:32:12 -0300] "GET /cormun/servlet/trpermisosgoce HTTP/1.1" 200 18654
190.95.2.163 - - [23/Dec/2025:09:32:13 -0300] "POST /cormun/servlet/hlogin?9ebc803fb493f951f0afff059be48818,gx-no-cache=1766493148632 HTTP/1.1" 200 90
190.95.2.163 - - [23/Dec/2025:09:32:13 -0300] "GET /cormun/servlet/hpexe_link HTTP/1.1" 200 953
190.95.2.163 - - [23/Dec/2025:09:32:13 -0300] "GET /cormun/servlet/hhome HTTP/1.1" 200 3997
190.95.15.15 - - [23/Dec/2025:09:32:16 -0300] "GET /cormun/servlet/apermisogoceprn?15991825,P,20251223093258,PU HTTP/1.1" 200 1660
190.95.2.163 - - [23/Dec/2025:09:32:22 -0300] "GET /cormun/servlet/trpermisosgoce? HTTP/1.1" 200 17993
190.95.15.15 - - [23/Dec/2025:09:34:10 -0300] "GET /cormun/servlet/permisogoce?INS,0,,, HTTP/1.1" 200 6853
190.95.15.15 - - [23/Dec/2025:09:34:19 -0300] "GET /cormun/servlet/permisogoce?d2cad35e9b7a2b376a4425c0694a3b307eacf0cdb69c6f16e26c3d7cad71c2a5e33612369c25f76dcb4edde9ad2dffc2a85e5801322711c110baebb294290877,gx-no-cache=1766493274558 HTTP/1.1" 200 78
20.163.32.78 - - [23/Dec/2025:09:34:25 -0300] "GET / HTTP/1.1" 200 11217
190.95.15.15 - - [23/Dec/2025:09:34:25 -0300] "GET /cormun/servlet/permisogoce?d2cad35e9b7a2b376a4425c0694a3b30e78bd6fc3e10262d029fae9144c17c1d280ff5caf43b35d6dde0fafc39b706315cb0a22db0165fbe0a20e01febf0e66e,gx-no-cache=1766493280430 HTTP/1.1" 200 48
20.163.32.78 - - [23/Dec/2025:09:34:25 -0300] "-" 400 -
190.95.15.15 - - [23/Dec/2025:09:34:27 -0300] "POST /cormun/servlet/permisogoce?1a8527f6930e7b58d98c1d6b53f8c875,INS,0,,,,gx-no-cache=1766493282028 HTTP/1.1" 200 93
190.95.15.15 - - [23/Dec/2025:09:34:27 -0300] "GET /cormun/servlet/hpexe_return? HTTP/1.1" 200 1006
190.95.15.15 - - [23/Dec/2025:09:34:27 -0300] "GET /cormun/servlet/trpermisosgoce HTTP/1.1" 200 18638
