190.95.67.93 - - [23/Dec/2025:08:35:01 -0300] "GET /cormun/static/PXToolsJavascripts/pexe_autoreload.js HTTP/1.1" 200 1762
190.95.67.93 - - [23/Dec/2025:08:35:01 -0300] "GET /cormun/static/PXToolsJavascripts/pexe_cookies.js HTTP/1.1" 200 792
190.95.67.93 - - [23/Dec/2025:08:35:01 -0300] "GET /cormun/static/PXToolsJavascripts/pexe_grid.js HTTP/1.1" 200 7559
190.95.67.93 - - [23/Dec/2025:08:35:01 -0300] "GET /cormun/static/PXToolsJavascripts/pexe_griddivfix.js HTTP/1.1" 200 6946
190.95.67.93 - - [23/Dec/2025:08:35:01 -0300] "GET /cormun/static/PXToolsJavascripts/pexe_menudivfix.js HTTP/1.1" 200 333
190.95.67.93 - - [23/Dec/2025:08:35:01 -0300] "GET /cormun/static/PXToolsJavascripts/pexe_windows.js HTTP/1.1" 200 15249
190.95.67.93 - - [23/Dec/2025:08:35:01 -0300] "GET /cormun/static/PXToolsJavascripts/pexe_link.js HTTP/1.1" 200 5671
190.95.67.93 - - [23/Dec/2025:08:35:01 -0300] "GET /cormun/static/PXToolsJavascripts/pexe_menus.js HTTP/1.1" 200 1286
190.95.67.93 - - [23/Dec/2025:08:35:01 -0300] "GET /cormun/static/PXToolsJavascripts/pexe_oavdivfix.js HTTP/1.1" 200 639
190.95.67.93 - - [23/Dec/2025:08:35:01 -0300] "GET /cormun/static/PXToolsJavascripts/pexe_layers.js HTTP/1.1" 200 4114
190.95.67.93 - - [23/Dec/2025:08:35:01 -0300] "GET /cormun/static/PXToolsJavascripts/pexe_oav.js HTTP/1.1" 200 645
190.95.67.93 - - [23/Dec/2025:08:35:01 -0300] "GET /cormun/static/PXToolsJavascripts/pexe_popup.js HTTP/1.1" 200 15149
190.95.67.93 - - [23/Dec/2025:08:35:01 -0300] "GET /cormun/static/PXToolsJavascripts/pexe_scrolldiv.js HTTP/1.1" 200 4138
190.95.67.93 - - [23/Dec/2025:08:35:01 -0300] "GET /cormun/static/PXToolsJavascripts/pexe_picture.js HTTP/1.1" 200 689
190.95.67.93 - - [23/Dec/2025:08:35:01 -0300] "GET /cormun/static/PXToolsJavascripts/pexe_tabdivfix.js HTTP/1.1" 200 898
190.95.67.93 - - [23/Dec/2025:08:35:01 -0300] "GET /cormun/static/PXToolsJavascripts/pexe_tabs.js HTTP/1.1" 200 3748
190.95.67.93 - - [23/Dec/2025:08:35:01 -0300] "GET /cormun/static/PXToolsJavascripts/pexe_upload.js HTTP/1.1" 200 1423
190.95.67.93 - - [23/Dec/2025:08:35:01 -0300] "GET /cormun/static/PXToolsJavascripts/PXToolsJavascriptsRender.js HTTP/1.1" 200 367
190.95.67.93 - - [23/Dec/2025:08:35:01 -0300] "GET /cormun/static/Resources/CormunMP2.png HTTP/1.1" 200 6878
190.95.67.93 - - [23/Dec/2025:08:35:01 -0300] "GET /cormun/static/Resources/ImgHome.png HTTP/1.1" 200 1364
190.95.67.93 - - [23/Dec/2025:08:35:01 -0300] "GET /cormun/static/Resources/Llave.png HTTP/1.1" 200 1395
190.95.67.93 - - [23/Dec/2025:08:35:01 -0300] "GET /cormun/static/Resources/ImgLogin.png HTTP/1.1" 200 1432
190.95.67.93 - - [23/Dec/2025:08:35:01 -0300] "GET /cormun/static/RunJS/RunJS.js HTTP/1.1" 200 288
190.95.67.93 - - [23/Dec/2025:08:35:01 -0300] "GET /cormun/static/Shared/ext/locale/ext-lang-en.js HTTP/1.1" 200 10940
190.95.67.93 - - [23/Dec/2025:08:35:01 -0300] "GET /cormun/static/Resources/PXToolsDataTitle.png HTTP/1.1" 200 1173
190.95.67.93 - - [23/Dec/2025:08:35:01 -0300] "GET /cormun/static/hhome.js?20201215495544 HTTP/1.1" 200 777
190.95.67.93 - - [23/Dec/2025:08:35:01 -0300] "GET /cormun/static/gxui/gxui-all.js HTTP/1.1" 200 107772
190.95.67.93 - - [23/Dec/2025:08:35:01 -0300] "GET /cormun/static/hwchdr01.js?2022112219251119 HTTP/1.1" 200 996
190.95.67.93 - - [23/Dec/2025:08:35:01 -0300] "GET /cormun/static/hpexe_recentlink.js?20201214471090 HTTP/1.1" 200 2144
190.95.67.93 - - [23/Dec/2025:08:35:01 -0300] "GET /cormun/static/hpexe_scripts.js?20201214471411 HTTP/1.1" 200 1544
190.95.67.93 - - [23/Dec/2025:08:35:01 -0300] "GET /cormun/static/hpexe_messagecontroller.js?202211298371222 HTTP/1.1" 200 870
190.95.67.93 - - [23/Dec/2025:08:35:01 -0300] "GET /cormun/static/hpexe_messagepopupcomponent.js?2020121447232 HTTP/1.1" 200 605
190.95.67.93 - - [23/Dec/2025:08:35:01 -0300] "GET /cormun/static/cmcontrolpreferences.js?20199141926336 HTTP/1.1" 200 1375
190.95.67.93 - - [23/Dec/2025:08:35:01 -0300] "GET /cormun/static/hpexe_messagegenexuscomponent.js?20221129836373 HTTP/1.1" 200 587
190.95.67.93 - - [23/Dec/2025:08:35:01 -0300] "GET /cormun/static/Shared/jqueryui/jquery-ui.min.js HTTP/1.1" 200 240427
190.95.67.93 - - [23/Dec/2025:08:35:01 -0300] "GET /cormun/static/SmoothNavMenu/resources/ddsmoothmenu.js HTTP/1.1" 200 12712
190.95.67.93 - - [23/Dec/2025:08:35:01 -0300] "GET /cormun/static/SmoothNavMenu/resources/SmoothNavMenuRender.js HTTP/1.1" 200 5951
190.95.67.93 - - [23/Dec/2025:08:35:01 -0300] "GET /cormun/static/Shared/jquery/jquery-1.4.2.min.js HTTP/1.1" 200 72174
190.95.67.93 - - [23/Dec/2025:08:35:01 -0300] "GET /cormun/static/scaMessage/js/jquery.pnotify.min.js HTTP/1.1" 200 13038
190.95.67.93 - - [23/Dec/2025:08:35:01 -0300] "GET /cormun/static/scaMessage/scaMessageRender.js HTTP/1.1" 200 11977
190.95.67.93 - - [23/Dec/2025:08:35:01 -0300] "GET /cormun/static/hmpwkw03.js?20221129844354 HTTP/1.1" 200 3971
190.95.67.93 - - [23/Dec/2025:08:35:01 -0300] "GET /cormun/static/Shared/jquery/jquery-1.10.2.min.js HTTP/1.1" 200 273199
190.95.67.93 - - [23/Dec/2025:08:35:01 -0300] "GET /cormun/static/Shared/ext/ext-all.js HTTP/1.1" 200 1289687
190.95.67.93 - - [23/Dec/2025:08:35:02 -0300] "GET /cormun/static/SmoothNavMenu/resources/images/right.gif HTTP/1.1" 200 860
190.95.67.93 - - [23/Dec/2025:08:35:02 -0300] "GET /cormun/static/SmoothNavMenu/resources/images/down.gif HTTP/1.1" 200 854
190.95.67.93 - - [23/Dec/2025:08:35:05 -0300] "GET /cormun/servlet/trsolicitudot? HTTP/1.1" 200 7560
190.95.67.93 - - [23/Dec/2025:08:35:06 -0300] "GET /cormun/static/calendar-system.css?85620 HTTP/1.1" 200 5572
190.95.67.93 - - [23/Dec/2025:08:35:06 -0300] "GET /cormun/static/gxui/gxui-all.css?120300 HTTP/1.1" 200 2179
190.95.67.93 - - [23/Dec/2025:08:35:06 -0300] "GET /cormun/static/gxcfg.js?20221129846531 HTTP/1.1" 200 953
190.95.67.93 - - [23/Dec/2025:08:35:06 -0300] "GET /cormun/static/calendar-setup.js?85251 HTTP/1.1" 200 2588
190.95.67.93 - - [23/Dec/2025:08:35:06 -0300] "GET /cormun/static/calendar.js?85251 HTTP/1.1" 200 26246
190.95.67.93 - - [23/Dec/2025:08:35:06 -0300] "GET /cormun/static/calendar-es.js?85251 HTTP/1.1" 200 1901
190.95.67.93 - - [23/Dec/2025:08:35:06 -0300] "GET /cormun/static/Resources/PXTools/calendar.png HTTP/1.1" 200 1306
190.95.67.93 - - [23/Dec/2025:08:35:06 -0300] "GET /cormun/static/gxdec.js?85251 HTTP/1.1" 200 19579
190.95.67.93 - - [23/Dec/2025:08:35:06 -0300] "GET /cormun/static/Shared/ext/resources/css/ext-all.css?215870 HTTP/1.1" 200 416045
190.95.67.93 - - [23/Dec/2025:08:35:06 -0300] "GET /cormun/static/trsolicitudot.js?202211298465651 HTTP/1.1" 200 54040
190.95.67.93 - - [23/Dec/2025:08:35:06 -0300] "GET /cormun/static/Resources/PXToolsDataSearch.png HTTP/1.1" 200 435
190.95.67.93 - - [23/Dec/2025:08:35:06 -0300] "GET /cormun/static/Resources/PXToolsGridFirstDisabled.gif HTTP/1.1" 200 100
190.95.67.93 - - [23/Dec/2025:08:35:06 -0300] "GET /cormun/static/Resources/PXToolsGridLastDisabled.gif HTTP/1.1" 200 98
190.95.67.93 - - [23/Dec/2025:08:35:06 -0300] "GET /cormun/static/Resources/PXToolsActionExcel.png HTTP/1.1" 200 727
190.95.67.93 - - [23/Dec/2025:08:35:06 -0300] "GET /cormun/static/Resources/PXToolsGridNextDisabled.gif HTTP/1.1" 200 90
190.95.67.93 - - [23/Dec/2025:08:35:06 -0300] "GET /cormun/static/Resources/PXToolsGridPage.gif HTTP/1.1" 200 725
190.95.67.93 - - [23/Dec/2025:08:35:06 -0300] "GET /cormun/static/Resources/PXToolsAddAllAction.png HTTP/1.1" 200 495
190.95.67.93 - - [23/Dec/2025:08:35:06 -0300] "GET /cormun/static/Resources/PXToolsGridPreviousDisabled.gif HTTP/1.1" 200 90
190.95.67.93 - - [23/Dec/2025:08:35:06 -0300] "GET /cormun/static/Resources/desc.gif HTTP/1.1" 200 65
190.95.67.93 - - [23/Dec/2025:08:35:06 -0300] "GET /cormun/static/Resources/asc.gif HTTP/1.1" 200 67
190.95.67.93 - - [23/Dec/2025:08:35:06 -0300] "GET /cormun/static/Shared/ext/resources/themes/images/default/panel/bg-headersPanel.png HTTP/1.1" 200 255
190.95.67.93 - - [23/Dec/2025:08:35:06 -0300] "GET /cormun/static/Shared/ext/resources/themes/images/default/tools/tool-sprites.gif HTTP/1.1" 200 5434
190.95.67.93 - - [23/Dec/2025:08:35:08 -0300] "GET /cormun/servlet/trpermisosgoce? HTTP/1.1" 200 18826
190.95.67.93 - - [23/Dec/2025:08:35:09 -0300] "GET /cormun/static/trpermisosgoce.js?2020121633681 HTTP/1.1" 200 35904
190.95.67.93 - - [23/Dec/2025:08:35:09 -0300] "GET /cormun/static/gxcfg.js?2020121631564 HTTP/1.1" 200 953
190.95.67.93 - - [23/Dec/2025:08:35:09 -0300] "GET /cormun//static/Resources/PXToolsActionDisabled.gif HTTP/1.1" 200 53
190.95.67.93 - - [23/Dec/2025:08:35:09 -0300] "GET /cormun//static/Resources/PXToolsGridUpdate.png HTTP/1.1" 200 470
190.95.67.93 - - [23/Dec/2025:08:35:09 -0300] "GET /cormun//static/Resources/PXToolsHeaderHelp.png HTTP/1.1" 200 1333
190.95.67.93 - - [23/Dec/2025:08:35:09 -0300] "GET /cormun//static/Resources/PXToolsGridDisplay.png HTTP/1.1" 200 525
190.95.67.93 - - [23/Dec/2025:08:35:09 -0300] "GET /cormun//static/Resources/PXToolsActionPrint.png HTTP/1.1" 200 404
190.95.67.93 - - [23/Dec/2025:08:35:09 -0300] "GET /cormun//static/Resources/PXTools/ActionInsert.png HTTP/1.1" 200 1482
190.95.67.93 - - [23/Dec/2025:08:35:09 -0300] "GET /cormun//static/Resources/PXToolsGridDelete.png HTTP/1.1" 200 538
190.95.67.93 - - [23/Dec/2025:08:35:09 -0300] "GET /cormun//static/Resources/PXToolsHeaderFavorites.png HTTP/1.1" 200 1414
190.95.67.93 - - [23/Dec/2025:08:35:26 -0300] "POST /cormun/servlet/trpermisosgoce?94b14127e4744845972e8e90b0a73e45,,gx-no-cache=1766489741585 HTTP/1.1" 200 6165
190.95.67.93 - - [23/Dec/2025:08:35:29 -0300] "POST /cormun/servlet/trpermisosgoce?39686a532468fbe08e58b1373c4b0a94,,gx-no-cache=1766489743836 HTTP/1.1" 200 5976
190.95.2.163 - - [23/Dec/2025:08:36:32 -0300] "GET /cormun/servlet/hlogin HTTP/1.1" 200 1721
190.95.2.163 - - [23/Dec/2025:08:36:37 -0300] "POST /cormun/servlet/hlogin?9ebc803fb493f951f0afff059be48818,gx-no-cache=1766489813224 HTTP/1.1" 200 90
190.95.2.163 - - [23/Dec/2025:08:36:38 -0300] "GET /cormun/servlet/hpexe_link HTTP/1.1" 200 953
190.95.2.163 - - [23/Dec/2025:08:36:38 -0300] "GET /cormun/servlet/hhome HTTP/1.1" 200 3997
190.95.2.163 - - [23/Dec/2025:08:36:43 -0300] "GET /cormun/servlet/trpermisosgoce? HTTP/1.1" 200 18004
190.95.2.163 - - [23/Dec/2025:08:36:58 -0300] "GET /cormun/servlet/permisogoce?INS,0,,, HTTP/1.1" 200 6860
190.95.2.163 - - [23/Dec/2025:08:37:23 -0300] "GET /cormun/servlet/permisogoce?912cbf4da1763b9534a7e2f25742eced01de33bfc7511c092c714c196d315e4983625f1176d82d5000dfdf054c60c635c2698cf0f69a07cd1a377a94f9012a59,gx-no-cache=1766489858453 HTTP/1.1" 200 82
190.95.2.163 - - [23/Dec/2025:08:37:23 -0300] "GET /cormun/static/menuarrow.gif HTTP/1.1" 404 1015
190.95.2.163 - - [23/Dec/2025:08:37:30 -0300] "GET /cormun/servlet/permisogoce?912cbf4da1763b9534a7e2f25742eced46089604709daa38b7bd0a5d12ba1a6dc7dc689e4928b7ac816e15adca8ab489fd6369550237d9e041c7bb34ecdc2d03,gx-no-cache=1766489866021 HTTP/1.1" 200 48
190.95.2.163 - - [23/Dec/2025:08:37:36 -0300] "POST /cormun/servlet/permisogoce?9ebc803fb493f951f0afff059be48818,INS,0,,,,gx-no-cache=1766489871602 HTTP/1.1" 200 93
190.95.2.163 - - [23/Dec/2025:08:37:36 -0300] "GET /cormun/servlet/hpexe_return? HTTP/1.1" 200 1011
190.95.2.163 - - [23/Dec/2025:08:37:38 -0300] "GET /cormun/servlet/trpermisosgoce HTTP/1.1" 200 18071
190.95.67.93 - - [23/Dec/2025:08:37:38 -0300] "GET /cormun/servlet/trlicencias? HTTP/1.1" 200 12146
190.95.67.93 - - [23/Dec/2025:08:37:41 -0300] "GET /cormun/static/menuarrow.gif HTTP/1.1" 404 1015
190.95.2.163 - - [23/Dec/2025:08:37:44 -0300] "GET /cormun/servlet/apermisogoceprn?13946737,P,20251223083800,PU HTTP/1.1" 200 1652
190.95.67.93 - - [23/Dec/2025:08:37:48 -0300] "POST /cormun/servlet/trlicencias?39686a532468fbe08e58b1373c4b0a94,,gx-no-cache=1766489883205 HTTP/1.1" 200 5689
190.95.2.163 - - [23/Dec/2025:08:37:53 -0300] "GET /cormun/servlet/permisogoce?INS,0,,, HTTP/1.1" 200 6861
190.95.2.163 - - [23/Dec/2025:08:38:12 -0300] "GET /cormun/servlet/permisogoce?912cbf4da1763b9534a7e2f25742eced96eda1b905c6d46ee2f2e4641511bbe183625f1176d82d5000dfdf054c60c635c2698cf0f69a07cd1a377a94f9012a59,gx-no-cache=1766489908187 HTTP/1.1" 200 83
190.95.67.93 - - [23/Dec/2025:08:38:13 -0300] "GET /cormun/servlet/trpermisosgoce? HTTP/1.1" 200 8799
190.95.2.163 - - [23/Dec/2025:08:38:23 -0300] "GET /cormun/servlet/permisogoce?912cbf4da1763b9534a7e2f25742eced36d975e7dc294e55c7c261a7e3bd3653646d2b4b9cbbb2be9be3bfc82001fecdfd6369550237d9e041c7bb34ecdc2d03,gx-no-cache=1766489918545 HTTP/1.1" 200 47
190.95.2.163 - - [23/Dec/2025:08:38:28 -0300] "POST /cormun/servlet/permisogoce?9ebc803fb493f951f0afff059be48818,INS,0,,,,gx-no-cache=1766489923073 HTTP/1.1" 200 93
190.95.2.163 - - [23/Dec/2025:08:38:28 -0300] "GET /cormun/servlet/hpexe_return? HTTP/1.1" 200 1011
190.95.2.163 - - [23/Dec/2025:08:38:28 -0300] "GET /cormun/servlet/trpermisosgoce HTTP/1.1" 200 18082
190.95.2.163 - - [23/Dec/2025:08:38:34 -0300] "GET /cormun/servlet/apermisogoceprn?19590668,P,20251223083855,PU HTTP/1.1" 200 1667
190.95.67.93 - - [23/Dec/2025:08:38:43 -0300] "POST /cormun/servlet/trpermisosgoce?39686a532468fbe08e58b1373c4b0a94,,gx-no-cache=1766489937980 HTTP/1.1" 200 5979
190.95.2.163 - - [23/Dec/2025:08:38:50 -0300] "GET /cormun/servlet/permisogoce?INS,0,,, HTTP/1.1" 200 6859
190.95.67.93 - - [23/Dec/2025:08:38:51 -0300] "GET /cormun/servlet/permisogoce?INS,0,,, HTTP/1.1" 200 7227
190.95.67.93 - - [23/Dec/2025:08:38:58 -0300] "GET /cormun/servlet/permisogoce?95c80231d0a9bd7849af82c8fd96d7000116b0a6c458ce96e7d6735673867fea5fccc09c80b022af7d45b3444303515b410b0cd71ee27f61cc9180082edd9c57,gx-no-cache=1766489953538 HTTP/1.1" 200 83
190.95.2.163 - - [23/Dec/2025:08:39:05 -0300] "GET /cormun/servlet/permisogoce?912cbf4da1763b9534a7e2f25742ecedfadb2baa4eaa433351fc8003461dd41b83625f1176d82d5000dfdf054c60c635c2698cf0f69a07cd1a377a94f9012a59,gx-no-cache=1766489960886 HTTP/1.1" 200 72
190.95.67.93 - - [23/Dec/2025:08:39:12 -0300] "GET /cormun/servlet/permisogoce?95c80231d0a9bd7849af82c8fd96d700f3dd958e32aa7daf546eea83ebad696dd62ea6050b0de06e2a5ab3a9aa455d224e3e683d4d7eb4d9c001c80ce752ef28,gx-no-cache=1766489967241 HTTP/1.1" 200 48
190.95.2.163 - - [23/Dec/2025:08:39:17 -0300] "GET /cormun/servlet/permisogoce?912cbf4da1763b9534a7e2f25742eced6ae7e4305aef77ce3a04f76485ec34ec1fb6d6bc235518e885557d32680c582bfd6369550237d9e041c7bb34ecdc2d03,gx-no-cache=1766489972611 HTTP/1.1" 200 48
190.95.67.93 - - [23/Dec/2025:08:39:18 -0300] "POST /cormun/servlet/permisogoce?39686a532468fbe08e58b1373c4b0a94,INS,0,,,,gx-no-cache=1766489972595 HTTP/1.1" 200 93
190.95.67.93 - - [23/Dec/2025:08:39:18 -0300] "GET /cormun/servlet/hpexe_return? HTTP/1.1" 200 1008
190.95.67.93 - - [23/Dec/2025:08:39:18 -0300] "GET /cormun/servlet/trpermisosgoce? HTTP/1.1" 200 8982
190.95.2.163 - - [23/Dec/2025:08:39:21 -0300] "POST /cormun/servlet/permisogoce?9ebc803fb493f951f0afff059be48818,INS,0,,,,gx-no-cache=1766489976715 HTTP/1.1" 200 93
190.95.2.163 - - [23/Dec/2025:08:39:21 -0300] "GET /cormun/servlet/hpexe_return? HTTP/1.1" 200 1011
190.95.2.163 - - [23/Dec/2025:08:39:22 -0300] "GET /cormun/servlet/trpermisosgoce HTTP/1.1" 200 18054
190.95.67.93 - - [23/Dec/2025:08:39:24 -0300] "GET /cormun/servlet/apermisogoceprn?10001701,P,20251223083953,PU HTTP/1.1" 200 1663
190.95.2.163 - - [23/Dec/2025:08:39:26 -0300] "GET /cormun/servlet/apermisogoceprn?10979458,P,20251223083951,PU HTTP/1.1" 200 1651
190.95.2.163 - - [23/Dec/2025:08:39:49 -0300] "GET /cormun/servlet/permisogoce?INS,0,,, HTTP/1.1" 200 6858
190.95.67.93 - - [23/Dec/2025:08:39:54 -0300] "GET /cormun/servlet/trsolicitudot? HTTP/1.1" 200 7553
190.95.67.93 - - [23/Dec/2025:08:39:58 -0300] "GET /cormun/servlet/trpermisosgoce? HTTP/1.1" 200 8978
190.95.2.163 - - [23/Dec/2025:08:40:01 -0300] "GET /cormun/servlet/permisogoce?912cbf4da1763b9534a7e2f25742ecedfadb2baa4eaa433351fc8003461dd41b83625f1176d82d5000dfdf054c60c635c2698cf0f69a07cd1a377a94f9012a59,gx-no-cache=1766490016662 HTTP/1.1" 200 74
190.95.2.163 - - [23/Dec/2025:08:40:09 -0300] "GET /cormun/servlet/permisogoce?912cbf4da1763b9534a7e2f25742eced6ae7e4305aef77ce3a04f76485ec34ececb7f1e9fa90a2c2fc8c784f01bb33a2fd6369550237d9e041c7bb34ecdc2d03,gx-no-cache=1766490025044 HTTP/1.1" 200 129
190.95.2.163 - - [23/Dec/2025:08:40:09 -0300] "GET /cormun/static/Shared/jqueryui/images/ui-bg_highlight-soft_100_c6c2c8_1x100.png HTTP/1.1" 404 1117
190.95.2.163 - - [23/Dec/2025:08:40:09 -0300] "GET /cormun/static/Shared/jqueryui/images/ui-bg_flat_55_994d53_40x100.png HTTP/1.1" 404 1097
190.95.2.163 - - [23/Dec/2025:08:40:09 -0300] "GET /cormun/static/Shared/jqueryui/images/ui-icons_82798d_256x240.png HTTP/1.1" 404 1089
190.95.2.163 - - [23/Dec/2025:08:40:09 -0300] "GET /cormun/static/Shared/jqueryui/images/ui-icons_ebccce_256x240.png HTTP/1.1" 404 1089
190.95.2.163 - - [23/Dec/2025:08:40:09 -0300] "POST /cormun/servlet/permisogoce?9ebc803fb493f951f0afff059be48818,INS,0,,,,gx-no-cache=1766490025102 HTTP/1.1" 200 4486
190.95.67.93 - - [23/Dec/2025:08:40:13 -0300] "POST /cormun/servlet/trpermisosgoce?39686a532468fbe08e58b1373c4b0a94,,gx-no-cache=1766490028179 HTTP/1.1" 200 6911
190.95.2.163 - - [23/Dec/2025:08:40:15 -0300] "GET /cormun/servlet/permisogoce?912cbf4da1763b9534a7e2f25742eced6ae7e4305aef77ce3a04f76485ec34ec72d138c34677243270a6cf3b45dd7f3bfd6369550237d9e041c7bb34ecdc2d03,gx-no-cache=1766490031076 HTTP/1.1" 200 48
190.95.2.163 - - [23/Dec/2025:08:40:20 -0300] "POST /cormun/servlet/permisogoce?9ebc803fb493f951f0afff059be48818,INS,0,,,,gx-no-cache=1766490035227 HTTP/1.1" 200 93
190.95.2.163 - - [23/Dec/2025:08:40:20 -0300] "GET /cormun/servlet/hpexe_return? HTTP/1.1" 200 1011
190.95.2.163 - - [23/Dec/2025:08:40:20 -0300] "GET /cormun/servlet/trpermisosgoce HTTP/1.1" 200 18002
190.95.67.93 - - [23/Dec/2025:08:40:29 -0300] "GET /cormun/servlet/permisogoce?INS,0,,, HTTP/1.1" 200 7227
190.95.67.93 - - [23/Dec/2025:08:40:34 -0300] "GET /cormun/servlet/trpermisosgoce? HTTP/1.1" 200 9683
190.95.2.163 - - [23/Dec/2025:08:40:41 -0300] "GET /cormun/servlet/apermisogoceprn?10979458,P,20251223084050,PU HTTP/1.1" 200 1656
190.95.2.163 - - [23/Dec/2025:08:40:59 -0300] "GET /cormun/servlet/permisogoce?INS,0,,, HTTP/1.1" 200 6860
190.95.2.163 - - [23/Dec/2025:08:41:28 -0300] "GET /cormun/servlet/permisogoce?912cbf4da1763b9534a7e2f25742eced0bc41820ded9e392f05784db88ea4b1983625f1176d82d5000dfdf054c60c635c2698cf0f69a07cd1a377a94f9012a59,gx-no-cache=1766490103503 HTTP/1.1" 200 80
190.95.2.163 - - [23/Dec/2025:08:41:39 -0300] "GET /cormun/servlet/permisogoce?912cbf4da1763b9534a7e2f25742eced1e2e3338589aeaf020214aea80e8a0ba3a292f5432b1aa7c2d526e8169036ca5fd6369550237d9e041c7bb34ecdc2d03,gx-no-cache=1766490114697 HTTP/1.1" 200 48
190.95.2.163 - - [23/Dec/2025:08:41:44 -0300] "POST /cormun/servlet/permisogoce?9ebc803fb493f951f0afff059be48818,INS,0,,,,gx-no-cache=1766490119737 HTTP/1.1" 200 93
190.95.2.163 - - [23/Dec/2025:08:41:44 -0300] "GET /cormun/servlet/hpexe_return? HTTP/1.1" 200 1011
190.95.2.163 - - [23/Dec/2025:08:41:45 -0300] "GET /cormun/servlet/trpermisosgoce HTTP/1.1" 200 17988
190.95.2.163 - - [23/Dec/2025:08:41:52 -0300] "GET /cormun/servlet/apermisogoceprn?11059443,P,20251223084201,PU HTTP/1.1" 200 1656
190.95.2.163 - - [23/Dec/2025:08:42:03 -0300] "GET /cormun/servlet/permisogoce?INS,0,,, HTTP/1.1" 200 6860
190.95.67.93 - - [23/Dec/2025:08:42:10 -0300] "POST /cormun/servlet/trpermisosgoce?39686a532468fbe08e58b1373c4b0a94,,gx-no-cache=1766490145460 HTTP/1.1" 200 6301
190.95.67.97 - - [23/Dec/2025:08:42:17 -0300] "GET /cormun/servlet/trlicencias? HTTP/1.1" 200 6036
190.95.67.97 - - [23/Dec/2025:08:42:17 -0300] "GET /cormun/servlet/hlogin HTTP/1.1" 200 1737
190.95.2.163 - - [23/Dec/2025:08:42:20 -0300] "GET /cormun/servlet/permisogoce?912cbf4da1763b9534a7e2f25742eced0bc41820ded9e392f05784db88ea4b1983625f1176d82d5000dfdf054c60c635c2698cf0f69a07cd1a377a94f9012a59,gx-no-cache=1766490156125 HTTP/1.1" 200 82
190.95.67.97 - - [23/Dec/2025:08:42:25 -0300] "POST /cormun/servlet/hlogin?219e9577a3639ac1f8899b357b2e5d4a,gx-no-cache=1766490167323 HTTP/1.1" 200 450
190.95.67.97 - - [23/Dec/2025:08:42:28 -0300] "POST /cormun/servlet/hlogin?219e9577a3639ac1f8899b357b2e5d4a,gx-no-cache=1766490170623 HTTP/1.1" 200 450
190.95.2.163 - - [23/Dec/2025:08:42:29 -0300] "GET /cormun/servlet/permisogoce?912cbf4da1763b9534a7e2f25742eced1e2e3338589aeaf020214aea80e8a0ba7383b58375996fb95458290b64faf1effd6369550237d9e041c7bb34ecdc2d03,gx-no-cache=1766490165017 HTTP/1.1" 200 48
190.95.67.97 - - [23/Dec/2025:08:42:32 -0300] "POST /cormun/servlet/hlogin?219e9577a3639ac1f8899b357b2e5d4a,gx-no-cache=1766490174217 HTTP/1.1" 200 90
190.95.67.97 - - [23/Dec/2025:08:42:32 -0300] "GET /cormun/servlet/hpexe_link HTTP/1.1" 200 954
190.95.67.97 - - [23/Dec/2025:08:42:32 -0300] "GET /cormun/servlet/trlicencias HTTP/1.1" 200 10207
190.95.2.163 - - [23/Dec/2025:08:42:33 -0300] "POST /cormun/servlet/permisogoce?9ebc803fb493f951f0afff059be48818,INS,0,,,,gx-no-cache=1766490168601 HTTP/1.1" 200 93
190.95.2.163 - - [23/Dec/2025:08:42:33 -0300] "GET /cormun/servlet/hpexe_return? HTTP/1.1" 200 1011
190.95.2.163 - - [23/Dec/2025:08:42:33 -0300] "GET /cormun/servlet/trpermisosgoce HTTP/1.1" 200 17921
190.95.67.97 - - [23/Dec/2025:08:42:46 -0300] "GET /cormun/servlet/trpermisosgoce? HTTP/1.1" 200 11702
190.95.67.97 - - [23/Dec/2025:08:42:48 -0300] "GET /cormun/servlet/permisogoce?INS,0,,, HTTP/1.1" 200 6749
190.95.67.97 - - [23/Dec/2025:08:42:58 -0300] "GET /cormun/servlet/permisogoce?8639f60fbb4cfb4e1d816e7e82cf27db857cdf08951297b09f9af1154faa75da5e1d3b4889f78beb196c3b853c30ee286e2af2fce5ae3fe24a49d36add090c1b,gx-no-cache=1766490200511 HTTP/1.1" 200 79
190.95.67.97 - - [23/Dec/2025:08:43:00 -0300] "GET /cormun/static/menuarrow.gif HTTP/1.1" 404 1015
190.95.67.97 - - [23/Dec/2025:08:43:05 -0300] "GET /cormun/servlet/permisogoce?8639f60fbb4cfb4e1d816e7e82cf27db1ae711a5851e4b802c1392a7b43bf89ea780d24886ff4eda529cc44a07036be3e34fa01c789e68a878564781453d8637,gx-no-cache=1766490207334 HTTP/1.1" 200 47
190.95.67.97 - - [23/Dec/2025:08:43:08 -0300] "POST /cormun/servlet/permisogoce?219e9577a3639ac1f8899b357b2e5d4a,INS,0,,,,gx-no-cache=1766490210013 HTTP/1.1" 200 93
190.95.67.97 - - [23/Dec/2025:08:43:09 -0300] "GET /cormun/servlet/hpexe_return? HTTP/1.1" 200 1008
190.95.67.97 - - [23/Dec/2025:08:43:09 -0300] "GET /cormun/servlet/trpermisosgoce HTTP/1.1" 200 11910
190.95.67.97 - - [23/Dec/2025:08:43:11 -0300] "GET /cormun/servlet/apermisogoceprn?17835936,P,20251223084349,PU HTTP/1.1" 200 1669
190.95.15.15 - - [23/Dec/2025:08:44:21 -0300] "GET /cormun/servlet/trpermisosgoce? HTTP/1.1" 200 6032
190.95.15.15 - - [23/Dec/2025:08:44:22 -0300] "GET /cormun/servlet/hlogin HTTP/1.1" 200 1742
190.95.15.15 - - [23/Dec/2025:08:44:22 -0300] "GET /cormun/servlet/trpermisosgoce? HTTP/1.1" 200 6028
190.95.15.15 - - [23/Dec/2025:08:44:33 -0300] "POST /cormun/servlet/hlogin?9c4e40f8c62e11bc7d10aca96fa5bc96,gx-no-cache=1766490288613 HTTP/1.1" 200 90
190.95.15.15 - - [23/Dec/2025:08:44:33 -0300] "GET /cormun/servlet/hpexe_link HTTP/1.1" 200 958
190.95.15.15 - - [23/Dec/2025:08:44:33 -0300] "GET /cormun/servlet/trpermisosgoce HTTP/1.1" 200 18426
190.95.67.93 - - [23/Dec/2025:08:44:37 -0300] "POST /cormun/servlet/trpermisosgoce?39686a532468fbe08e58b1373c4b0a94,,gx-no-cache=1766490291883 HTTP/1.1" 200 6284
190.95.2.163 - - [23/Dec/2025:08:44:49 -0300] "GET /cormun/servlet/permisogoce?INS,0,,, HTTP/1.1" 200 6859
190.95.15.15 - - [23/Dec/2025:08:44:55 -0300] "GET /cormun/servlet/permisogoce?INS,0,,, HTTP/1.1" 200 6860
190.95.15.15 - - [23/Dec/2025:08:45:05 -0300] "GET /cormun/servlet/permisogoce?09e9474e8b791c33e7dea253e67935d2d122120c49c03b12054bffc6e6fd6c7bd4068d44e20eacd83be7ebbe91ffca76eb031fd3882b6d633cb2d034a0b054a6,gx-no-cache=1766490320044 HTTP/1.1" 200 81
190.95.15.15 - - [23/Dec/2025:08:45:05 -0300] "GET /cormun/static/menuarrow.gif HTTP/1.1" 404 1015
190.95.2.163 - - [23/Dec/2025:08:45:10 -0300] "GET /cormun/servlet/permisogoce?912cbf4da1763b9534a7e2f25742ecedce10d73d827dde90c476aa91d7351c8183625f1176d82d5000dfdf054c60c635c2698cf0f69a07cd1a377a94f9012a59,gx-no-cache=1766490325313 HTTP/1.1" 200 81
190.95.1.185 - - [23/Dec/2025:08:45:11 -0300] "GET /cormun/servlet/trpermisosgoce? HTTP/1.1" 200 19018
190.95.67.93 - - [23/Dec/2025:08:45:12 -0300] "GET /cormun/servlet/permisogoce?INS,0,,, HTTP/1.1" 200 7227
190.95.15.15 - - [23/Dec/2025:08:45:13 -0300] "GET /cormun/servlet/permisogoce?09e9474e8b791c33e7dea253e67935d2be881f430e2d8db0405a1a7cb0922b70f26446010848d299d73d09673669e2f3c548e690049d76bb7bffd0af3f2b8035,gx-no-cache=1766490328017 HTTP/1.1" 200 47
190.95.15.15 - - [23/Dec/2025:08:45:15 -0300] "POST /cormun/servlet/permisogoce?9c4e40f8c62e11bc7d10aca96fa5bc96,INS,0,,,,gx-no-cache=1766490330152 HTTP/1.1" 200 93
190.95.15.15 - - [23/Dec/2025:08:45:15 -0300] "GET /cormun/servlet/hpexe_return? HTTP/1.1" 200 1011
190.95.15.15 - - [23/Dec/2025:08:45:15 -0300] "GET /cormun/servlet/trpermisosgoce HTTP/1.1" 200 18490
190.95.2.163 - - [23/Dec/2025:08:45:17 -0300] "GET /cormun/servlet/permisogoce?912cbf4da1763b9534a7e2f25742eced23f00070acfd2931fed1b3c9834314433a292f5432b1aa7c2d526e8169036ca5fd6369550237d9e041c7bb34ecdc2d03,gx-no-cache=1766490332537 HTTP/1.1" 200 48
190.95.2.163 - - [23/Dec/2025:08:45:20 -0300] "POST /cormun/servlet/permisogoce?9ebc803fb493f951f0afff059be48818,INS,0,,,,gx-no-cache=1766490335543 HTTP/1.1" 200 93
190.95.2.163 - - [23/Dec/2025:08:45:20 -0300] "GET /cormun/servlet/hpexe_return? HTTP/1.1" 200 1011
190.95.2.163 - - [23/Dec/2025:08:45:20 -0300] "GET /cormun/servlet/trpermisosgoce HTTP/1.1" 200 18012
190.95.67.93 - - [23/Dec/2025:08:45:21 -0300] "GET /cormun/servlet/permisogoce?95c80231d0a9bd7849af82c8fd96d7001a328caf1b4237d869505e2220af2c5f5fccc09c80b022af7d45b3444303515b410b0cd71ee27f61cc9180082edd9c57,gx-no-cache=1766490335911 HTTP/1.1" 200 82
190.95.2.163 - - [23/Dec/2025:08:45:28 -0300] "GET /cormun/servlet/apermisogoceprn?15946443,P,20251223084551,PU HTTP/1.1" 200 1657
190.95.15.15 - - [23/Dec/2025:08:45:36 -0300] "GET /cormun/servlet/apermisogoceprn?12291312,P,20251223084556,PU HTTP/1.1" 200 1656
190.95.67.93 - - [23/Dec/2025:08:45:44 -0300] "GET /cormun/servlet/permisogoce?95c80231d0a9bd7849af82c8fd96d7008c996d1a9a1420609ccae1331394037c2f7021b86778c6a1589086099e86b929067baf751f5b83139c4c3095c2dac0a7,gx-no-cache=1766490359329 HTTP/1.1" 200 47
190.95.1.187 - - [23/Dec/2025:08:45:46 -0300] "GET /cormun/servlet/hlogin HTTP/1.1" 200 1718
190.95.1.187 - - [23/Dec/2025:08:45:46 -0300] "GET /cormun/servlet/hlogin HTTP/1.1" 200 1728
190.95.1.187 - - [23/Dec/2025:08:45:46 -0300] "GET /favicon.ico HTTP/1.1" 200 21630
190.95.1.187 - - [23/Dec/2025:08:45:48 -0300] "POST /cormun/servlet/hlogin?6e0c99d07e7974f48e3b3d5e7d846c6a,gx-no-cache=1766490363215 HTTP/1.1" 200 90
190.95.1.187 - - [23/Dec/2025:08:45:48 -0300] "GET /cormun/servlet/hpexe_link HTTP/1.1" 200 949
190.95.1.187 - - [23/Dec/2025:08:45:48 -0300] "GET /cormun/static/hpexe_link.js?20221129847423 HTTP/1.1" 200 625
190.95.1.187 - - [23/Dec/2025:08:45:48 -0300] "GET /cormun/static/gxcfg.js?20221129847421 HTTP/1.1" 200 953
190.95.1.187 - - [23/Dec/2025:08:45:48 -0300] "GET /cormun/servlet/hhome HTTP/1.1" 200 4263
190.95.1.187 - - [23/Dec/2025:08:45:48 -0300] "GET /cormun/static/gxcfg.js?20201215495537 HTTP/1.1" 200 953
190.95.1.187 - - [23/Dec/2025:08:45:48 -0300] "GET /cormun/static/Resources/Spanish/PXTools.css?14345360 HTTP/1.1" 200 100853
190.95.1.187 - - [23/Dec/2025:08:45:48 -0300] "GET /cormun/static/hhome.js?20201215495544 HTTP/1.1" 200 777
190.95.1.187 - - [23/Dec/2025:08:45:48 -0300] "GET /cormun/static/SmoothNavMenu/resources/images/right.gif HTTP/1.1" 200 860
190.95.1.187 - - [23/Dec/2025:08:45:48 -0300] "GET /cormun/static/SmoothNavMenu/resources/images/down.gif HTTP/1.1" 200 854
190.95.67.93 - - [23/Dec/2025:08:45:50 -0300] "POST /cormun/servlet/permisogoce?39686a532468fbe08e58b1373c4b0a94,INS,0,,,,gx-no-cache=1766490365155 HTTP/1.1" 200 93
190.95.67.93 - - [23/Dec/2025:08:45:50 -0300] "GET /cormun/servlet/hpexe_return? HTTP/1.1" 200 1008
190.95.67.93 - - [23/Dec/2025:08:45:50 -0300] "GET /cormun/servlet/trpermisosgoce? HTTP/1.1" 200 9329
190.95.1.187 - - [23/Dec/2025:08:45:56 -0300] "GET /cormun/servlet/trlicencias? HTTP/1.1" 200 12930
190.95.1.187 - - [23/Dec/2025:08:45:56 -0300] "GET /cormun/static/Resources/PXToolsDataSearch.png HTTP/1.1" 200 435
190.95.1.187 - - [23/Dec/2025:08:45:56 -0300] "GET /cormun/static/Resources/PXToolsGridLastDisabled.gif HTTP/1.1" 200 98
190.95.1.187 - - [23/Dec/2025:08:45:56 -0300] "GET /cormun/static/Resources/PXToolsGridNextDisabled.gif HTTP/1.1" 200 90
190.95.1.187 - - [23/Dec/2025:08:45:56 -0300] "GET /cormun/static/Resources/PXToolsGridPage.gif HTTP/1.1" 200 725
190.95.1.187 - - [23/Dec/2025:08:45:56 -0300] "GET /cormun/static/Resources/PXToolsActionExcel.png HTTP/1.1" 200 727
190.95.1.187 - - [23/Dec/2025:08:45:56 -0300] "GET /cormun/static/Resources/PXToolsAddAllAction.png HTTP/1.1" 200 495
190.95.1.187 - - [23/Dec/2025:08:45:56 -0300] "GET /cormun//static/Resources/PXToolsActionDisabled.gif HTTP/1.1" 200 53
190.95.1.187 - - [23/Dec/2025:08:45:56 -0300] "GET /cormun/static/Resources/asc.gif HTTP/1.1" 200 67
190.95.1.187 - - [23/Dec/2025:08:45:56 -0300] "GET /cormun//static/Resources/PXToolsGridDisplay.png HTTP/1.1" 200 525
190.95.1.187 - - [23/Dec/2025:08:45:56 -0300] "GET /cormun//static/Resources/PXTools/ActionInsert.png HTTP/1.1" 200 1482
190.95.1.187 - - [23/Dec/2025:08:45:56 -0300] "GET /cormun/static/Resources/desc.gif HTTP/1.1" 200 65
190.95.1.187 - - [23/Dec/2025:08:45:56 -0300] "GET /cormun//static/Resources/PXToolsHeaderHelp.png HTTP/1.1" 200 1333
190.95.1.187 - - [23/Dec/2025:08:45:56 -0300] "GET /cormun//static/Resources/PXToolsHeaderFavorites.png HTTP/1.1" 200 1414
190.95.1.187 - - [23/Dec/2025:08:45:56 -0300] "GET /cormun//static/Resources/PXToolsActionPrint.png HTTP/1.1" 200 404
190.95.1.187 - - [23/Dec/2025:08:45:56 -0300] "GET /cormun/static/Shared/ext/resources/themes/images/default/panel/bg-headersPanel.png HTTP/1.1" 200 255
190.95.1.187 - - [23/Dec/2025:08:45:56 -0300] "GET /cormun/static/Shared/ext/resources/themes/images/default/tools/tool-sprites.gif HTTP/1.1" 200 5434
190.95.1.187 - - [23/Dec/2025:08:45:59 -0300] "GET /cormun/static/menuarrow.gif HTTP/1.1" 404 1015
190.95.67.93 - - [23/Dec/2025:08:46:05 -0300] "GET /cormun/servlet/apermisogoceprn?17506712,P,20251223084613,PU HTTP/1.1" 200 1649
190.95.2.163 - - [23/Dec/2025:08:46:16 -0300] "GET /cormun/servlet/permisogoce?INS,0,,, HTTP/1.1" 200 6860
190.95.1.187 - - [23/Dec/2025:08:46:19 -0300] "POST /cormun/servlet/trlicencias?6e0c99d07e7974f48e3b3d5e7d846c6a,,gx-no-cache=1766490394062 HTTP/1.1" 200 8858
190.95.67.93 - - [23/Dec/2025:08:46:22 -0300] "GET /cormun/servlet/permisogoce?INS,0,,, HTTP/1.1" 200 7227
190.95.67.93 - - [23/Dec/2025:08:46:30 -0300] "GET /cormun/servlet/permisogoce?95c80231d0a9bd7849af82c8fd96d7001a328caf1b4237d869505e2220af2c5f5fccc09c80b022af7d45b3444303515b410b0cd71ee27f61cc9180082edd9c57,gx-no-cache=1766490405014 HTTP/1.1" 200 83
190.95.2.163 - - [23/Dec/2025:08:46:33 -0300] "GET /cormun/servlet/permisogoce?912cbf4da1763b9534a7e2f25742eced8e17b88258ede27957678d882b34ce3e83625f1176d82d5000dfdf054c60c635c2698cf0f69a07cd1a377a94f9012a59,gx-no-cache=1766490408639 HTTP/1.1" 200 67
190.95.2.163 - - [23/Dec/2025:08:46:42 -0300] "GET /cormun/servlet/permisogoce?912cbf4da1763b9534a7e2f25742eced63c057aa29c6f13ab2855060665857b3dd1b5a73e9daeefac3c6e5af7d83e4adfd6369550237d9e041c7bb34ecdc2d03,gx-no-cache=1766490418085 HTTP/1.1" 200 48
190.95.2.163 - - [23/Dec/2025:08:46:46 -0300] "POST /cormun/servlet/permisogoce?9ebc803fb493f951f0afff059be48818,INS,0,,,,gx-no-cache=1766490421667 HTTP/1.1" 200 93
190.95.2.163 - - [23/Dec/2025:08:46:46 -0300] "GET /cormun/servlet/hpexe_return? HTTP/1.1" 200 1011
190.95.2.163 - - [23/Dec/2025:08:46:46 -0300] "GET /cormun/servlet/trpermisosgoce HTTP/1.1" 200 18053
190.95.67.93 - - [23/Dec/2025:08:46:53 -0300] "GET /cormun/servlet/permisogoce?95c80231d0a9bd7849af82c8fd96d7008c996d1a9a1420609ccae1331394037c0e770eda1082ee32a70192442479ef1a067baf751f5b83139c4c3095c2dac0a7,gx-no-cache=1766490428249 HTTP/1.1" 200 48
190.95.2.163 - - [23/Dec/2025:08:46:55 -0300] "GET /cormun/servlet/apermisogoceprn?25940801,P,20251223084718,PU HTTP/1.1" 200 1652
190.95.67.93 - - [23/Dec/2025:08:46:57 -0300] "POST /cormun/servlet/permisogoce?39686a532468fbe08e58b1373c4b0a94,INS,0,,,,gx-no-cache=1766490431355 HTTP/1.1" 200 93
190.95.67.93 - - [23/Dec/2025:08:46:57 -0300] "GET /cormun/servlet/hpexe_return? HTTP/1.1" 200 1008
190.95.67.93 - - [23/Dec/2025:08:46:57 -0300] "GET /cormun/servlet/trpermisosgoce HTTP/1.1" 200 9475
190.95.15.15 - - [23/Dec/2025:08:46:58 -0300] "GET /cormun/servlet/permisogoce?INS,0,,, HTTP/1.1" 200 6859
190.95.67.93 - - [23/Dec/2025:08:47:01 -0300] "GET /cormun/servlet/apermisogoceprn?17506712,P,20251223084724,PU HTTP/1.1" 200 1644
190.95.2.163 - - [23/Dec/2025:08:47:14 -0300] "GET /cormun/servlet/permisogoce?INS,0,,, HTTP/1.1" 200 6861
185.137.122.74 - - [23/Dec/2025:08:47:17 -0300] "GET /0154.cfg HTTP/1.1" 404 977
190.95.2.163 - - [23/Dec/2025:08:47:24 -0300] "GET /cormun/servlet/permisogoce?912cbf4da1763b9534a7e2f25742eced86e0a7d8d44a3922841cb5bee7a3fa7883625f1176d82d5000dfdf054c60c635c2698cf0f69a07cd1a377a94f9012a59,gx-no-cache=1766490459583 HTTP/1.1" 200 81
190.95.15.15 - - [23/Dec/2025:08:47:28 -0300] "GET /cormun/servlet/permisogoce?09e9474e8b791c33e7dea253e67935d2c12f688a31095ca0e059c0b6f1b2d38ed4068d44e20eacd83be7ebbe91ffca76eb031fd3882b6d633cb2d034a0b054a6,gx-no-cache=1766490463307 HTTP/1.1" 200 76
179.57.78.55 - - [23/Dec/2025:08:47:28 -0300] "GET /cormun/servlet/trlicencias? HTTP/1.1" 200 11020
190.95.67.93 - - [23/Dec/2025:08:47:31 -0300] "POST /cormun/servlet/trpermisosgoce?39686a532468fbe08e58b1373c4b0a94,gx-no-cache=1766490466116 HTTP/1.1" 200 6153
190.95.2.163 - - [23/Dec/2025:08:47:36 -0300] "GET /cormun/servlet/permisogoce?912cbf4da1763b9534a7e2f25742ecedb96074ab76c228b8a759d71b8b3c3f62693aa555c44bb2fd9f0e557e2cd56cc1fd6369550237d9e041c7bb34ecdc2d03,gx-no-cache=1766490471929 HTTP/1.1" 200 48
190.95.15.15 - - [23/Dec/2025:08:47:36 -0300] "GET /cormun/servlet/permisogoce?09e9474e8b791c33e7dea253e67935d288570bbad4a4a0ff6235884160ac24304e922993d0788b7eb1349373fa273b8dc548e690049d76bb7bffd0af3f2b8035,gx-no-cache=1766490471700 HTTP/1.1" 200 48
190.95.1.187 - - [23/Dec/2025:08:47:37 -0300] "GET /cormun/servlet/permisogoce?INS,0,,, HTTP/1.1" 200 6886
190.95.15.15 - - [23/Dec/2025:08:47:39 -0300] "POST /cormun/servlet/permisogoce?9c4e40f8c62e11bc7d10aca96fa5bc96,INS,0,,,,gx-no-cache=1766490473429 HTTP/1.1" 200 93
190.95.15.15 - - [23/Dec/2025:08:47:39 -0300] "GET /cormun/servlet/hpexe_return? HTTP/1.1" 200 1011
190.95.15.15 - - [23/Dec/2025:08:47:39 -0300] "GET /cormun/servlet/trpermisosgoce HTTP/1.1" 200 18480
190.95.1.187 - - [23/Dec/2025:08:47:39 -0300] "POST /cormun/servlet/trlicencias?6e0c99d07e7974f48e3b3d5e7d846c6a,,gx-no-cache=1766490474486 HTTP/1.1" 200 14059
190.95.2.163 - - [23/Dec/2025:08:47:40 -0300] "POST /cormun/servlet/permisogoce?9ebc803fb493f951f0afff059be48818,INS,0,,,,gx-no-cache=1766490475537 HTTP/1.1" 200 93
190.95.2.163 - - [23/Dec/2025:08:47:40 -0300] "GET /cormun/servlet/hpexe_return? HTTP/1.1" 200 1011
190.95.2.163 - - [23/Dec/2025:08:47:40 -0300] "GET /cormun/servlet/trpermisosgoce HTTP/1.1" 200 18002
190.95.15.15 - - [23/Dec/2025:08:47:42 -0300] "GET /cormun/servlet/apermisogoceprn?18379399,P,20251223084800,PU HTTP/1.1" 200 1654
190.95.1.187 - - [23/Dec/2025:08:47:44 -0300] "GET /cormun/servlet/permisogoce?4264f4705672415cce63ac618e5474e8d0df3f76917a9d800ae9fa0b6807401eb5e934bc4527035586f1c8693df47622642d8c074e18f60c830722c9409e4a5f,gx-no-cache=1766490477227 HTTP/1.1" 200 188
190.95.1.187 - - [23/Dec/2025:08:47:44 -0300] "GET /cormun/static/Shared/jqueryui/images/ui-icons_82798d_256x240.png HTTP/1.1" 404 1089
190.95.1.187 - - [23/Dec/2025:08:47:44 -0300] "GET /cormun/static/Shared/jqueryui/images/ui-bg_highlight-soft_100_c6c2c8_1x100.png HTTP/1.1" 404 1117
190.95.1.187 - - [23/Dec/2025:08:47:44 -0300] "GET /cormun/static/Shared/jqueryui/images/ui-bg_flat_55_994d53_40x100.png HTTP/1.1" 404 1097
190.95.1.187 - - [23/Dec/2025:08:47:44 -0300] "GET /cormun/static/Shared/jqueryui/images/ui-icons_ebccce_256x240.png HTTP/1.1" 404 1089
190.95.67.93 - - [23/Dec/2025:08:47:45 -0300] "GET /cormun/servlet/permisogoce?INS,0,,, HTTP/1.1" 200 7226
190.95.2.163 - - [23/Dec/2025:08:47:50 -0300] "GET /cormun/servlet/apermisogoceprn?19820483,P,20251223084816,PU HTTP/1.1" 200 1656
190.95.67.93 - - [23/Dec/2025:08:47:53 -0300] "GET /cormun/servlet/permisogoce?95c80231d0a9bd7849af82c8fd96d700dc0578bf106324e7581399e08d8c76e55fccc09c80b022af7d45b3444303515b410b0cd71ee27f61cc9180082edd9c57,gx-no-cache=1766490488716 HTTP/1.1" 200 88
190.95.2.163 - - [23/Dec/2025:08:48:07 -0300] "GET /cormun/servlet/permisogoce?INS,0,,, HTTP/1.1" 200 6860
190.95.67.97 - - [23/Dec/2025:08:48:13 -0300] "GET /cormun/servlet/hlogin HTTP/1.1" 200 1723
190.95.67.97 - - [23/Dec/2025:08:48:13 -0300] "GET /cormun/static/gxtimezone.js?85251 HTTP/1.1" 200 5781
190.95.67.97 - - [23/Dec/2025:08:48:13 -0300] "GET /cormun/static/gxcfg.js?2022112219184450 HTTP/1.1" 200 953
190.95.67.97 - - [23/Dec/2025:08:48:13 -0300] "GET /cormun/static/Resources/CormunLogin.png HTTP/1.1" 200 19132
190.95.67.97 - - [23/Dec/2025:08:48:13 -0300] "GET /cormun/static/messages.spa.js?85251 HTTP/1.1" 200 30736
190.95.67.97 - - [23/Dec/2025:08:48:13 -0300] "GET /cormun/static/hlogin.js?2022112219184458 HTTP/1.1" 200 2156
190.95.67.97 - - [23/Dec/2025:08:48:13 -0300] "GET /cormun/static/Resources/Spanish/PXTools.css?1759030 HTTP/1.1" 200 100853
190.95.67.97 - - [23/Dec/2025:08:48:13 -0300] "GET /cormun/static/gxgral.js?85251 HTTP/1.1" 200 384558
190.95.67.97 - - [23/Dec/2025:08:48:13 -0300] "GET /cormun/static/Resources/PXToolsLoginTop.png HTTP/1.1" 200 1337
190.95.67.97 - - [23/Dec/2025:08:48:13 -0300] "GET /cormun/static/Resources/PXToolsLoginBackground.png HTTP/1.1" 200 1164
190.95.67.97 - - [23/Dec/2025:08:48:13 -0300] "GET /cormun/static/Resources/PXToolsButtonLeft.png HTTP/1.1" 200 1310
190.95.67.97 - - [23/Dec/2025:08:48:13 -0300] "GET /cormun/static/Resources/PXToolsButtonRight.png HTTP/1.1" 200 1294
190.95.67.97 - - [23/Dec/2025:08:48:13 -0300] "GET /cormun/static/Resources/PXToolsButtonBackground.png HTTP/1.1" 200 1176
190.95.67.97 - - [23/Dec/2025:08:48:13 -0300] "GET /cormun/static/Resources/PXToolsLoginBottom.png HTTP/1.1" 200 1389
190.95.67.97 - - [23/Dec/2025:08:48:13 -0300] "GET /cormun/static/Resources/indicator.gif HTTP/1.1" 200 1553
190.95.67.97 - - [23/Dec/2025:08:48:13 -0300] "GET /cormun/servlet/hlogin HTTP/1.1" 200 1733
190.95.67.97 - - [23/Dec/2025:08:48:13 -0300] "GET /favicon.ico HTTP/1.1" 200 21630
190.95.67.99 - - [23/Dec/2025:08:48:20 -0300] "GET /cormun/servlet/hhome HTTP/1.1" 200 3324
190.95.67.99 - - [23/Dec/2025:08:48:24 -0300] "GET /cormun/servlet/hhome HTTP/1.1" 200 3334
190.95.67.99 - - [23/Dec/2025:08:48:24 -0300] "GET /cormun/servlet/hlogin HTTP/1.1" 200 1729
190.95.2.163 - - [23/Dec/2025:08:48:24 -0300] "GET /cormun/servlet/permisogoce?912cbf4da1763b9534a7e2f25742eced86e0a7d8d44a3922841cb5bee7a3fa7883625f1176d82d5000dfdf054c60c635c2698cf0f69a07cd1a377a94f9012a59,gx-no-cache=1766490519449 HTTP/1.1" 200 80
190.95.67.93 - - [23/Dec/2025:08:48:27 -0300] "GET /cormun/servlet/permisogoce?95c80231d0a9bd7849af82c8fd96d700bb86cf027e1055418cbc5d6ea0e0db43934ddf267a8ea785173dd334fb92d88a4e3e683d4d7eb4d9c001c80ce752ef28,gx-no-cache=1766490522073 HTTP/1.1" 200 48
190.95.67.93 - - [23/Dec/2025:08:48:30 -0300] "POST /cormun/servlet/permisogoce?39686a532468fbe08e58b1373c4b0a94,INS,0,,,,gx-no-cache=1766490524619 HTTP/1.1" 200 93
190.95.67.93 - - [23/Dec/2025:08:48:30 -0300] "GET /cormun/servlet/hpexe_return? HTTP/1.1" 200 1030
190.95.67.93 - - [23/Dec/2025:08:48:30 -0300] "GET /cormun/servlet/trpermisosgoce?gx-no-cache=1766490466116 HTTP/1.1" 200 9161
190.95.67.99 - - [23/Dec/2025:08:48:31 -0300] "POST /cormun/servlet/hlogin?996c40b87dc1b0a190155513df9c6bef,gx-no-cache=1766490525985 HTTP/1.1" 200 90
190.95.67.99 - - [23/Dec/2025:08:48:31 -0300] "GET /cormun/servlet/hpexe_link HTTP/1.1" 200 950
190.95.67.97 - - [23/Dec/2025:08:48:31 -0300] "POST /cormun/servlet/hlogin?5ae857100ba502784d39332faa3faded,gx-no-cache=1766490525535 HTTP/1.1" 200 447
190.95.67.99 - - [23/Dec/2025:08:48:31 -0300] "GET /cormun/servlet/hhome HTTP/1.1" 200 4316
190.95.2.163 - - [23/Dec/2025:08:48:32 -0300] "GET /cormun/servlet/permisogoce?912cbf4da1763b9534a7e2f25742ecedb96074ab76c228b8a759d71b8b3c3f628aba8aad0a65d2dcf78fad12301f63effd6369550237d9e041c7bb34ecdc2d03,gx-no-cache=1766490527949 HTTP/1.1" 200 48
190.95.2.163 - - [23/Dec/2025:08:48:36 -0300] "POST /cormun/servlet/permisogoce?9ebc803fb493f951f0afff059be48818,INS,0,,,,gx-no-cache=1766490531301 HTTP/1.1" 200 93
190.95.2.163 - - [23/Dec/2025:08:48:36 -0300] "GET /cormun/servlet/hpexe_return? HTTP/1.1" 200 1011
190.95.2.163 - - [23/Dec/2025:08:48:36 -0300] "GET /cormun/servlet/trpermisosgoce HTTP/1.1" 200 18041
190.95.67.93 - - [23/Dec/2025:08:48:37 -0300] "GET /cormun/servlet/apermisogoceprn?18379144,P,20251223084847,PU HTTP/1.1" 200 1667
190.95.67.99 - - [23/Dec/2025:08:48:44 -0300] "GET /cormun/servlet/trlicencias? HTTP/1.1" 200 8995
190.95.2.163 - - [23/Dec/2025:08:48:48 -0300] "GET /cormun/servlet/apermisogoceprn?19820483,P,20251223084909,PU HTTP/1.1" 200 1662
190.95.67.99 - - [23/Dec/2025:08:48:50 -0300] "GET /cormun/servlet/trpermisosgoce? HTTP/1.1" 200 18011
190.95.67.97 - - [23/Dec/2025:08:48:56 -0300] "POST /cormun/servlet/hlogin?5ae857100ba502784d39332faa3faded,gx-no-cache=1766490550142 HTTP/1.1" 200 447
190.95.2.163 - - [23/Dec/2025:08:49:07 -0300] "GET /cormun/servlet/permisogoce?INS,0,,, HTTP/1.1" 200 6862
190.95.67.97 - - [23/Dec/2025:08:49:07 -0300] "POST /cormun/servlet/hlogin?5ae857100ba502784d39332faa3faded,gx-no-cache=1766490561756 HTTP/1.1" 200 447
190.95.67.93 - - [23/Dec/2025:08:49:16 -0300] "POST /cormun/servlet/trpermisosgoce?39686a532468fbe08e58b1373c4b0a94,gx-no-cache=1766490466116,gx-no-cache=1766490571579 HTTP/1.1" 200 6104
190.95.67.97 - - [23/Dec/2025:08:49:18 -0300] "POST /cormun/servlet/hlogin?5ae857100ba502784d39332faa3faded,gx-no-cache=1766490572142 HTTP/1.1" 200 447
190.95.2.163 - - [23/Dec/2025:08:49:19 -0300] "GET /cormun/servlet/permisogoce?912cbf4da1763b9534a7e2f25742eced21c0634daab61dce32512b2a7fe1458b83625f1176d82d5000dfdf054c60c635c2698cf0f69a07cd1a377a94f9012a59,gx-no-cache=1766490575195 HTTP/1.1" 200 84
190.95.67.93 - - [23/Dec/2025:08:49:29 -0300] "GET /cormun/servlet/permisogoce?INS,0,,, HTTP/1.1" 200 7249
190.95.2.163 - - [23/Dec/2025:08:49:31 -0300] "GET /cormun/servlet/permisogoce?912cbf4da1763b9534a7e2f25742ecedd6c75939fe69822c31e30086aad5b95451a5ca529d720dc537e7f2158269e8d4fd6369550237d9e041c7bb34ecdc2d03,gx-no-cache=1766490586339 HTTP/1.1" 200 48
190.95.67.93 - - [23/Dec/2025:08:49:37 -0300] "GET /cormun/servlet/permisogoce?95c80231d0a9bd7849af82c8fd96d7001853a3a6760bab2d957e0749e77b28fa5fccc09c80b022af7d45b3444303515b410b0cd71ee27f61cc9180082edd9c57,gx-no-cache=1766490591798 HTTP/1.1" 200 83
190.95.2.163 - - [23/Dec/2025:08:49:40 -0300] "POST /cormun/servlet/permisogoce?9ebc803fb493f951f0afff059be48818,INS,0,,,,gx-no-cache=1766490594969 HTTP/1.1" 200 93
190.95.2.163 - - [23/Dec/2025:08:49:40 -0300] "GET /cormun/servlet/hpexe_return? HTTP/1.1" 200 1011
190.95.2.163 - - [23/Dec/2025:08:49:40 -0300] "GET /cormun/servlet/trpermisosgoce HTTP/1.1" 200 17962
190.95.67.97 - - [23/Dec/2025:08:49:42 -0300] "POST /cormun/servlet/hlogin?5ae857100ba502784d39332faa3faded,gx-no-cache=1766490596485 HTTP/1.1" 200 90
190.95.67.97 - - [23/Dec/2025:08:49:42 -0300] "GET /cormun/servlet/hpexe_link HTTP/1.1" 200 954
190.95.67.97 - - [23/Dec/2025:08:49:42 -0300] "GET /cormun/static/gxcfg.js?20221129847421 HTTP/1.1" 200 953
190.95.67.97 - - [23/Dec/2025:08:49:42 -0300] "GET /cormun/static/hpexe_link.js?20221129847423 HTTP/1.1" 200 625
190.95.67.97 - - [23/Dec/2025:08:49:42 -0300] "GET /cormun/static/Resources/Spanish/PXTools.css?8354383 HTTP/1.1" 200 100853
190.95.67.97 - - [23/Dec/2025:08:49:42 -0300] "GET /cormun/servlet/hhome HTTP/1.1" 200 3891
190.95.67.97 - - [23/Dec/2025:08:49:42 -0300] "GET /cormun/static/SmoothNavMenu/resources/ddsmoothmenu.css?1112540 HTTP/1.1" 200 2223
190.95.67.97 - - [23/Dec/2025:08:49:42 -0300] "GET /cormun/static/Resources/Spanish/PXTools.css?14345360 HTTP/1.1" 200 100853
190.95.67.97 - - [23/Dec/2025:08:49:42 -0300] "GET /cormun/static/Shared/jqueryui/jquery-ui.min.css?1345370 HTTP/1.1" 200 30288
190.95.67.97 - - [23/Dec/2025:08:49:42 -0300] "GET /cormun/static/scaMessage/css/jquery.pnotify.default.css?1816380 HTTP/1.1" 200 1707
190.95.67.97 - - [23/Dec/2025:08:49:42 -0300] "GET /cormun/static/gxcfg.js?20201215495537 HTTP/1.1" 200 953
190.95.67.97 - - [23/Dec/2025:08:49:42 -0300] "GET /cormun/static/PXToolsJavascripts/pexe_autoreload.js HTTP/1.1" 200 1762
190.95.67.97 - - [23/Dec/2025:08:49:42 -0300] "GET /cormun/static/SmoothNavMenu/resources/ddsmoothmenu-v.css?1112540 HTTP/1.1" 200 1188
190.95.67.97 - - [23/Dec/2025:08:49:42 -0300] "GET /cormun/static/PXToolsJavascripts/pexe_cookies.js HTTP/1.1" 200 792
190.95.67.97 - - [23/Dec/2025:08:49:42 -0300] "GET /cormun/static/PXToolsJavascripts/pexe_windows.js HTTP/1.1" 200 15249
190.95.67.97 - - [23/Dec/2025:08:49:42 -0300] "GET /cormun/static/PXToolsJavascripts/pexe_link.js HTTP/1.1" 200 5671
190.95.67.97 - - [23/Dec/2025:08:49:42 -0300] "GET /cormun/static/PXToolsJavascripts/pexe_grid.js HTTP/1.1" 200 7559
190.95.67.97 - - [23/Dec/2025:08:49:42 -0300] "GET /cormun/static/PXToolsJavascripts/pexe_griddivfix.js HTTP/1.1" 200 6946
190.95.67.97 - - [23/Dec/2025:08:49:42 -0300] "GET /cormun/static/PXToolsJavascripts/pexe_menudivfix.js HTTP/1.1" 200 333
190.95.67.97 - - [23/Dec/2025:08:49:42 -0300] "GET /cormun/static/PXToolsJavascripts/pexe_menus.js HTTP/1.1" 200 1286
190.95.67.97 - - [23/Dec/2025:08:49:42 -0300] "GET /cormun/static/PXToolsJavascripts/pexe_layers.js HTTP/1.1" 200 4114
190.95.67.97 - - [23/Dec/2025:08:49:42 -0300] "GET /cormun/static/PXToolsJavascripts/pexe_oav.js HTTP/1.1" 200 645
190.95.67.97 - - [23/Dec/2025:08:49:42 -0300] "GET /cormun/static/PXToolsJavascripts/pexe_oavdivfix.js HTTP/1.1" 200 639
190.95.67.97 - - [23/Dec/2025:08:49:42 -0300] "GET /cormun/static/PXToolsJavascripts/pexe_picture.js HTTP/1.1" 200 689
190.95.67.97 - - [23/Dec/2025:08:49:42 -0300] "GET /cormun/static/PXToolsJavascripts/pexe_scrolldiv.js HTTP/1.1" 200 4138
190.95.67.97 - - [23/Dec/2025:08:49:42 -0300] "GET /cormun/static/PXToolsJavascripts/pexe_tabdivfix.js HTTP/1.1" 200 898
190.95.67.97 - - [23/Dec/2025:08:49:42 -0300] "GET /cormun/static/PXToolsJavascripts/pexe_tabs.js HTTP/1.1" 200 3748
190.95.67.97 - - [23/Dec/2025:08:49:42 -0300] "GET /cormun/static/PXToolsJavascripts/pexe_upload.js HTTP/1.1" 200 1423
190.95.67.97 - - [23/Dec/2025:08:49:42 -0300] "GET /cormun/static/PXToolsJavascripts/pexe_popup.js HTTP/1.1" 200 15149
190.95.67.97 - - [23/Dec/2025:08:49:42 -0300] "GET /cormun/static/PXToolsJavascripts/PXToolsJavascriptsRender.js HTTP/1.1" 200 367
190.95.67.97 - - [23/Dec/2025:08:49:42 -0300] "GET /cormun/static/Resources/CormunMP2.png HTTP/1.1" 200 6878
190.95.67.97 - - [23/Dec/2025:08:49:42 -0300] "GET /cormun/static/Resources/ImgHome.png HTTP/1.1" 200 1364
190.95.67.97 - - [23/Dec/2025:08:49:42 -0300] "GET /cormun/static/Resources/ImgLogin.png HTTP/1.1" 200 1432
190.95.67.97 - - [23/Dec/2025:08:49:42 -0300] "GET /cormun/static/Resources/Llave.png HTTP/1.1" 200 1395
190.95.67.97 - - [23/Dec/2025:08:49:42 -0300] "GET /cormun/static/Shared/ext/locale/ext-lang-en.js HTTP/1.1" 200 10940
190.95.67.97 - - [23/Dec/2025:08:49:42 -0300] "GET /cormun/static/RunJS/RunJS.js HTTP/1.1" 200 288
190.95.67.97 - - [23/Dec/2025:08:49:42 -0300] "GET /cormun/static/hhome.js?20201215495544 HTTP/1.1" 200 777
190.95.67.97 - - [23/Dec/2025:08:49:42 -0300] "GET /cormun/static/Resources/PXToolsDataTitle.png HTTP/1.1" 200 1173
190.95.67.97 - - [23/Dec/2025:08:49:42 -0300] "GET /cormun/static/hwchdr01.js?2022112219251119 HTTP/1.1" 200 996
190.95.67.97 - - [23/Dec/2025:08:49:42 -0300] "GET /cormun/static/hpexe_recentlink.js?20201214471090 HTTP/1.1" 200 2144
190.95.67.97 - - [23/Dec/2025:08:49:42 -0300] "GET /cormun/static/hpexe_scripts.js?20201214471411 HTTP/1.1" 200 1544
190.95.67.97 - - [23/Dec/2025:08:49:42 -0300] "GET /cormun/static/hpexe_messagecontroller.js?202211298371222 HTTP/1.1" 200 870
190.95.67.97 - - [23/Dec/2025:08:49:42 -0300] "GET /cormun/static/hpexe_messagepopupcomponent.js?2020121447232 HTTP/1.1" 200 605
190.95.67.97 - - [23/Dec/2025:08:49:42 -0300] "GET /cormun/static/hpexe_messagegenexuscomponent.js?20221129836373 HTTP/1.1" 200 587
190.95.67.97 - - [23/Dec/2025:08:49:42 -0300] "GET /cormun/static/cmcontrolpreferences.js?20199141926336 HTTP/1.1" 200 1375
190.95.67.97 - - [23/Dec/2025:08:49:42 -0300] "GET /cormun/static/gxui/gxui-all.js HTTP/1.1" 200 107772
190.95.67.97 - - [23/Dec/2025:08:49:42 -0300] "GET /cormun/static/SmoothNavMenu/resources/ddsmoothmenu.js HTTP/1.1" 200 12712
190.95.67.97 - - [23/Dec/2025:08:49:42 -0300] "GET /cormun/static/Shared/jquery/jquery-1.4.2.min.js HTTP/1.1" 200 72174
190.95.67.97 - - [23/Dec/2025:08:49:42 -0300] "GET /cormun/static/SmoothNavMenu/resources/SmoothNavMenuRender.js HTTP/1.1" 200 5951
190.95.67.97 - - [23/Dec/2025:08:49:42 -0300] "GET /cormun/static/scaMessage/js/jquery.pnotify.min.js HTTP/1.1" 200 13038
190.95.67.97 - - [23/Dec/2025:08:49:42 -0300] "GET /cormun/static/scaMessage/scaMessageRender.js HTTP/1.1" 200 11977
190.95.67.97 - - [23/Dec/2025:08:49:42 -0300] "GET /cormun/static/Shared/jqueryui/jquery-ui.min.js HTTP/1.1" 200 240427
190.95.67.97 - - [23/Dec/2025:08:49:42 -0300] "GET /cormun/static/hmpwkw03.js?20221129844354 HTTP/1.1" 200 3971
190.95.67.97 - - [23/Dec/2025:08:49:42 -0300] "GET /cormun/static/Shared/jquery/jquery-1.10.2.min.js HTTP/1.1" 200 273199
190.95.67.97 - - [23/Dec/2025:08:49:42 -0300] "GET /cormun/static/Shared/ext/ext-all.js HTTP/1.1" 200 1289687
190.95.67.97 - - [23/Dec/2025:08:49:43 -0300] "GET /cormun/static/SmoothNavMenu/resources/images/down.gif HTTP/1.1" 200 854
