179.57.78.9 - - [22/Dec/2025:08:42:12 -0300] "GET /cormun/static/PXToolsJavascripts/pexe_picture.js HTTP/1.1" 200 689
179.57.78.9 - - [22/Dec/2025:08:42:12 -0300] "GET /cormun/static/PXToolsJavascripts/pexe_popup.js HTTP/1.1" 200 15149
179.57.78.9 - - [22/Dec/2025:08:42:12 -0300] "GET /cormun/static/PXToolsJavascripts/pexe_scrolldiv.js HTTP/1.1" 200 4138
179.57.78.9 - - [22/Dec/2025:08:42:12 -0300] "GET /cormun/static/PXToolsJavascripts/pexe_tabdivfix.js HTTP/1.1" 200 898
179.57.78.9 - - [22/Dec/2025:08:42:12 -0300] "GET /cormun/static/PXToolsJavascripts/pexe_tabs.js HTTP/1.1" 200 3748
179.57.78.9 - - [22/Dec/2025:08:42:12 -0300] "GET /cormun/static/PXToolsJavascripts/pexe_upload.js HTTP/1.1" 200 1423
179.57.78.9 - - [22/Dec/2025:08:42:12 -0300] "GET /cormun/static/PXToolsJavascripts/PXToolsJavascriptsRender.js HTTP/1.1" 200 367
179.57.78.9 - - [22/Dec/2025:08:42:12 -0300] "GET /cormun/static/Resources/CormunMP2.png HTTP/1.1" 200 6878
179.57.78.9 - - [22/Dec/2025:08:42:12 -0300] "GET /cormun/static/Resources/ImgHome.png HTTP/1.1" 200 1364
179.57.78.9 - - [22/Dec/2025:08:42:12 -0300] "GET /cormun/static/Resources/Llave.png HTTP/1.1" 200 1395
179.57.78.9 - - [22/Dec/2025:08:42:12 -0300] "GET /cormun/static/Resources/ImgLogin.png HTTP/1.1" 200 1432
179.57.78.9 - - [22/Dec/2025:08:42:12 -0300] "GET /cormun/static/RunJS/RunJS.js HTTP/1.1" 200 288
179.57.78.9 - - [22/Dec/2025:08:42:12 -0300] "GET /cormun/static/Shared/ext/locale/ext-lang-en.js HTTP/1.1" 200 10940
179.57.78.9 - - [22/Dec/2025:08:42:12 -0300] "GET /cormun/static/Resources/PXToolsDataTitle.png HTTP/1.1" 200 1173
179.57.78.9 - - [22/Dec/2025:08:42:12 -0300] "GET /cormun/static/hhome.js?20201215495544 HTTP/1.1" 200 777
179.57.78.9 - - [22/Dec/2025:08:42:12 -0300] "GET /cormun/static/hwchdr01.js?2022112219251119 HTTP/1.1" 200 996
179.57.78.9 - - [22/Dec/2025:08:42:12 -0300] "GET /cormun/static/hpexe_recentlink.js?20201214471090 HTTP/1.1" 200 2144
179.57.78.9 - - [22/Dec/2025:08:42:12 -0300] "GET /cormun/static/hpexe_scripts.js?20201214471411 HTTP/1.1" 200 1544
179.57.78.9 - - [22/Dec/2025:08:42:12 -0300] "GET /cormun/static/gxui/gxui-all.js HTTP/1.1" 200 107772
179.57.78.9 - - [22/Dec/2025:08:42:12 -0300] "GET /cormun/static/hpexe_messagecontroller.js?202211298371222 HTTP/1.1" 200 870
179.57.78.9 - - [22/Dec/2025:08:42:12 -0300] "GET /cormun/static/hpexe_messagepopupcomponent.js?2020121447232 HTTP/1.1" 200 605
179.57.78.9 - - [22/Dec/2025:08:42:12 -0300] "GET /cormun/static/hpexe_messagegenexuscomponent.js?20221129836373 HTTP/1.1" 200 587
179.57.78.9 - - [22/Dec/2025:08:42:12 -0300] "GET /cormun/static/cmcontrolpreferences.js?20199141926336 HTTP/1.1" 200 1375
179.57.78.9 - - [22/Dec/2025:08:42:12 -0300] "GET /cormun/static/Shared/jquery/jquery-1.4.2.min.js HTTP/1.1" 200 72174
179.57.78.9 - - [22/Dec/2025:08:42:12 -0300] "GET /cormun/static/SmoothNavMenu/resources/SmoothNavMenuRender.js HTTP/1.1" 200 5951
179.57.78.9 - - [22/Dec/2025:08:42:12 -0300] "GET /cormun/static/SmoothNavMenu/resources/ddsmoothmenu.js HTTP/1.1" 200 12712
179.57.78.9 - - [22/Dec/2025:08:42:12 -0300] "GET /cormun/static/Shared/jquery/jquery-1.10.2.min.js HTTP/1.1" 200 273199
179.57.78.9 - - [22/Dec/2025:08:42:12 -0300] "GET /cormun/static/Shared/jqueryui/jquery-ui.min.js HTTP/1.1" 200 240427
179.57.78.9 - - [22/Dec/2025:08:42:12 -0300] "GET /cormun/static/scaMessage/js/jquery.pnotify.min.js HTTP/1.1" 200 13038
179.57.78.9 - - [22/Dec/2025:08:42:12 -0300] "GET /cormun/static/scaMessage/scaMessageRender.js HTTP/1.1" 200 11977
179.57.78.9 - - [22/Dec/2025:08:42:12 -0300] "GET /cormun/static/hmpwkw03.js?20221129844354 HTTP/1.1" 200 3971
179.57.78.9 - - [22/Dec/2025:08:42:12 -0300] "GET /cormun/static/Shared/ext/ext-all.js HTTP/1.1" 200 1289687
179.57.78.9 - - [22/Dec/2025:08:42:12 -0300] "GET /cormun/static/SmoothNavMenu/resources/images/right.gif HTTP/1.1" 200 860
179.57.78.9 - - [22/Dec/2025:08:42:12 -0300] "GET /cormun/static/SmoothNavMenu/resources/images/down.gif HTTP/1.1" 200 854
179.57.78.9 - - [22/Dec/2025:08:42:16 -0300] "GET /cormun/servlet/trlicencias? HTTP/1.1" 200 11387
179.57.78.9 - - [22/Dec/2025:08:42:16 -0300] "GET /cormun/static/gxui/gxui-all.css?120300 HTTP/1.1" 200 2179
179.57.78.9 - - [22/Dec/2025:08:42:16 -0300] "GET /cormun/static/calendar.js?85251 HTTP/1.1" 200 26246
179.57.78.9 - - [22/Dec/2025:08:42:16 -0300] "GET /cormun/static/calendar-setup.js?85251 HTTP/1.1" 200 2588
179.57.78.9 - - [22/Dec/2025:08:42:16 -0300] "GET /cormun/static/gxcfg.js?202211298463625 HTTP/1.1" 200 953
179.57.78.9 - - [22/Dec/2025:08:42:16 -0300] "GET /cormun/static/calendar-system.css?85620 HTTP/1.1" 200 5572
179.57.78.9 - - [22/Dec/2025:08:42:16 -0300] "GET /cormun/static/calendar-es.js?85251 HTTP/1.1" 200 1901
179.57.78.9 - - [22/Dec/2025:08:42:16 -0300] "GET /cormun/static/Resources/PXTools/calendar.png HTTP/1.1" 200 1306
179.57.78.9 - - [22/Dec/2025:08:42:16 -0300] "GET /cormun/static/gxdec.js?85251 HTTP/1.1" 200 19579
179.57.78.9 - - [22/Dec/2025:08:42:16 -0300] "GET /cormun/static/trlicencias.js?202211298463889 HTTP/1.1" 200 41883
179.57.78.9 - - [22/Dec/2025:08:42:16 -0300] "GET /cormun/static/Resources/PXToolsDataSearch.png HTTP/1.1" 200 435
179.57.78.9 - - [22/Dec/2025:08:42:16 -0300] "GET /cormun/static/Resources/PXToolsGridFirstDisabled.gif HTTP/1.1" 200 100
179.57.78.9 - - [22/Dec/2025:08:42:16 -0300] "GET /cormun/static/Resources/PXToolsGridPreviousDisabled.gif HTTP/1.1" 200 90
179.57.78.9 - - [22/Dec/2025:08:42:16 -0300] "GET /cormun/static/Resources/PXToolsGridNextDisabled.gif HTTP/1.1" 200 90
179.57.78.9 - - [22/Dec/2025:08:42:16 -0300] "GET /cormun/static/Shared/ext/resources/css/ext-all.css?215870 HTTP/1.1" 200 416045
179.57.78.9 - - [22/Dec/2025:08:42:16 -0300] "GET /cormun/static/Resources/PXToolsGridLastDisabled.gif HTTP/1.1" 200 98
179.57.78.9 - - [22/Dec/2025:08:42:16 -0300] "GET /cormun/static/Resources/PXToolsGridPage.gif HTTP/1.1" 200 725
179.57.78.9 - - [22/Dec/2025:08:42:16 -0300] "GET /cormun/static/Resources/PXToolsActionExcel.png HTTP/1.1" 200 727
179.57.78.9 - - [22/Dec/2025:08:42:17 -0300] "GET /cormun/static/Resources/PXToolsAddAllAction.png HTTP/1.1" 200 495
179.57.78.9 - - [22/Dec/2025:08:42:17 -0300] "GET /cormun/static/Resources/asc.gif HTTP/1.1" 200 67
179.57.78.9 - - [22/Dec/2025:08:42:17 -0300] "GET /cormun//static/Resources/PXToolsActionDisabled.gif HTTP/1.1" 200 53
179.57.78.9 - - [22/Dec/2025:08:42:17 -0300] "GET /cormun//static/Resources/PXToolsGridDisplay.png HTTP/1.1" 200 525
179.57.78.9 - - [22/Dec/2025:08:42:17 -0300] "GET /cormun//static/Resources/PXTools/ActionInsert.png HTTP/1.1" 200 1482
179.57.78.9 - - [22/Dec/2025:08:42:17 -0300] "GET /cormun/static/Resources/desc.gif HTTP/1.1" 200 65
179.57.78.9 - - [22/Dec/2025:08:42:17 -0300] "GET /cormun//static/Resources/PXToolsActionPrint.png HTTP/1.1" 200 404
179.57.78.9 - - [22/Dec/2025:08:42:17 -0300] "GET /cormun//static/Resources/PXToolsHeaderFavorites.png HTTP/1.1" 200 1414
179.57.78.9 - - [22/Dec/2025:08:42:17 -0300] "GET /cormun//static/Resources/PXToolsHeaderHelp.png HTTP/1.1" 200 1333
179.57.78.9 - - [22/Dec/2025:08:42:17 -0300] "GET /cormun/static/Shared/ext/resources/themes/images/default/panel/bg-headersPanel.png HTTP/1.1" 200 255
179.57.78.9 - - [22/Dec/2025:08:42:17 -0300] "GET /cormun/static/Shared/ext/resources/themes/images/default/tools/tool-sprites.gif HTTP/1.1" 200 5434
10.40.40.2 - - [22/Dec/2025:08:42:28 -0300] "POST /cormun/servlet/trlicencias?22220a216e82df4d3ba7774f1218b186,,gx-no-cache=1766403753651 HTTP/1.1" 200 17771
148.222.218.189 - - [22/Dec/2025:08:42:31 -0300] "GET /cormun/servlet/trpermisosgoce? HTTP/1.1" 200 12461
148.222.218.189 - - [22/Dec/2025:08:42:35 -0300] "GET /cormun/servlet/permisogoce?INS,0,,, HTTP/1.1" 200 7220
179.57.78.9 - - [22/Dec/2025:08:42:53 -0300] "GET /cormun/servlet/hlogin HTTP/1.1" 200 1737
148.222.218.189 - - [22/Dec/2025:08:43:06 -0300] "GET /cormun/servlet/permisogoce?7c7e31a95c84cd61d54d475d3b1ec7d685ba36dd06cb27d8d26f6b714cd7984eb171390667b44f6f851574047eb4c1262e4fad2bfcf23cb4e84c03d65bd92681,gx-no-cache=1766403802859 HTTP/1.1" 200 78
148.222.218.189 - - [22/Dec/2025:08:43:06 -0300] "GET /cormun/static/menuarrow.gif HTTP/1.1" 404 1015
148.222.218.189 - - [22/Dec/2025:08:43:14 -0300] "GET /cormun/servlet/permisogoce?7c7e31a95c84cd61d54d475d3b1ec7d66ddb7280409d274a2ca3b542820d8bdc1478e861c7fa0c52a9ff623e48fab8cdf6f3e9fdaf110f958cb4e2bbc73b81cb,gx-no-cache=1766403811074 HTTP/1.1" 200 47
148.222.218.189 - - [22/Dec/2025:08:43:25 -0300] "POST /cormun/servlet/permisogoce?45fc0899c0dd65566ff8b869447c2eb7,INS,0,,,,gx-no-cache=1766403821252 HTTP/1.1" 200 93
148.222.218.189 - - [22/Dec/2025:08:43:25 -0300] "GET /cormun/servlet/hpexe_return? HTTP/1.1" 200 1005
148.222.218.189 - - [22/Dec/2025:08:43:25 -0300] "GET /cormun/servlet/trpermisosgoce HTTP/1.1" 200 12850
148.222.218.189 - - [22/Dec/2025:08:43:28 -0300] "GET /cormun/servlet/trpermisosadjuntos?18854231,20251222084339,P, HTTP/1.1" 200 6645
148.222.218.189 - - [22/Dec/2025:08:43:33 -0300] "GET /cormun/servlet/permisosadjuntos?INS,18854231,P,20251222084339,, HTTP/1.1" 200 5973
148.222.218.189 - - [22/Dec/2025:08:43:33 -0300] "GET /cormun/static/about:blank HTTP/1.1" 404 1011
148.222.218.189 - - [22/Dec/2025:08:43:46 -0300] "POST /cormun/servlet/permisosadjuntos?45fc0899c0dd65566ff8b869447c2eb7,INS,18854231,P,20251222084339,, HTTP/1.1" 200 116
148.222.218.189 - - [22/Dec/2025:08:43:46 -0300] "GET /cormun/servlet/hpexe_return? HTTP/1.1" 200 1033
148.222.218.189 - - [22/Dec/2025:08:43:46 -0300] "GET /cormun/servlet/trpermisosadjuntos?18854231,20251222084339,P, HTTP/1.1" 200 7145
148.222.218.189 - - [22/Dec/2025:08:43:50 -0300] "GET /cormun/servlet/trpermisosgoce? HTTP/1.1" 200 12846
148.222.218.189 - - [22/Dec/2025:08:43:54 -0300] "POST /cormun/servlet/trpermisosgoce?45fc0899c0dd65566ff8b869447c2eb7,,gx-no-cache=1766403850741 HTTP/1.1" 200 9955
148.222.218.189 - - [22/Dec/2025:08:43:54 -0300] "GET /cormun/static/Shared/jqueryui/images/ui-bg_highlight-soft_100_c6c2c8_1x100.png HTTP/1.1" 404 1117
148.222.218.189 - - [22/Dec/2025:08:43:54 -0300] "GET /cormun/static/Shared/jqueryui/images/ui-icons_82798d_256x240.png HTTP/1.1" 404 1089
148.222.218.189 - - [22/Dec/2025:08:43:54 -0300] "GET /cormun/static/Shared/jqueryui/images/ui-bg_flat_55_fafafa_40x100.png HTTP/1.1" 404 1097
148.222.218.189 - - [22/Dec/2025:08:43:54 -0300] "GET /cormun/static/Shared/jqueryui/images/ui-icons_8d78a5_256x240.png HTTP/1.1" 404 1089
148.222.218.189 - - [22/Dec/2025:08:43:58 -0300] "GET /cormun/servlet/trautorizarpermisogoce? HTTP/1.1" 200 8010
148.222.218.189 - - [22/Dec/2025:08:44:01 -0300] "POST /cormun/servlet/trautorizarpermisogoce?45fc0899c0dd65566ff8b869447c2eb7,,gx-no-cache=1766403858148 HTTP/1.1" 200 4515
10.40.40.2 - - [22/Dec/2025:08:45:30 -0300] "GET /cormun/servlet/alicenciaprn?14710199,L,20251217000000,PU HTTP/1.1" 200 1588
10.40.40.2 - - [22/Dec/2025:08:45:30 -0300] "lh“P,öæÿ™-ôøg—–|‹iðͦO8Ïèø"€ù iü`Œ‚hg-!€/¾TÐ[Ä´ˆ.}µ„ld†ÿ"À+À/̨̩À,À0À " 400 -
10.40.40.2 - - [22/Dec/2025:08:45:30 -0300] "›—’?w¯’ƒó«-å‘ý°ß×勯þL`ÎÇ ì+»2áp‚*¼ÔaäóžË°A>îͤ³˜#ÒÐ|J"À+À/̨̩À,À0À " 400 -
190.95.15.15 - - [22/Dec/2025:08:45:31 -0300] "GET /cormun/servlet/permisogoce?INS,0,,, HTTP/1.1" 200 6860
190.95.15.15 - - [22/Dec/2025:08:45:39 -0300] "GET /cormun/servlet/permisogoce?f31db59477ba6db0ce1841cc1bae98bc44ca574b9cc8ee573cded56e6df940342f0bbb97878ec4d96da8e5b9eec497c362d0c8bc3120a9d27f87d2297aa92da3,gx-no-cache=1766403955683 HTTP/1.1" 200 69
190.95.15.15 - - [22/Dec/2025:08:45:39 -0300] "GET /cormun/static/menuarrow.gif HTTP/1.1" 404 1015
190.95.15.15 - - [22/Dec/2025:08:45:45 -0300] "GET /cormun/servlet/permisogoce?f31db59477ba6db0ce1841cc1bae98bc4e2b216b53acbbe5ff91180dc10e151435ceda16ec91c8556dfada146c97f59c3f08fc7511dec929f9d70dd3cb48a885,gx-no-cache=1766403961856 HTTP/1.1" 200 48
190.95.15.15 - - [22/Dec/2025:08:45:48 -0300] "POST /cormun/servlet/permisogoce?7f0a80df196ab4a6c4fb2eecb571c972,INS,0,,,,gx-no-cache=1766403964463 HTTP/1.1" 200 93
190.95.15.15 - - [22/Dec/2025:08:45:48 -0300] "GET /cormun/servlet/hpexe_return? HTTP/1.1" 200 1009
190.95.15.15 - - [22/Dec/2025:08:45:48 -0300] "GET /cormun/servlet/trpermisosgoce HTTP/1.1" 200 18558
190.95.15.15 - - [22/Dec/2025:08:45:52 -0300] "GET /cormun/servlet/apermisogoceprn?15494911,P,20251222084635,PU HTTP/1.1" 200 1655
190.95.67.99 - - [22/Dec/2025:08:47:45 -0300] "GET /cormun/servlet/trpermisosadjuntos?17520834,20251218084338,P, HTTP/1.1" 200 6637
190.95.67.99 - - [22/Dec/2025:08:47:51 -0300] "GET /cormun/servlet/permisosadjuntos?INS,17520834,P,20251218084338,, HTTP/1.1" 200 5961
190.95.67.99 - - [22/Dec/2025:08:47:52 -0300] "GET /cormun/static/about:blank HTTP/1.1" 404 1011
190.95.67.99 - - [22/Dec/2025:08:48:17 -0300] "POST /cormun/servlet/permisosadjuntos?1780eb9beb1502effa606f906310311f,INS,17520834,P,20251218084338,, HTTP/1.1" 200 116
190.95.67.99 - - [22/Dec/2025:08:48:17 -0300] "GET /cormun/servlet/hpexe_return? HTTP/1.1" 200 1037
190.95.67.99 - - [22/Dec/2025:08:48:18 -0300] "GET /cormun/servlet/trpermisosadjuntos?17520834,20251218084338,P, HTTP/1.1" 200 7163
190.95.67.99 - - [22/Dec/2025:08:48:21 -0300] "POST /cormun/servlet/trpermisosadjuntos?1780eb9beb1502effa606f906310311f,17520834,20251218084338,P,,gx-no-cache=1766404126564 HTTP/1.1" 200 90
190.95.67.99 - - [22/Dec/2025:08:48:21 -0300] "GET /cormun/servlet/hpexe_link HTTP/1.1" 200 982
190.95.67.99 - - [22/Dec/2025:08:48:21 -0300] "GET /cormun/servlet/trpermisosgoce HTTP/1.1" 200 18182
148.222.218.189 - - [22/Dec/2025:08:48:46 -0300] "GET /cormun/servlet/trpermisosgoce? HTTP/1.1" 200 12771
148.222.218.189 - - [22/Dec/2025:08:48:54 -0300] "GET /cormun/servlet/permisogoce?INS,0,,, HTTP/1.1" 200 7219
190.95.67.99 - - [22/Dec/2025:08:48:57 -0300] "GET /cormun/servlet/trpermisosadjuntos?17520834,20251218083957,P, HTTP/1.1" 200 6636
190.95.67.99 - - [22/Dec/2025:08:48:58 -0300] "GET /cormun/servlet/permisosadjuntos?INS,17520834,P,20251218083957,, HTTP/1.1" 200 5960
190.95.67.99 - - [22/Dec/2025:08:48:59 -0300] "GET /cormun/static/about:blank HTTP/1.1" 404 1011
148.222.218.189 - - [22/Dec/2025:08:49:04 -0300] "GET /cormun/servlet/permisogoce?7c7e31a95c84cd61d54d475d3b1ec7d66966ba6b9599e0bbb41c2a5c2e0af585b171390667b44f6f851574047eb4c1262e4fad2bfcf23cb4e84c03d65bd92681,gx-no-cache=1766404160524 HTTP/1.1" 200 82
190.95.67.99 - - [22/Dec/2025:08:49:13 -0300] "POST /cormun/servlet/permisosadjuntos?1780eb9beb1502effa606f906310311f,INS,17520834,P,20251218083957,, HTTP/1.1" 200 116
190.95.67.99 - - [22/Dec/2025:08:49:13 -0300] "GET /cormun/servlet/hpexe_return? HTTP/1.1" 200 1035
190.95.67.99 - - [22/Dec/2025:08:49:13 -0300] "GET /cormun/servlet/trpermisosadjuntos?17520834,20251218083957,P, HTTP/1.1" 200 7161
190.95.67.99 - - [22/Dec/2025:08:49:57 -0300] "GET /cormun/servlet/trpermisosgoce? HTTP/1.1" 200 18196
190.95.67.99 - - [22/Dec/2025:08:50:03 -0300] "GET /cormun/servlet/permisogoce?INS,0,,, HTTP/1.1" 200 7209
190.95.67.99 - - [22/Dec/2025:08:50:14 -0300] "GET /cormun/servlet/permisogoce?b3b2ac6203f084da3929dd8d1f33a715bcbe239ef33a480854f287648a48b40b72ef3266df55170b83cf1d611d3611f9558ab6eb76234314f8909f122924f9c0,gx-no-cache=1766404239832 HTTP/1.1" 200 85
190.95.67.99 - - [22/Dec/2025:08:50:25 -0300] "GET /cormun/servlet/permisogoce?b3b2ac6203f084da3929dd8d1f33a715a53e83abb49b5f5dfd47af5820a71e1a4a340a1ee2e8e1faf51f6ba6d5bc1c1a9ad2e92c81ab8b6fff48248dbf33b8dd,gx-no-cache=1766404250112 HTTP/1.1" 200 48
190.95.67.99 - - [22/Dec/2025:08:50:29 -0300] "POST /cormun/servlet/permisogoce?1780eb9beb1502effa606f906310311f,INS,0,,,,gx-no-cache=1766404253982 HTTP/1.1" 200 93
190.95.67.99 - - [22/Dec/2025:08:50:29 -0300] "GET /cormun/servlet/hpexe_return? HTTP/1.1" 200 1008
190.95.67.99 - - [22/Dec/2025:08:50:30 -0300] "GET /cormun/servlet/trpermisosgoce HTTP/1.1" 200 18262
190.95.67.99 - - [22/Dec/2025:08:50:32 -0300] "GET /cormun/servlet/apermisogoceprn?15126226,P,20251222085107,PU HTTP/1.1" 200 1664
190.95.67.99 - - [22/Dec/2025:08:50:43 -0300] "GET /cormun/servlet/permisogoce?INS,0,,, HTTP/1.1" 200 7209
190.95.67.99 - - [22/Dec/2025:08:50:50 -0300] "GET /cormun/servlet/permisogoce?b3b2ac6203f084da3929dd8d1f33a715bcbe239ef33a480854f287648a48b40b72ef3266df55170b83cf1d611d3611f9558ab6eb76234314f8909f122924f9c0,gx-no-cache=1766404275717 HTTP/1.1" 200 86
190.95.67.99 - - [22/Dec/2025:08:50:58 -0300] "GET /cormun/servlet/permisogoce?b3b2ac6203f084da3929dd8d1f33a715a53e83abb49b5f5dfd47af5820a71e1aae5e50623500ca4650630068c82c808e9ad2e92c81ab8b6fff48248dbf33b8dd,gx-no-cache=1766404283878 HTTP/1.1" 200 48
190.95.67.99 - - [22/Dec/2025:08:51:01 -0300] "POST /cormun/servlet/permisogoce?1780eb9beb1502effa606f906310311f,INS,0,,,,gx-no-cache=1766404286079 HTTP/1.1" 200 93
190.95.67.99 - - [22/Dec/2025:08:51:01 -0300] "GET /cormun/servlet/hpexe_return? HTTP/1.1" 200 1008
190.95.67.99 - - [22/Dec/2025:08:51:01 -0300] "GET /cormun/servlet/trpermisosgoce HTTP/1.1" 200 18199
190.95.67.99 - - [22/Dec/2025:08:51:05 -0300] "GET /cormun/servlet/apermisogoceprn?15126226,P,20251222085147,PU HTTP/1.1" 200 1662
190.95.67.99 - - [22/Dec/2025:08:51:12 -0300] "GET /cormun/servlet/permisogoce?INS,0,,, HTTP/1.1" 200 7209
190.95.67.99 - - [22/Dec/2025:08:51:21 -0300] "GET /cormun/servlet/permisogoce?b3b2ac6203f084da3929dd8d1f33a715bcbe239ef33a480854f287648a48b40b72ef3266df55170b83cf1d611d3611f9558ab6eb76234314f8909f122924f9c0,gx-no-cache=1766404306685 HTTP/1.1" 200 85
190.95.67.99 - - [22/Dec/2025:08:51:26 -0300] "GET /cormun/servlet/permisogoce?b3b2ac6203f084da3929dd8d1f33a715a53e83abb49b5f5dfd47af5820a71e1a62119e0d2c83fa2590842d465953f3719ad2e92c81ab8b6fff48248dbf33b8dd,gx-no-cache=1766404311276 HTTP/1.1" 200 48
190.95.67.99 - - [22/Dec/2025:08:51:28 -0300] "POST /cormun/servlet/permisogoce?1780eb9beb1502effa606f906310311f,INS,0,,,,gx-no-cache=1766404313443 HTTP/1.1" 200 93
190.95.67.99 - - [22/Dec/2025:08:51:28 -0300] "GET /cormun/servlet/hpexe_return? HTTP/1.1" 200 1008
190.95.67.99 - - [22/Dec/2025:08:51:28 -0300] "GET /cormun/servlet/trpermisosgoce HTTP/1.1" 200 18129
190.95.67.99 - - [22/Dec/2025:08:51:32 -0300] "GET /cormun/servlet/apermisogoceprn?15126226,P,20251222085216,PU HTTP/1.1" 200 1656
201.186.226.3 - - [22/Dec/2025:08:51:43 -0300] "GET /cormun/servlet/hlogin HTTP/1.1" 200 1745
190.95.67.99 - - [22/Dec/2025:08:52:29 -0300] "POST /cormun/servlet/trpermisosgoce?1780eb9beb1502effa606f906310311f,gx-no-cache=1766404374379 HTTP/1.1" 200 15444
190.95.67.99 - - [22/Dec/2025:08:52:29 -0300] "GET /cormun/static/Shared/jqueryui/images/ui-bg_highlight-soft_100_c6c2c8_1x100.png HTTP/1.1" 404 1117
190.95.67.99 - - [22/Dec/2025:08:52:29 -0300] "GET /cormun/static/Shared/jqueryui/images/ui-icons_82798d_256x240.png HTTP/1.1" 404 1089
190.95.67.99 - - [22/Dec/2025:08:52:29 -0300] "GET /cormun/static/Shared/jqueryui/images/ui-icons_8d78a5_256x240.png HTTP/1.1" 404 1089
190.95.67.99 - - [22/Dec/2025:08:52:29 -0300] "GET /cormun/static/Shared/jqueryui/images/ui-bg_flat_55_fafafa_40x100.png HTTP/1.1" 404 1097
10.40.40.2 - - [22/Dec/2025:08:52:54 -0300] "GET /cormun/servlet/hlogin HTTP/1.1" 200 1719
10.40.40.2 - - [22/Dec/2025:08:52:56 -0300] "GET /cormun/servlet/hlogin HTTP/1.1" 200 1730
10.40.40.2 - - [22/Dec/2025:08:53:06 -0300] "POST /cormun/servlet/hlogin?8d3c14a95f1df5f471fc35af6332ff4e,gx-no-cache=1766404391899 HTTP/1.1" 200 441
190.95.2.163 - - [22/Dec/2025:08:53:13 -0300] "GET /cormun/servlet/permisogoce?INS,0,,, HTTP/1.1" 200 6860
10.40.40.2 - - [22/Dec/2025:08:53:16 -0300] "POST /cormun/servlet/hlogin?8d3c14a95f1df5f471fc35af6332ff4e,gx-no-cache=1766404402216 HTTP/1.1" 200 441
10.40.40.2 - - [22/Dec/2025:08:53:27 -0300] "POST /cormun/servlet/hlogin?8d3c14a95f1df5f471fc35af6332ff4e,gx-no-cache=1766404412600 HTTP/1.1" 200 90
10.40.40.2 - - [22/Dec/2025:08:53:27 -0300] "GET /cormun/servlet/hpexe_link HTTP/1.1" 200 951
10.40.40.2 - - [22/Dec/2025:08:53:28 -0300] "GET /cormun/servlet/hhome HTTP/1.1" 200 3169
190.95.2.163 - - [22/Dec/2025:08:53:39 -0300] "GET /cormun/servlet/permisogoce?3421140cd488ca8321cbc4cd7ea73f9fb0a076366cf08cec8bcd995e923542c8e6c4acd62dcda3bdb635e7d3a139d75ccd75a55c9515b9dcca524f2e37baa917,gx-no-cache=1766404435350 HTTP/1.1" 200 79
190.95.2.163 - - [22/Dec/2025:08:54:13 -0300] "GET /cormun/servlet/permisogoce?3421140cd488ca8321cbc4cd7ea73f9fd2db82287fcb5f24bdbd18215b2ac4c3540e7f760ac87b844f87302ab561877dbf04768a1d5e4faca9e2509b73d04311,gx-no-cache=1766404469686 HTTP/1.1" 200 48
190.95.2.163 - - [22/Dec/2025:08:54:32 -0300] "POST /cormun/servlet/permisogoce?41c05c8bb5bf0ea8c9bb0c639e4b2833,INS,0,,,,gx-no-cache=1766404488737 HTTP/1.1" 200 93
190.95.2.163 - - [22/Dec/2025:08:54:32 -0300] "GET /cormun/servlet/hpexe_return? HTTP/1.1" 200 1013
190.95.2.163 - - [22/Dec/2025:08:54:32 -0300] "GET /cormun/servlet/trpermisosgoce HTTP/1.1" 200 17166
190.95.2.163 - - [22/Dec/2025:08:54:37 -0300] "GET /cormun/servlet/apermisogoceprn?9161829,P,20251222085417,PU HTTP/1.1" 200 1655
190.95.2.163 - - [22/Dec/2025:08:55:00 -0300] "GET /cormun/servlet/permisogoce?INS,0,,, HTTP/1.1" 200 6860
179.57.78.55 - - [22/Dec/2025:08:55:01 -0300] "GET /cormun/servlet/hlogin HTTP/1.1" 200 1717
179.57.78.55 - - [22/Dec/2025:08:55:01 -0300] "GET /cormun/servlet/hlogin HTTP/1.1" 200 1727
179.57.78.55 - - [22/Dec/2025:08:55:03 -0300] "POST /cormun/servlet/hlogin?74b1885af8a064f1427fa6d3ca4f6d32,gx-no-cache=1766404520029 HTTP/1.1" 200 90
179.57.78.55 - - [22/Dec/2025:08:55:03 -0300] "GET /cormun/servlet/hpexe_link HTTP/1.1" 200 948
179.57.78.55 - - [22/Dec/2025:08:55:03 -0300] "GET /cormun/servlet/hhome HTTP/1.1" 200 3977
179.57.78.55 - - [22/Dec/2025:08:55:08 -0300] "GET /cormun/servlet/trpermisosgoce? HTTP/1.1" 200 18801
179.57.78.55 - - [22/Dec/2025:08:55:09 -0300] "GET /cormun/static/menuarrow.gif HTTP/1.1" 404 1015
190.95.2.163 - - [22/Dec/2025:08:55:20 -0300] "GET /cormun/servlet/permisogoce?3421140cd488ca8321cbc4cd7ea73f9fb0a076366cf08cec8bcd995e923542c8e6c4acd62dcda3bdb635e7d3a139d75ccd75a55c9515b9dcca524f2e37baa917,gx-no-cache=1766404537023 HTTP/1.1" 200 79
179.57.78.55 - - [22/Dec/2025:08:55:21 -0300] "POST /cormun/servlet/trpermisosgoce?74b1885af8a064f1427fa6d3ca4f6d32,,gx-no-cache=1766404537735 HTTP/1.1" 200 6216
190.95.2.163 - - [22/Dec/2025:08:55:31 -0300] "GET /cormun/servlet/permisogoce?3421140cd488ca8321cbc4cd7ea73f9fd2db82287fcb5f24bdbd18215b2ac4c3ffdcbfbc38b4a59ab61342aafefa47d1bf04768a1d5e4faca9e2509b73d04311,gx-no-cache=1766404547592 HTTP/1.1" 200 48
190.95.2.163 - - [22/Dec/2025:08:55:36 -0300] "POST /cormun/servlet/permisogoce?41c05c8bb5bf0ea8c9bb0c639e4b2833,INS,0,,,,gx-no-cache=1766404552151 HTTP/1.1" 200 93
190.95.2.163 - - [22/Dec/2025:08:55:36 -0300] "GET /cormun/servlet/hpexe_return? HTTP/1.1" 200 1013
190.95.2.163 - - [22/Dec/2025:08:55:36 -0300] "GET /cormun/servlet/trpermisosgoce HTTP/1.1" 200 17322
190.95.2.163 - - [22/Dec/2025:08:55:47 -0300] "GET /cormun/servlet/apermisogoceprn?9161829,P,20251222085604,PU HTTP/1.1" 200 1658
190.95.2.163 - - [22/Dec/2025:08:56:05 -0300] "GET /cormun/servlet/permisogoce?INS,0,,, HTTP/1.1" 200 6861
179.57.78.55 - - [22/Dec/2025:08:56:13 -0300] "GET /cormun/servlet/permisogoce?INS,0,,, HTTP/1.1" 200 6843
179.57.78.55 - - [22/Dec/2025:08:56:13 -0300] "GET /cormun/static/gxcfg.js?20201215124560 HTTP/1.1" 200 953
179.57.78.55 - - [22/Dec/2025:08:56:13 -0300] "GET /cormun/static/Resources/prompt.gif HTTP/1.1" 200 902
179.57.78.55 - - [22/Dec/2025:08:56:13 -0300] "GET /cormun/static/permisogoce.js?20201215124939 HTTP/1.1" 200 27790
179.57.78.55 - - [22/Dec/2025:08:56:20 -0300] "POST /cormun/servlet/permisogoce?74b1885af8a064f1427fa6d3ca4f6d32,INS,0,,,,gx-no-cache=1766404597093 HTTP/1.1" 200 4494
179.57.78.55 - - [22/Dec/2025:08:56:20 -0300] "GET /cormun/static/Shared/jqueryui/images/ui-bg_highlight-soft_100_c6c2c8_1x100.png HTTP/1.1" 404 1117
179.57.78.55 - - [22/Dec/2025:08:56:20 -0300] "GET /cormun/static/Shared/jqueryui/images/ui-icons_82798d_256x240.png HTTP/1.1" 404 1089
179.57.78.55 - - [22/Dec/2025:08:56:20 -0300] "GET /cormun/static/Shared/jqueryui/images/ui-bg_flat_55_994d53_40x100.png HTTP/1.1" 404 1097
179.57.78.55 - - [22/Dec/2025:08:56:20 -0300] "GET /cormun/static/Shared/jqueryui/images/ui-icons_ebccce_256x240.png HTTP/1.1" 404 1089
179.57.78.55 - - [22/Dec/2025:08:56:22 -0300] "GET /cormun/servlet/permisogoce?a408f72664b20bc11d986d0bfaf234b692310006c2abd85b3f0670482c84c8a93ca4d29bfefacd133d69af94ccbc944da4033172dc06d0e332d86bddb7b6114206729b43044df586a06430fc093113fe6426f921fca5b05b1e9c2d30dc20023781475129b9ae0f6598d35e8dab52030306729b43044df586a06430fc093113fe6426f921fca5b05b1e9c2d30dc200237a4033172dc06d0e332d86bddb7b61142fb1351f1ba7a158fb1bbd8e16cde2cbbbba2135cef5c0a6f77da3b87b96dd1c793d6651d889ff1fcb79d5381dd391397,gx-no-cache=1766404598648 HTTP/1.1" 200 77
190.95.2.163 - - [22/Dec/2025:08:56:23 -0300] "GET /cormun/servlet/permisogoce?3421140cd488ca8321cbc4cd7ea73f9f98b046cc32ecdd042786aab947ddcff326824817a605517aeaad7515f0c900b5c3dc0959918989c1b2a4af362743de68,gx-no-cache=1766404600265 HTTP/1.1" 200 74
179.57.78.55 - - [22/Dec/2025:08:56:30 -0300] "GET /cormun/servlet/permisogoce?a408f72664b20bc11d986d0bfaf234b60eaa25f236d9b83c2c6188f8c2629df1ff99e0c97a57cc3b4fe1adfc0f2a3f813c4f28703cad53da683cafae302637e9,gx-no-cache=1766404607046 HTTP/1.1" 200 48
190.95.2.163 - - [22/Dec/2025:08:56:34 -0300] "GET /cormun/servlet/permisogoce?3421140cd488ca8321cbc4cd7ea73f9f31d628864085b4567688129855adbc5c457e6492ebd32f18fda5b59c390557fe565460054add5fea7b3271dbb45cdb9f,gx-no-cache=1766404610408 HTTP/1.1" 200 48
190.95.2.163 - - [22/Dec/2025:08:56:38 -0300] "POST /cormun/servlet/permisogoce?41c05c8bb5bf0ea8c9bb0c639e4b2833,INS,0,,,,gx-no-cache=1766404614391 HTTP/1.1" 200 93
190.95.2.163 - - [22/Dec/2025:08:56:38 -0300] "GET /cormun/servlet/hpexe_return? HTTP/1.1" 200 1013
190.95.2.163 - - [22/Dec/2025:08:56:38 -0300] "GET /cormun/servlet/trpermisosgoce HTTP/1.1" 200 17547
190.95.2.163 - - [22/Dec/2025:08:56:43 -0300] "GET /cormun/servlet/apermisogoceprn?11672116,P,20251222085709,PU HTTP/1.1" 200 1662
179.57.78.55 - - [22/Dec/2025:08:56:45 -0300] "POST /cormun/servlet/permisogoce?74b1885af8a064f1427fa6d3ca4f6d32,INS,0,,,,gx-no-cache=1766404621965 HTTP/1.1" 200 93
179.57.78.55 - - [22/Dec/2025:08:56:46 -0300] "GET /cormun/servlet/hpexe_return? HTTP/1.1" 200 1007
179.57.78.55 - - [22/Dec/2025:08:56:46 -0300] "GET /cormun/static/gxcfg.js?20221129846035 HTTP/1.1" 200 953
179.57.78.55 - - [22/Dec/2025:08:56:46 -0300] "GET /cormun/static/hpexe_return.js?20221129846037 HTTP/1.1" 200 1633
179.57.78.55 - - [22/Dec/2025:08:56:46 -0300] "GET /cormun/servlet/trpermisosgoce? HTTP/1.1" 200 9145
190.95.2.163 - - [22/Dec/2025:08:56:53 -0300] "GET /cormun/servlet/permisogoce?INS,0,,, HTTP/1.1" 200 6860
190.95.67.99 - - [22/Dec/2025:08:57:03 -0300] "GET /cormun/servlet/trpermisosadjuntos?21125297,20251218142803,P, HTTP/1.1" 200 6635
190.95.67.99 - - [22/Dec/2025:08:57:05 -0300] "GET /cormun/servlet/permisosadjuntos?INS,21125297,P,20251218142803,, HTTP/1.1" 200 5962
190.95.67.99 - - [22/Dec/2025:08:57:06 -0300] "GET /cormun/static/about:blank HTTP/1.1" 404 1011
190.95.2.163 - - [22/Dec/2025:08:57:15 -0300] "GET /cormun/servlet/permisogoce?3421140cd488ca8321cbc4cd7ea73f9f98b046cc32ecdd042786aab947ddcff326824817a605517aeaad7515f0c900b5c3dc0959918989c1b2a4af362743de68,gx-no-cache=1766404651393 HTTP/1.1" 200 76
190.95.67.99 - - [22/Dec/2025:08:57:23 -0300] "POST /cormun/servlet/permisosadjuntos?1780eb9beb1502effa606f906310311f,INS,21125297,P,20251218142803,, HTTP/1.1" 200 116
190.95.67.99 - - [22/Dec/2025:08:57:23 -0300] "GET /cormun/servlet/hpexe_return? HTTP/1.1" 200 1037
190.95.67.99 - - [22/Dec/2025:08:57:23 -0300] "GET /cormun/servlet/trpermisosadjuntos?21125297,20251218142803,P, HTTP/1.1" 200 7166
190.95.2.163 - - [22/Dec/2025:08:57:25 -0300] "GET /cormun/servlet/permisogoce?3421140cd488ca8321cbc4cd7ea73f9f31d628864085b4567688129855adbc5c6e031c1d60b6ee0a4bbd9c973fadcecf565460054add5fea7b3271dbb45cdb9f,gx-no-cache=1766404661400 HTTP/1.1" 200 48
190.95.67.99 - - [22/Dec/2025:08:57:26 -0300] "POST /cormun/servlet/trpermisosadjuntos?1780eb9beb1502effa606f906310311f,21125297,20251218142803,P,,gx-no-cache=1766404671974 HTTP/1.1" 200 90
190.95.67.99 - - [22/Dec/2025:08:57:26 -0300] "GET /cormun/servlet/hpexe_link HTTP/1.1" 200 1002
179.57.78.55 - - [22/Dec/2025:08:57:27 -0300] "GET /cormun/servlet/permisogoce?INS,0,,, HTTP/1.1" 200 6029
190.95.67.99 - - [22/Dec/2025:08:57:27 -0300] "GET /cormun/servlet/trpermisosgoce?gx-no-cache=1766404374379 HTTP/1.1" 200 18135
179.57.78.55 - - [22/Dec/2025:08:57:27 -0300] "GET /cormun/servlet/hlogin HTTP/1.1" 200 1745
190.95.2.163 - - [22/Dec/2025:08:57:28 -0300] "POST /cormun/servlet/permisogoce?41c05c8bb5bf0ea8c9bb0c639e4b2833,INS,0,,,,gx-no-cache=1766404664062 HTTP/1.1" 200 93
190.95.2.163 - - [22/Dec/2025:08:57:28 -0300] "GET /cormun/servlet/hpexe_return? HTTP/1.1" 200 1013
190.95.2.163 - - [22/Dec/2025:08:57:28 -0300] "GET /cormun/servlet/trpermisosgoce HTTP/1.1" 200 17695
179.57.78.55 - - [22/Dec/2025:08:57:32 -0300] "POST /cormun/servlet/hlogin?0ace71cdd6227dddb06c71c22ebe0f1a,gx-no-cache=1766404668624 HTTP/1.1" 200 90
179.57.78.55 - - [22/Dec/2025:08:57:32 -0300] "GET /cormun/servlet/hpexe_link HTTP/1.1" 200 962
179.57.78.55 - - [22/Dec/2025:08:57:32 -0300] "GET /cormun/servlet/permisogoce?INS,0,,, HTTP/1.1" 200 6673
190.95.67.99 - - [22/Dec/2025:08:57:33 -0300] "POST /cormun/servlet/trpermisosgoce?1780eb9beb1502effa606f906310311f,gx-no-cache=1766404374379,gx-no-cache=1766404678670 HTTP/1.1" 200 15440
190.95.67.99 - - [22/Dec/2025:08:57:37 -0300] "GET /cormun/servlet/trpermisosadjuntos?21125297,20251218142641,P, HTTP/1.1" 200 6655
179.57.78.55 - - [22/Dec/2025:08:57:38 -0300] "GET /cormun/servlet/permisogoce?a33a7e05519fffc8eea68c127146e99d369a4862a8d57df7313357839ba1c7c885d506d432c1dfa0a0ebb0bf0b8dc9ce95fc9312aff2b10af825c3951d141da6,gx-no-cache=1766404674464 HTTP/1.1" 200 79
179.57.78.55 - - [22/Dec/2025:08:57:39 -0300] "GET /cormun/static/menuarrow.gif HTTP/1.1" 404 1015
190.95.2.163 - - [22/Dec/2025:08:57:41 -0300] "GET /cormun/servlet/apermisogoceprn?11672116,P,20251222085757,PU HTTP/1.1" 200 1658
179.57.78.55 - - [22/Dec/2025:08:57:43 -0300] "GET /cormun/servlet/permisogoce?a33a7e05519fffc8eea68c127146e99d08a6c62d832394e9125683d83114e77ebab5d307c2c46db2f7fa12f19de368f0c050f1898d614767b4912d5e8ef693b9,gx-no-cache=1766404679833 HTTP/1.1" 200 48
179.57.78.55 - - [22/Dec/2025:08:57:45 -0300] "POST /cormun/servlet/permisogoce?0ace71cdd6227dddb06c71c22ebe0f1a,INS,0,,,,gx-no-cache=1766404680897 HTTP/1.1" 200 93
179.57.78.55 - - [22/Dec/2025:08:57:45 -0300] "GET /cormun/servlet/hpexe_return? HTTP/1.1" 200 1007
179.57.78.55 - - [22/Dec/2025:08:57:46 -0300] "GET /cormun/servlet/hhome HTTP/1.1" 200 3980
190.95.67.99 - - [22/Dec/2025:08:57:48 -0300] "GET /cormun/servlet/permisosadjuntos?INS,21125297,P,20251218142641,, HTTP/1.1" 200 5961
190.95.67.99 - - [22/Dec/2025:08:57:48 -0300] "GET /cormun/static/about:blank HTTP/1.1" 404 1011
179.57.78.55 - - [22/Dec/2025:08:57:49 -0300] "GET /cormun/servlet/trpermisosgoce? HTTP/1.1" 200 18815
179.57.78.55 - - [22/Dec/2025:08:57:51 -0300] "GET /cormun/servlet/apermisogoceprn?26775334,P,20251222085717,PU HTTP/1.1" 200 1653
190.95.2.163 - - [22/Dec/2025:08:57:54 -0300] "GET /cormun/servlet/permisogoce?INS,0,,, HTTP/1.1" 200 6860
190.95.67.99 - - [22/Dec/2025:08:57:57 -0300] "POST /cormun/servlet/permisosadjuntos?1780eb9beb1502effa606f906310311f,INS,21125297,P,20251218142641,, HTTP/1.1" 200 116
190.95.67.99 - - [22/Dec/2025:08:57:57 -0300] "GET /cormun/servlet/hpexe_return? HTTP/1.1" 200 1036
190.95.67.99 - - [22/Dec/2025:08:57:57 -0300] "GET /cormun/servlet/trpermisosadjuntos?21125297,20251218142641,P, HTTP/1.1" 200 7165
190.95.67.99 - - [22/Dec/2025:08:58:01 -0300] "GET /cormun/servlet/trpermisosgoce? HTTP/1.1" 200 18145
179.57.78.55 - - [22/Dec/2025:08:58:05 -0300] "POST /cormun/servlet/trpermisosgoce?74b1885af8a064f1427fa6d3ca4f6d32,,gx-no-cache=1766404701878 HTTP/1.1" 200 6395
190.95.2.163 - - [22/Dec/2025:08:58:12 -0300] "GET /cormun/servlet/permisogoce?3421140cd488ca8321cbc4cd7ea73f9f98b046cc32ecdd042786aab947ddcff326824817a605517aeaad7515f0c900b5c3dc0959918989c1b2a4af362743de68,gx-no-cache=1766404708695 HTTP/1.1" 200 76
179.57.78.55 - - [22/Dec/2025:08:58:13 -0300] "GET /cormun/servlet/permisogoce?INS,0,,, HTTP/1.1" 200 6843
190.95.67.99 - - [22/Dec/2025:08:58:16 -0300] "GET /cormun/servlet/trpermisosadjuntos?16252974,20251218145220,P, HTTP/1.1" 200 6631
190.95.67.99 - - [22/Dec/2025:08:58:18 -0300] "GET /cormun/servlet/permisosadjuntos?INS,16252974,P,20251218145220,, HTTP/1.1" 200 5959
190.95.67.99 - - [22/Dec/2025:08:58:19 -0300] "GET /cormun/static/about:blank HTTP/1.1" 404 1011
179.57.78.55 - - [22/Dec/2025:08:58:22 -0300] "GET /cormun/servlet/permisogoce?a408f72664b20bc11d986d0bfaf234b60347bd500c18172c417b65716168ad0aba6cbe91ecb8319c7f1d99a52a771422a4ca1138c518616a7d93cb81ccf6ec2f,gx-no-cache=1766404718511 HTTP/1.1" 200 82
190.95.2.163 - - [22/Dec/2025:08:58:24 -0300] "GET /cormun/servlet/permisogoce?3421140cd488ca8321cbc4cd7ea73f9f31d628864085b4567688129855adbc5c5bae643c369a26d575be8f77362bd078565460054add5fea7b3271dbb45cdb9f,gx-no-cache=1766404720929 HTTP/1.1" 200 48
179.57.78.55 - - [22/Dec/2025:08:58:29 -0300] "GET /cormun/servlet/permisogoce?a408f72664b20bc11d986d0bfaf234b64696778bd76e859ce4d277f0ef02ceadf62e5ce4f43e8bb9999bc805d0c8b7a8b55d6c6db59dec7286a0d9ff95114f05,gx-no-cache=1766404725902 HTTP/1.1" 200 47
190.95.2.163 - - [22/Dec/2025:08:58:29 -0300] "POST /cormun/servlet/permisogoce?41c05c8bb5bf0ea8c9bb0c639e4b2833,INS,0,,,,gx-no-cache=1766404725521 HTTP/1.1" 200 93
190.95.2.163 - - [22/Dec/2025:08:58:29 -0300] "GET /cormun/servlet/hpexe_return? HTTP/1.1" 200 1013
190.95.2.163 - - [22/Dec/2025:08:58:29 -0300] "GET /cormun/servlet/trpermisosgoce HTTP/1.1" 200 17859
190.95.67.99 - - [22/Dec/2025:08:58:31 -0300] "POST /cormun/servlet/permisosadjuntos?1780eb9beb1502effa606f906310311f,INS,16252974,P,20251218145220,, HTTP/1.1" 200 116
190.95.67.99 - - [22/Dec/2025:08:58:31 -0300] "GET /cormun/servlet/hpexe_return? HTTP/1.1" 200 1037
190.95.67.99 - - [22/Dec/2025:08:58:31 -0300] "GET /cormun/servlet/trpermisosadjuntos?16252974,20251218145220,P, HTTP/1.1" 200 7154
179.57.78.55 - - [22/Dec/2025:08:58:34 -0300] "GET /cormun/servlet/permisogoce?a408f72664b20bc11d986d0bfaf234b64696778bd76e859ce4d277f0ef02ceadf246cb05006972a7123d3f9e71a53414531ae2b1704c4c198f9a9a6152471a28149b877839f396e944c48f76e6a92f0b,gx-no-cache=1766404730742 HTTP/1.1" 200 48
190.95.67.99 - - [22/Dec/2025:08:58:36 -0300] "POST /cormun/servlet/trpermisosadjuntos?1780eb9beb1502effa606f906310311f,16252974,20251218145220,P,,gx-no-cache=1766404741881 HTTP/1.1" 200 90
190.95.67.99 - - [22/Dec/2025:08:58:36 -0300] "GET /cormun/servlet/hpexe_link HTTP/1.1" 200 982
190.95.67.99 - - [22/Dec/2025:08:58:37 -0300] "GET /cormun/servlet/trpermisosgoce HTTP/1.1" 200 18132
179.57.78.55 - - [22/Dec/2025:08:58:39 -0300] "POST /cormun/servlet/permisogoce?74b1885af8a064f1427fa6d3ca4f6d32,INS,0,,,,gx-no-cache=1766404736013 HTTP/1.1" 200 93
179.57.78.55 - - [22/Dec/2025:08:58:40 -0300] "GET /cormun/servlet/hpexe_return? HTTP/1.1" 200 1007
179.57.78.55 - - [22/Dec/2025:08:58:40 -0300] "GET /cormun/servlet/trpermisosgoce? HTTP/1.1" 200 9311
190.95.2.163 - - [22/Dec/2025:08:58:42 -0300] "GET /cormun/servlet/apermisogoceprn?11672116,P,20251222085858,PU HTTP/1.1" 200 1663
190.95.67.99 - - [22/Dec/2025:08:58:54 -0300] "POST /cormun/servlet/trpermisosgoce?1780eb9beb1502effa606f906310311f,gx-no-cache=1766404758822 HTTP/1.1" 200 15441
190.95.67.99 - - [22/Dec/2025:08:58:56 -0300] "GET /cormun/servlet/trpermisosadjuntos?16252974,20251218145220,P, HTTP/1.1" 200 7150
179.57.78.55 - - [22/Dec/2025:08:58:58 -0300] "GET /cormun/servlet/permisogoce?INS,0,,, HTTP/1.1" 200 6846
190.95.67.99 - - [22/Dec/2025:08:58:58 -0300] "POST /cormun/servlet/trpermisosadjuntos?1780eb9beb1502effa606f906310311f,16252974,20251218145220,P,,gx-no-cache=1766404764000 HTTP/1.1" 200 90
190.95.67.99 - - [22/Dec/2025:08:58:58 -0300] "GET /cormun/servlet/hpexe_link HTTP/1.1" 200 1003
190.95.67.99 - - [22/Dec/2025:08:58:59 -0300] "GET /cormun/servlet/trpermisosgoce?gx-no-cache=1766404758822 HTTP/1.1" 200 18130
190.95.2.163 - - [22/Dec/2025:08:59:03 -0300] "GET /cormun/servlet/permisogoce?INS,0,,, HTTP/1.1" 200 6860
190.95.67.99 - - [22/Dec/2025:08:59:04 -0300] "GET /cormun/servlet/trpermisosadjuntos?16252974,20251218145356,P, HTTP/1.1" 200 6652
190.95.67.99 - - [22/Dec/2025:08:59:10 -0300] "GET /cormun/servlet/permisosadjuntos?INS,16252974,P,20251218145356,, HTTP/1.1" 200 5956
190.95.67.99 - - [22/Dec/2025:08:59:11 -0300] "GET /cormun/static/about:blank HTTP/1.1" 404 1011
179.57.78.55 - - [22/Dec/2025:08:59:11 -0300] "GET /cormun/servlet/permisogoce?a33a7e05519fffc8eea68c127146e99d3ed95c7cdc866b60aaccf17445f1cf55e0d401efcf3b8828ba6600f1397f8281503a459c369f295325e3c6c75cb9e58e,gx-no-cache=1766404767511 HTTP/1.1" 200 80
179.57.78.55 - - [22/Dec/2025:08:59:15 -0300] "POST /cormun/servlet/permisogoce?0ace71cdd6227dddb06c71c22ebe0f1a,INS,0,,,,gx-no-cache=1766404771367 HTTP/1.1" 200 93
179.57.78.55 - - [22/Dec/2025:08:59:15 -0300] "GET /cormun/servlet/hpexe_return? HTTP/1.1" 200 1009
179.57.78.55 - - [22/Dec/2025:08:59:15 -0300] "GET /cormun/servlet/trpermisosgoce HTTP/1.1" 200 18843
190.95.2.163 - - [22/Dec/2025:08:59:18 -0300] "GET /cormun/servlet/permisogoce?3421140cd488ca8321cbc4cd7ea73f9fd2622d65f19054d907b119945b25707326824817a605517aeaad7515f0c900b5c3dc0959918989c1b2a4af362743de68,gx-no-cache=1766404775077 HTTP/1.1" 200 82
190.95.67.99 - - [22/Dec/2025:08:59:22 -0300] "POST /cormun/servlet/permisosadjuntos?1780eb9beb1502effa606f906310311f,INS,16252974,P,20251218145356,, HTTP/1.1" 200 116
190.95.67.99 - - [22/Dec/2025:08:59:22 -0300] "GET /cormun/servlet/hpexe_return? HTTP/1.1" 200 1037
190.95.67.99 - - [22/Dec/2025:08:59:22 -0300] "GET /cormun/servlet/trpermisosadjuntos?16252974,20251218145356,P, HTTP/1.1" 200 7158
179.57.78.55 - - [22/Dec/2025:08:59:24 -0300] "GET /cormun/servlet/apermisogoceprn?7798370,P,20251222085917,PU HTTP/1.1" 200 1647
190.95.67.99 - - [22/Dec/2025:08:59:24 -0300] "POST /cormun/servlet/trpermisosadjuntos?1780eb9beb1502effa606f906310311f,16252974,20251218145356,P,,gx-no-cache=1766404789713 HTTP/1.1" 200 90
190.95.67.99 - - [22/Dec/2025:08:59:24 -0300] "GET /cormun/servlet/hpexe_link HTTP/1.1" 200 1004
190.95.67.99 - - [22/Dec/2025:08:59:24 -0300] "GET /cormun/servlet/trpermisosgoce?gx-no-cache=1766404758822 HTTP/1.1" 200 18130
190.95.67.99 - - [22/Dec/2025:08:59:29 -0300] "POST /cormun/servlet/trpermisosgoce?1780eb9beb1502effa606f906310311f,gx-no-cache=1766404758822,gx-no-cache=1766404794851 HTTP/1.1" 200 15431
190.95.2.163 - - [22/Dec/2025:08:59:31 -0300] "GET /cormun/servlet/permisogoce?3421140cd488ca8321cbc4cd7ea73f9f54c5ced8382f281188fea1d45b93c70c89ca237dd888f283228774b8f75d5bced8e66b44b1d8009fb4c5553cc2ed0642,gx-no-cache=1766404787920 HTTP/1.1" 200 48
190.95.2.163 - - [22/Dec/2025:08:59:36 -0300] "POST /cormun/servlet/permisogoce?41c05c8bb5bf0ea8c9bb0c639e4b2833,INS,0,,,,gx-no-cache=1766404792191 HTTP/1.1" 200 93
190.95.2.163 - - [22/Dec/2025:08:59:36 -0300] "GET /cormun/servlet/hpexe_return? HTTP/1.1" 200 1013
190.95.2.163 - - [22/Dec/2025:08:59:36 -0300] "GET /cormun/servlet/trpermisosgoce HTTP/1.1" 200 18072
179.57.78.55 - - [22/Dec/2025:08:59:39 -0300] "POST /cormun/servlet/trpermisosgoce?0ace71cdd6227dddb06c71c22ebe0f1a,gx-no-cache=1766404795515 HTTP/1.1" 200 16147
179.57.78.55 - - [22/Dec/2025:08:59:39 -0300] "POST /cormun/servlet/trpermisosgoce?0ace71cdd6227dddb06c71c22ebe0f1a,gx-no-cache=1766404795922 HTTP/1.1" 200 16131
190.95.67.99 - - [22/Dec/2025:08:59:50 -0300] "GET /cormun/servlet/trpermisosadjuntos?8062613,20251219120207,P, HTTP/1.1" 200 6662
190.95.2.163 - - [22/Dec/2025:08:59:54 -0300] "GET /cormun/servlet/apermisogoceprn?18044222,P,20251222090007,PU HTTP/1.1" 200 1652
190.95.67.99 - - [22/Dec/2025:08:59:54 -0300] "GET /cormun/servlet/permisosadjuntos?INS,8062613,P,20251219120207,, HTTP/1.1" 200 5966
190.95.67.99 - - [22/Dec/2025:08:59:54 -0300] "GET /cormun/static/about:blank HTTP/1.1" 404 1011
190.95.67.99 - - [22/Dec/2025:09:00:09 -0300] "POST /cormun/servlet/permisosadjuntos?1780eb9beb1502effa606f906310311f,INS,8062613,P,20251219120207,, HTTP/1.1" 200 116
190.95.67.99 - - [22/Dec/2025:09:00:09 -0300] "GET /cormun/servlet/hpexe_return? HTTP/1.1" 200 1034
190.95.67.99 - - [22/Dec/2025:09:00:09 -0300] "GET /cormun/servlet/trpermisosadjuntos?8062613,20251219120207,P, HTTP/1.1" 200 7169
190.95.67.99 - - [22/Dec/2025:09:00:11 -0300] "POST /cormun/servlet/trpermisosadjuntos?1780eb9beb1502effa606f906310311f,8062613,20251219120207,P,,gx-no-cache=1766404836407 HTTP/1.1" 200 90
190.95.67.99 - - [22/Dec/2025:09:00:11 -0300] "GET /cormun/servlet/hpexe_link HTTP/1.1" 200 1002
190.95.67.99 - - [22/Dec/2025:09:00:11 -0300] "GET /cormun/servlet/trpermisosgoce?gx-no-cache=1766404758822 HTTP/1.1" 200 18130
190.95.67.99 - - [22/Dec/2025:09:00:25 -0300] "GET /cormun/servlet/trpermisosadjuntos?8062613,20251219120137,P, HTTP/1.1" 200 6664
190.95.67.99 - - [22/Dec/2025:09:00:27 -0300] "GET /cormun/servlet/permisosadjuntos?INS,8062613,P,20251219120137,, HTTP/1.1" 200 5968
190.95.67.99 - - [22/Dec/2025:09:00:27 -0300] "GET /cormun/static/about:blank HTTP/1.1" 404 1011
190.95.67.99 - - [22/Dec/2025:09:00:37 -0300] "POST /cormun/servlet/permisosadjuntos?1780eb9beb1502effa606f906310311f,INS,8062613,P,20251219120137,, HTTP/1.1" 200 116
190.95.67.99 - - [22/Dec/2025:09:00:37 -0300] "GET /cormun/servlet/hpexe_return? HTTP/1.1" 200 1035
190.95.67.99 - - [22/Dec/2025:09:00:37 -0300] "GET /cormun/servlet/trpermisosadjuntos?8062613,20251219120137,P, HTTP/1.1" 200 7171
190.95.67.99 - - [22/Dec/2025:09:00:39 -0300] "POST /cormun/servlet/trpermisosadjuntos?1780eb9beb1502effa606f906310311f,8062613,20251219120137,P,,gx-no-cache=1766404864650 HTTP/1.1" 200 90
190.95.67.99 - - [22/Dec/2025:09:00:39 -0300] "GET /cormun/servlet/hpexe_link HTTP/1.1" 200 1003
190.95.67.99 - - [22/Dec/2025:09:00:39 -0300] "GET /cormun/servlet/trpermisosgoce?gx-no-cache=1766404758822 HTTP/1.1" 200 18130
190.95.67.99 - - [22/Dec/2025:09:00:49 -0300] "GET /cormun/servlet/trpermisosadjuntos?8062613,20251219115933,P, HTTP/1.1" 200 6664
190.95.67.99 - - [22/Dec/2025:09:00:51 -0300] "GET /cormun/servlet/permisosadjuntos?INS,8062613,P,20251219115933,, HTTP/1.1" 200 5968
190.95.67.99 - - [22/Dec/2025:09:00:51 -0300] "GET /cormun/static/about:blank HTTP/1.1" 404 1011
190.95.67.99 - - [22/Dec/2025:09:00:57 -0300] "POST /cormun/servlet/permisosadjuntos?1780eb9beb1502effa606f906310311f,INS,8062613,P,20251219115933,, HTTP/1.1" 200 116
190.95.67.99 - - [22/Dec/2025:09:00:57 -0300] "GET /cormun/servlet/hpexe_return? HTTP/1.1" 200 1036
190.95.67.99 - - [22/Dec/2025:09:00:57 -0300] "GET /cormun/servlet/trpermisosadjuntos?8062613,20251219115933,P, HTTP/1.1" 200 7175
190.95.67.99 - - [22/Dec/2025:09:01:00 -0300] "POST /cormun/servlet/trpermisosadjuntos?1780eb9beb1502effa606f906310311f,8062613,20251219115933,P,,gx-no-cache=1766404885146 HTTP/1.1" 200 90
190.95.67.99 - - [22/Dec/2025:09:01:00 -0300] "GET /cormun/servlet/hpexe_link HTTP/1.1" 200 1003
190.95.67.99 - - [22/Dec/2025:09:01:00 -0300] "GET /cormun/servlet/trpermisosgoce?gx-no-cache=1766404758822 HTTP/1.1" 200 18130
190.95.67.99 - - [22/Dec/2025:09:01:03 -0300] "POST /cormun/servlet/trpermisosgoce?1780eb9beb1502effa606f906310311f,gx-no-cache=1766404758822,gx-no-cache=1766404888754 HTTP/1.1" 200 15454
190.95.67.99 - - [22/Dec/2025:09:01:14 -0300] "GET /cormun/servlet/trpermisosingoce? HTTP/1.1" 200 8644
190.95.67.99 - - [22/Dec/2025:09:01:19 -0300] "GET /cormun/servlet/trpermisosingoceadjunto?696,17204627, HTTP/1.1" 200 6438
190.95.67.99 - - [22/Dec/2025:09:01:21 -0300] "GET /cormun/servlet/permisosingoceadjunto?INS,696,, HTTP/1.1" 200 5737
190.95.67.99 - - [22/Dec/2025:09:01:21 -0300] "GET /cormun/static/about:blank HTTP/1.1" 404 1011
190.95.67.99 - - [22/Dec/2025:09:01:21 -0300] "GET /cormun/servlet/permisosingoceadjunto?77e5b144106910657f90985fd3c5f4c23496208fd2e43cf55dc8125cf0d8d6d2,gx-no-cache=1766404906862 HTTP/1.1" 200 26
190.95.15.31 - - [22/Dec/2025:09:01:43 -0300] "GET /cormun/servlet/trautorizarsolicitud? HTTP/1.1" 200 6216
190.95.67.99 - - [22/Dec/2025:09:01:44 -0300] "POST /cormun/servlet/permisosingoceadjunto?1780eb9beb1502effa606f906310311f,INS,696,, HTTP/1.1" 200 116
190.95.67.99 - - [22/Dec/2025:09:01:44 -0300] "GET /cormun/servlet/hpexe_return? HTTP/1.1" 200 1026
190.95.67.99 - - [22/Dec/2025:09:01:44 -0300] "GET /cormun/servlet/trpermisosingoceadjunto?696,17204627, HTTP/1.1" 200 6895
190.95.67.99 - - [22/Dec/2025:09:01:48 -0300] "GET /cormun/servlet/trpermisosingoce? HTTP/1.1" 200 8623
190.95.67.99 - - [22/Dec/2025:09:01:52 -0300] "POST /cormun/servlet/trpermisosingoce?1780eb9beb1502effa606f906310311f,,gx-no-cache=1766404937411 HTTP/1.1" 200 5887
190.95.67.99 - - [22/Dec/2025:09:01:59 -0300] "GET /cormun/servlet/trpermisosingoceautorizar? HTTP/1.1" 200 7881
190.95.67.99 - - [22/Dec/2025:09:02:02 -0300] "POST /cormun/servlet/trpermisosingoceautorizar?1780eb9beb1502effa606f906310311f,,gx-no-cache=1766404947360 HTTP/1.1" 200 4468
190.95.67.99 - - [22/Dec/2025:09:02:13 -0300] "GET /cormun/servlet/trpermisosgoce? HTTP/1.1" 200 18139
190.95.67.99 - - [22/Dec/2025:09:02:18 -0300] "GET /cormun/servlet/trautorizarpermisogoce? HTTP/1.1" 200 9512
190.95.67.99 - - [22/Dec/2025:09:02:21 -0300] "POST /cormun/servlet/trautorizarpermisogoce?1780eb9beb1502effa606f906310311f,,gx-no-cache=1766404966663 HTTP/1.1" 200 6275
190.95.67.99 - - [22/Dec/2025:09:02:22 -0300] "POST /cormun/servlet/trautorizarpermisogoce?1780eb9beb1502effa606f906310311f,,gx-no-cache=1766404967636 HTTP/1.1" 200 5904
190.95.67.99 - - [22/Dec/2025:09:02:23 -0300] "POST /cormun/servlet/trautorizarpermisogoce?1780eb9beb1502effa606f906310311f,,gx-no-cache=1766404968356 HTTP/1.1" 200 5513
190.95.67.99 - - [22/Dec/2025:09:02:24 -0300] "POST /cormun/servlet/trautorizarpermisogoce?1780eb9beb1502effa606f906310311f,,gx-no-cache=1766404969092 HTTP/1.1" 200 4532
190.95.67.99 - - [22/Dec/2025:09:02:26 -0300] "GET /cormun/servlet/trpermisosgoce? HTTP/1.1" 200 18123
179.57.78.55 - - [22/Dec/2025:09:02:42 -0300] "POST /cormun/servlet/trpermisosgoce?74b1885af8a064f1427fa6d3ca4f6d32,,gx-no-cache=1766404978678 HTTP/1.1" 200 5930
179.57.78.55 - - [22/Dec/2025:09:02:47 -0300] "GET /cormun/servlet/permisogoce?INS,0,,, HTTP/1.1" 200 6842
179.57.78.55 - - [22/Dec/2025:09:02:57 -0300] "GET /cormun/servlet/permisogoce?a408f72664b20bc11d986d0bfaf234b6082a209d02b536f74ee1bfc5a682cf3e49406b890fe3bf9e5863f8875442ab928969ade07e64a6fc4223b27d465dacad,gx-no-cache=1766404993689 HTTP/1.1" 200 74
179.57.78.55 - - [22/Dec/2025:09:02:58 -0300] "GET /cormun/static/menuarrow.gif HTTP/1.1" 404 1015
190.95.67.91 - - [22/Dec/2025:09:03:04 -0300] "GET /cormun/servlet/permisogoce?INS,0,,, HTTP/1.1" 200 6030
190.95.67.91 - - [22/Dec/2025:09:03:04 -0300] "GET /cormun/servlet/hlogin HTTP/1.1" 200 1749
190.95.67.91 - - [22/Dec/2025:09:03:10 -0300] "POST /cormun/servlet/hlogin?fac7a9c9cb6cee6e626422af0340f668,gx-no-cache=1766405007150 HTTP/1.1" 200 90
190.95.67.91 - - [22/Dec/2025:09:03:10 -0300] "GET /cormun/servlet/hpexe_link HTTP/1.1" 200 967
190.95.67.91 - - [22/Dec/2025:09:03:10 -0300] "GET /cormun/servlet/permisogoce?INS,0,,, HTTP/1.1" 200 6933
179.57.78.55 - - [22/Dec/2025:09:03:11 -0300] "GET /cormun/servlet/permisogoce?a408f72664b20bc11d986d0bfaf234b6d8c3489935a63ce60f502c4aca31714381178d6fcfa4fcaf5d06c2de1a715b32409f901c60af57a072cdfd20abc123c6,gx-no-cache=1766405007383 HTTP/1.1" 200 48
179.57.78.55 - - [22/Dec/2025:09:03:32 -0300] "POST /cormun/servlet/permisogoce?74b1885af8a064f1427fa6d3ca4f6d32,INS,0,,,,gx-no-cache=1766405028509 HTTP/1.1" 200 93
179.57.78.55 - - [22/Dec/2025:09:03:32 -0300] "GET /cormun/servlet/hpexe_return? HTTP/1.1" 200 1007
179.57.78.55 - - [22/Dec/2025:09:03:32 -0300] "GET /cormun/servlet/trpermisosgoce? HTTP/1.1" 200 8868
179.57.78.55 - - [22/Dec/2025:09:03:50 -0300] "POST /cormun/servlet/trpermisosgoce?0ace71cdd6227dddb06c71c22ebe0f1a,gx-no-cache=1766405046672 HTTP/1.1" 200 16148
179.57.78.55 - - [22/Dec/2025:09:03:53 -0300] "GET /cormun/servlet/apermisogoceprn?20214252,P,20251222090351,PU HTTP/1.1" 200 1655
179.57.78.55 - - [22/Dec/2025:09:04:33 -0300] "POST /cormun/servlet/trpermisosgoce?74b1885af8a064f1427fa6d3ca4f6d32,,gx-no-cache=1766405089894 HTTP/1.1" 200 5867
190.95.15.31 - - [22/Dec/2025:09:04:50 -0300] "GET /cormun/servlet/hlogin HTTP/1.1" 200 1738
179.57.78.55 - - [22/Dec/2025:09:04:56 -0300] "GET /cormun/servlet/permisogoce?INS,0,,, HTTP/1.1" 200 6842
179.57.78.55 - - [22/Dec/2025:09:05:10 -0300] "GET /cormun/servlet/permisogoce?a408f72664b20bc11d986d0bfaf234b61a8b5cec1085380bf291c353897e9b6dba6cbe91ecb8319c7f1d99a52a771422a4ca1138c518616a7d93cb81ccf6ec2f,gx-no-cache=1766405126564 HTTP/1.1" 200 79
179.57.78.55 - - [22/Dec/2025:09:05:15 -0300] "GET /cormun/servlet/permisogoce?a408f72664b20bc11d986d0bfaf234b65ba5d5578c7124e1f91aa00d65825752808d85ed10967c79497b8a5a665c7b1eb55d6c6db59dec7286a0d9ff95114f05,gx-no-cache=1766405131635 HTTP/1.1" 200 48
179.57.78.55 - - [22/Dec/2025:09:05:21 -0300] "POST /cormun/servlet/permisogoce?74b1885af8a064f1427fa6d3ca4f6d32,INS,0,,,,gx-no-cache=1766405137028 HTTP/1.1" 200 93
179.57.78.55 - - [22/Dec/2025:09:05:21 -0300] "GET /cormun/servlet/hpexe_return? HTTP/1.1" 200 1007
179.57.78.55 - - [22/Dec/2025:09:05:21 -0300] "GET /cormun/servlet/trpermisosgoce? HTTP/1.1" 200 8807
190.95.67.91 - - [22/Dec/2025:09:05:43 -0300] "GET /cormun/servlet/permisogoce?c172344a10411af5089ada6a97438521c620bb86ab3b8e548664f5477fce4d454a54f3112995b8146019c919de8a39fa238ef5cf958a03a577db3b24f7494635,gx-no-cache=1766405160020 HTTP/1.1" 200 82
190.95.67.91 - - [22/Dec/2025:09:05:52 -0300] "GET /cormun/servlet/permisogoce?c172344a10411af5089ada6a97438521d62309b334f1c125b07a93599040061bd5613d9b814ab1c79902f8210cb7737a1fc791e18d91bd93dbca8e71b5040762,gx-no-cache=1766405169309 HTTP/1.1" 200 48
190.95.15.15 - - [22/Dec/2025:09:07:12 -0300] "GET /cormun/servlet/trlicencias? HTTP/1.1" 200 12957
