181.212.31.162 - - [19/Dec/2025:12:26:14 -0300] "GET /cormun/static/Resources/PXToolsButtonRight.png HTTP/1.1" 200 1294
181.212.31.162 - - [19/Dec/2025:12:26:14 -0300] "GET /cormun/static/Resources/PXToolsButtonBackground.png HTTP/1.1" 200 1176
181.212.31.162 - - [19/Dec/2025:12:26:14 -0300] "GET /cormun/static/Resources/indicator.gif HTTP/1.1" 200 1553
181.212.31.162 - - [19/Dec/2025:12:26:14 -0300] "GET /cormun/static/Resources/PXToolsLoginTop.png HTTP/1.1" 200 1337
181.212.31.162 - - [19/Dec/2025:12:26:14 -0300] "GET /cormun/static/Resources/PXToolsLoginBackground.png HTTP/1.1" 200 1164
181.212.31.162 - - [19/Dec/2025:12:26:14 -0300] "GET /cormun/static/Resources/PXToolsLoginBottom.png HTTP/1.1" 200 1389
181.212.31.162 - - [19/Dec/2025:12:26:14 -0300] "GET /cormun/static/Resources/PXToolsButtonRight.png HTTP/1.1" 200 1294
181.212.31.162 - - [19/Dec/2025:12:26:14 -0300] "GET /cormun/static/Resources/PXToolsButtonBackground.png HTTP/1.1" 200 1176
181.212.31.162 - - [19/Dec/2025:12:26:14 -0300] "GET /cormun/static/Resources/indicator.gif HTTP/1.1" 200 1553
181.212.31.162 - - [19/Dec/2025:12:26:14 -0300] "GET /favicon.ico HTTP/1.1" 200 21630
190.95.67.91 - - [19/Dec/2025:12:26:24 -0300] "GET /cormun/servlet/trpermisosadjuntos?15739042,20251219122659,P, HTTP/1.1" 200 6583
190.95.67.91 - - [19/Dec/2025:12:26:25 -0300] "GET /cormun/servlet/permisosadjuntos?INS,15739042,P,20251219122659,, HTTP/1.1" 200 5890
190.95.67.91 - - [19/Dec/2025:12:26:25 -0300] "GET /cormun/static/about:blank HTTP/1.1" 404 1011
190.95.67.91 - - [19/Dec/2025:12:26:36 -0300] "POST /cormun/servlet/permisosadjuntos?58a547e00176b92b8c030e9b2275c969,INS,15739042,P,20251219122659,, HTTP/1.1" 200 116
190.95.67.91 - - [19/Dec/2025:12:26:36 -0300] "GET /cormun/servlet/hpexe_return? HTTP/1.1" 200 1039
190.95.67.91 - - [19/Dec/2025:12:26:36 -0300] "GET /cormun/servlet/trpermisosadjuntos?15739042,20251219122659,P, HTTP/1.1" 200 7101
190.95.67.91 - - [19/Dec/2025:12:26:54 -0300] "POST /cormun/servlet/trpermisosadjuntos?58a547e00176b92b8c030e9b2275c969,15739042,20251219122659,P,,gx-no-cache=1766158035039 HTTP/1.1" 200 90
190.95.67.91 - - [19/Dec/2025:12:26:54 -0300] "GET /cormun/servlet/hpexe_link HTTP/1.1" 200 1005
190.95.67.91 - - [19/Dec/2025:12:26:54 -0300] "GET /cormun/servlet/trpermisosgoce?gx-no-cache=1766157735379 HTTP/1.1" 200 18124
190.95.67.91 - - [19/Dec/2025:12:26:59 -0300] "POST /cormun/servlet/trpermisosgoce?58a547e00176b92b8c030e9b2275c969,gx-no-cache=1766157735379,gx-no-cache=1766158039538 HTTP/1.1" 200 15399
190.95.67.91 - - [19/Dec/2025:12:27:03 -0300] "GET /cormun/servlet/permisogoce?INS,0,,, HTTP/1.1" 200 7151
190.95.67.91 - - [19/Dec/2025:12:27:17 -0300] "GET /cormun/servlet/permisogoce?b21910f9ebf466a33a07d726d7a17a3a3fe44039fb5db2c0df6c722da0d5e7f239312f6fe77cb8670d613300b9df1f4c55e6f6e2b847f8ebba67a3cfb5a2a8d6,gx-no-cache=1766158058235 HTTP/1.1" 200 84
190.95.67.91 - - [19/Dec/2025:12:27:24 -0300] "GET /cormun/servlet/permisogoce?b21910f9ebf466a33a07d726d7a17a3aeafaf58bb18d2776a954438050458e60a8cf8ba0f004f1889a80209a66bea4ae84840c47b24563ff3e5c901f476335cc,gx-no-cache=1766158065264 HTTP/1.1" 200 48
190.95.67.91 - - [19/Dec/2025:12:27:29 -0300] "POST /cormun/servlet/permisogoce?58a547e00176b92b8c030e9b2275c969,INS,0,,,,gx-no-cache=1766158069727 HTTP/1.1" 200 93
190.95.67.91 - - [19/Dec/2025:12:27:29 -0300] "GET /cormun/servlet/hpexe_return? HTTP/1.1" 200 1031
190.95.67.91 - - [19/Dec/2025:12:27:30 -0300] "GET /cormun/servlet/trpermisosgoce?gx-no-cache=1766157735379 HTTP/1.1" 200 18071
190.95.67.91 - - [19/Dec/2025:12:27:33 -0300] "GET /cormun/servlet/trpermisosadjuntos?15739042,20251219122813,P, HTTP/1.1" 200 6583
190.95.67.91 - - [19/Dec/2025:12:27:35 -0300] "GET /cormun/servlet/permisosadjuntos?INS,15739042,P,20251219122813,, HTTP/1.1" 200 5887
190.95.67.91 - - [19/Dec/2025:12:27:35 -0300] "GET /cormun/static/about:blank HTTP/1.1" 404 1011
190.95.67.91 - - [19/Dec/2025:12:27:58 -0300] "POST /cormun/servlet/permisosadjuntos?58a547e00176b92b8c030e9b2275c969,INS,15739042,P,20251219122813,, HTTP/1.1" 200 116
190.95.67.91 - - [19/Dec/2025:12:27:58 -0300] "GET /cormun/servlet/hpexe_return? HTTP/1.1" 200 1038
190.95.67.91 - - [19/Dec/2025:12:27:58 -0300] "GET /cormun/servlet/trpermisosadjuntos?15739042,20251219122813,P, HTTP/1.1" 200 7101
190.95.67.91 - - [19/Dec/2025:12:28:02 -0300] "POST /cormun/servlet/trpermisosadjuntos?58a547e00176b92b8c030e9b2275c969,15739042,20251219122813,P,,gx-no-cache=1766158102360 HTTP/1.1" 200 90
190.95.67.91 - - [19/Dec/2025:12:28:02 -0300] "GET /cormun/servlet/hpexe_link HTTP/1.1" 200 1004
190.95.67.91 - - [19/Dec/2025:12:28:02 -0300] "GET /cormun/servlet/trpermisosgoce?gx-no-cache=1766157735379 HTTP/1.1" 200 18067
190.95.67.91 - - [19/Dec/2025:12:28:05 -0300] "POST /cormun/servlet/trpermisosgoce?58a547e00176b92b8c030e9b2275c969,gx-no-cache=1766157735379,gx-no-cache=1766158105210 HTTP/1.1" 200 15342
190.95.67.91 - - [19/Dec/2025:12:28:18 -0300] "GET /cormun/servlet/permisogoce?INS,0,,, HTTP/1.1" 200 7151
190.95.67.91 - - [19/Dec/2025:12:28:23 -0300] "GET /cormun/servlet/permisogoce?b21910f9ebf466a33a07d726d7a17a3ae587545506f4fa4b678a8bb8527817d939312f6fe77cb8670d613300b9df1f4c55e6f6e2b847f8ebba67a3cfb5a2a8d6,gx-no-cache=1766158124073 HTTP/1.1" 200 90
190.95.67.91 - - [19/Dec/2025:12:28:33 -0300] "GET /cormun/servlet/permisogoce?b21910f9ebf466a33a07d726d7a17a3a6df8c148a8bc433a2281a61d80252c2cd76c6d8c03409adae5d4c430367f02e084840c47b24563ff3e5c901f476335cc,gx-no-cache=1766158133721 HTTP/1.1" 200 48
190.95.67.91 - - [19/Dec/2025:12:28:36 -0300] "POST /cormun/servlet/permisogoce?58a547e00176b92b8c030e9b2275c969,INS,0,,,,gx-no-cache=1766158136559 HTTP/1.1" 200 93
190.95.67.91 - - [19/Dec/2025:12:28:36 -0300] "GET /cormun/servlet/hpexe_return? HTTP/1.1" 200 1031
190.95.67.91 - - [19/Dec/2025:12:28:36 -0300] "GET /cormun/servlet/trpermisosgoce?gx-no-cache=1766157735379 HTTP/1.1" 200 18116
190.95.67.91 - - [19/Dec/2025:12:28:46 -0300] "GET /cormun/servlet/trpermisosadjuntos?18648216,20251219122928,P, HTTP/1.1" 200 6588
190.95.67.91 - - [19/Dec/2025:12:28:48 -0300] "GET /cormun/servlet/permisosadjuntos?INS,18648216,P,20251219122928,, HTTP/1.1" 200 5894
190.95.67.91 - - [19/Dec/2025:12:28:48 -0300] "GET /cormun/static/about:blank HTTP/1.1" 404 1011
190.95.67.91 - - [19/Dec/2025:12:28:56 -0300] "POST /cormun/servlet/permisosadjuntos?58a547e00176b92b8c030e9b2275c969,INS,18648216,P,20251219122928,, HTTP/1.1" 200 116
190.95.67.91 - - [19/Dec/2025:12:28:56 -0300] "GET /cormun/servlet/hpexe_return? HTTP/1.1" 200 1038
190.95.67.91 - - [19/Dec/2025:12:28:56 -0300] "GET /cormun/servlet/trpermisosadjuntos?18648216,20251219122928,P, HTTP/1.1" 200 7096
190.95.67.91 - - [19/Dec/2025:12:28:58 -0300] "POST /cormun/servlet/trpermisosadjuntos?58a547e00176b92b8c030e9b2275c969,18648216,20251219122928,P,,gx-no-cache=1766158159327 HTTP/1.1" 200 90
190.95.67.91 - - [19/Dec/2025:12:28:58 -0300] "GET /cormun/servlet/hpexe_link HTTP/1.1" 200 1004
190.95.67.91 - - [19/Dec/2025:12:28:59 -0300] "GET /cormun/servlet/trpermisosgoce?gx-no-cache=1766157735379 HTTP/1.1" 200 18113
190.95.67.91 - - [19/Dec/2025:12:29:01 -0300] "GET /cormun/servlet/permisogoce?INS,0,,, HTTP/1.1" 200 7151
190.95.67.91 - - [19/Dec/2025:12:29:08 -0300] "GET /cormun/servlet/permisogoce?b21910f9ebf466a33a07d726d7a17a3a5c1764b6b6d1487aa54f4552c13a56cb39312f6fe77cb8670d613300b9df1f4c55e6f6e2b847f8ebba67a3cfb5a2a8d6,gx-no-cache=1766158168457 HTTP/1.1" 200 83
179.57.78.71 - - [19/Dec/2025:12:29:12 -0300] "GET /cormun/servlet/hhome HTTP/1.1" 200 3317
179.57.78.71 - - [19/Dec/2025:12:29:12 -0300] "GET /cormun/servlet/hlogin HTTP/1.1" 200 1724
190.95.67.91 - - [19/Dec/2025:12:29:14 -0300] "GET /cormun/servlet/permisogoce?b21910f9ebf466a33a07d726d7a17a3af3f1aa919b0178524bc8bc4eaeb7a21e3b3e8c14a3e13378e1baabf0f769504b05f629806233833466c2dd05a7865a1d,gx-no-cache=1766158174681 HTTP/1.1" 200 48
190.95.67.91 - - [19/Dec/2025:12:29:18 -0300] "POST /cormun/servlet/permisogoce?58a547e00176b92b8c030e9b2275c969,INS,0,,,,gx-no-cache=1766158178599 HTTP/1.1" 200 93
190.95.67.91 - - [19/Dec/2025:12:29:18 -0300] "GET /cormun/servlet/hpexe_return? HTTP/1.1" 200 1031
190.95.67.91 - - [19/Dec/2025:12:29:18 -0300] "GET /cormun/servlet/trpermisosgoce?gx-no-cache=1766157735379 HTTP/1.1" 200 18212
190.95.67.91 - - [19/Dec/2025:12:29:21 -0300] "GET /cormun/servlet/trpermisosadjuntos?11553313,20251219123012,P, HTTP/1.1" 200 6581
190.95.67.91 - - [19/Dec/2025:12:29:23 -0300] "GET /cormun/servlet/permisosadjuntos?INS,11553313,P,20251219123012,, HTTP/1.1" 200 5885
190.95.67.91 - - [19/Dec/2025:12:29:23 -0300] "GET /cormun/static/about:blank HTTP/1.1" 404 1011
179.57.78.71 - - [19/Dec/2025:12:29:27 -0300] "POST /cormun/servlet/hlogin?b5a44cd7b602a52e0b588aa223a126db,gx-no-cache=1766158187368 HTTP/1.1" 200 90
179.57.78.71 - - [19/Dec/2025:12:29:27 -0300] "GET /cormun/servlet/hpexe_link HTTP/1.1" 200 944
179.57.78.71 - - [19/Dec/2025:12:29:27 -0300] "GET /cormun/servlet/hhome HTTP/1.1" 200 4260
179.57.78.71 - - [19/Dec/2025:12:29:29 -0300] "GET /cormun/servlet/trlicencias? HTTP/1.1" 200 13162
190.95.67.91 - - [19/Dec/2025:12:29:34 -0300] "POST /cormun/servlet/permisosadjuntos?58a547e00176b92b8c030e9b2275c969,INS,11553313,P,20251219123012,, HTTP/1.1" 200 116
190.95.67.91 - - [19/Dec/2025:12:29:34 -0300] "GET /cormun/servlet/hpexe_return? HTTP/1.1" 200 1037
190.95.67.91 - - [19/Dec/2025:12:29:34 -0300] "GET /cormun/servlet/trpermisosadjuntos?11553313,20251219123012,P, HTTP/1.1" 200 7098
190.95.67.91 - - [19/Dec/2025:12:29:43 -0300] "POST /cormun/servlet/trpermisosadjuntos?58a547e00176b92b8c030e9b2275c969,11553313,20251219123012,P,,gx-no-cache=1766158203552 HTTP/1.1" 200 90
190.95.67.91 - - [19/Dec/2025:12:29:43 -0300] "GET /cormun/servlet/hpexe_link HTTP/1.1" 200 1003
190.95.67.91 - - [19/Dec/2025:12:29:43 -0300] "GET /cormun/servlet/trpermisosgoce?gx-no-cache=1766157735379 HTTP/1.1" 200 18208
190.95.67.91 - - [19/Dec/2025:12:29:46 -0300] "POST /cormun/servlet/trpermisosgoce?58a547e00176b92b8c030e9b2275c969,gx-no-cache=1766157735379,gx-no-cache=1766158206681 HTTP/1.1" 200 15481
190.95.67.91 - - [19/Dec/2025:12:29:49 -0300] "GET /cormun/servlet/permisogoce?INS,0,,, HTTP/1.1" 200 7151
190.95.1.129 - - [19/Dec/2025:12:31:15 -0300] "GET /cormun/servlet/apermisogoceprn?9721101,P,20251212100346,PU HTTP/1.1" 200 1659
190.95.1.129 - - [19/Dec/2025:12:31:33 -0300] "GET /cormun/servlet/apermisogoceprn?17477622,P,20251212101714,PU HTTP/1.1" 200 1662
190.95.1.129 - - [19/Dec/2025:12:31:42 -0300] "GET /cormun/servlet/apermisogoceprn?15994421,P,20251212101800,PU HTTP/1.1" 200 1655
190.95.1.129 - - [19/Dec/2025:12:31:53 -0300] "GET /cormun/servlet/apermisogoceprn?15524622,P,20251212101856,PU HTTP/1.1" 200 1662
190.95.1.129 - - [19/Dec/2025:12:32:01 -0300] "GET /cormun/servlet/apermisogoceprn?14346212,P,20251212095802,PU HTTP/1.1" 200 1648
190.95.67.91 - - [19/Dec/2025:12:32:10 -0300] "GET /cormun/servlet/permisogoce?b21910f9ebf466a33a07d726d7a17a3a1955c42b5193c58cc52eed2f447694a639312f6fe77cb8670d613300b9df1f4c55e6f6e2b847f8ebba67a3cfb5a2a8d6,gx-no-cache=1766158350730 HTTP/1.1" 200 80
190.95.1.129 - - [19/Dec/2025:12:32:14 -0300] "GET /cormun/servlet/apermisogoceprn?20368221,P,20251212095935,PU HTTP/1.1" 200 1658
190.95.67.91 - - [19/Dec/2025:12:32:19 -0300] "GET /cormun/servlet/permisogoce?b21910f9ebf466a33a07d726d7a17a3ac800d0894a8e005e80508ec61289c853ec27bee5b2df8d469922e97d3e4f689a84840c47b24563ff3e5c901f476335cc,gx-no-cache=1766158360089 HTTP/1.1" 200 48
190.95.1.129 - - [19/Dec/2025:12:32:23 -0300] "GET /cormun/servlet/apermisogoceprn?16250491,P,20251212100105,PU HTTP/1.1" 200 1650
190.95.67.91 - - [19/Dec/2025:12:32:30 -0300] "POST /cormun/servlet/permisogoce?58a547e00176b92b8c030e9b2275c969,INS,0,,,,gx-no-cache=1766158370126 HTTP/1.1" 200 93
190.95.67.91 - - [19/Dec/2025:12:32:30 -0300] "GET /cormun/servlet/hpexe_return? HTTP/1.1" 200 1031
190.95.67.91 - - [19/Dec/2025:12:32:30 -0300] "GET /cormun/servlet/trpermisosgoce?gx-no-cache=1766157735379 HTTP/1.1" 200 18254
190.95.1.129 - - [19/Dec/2025:12:32:30 -0300] "GET /cormun/servlet/apermisogoceprn?20999005,P,20251212100252,PU HTTP/1.1" 200 1648
190.95.1.129 - - [19/Dec/2025:12:32:40 -0300] "GET /cormun/servlet/apermisogoceprn?11995895,P,20251212101945,PU HTTP/1.1" 200 1646
190.95.1.129 - - [19/Dec/2025:12:32:47 -0300] "GET /cormun/servlet/apermisogoceprn?17289900,P,20251212102055,PU HTTP/1.1" 200 1655
190.95.1.129 - - [19/Dec/2025:12:32:55 -0300] "GET /cormun/servlet/apermisogoceprn?17966138,P,20251212102240,PU HTTP/1.1" 200 1671
190.95.67.91 - - [19/Dec/2025:12:32:57 -0300] "GET /cormun/servlet/trpermisosadjuntos?20919453,20251219123059,P, HTTP/1.1" 200 6579
190.95.67.91 - - [19/Dec/2025:12:32:59 -0300] "GET /cormun/servlet/permisosadjuntos?INS,20919453,P,20251219123059,, HTTP/1.1" 200 5883
190.95.67.91 - - [19/Dec/2025:12:33:00 -0300] "GET /cormun/static/about:blank HTTP/1.1" 404 1011
190.95.1.129 - - [19/Dec/2025:12:33:05 -0300] "GET /cormun/servlet/apermisogoceprn?11277524,P,20251212102407,PU HTTP/1.1" 200 1659
190.95.67.91 - - [19/Dec/2025:12:33:10 -0300] "POST /cormun/servlet/permisosadjuntos?58a547e00176b92b8c030e9b2275c969,INS,20919453,P,20251219123059,, HTTP/1.1" 200 116
190.95.67.91 - - [19/Dec/2025:12:33:10 -0300] "GET /cormun/servlet/hpexe_return? HTTP/1.1" 200 1036
190.95.67.91 - - [19/Dec/2025:12:33:10 -0300] "GET /cormun/servlet/trpermisosadjuntos?20919453,20251219123059,P, HTTP/1.1" 200 7102
190.95.67.91 - - [19/Dec/2025:12:33:12 -0300] "POST /cormun/servlet/trpermisosadjuntos?58a547e00176b92b8c030e9b2275c969,20919453,20251219123059,P,,gx-no-cache=1766158412400 HTTP/1.1" 200 90
190.95.67.91 - - [19/Dec/2025:12:33:12 -0300] "GET /cormun/servlet/hpexe_link HTTP/1.1" 200 1002
190.95.67.91 - - [19/Dec/2025:12:33:12 -0300] "GET /cormun/servlet/trpermisosgoce?gx-no-cache=1766157735379 HTTP/1.1" 200 18251
190.95.1.129 - - [19/Dec/2025:12:33:13 -0300] "GET /cormun/servlet/apermisogoceprn?12293918,P,20251212102444,PU HTTP/1.1" 200 1650
190.95.67.91 - - [19/Dec/2025:12:33:14 -0300] "POST /cormun/servlet/trpermisosgoce?58a547e00176b92b8c030e9b2275c969,gx-no-cache=1766157735379,gx-no-cache=1766158414473 HTTP/1.1" 200 15497
190.95.15.15 - - [19/Dec/2025:12:33:18 -0300] "GET /cormun/servlet/permisogoce?INS,0,,, HTTP/1.1" 200 6860
190.95.67.91 - - [19/Dec/2025:12:33:24 -0300] "GET /cormun/servlet/permisogoce?INS,0,,, HTTP/1.1" 200 7151
190.95.15.15 - - [19/Dec/2025:12:33:31 -0300] "GET /cormun/servlet/permisogoce?436b395baf3918303ee439e27b5bf4a1b311e5e38a351603bf7551e90e3d84df941a67fc90ef1f0666d8025b2880eb8eba67058cd83058d8766569cfb9320f41,gx-no-cache=1766158432056 HTTP/1.1" 200 76
190.95.67.91 - - [19/Dec/2025:12:33:31 -0300] "GET /cormun/servlet/permisogoce?b21910f9ebf466a33a07d726d7a17a3a1955c42b5193c58cc52eed2f447694a639312f6fe77cb8670d613300b9df1f4c55e6f6e2b847f8ebba67a3cfb5a2a8d6,gx-no-cache=1766158432146 HTTP/1.1" 200 82
190.95.15.15 - - [19/Dec/2025:12:33:31 -0300] "GET /cormun/static/menuarrow.gif HTTP/1.1" 404 1015
190.95.15.15 - - [19/Dec/2025:12:33:36 -0300] "GET /cormun/servlet/permisogoce?436b395baf3918303ee439e27b5bf4a1d6cfc5c278f2ff749b4afe0413ac99f3e9c84c2b1d0b5899530b0b1ea223253646af38d213672279f3d39dd1ec776ce5,gx-no-cache=1766158437054 HTTP/1.1" 200 47
190.95.67.91 - - [19/Dec/2025:12:33:38 -0300] "GET /cormun/servlet/permisogoce?b21910f9ebf466a33a07d726d7a17a3ac800d0894a8e005e80508ec61289c85347b74d5f2f2b491b3d7022bd1c1d678084840c47b24563ff3e5c901f476335cc,gx-no-cache=1766158438519 HTTP/1.1" 200 48
190.95.15.15 - - [19/Dec/2025:12:33:38 -0300] "POST /cormun/servlet/permisogoce?5308b3b151696bbed2ccb0e4f0e868c5,INS,0,,,,gx-no-cache=1766158438283 HTTP/1.1" 200 93
190.95.15.15 - - [19/Dec/2025:12:33:38 -0300] "GET /cormun/servlet/hpexe_return? HTTP/1.1" 200 1013
190.95.15.15 - - [19/Dec/2025:12:33:38 -0300] "GET /cormun/servlet/trpermisosgoce HTTP/1.1" 200 18208
190.95.15.15 - - [19/Dec/2025:12:33:41 -0300] "GET /cormun/servlet/apermisogoceprn?15967778,P,20251219123428,PU HTTP/1.1" 200 1663
190.95.67.91 - - [19/Dec/2025:12:33:49 -0300] "POST /cormun/servlet/permisogoce?58a547e00176b92b8c030e9b2275c969,INS,0,,,,gx-no-cache=1766158449662 HTTP/1.1" 200 93
190.95.67.91 - - [19/Dec/2025:12:33:49 -0300] "GET /cormun/servlet/hpexe_return? HTTP/1.1" 200 1031
190.95.67.91 - - [19/Dec/2025:12:33:49 -0300] "GET /cormun/servlet/trpermisosgoce?gx-no-cache=1766157735379 HTTP/1.1" 200 18257
190.95.67.91 - - [19/Dec/2025:12:33:52 -0300] "GET /cormun/servlet/trpermisosadjuntos?20919453,20251219123435,P, HTTP/1.1" 200 6578
190.95.67.91 - - [19/Dec/2025:12:33:54 -0300] "GET /cormun/servlet/permisosadjuntos?INS,20919453,P,20251219123435,, HTTP/1.1" 200 5883
190.95.67.91 - - [19/Dec/2025:12:33:54 -0300] "GET /cormun/static/about:blank HTTP/1.1" 404 1011
190.95.1.129 - - [19/Dec/2025:12:34:08 -0300] "GET /cormun/servlet/apermisogoceprn?17477438,P,20251212102551,PU HTTP/1.1" 200 1652
190.95.67.91 - - [19/Dec/2025:12:34:22 -0300] "POST /cormun/servlet/permisosadjuntos?58a547e00176b92b8c030e9b2275c969,INS,20919453,P,20251219123435,, HTTP/1.1" 200 116
190.95.67.91 - - [19/Dec/2025:12:34:22 -0300] "GET /cormun/servlet/hpexe_return? HTTP/1.1" 200 1036
190.95.67.91 - - [19/Dec/2025:12:34:22 -0300] "GET /cormun/servlet/trpermisosadjuntos?20919453,20251219123435,P, HTTP/1.1" 200 7097
190.95.67.91 - - [19/Dec/2025:12:34:25 -0300] "POST /cormun/servlet/trpermisosadjuntos?58a547e00176b92b8c030e9b2275c969,20919453,20251219123435,P,,gx-no-cache=1766158485463 HTTP/1.1" 200 90
190.95.67.91 - - [19/Dec/2025:12:34:25 -0300] "GET /cormun/servlet/hpexe_link HTTP/1.1" 200 1002
190.95.67.91 - - [19/Dec/2025:12:34:25 -0300] "GET /cormun/servlet/trpermisosgoce?gx-no-cache=1766157735379 HTTP/1.1" 200 18254
190.95.67.91 - - [19/Dec/2025:12:34:27 -0300] "POST /cormun/servlet/trpermisosgoce?58a547e00176b92b8c030e9b2275c969,gx-no-cache=1766157735379,gx-no-cache=1766158487418 HTTP/1.1" 200 15513
190.95.67.91 - - [19/Dec/2025:12:34:29 -0300] "GET /cormun/servlet/permisogoce?INS,0,,, HTTP/1.1" 200 7151
190.95.1.129 - - [19/Dec/2025:12:34:29 -0300] "GET /cormun/servlet/apermisogoceprn?10146569,P,20251211123521,PU HTTP/1.1" 200 1651
190.95.67.91 - - [19/Dec/2025:12:34:34 -0300] "GET /cormun/servlet/permisogoce?b21910f9ebf466a33a07d726d7a17a3a1955c42b5193c58cc52eed2f447694a639312f6fe77cb8670d613300b9df1f4c55e6f6e2b847f8ebba67a3cfb5a2a8d6,gx-no-cache=1766158494568 HTTP/1.1" 200 80
190.95.1.129 - - [19/Dec/2025:12:34:36 -0300] "GET /cormun/servlet/apermisogoceprn?10146569,P,20251211123521,PU HTTP/1.1" 200 1654
190.95.67.91 - - [19/Dec/2025:12:34:40 -0300] "GET /cormun/servlet/permisogoce?b21910f9ebf466a33a07d726d7a17a3ac800d0894a8e005e80508ec61289c853f9f1e16de495b7f842d786c461bd478805f629806233833466c2dd05a7865a1d,gx-no-cache=1766158501225 HTTP/1.1" 200 48
190.95.15.15 - - [19/Dec/2025:12:34:41 -0300] "GET /cormun/servlet/permisogoce?INS,0,,, HTTP/1.1" 200 6860
190.95.1.129 - - [19/Dec/2025:12:34:46 -0300] "GET /cormun/servlet/apermisogoceprn?15122782,P,20251211123615,PU HTTP/1.1" 200 1645
190.95.67.91 - - [19/Dec/2025:12:34:52 -0300] "POST /cormun/servlet/permisogoce?58a547e00176b92b8c030e9b2275c969,INS,0,,,,gx-no-cache=1766158511959 HTTP/1.1" 200 93
190.95.15.15 - - [19/Dec/2025:12:34:52 -0300] "GET /cormun/servlet/permisogoce?436b395baf3918303ee439e27b5bf4a1f699355036b5a18dc2dce27e197b8d4c941a67fc90ef1f0666d8025b2880eb8eba67058cd83058d8766569cfb9320f41,gx-no-cache=1766158512266 HTTP/1.1" 200 83
190.95.67.91 - - [19/Dec/2025:12:34:52 -0300] "GET /cormun/servlet/hpexe_return? HTTP/1.1" 200 1031
190.95.67.91 - - [19/Dec/2025:12:34:52 -0300] "GET /cormun/servlet/trpermisosgoce?gx-no-cache=1766157735379 HTTP/1.1" 200 18177
190.95.67.91 - - [19/Dec/2025:12:34:56 -0300] "GET /cormun/servlet/trpermisosadjuntos?20919453,20251219123539,P, HTTP/1.1" 200 6578
190.95.1.129 - - [19/Dec/2025:12:34:57 -0300] "GET /cormun/servlet/apermisogoceprn?15125831,P,20251211123657,PU HTTP/1.1" 200 1645
190.95.67.91 - - [19/Dec/2025:12:34:59 -0300] "GET /cormun/servlet/permisosadjuntos?INS,20919453,P,20251219123539,, HTTP/1.1" 200 5883
190.95.67.91 - - [19/Dec/2025:12:34:59 -0300] "GET /cormun/static/about:blank HTTP/1.1" 404 1011
190.95.15.15 - - [19/Dec/2025:12:35:03 -0300] "GET /cormun/servlet/permisogoce?436b395baf3918303ee439e27b5bf4a181e41e8e9e21bb13a6672f1655d17ea76ce5e2191c75bd15d8d6fe961773418f46af38d213672279f3d39dd1ec776ce5,gx-no-cache=1766158523988 HTTP/1.1" 200 47
190.95.15.15 - - [19/Dec/2025:12:35:05 -0300] "POST /cormun/servlet/permisogoce?5308b3b151696bbed2ccb0e4f0e868c5,INS,0,,,,gx-no-cache=1766158525666 HTTP/1.1" 200 93
190.95.15.15 - - [19/Dec/2025:12:35:05 -0300] "GET /cormun/servlet/hpexe_return? HTTP/1.1" 200 1013
190.95.15.15 - - [19/Dec/2025:12:35:06 -0300] "GET /cormun/servlet/trpermisosgoce HTTP/1.1" 200 18210
190.95.15.15 - - [19/Dec/2025:12:35:08 -0300] "GET /cormun/servlet/apermisogoceprn?14362871,P,20251219123551,PU HTTP/1.1" 200 1660
190.95.67.91 - - [19/Dec/2025:12:35:09 -0300] "POST /cormun/servlet/permisosadjuntos?58a547e00176b92b8c030e9b2275c969,INS,20919453,P,20251219123539,, HTTP/1.1" 200 116
190.95.67.91 - - [19/Dec/2025:12:35:09 -0300] "GET /cormun/servlet/hpexe_return? HTTP/1.1" 200 1036
190.95.67.91 - - [19/Dec/2025:12:35:09 -0300] "GET /cormun/servlet/trpermisosadjuntos?20919453,20251219123539,P, HTTP/1.1" 200 7100
190.95.67.91 - - [19/Dec/2025:12:35:20 -0300] "POST /cormun/servlet/trpermisosadjuntos?58a547e00176b92b8c030e9b2275c969,20919453,20251219123539,P,,gx-no-cache=1766158541103 HTTP/1.1" 200 90
190.95.67.91 - - [19/Dec/2025:12:35:20 -0300] "GET /cormun/servlet/hpexe_link HTTP/1.1" 200 1002
190.95.1.129 - - [19/Dec/2025:12:35:20 -0300] "GET /cormun/servlet/apermisogoceprn?10747972,P,20251211123759,PU HTTP/1.1" 200 1666
190.95.67.91 - - [19/Dec/2025:12:35:21 -0300] "GET /cormun/servlet/trpermisosgoce?gx-no-cache=1766157735379 HTTP/1.1" 200 18174
190.95.67.91 - - [19/Dec/2025:12:35:23 -0300] "POST /cormun/servlet/trpermisosgoce?58a547e00176b92b8c030e9b2275c969,gx-no-cache=1766157735379,gx-no-cache=1766158543129 HTTP/1.1" 200 15449
190.95.67.91 - - [19/Dec/2025:12:35:24 -0300] "GET /cormun/servlet/permisogoce?INS,0,,, HTTP/1.1" 200 7151
190.95.1.129 - - [19/Dec/2025:12:35:48 -0300] "GET /cormun/servlet/apermisogoceprn?13995422,P,20251211125202,PU HTTP/1.1" 200 1658
190.95.67.91 - - [19/Dec/2025:12:36:00 -0300] "GET /cormun/servlet/permisogoce?b21910f9ebf466a33a07d726d7a17a3aab12005c4013e6eeb3b27603a5c423a839312f6fe77cb8670d613300b9df1f4c55e6f6e2b847f8ebba67a3cfb5a2a8d6,gx-no-cache=1766158580842 HTTP/1.1" 200 82
190.95.1.129 - - [19/Dec/2025:12:36:00 -0300] "GET /cormun/servlet/apermisogoceprn?10747972,P,20251211125253,PU HTTP/1.1" 200 1662
190.95.67.91 - - [19/Dec/2025:12:36:06 -0300] "GET /cormun/servlet/permisogoce?b21910f9ebf466a33a07d726d7a17a3a24ac64a001ed6f180b8fbd6c454375ed81130fca37cf5c8d4c807cb2bdf4c7ad84840c47b24563ff3e5c901f476335cc,gx-no-cache=1766158586983 HTTP/1.1" 200 48
190.95.67.91 - - [19/Dec/2025:12:36:08 -0300] "POST /cormun/servlet/permisogoce?58a547e00176b92b8c030e9b2275c969,INS,0,,,,gx-no-cache=1766158588903 HTTP/1.1" 200 93
190.95.67.91 - - [19/Dec/2025:12:36:08 -0300] "GET /cormun/servlet/hpexe_return? HTTP/1.1" 200 1031
190.95.67.91 - - [19/Dec/2025:12:36:09 -0300] "GET /cormun/servlet/trpermisosgoce?gx-no-cache=1766157735379 HTTP/1.1" 200 18219
201.186.226.3 - - [19/Dec/2025:12:36:09 -0300] "GET /cormun/servlet/hlogin HTTP/1.1" 200 1719
201.186.226.3 - - [19/Dec/2025:12:36:10 -0300] "GET /cormun/servlet/hlogin HTTP/1.1" 200 1728
190.95.67.91 - - [19/Dec/2025:12:36:11 -0300] "GET /cormun/servlet/trpermisosadjuntos?18375132,20251219123635,P, HTTP/1.1" 200 6578
190.95.67.91 - - [19/Dec/2025:12:36:13 -0300] "GET /cormun/servlet/permisosadjuntos?INS,18375132,P,20251219123635,, HTTP/1.1" 200 5885
190.95.67.91 - - [19/Dec/2025:12:36:13 -0300] "GET /cormun/static/about:blank HTTP/1.1" 404 1011
201.186.226.3 - - [19/Dec/2025:12:36:20 -0300] "POST /cormun/servlet/hlogin?15aca18f42ce491b8df6316eeffdabfa,gx-no-cache=1766158602291 HTTP/1.1" 200 90
201.186.226.3 - - [19/Dec/2025:12:36:20 -0300] "GET /cormun/servlet/hpexe_link HTTP/1.1" 200 950
201.186.226.3 - - [19/Dec/2025:12:36:21 -0300] "GET /cormun/servlet/hhome HTTP/1.1" 200 3930
201.186.226.3 - - [19/Dec/2025:12:36:27 -0300] "GET /cormun/servlet/trpermisosgoce? HTTP/1.1" 200 16544
190.95.67.91 - - [19/Dec/2025:12:36:30 -0300] "POST /cormun/servlet/permisosadjuntos?58a547e00176b92b8c030e9b2275c969,INS,18375132,P,20251219123635,, HTTP/1.1" 200 116
190.95.67.91 - - [19/Dec/2025:12:36:30 -0300] "GET /cormun/servlet/hpexe_return? HTTP/1.1" 200 1037
190.95.67.91 - - [19/Dec/2025:12:36:31 -0300] "GET /cormun/servlet/trpermisosadjuntos?18375132,20251219123635,P, HTTP/1.1" 200 7080
201.186.226.3 - - [19/Dec/2025:12:36:33 -0300] "GET /cormun/servlet/trlicencias? HTTP/1.1" 200 9621
190.95.15.15 - - [19/Dec/2025:12:36:37 -0300] "GET /cormun/servlet/permisogoce?INS,0,,, HTTP/1.1" 200 6859
190.95.67.91 - - [19/Dec/2025:12:36:40 -0300] "POST /cormun/servlet/trpermisosadjuntos?58a547e00176b92b8c030e9b2275c969,18375132,20251219123635,P,,gx-no-cache=1766158620551 HTTP/1.1" 200 90
190.95.67.91 - - [19/Dec/2025:12:36:40 -0300] "GET /cormun/servlet/hpexe_link HTTP/1.1" 200 1004
190.95.67.91 - - [19/Dec/2025:12:36:40 -0300] "GET /cormun/servlet/trpermisosgoce?gx-no-cache=1766157735379 HTTP/1.1" 200 18216
190.95.67.91 - - [19/Dec/2025:12:36:42 -0300] "POST /cormun/servlet/trpermisosgoce?58a547e00176b92b8c030e9b2275c969,gx-no-cache=1766157735379,gx-no-cache=1766158622905 HTTP/1.1" 200 15489
190.95.67.91 - - [19/Dec/2025:12:36:44 -0300] "GET /cormun/servlet/permisogoce?INS,0,,, HTTP/1.1" 200 7151
190.95.15.15 - - [19/Dec/2025:12:36:45 -0300] "GET /cormun/servlet/permisogoce?436b395baf3918303ee439e27b5bf4a1e92754e697ebb22f7d6af300d3a62ffb941a67fc90ef1f0666d8025b2880eb8eba67058cd83058d8766569cfb9320f41,gx-no-cache=1766158625883 HTTP/1.1" 200 86
201.186.226.3 - - [19/Dec/2025:12:36:47 -0300] "GET /cormun/servlet/hlogin HTTP/1.1" 200 1735
190.95.67.91 - - [19/Dec/2025:12:36:49 -0300] "GET /cormun/servlet/permisogoce?b21910f9ebf466a33a07d726d7a17a3ad26a9e7c7621077f328157241a13987239312f6fe77cb8670d613300b9df1f4c55e6f6e2b847f8ebba67a3cfb5a2a8d6,gx-no-cache=1766158630105 HTTP/1.1" 200 79
190.95.15.15 - - [19/Dec/2025:12:36:50 -0300] "GET /cormun/servlet/permisogoce?436b395baf3918303ee439e27b5bf4a1abf80e43a85c0c822e332cdcc721ce1d45482b414b533b1d610d163f8c159ca046af38d213672279f3d39dd1ec776ce5,gx-no-cache=1766158630449 HTTP/1.1" 200 48
190.95.15.15 - - [19/Dec/2025:12:36:51 -0300] "POST /cormun/servlet/permisogoce?5308b3b151696bbed2ccb0e4f0e868c5,INS,0,,,,gx-no-cache=1766158631790 HTTP/1.1" 200 93
190.95.15.15 - - [19/Dec/2025:12:36:51 -0300] "GET /cormun/servlet/hpexe_return? HTTP/1.1" 200 1013
190.95.15.15 - - [19/Dec/2025:12:36:52 -0300] "GET /cormun/servlet/trpermisosgoce HTTP/1.1" 200 18216
190.95.15.15 - - [19/Dec/2025:12:36:55 -0300] "GET /cormun/servlet/apermisogoceprn?16817362,P,20251219123747,PU HTTP/1.1" 200 1658
190.95.67.91 - - [19/Dec/2025:12:36:55 -0300] "GET /cormun/servlet/permisogoce?b21910f9ebf466a33a07d726d7a17a3a4925319fd1f3c3f39832732c624ed390b48e2f4a3752d00a29c29bc42dc99e4f05f629806233833466c2dd05a7865a1d,gx-no-cache=1766158636105 HTTP/1.1" 200 48
190.95.67.91 - - [19/Dec/2025:12:37:03 -0300] "POST /cormun/servlet/permisogoce?58a547e00176b92b8c030e9b2275c969,INS,0,,,,gx-no-cache=1766158643751 HTTP/1.1" 200 93
190.95.67.91 - - [19/Dec/2025:12:37:03 -0300] "GET /cormun/servlet/hpexe_return? HTTP/1.1" 200 1031
190.95.67.91 - - [19/Dec/2025:12:37:04 -0300] "GET /cormun/servlet/trpermisosgoce?gx-no-cache=1766157735379 HTTP/1.1" 200 18223
190.95.67.99 - - [19/Dec/2025:12:37:04 -0300] "GET /cormun/servlet/permisogoce?INS,0,,, HTTP/1.1" 200 7213
190.95.67.91 - - [19/Dec/2025:12:37:06 -0300] "GET /cormun/servlet/trpermisosadjuntos?15993605,20251219123754,P, HTTP/1.1" 200 6582
190.95.67.91 - - [19/Dec/2025:12:37:07 -0300] "GET /cormun/servlet/permisosadjuntos?INS,15993605,P,20251219123754,, HTTP/1.1" 200 5887
190.95.67.91 - - [19/Dec/2025:12:37:08 -0300] "GET /cormun/static/about:blank HTTP/1.1" 404 1011
190.95.1.185 - - [19/Dec/2025:12:37:13 -0300] "GET /cormun/servlet/permisogoce?INS,0,,, HTTP/1.1" 200 7385
190.95.67.99 - - [19/Dec/2025:12:37:15 -0300] "GET /cormun/servlet/permisogoce?9e8fa28321d6ee77326de4575c4a57a7f5ca828597a9405b9356cf18ef0fc7d1d2e4cc5e0f44eb7514d0f532da80509f858576029066a6721a7da0858df76fd2,gx-no-cache=1766158659162 HTTP/1.1" 200 80
190.95.67.99 - - [19/Dec/2025:12:37:19 -0300] "GET /cormun/servlet/permisogoce?9e8fa28321d6ee77326de4575c4a57a7510537d8c64969e0c45ac6b451d94bdcc7f8f922dfaa9bcdc9d139ec8fd79204168e73d4f1e3c62826db251200357540,gx-no-cache=1766158663382 HTTP/1.1" 200 47
190.95.67.99 - - [19/Dec/2025:12:37:22 -0300] "POST /cormun/servlet/permisogoce?34dbd65732cdb78498fa43e69257c5ef,INS,0,,,,gx-no-cache=1766158665185 HTTP/1.1" 200 93
190.95.67.99 - - [19/Dec/2025:12:37:22 -0300] "GET /cormun/servlet/hpexe_return? HTTP/1.1" 200 1009
190.95.67.91 - - [19/Dec/2025:12:37:22 -0300] "POST /cormun/servlet/permisosadjuntos?58a547e00176b92b8c030e9b2275c969,INS,15993605,P,20251219123754,, HTTP/1.1" 200 116
190.95.67.91 - - [19/Dec/2025:12:37:22 -0300] "GET /cormun/servlet/hpexe_return? HTTP/1.1" 200 1038
190.95.1.185 - - [19/Dec/2025:12:37:22 -0300] "GET /cormun/servlet/permisogoce?a86813806e21ccb0e1977ea05f7ac8e8c740aa2a1369481f584632d2d781d06039f23b17d81ffe5fea0b384852c07444165e0d656def2fc4654b16467b240bce,gx-no-cache=1766158662836 HTTP/1.1" 200 81
190.95.1.185 - - [19/Dec/2025:12:37:22 -0300] "GET /cormun/static/menuarrow.gif HTTP/1.1" 404 1015
190.95.67.91 - - [19/Dec/2025:12:37:22 -0300] "GET /cormun/servlet/trpermisosadjuntos?15993605,20251219123754,P, HTTP/1.1" 200 7092
190.95.67.99 - - [19/Dec/2025:12:37:22 -0300] "GET /cormun/servlet/trpermisosgoce HTTP/1.1" 200 18189
190.95.67.97 - - [19/Dec/2025:12:37:23 -0300] "GET /cormun/servlet/trlicencias? HTTP/1.1" 200 6038
190.95.67.97 - - [19/Dec/2025:12:37:24 -0300] "GET /cormun/servlet/hlogin HTTP/1.1" 200 1738
190.95.67.97 - - [19/Dec/2025:12:37:24 -0300] "GET /cormun/servlet/trlicencias? HTTP/1.1" 200 6047
190.95.67.91 - - [19/Dec/2025:12:37:25 -0300] "POST /cormun/servlet/trpermisosadjuntos?58a547e00176b92b8c030e9b2275c969,15993605,20251219123754,P,,gx-no-cache=1766158665999 HTTP/1.1" 200 90
190.95.67.91 - - [19/Dec/2025:12:37:25 -0300] "GET /cormun/servlet/hpexe_link HTTP/1.1" 200 1004
190.95.1.185 - - [19/Dec/2025:12:37:25 -0300] "GET /cormun/servlet/permisogoce?a86813806e21ccb0e1977ea05f7ac8e8ca7181f97fc412923e2b8b043227eaed5c08e044d3cbcb3dba3adc8877ff98780a53c124dafcaf44f5f02a11ddc20f77,gx-no-cache=1766158666076 HTTP/1.1" 200 48
190.95.67.91 - - [19/Dec/2025:12:37:25 -0300] "GET /cormun/servlet/trpermisosgoce?gx-no-cache=1766157735379 HTTP/1.1" 200 18220
190.95.67.99 - - [19/Dec/2025:12:37:26 -0300] "GET /cormun/servlet/apermisogoceprn?13568629,P,20251219123814,PU HTTP/1.1" 200 1652
190.95.67.91 - - [19/Dec/2025:12:37:28 -0300] "GET /cormun/servlet/trpermisosadjuntos?15993605,20251219123754,P, HTTP/1.1" 200 7111
190.95.67.91 - - [19/Dec/2025:12:37:31 -0300] "POST /cormun/servlet/trpermisosadjuntos?58a547e00176b92b8c030e9b2275c969,15993605,20251219123754,P,,gx-no-cache=1766158671743 HTTP/1.1" 200 90
190.95.67.91 - - [19/Dec/2025:12:37:31 -0300] "GET /cormun/servlet/hpexe_link HTTP/1.1" 200 1004
190.95.67.91 - - [19/Dec/2025:12:37:31 -0300] "GET /cormun/servlet/trpermisosgoce?gx-no-cache=1766157735379 HTTP/1.1" 200 18220
190.95.67.97 - - [19/Dec/2025:12:37:31 -0300] "POST /cormun/servlet/hlogin?7af82dbe792a97db0750c4c63fd1aef0,gx-no-cache=1766158676969 HTTP/1.1" 200 448
190.95.1.185 - - [19/Dec/2025:12:37:32 -0300] "POST /cormun/servlet/permisogoce?3e4d59dcfd08bdd5d019c9e07363995d,INS,0,,,,gx-no-cache=1766158672756 HTTP/1.1" 200 93
190.95.1.185 - - [19/Dec/2025:12:37:32 -0300] "GET /cormun/servlet/hpexe_return? HTTP/1.1" 200 1011
190.95.1.185 - - [19/Dec/2025:12:37:33 -0300] "GET /cormun/servlet/trpermisosgoce HTTP/1.1" 200 18988
190.95.67.91 - - [19/Dec/2025:12:37:34 -0300] "POST /cormun/servlet/trpermisosgoce?58a547e00176b92b8c030e9b2275c969,gx-no-cache=1766157735379,gx-no-cache=1766158674169 HTTP/1.1" 200 15477
190.95.67.97 - - [19/Dec/2025:12:37:35 -0300] "POST /cormun/servlet/hlogin?7af82dbe792a97db0750c4c63fd1aef0,gx-no-cache=1766158680655 HTTP/1.1" 200 449
190.95.1.185 - - [19/Dec/2025:12:37:36 -0300] "GET /cormun/servlet/apermisogoceprn?7463753,P,20251219123824,PU HTTP/1.1" 200 1672
190.95.67.97 - - [19/Dec/2025:12:37:38 -0300] "POST /cormun/servlet/hlogin?7af82dbe792a97db0750c4c63fd1aef0,gx-no-cache=1766158683341 HTTP/1.1" 200 90
190.95.67.97 - - [19/Dec/2025:12:37:38 -0300] "GET /cormun/servlet/hpexe_link HTTP/1.1" 200 958
190.95.67.97 - - [19/Dec/2025:12:37:38 -0300] "GET /cormun/servlet/trlicencias HTTP/1.1" 200 10483
190.95.67.97 - - [19/Dec/2025:12:37:40 -0300] "GET /cormun/servlet/trpermisosgoce? HTTP/1.1" 200 12224
190.95.67.97 - - [19/Dec/2025:12:37:43 -0300] "GET /cormun/servlet/permisogoce?INS,0,,, HTTP/1.1" 200 6754
190.95.1.185 - - [19/Dec/2025:12:37:43 -0300] "GET /cormun/servlet/permisogoce?INS,0,,, HTTP/1.1" 200 7385
190.95.67.97 - - [19/Dec/2025:12:37:50 -0300] "GET /cormun/servlet/permisogoce?bc38fa2a85021816d16893e9277dbf13d9c77f4d3b0c80cd9c451bc6fb6f3606736584122c19cc7edd2266b6e637fb35c312c28f0e2d77f1702ae59c45eea0bd,gx-no-cache=1766158695206 HTTP/1.1" 200 84
190.95.67.97 - - [19/Dec/2025:12:37:51 -0300] "GET /cormun/static/menuarrow.gif HTTP/1.1" 404 1015
190.95.1.185 - - [19/Dec/2025:12:37:52 -0300] "GET /cormun/servlet/permisogoce?a86813806e21ccb0e1977ea05f7ac8e8ace1f5f0bdb66f891e9731ce83be07ff39f23b17d81ffe5fea0b384852c07444165e0d656def2fc4654b16467b240bce,gx-no-cache=1766158693138 HTTP/1.1" 200 77
190.95.67.97 - - [19/Dec/2025:12:37:56 -0300] "GET /cormun/servlet/permisogoce?bc38fa2a85021816d16893e9277dbf1318f88b794e295bc44f09baf464e58ec20a506d639739959f4e2ce97a9c4f7f3f3b5b69947fb47d453ec88698c242e05c,gx-no-cache=1766158701438 HTTP/1.1" 200 48
190.95.1.185 - - [19/Dec/2025:12:37:56 -0300] "GET /cormun/servlet/permisogoce?a86813806e21ccb0e1977ea05f7ac8e858c7e12b88a7b7b25f1a958801a5269ff17a87670d704ee8edd5b21ec8799aed0a53c124dafcaf44f5f02a11ddc20f77,gx-no-cache=1766158696694 HTTP/1.1" 200 48
190.95.67.97 - - [19/Dec/2025:12:37:58 -0300] "POST /cormun/servlet/permisogoce?7af82dbe792a97db0750c4c63fd1aef0,INS,0,,,,gx-no-cache=1766158703128 HTTP/1.1" 200 93
190.95.67.97 - - [19/Dec/2025:12:37:58 -0300] "GET /cormun/servlet/hpexe_return? HTTP/1.1" 200 1012
190.95.67.97 - - [19/Dec/2025:12:37:58 -0300] "GET /cormun/servlet/trpermisosgoce HTTP/1.1" 200 12452
190.95.67.97 - - [19/Dec/2025:12:38:00 -0300] "GET /cormun/servlet/apermisogoceprn?20783208,P,20251219123853,PU HTTP/1.1" 200 1669
190.95.1.185 - - [19/Dec/2025:12:38:02 -0300] "POST /cormun/servlet/permisogoce?3e4d59dcfd08bdd5d019c9e07363995d,INS,0,,,,gx-no-cache=1766158702531 HTTP/1.1" 200 93
190.95.1.185 - - [19/Dec/2025:12:38:02 -0300] "GET /cormun/servlet/hpexe_return? HTTP/1.1" 200 1011
190.95.1.185 - - [19/Dec/2025:12:38:02 -0300] "GET /cormun/servlet/trpermisosgoce HTTP/1.1" 200 18975
190.95.67.91 - - [19/Dec/2025:12:38:03 -0300] "GET /cormun/servlet/permisogoce?INS,0,,, HTTP/1.1" 200 7151
190.95.67.91 - - [19/Dec/2025:12:38:12 -0300] "GET /cormun/servlet/permisogoce?b21910f9ebf466a33a07d726d7a17a3a4f330d662561b9656d90301b708e40b539312f6fe77cb8670d613300b9df1f4c55e6f6e2b847f8ebba67a3cfb5a2a8d6,gx-no-cache=1766158713014 HTTP/1.1" 200 226
190.95.1.185 - - [19/Dec/2025:12:38:12 -0300] "GET /cormun/servlet/apermisogoceprn?9568503,P,20251219123853,PU HTTP/1.1" 200 1668
190.95.67.97 - - [19/Dec/2025:12:38:13 -0300] "GET /cormun/servlet/trlicencias? HTTP/1.1" 200 10481
190.95.67.91 - - [19/Dec/2025:12:38:23 -0300] "GET /cormun/servlet/permisogoce?b21910f9ebf466a33a07d726d7a17a3ab20292ae976e2ffefa0caa032cfbda9539312f6fe77cb8670d613300b9df1f4c55e6f6e2b847f8ebba67a3cfb5a2a8d6,gx-no-cache=1766158724194 HTTP/1.1" 200 80
190.95.67.91 - - [19/Dec/2025:12:38:32 -0300] "GET /cormun/servlet/permisogoce?b21910f9ebf466a33a07d726d7a17a3ad8bc8c9ff56830ba82b49ec21cbf10edfd036b3e9df31b4e635a823b0e7172ab05f629806233833466c2dd05a7865a1d,gx-no-cache=1766158733001 HTTP/1.1" 200 47
190.95.67.91 - - [19/Dec/2025:12:38:40 -0300] "POST /cormun/servlet/permisogoce?58a547e00176b92b8c030e9b2275c969,INS,0,,,,gx-no-cache=1766158740015 HTTP/1.1" 200 93
190.95.67.91 - - [19/Dec/2025:12:38:40 -0300] "GET /cormun/servlet/hpexe_return? HTTP/1.1" 200 1031
190.95.67.91 - - [19/Dec/2025:12:38:40 -0300] "GET /cormun/servlet/trpermisosgoce?gx-no-cache=1766157735379 HTTP/1.1" 200 18260
190.95.67.91 - - [19/Dec/2025:12:38:42 -0300] "GET /cormun/servlet/trpermisosadjuntos?19263431,20251219123914,P, HTTP/1.1" 200 6579
190.95.67.91 - - [19/Dec/2025:12:38:43 -0300] "GET /cormun/servlet/permisosadjuntos?INS,19263431,P,20251219123914,, HTTP/1.1" 200 5881
190.95.67.91 - - [19/Dec/2025:12:38:43 -0300] "GET /cormun/static/about:blank HTTP/1.1" 404 1011
190.95.67.91 - - [19/Dec/2025:12:39:07 -0300] "POST /cormun/servlet/permisosadjuntos?58a547e00176b92b8c030e9b2275c969,INS,19263431,P,20251219123914,, HTTP/1.1" 200 116
190.95.67.91 - - [19/Dec/2025:12:39:07 -0300] "GET /cormun/servlet/hpexe_return? HTTP/1.1" 200 1038
190.95.67.91 - - [19/Dec/2025:12:39:07 -0300] "GET /cormun/servlet/trpermisosadjuntos?19263431,20251219123914,P, HTTP/1.1" 200 7089
190.95.67.91 - - [19/Dec/2025:12:39:21 -0300] "POST /cormun/servlet/trpermisosadjuntos?58a547e00176b92b8c030e9b2275c969,19263431,20251219123914,P,,gx-no-cache=1766158781432 HTTP/1.1" 200 90
190.95.67.91 - - [19/Dec/2025:12:39:21 -0300] "GET /cormun/servlet/hpexe_link HTTP/1.1" 200 1004
190.95.67.91 - - [19/Dec/2025:12:39:21 -0300] "GET /cormun/servlet/trpermisosgoce?gx-no-cache=1766157735379 HTTP/1.1" 200 18257
190.95.67.91 - - [19/Dec/2025:12:39:23 -0300] "POST /cormun/servlet/trpermisosgoce?58a547e00176b92b8c030e9b2275c969,gx-no-cache=1766157735379,gx-no-cache=1766158783329 HTTP/1.1" 200 15529
190.95.67.91 - - [19/Dec/2025:12:39:24 -0300] "GET /cormun/servlet/permisogoce?INS,0,,, HTTP/1.1" 200 7151
190.95.1.129 - - [19/Dec/2025:12:39:31 -0300] "GET /cormun/servlet/apermisogoceprn?10747972,P,20251211123759,PU HTTP/1.1" 200 1667
190.95.67.91 - - [19/Dec/2025:12:39:33 -0300] "GET /cormun/servlet/permisogoce?b21910f9ebf466a33a07d726d7a17a3ababda4f7acd5a3e9508a6afc1d52f01539312f6fe77cb8670d613300b9df1f4c55e6f6e2b847f8ebba67a3cfb5a2a8d6,gx-no-cache=1766158794031 HTTP/1.1" 200 84
190.95.67.91 - - [19/Dec/2025:12:39:38 -0300] "GET /cormun/servlet/permisogoce?b21910f9ebf466a33a07d726d7a17a3a779b1480b27c58193559c8fd5c77fe081c77d3b197d38942da5a39be8dbcda1205f629806233833466c2dd05a7865a1d,gx-no-cache=1766158799232 HTTP/1.1" 200 47
190.95.67.91 - - [19/Dec/2025:12:39:40 -0300] "POST /cormun/servlet/permisogoce?58a547e00176b92b8c030e9b2275c969,INS,0,,,,gx-no-cache=1766158800094 HTTP/1.1" 200 93
190.95.67.91 - - [19/Dec/2025:12:39:40 -0300] "GET /cormun/servlet/hpexe_return? HTTP/1.1" 200 1031
190.95.67.91 - - [19/Dec/2025:12:39:40 -0300] "GET /cormun/servlet/trpermisosgoce?gx-no-cache=1766157735379 HTTP/1.1" 200 18246
190.95.67.91 - - [19/Dec/2025:12:39:46 -0300] "GET /cormun/servlet/trpermisosadjuntos?18043631,20251219124035,P, HTTP/1.1" 200 6581
190.95.67.91 - - [19/Dec/2025:12:39:47 -0300] "GET /cormun/servlet/permisosadjuntos?INS,18043631,P,20251219124035,, HTTP/1.1" 200 5885
190.95.67.91 - - [19/Dec/2025:12:39:48 -0300] "GET /cormun/static/about:blank HTTP/1.1" 404 1011
190.95.67.91 - - [19/Dec/2025:12:39:59 -0300] "POST /cormun/servlet/permisosadjuntos?58a547e00176b92b8c030e9b2275c969,INS,18043631,P,20251219124035,, HTTP/1.1" 200 116
190.95.67.91 - - [19/Dec/2025:12:39:59 -0300] "GET /cormun/servlet/hpexe_return? HTTP/1.1" 200 1038
190.95.67.91 - - [19/Dec/2025:12:39:59 -0300] "GET /cormun/servlet/trpermisosadjuntos?18043631,20251219124035,P, HTTP/1.1" 200 7089
190.95.67.91 - - [19/Dec/2025:12:40:05 -0300] "POST /cormun/servlet/trpermisosadjuntos?58a547e00176b92b8c030e9b2275c969,18043631,20251219124035,P,,gx-no-cache=1766158825807 HTTP/1.1" 200 90
190.95.67.91 - - [19/Dec/2025:12:40:05 -0300] "GET /cormun/servlet/hpexe_link HTTP/1.1" 200 1004
190.95.67.91 - - [19/Dec/2025:12:40:05 -0300] "GET /cormun/servlet/trpermisosgoce?gx-no-cache=1766157735379 HTTP/1.1" 200 18243
190.95.67.91 - - [19/Dec/2025:12:40:07 -0300] "GET /cormun/servlet/permisogoce?INS,0,,, HTTP/1.1" 200 7152
190.95.67.91 - - [19/Dec/2025:12:40:13 -0300] "GET /cormun/servlet/permisogoce?b21910f9ebf466a33a07d726d7a17a3ababda4f7acd5a3e9508a6afc1d52f01539312f6fe77cb8670d613300b9df1f4c55e6f6e2b847f8ebba67a3cfb5a2a8d6,gx-no-cache=1766158834311 HTTP/1.1" 200 81
190.95.15.15 - - [19/Dec/2025:12:40:23 -0300] "GET /cormun/servlet/permisogoce?INS,0,,, HTTP/1.1" 200 6861
190.95.67.91 - - [19/Dec/2025:12:40:40 -0300] "GET /cormun/servlet/permisogoce?b21910f9ebf466a33a07d726d7a17a3a779b1480b27c58193559c8fd5c77fe08376c26d5f9d348486dcf29fb74864f6084840c47b24563ff3e5c901f476335cc,gx-no-cache=1766158860452 HTTP/1.1" 200 48
190.95.15.15 - - [19/Dec/2025:12:40:43 -0300] "GET /cormun/servlet/permisogoce?436b395baf3918303ee439e27b5bf4a1c79f5cacc7d98ec14a5e4c23664b5d07941a67fc90ef1f0666d8025b2880eb8eba67058cd83058d8766569cfb9320f41,gx-no-cache=1766158864172 HTTP/1.1" 200 81
190.95.15.15 - - [19/Dec/2025:12:40:43 -0300] "GET /cormun/static/menuarrow.gif HTTP/1.1" 404 1015
190.95.67.91 - - [19/Dec/2025:12:40:44 -0300] "POST /cormun/servlet/permisogoce?58a547e00176b92b8c030e9b2275c969,INS,0,,,,gx-no-cache=1766158864910 HTTP/1.1" 200 93
190.95.67.91 - - [19/Dec/2025:12:40:44 -0300] "GET /cormun/servlet/hpexe_return? HTTP/1.1" 200 1031
190.95.67.91 - - [19/Dec/2025:12:40:45 -0300] "GET /cormun/servlet/trpermisosgoce?gx-no-cache=1766157735379 HTTP/1.1" 200 18190
190.95.67.91 - - [19/Dec/2025:12:40:47 -0300] "GET /cormun/servlet/trpermisosadjuntos?18043631,20251219124035,P, HTTP/1.1" 200 7106
190.95.15.15 - - [19/Dec/2025:12:40:49 -0300] "GET /cormun/servlet/permisogoce?436b395baf3918303ee439e27b5bf4a16d7f0b2cf7a3282c0fb1c9a55b56ffc818095826f993448ed0c96a3fb3b5977a46af38d213672279f3d39dd1ec776ce5,gx-no-cache=1766158869884 HTTP/1.1" 200 47
190.95.67.91 - - [19/Dec/2025:12:40:50 -0300] "POST /cormun/servlet/trpermisosadjuntos?58a547e00176b92b8c030e9b2275c969,18043631,20251219124035,P,,gx-no-cache=1766158871095 HTTP/1.1" 200 90
190.95.67.91 - - [19/Dec/2025:12:40:50 -0300] "GET /cormun/servlet/hpexe_link HTTP/1.1" 200 1004
190.95.67.91 - - [19/Dec/2025:12:40:51 -0300] "GET /cormun/servlet/trpermisosgoce?gx-no-cache=1766157735379 HTTP/1.1" 200 18187
190.95.15.15 - - [19/Dec/2025:12:40:51 -0300] "POST /cormun/servlet/permisogoce?5308b3b151696bbed2ccb0e4f0e868c5,INS,0,,,,gx-no-cache=1766158871460 HTTP/1.1" 200 93
190.95.15.15 - - [19/Dec/2025:12:40:51 -0300] "GET /cormun/servlet/hpexe_return? HTTP/1.1" 200 1013
190.95.15.15 - - [19/Dec/2025:12:40:51 -0300] "GET /cormun/servlet/trpermisosgoce HTTP/1.1" 200 18247
190.95.67.91 - - [19/Dec/2025:12:40:53 -0300] "POST /cormun/servlet/trpermisosgoce?58a547e00176b92b8c030e9b2275c969,gx-no-cache=1766157735379,gx-no-cache=1766158872945 HTTP/1.1" 200 15467
190.95.15.15 - - [19/Dec/2025:12:40:56 -0300] "GET /cormun/servlet/apermisogoceprn?16978351,P,20251219124134,PU HTTP/1.1" 200 1662
190.95.67.91 - - [19/Dec/2025:12:40:57 -0300] "GET /cormun/servlet/permisogoce?INS,0,,, HTTP/1.1" 200 7151
190.95.67.91 - - [19/Dec/2025:12:41:17 -0300] "GET /cormun/servlet/permisogoce?b21910f9ebf466a33a07d726d7a17a3ababda4f7acd5a3e9508a6afc1d52f01539312f6fe77cb8670d613300b9df1f4c55e6f6e2b847f8ebba67a3cfb5a2a8d6,gx-no-cache=1766158898017 HTTP/1.1" 200 81
190.95.67.91 - - [19/Dec/2025:12:42:08 -0300] "GET /cormun/servlet/permisogoce?b21910f9ebf466a33a07d726d7a17a3a779b1480b27c58193559c8fd5c77fe08491ca0f6b3ac62ca0d3e70ee0fa1373984840c47b24563ff3e5c901f476335cc,gx-no-cache=1766158948527 HTTP/1.1" 200 48
190.95.67.91 - - [19/Dec/2025:12:42:11 -0300] "POST /cormun/servlet/permisogoce?58a547e00176b92b8c030e9b2275c969,INS,0,,,,gx-no-cache=1766158950830 HTTP/1.1" 200 93
190.95.67.91 - - [19/Dec/2025:12:42:11 -0300] "GET /cormun/servlet/hpexe_return? HTTP/1.1" 200 1031
190.95.67.91 - - [19/Dec/2025:12:42:11 -0300] "GET /cormun/servlet/trpermisosgoce?gx-no-cache=1766157735379 HTTP/1.1" 200 18167
190.95.67.91 - - [19/Dec/2025:12:42:13 -0300] "GET /cormun/servlet/trpermisosadjuntos?18043631,20251219124207,P, HTTP/1.1" 200 6581
190.95.67.91 - - [19/Dec/2025:12:42:14 -0300] "GET /cormun/servlet/permisosadjuntos?INS,18043631,P,20251219124207,, HTTP/1.1" 200 5888
190.95.67.91 - - [19/Dec/2025:12:42:15 -0300] "GET /cormun/static/about:blank HTTP/1.1" 404 1011
190.95.67.91 - - [19/Dec/2025:12:42:26 -0300] "POST /cormun/servlet/permisosadjuntos?58a547e00176b92b8c030e9b2275c969,INS,18043631,P,20251219124207,, HTTP/1.1" 200 116
190.95.67.91 - - [19/Dec/2025:12:42:26 -0300] "GET /cormun/servlet/hpexe_return? HTTP/1.1" 200 1038
190.95.67.91 - - [19/Dec/2025:12:42:26 -0300] "GET /cormun/servlet/trpermisosadjuntos?18043631,20251219124207,P, HTTP/1.1" 200 7092
190.95.67.91 - - [19/Dec/2025:12:42:47 -0300] "POST /cormun/servlet/trpermisosadjuntos?58a547e00176b92b8c030e9b2275c969,18043631,20251219124207,P,,gx-no-cache=1766158987975 HTTP/1.1" 200 90
190.95.67.91 - - [19/Dec/2025:12:42:47 -0300] "GET /cormun/servlet/hpexe_link HTTP/1.1" 200 1004
190.95.67.91 - - [19/Dec/2025:12:42:47 -0300] "GET /cormun/servlet/trpermisosgoce?gx-no-cache=1766157735379 HTTP/1.1" 200 18164
190.95.67.91 - - [19/Dec/2025:12:42:50 -0300] "POST /cormun/servlet/trpermisosgoce?58a547e00176b92b8c030e9b2275c969,gx-no-cache=1766157735379,gx-no-cache=1766158990137 HTTP/1.1" 200 15442
190.95.67.91 - - [19/Dec/2025:12:42:54 -0300] "GET /cormun/servlet/permisogoce?INS,0,,, HTTP/1.1" 200 7151
190.95.67.91 - - [19/Dec/2025:12:43:01 -0300] "GET /cormun/servlet/permisogoce?b21910f9ebf466a33a07d726d7a17a3ababda4f7acd5a3e9508a6afc1d52f01539312f6fe77cb8670d613300b9df1f4c55e6f6e2b847f8ebba67a3cfb5a2a8d6,gx-no-cache=1766159002201 HTTP/1.1" 200 81
190.95.67.91 - - [19/Dec/2025:12:43:15 -0300] "GET /cormun/servlet/permisogoce?b21910f9ebf466a33a07d726d7a17a3a779b1480b27c58193559c8fd5c77fe08610d9bde314bbdc511992c3d8eb6630c84840c47b24563ff3e5c901f476335cc,gx-no-cache=1766159015702 HTTP/1.1" 200 48
190.95.67.91 - - [19/Dec/2025:12:43:17 -0300] "POST /cormun/servlet/permisogoce?58a547e00176b92b8c030e9b2275c969,INS,0,,,,gx-no-cache=1766159017902 HTTP/1.1" 200 93
190.95.67.91 - - [19/Dec/2025:12:43:17 -0300] "GET /cormun/servlet/hpexe_return? HTTP/1.1" 200 1031
190.95.67.91 - - [19/Dec/2025:12:43:18 -0300] "GET /cormun/servlet/trpermisosgoce?gx-no-cache=1766157735379 HTTP/1.1" 200 18056
190.95.67.91 - - [19/Dec/2025:12:43:20 -0300] "GET /cormun/servlet/trpermisosadjuntos?18043631,20251219124405,P, HTTP/1.1" 200 6581
190.95.67.91 - - [19/Dec/2025:12:43:21 -0300] "GET /cormun/servlet/permisosadjuntos?INS,18043631,P,20251219124405,, HTTP/1.1" 200 5886
190.95.67.91 - - [19/Dec/2025:12:43:22 -0300] "GET /cormun/static/about:blank HTTP/1.1" 404 1011
190.95.67.91 - - [19/Dec/2025:12:43:45 -0300] "POST /cormun/servlet/permisosadjuntos?58a547e00176b92b8c030e9b2275c969,INS,18043631,P,20251219124405,, HTTP/1.1" 200 116
190.95.67.91 - - [19/Dec/2025:12:43:45 -0300] "GET /cormun/servlet/hpexe_return? HTTP/1.1" 200 1038
190.95.67.91 - - [19/Dec/2025:12:43:45 -0300] "GET /cormun/servlet/trpermisosadjuntos?18043631,20251219124405,P, HTTP/1.1" 200 7088
190.95.67.91 - - [19/Dec/2025:12:43:47 -0300] "POST /cormun/servlet/trpermisosadjuntos?58a547e00176b92b8c030e9b2275c969,18043631,20251219124405,P,,gx-no-cache=1766159047590 HTTP/1.1" 200 90
190.95.67.91 - - [19/Dec/2025:12:43:47 -0300] "GET /cormun/servlet/hpexe_link HTTP/1.1" 200 1004
190.95.67.91 - - [19/Dec/2025:12:43:47 -0300] "GET /cormun/servlet/trpermisosgoce?gx-no-cache=1766157735379 HTTP/1.1" 200 18053
190.95.67.91 - - [19/Dec/2025:12:43:49 -0300] "POST /cormun/servlet/trpermisosgoce?58a547e00176b92b8c030e9b2275c969,gx-no-cache=1766157735379,gx-no-cache=1766159049553 HTTP/1.1" 200 15348
190.95.67.91 - - [19/Dec/2025:12:43:53 -0300] "GET /cormun/servlet/permisogoce?INS,0,,, HTTP/1.1" 200 7151
190.95.67.91 - - [19/Dec/2025:12:43:59 -0300] "GET /cormun/servlet/permisogoce?b21910f9ebf466a33a07d726d7a17a3a0850df7dcba216da117b347a89fc4e5b39312f6fe77cb8670d613300b9df1f4c55e6f6e2b847f8ebba67a3cfb5a2a8d6,gx-no-cache=1766159060184 HTTP/1.1" 200 85
190.95.67.91 - - [19/Dec/2025:12:44:09 -0300] "GET /cormun/servlet/permisogoce?b21910f9ebf466a33a07d726d7a17a3a6df8c148a8bc433a2281a61d80252c2ccdeb63378d5d14998f39ec01f26950b984840c47b24563ff3e5c901f476335cc,gx-no-cache=1766159069720 HTTP/1.1" 200 48
190.95.67.91 - - [19/Dec/2025:12:44:13 -0300] "POST /cormun/servlet/permisogoce?58a547e00176b92b8c030e9b2275c969,INS,0,,,,gx-no-cache=1766159073494 HTTP/1.1" 200 93
190.95.67.91 - - [19/Dec/2025:12:44:13 -0300] "GET /cormun/servlet/hpexe_return? HTTP/1.1" 200 1031
190.95.67.91 - - [19/Dec/2025:12:44:13 -0300] "GET /cormun/servlet/trpermisosgoce?gx-no-cache=1766157735379 HTTP/1.1" 200 18096
190.95.67.91 - - [19/Dec/2025:12:44:17 -0300] "GET /cormun/servlet/trpermisosadjuntos?18648996,20251219124504,P, HTTP/1.1" 200 6584
190.95.67.91 - - [19/Dec/2025:12:44:18 -0300] "GET /cormun/servlet/permisosadjuntos?INS,18648996,P,20251219124504,, HTTP/1.1" 200 5889
190.95.67.91 - - [19/Dec/2025:12:44:18 -0300] "GET /cormun/static/about:blank HTTP/1.1" 404 1011
190.95.67.91 - - [19/Dec/2025:12:44:42 -0300] "POST /cormun/servlet/permisosadjuntos?58a547e00176b92b8c030e9b2275c969,INS,18648996,P,20251219124504,, HTTP/1.1" 200 116
190.95.67.91 - - [19/Dec/2025:12:44:42 -0300] "GET /cormun/servlet/hpexe_return? HTTP/1.1" 200 1038
190.95.67.91 - - [19/Dec/2025:12:44:42 -0300] "GET /cormun/servlet/trpermisosadjuntos?18648996,20251219124504,P, HTTP/1.1" 200 7106
190.95.67.91 - - [19/Dec/2025:12:44:45 -0300] "POST /cormun/servlet/trpermisosadjuntos?58a547e00176b92b8c030e9b2275c969,18648996,20251219124504,P,,gx-no-cache=1766159105415 HTTP/1.1" 200 90
190.95.67.91 - - [19/Dec/2025:12:44:45 -0300] "GET /cormun/servlet/hpexe_link HTTP/1.1" 200 1005
