190.95.67.99 - - [18/Dec/2025:08:10:44 -0300] "GET /cormun/servlet/hpexe_link HTTP/1.1" 200 950
190.95.67.99 - - [18/Dec/2025:08:10:45 -0300] "GET /cormun/servlet/hhome HTTP/1.1" 200 4318
190.95.67.99 - - [18/Dec/2025:08:10:49 -0300] "GET /cormun/servlet/trpermisosgoce? HTTP/1.1" 200 18344
190.95.67.99 - - [18/Dec/2025:08:10:56 -0300] "GET /cormun/static/menuarrow.gif HTTP/1.1" 404 1015
190.95.67.99 - - [18/Dec/2025:08:11:19 -0300] "POST /cormun/servlet/trpermisosgoce?1c4a6bd06b31fc79d61d75f1da679e20,,gx-no-cache=1766056304210 HTTP/1.1" 200 5767
190.95.1.185 - - [18/Dec/2025:08:12:24 -0300] "GET /cormun/servlet/hlogin HTTP/1.1" 200 1722
190.95.1.185 - - [18/Dec/2025:08:12:31 -0300] "POST /cormun/servlet/hlogin?619a2d9ae0d9f9b7e5c6097690cc3ff6,gx-no-cache=1766056374289 HTTP/1.1" 200 90
190.95.1.185 - - [18/Dec/2025:08:12:32 -0300] "GET /cormun/servlet/hpexe_link HTTP/1.1" 200 953
190.95.1.185 - - [18/Dec/2025:08:12:32 -0300] "GET /cormun/servlet/hhome HTTP/1.1" 200 4485
190.95.1.185 - - [18/Dec/2025:08:12:35 -0300] "GET /cormun/servlet/trpermisosgoce? HTTP/1.1" 200 18937
190.95.1.185 - - [18/Dec/2025:08:12:37 -0300] "GET /cormun/servlet/permisogoce?INS,0,,, HTTP/1.1" 200 7386
190.95.1.185 - - [18/Dec/2025:08:12:43 -0300] "GET /cormun/servlet/permisogoce?00fa8a6f9f362af21f4e4f737117ca0371c5bb88a316a8552cee5f9372cd272875820227726b50598f9f7c60cd9026d3af73e2ba44faf25c33a4dff16042a6b7,gx-no-cache=1766056386008 HTTP/1.1" 200 82
190.95.1.185 - - [18/Dec/2025:08:12:43 -0300] "GET /cormun/static/menuarrow.gif HTTP/1.1" 404 1015
190.95.1.185 - - [18/Dec/2025:08:12:49 -0300] "GET /cormun/servlet/permisogoce?00fa8a6f9f362af21f4e4f737117ca0306420318e5b93df22d7b879636cf3484c25930b440d585f9fcbd488f657c7a473e5a1ec7a1f7a2cdd218ae0e12efda00,gx-no-cache=1766056392103 HTTP/1.1" 200 48
190.95.1.185 - - [18/Dec/2025:08:12:57 -0300] "POST /cormun/servlet/permisogoce?619a2d9ae0d9f9b7e5c6097690cc3ff6,INS,0,,,,gx-no-cache=1766056398376 HTTP/1.1" 200 93
190.95.1.185 - - [18/Dec/2025:08:12:57 -0300] "GET /cormun/servlet/hpexe_return? HTTP/1.1" 200 1013
190.95.1.185 - - [18/Dec/2025:08:12:57 -0300] "GET /cormun/servlet/trpermisosgoce HTTP/1.1" 200 19041
190.95.1.185 - - [18/Dec/2025:08:12:59 -0300] "GET /cormun/servlet/apermisogoceprn?11671234,P,20251218081350,PU HTTP/1.1" 200 1663
201.186.225.185 - - [18/Dec/2025:08:15:48 -0300] "GET /cormun/servlet/hlogin HTTP/1.1" 200 1716
201.186.225.185 - - [18/Dec/2025:08:15:48 -0300] "GET /cormun/servlet/hlogin HTTP/1.1" 200 1727
201.186.225.185 - - [18/Dec/2025:08:15:50 -0300] "POST /cormun/servlet/hlogin?914dc2bbab86d5b5703bf4b8527f41de,gx-no-cache=1766056573623 HTTP/1.1" 200 90
201.186.225.185 - - [18/Dec/2025:08:15:51 -0300] "GET /cormun/servlet/hpexe_link HTTP/1.1" 200 948
201.186.225.185 - - [18/Dec/2025:08:15:51 -0300] "GET /cormun/servlet/hhome HTTP/1.1" 200 4223
190.95.67.99 - - [18/Dec/2025:08:17:11 -0300] "POST /cormun/servlet/trpermisosgoce?1c4a6bd06b31fc79d61d75f1da679e20,,gx-no-cache=1766056656150 HTTP/1.1" 200 15824
191.125.18.247 - - [18/Dec/2025:08:17:41 -0300] "GET /cormun/servlet/permisogoce?INS,0,,, HTTP/1.1" 200 6785
191.125.166.79 - - [18/Dec/2025:08:18:06 -0300] "GET /cormun/servlet/permisogoce?c8d4e15a3725e61a14176e76ed64fa85a4a692de4f99add640a9dd528b3745151c819499714ee897b17ccbd5ba314f7bf3359b4d3c5f2583a58faf023ac90d14,gx-no-cache=1766056710376 HTTP/1.1" 200 82
191.125.166.79 - - [18/Dec/2025:08:18:23 -0300] "GET /cormun/servlet/permisogoce?c8d4e15a3725e61a14176e76ed64fa853f33bc4d7fbc375b9d01458f8d09408e6a5c29e2fea8c6697bea65a03ec78877e033ca588e6217e5ed925dafa2e3ffde,gx-no-cache=1766056727319 HTTP/1.1" 200 48
191.125.166.79 - - [18/Dec/2025:08:18:28 -0300] "POST /cormun/servlet/permisogoce?693c29502305588ac00003c6774bf795,INS,0,,,,gx-no-cache=1766056731713 HTTP/1.1" 200 93
191.125.166.79 - - [18/Dec/2025:08:18:28 -0300] "GET /cormun/servlet/hpexe_return? HTTP/1.1" 200 1014
191.125.166.79 - - [18/Dec/2025:08:18:28 -0300] "GET /cormun/servlet/trpermisosgoce HTTP/1.1" 200 17907
191.125.166.79 - - [18/Dec/2025:08:18:33 -0300] "GET /cormun/servlet/apermisogoceprn?16737009,P,20251218081854,PU HTTP/1.1" 200 1653
191.125.18.247 - - [18/Dec/2025:08:18:56 -0300] "GET /cormun/servlet/apermisogoceprn?16737009,P,20251218081854,PU HTTP/1.1" 200 1660
191.125.18.247 - - [18/Dec/2025:08:19:00 -0300] "GET /cormun/servlet/permisogoce?UPD,14363367,P,20251217132544, HTTP/1.1" 200 6844
191.125.18.247 - - [18/Dec/2025:08:19:00 -0300] "GET /cormun/servlet/permisogoce?c8d4e15a3725e61a14176e76ed64fa855b10ea1780bb66d445d14c682acc845a16984bf7894c69b1cc491fb3b50dbfae3070ae5d1ad5b3005be22f9f8431636b87db0e13e650069d3e5482cc0d71a1b7,gx-no-cache=1766056764826 HTTP/1.1" 200 84
191.125.18.247 - - [18/Dec/2025:08:19:06 -0300] "GET /cormun/servlet/permisogoce?c8d4e15a3725e61a14176e76ed64fa85efb93b454079be69579d9d2ae4d853cd4f836cbf9c6c9a367357ab1700778efdac954eba300b463ddb04f004b96031ba,gx-no-cache=1766056770553 HTTP/1.1" 200 48
191.125.18.247 - - [18/Dec/2025:08:19:10 -0300] "POST /cormun/servlet/permisogoce?693c29502305588ac00003c6774bf795,UPD,14363367,P,20251217132544,,gx-no-cache=1766056774034 HTTP/1.1" 200 93
191.125.18.247 - - [18/Dec/2025:08:19:10 -0300] "GET /cormun/servlet/hpexe_return? HTTP/1.1" 200 1033
191.125.18.247 - - [18/Dec/2025:08:19:10 -0300] "GET /cormun/servlet/trpermisosgoce HTTP/1.1" 200 17907
191.125.18.247 - - [18/Dec/2025:08:19:15 -0300] "GET /cormun/servlet/apermisogoceprn?16737009,P,20251218081854,PU HTTP/1.1" 200 1660
191.125.18.247 - - [18/Dec/2025:08:22:14 -0300] "GET /cormun/servlet/apermisogoceprn?16737009,P,20251218081854,PU HTTP/1.1" 200 1661
191.125.18.247 - - [18/Dec/2025:08:22:16 -0300] "GET /cormun/servlet/permisogoce?UPD,16737009,P,20251218081854, HTTP/1.1" 200 6840
191.125.18.247 - - [18/Dec/2025:08:22:17 -0300] "GET /cormun/servlet/permisogoce?c8d4e15a3725e61a14176e76ed64fa85a4a692de4f99add640a9dd528b374515c1a2c826c4417523eb2e813a4940e862a9937821691833c361988ad8a79b99b2,gx-no-cache=1766056961597 HTTP/1.1" 200 80
191.125.18.247 - - [18/Dec/2025:08:22:23 -0300] "GET /cormun/servlet/permisogoce?c8d4e15a3725e61a14176e76ed64fa853f33bc4d7fbc375b9d01458f8d09408e4b030bfd26a88ceb7201c342f0ca6d0c40e3950b43fedf65b5d39885e8d7f922,gx-no-cache=1766056967225 HTTP/1.1" 200 48
191.125.18.247 - - [18/Dec/2025:08:22:26 -0300] "POST /cormun/servlet/permisogoce?693c29502305588ac00003c6774bf795,UPD,16737009,P,20251218081854,,gx-no-cache=1766056970474 HTTP/1.1" 200 93
191.125.18.247 - - [18/Dec/2025:08:22:27 -0300] "GET /cormun/servlet/hpexe_return? HTTP/1.1" 200 1033
191.125.18.247 - - [18/Dec/2025:08:22:27 -0300] "GET /cormun/servlet/trpermisosgoce HTTP/1.1" 200 17896
191.125.18.247 - - [18/Dec/2025:08:22:30 -0300] "GET /cormun/servlet/apermisogoceprn?16737009,P,20251218081854,PU HTTP/1.1" 200 1660
201.186.225.185 - - [18/Dec/2025:08:23:44 -0300] "GET /cormun/servlet/hlogin HTTP/1.1" 200 1727
201.186.225.185 - - [18/Dec/2025:08:23:47 -0300] "POST /cormun/servlet/hlogin?914dc2bbab86d5b5703bf4b8527f41de,gx-no-cache=1766057049801 HTTP/1.1" 200 90
201.186.225.185 - - [18/Dec/2025:08:23:47 -0300] "GET /cormun/servlet/hpexe_link HTTP/1.1" 200 948
201.186.225.185 - - [18/Dec/2025:08:23:47 -0300] "GET /cormun/servlet/hhome HTTP/1.1" 200 4223
191.125.166.79 - - [18/Dec/2025:08:29:18 -0300] "GET /cormun/servlet/hlogin HTTP/1.1" 200 1728
191.125.166.79 - - [18/Dec/2025:08:29:21 -0300] "POST /cormun/servlet/hlogin?693c29502305588ac00003c6774bf795,gx-no-cache=1766057384976 HTTP/1.1" 200 90
191.125.166.79 - - [18/Dec/2025:08:29:21 -0300] "GET /cormun/servlet/hpexe_link HTTP/1.1" 200 960
191.125.166.79 - - [18/Dec/2025:08:29:21 -0300] "GET /cormun/servlet/trpermisosgoce HTTP/1.1" 200 17887
191.125.166.79 - - [18/Dec/2025:08:29:51 -0300] "GET /cormun/servlet/permisogoce?UPD,15104877,P,20251217134525, HTTP/1.1" 200 6840
191.125.166.79 - - [18/Dec/2025:08:29:52 -0300] "GET /cormun/servlet/permisogoce?c8d4e15a3725e61a14176e76ed64fa85798ef2e3c172a52a68bbe438aabf1ed64087b037cd3d947240052884ca92497bd62e120e5952fa1e67c4bd81ee49ddb0,gx-no-cache=1766057416371 HTTP/1.1" 200 81
191.125.166.79 - - [18/Dec/2025:08:30:00 -0300] "GET /cormun/servlet/trpermisosgoce HTTP/1.1" 200 17905
191.125.166.79 - - [18/Dec/2025:08:30:10 -0300] "GET /cormun/servlet/permisogoce?UPD,15104877,P,20251217134639, HTTP/1.1" 200 6842
191.125.166.79 - - [18/Dec/2025:08:30:10 -0300] "GET /cormun/servlet/permisogoce?c8d4e15a3725e61a14176e76ed64fa85798ef2e3c172a52a68bbe438aabf1ed64087b037cd3d947240052884ca92497bd62e120e5952fa1e67c4bd81ee49ddb0,gx-no-cache=1766057434794 HTTP/1.1" 200 81
191.125.166.79 - - [18/Dec/2025:08:30:13 -0300] "GET /cormun/servlet/permisogoce?c8d4e15a3725e61a14176e76ed64fa85ebe0c0919dcd23ce87cd22eee74178ea671eb988ca628ba9c4f12f77184f972dfefe186c2f25c1b87ad91335fe577221,gx-no-cache=1766057437074 HTTP/1.1" 200 48
191.125.166.79 - - [18/Dec/2025:08:30:13 -0300] "POST /cormun/servlet/permisogoce?693c29502305588ac00003c6774bf795,UPD,15104877,P,20251217134639,,gx-no-cache=1766057437157 HTTP/1.1" 200 93
191.125.166.79 - - [18/Dec/2025:08:30:13 -0300] "GET /cormun/servlet/hpexe_return? HTTP/1.1" 200 1034
191.125.166.79 - - [18/Dec/2025:08:30:14 -0300] "GET /cormun/servlet/trpermisosgoce HTTP/1.1" 200 17887
191.125.166.79 - - [18/Dec/2025:08:30:22 -0300] "GET /cormun/servlet/apermisogoceprn?15104877,P,20251217134639,PU HTTP/1.1" 200 1660
201.186.226.3 - - [18/Dec/2025:08:31:11 -0300] "GET /cormun/servlet/hlogin HTTP/1.1" 200 1723
201.186.226.3 - - [18/Dec/2025:08:31:26 -0300] "POST /cormun/servlet/hlogin?cc453c20fe4b0cd9a2e2a9e8898ad165,gx-no-cache=1766057509396 HTTP/1.1" 200 430
201.186.226.3 - - [18/Dec/2025:08:31:32 -0300] "POST /cormun/servlet/hlogin?cc453c20fe4b0cd9a2e2a9e8898ad165,gx-no-cache=1766057515403 HTTP/1.1" 200 90
201.186.226.3 - - [18/Dec/2025:08:31:32 -0300] "GET /cormun/servlet/hpexe_link HTTP/1.1" 200 954
201.186.226.3 - - [18/Dec/2025:08:31:33 -0300] "GET /cormun/servlet/hhome HTTP/1.1" 200 3935
201.186.226.3 - - [18/Dec/2025:08:31:36 -0300] "GET /cormun/servlet/trpermisosgoce? HTTP/1.1" 200 16353
201.186.226.3 - - [18/Dec/2025:08:31:46 -0300] "GET /cormun/servlet/trlicencias? HTTP/1.1" 200 9626
201.186.226.3 - - [18/Dec/2025:08:32:00 -0300] "GET /cormun/servlet/hlogin HTTP/1.1" 200 1740
190.95.2.163 - - [18/Dec/2025:08:32:15 -0300] "GET /cormun/servlet/hlogin HTTP/1.1" 200 1715
190.95.2.163 - - [18/Dec/2025:08:32:22 -0300] "POST /cormun/servlet/hlogin?67f7c437300637a796791e45b145e95e,gx-no-cache=1766057564612 HTTP/1.1" 200 90
190.95.2.163 - - [18/Dec/2025:08:32:22 -0300] "GET /cormun/servlet/hpexe_link HTTP/1.1" 200 947
190.95.2.163 - - [18/Dec/2025:08:32:22 -0300] "GET /cormun/servlet/hhome HTTP/1.1" 200 3994
190.95.2.163 - - [18/Dec/2025:08:32:30 -0300] "GET /cormun/servlet/trpermisosgoce? HTTP/1.1" 200 15896
190.95.2.163 - - [18/Dec/2025:08:32:49 -0300] "GET /cormun/servlet/permisogoce?INS,0,,, HTTP/1.1" 200 6857
190.95.2.163 - - [18/Dec/2025:08:33:03 -0300] "GET /cormun/servlet/permisogoce?ed7c2c534e33fa737fb74920639761584eb1a7e54b2f371e84b13737db05b3b191a399bb76afe147ada43e11fecb5ee044adc38d42d4140f0cd45754bfaebce7,gx-no-cache=1766057605509 HTTP/1.1" 200 80
190.95.2.163 - - [18/Dec/2025:08:33:03 -0300] "GET /cormun/static/menuarrow.gif HTTP/1.1" 404 1015
190.95.2.163 - - [18/Dec/2025:08:33:20 -0300] "GET /cormun/servlet/permisogoce?ed7c2c534e33fa737fb7492063976158bdbabb738528ebd6c5b7272fdd9c9b91303a665345e8e54046c2a69a6336601d5d7f6074804c4a2c4f2bb6235bada21e,gx-no-cache=1766057622331 HTTP/1.1" 200 48
190.95.1.129 - - [18/Dec/2025:08:33:30 -0300] "GET /cormun/servlet/hlogin HTTP/1.1" 200 1723
190.95.1.129 - - [18/Dec/2025:08:33:31 -0300] "GET /cormun/servlet/hlogin HTTP/1.1" 200 1734
190.95.1.129 - - [18/Dec/2025:08:33:31 -0300] "GET /favicon.ico HTTP/1.1" 200 21630
190.95.1.129 - - [18/Dec/2025:08:33:33 -0300] "POST /cormun/servlet/hlogin?c0f3c798f032d477ae5c2eaac1862537,gx-no-cache=1766057636048 HTTP/1.1" 200 90
190.95.1.129 - - [18/Dec/2025:08:33:33 -0300] "GET /cormun/servlet/hpexe_link HTTP/1.1" 200 952
190.95.1.129 - - [18/Dec/2025:08:33:33 -0300] "GET /cormun/servlet/hhome HTTP/1.1" 200 4304
190.95.1.129 - - [18/Dec/2025:08:33:37 -0300] "GET /cormun/servlet/trlicencias? HTTP/1.1" 200 12209
190.95.1.129 - - [18/Dec/2025:08:33:38 -0300] "GET /cormun/static/gxcfg.js?202211298463625 HTTP/1.1" 200 953
190.95.1.129 - - [18/Dec/2025:08:33:38 -0300] "GET /cormun/static/trlicencias.js?202211298463889 HTTP/1.1" 200 41883
190.95.1.129 - - [18/Dec/2025:08:33:38 -0300] "GET /cormun//static/Resources/PXToolsActionDisabled.gif HTTP/1.1" 200 53
190.95.2.163 - - [18/Dec/2025:08:33:41 -0300] "POST /cormun/servlet/permisogoce?67f7c437300637a796791e45b145e95e,INS,0,,,,gx-no-cache=1766057643097 HTTP/1.1" 200 93
190.95.2.163 - - [18/Dec/2025:08:33:41 -0300] "GET /cormun/servlet/hpexe_return? HTTP/1.1" 200 1005
190.95.2.163 - - [18/Dec/2025:08:33:42 -0300] "GET /cormun/servlet/trpermisosgoce HTTP/1.1" 200 16177
190.95.2.163 - - [18/Dec/2025:08:33:50 -0300] "GET /cormun/servlet/apermisogoceprn?17794177,P,20251218083402,PU HTTP/1.1" 200 1654
190.95.2.163 - - [18/Dec/2025:08:34:07 -0300] "GET /cormun/servlet/permisogoce?INS,0,,, HTTP/1.1" 200 6856
190.95.2.163 - - [18/Dec/2025:08:34:22 -0300] "GET /cormun/servlet/permisogoce?ed7c2c534e33fa737fb7492063976158af97f0f77e7fabd23c86923a93deb3f9d3d34501675f714b497d49b898d94d978d944bb9b8bf0d3705dedeca104d368b,gx-no-cache=1766057683975 HTTP/1.1" 200 81
190.95.2.163 - - [18/Dec/2025:08:34:32 -0300] "GET /cormun/servlet/permisogoce?ed7c2c534e33fa737fb7492063976158ddf9133699b25cdbc0d690878ececd25cae51ccd7b2c49b4d6d4df307d77ef9c83bcdbccee05637d6965345995478774,gx-no-cache=1766057694616 HTTP/1.1" 200 47
190.95.2.163 - - [18/Dec/2025:08:34:38 -0300] "POST /cormun/servlet/permisogoce?67f7c437300637a796791e45b145e95e,INS,0,,,,gx-no-cache=1766057699919 HTTP/1.1" 200 93
190.95.2.163 - - [18/Dec/2025:08:34:38 -0300] "GET /cormun/servlet/hpexe_return? HTTP/1.1" 200 1005
190.95.2.163 - - [18/Dec/2025:08:34:38 -0300] "GET /cormun/servlet/trpermisosgoce HTTP/1.1" 200 16333
190.95.2.163 - - [18/Dec/2025:08:34:43 -0300] "GET /cormun/servlet/apermisogoceprn?7186906,P,20251218083520,PU HTTP/1.1" 200 1658
190.95.2.163 - - [18/Dec/2025:08:35:02 -0300] "GET /cormun/servlet/permisogoce?INS,0,,, HTTP/1.1" 200 6856
190.95.2.163 - - [18/Dec/2025:08:35:21 -0300] "GET /cormun/servlet/permisogoce?ed7c2c534e33fa737fb749206397615860d65589640a25051159d651ef049c5f91a399bb76afe147ada43e11fecb5ee044adc38d42d4140f0cd45754bfaebce7,gx-no-cache=1766057743700 HTTP/1.1" 200 84
190.95.2.163 - - [18/Dec/2025:08:35:32 -0300] "GET /cormun/servlet/permisogoce?ed7c2c534e33fa737fb749206397615850fabd39a194a7c1dbfc3ab0d854563b04a3f78c54cda6e69556ce2aff0c25e45d7f6074804c4a2c4f2bb6235bada21e,gx-no-cache=1766057754879 HTTP/1.1" 200 48
190.95.2.163 - - [18/Dec/2025:08:35:37 -0300] "POST /cormun/servlet/permisogoce?67f7c437300637a796791e45b145e95e,INS,0,,,,gx-no-cache=1766057758845 HTTP/1.1" 200 93
190.95.2.163 - - [18/Dec/2025:08:35:37 -0300] "GET /cormun/servlet/hpexe_return? HTTP/1.1" 200 1005
190.95.2.163 - - [18/Dec/2025:08:35:37 -0300] "GET /cormun/servlet/trpermisosgoce HTTP/1.1" 200 16513
190.95.2.163 - - [18/Dec/2025:08:35:52 -0300] "POST /cormun/servlet/trpermisosgoce?67f7c437300637a796791e45b145e95e,gx-no-cache=1766057774549 HTTP/1.1" 200 13619
190.95.2.163 - - [18/Dec/2025:08:35:53 -0300] "POST /cormun/servlet/trpermisosgoce?67f7c437300637a796791e45b145e95e,gx-no-cache=1766057774870 HTTP/1.1" 200 13596
190.95.1.185 - - [18/Dec/2025:08:37:12 -0300] "GET /cormun/servlet/hlogin HTTP/1.1" 200 1722
190.95.1.185 - - [18/Dec/2025:08:37:15 -0300] "POST /cormun/servlet/hlogin?619a2d9ae0d9f9b7e5c6097690cc3ff6,gx-no-cache=1766057857515 HTTP/1.1" 200 90
190.95.1.185 - - [18/Dec/2025:08:37:15 -0300] "GET /cormun/servlet/hpexe_link HTTP/1.1" 200 958
190.95.1.185 - - [18/Dec/2025:08:37:15 -0300] "GET /cormun/servlet/trpermisosgoce HTTP/1.1" 200 19038
190.95.1.185 - - [18/Dec/2025:08:37:19 -0300] "GET /cormun/static/menuarrow.gif HTTP/1.1" 404 1015
190.95.1.185 - - [18/Dec/2025:08:37:26 -0300] "POST /cormun/servlet/trpermisosgoce?619a2d9ae0d9f9b7e5c6097690cc3ff6,gx-no-cache=1766057868437 HTTP/1.1" 200 16473
190.95.1.185 - - [18/Dec/2025:08:37:41 -0300] "GET /cormun/servlet/trlicencias? HTTP/1.1" 200 11586
190.95.1.185 - - [18/Dec/2025:08:37:55 -0300] "POST /cormun/servlet/trlicencias?619a2d9ae0d9f9b7e5c6097690cc3ff6,,gx-no-cache=1766057898038 HTTP/1.1" 200 9144
190.95.67.99 - - [18/Dec/2025:08:38:43 -0300] "GET /cormun/servlet/permisogoce?INS,0,,, HTTP/1.1" 200 7215
190.95.67.99 - - [18/Dec/2025:08:38:55 -0300] "GET /cormun/servlet/permisogoce?8178273413cce977a75c0301badccdc055d1dd12c95d95096c246bd8280bcbbb52260495434b9757afd6754fefbbeef54e956303c0ab5ee5b51400f42504d227,gx-no-cache=1766057960021 HTTP/1.1" 200 85
190.95.15.31 - - [18/Dec/2025:08:39:06 -0300] "GET /cormun/servlet/hlogin HTTP/1.1" 200 1720
190.95.67.99 - - [18/Dec/2025:08:39:06 -0300] "GET /cormun/servlet/permisogoce?8178273413cce977a75c0301badccdc07d3a92a913cdff7210e954963f227e67b3139641beda52e68fd4034efbd3d7f1d54f6f54c4ec6a981b04ab1963a86525,gx-no-cache=1766057970893 HTTP/1.1" 200 48
190.95.67.99 - - [18/Dec/2025:08:39:08 -0300] "POST /cormun/servlet/permisogoce?1c4a6bd06b31fc79d61d75f1da679e20,INS,0,,,,gx-no-cache=1766057973322 HTTP/1.1" 200 93
190.95.67.99 - - [18/Dec/2025:08:39:09 -0300] "GET /cormun/servlet/hpexe_return? HTTP/1.1" 200 1010
190.95.67.99 - - [18/Dec/2025:08:39:09 -0300] "GET /cormun/servlet/trpermisosgoce? HTTP/1.1" 200 18656
190.95.67.99 - - [18/Dec/2025:08:39:12 -0300] "GET /cormun/servlet/apermisogoceprn?17520834,P,20251218083957,PU HTTP/1.1" 200 1657
190.95.15.31 - - [18/Dec/2025:08:39:13 -0300] "POST /cormun/servlet/hlogin?e77a66c92a9b7ecdc61a9c0214882b25,gx-no-cache=1766057973667 HTTP/1.1" 200 90
190.95.15.31 - - [18/Dec/2025:08:39:13 -0300] "GET /cormun/servlet/hpexe_link HTTP/1.1" 200 950
190.95.15.31 - - [18/Dec/2025:08:39:13 -0300] "GET /cormun/servlet/hhome HTTP/1.1" 200 4358
190.95.15.31 - - [18/Dec/2025:08:39:19 -0300] "GET /cormun/servlet/trlicencias? HTTP/1.1" 200 10317
191.125.166.79 - - [18/Dec/2025:08:39:32 -0300] "GET /cormun/servlet/trlicencias? HTTP/1.1" 200 10906
191.125.166.79 - - [18/Dec/2025:08:39:33 -0300] "GET /cormun/static/gxcfg.js?202211298463625 HTTP/1.1" 200 953
191.125.166.79 - - [18/Dec/2025:08:39:33 -0300] "GET /cormun/static/trlicencias.js?202211298463889 HTTP/1.1" 200 41883
191.125.166.79 - - [18/Dec/2025:08:39:33 -0300] "GET /cormun//static/Resources/PXToolsActionDisabled.gif HTTP/1.1" 200 53
190.95.15.31 - - [18/Dec/2025:08:41:24 -0300] "GET /cormun/servlet/trautorizarsolicitud? HTTP/1.1" 200 7465
190.95.15.31 - - [18/Dec/2025:08:41:33 -0300] "POST /cormun/servlet/trautorizarsolicitud?e77a66c92a9b7ecdc61a9c0214882b25,,gx-no-cache=1766058114067 HTTP/1.1" 200 8512
190.95.67.99 - - [18/Dec/2025:08:42:25 -0300] "GET /cormun/servlet/permisogoce?INS,0,,, HTTP/1.1" 200 7215
190.95.2.163 - - [18/Dec/2025:08:42:50 -0300] "GET /cormun/servlet/hlogin HTTP/1.1" 200 1715
190.95.2.163 - - [18/Dec/2025:08:42:55 -0300] "POST /cormun/servlet/hlogin?67f7c437300637a796791e45b145e95e,gx-no-cache=1766058197916 HTTP/1.1" 200 90
190.95.2.163 - - [18/Dec/2025:08:42:55 -0300] "GET /cormun/servlet/hpexe_link HTTP/1.1" 200 974
190.95.2.163 - - [18/Dec/2025:08:42:56 -0300] "GET /cormun/servlet/trpermisosgoce?gx-no-cache=1766057774870 HTTP/1.1" 200 16330
190.95.15.31 - - [18/Dec/2025:08:43:19 -0300] "GET /cormun/servlet/trpermisosgoce? HTTP/1.1" 200 17086
190.95.15.31 - - [18/Dec/2025:08:43:22 -0300] "GET /cormun/servlet/permisogoce?INS,0,,, HTTP/1.1" 200 7256
190.95.15.31 - - [18/Dec/2025:08:43:32 -0300] "GET /cormun/servlet/permisogoce?cd717f918b787ff8b8da8dbe9df08a02d5a4737e0b837eda3a8fe4bd520566b8ac2d37c20740084410471b469fd0f4b1c225b3d0c00fff6e1cbf491354818868,gx-no-cache=1766058233067 HTTP/1.1" 200 76
190.95.15.31 - - [18/Dec/2025:08:43:32 -0300] "GET /cormun/static/menuarrow.gif HTTP/1.1" 404 1015
190.95.67.99 - - [18/Dec/2025:08:43:35 -0300] "GET /cormun/servlet/permisogoce?8178273413cce977a75c0301badccdc055d1dd12c95d95096c246bd8280bcbbb52260495434b9757afd6754fefbbeef54e956303c0ab5ee5b51400f42504d227,gx-no-cache=1766058239733 HTTP/1.1" 200 85
190.95.15.31 - - [18/Dec/2025:08:43:40 -0300] "GET /cormun/servlet/permisogoce?cd717f918b787ff8b8da8dbe9df08a029dd88edaa23a71a45683ff891d8d294dbec6f79f86c2bbefbad5951d0d242f14dde5866c4cb193f43b1d1a82be3fc341,gx-no-cache=1766058241608 HTTP/1.1" 200 48
190.95.67.99 - - [18/Dec/2025:08:43:43 -0300] "GET /cormun/servlet/permisogoce?8178273413cce977a75c0301badccdc07d3a92a913cdff7210e954963f227e67a52c0a20e9de364778254c1d10c1ea66284d425e321e99e6b3470bf405736563,gx-no-cache=1766058247840 HTTP/1.1" 200 48
190.95.15.31 - - [18/Dec/2025:08:43:45 -0300] "POST /cormun/servlet/permisogoce?e77a66c92a9b7ecdc61a9c0214882b25,INS,0,,,,gx-no-cache=1766058245186 HTTP/1.1" 200 93
190.95.15.31 - - [18/Dec/2025:08:43:45 -0300] "GET /cormun/servlet/hpexe_return? HTTP/1.1" 200 1009
190.95.15.31 - - [18/Dec/2025:08:43:45 -0300] "GET /cormun/servlet/trpermisosgoce HTTP/1.1" 200 17339
190.95.67.99 - - [18/Dec/2025:08:43:46 -0300] "POST /cormun/servlet/permisogoce?1c4a6bd06b31fc79d61d75f1da679e20,INS,0,,,,gx-no-cache=1766058251047 HTTP/1.1" 200 93
190.95.67.99 - - [18/Dec/2025:08:43:46 -0300] "GET /cormun/servlet/hpexe_return? HTTP/1.1" 200 1010
190.95.67.99 - - [18/Dec/2025:08:43:47 -0300] "GET /cormun/servlet/trpermisosgoce HTTP/1.1" 200 18575
190.95.15.31 - - [18/Dec/2025:08:43:50 -0300] "GET /cormun/servlet/apermisogoceprn?20263430,P,20251218084435,PU HTTP/1.1" 200 1657
190.95.67.97 - - [18/Dec/2025:08:45:08 -0300] "GET /cormun/servlet/trlicencias? HTTP/1.1" 200 6072
190.95.67.97 - - [18/Dec/2025:08:45:09 -0300] "GET /cormun/servlet/hlogin HTTP/1.1" 200 1733
201.186.225.249 - - [18/Dec/2025:08:45:19 -0300] "GET /cormun/servlet/hlogin HTTP/1.1" 200 1718
179.57.78.55 - - [18/Dec/2025:08:45:20 -0300] "GET /cormun/servlet/trpermisosgoce? HTTP/1.1" 200 6017
179.57.78.55 - - [18/Dec/2025:08:45:20 -0300] "GET /cormun/servlet/hlogin HTTP/1.1" 200 1739
179.57.78.55 - - [18/Dec/2025:08:45:20 -0300] "GET /cormun/static/Resources/indicator.gif HTTP/1.1" 200 1553
179.57.78.55 - - [18/Dec/2025:08:45:20 -0300] "GET /cormun/servlet/trpermisosgoce? HTTP/1.1" 200 6026
179.57.78.55 - - [18/Dec/2025:08:45:25 -0300] "POST /cormun/servlet/hlogin?17f249c88330af8879996b3c00252e98,gx-no-cache=1766058347118 HTTP/1.1" 200 90
179.57.78.55 - - [18/Dec/2025:08:45:25 -0300] "GET /cormun/servlet/hpexe_link HTTP/1.1" 200 955
179.57.78.55 - - [18/Dec/2025:08:45:25 -0300] "GET /cormun/servlet/trpermisosgoce HTTP/1.1" 200 18688
190.95.1.185 - - [18/Dec/2025:08:45:26 -0300] "GET /cormun/servlet/trpermisosgoce? HTTP/1.1" 200 19042
201.186.225.249 - - [18/Dec/2025:08:45:26 -0300] "POST /cormun/servlet/hlogin?d8294094e1b04abf3a90adf2252d56c8,gx-no-cache=1766058348892 HTTP/1.1" 200 90
201.186.225.249 - - [18/Dec/2025:08:45:26 -0300] "GET /cormun/servlet/hpexe_link HTTP/1.1" 200 949
201.186.225.249 - - [18/Dec/2025:08:45:26 -0300] "GET /cormun/servlet/hhome HTTP/1.1" 200 4300
179.57.78.55 - - [18/Dec/2025:08:45:27 -0300] "GET /cormun/servlet/permisogoce?INS,0,,, HTTP/1.1" 200 6844
201.186.225.249 - - [18/Dec/2025:08:45:29 -0300] "GET /cormun/servlet/trlicencias? HTTP/1.1" 200 11281
190.95.1.185 - - [18/Dec/2025:08:45:31 -0300] "POST /cormun/servlet/trpermisosgoce?619a2d9ae0d9f9b7e5c6097690cc3ff6,,gx-no-cache=1766058353814 HTTP/1.1" 200 16476
179.57.78.55 - - [18/Dec/2025:08:45:35 -0300] "GET /cormun/servlet/permisogoce?5b3aacf7c5a6b21f7ea41e1f9dac44211d4b562c49af0525e8d610472d4730fbcbe919c53cd0ecce9a2e49d1670a1f0c3272b5dc7769806b8d3c7078f73602ea,gx-no-cache=1766058356975 HTTP/1.1" 200 75
179.57.78.55 - - [18/Dec/2025:08:45:42 -0300] "POST /cormun/servlet/permisogoce?17f249c88330af8879996b3c00252e98,INS,0,,,,gx-no-cache=1766058364382 HTTP/1.1" 200 93
179.57.78.55 - - [18/Dec/2025:08:45:42 -0300] "GET /cormun/servlet/hpexe_return? HTTP/1.1" 200 1007
179.57.78.55 - - [18/Dec/2025:08:45:42 -0300] "GET /cormun/servlet/trpermisosgoce HTTP/1.1" 200 18688
179.57.78.55 - - [18/Dec/2025:08:45:44 -0300] "GET /cormun/static/menuarrow.gif HTTP/1.1" 404 1015
191.125.18.247 - - [18/Dec/2025:08:45:52 -0300] "GET /cormun/servlet/licenciaspermisos?INS,0,,, HTTP/1.1" 200 7530
191.125.18.247 - - [18/Dec/2025:08:45:53 -0300] "GET /cormun/static/gxcfg.js?202012153173 HTTP/1.1" 200 953
191.125.18.247 - - [18/Dec/2025:08:45:53 -0300] "GET /cormun/static/licenciaspermisos.js?2020121532136 HTTP/1.1" 200 38753
190.95.1.185 - - [18/Dec/2025:08:45:54 -0300] "GET /cormun/servlet/permisogoce?INS,0,,, HTTP/1.1" 200 7387
190.95.1.185 - - [18/Dec/2025:08:45:56 -0300] "POST /cormun/servlet/permisogoce?619a2d9ae0d9f9b7e5c6097690cc3ff6,INS,0,,,,gx-no-cache=1766058378552 HTTP/1.1" 200 93
190.95.1.185 - - [18/Dec/2025:08:45:56 -0300] "GET /cormun/servlet/hpexe_return? HTTP/1.1" 200 1013
190.95.1.185 - - [18/Dec/2025:08:45:56 -0300] "GET /cormun/servlet/trpermisosgoce? HTTP/1.1" 200 19044
191.125.18.247 - - [18/Dec/2025:08:45:56 -0300] "GET /cormun/servlet/trlicencias? HTTP/1.1" 200 10906
190.95.1.185 - - [18/Dec/2025:08:45:59 -0300] "POST /cormun/servlet/trpermisosgoce?619a2d9ae0d9f9b7e5c6097690cc3ff6,,gx-no-cache=1766058381545 HTTP/1.1" 200 104
190.95.1.185 - - [18/Dec/2025:08:45:59 -0300] "POST /cormun/servlet/trpermisosgoce?619a2d9ae0d9f9b7e5c6097690cc3ff6,,gx-no-cache=1766058381713 HTTP/1.1" 200 16101
190.95.1.185 - - [18/Dec/2025:08:45:59 -0300] "GET /cormun/PermisosGoce-5658.xls HTTP/1.1" 200 31744
190.95.67.99 - - [18/Dec/2025:08:46:01 -0300] "GET /cormun/servlet/apermisogoceprn?17520834,P,20251218084338,PU HTTP/1.1" 200 1659
179.57.78.55 - - [18/Dec/2025:08:46:04 -0300] "POST /cormun/servlet/trpermisosgoce?17f249c88330af8879996b3c00252e98,gx-no-cache=1766058385799 HTTP/1.1" 200 5690
190.95.67.99 - - [18/Dec/2025:08:46:13 -0300] "GET /cormun/servlet/apermisogoceprn?17520834,P,20251218083957,PU HTTP/1.1" 200 1657
191.125.18.247 - - [18/Dec/2025:08:46:26 -0300] "GET /cormun/servlet/trpermisosgoce? HTTP/1.1" 200 17885
10.40.40.2 - - [18/Dec/2025:08:46:43 -0300] "GET /cormun/servlet/hlogin HTTP/1.1" 200 1725
10.40.40.2 - - [18/Dec/2025:08:46:43 -0300] "GET /cormun/static/Resources/CormunLogin.png HTTP/1.1" 200 19132
10.40.40.2 - - [18/Dec/2025:08:46:43 -0300] "GET /cormun/static/Resources/PXToolsLoginTop.png HTTP/1.1" 200 1337
10.40.40.2 - - [18/Dec/2025:08:46:43 -0300] "GET /cormun/static/Resources/PXToolsButtonBackground.png HTTP/1.1" 200 1176
10.40.40.2 - - [18/Dec/2025:08:46:43 -0300] "GET /cormun/static/Resources/PXToolsButtonLeft.png HTTP/1.1" 200 1310
10.40.40.2 - - [18/Dec/2025:08:46:43 -0300] "GET /cormun/static/Resources/PXToolsLoginBottom.png HTTP/1.1" 200 1389
10.40.40.2 - - [18/Dec/2025:08:46:43 -0300] "GET /cormun/static/Resources/PXToolsLoginBackground.png HTTP/1.1" 200 1164
10.40.40.2 - - [18/Dec/2025:08:46:43 -0300] "GET /cormun/static/Resources/PXToolsButtonRight.png HTTP/1.1" 200 1294
10.40.40.2 - - [18/Dec/2025:08:46:43 -0300] "GET /cormun/static/Resources/indicator.gif HTTP/1.1" 200 1553
10.40.40.2 - - [18/Dec/2025:08:46:59 -0300] "POST /cormun/servlet/hlogin?c00dd8da02ffd70866e06054519ea77a,gx-no-cache=1766058441694 HTTP/1.1" 200 90
10.40.40.2 - - [18/Dec/2025:08:47:00 -0300] "GET /cormun/servlet/hpexe_link HTTP/1.1" 200 955
10.40.40.2 - - [18/Dec/2025:08:47:00 -0300] "GET /cormun/static/gxcfg.js?20221129847421 HTTP/1.1" 200 953
10.40.40.2 - - [18/Dec/2025:08:47:00 -0300] "GET /cormun/static/hpexe_link.js?20221129847423 HTTP/1.1" 200 625
10.40.40.2 - - [18/Dec/2025:08:47:00 -0300] "GET /cormun/servlet/hhome HTTP/1.1" 200 3206
10.40.40.2 - - [18/Dec/2025:08:47:00 -0300] "GET /cormun/static/Resources/Spanish/PXTools.css?8354383 HTTP/1.1" 200 16384
10.40.40.2 - - [18/Dec/2025:08:47:00 -0300] "GET /cormun/static/hpexe_messagecontroller.js?202211298371222 HTTP/1.1" 200 870
10.40.40.2 - - [18/Dec/2025:08:47:00 -0300] "GET /cormun/static/Resources/PXToolsDataTitle.png HTTP/1.1" 200 1173
10.40.40.2 - - [18/Dec/2025:08:47:00 -0300] "GET /cormun/static/Resources/Llave.png HTTP/1.1" 200 1395
10.40.40.2 - - [18/Dec/2025:08:47:00 -0300] "GET /cormun/static/Resources/CormunMP2.png HTTP/1.1" 200 6878
10.40.40.2 - - [18/Dec/2025:08:47:00 -0300] "GET /cormun/static/Resources/ImgHome.png HTTP/1.1" 200 1364
10.40.40.2 - - [18/Dec/2025:08:47:00 -0300] "GET /cormun/static/Resources/ImgLogin.png HTTP/1.1" 200 1432
10.40.40.2 - - [18/Dec/2025:08:47:00 -0300] "GET /cormun/static/SmoothNavMenu/resources/images/down.gif HTTP/1.1" 200 854
179.57.78.55 - - [18/Dec/2025:08:47:03 -0300] "POST /cormun/servlet/trpermisosgoce?17f249c88330af8879996b3c00252e98,gx-no-cache=1766058444181 HTTP/1.1" 200 15854
191.125.166.79 - - [18/Dec/2025:08:47:07 -0300] "POST /cormun/servlet/trpermisosgoce?693c29502305588ac00003c6774bf795,,gx-no-cache=1766058451451 HTTP/1.1" 200 104
191.125.166.79 - - [18/Dec/2025:08:47:07 -0300] "GET /cormun/PermisosGoce-7340.xls HTTP/1.1" 200 15872
10.40.40.2 - - [18/Dec/2025:08:47:08 -0300] "GET /cormun/servlet/trlicencias? HTTP/1.1" 200 19232
10.40.40.2 - - [18/Dec/2025:08:47:08 -0300] "GET /cormun/static/gxui/gxui-all.css?120300 HTTP/1.1" 200 2179
10.40.40.2 - - [18/Dec/2025:08:47:08 -0300] "GET /cormun/static/calendar-system.css?85620 HTTP/1.1" 200 5572
10.40.40.2 - - [18/Dec/2025:08:47:08 -0300] "GET /cormun/static/Resources/PXTools/calendar.png HTTP/1.1" 200 1306
10.40.40.2 - - [18/Dec/2025:08:47:08 -0300] "GET /cormun/static/Resources/PXToolsAddAllAction.png HTTP/1.1" 200 495
10.40.40.2 - - [18/Dec/2025:08:47:08 -0300] "GET /cormun/static/Resources/PXToolsDataSearch.png HTTP/1.1" 200 435
10.40.40.2 - - [18/Dec/2025:08:47:08 -0300] "GET /cormun/static/Resources/PXToolsGridFirstDisabled.gif HTTP/1.1" 200 100
10.40.40.2 - - [18/Dec/2025:08:47:08 -0300] "GET /cormun/static/Resources/PXToolsGridPreviousDisabled.gif HTTP/1.1" 200 90
10.40.40.2 - - [18/Dec/2025:08:47:08 -0300] "GET /cormun/static/Resources/PXToolsGridNextDisabled.gif HTTP/1.1" 200 90
10.40.40.2 - - [18/Dec/2025:08:47:08 -0300] "GET /cormun/static/Resources/PXToolsGridLastDisabled.gif HTTP/1.1" 200 98
10.40.40.2 - - [18/Dec/2025:08:47:08 -0300] "GET /cormun/static/Resources/PXToolsGridPage.gif HTTP/1.1" 200 725
10.40.40.2 - - [18/Dec/2025:08:47:08 -0300] "GET /cormun/static/Resources/PXToolsActionExcel.png HTTP/1.1" 200 727
10.40.40.2 - - [18/Dec/2025:08:47:08 -0300] "GET /cormun//static/Resources/PXToolsHeaderFavorites.png HTTP/1.1" 200 1414
10.40.40.2 - - [18/Dec/2025:08:47:08 -0300] "GET /cormun/static/Resources/asc.gif HTTP/1.1" 200 67
10.40.40.2 - - [18/Dec/2025:08:47:08 -0300] "GET /cormun/static/Resources/desc.gif HTTP/1.1" 200 65
10.40.40.2 - - [18/Dec/2025:08:47:08 -0300] "GET /cormun//static/Resources/PXToolsActionDisabled.gif HTTP/1.1" 200 53
10.40.40.2 - - [18/Dec/2025:08:47:08 -0300] "GET /cormun//static/Resources/PXToolsGridDisplay.png HTTP/1.1" 200 525
10.40.40.2 - - [18/Dec/2025:08:47:08 -0300] "GET /cormun//static/Resources/PXTools/ActionInsert.png HTTP/1.1" 200 1482
10.40.40.2 - - [18/Dec/2025:08:47:08 -0300] "GET /cormun//static/Resources/PXToolsActionPrint.png HTTP/1.1" 200 404
10.40.40.2 - - [18/Dec/2025:08:47:08 -0300] "GET /cormun//static/Resources/PXToolsHeaderHelp.png HTTP/1.1" 200 1333
10.40.40.2 - - [18/Dec/2025:08:47:08 -0300] "GET /cormun/static/Shared/ext/resources/themes/images/default/panel/bg-headersPanel.png HTTP/1.1" 200 255
10.40.40.2 - - [18/Dec/2025:08:47:08 -0300] "GET /cormun/static/Shared/ext/resources/themes/images/default/tools/tool-sprites.gif HTTP/1.1" 200 5434
191.125.18.247 - - [18/Dec/2025:08:47:53 -0300] "GET /cormun/static/menuarrow.gif HTTP/1.1" 404 1015
179.57.78.55 - - [18/Dec/2025:08:48:03 -0300] "POST /cormun/servlet/trpermisosgoce?17f249c88330af8879996b3c00252e98,gx-no-cache=1766058504782 HTTP/1.1" 200 6152
10.40.40.2 - - [18/Dec/2025:08:50:05 -0300] "POST /cormun/servlet/trlicenciasgenerales?e467893a57191b268da220d23b0c9f3b,gx-no-cache=1766058627822 HTTP/1.1" 440 972
10.40.40.2 - - [18/Dec/2025:08:50:07 -0300] "GET /cormun/servlet/trlicenciasgenerales HTTP/1.1" 200 9188
10.40.40.2 - - [18/Dec/2025:08:50:07 -0300] "GET /cormun/static/RunJS/RunJS.js HTTP/1.1" 200 288
10.40.40.2 - - [18/Dec/2025:08:50:07 -0300] "GET /cormun/static/PXToolsJavascripts/pexe_cookies.js HTTP/1.1" 200 792
10.40.40.2 - - [18/Dec/2025:08:50:07 -0300] "GET /cormun/static/PXToolsJavascripts/pexe_menudivfix.js HTTP/1.1" 200 333
10.40.40.2 - - [18/Dec/2025:08:50:07 -0300] "GET /cormun/static/PXToolsJavascripts/pexe_oav.js HTTP/1.1" 200 645
10.40.40.2 - - [18/Dec/2025:08:50:07 -0300] "GET /cormun/static/PXToolsJavascripts/pexe_picture.js HTTP/1.1" 200 689
10.40.40.2 - - [18/Dec/2025:08:50:07 -0300] "GET /cormun/static/PXToolsJavascripts/pexe_oavdivfix.js HTTP/1.1" 200 639
10.40.40.2 - - [18/Dec/2025:08:50:07 -0300] "GET /cormun/static/PXToolsJavascripts/pexe_tabdivfix.js HTTP/1.1" 200 898
10.40.40.2 - - [18/Dec/2025:08:50:07 -0300] "GET /cormun/static/PXToolsJavascripts/PXToolsJavascriptsRender.js HTTP/1.1" 200 367
10.40.40.2 - - [18/Dec/2025:08:50:07 -0300] "GET /cormun/static/Resources/CormunMP2.png HTTP/1.1" 200 6878
10.40.40.2 - - [18/Dec/2025:08:50:07 -0300] "GET /cormun/static/Resources/ImgHome.png HTTP/1.1" 200 1364
10.40.40.2 - - [18/Dec/2025:08:50:07 -0300] "GET /cormun/static/Resources/ImgLogin.png HTTP/1.1" 200 1432
10.40.40.2 - - [18/Dec/2025:08:50:07 -0300] "GET /cormun/static/Resources/PXToolsGridPreviousDisabled.gif HTTP/1.1" 200 90
10.40.40.2 - - [18/Dec/2025:08:50:07 -0300] "GET /cormun/static/Resources/PXToolsDataSearch.png HTTP/1.1" 200 435
10.40.40.2 - - [18/Dec/2025:08:50:07 -0300] "GET /cormun/static/Resources/PXToolsGridNextDisabled.gif HTTP/1.1" 200 90
10.40.40.2 - - [18/Dec/2025:08:50:07 -0300] "GET /cormun/static/Resources/Llave.png HTTP/1.1" 200 1395
10.40.40.2 - - [18/Dec/2025:08:50:07 -0300] "GET /cormun/static/Resources/PXToolsGridFirstDisabled.gif HTTP/1.1" 200 100
10.40.40.2 - - [18/Dec/2025:08:50:07 -0300] "GET /cormun/static/Resources/PXTools/calendar.png HTTP/1.1" 200 1306
10.40.40.2 - - [18/Dec/2025:08:50:07 -0300] "GET /cormun/static/Resources/PXToolsGridLastDisabled.gif HTTP/1.1" 200 98
10.40.40.2 - - [18/Dec/2025:08:50:07 -0300] "GET /cormun/static/Resources/PXToolsGridPage.gif HTTP/1.1" 200 725
10.40.40.2 - - [18/Dec/2025:08:50:07 -0300] "GET /cormun/static/Resources/PXToolsActionExcel.png HTTP/1.1" 200 727
10.40.40.2 - - [18/Dec/2025:08:50:07 -0300] "GET /cormun//static/Resources/PXToolsHeaderFavorites.png HTTP/1.1" 200 1414
10.40.40.2 - - [18/Dec/2025:08:50:07 -0300] "GET /cormun/servlet/hlogin HTTP/1.1" 200 1740
10.40.40.2 - - [18/Dec/2025:08:50:07 -0300] "GET /cormun/servlet/trlicenciasgenerales HTTP/1.1" 200 9188
10.40.40.2 - - [18/Dec/2025:08:50:07 -0300] "GET /cormun/static/gxcfg.js?2022112219184450 HTTP/1.1" 200 953
10.40.40.2 - - [18/Dec/2025:08:50:07 -0300] "GET /cormun/static/Resources/CormunLogin.png HTTP/1.1" 200 19132
10.40.40.2 - - [18/Dec/2025:08:50:10 -0300] "POST /cormun/servlet/hlogin?06b2180930a41ba9601a48a630af6622,gx-no-cache=1766058631977 HTTP/1.1" 200 90
10.40.40.2 - - [18/Dec/2025:08:50:10 -0300] "GET /cormun/servlet/hpexe_link HTTP/1.1" 200 960
10.40.40.2 - - [18/Dec/2025:08:50:10 -0300] "GET /cormun/static/hpexe_link.js?20221129847423 HTTP/1.1" 200 625
10.40.40.2 - - [18/Dec/2025:08:50:10 -0300] "GET /cormun/servlet/trlicenciasgenerales HTTP/1.1" 200 9333
10.40.40.2 - - [18/Dec/2025:08:50:10 -0300] "GET /cormun//static/Resources/PXToolsHeaderFavorites.png HTTP/1.1" 200 1414
179.57.78.71 - - [18/Dec/2025:08:50:15 -0300] "GET /cormun/servlet/hlogin HTTP/1.1" 200 1719
179.57.78.71 - - [18/Dec/2025:08:50:15 -0300] "GET /cormun/servlet/hlogin HTTP/1.1" 200 1729
190.95.15.31 - - [18/Dec/2025:08:50:15 -0300] "GET /cormun/servlet/trsolicitudot? HTTP/1.1" 200 7575
179.57.78.71 - - [18/Dec/2025:08:50:18 -0300] "POST /cormun/servlet/hlogin?f41a356438345feec69b7affa75fced2,gx-no-cache=1766058640148 HTTP/1.1" 200 437
190.95.15.31 - - [18/Dec/2025:08:50:19 -0300] "GET /cormun/servlet/solicitudot?INS,0,0,false, HTTP/1.1" 200 16364
10.40.40.2 - - [18/Dec/2025:08:50:19 -0300] "POST /cormun/servlet/trlicenciasgenerales?06b2180930a41ba9601a48a630af6622,gx-no-cache=1766058641188 HTTP/1.1" 200 5078
179.57.78.71 - - [18/Dec/2025:08:50:21 -0300] "POST /cormun/servlet/hlogin?f41a356438345feec69b7affa75fced2,gx-no-cache=1766058644026 HTTP/1.1" 200 90
179.57.78.71 - - [18/Dec/2025:08:50:21 -0300] "GET /cormun/servlet/hpexe_link HTTP/1.1" 200 951
179.57.78.71 - - [18/Dec/2025:08:50:22 -0300] "GET /cormun/servlet/hhome HTTP/1.1" 200 4270
10.40.40.2 - - [18/Dec/2025:08:50:25 -0300] "POST /cormun/servlet/trlicenciasgenerales?06b2180930a41ba9601a48a630af6622,gx-no-cache=1766058647456 HTTP/1.1" 200 12600
190.95.15.31 - - [18/Dec/2025:08:50:31 -0300] "POST /cormun/servlet/solicitudot?gx-no-cache=1766058652246 HTTP/1.1" 200 4154
190.95.15.31 - - [18/Dec/2025:08:50:31 -0300] "POST /cormun/servlet/solicitudot?e77a66c92a9b7ecdc61a9c0214882b25,INS,0,0,false,,gx-no-cache=1766058652359 HTTP/1.1" 200 12971
179.57.78.71 - - [18/Dec/2025:08:50:41 -0300] "GET /cormun/servlet/trlicencias? HTTP/1.1" 200 13370
190.95.15.31 - - [18/Dec/2025:08:50:51 -0300] "GET /cormun/servlet/solicitudot?234c090f80934cdf1168a0e0f53b6524088283469c0ad2f15a5f68c12c10d646ec5b03a6bdaf5157ae46b1598f7de064,gx-no-cache=1766058672622 HTTP/1.1" 200 30
190.95.15.31 - - [18/Dec/2025:08:51:02 -0300] "GET /cormun/servlet/solicitudot?234c090f80934cdf1168a0e0f53b65240ca619efb333846e5b3f887a4b266d1fc8997157f163e700855c700869f0d4d348b7318fc6e5d0272d15e66766b2c6a9,gx-no-cache=1766058682814 HTTP/1.1" 200 30
190.95.15.31 - - [18/Dec/2025:08:51:02 -0300] "GET /cormun/servlet/solicitudot?234c090f80934cdf1168a0e0f53b652410e2bd7e389a72f3301394fdd237888e,gx-no-cache=1766058682835 HTTP/1.1" 200 53
190.95.15.31 - - [18/Dec/2025:08:51:08 -0300] "POST /cormun/servlet/solicitudot?e77a66c92a9b7ecdc61a9c0214882b25,INS,0,0,false,,gx-no-cache=1766058688772 HTTP/1.1" 200 13097
190.95.15.31 - - [18/Dec/2025:08:51:08 -0300] "GET /cormun/static/Shared/jqueryui/images/ui-icons_8d78a5_256x240.png HTTP/1.1" 404 1089
190.95.15.31 - - [18/Dec/2025:08:51:08 -0300] "GET /cormun/static/Shared/jqueryui/images/ui-icons_82798d_256x240.png HTTP/1.1" 404 1089
190.95.15.31 - - [18/Dec/2025:08:51:08 -0300] "GET /cormun/static/Shared/jqueryui/images/ui-bg_highlight-soft_100_c6c2c8_1x100.png HTTP/1.1" 404 1117
190.95.15.31 - - [18/Dec/2025:08:51:08 -0300] "GET /cormun/static/Shared/jqueryui/images/ui-bg_flat_55_fafafa_40x100.png HTTP/1.1" 404 1097
191.125.18.247 - - [18/Dec/2025:08:51:15 -0300] "GET /cormun/servlet/permisogoce?INS,0,,, HTTP/1.1" 200 6786
190.95.15.31 - - [18/Dec/2025:08:51:19 -0300] "GET /cormun/servlet/solicitudot?234c090f80934cdf1168a0e0f53b6524088283469c0ad2f15a5f68c12c10d6464caea170bf2bd401e4fc94d88acee5c7,gx-no-cache=1766058700389 HTTP/1.1" 200 30
190.95.15.31 - - [18/Dec/2025:08:51:19 -0300] "GET /cormun/servlet/solicitudot?234c090f80934cdf1168a0e0f53b65240ca619efb333846e5b3f887a4b266d1ff7de3a0ffb6ad27d0c9824c680cde11f48b7318fc6e5d0272d15e66766b2c6a9,gx-no-cache=1766058700411 HTTP/1.1" 200 30
190.95.15.31 - - [18/Dec/2025:08:51:19 -0300] "GET /cormun/servlet/solicitudot?234c090f80934cdf1168a0e0f53b65245050218b681bda1f61c65abbfd140d409a5f3099f83fe92a42482725374bfa07af8256b46b231f33385fb7acf032bd1a,gx-no-cache=1766058700427 HTTP/1.1" 200 53
190.95.15.31 - - [18/Dec/2025:08:51:19 -0300] "POST /cormun/servlet/solicitudot?gx-no-cache=1766058700446 HTTP/1.1" 200 240
190.95.15.31 - - [18/Dec/2025:08:51:19 -0300] "GET /cormun/servlet/solicitudot?234c090f80934cdf1168a0e0f53b6524ebefe06877712b993639a11d1b25ed8a00fff07ab60896d09951c43bcd175bd745656a4bb17b5bb4f36e26925f59cfe0c57620ad33005461f63a4fe2cb41bc2ae090cb9c8a980330a522c51532d7fc694eac4274c6a5089d6be0ee461aad8bdd75f0cd0e848a24b596d9b5b9e857e20f652f9e4de424874434bd97f5a0432459edf4e4a6ee38d8d75abd46f10ab8f02f51142394ccade65696ba3146cf9d2042ecb2fb8b4a17435215ebad66311a093f7a459b9f9696e35342e951ed354067d4125f4fcfd828df07bbd9232dda4cf622927fec11c35c39f0baa4c0659120de69092578f607330ec8c0d652bbff2b3ca96ae353411469c6d1510857968c1db9172fea311d403644da238799e2223c2277867049636d752c5536be7f602804cd92c835f44e4ee1231df8a1d1ff5fff260706cf196b425b69ad5b91d5c4e1900247b8ad5123081996e3e9714cd097956924fce1fc13258e2da4e70e8e4a2068879f85c8c75bd5cd3aa2947f36d308fec950,gx-no-cache=1766058700468 HTTP/1.1" 200 30
190.95.15.31 - - [18/Dec/2025:08:51:22 -0300] "POST /cormun/servlet/solicitudot?gx-no-cache=1766058703202 HTTP/1.1" 200 30
190.95.15.31 - - [18/Dec/2025:08:51:33 -0300] "GET /cormun/servlet/prlicenciaspermisos?20659678,L,,MD,,gxPopupLevel%3D0%3B HTTP/1.1" 200 5910
190.95.15.31 - - [18/Dec/2025:08:51:33 -0300] "GET /cormun/static/gxcfg.js?2020121559567 HTTP/1.1" 200 953
190.95.15.31 - - [18/Dec/2025:08:51:33 -0300] "GET /cormun/static/prlicenciaspermisos.js?2020121559821 HTTP/1.1" 200 13379
190.95.15.31 - - [18/Dec/2025:08:51:40 -0300] "POST /cormun/servlet/solicitudot?gx-no-cache=1766058721679 HTTP/1.1" 200 1483
190.95.15.31 - - [18/Dec/2025:08:51:44 -0300] "POST /cormun/servlet/solicitudot?gx-no-cache=1766058725165 HTTP/1.1" 200 41
190.95.15.31 - - [18/Dec/2025:08:51:44 -0300] "GET /cormun/servlet/solicitudot?234c090f80934cdf1168a0e0f53b6524d783550016e8b150f011abdbedfd43d26cee297c89cc2f8709189f93c87fa5743e156eade943749bc31d70977929dffe66c23805d957309a3bf19dd92cb890b7f3087f0cd182fad66c24d53e710e15545ffa16886b9e4c04a384db81f3f1117b,gx-no-cache=1766058725191 HTTP/1.1" 200 110
190.95.15.31 - - [18/Dec/2025:08:51:44 -0300] "POST /cormun/servlet/solicitudot?gx-no-cache=1766058725223 HTTP/1.1" 200 83
191.125.166.79 - - [18/Dec/2025:08:51:46 -0300] "GET /cormun/servlet/permisogoce?c8d4e15a3725e61a14176e76ed64fa85339b20392810ab604fcbbd2c180fe1c21c819499714ee897b17ccbd5ba314f7bf3359b4d3c5f2583a58faf023ac90d14,gx-no-cache=1766058730297 HTTP/1.1" 200 86
191.125.166.79 - - [18/Dec/2025:08:51:55 -0300] "GET /cormun/servlet/permisogoce?c8d4e15a3725e61a14176e76ed64fa854d5add9f2f522067c1ad9e0d1740454cf0d991c0e65d9e287d1fcd9b2cdc5273e033ca588e6217e5ed925dafa2e3ffde,gx-no-cache=1766058739393 HTTP/1.1" 200 48
190.95.15.31 - - [18/Dec/2025:08:51:55 -0300] "GET /cormun/servlet/solicitudot?234c090f80934cdf1168a0e0f53b65240f8f7e5b86c43c1a17901c7f8564a17dd98c950abc6a9d261bd6a1da93011993698616036810291269e86c12ec0d0f532bf7d789254e29019407e301dfccbcddab078aee0f167e092264f2d2b9a171c52d2bdc1509ed919f58cd9820039491c0,gx-no-cache=1766058736466 HTTP/1.1" 200 29
191.125.166.79 - - [18/Dec/2025:08:51:59 -0300] "POST /cormun/servlet/permisogoce?693c29502305588ac00003c6774bf795,INS,0,,,,gx-no-cache=1766058742843 HTTP/1.1" 200 93
191.125.166.79 - - [18/Dec/2025:08:51:59 -0300] "GET /cormun/servlet/hpexe_return? HTTP/1.1" 200 1014
191.125.166.79 - - [18/Dec/2025:08:51:59 -0300] "GET /cormun/servlet/trpermisosgoce HTTP/1.1" 200 17890
190.95.15.31 - - [18/Dec/2025:08:51:59 -0300] "GET /cormun/servlet/solicitudot?234c090f80934cdf1168a0e0f53b6524e4a51303e2d86470c5ec28f3dadb82b07a5e4ac3bba26d4c3193659dddde08b4,gx-no-cache=1766058740478 HTTP/1.1" 200 30
190.95.15.31 - - [18/Dec/2025:08:51:59 -0300] "POST /cormun/servlet/solicitudot?gx-no-cache=1766058740496 HTTP/1.1" 200 34
191.125.166.79 - - [18/Dec/2025:08:52:02 -0300] "GET /cormun/servlet/apermisogoceprn?19158343,P,20251218085228,PU HTTP/1.1" 200 1667
190.95.15.31 - - [18/Dec/2025:08:52:26 -0300] "POST /cormun/servlet/solicitudot?e77a66c92a9b7ecdc61a9c0214882b25,INS,0,0,false,,gx-no-cache=1766058767387 HTTP/1.1" 200 93
190.95.15.31 - - [18/Dec/2025:08:52:27 -0300] "GET /cormun/servlet/hpexe_return? HTTP/1.1" 200 1009
190.95.15.31 - - [18/Dec/2025:08:52:27 -0300] "GET /cormun/servlet/trsolicitudot HTTP/1.1" 200 9008
190.95.15.31 - - [18/Dec/2025:08:52:46 -0300] "POST /cormun/servlet/trsolicitudot?e77a66c92a9b7ecdc61a9c0214882b25,gx-no-cache=1766058787517 HTTP/1.1" 200 4881
190.95.15.31 - - [18/Dec/2025:08:52:46 -0300] "GET /cormun/static/Shared/jqueryui/images/ui-bg_highlight-soft_100_c6c2c8_1x100.png HTTP/1.1" 404 1117
190.95.15.31 - - [18/Dec/2025:08:52:46 -0300] "GET /cormun/static/Shared/jqueryui/images/ui-icons_82798d_256x240.png HTTP/1.1" 404 1089
190.95.15.31 - - [18/Dec/2025:08:52:46 -0300] "GET /cormun/static/Shared/jqueryui/images/ui-bg_flat_55_fafafa_40x100.png HTTP/1.1" 404 1097
190.95.15.31 - - [18/Dec/2025:08:52:46 -0300] "GET /cormun/static/Shared/jqueryui/images/ui-icons_8d78a5_256x240.png HTTP/1.1" 404 1089
190.95.15.31 - - [18/Dec/2025:08:52:46 -0300] "POST /cormun/servlet/trsolicitudot?e77a66c92a9b7ecdc61a9c0214882b25,gx-no-cache=1766058787634 HTTP/1.1" 200 4615
190.95.15.31 - - [18/Dec/2025:08:52:51 -0300] "GET /cormun/servlet/trautorizarsolicitud? HTTP/1.1" 200 11758
190.95.15.31 - - [18/Dec/2025:08:52:57 -0300] "POST /cormun/servlet/trautorizarsolicitud?e77a66c92a9b7ecdc61a9c0214882b25,,gx-no-cache=1766058798252 HTTP/1.1" 200 8946
190.95.15.31 - - [18/Dec/2025:08:52:57 -0300] "POST /cormun/servlet/trautorizarsolicitud?e77a66c92a9b7ecdc61a9c0214882b25,,gx-no-cache=1766058798434 HTTP/1.1" 200 8891
190.95.15.31 - - [18/Dec/2025:08:53:10 -0300] "POST /cormun/servlet/trautorizarsolicitud?e77a66c92a9b7ecdc61a9c0214882b25,,gx-no-cache=1766058811531 HTTP/1.1" 200 8928
190.95.15.31 - - [18/Dec/2025:08:53:16 -0300] "GET /cormun/servlet/trsolicitudot? HTTP/1.1" 200 7571
190.95.15.31 - - [18/Dec/2025:08:53:19 -0300] "GET /cormun/servlet/trlicencias? HTTP/1.1" 200 10316
191.125.18.247 - - [18/Dec/2025:08:55:02 -0300] "GET /cormun/servlet/permisogoce?INS,0,,, HTTP/1.1" 200 6785
190.95.15.31 - - [18/Dec/2025:08:55:10 -0300] "GET /cormun/servlet/trautorizarsolicitud? HTTP/1.1" 200 11757
191.125.18.247 - - [18/Dec/2025:08:55:14 -0300] "GET /cormun/servlet/permisogoce?c8d4e15a3725e61a14176e76ed64fa850a8397cb847bf7f5a53cc5a2ac0956f01c819499714ee897b17ccbd5ba314f7bf3359b4d3c5f2583a58faf023ac90d14,gx-no-cache=1766058938560 HTTP/1.1" 200 88
190.95.15.31 - - [18/Dec/2025:08:55:21 -0300] "GET /cormun/servlet/trsolicitudot? HTTP/1.1" 200 7571
191.125.18.247 - - [18/Dec/2025:08:55:27 -0300] "GET /cormun/servlet/permisogoce?c8d4e15a3725e61a14176e76ed64fa859b61051b4bcef5dfc26a4bd1f6fecf419f23423fbc3088440fc5dffcbd837fffe033ca588e6217e5ed925dafa2e3ffde,gx-no-cache=1766058951951 HTTP/1.1" 200 48
191.125.18.247 - - [18/Dec/2025:08:55:33 -0300] "POST /cormun/servlet/permisogoce?693c29502305588ac00003c6774bf795,INS,0,,,,gx-no-cache=1766058957275 HTTP/1.1" 200 93
191.125.18.247 - - [18/Dec/2025:08:55:33 -0300] "GET /cormun/servlet/hpexe_return? HTTP/1.1" 200 1014
191.125.18.247 - - [18/Dec/2025:08:55:34 -0300] "GET /cormun/servlet/trpermisosgoce HTTP/1.1" 200 17871
191.125.18.247 - - [18/Dec/2025:08:55:43 -0300] "GET /cormun/servlet/apermisogoceprn?19158343,P,20251218085228,PU HTTP/1.1" 200 1666
207.46.13.141 - - [18/Dec/2025:08:57:16 -0300] "GET /cormun/servlet/hlogin HTTP/1.1" 200 1722
190.95.15.31 - - [18/Dec/2025:08:57:47 -0300] "GET /cormun/servlet/trautorizarsolicitud? HTTP/1.1" 200 11758
190.95.2.163 - - [18/Dec/2025:08:57:52 -0300] "GET /cormun/servlet/hlogin HTTP/1.1" 200 1715
190.95.15.31 - - [18/Dec/2025:08:57:53 -0300] "GET /cormun/servlet/trsolicitudot? HTTP/1.1" 200 7571
190.95.2.163 - - [18/Dec/2025:08:57:58 -0300] "POST /cormun/servlet/hlogin?67f7c437300637a796791e45b145e95e,gx-no-cache=1766059099957 HTTP/1.1" 200 90
190.95.2.163 - - [18/Dec/2025:08:57:58 -0300] "GET /cormun/servlet/hpexe_link HTTP/1.1" 200 974
190.95.2.163 - - [18/Dec/2025:08:57:58 -0300] "GET /cormun/servlet/trpermisosgoce?gx-no-cache=1766057774870 HTTP/1.1" 200 16330
190.95.2.163 - - [18/Dec/2025:08:58:23 -0300] "GET /cormun/servlet/trpermisosadjuntos?15994353,20251216162924,P, HTTP/1.1" 200 6332
190.95.15.31 - - [18/Dec/2025:08:58:23 -0300] "GET /cormun/servlet/solicitudot?INS,0,0,false, HTTP/1.1" 200 16365
190.95.2.163 - - [18/Dec/2025:08:58:30 -0300] "GET /cormun/servlet/permisosadjuntos?INS,15994353,P,20251216162924,, HTTP/1.1" 200 5632
190.95.2.163 - - [18/Dec/2025:08:58:30 -0300] "GET /cormun/static/about:blank HTTP/1.1" 404 1011
191.125.166.79 - - [18/Dec/2025:08:58:39 -0300] "GET /cormun/servlet/permisogoce?UPD,17505704,P,20251217120529, HTTP/1.1" 200 6838
191.125.166.79 - - [18/Dec/2025:08:58:40 -0300] "GET /cormun/servlet/permisogoce?c8d4e15a3725e61a14176e76ed64fa85d399202a1cb2f1e73268d18d741e2d52dca2aa434640af33f3da38afe9535d102a987f3cd78608c363db52be27b8e885,gx-no-cache=1766059144442 HTTP/1.1" 200 82
191.125.166.79 - - [18/Dec/2025:08:58:43 -0300] "GET /cormun/servlet/trpermisosgoce HTTP/1.1" 200 17871
191.125.166.79 - - [18/Dec/2025:08:58:47 -0300] "GET /cormun/servlet/permisogoce?UPD,17505704,P,20251217121108, HTTP/1.1" 200 6839
191.125.166.79 - - [18/Dec/2025:08:58:48 -0300] "GET /cormun/servlet/permisogoce?c8d4e15a3725e61a14176e76ed64fa85d399202a1cb2f1e73268d18d741e2d52dca2aa434640af33f3da38afe9535d102a987f3cd78608c363db52be27b8e885,gx-no-cache=1766059152103 HTTP/1.1" 200 82
191.125.166.79 - - [18/Dec/2025:08:58:51 -0300] "GET /cormun/servlet/permisogoce?c8d4e15a3725e61a14176e76ed64fa8573b0a85261ff1cc11ada1b00394cc87b5b8c669d588a3018b490f82fa0624a3fc1de1f9bb7a14f22141034874c4b966f,gx-no-cache=1766059155288 HTTP/1.1" 200 48
191.125.166.79 - - [18/Dec/2025:08:58:51 -0300] "POST /cormun/servlet/permisogoce?693c29502305588ac00003c6774bf795,UPD,17505704,P,20251217121108,,gx-no-cache=1766059155374 HTTP/1.1" 200 93
191.125.166.79 - - [18/Dec/2025:08:58:51 -0300] "GET /cormun/servlet/hpexe_return? HTTP/1.1" 200 1033
191.125.166.79 - - [18/Dec/2025:08:58:52 -0300] "GET /cormun/servlet/trpermisosgoce HTTP/1.1" 200 17867
191.125.166.79 - - [18/Dec/2025:08:58:58 -0300] "GET /cormun/servlet/apermisogoceprn?17505704,P,20251217121108,PU HTTP/1.1" 200 1664
191.125.166.79 - - [18/Dec/2025:08:59:10 -0300] "GET /cormun/servlet/apermisogoceprn?17505704,P,20251217121207,PU HTTP/1.1" 200 1658
190.95.15.31 - - [18/Dec/2025:08:59:53 -0300] "POST /cormun/servlet/solicitudot?gx-no-cache=1766059213965 HTTP/1.1" 200 4183
190.95.15.31 - - [18/Dec/2025:08:59:53 -0300] "POST /cormun/servlet/solicitudot?e77a66c92a9b7ecdc61a9c0214882b25,INS,0,0,false,,gx-no-cache=1766059214147 HTTP/1.1" 200 13032
