190.95.2.163 - - [18/Dec/2025:09:25:23 -0300] "GET /cormun/servlet/permisogoce?ed7c2c534e33fa737fb7492063976158cfcc32fb79e4dbd3f54f30f6c91aac4ffdd13ec4d817b0dff1bfc9df0285e0ad83bcdbccee05637d6965345995478774,gx-no-cache=1766060745494 HTTP/1.1" 200 47
190.95.2.163 - - [18/Dec/2025:09:25:27 -0300] "POST /cormun/servlet/permisogoce?67f7c437300637a796791e45b145e95e,INS,0,,,,gx-no-cache=1766060749004 HTTP/1.1" 200 93
190.95.2.163 - - [18/Dec/2025:09:25:27 -0300] "GET /cormun/servlet/hpexe_return? HTTP/1.1" 200 1005
190.95.2.163 - - [18/Dec/2025:09:25:27 -0300] "GET /cormun/servlet/trpermisosgoce HTTP/1.1" 200 16685
190.95.2.163 - - [18/Dec/2025:09:25:32 -0300] "GET /cormun/servlet/apermisogoceprn?8991268,P,20251218092615,PU HTTP/1.1" 200 1659
190.95.2.163 - - [18/Dec/2025:09:25:42 -0300] "GET /cormun/servlet/permisogoce?INS,0,,, HTTP/1.1" 200 6856
190.95.2.163 - - [18/Dec/2025:09:25:51 -0300] "GET /cormun/servlet/permisogoce?ed7c2c534e33fa737fb7492063976158c130c49bc2f0cc93eff16b90649c418fd3d34501675f714b497d49b898d94d978d944bb9b8bf0d3705dedeca104d368b,gx-no-cache=1766060773347 HTTP/1.1" 200 91
190.95.2.163 - - [18/Dec/2025:09:25:59 -0300] "GET /cormun/servlet/permisogoce?ed7c2c534e33fa737fb7492063976158cfcc32fb79e4dbd3f54f30f6c91aac4f1e9b8d7cc3f55b71ff6879841bb7d8ae83bcdbccee05637d6965345995478774,gx-no-cache=1766060781245 HTTP/1.1" 200 47
190.95.2.163 - - [18/Dec/2025:09:26:04 -0300] "POST /cormun/servlet/permisogoce?67f7c437300637a796791e45b145e95e,INS,0,,,,gx-no-cache=1766060785773 HTTP/1.1" 200 93
190.95.2.163 - - [18/Dec/2025:09:26:04 -0300] "GET /cormun/servlet/hpexe_return? HTTP/1.1" 200 1005
190.95.2.163 - - [18/Dec/2025:09:26:04 -0300] "GET /cormun/servlet/trpermisosgoce HTTP/1.1" 200 16836
190.95.2.163 - - [18/Dec/2025:09:26:11 -0300] "GET /cormun/servlet/apermisogoceprn?8991268,P,20251218092655,PU HTTP/1.1" 200 1657
190.95.2.163 - - [18/Dec/2025:09:27:57 -0300] "GET /cormun/servlet/permisogoce?INS,0,,, HTTP/1.1" 200 6856
190.95.2.163 - - [18/Dec/2025:09:28:14 -0300] "GET /cormun/servlet/permisogoce?ed7c2c534e33fa737fb7492063976158d2ec024e0fe82959346d83c526467b4f91a399bb76afe147ada43e11fecb5ee044adc38d42d4140f0cd45754bfaebce7,gx-no-cache=1766060916839 HTTP/1.1" 200 77
190.95.15.15 - - [18/Dec/2025:09:28:28 -0300] "GET /cormun/servlet/permisogoce?INS,0,,, HTTP/1.1" 200 6862
10.40.40.2 - - [18/Dec/2025:09:28:33 -0300] "GET /cormun/servlet/alicenciaprn?19083477,L,20251217000000,PU HTTP/1.1" 200 1568
10.40.40.2 - - [18/Dec/2025:09:28:34 -0300] "-" 400 -
10.40.40.2 - - [18/Dec/2025:09:28:34 -0300] "›—åÏ)nÚeäÒóÂ=¶š€6Û¼cC±Û›I®@i ?#Lº”ùÝ^0#1ó0æ€6=Ô7z*Û¶QšHˆñ"À+À/̨̩À,À0À " 400 -
190.95.2.163 - - [18/Dec/2025:09:28:38 -0300] "GET /cormun/servlet/permisogoce?ed7c2c534e33fa737fb7492063976158702293d6d48fd6ec4149ac5dc06079b3c56424a4d44ee8ed8559ec3cd3636b4f5d7f6074804c4a2c4f2bb6235bada21e,gx-no-cache=1766060940736 HTTP/1.1" 200 47
190.95.2.163 - - [18/Dec/2025:09:28:45 -0300] "POST /cormun/servlet/permisogoce?67f7c437300637a796791e45b145e95e,INS,0,,,,gx-no-cache=1766060946748 HTTP/1.1" 200 93
190.95.2.163 - - [18/Dec/2025:09:28:45 -0300] "GET /cormun/servlet/hpexe_return? HTTP/1.1" 200 1005
190.95.2.163 - - [18/Dec/2025:09:28:45 -0300] "GET /cormun/servlet/trpermisosgoce HTTP/1.1" 200 17063
190.95.2.163 - - [18/Dec/2025:09:28:57 -0300] "GET /cormun/servlet/apermisogoceprn?16255094,P,20251218092910,PU HTTP/1.1" 200 1652
10.40.40.2 - - [18/Dec/2025:09:29:00 -0300] "POST /cormun/servlet/trlicenciasgenerales?82f5f27fe63fdd5ecd3ff10b03e277a3,,gx-no-cache=1766060961506 HTTP/1.1" 200 6456
201.186.225.183 - - [18/Dec/2025:09:29:09 -0300] "GET /cormun/servlet/trpermisosgoce? HTTP/1.1" 200 6023
201.186.225.183 - - [18/Dec/2025:09:29:09 -0300] "GET /cormun/servlet/hlogin HTTP/1.1" 200 1736
201.186.225.183 - - [18/Dec/2025:09:29:18 -0300] "POST /cormun/servlet/hlogin?5526c808fc0363aa1d11ea005e36af9b,gx-no-cache=1766060980777 HTTP/1.1" 200 90
201.186.225.183 - - [18/Dec/2025:09:29:18 -0300] "GET /cormun/servlet/hpexe_link HTTP/1.1" 200 953
201.186.225.183 - - [18/Dec/2025:09:29:18 -0300] "GET /cormun/servlet/trpermisosgoce HTTP/1.1" 200 17748
190.95.15.15 - - [18/Dec/2025:09:29:19 -0300] "GET /cormun/servlet/permisogoce?cc183f45fd4341be089df4be8622dc588f21104193ce526bcae1d72d3ca68e17c7f8df36049e50b6d576f16d64010ecc2b7501d7e17654545f47f809a60d227f,gx-no-cache=1766060980940 HTTP/1.1" 200 77
190.95.15.15 - - [18/Dec/2025:09:29:19 -0300] "GET /cormun/static/menuarrow.gif HTTP/1.1" 404 1015
190.95.15.15 - - [18/Dec/2025:09:29:23 -0300] "GET /cormun/servlet/permisogoce?cc183f45fd4341be089df4be8622dc58ff5a42fb7a399374c98898b701b70805a9a9dba3b58485c37db6c3a7fb9e9fee4c0934116dd266d82438a7c7ec403498,gx-no-cache=1766060985767 HTTP/1.1" 200 48
190.95.15.15 - - [18/Dec/2025:09:29:25 -0300] "POST /cormun/servlet/permisogoce?b8365a239492d3e6f5f483bdb72a7db1,INS,0,,,,gx-no-cache=1766060987449 HTTP/1.1" 200 93
190.95.15.15 - - [18/Dec/2025:09:29:25 -0300] "GET /cormun/servlet/hpexe_return? HTTP/1.1" 200 1013
190.95.15.15 - - [18/Dec/2025:09:29:26 -0300] "GET /cormun/servlet/trpermisosgoce HTTP/1.1" 200 18636
190.95.2.163 - - [18/Dec/2025:09:29:28 -0300] "GET /cormun/servlet/permisogoce?INS,0,,, HTTP/1.1" 200 6856
190.95.15.15 - - [18/Dec/2025:09:29:29 -0300] "GET /cormun/servlet/apermisogoceprn?19589432,P,20251218092941,PU HTTP/1.1" 200 1657
201.186.225.183 - - [18/Dec/2025:09:29:32 -0300] "GET /cormun/servlet/permisogoce?INS,0,,, HTTP/1.1" 200 6827
201.186.225.183 - - [18/Dec/2025:09:29:32 -0300] "GET /cormun/static/gxcfg.js?20201215124560 HTTP/1.1" 200 953
201.186.225.183 - - [18/Dec/2025:09:29:32 -0300] "GET /cormun/static/permisogoce.js?20201215124939 HTTP/1.1" 200 27790
201.186.225.183 - - [18/Dec/2025:09:29:38 -0300] "GET /cormun/servlet/permisogoce?0370d09fdafa10b3586627d171b1c9c9956350338569c935ee2602337105df1702b5fb2cbaabded6d8d2f1652f80c8fa710c85a068d469619fd1257aed5de8f5,gx-no-cache=1766061001554 HTTP/1.1" 200 81
190.95.2.163 - - [18/Dec/2025:09:29:39 -0300] "GET /cormun/servlet/permisogoce?ed7c2c534e33fa737fb7492063976158d2ec024e0fe82959346d83c526467b4f91a399bb76afe147ada43e11fecb5ee044adc38d42d4140f0cd45754bfaebce7,gx-no-cache=1766061001423 HTTP/1.1" 200 79
201.186.225.183 - - [18/Dec/2025:09:29:45 -0300] "GET /cormun/servlet/permisogoce?0370d09fdafa10b3586627d171b1c9c91d36545c71776df3ce792ab5f8f3b6679927e7270673e8963505b9ce4b97ba51e9f3abf8ceca1d008c444fecbbd2c0b3,gx-no-cache=1766061007971 HTTP/1.1" 200 47
201.186.225.183 - - [18/Dec/2025:09:29:46 -0300] "POST /cormun/servlet/permisogoce?5526c808fc0363aa1d11ea005e36af9b,INS,0,,,,gx-no-cache=1766061008922 HTTP/1.1" 200 93
201.186.225.183 - - [18/Dec/2025:09:29:46 -0300] "GET /cormun/servlet/hpexe_return? HTTP/1.1" 200 1006
201.186.225.183 - - [18/Dec/2025:09:29:46 -0300] "GET /cormun/static/gxcfg.js?20221129846035 HTTP/1.1" 200 953
201.186.225.183 - - [18/Dec/2025:09:29:46 -0300] "GET /cormun/static/hpexe_return.js?20221129846037 HTTP/1.1" 200 1633
201.186.225.183 - - [18/Dec/2025:09:29:46 -0300] "GET /cormun/servlet/trpermisosgoce HTTP/1.1" 200 17809
201.186.225.183 - - [18/Dec/2025:09:29:50 -0300] "GET /cormun/servlet/apermisogoceprn?16494479,P,20251218093045,PU HTTP/1.1" 200 1652
190.95.2.163 - - [18/Dec/2025:09:29:55 -0300] "GET /cormun/servlet/permisogoce?ed7c2c534e33fa737fb7492063976158702293d6d48fd6ec4149ac5dc06079b331fbeb49266bd9fe5c8b4bbb78085a4a5d7f6074804c4a2c4f2bb6235bada21e,gx-no-cache=1766061017186 HTTP/1.1" 200 48
201.186.225.183 - - [18/Dec/2025:09:29:55 -0300] "GET /cormun/servlet/permisogoce?INS,0,,, HTTP/1.1" 200 6827
201.186.225.183 - - [18/Dec/2025:09:29:59 -0300] "GET /cormun/servlet/permisogoce?0370d09fdafa10b3586627d171b1c9c973ad481c39f0acbea28abf3adc554e7502b5fb2cbaabded6d8d2f1652f80c8fa710c85a068d469619fd1257aed5de8f5,gx-no-cache=1766061021782 HTTP/1.1" 200 82
201.186.225.183 - - [18/Dec/2025:09:30:04 -0300] "GET /cormun/servlet/permisogoce?0370d09fdafa10b3586627d171b1c9c962bd451b1365bd5d3ea95a7573e0d4f749c40e80c2f410075ff616ad5824ea725ce7e96209e7854da6d33c27c9b886c5,gx-no-cache=1766061027635 HTTP/1.1" 200 48
201.186.225.183 - - [18/Dec/2025:09:30:06 -0300] "POST /cormun/servlet/permisogoce?5526c808fc0363aa1d11ea005e36af9b,INS,0,,,,gx-no-cache=1766061028778 HTTP/1.1" 200 93
201.186.225.183 - - [18/Dec/2025:09:30:06 -0300] "GET /cormun/servlet/hpexe_return? HTTP/1.1" 200 1006
201.186.225.183 - - [18/Dec/2025:09:30:06 -0300] "GET /cormun/servlet/trpermisosgoce HTTP/1.1" 200 17761
201.186.225.183 - - [18/Dec/2025:09:30:09 -0300] "GET /cormun/servlet/apermisogoceprn?13644609,P,20251218093108,PU HTTP/1.1" 200 1646
190.95.2.163 - - [18/Dec/2025:09:30:10 -0300] "GET /cormun/servlet/permisogoce?ed7c2c534e33fa737fb7492063976158702293d6d48fd6ec4149ac5dc06079b34e4ba15bb2b209e24ca37966393c54b0fef52dce40d008f0157de9fd437f7fb3,gx-no-cache=1766061032396 HTTP/1.1" 200 47
190.95.2.163 - - [18/Dec/2025:09:30:15 -0300] "POST /cormun/servlet/permisogoce?67f7c437300637a796791e45b145e95e,INS,0,,,,gx-no-cache=1766061037516 HTTP/1.1" 200 93
201.186.225.183 - - [18/Dec/2025:09:30:15 -0300] "GET /cormun/servlet/apermisogoceprn?13644609,P,20251217130708,PU HTTP/1.1" 200 1657
190.95.2.163 - - [18/Dec/2025:09:30:15 -0300] "GET /cormun/servlet/hpexe_return? HTTP/1.1" 200 1005
190.95.2.163 - - [18/Dec/2025:09:30:16 -0300] "GET /cormun/servlet/trpermisosgoce HTTP/1.1" 200 17248
201.186.225.183 - - [18/Dec/2025:09:30:22 -0300] "GET /cormun/servlet/permisogoce?UPD,13644609,P,20251218093108, HTTP/1.1" 200 6883
190.95.2.163 - - [18/Dec/2025:09:30:22 -0300] "GET /cormun/servlet/apermisogoceprn?16255094,P,20251218093041,PU HTTP/1.1" 200 1654
201.186.225.183 - - [18/Dec/2025:09:30:23 -0300] "GET /cormun/servlet/permisogoce?0370d09fdafa10b3586627d171b1c9c973ad481c39f0acbea28abf3adc554e755ea17bee9f0259e2eede075ccfb12ad190c6b14c69ff66ed1443a1610cc29f24,gx-no-cache=1766061045784 HTTP/1.1" 200 82
201.186.225.183 - - [18/Dec/2025:09:30:27 -0300] "GET /cormun/servlet/permisogoce?0370d09fdafa10b3586627d171b1c9c962bd451b1365bd5d3ea95a7573e0d4f7eff95ea0b69d3047afc85c3c9af75ed0cf9b80cc1f902330e5b39d4094511d73c1fccfee830743039dc2733d8eae4390,gx-no-cache=1766061049687 HTTP/1.1" 200 48
201.186.225.183 - - [18/Dec/2025:09:30:28 -0300] "POST /cormun/servlet/permisogoce?5526c808fc0363aa1d11ea005e36af9b,UPD,13644609,P,20251218093108,,gx-no-cache=1766061051241 HTTP/1.1" 200 93
201.186.225.183 - - [18/Dec/2025:09:30:29 -0300] "GET /cormun/servlet/hpexe_return? HTTP/1.1" 200 1025
201.186.225.183 - - [18/Dec/2025:09:30:29 -0300] "GET /cormun/servlet/trpermisosgoce HTTP/1.1" 200 17706
201.186.225.183 - - [18/Dec/2025:09:30:32 -0300] "GET /cormun/servlet/apermisogoceprn?13644609,P,20251218093108,PU HTTP/1.1" 200 1645
190.95.2.163 - - [18/Dec/2025:09:30:35 -0300] "GET /cormun/servlet/permisogoce?INS,0,,, HTTP/1.1" 200 6856
190.95.2.163 - - [18/Dec/2025:09:30:46 -0300] "GET /cormun/servlet/permisogoce?ed7c2c534e33fa737fb7492063976158d2ec024e0fe82959346d83c526467b4f91a399bb76afe147ada43e11fecb5ee044adc38d42d4140f0cd45754bfaebce7,gx-no-cache=1766061068801 HTTP/1.1" 200 79
190.95.2.163 - - [18/Dec/2025:09:30:56 -0300] "GET /cormun/servlet/permisogoce?ed7c2c534e33fa737fb7492063976158702293d6d48fd6ec4149ac5dc06079b3370d4d41d009f3de932ec10f13b8ede05d7f6074804c4a2c4f2bb6235bada21e,gx-no-cache=1766061078238 HTTP/1.1" 200 47
190.95.2.163 - - [18/Dec/2025:09:31:00 -0300] "POST /cormun/servlet/permisogoce?67f7c437300637a796791e45b145e95e,INS,0,,,,gx-no-cache=1766061081934 HTTP/1.1" 200 93
190.95.2.163 - - [18/Dec/2025:09:31:00 -0300] "GET /cormun/servlet/hpexe_return? HTTP/1.1" 200 1005
190.95.2.163 - - [18/Dec/2025:09:31:00 -0300] "GET /cormun/servlet/trpermisosgoce HTTP/1.1" 200 17386
190.95.2.163 - - [18/Dec/2025:09:31:06 -0300] "GET /cormun/servlet/apermisogoceprn?16255094,P,20251218093148,PU HTTP/1.1" 200 1654
190.95.15.31 - - [18/Dec/2025:09:31:25 -0300] "GET /cormun/servlet/trpermisosgoce? HTTP/1.1" 200 17351
190.95.15.31 - - [18/Dec/2025:09:31:53 -0300] "POST /cormun/servlet/trpermisosgoce?e77a66c92a9b7ecdc61a9c0214882b25,,gx-no-cache=1766061134367 HTTP/1.1" 200 6154
191.125.166.79 - - [18/Dec/2025:09:32:41 -0300] "GET /cormun/servlet/trlicencias? HTTP/1.1" 200 10907
207.46.13.83 - - [18/Dec/2025:09:33:12 -0300] "GET /cormun/servlet/hlogin HTTP/1.1" 200 1717
40.77.167.12 - - [18/Dec/2025:09:33:26 -0300] "GET /cormun/static/Resources/Spanish/PXTools.css?1759030 HTTP/1.1" 200 100853
40.77.167.48 - - [18/Dec/2025:09:33:30 -0300] "GET /cormun/static/gxtimezone.js?85251 HTTP/1.1" 200 5781
40.77.167.48 - - [18/Dec/2025:09:33:30 -0300] "GET /cormun/static/gxcfg.js?2022112219184450 HTTP/1.1" 200 953
40.77.167.48 - - [18/Dec/2025:09:33:31 -0300] "GET /cormun/static/messages.spa.js?85251 HTTP/1.1" 200 30736
207.46.13.83 - - [18/Dec/2025:09:33:36 -0300] "GET /cormun/static/gxgral.js?85251 HTTP/1.1" 200 384558
207.46.13.83 - - [18/Dec/2025:09:33:37 -0300] "GET /cormun/static/hlogin.js?2022112219184458 HTTP/1.1" 200 2156
10.40.40.2 - - [18/Dec/2025:09:34:25 -0300] "POST /cormun/servlet/trlicenciasgenerales?82f5f27fe63fdd5ecd3ff10b03e277a3,,gx-no-cache=1766061286696 HTTP/1.1" 200 6458
10.40.40.2 - - [18/Dec/2025:09:34:51 -0300] "POST /cormun/servlet/trlicenciasgenerales?82f5f27fe63fdd5ecd3ff10b03e277a3,,gx-no-cache=1766061312436 HTTP/1.1" 200 6463
10.40.40.2 - - [18/Dec/2025:09:35:21 -0300] "POST /cormun/servlet/trlicenciasgenerales?82f5f27fe63fdd5ecd3ff10b03e277a3,,gx-no-cache=1766061342376 HTTP/1.1" 200 6448
10.40.40.2 - - [18/Dec/2025:09:36:12 -0300] "POST /cormun/servlet/trlicenciasgenerales?82f5f27fe63fdd5ecd3ff10b03e277a3,,gx-no-cache=1766061392913 HTTP/1.1" 200 5335
10.40.40.2 - - [18/Dec/2025:09:36:14 -0300] "POST /cormun/servlet/trlicenciasgenerales?82f5f27fe63fdd5ecd3ff10b03e277a3,,gx-no-cache=1766061395599 HTTP/1.1" 200 5336
190.95.15.15 - - [18/Dec/2025:09:36:45 -0300] "GET /cormun/servlet/trpermisosadjuntos?18374455,20251216132638,P, HTTP/1.1" 200 6316
190.95.15.15 - - [18/Dec/2025:09:36:46 -0300] "GET /cormun/servlet/permisosadjuntos?INS,18374455,P,20251216132638,, HTTP/1.1" 200 5638
190.95.15.15 - - [18/Dec/2025:09:36:47 -0300] "GET /cormun/static/about:blank HTTP/1.1" 404 1011
190.95.15.15 - - [18/Dec/2025:09:36:53 -0300] "POST /cormun/servlet/permisosadjuntos?b8365a239492d3e6f5f483bdb72a7db1,INS,18374455,P,20251216132638,, HTTP/1.1" 200 116
190.95.15.15 - - [18/Dec/2025:09:36:54 -0300] "GET /cormun/servlet/hpexe_return? HTTP/1.1" 200 1040
190.95.15.15 - - [18/Dec/2025:09:36:54 -0300] "GET /cormun/servlet/trpermisosadjuntos?18374455,20251216132638,P, HTTP/1.1" 200 6799
190.95.15.15 - - [18/Dec/2025:09:36:56 -0300] "GET /cormun/servlet/trpermisosgoce? HTTP/1.1" 200 18641
190.95.15.15 - - [18/Dec/2025:09:37:17 -0300] "GET /cormun/servlet/trpermisosadjuntos?15125128,20251216133346,P, HTTP/1.1" 200 6315
190.95.15.15 - - [18/Dec/2025:09:37:19 -0300] "GET /cormun/servlet/permisosadjuntos?INS,15125128,P,20251216133346,, HTTP/1.1" 200 5638
190.95.15.15 - - [18/Dec/2025:09:37:19 -0300] "GET /cormun/static/about:blank HTTP/1.1" 404 1011
190.95.15.15 - - [18/Dec/2025:09:38:45 -0300] "POST /cormun/servlet/permisosadjuntos?b8365a239492d3e6f5f483bdb72a7db1,INS,15125128,P,20251216133346,, HTTP/1.1" 200 116
190.95.15.15 - - [18/Dec/2025:09:38:45 -0300] "GET /cormun/servlet/hpexe_return? HTTP/1.1" 200 1040
190.95.15.15 - - [18/Dec/2025:09:38:45 -0300] "GET /cormun/servlet/trpermisosadjuntos?15125128,20251216133346,P, HTTP/1.1" 200 6807
190.95.15.15 - - [18/Dec/2025:09:38:50 -0300] "GET /cormun/servlet/trpermisosgoce? HTTP/1.1" 200 18629
190.95.15.15 - - [18/Dec/2025:09:39:10 -0300] "GET /cormun/servlet/trpermisosadjuntos?15125128,20251216133437,P, HTTP/1.1" 200 6316
190.95.15.15 - - [18/Dec/2025:09:39:12 -0300] "GET /cormun/servlet/permisosadjuntos?INS,15125128,P,20251216133437,, HTTP/1.1" 200 5638
190.95.15.15 - - [18/Dec/2025:09:39:12 -0300] "GET /cormun/static/about:blank HTTP/1.1" 404 1011
190.95.15.15 - - [18/Dec/2025:09:39:18 -0300] "POST /cormun/servlet/permisosadjuntos?b8365a239492d3e6f5f483bdb72a7db1,INS,15125128,P,20251216133437,, HTTP/1.1" 200 116
190.95.15.15 - - [18/Dec/2025:09:39:18 -0300] "GET /cormun/servlet/hpexe_return? HTTP/1.1" 200 1040
190.95.15.15 - - [18/Dec/2025:09:39:19 -0300] "GET /cormun/servlet/trpermisosadjuntos?15125128,20251216133437,P, HTTP/1.1" 200 6803
190.95.15.15 - - [18/Dec/2025:09:39:21 -0300] "GET /cormun/servlet/trpermisosgoce? HTTP/1.1" 200 18631
190.95.15.15 - - [18/Dec/2025:09:39:33 -0300] "GET /cormun/servlet/trpermisosadjuntos?15125128,20251216133641,P, HTTP/1.1" 200 6316
190.95.15.15 - - [18/Dec/2025:09:39:35 -0300] "GET /cormun/servlet/permisosadjuntos?INS,15125128,P,20251216133641,, HTTP/1.1" 200 5637
190.95.15.15 - - [18/Dec/2025:09:39:35 -0300] "GET /cormun/static/about:blank HTTP/1.1" 404 1011
190.95.15.15 - - [18/Dec/2025:09:39:42 -0300] "POST /cormun/servlet/permisosadjuntos?b8365a239492d3e6f5f483bdb72a7db1,INS,15125128,P,20251216133641,, HTTP/1.1" 200 116
190.95.15.15 - - [18/Dec/2025:09:39:42 -0300] "GET /cormun/servlet/hpexe_return? HTTP/1.1" 200 1040
190.95.15.15 - - [18/Dec/2025:09:39:42 -0300] "GET /cormun/servlet/trpermisosadjuntos?15125128,20251216133641,P, HTTP/1.1" 200 6795
190.95.15.15 - - [18/Dec/2025:09:39:44 -0300] "GET /cormun/servlet/trpermisosgoce? HTTP/1.1" 200 18631
190.95.15.15 - - [18/Dec/2025:09:39:52 -0300] "POST /cormun/servlet/trpermisosgoce?b8365a239492d3e6f5f483bdb72a7db1,,gx-no-cache=1766061613724 HTTP/1.1" 200 15924
190.95.15.15 - - [18/Dec/2025:09:39:52 -0300] "GET /cormun/static/Shared/jqueryui/images/ui-bg_highlight-soft_100_c6c2c8_1x100.png HTTP/1.1" 404 1117
190.95.15.15 - - [18/Dec/2025:09:39:52 -0300] "GET /cormun/static/Shared/jqueryui/images/ui-icons_82798d_256x240.png HTTP/1.1" 404 1089
190.95.15.15 - - [18/Dec/2025:09:39:52 -0300] "GET /cormun/static/Shared/jqueryui/images/ui-bg_flat_55_fafafa_40x100.png HTTP/1.1" 404 1097
190.95.15.15 - - [18/Dec/2025:09:39:52 -0300] "GET /cormun/static/Shared/jqueryui/images/ui-icons_8d78a5_256x240.png HTTP/1.1" 404 1089
190.95.15.15 - - [18/Dec/2025:09:39:52 -0300] "GET /cormun/static/Resources/PXToolsGridLast.gif HTTP/1.1" 200 370
190.95.15.15 - - [18/Dec/2025:09:39:52 -0300] "GET /cormun/static/Resources/PXToolsGridNext.gif HTTP/1.1" 200 369
190.95.15.15 - - [18/Dec/2025:09:40:00 -0300] "POST /cormun/servlet/trpermisosgoce?b8365a239492d3e6f5f483bdb72a7db1,,gx-no-cache=1766061621835 HTTP/1.1" 200 15984
190.95.15.15 - - [18/Dec/2025:09:40:13 -0300] "GET /cormun/servlet/trpermisosadjuntos?12694090,20251216133752,P, HTTP/1.1" 200 6313
190.95.15.15 - - [18/Dec/2025:09:40:14 -0300] "GET /cormun/servlet/permisosadjuntos?INS,12694090,P,20251216133752,, HTTP/1.1" 200 5635
190.95.15.15 - - [18/Dec/2025:09:40:15 -0300] "GET /cormun/static/about:blank HTTP/1.1" 404 1011
190.95.15.15 - - [18/Dec/2025:09:40:22 -0300] "POST /cormun/servlet/permisosadjuntos?b8365a239492d3e6f5f483bdb72a7db1,INS,12694090,P,20251216133752,, HTTP/1.1" 200 116
190.95.15.15 - - [18/Dec/2025:09:40:22 -0300] "GET /cormun/servlet/hpexe_return? HTTP/1.1" 200 1040
190.95.15.15 - - [18/Dec/2025:09:40:22 -0300] "GET /cormun/servlet/trpermisosadjuntos?12694090,20251216133752,P, HTTP/1.1" 200 6793
190.95.15.15 - - [18/Dec/2025:09:40:28 -0300] "GET /cormun/servlet/trpermisosgoce? HTTP/1.1" 200 18641
191.125.166.79 - - [18/Dec/2025:09:40:35 -0300] "GET /cormun/servlet/trpermisosgoce? HTTP/1.1" 200 17858
190.95.15.15 - - [18/Dec/2025:09:40:40 -0300] "POST /cormun/servlet/trpermisosgoce?b8365a239492d3e6f5f483bdb72a7db1,,gx-no-cache=1766061661777 HTTP/1.1" 200 15938
201.186.226.3 - - [18/Dec/2025:09:40:56 -0300] "GET /cormun/servlet/hlogin HTTP/1.1" 200 1723
190.95.15.15 - - [18/Dec/2025:09:40:58 -0300] "GET /cormun/servlet/trpermisosadjuntos?17136583,20251216145310,P, HTTP/1.1" 200 6315
190.95.15.15 - - [18/Dec/2025:09:41:00 -0300] "GET /cormun/servlet/permisosadjuntos?INS,17136583,P,20251216145310,, HTTP/1.1" 200 5638
190.95.15.15 - - [18/Dec/2025:09:41:00 -0300] "GET /cormun/static/about:blank HTTP/1.1" 404 1011
201.186.226.3 - - [18/Dec/2025:09:41:09 -0300] "POST /cormun/servlet/hlogin?91b08abad4bdf441c4912839ccd67d61,gx-no-cache=1766061692966 HTTP/1.1" 200 90
201.186.226.3 - - [18/Dec/2025:09:41:09 -0300] "GET /cormun/servlet/hpexe_link HTTP/1.1" 200 952
201.186.226.3 - - [18/Dec/2025:09:41:10 -0300] "GET /cormun/servlet/hhome HTTP/1.1" 200 3932
190.95.15.15 - - [18/Dec/2025:09:41:13 -0300] "POST /cormun/servlet/permisosadjuntos?b8365a239492d3e6f5f483bdb72a7db1,INS,17136583,P,20251216145310,, HTTP/1.1" 200 116
190.95.15.15 - - [18/Dec/2025:09:41:13 -0300] "GET /cormun/servlet/hpexe_return? HTTP/1.1" 200 1040
190.95.15.15 - - [18/Dec/2025:09:41:14 -0300] "GET /cormun/servlet/trpermisosadjuntos?17136583,20251216145310,P, HTTP/1.1" 200 6798
190.95.15.15 - - [18/Dec/2025:09:41:16 -0300] "GET /cormun/servlet/trpermisosgoce? HTTP/1.1" 200 18651
201.186.226.3 - - [18/Dec/2025:09:41:24 -0300] "GET /cormun/servlet/trlicencias? HTTP/1.1" 200 9623
190.95.67.99 - - [18/Dec/2025:09:41:27 -0300] "POST /cormun/servlet/trpermisosgoce?80486f780a39758a6b243ffa0a7adec4,gx-no-cache=1766060603575,gx-no-cache=1766061712394 HTTP/1.1" 200 6087
190.95.15.15 - - [18/Dec/2025:09:41:28 -0300] "GET /cormun/servlet/trpermisosadjuntos?17136583,20251216145400,P, HTTP/1.1" 200 6316
190.95.15.15 - - [18/Dec/2025:09:41:30 -0300] "GET /cormun/servlet/permisosadjuntos?INS,17136583,P,20251216145400,, HTTP/1.1" 200 5639
190.95.15.15 - - [18/Dec/2025:09:41:30 -0300] "GET /cormun/static/about:blank HTTP/1.1" 404 1011
190.95.15.15 - - [18/Dec/2025:09:41:36 -0300] "POST /cormun/servlet/permisosadjuntos?b8365a239492d3e6f5f483bdb72a7db1,INS,17136583,P,20251216145400,, HTTP/1.1" 200 116
190.95.15.15 - - [18/Dec/2025:09:41:36 -0300] "GET /cormun/servlet/hpexe_return? HTTP/1.1" 200 1040
190.95.15.15 - - [18/Dec/2025:09:41:36 -0300] "GET /cormun/servlet/trpermisosadjuntos?17136583,20251216145400,P, HTTP/1.1" 200 6806
190.95.15.15 - - [18/Dec/2025:09:41:38 -0300] "GET /cormun/servlet/trpermisosgoce? HTTP/1.1" 200 18648
190.95.15.15 - - [18/Dec/2025:09:41:47 -0300] "POST /cormun/servlet/trpermisosgoce?b8365a239492d3e6f5f483bdb72a7db1,,gx-no-cache=1766061728555 HTTP/1.1" 200 15962
190.95.15.15 - - [18/Dec/2025:09:41:57 -0300] "GET /cormun/servlet/trpermisosadjuntos?17970245,20251216145749,P, HTTP/1.1" 200 6323
190.95.15.15 - - [18/Dec/2025:09:41:59 -0300] "GET /cormun/servlet/permisosadjuntos?INS,17970245,P,20251216145749,, HTTP/1.1" 200 5644
190.95.15.15 - - [18/Dec/2025:09:41:59 -0300] "GET /cormun/static/about:blank HTTP/1.1" 404 1011
201.186.226.3 - - [18/Dec/2025:09:42:05 -0300] "GET /cormun/servlet/trpermisosgoce? HTTP/1.1" 200 16358
190.95.15.15 - - [18/Dec/2025:09:42:10 -0300] "POST /cormun/servlet/permisosadjuntos?b8365a239492d3e6f5f483bdb72a7db1,INS,17970245,P,20251216145749,, HTTP/1.1" 200 116
190.95.15.15 - - [18/Dec/2025:09:42:10 -0300] "GET /cormun/servlet/hpexe_return? HTTP/1.1" 200 1040
190.95.15.15 - - [18/Dec/2025:09:42:10 -0300] "GET /cormun/servlet/trpermisosadjuntos?17970245,20251216145749,P, HTTP/1.1" 200 6807
190.95.15.15 - - [18/Dec/2025:09:42:12 -0300] "GET /cormun/servlet/trpermisosgoce? HTTP/1.1" 200 18613
190.95.15.15 - - [18/Dec/2025:09:42:18 -0300] "POST /cormun/servlet/trpermisosgoce?b8365a239492d3e6f5f483bdb72a7db1,,gx-no-cache=1766061759837 HTTP/1.1" 200 15981
190.95.2.157 - - [18/Dec/2025:09:42:24 -0300] "GET /cormun/servlet/hlogin HTTP/1.1" 200 1720
201.186.226.3 - - [18/Dec/2025:09:42:27 -0300] "GET /cormun/servlet/hlogin HTTP/1.1" 200 1740
190.95.2.157 - - [18/Dec/2025:09:42:33 -0300] "POST /cormun/servlet/hlogin?8bdf005cc8336e62628f8edf52a2bfbc,gx-no-cache=1766061776021 HTTP/1.1" 200 427
190.95.15.15 - - [18/Dec/2025:09:42:34 -0300] "GET /cormun/servlet/trpermisosadjuntos?13718698,20251216151344,P, HTTP/1.1" 200 6318
190.95.15.15 - - [18/Dec/2025:09:42:35 -0300] "GET /cormun/servlet/permisosadjuntos?INS,13718698,P,20251216151344,, HTTP/1.1" 200 5638
190.95.15.15 - - [18/Dec/2025:09:42:35 -0300] "GET /cormun/static/about:blank HTTP/1.1" 404 1011
190.95.2.157 - - [18/Dec/2025:09:42:40 -0300] "POST /cormun/servlet/hlogin?8bdf005cc8336e62628f8edf52a2bfbc,gx-no-cache=1766061783027 HTTP/1.1" 200 90
190.95.2.157 - - [18/Dec/2025:09:42:40 -0300] "GET /cormun/servlet/hpexe_link HTTP/1.1" 200 951
190.95.2.157 - - [18/Dec/2025:09:42:40 -0300] "GET /cormun/servlet/hhome HTTP/1.1" 200 4315
190.95.15.15 - - [18/Dec/2025:09:42:42 -0300] "POST /cormun/servlet/permisosadjuntos?b8365a239492d3e6f5f483bdb72a7db1,INS,13718698,P,20251216151344,, HTTP/1.1" 200 116
190.95.15.15 - - [18/Dec/2025:09:42:42 -0300] "GET /cormun/servlet/hpexe_return? HTTP/1.1" 200 1040
190.95.15.15 - - [18/Dec/2025:09:42:42 -0300] "GET /cormun/servlet/trpermisosadjuntos?13718698,20251216151344,P, HTTP/1.1" 200 6807
190.95.15.15 - - [18/Dec/2025:09:42:45 -0300] "GET /cormun/servlet/trpermisosgoce? HTTP/1.1" 200 18643
190.95.2.157 - - [18/Dec/2025:09:42:48 -0300] "GET /cormun/servlet/trpermisosgoce? HTTP/1.1" 200 15638
190.95.2.157 - - [18/Dec/2025:09:42:48 -0300] "GET /cormun/static/gxcfg.js?2020121631564 HTTP/1.1" 200 953
190.95.2.157 - - [18/Dec/2025:09:42:49 -0300] "GET /cormun/static/trpermisosgoce.js?2020121633681 HTTP/1.1" 200 35904
190.95.2.157 - - [18/Dec/2025:09:42:49 -0300] "GET /cormun//static/Resources/PXToolsGridDelete.png HTTP/1.1" 200 538
190.95.2.157 - - [18/Dec/2025:09:42:49 -0300] "GET /cormun//static/Resources/PXToolsGridUpdate.png HTTP/1.1" 200 470
190.95.2.157 - - [18/Dec/2025:09:42:52 -0300] "GET /cormun/servlet/permisogoce?INS,0,,, HTTP/1.1" 200 7207
190.95.2.157 - - [18/Dec/2025:09:42:52 -0300] "GET /cormun/static/gxcfg.js?20201215124560 HTTP/1.1" 200 953
190.95.2.157 - - [18/Dec/2025:09:42:52 -0300] "GET /cormun/static/Resources/prompt.gif HTTP/1.1" 200 902
190.95.2.157 - - [18/Dec/2025:09:42:52 -0300] "GET /cormun/static/permisogoce.js?20201215124939 HTTP/1.1" 200 27790
190.95.15.15 - - [18/Dec/2025:09:42:54 -0300] "POST /cormun/servlet/trpermisosgoce?b8365a239492d3e6f5f483bdb72a7db1,,gx-no-cache=1766061796150 HTTP/1.1" 200 15982
190.95.2.157 - - [18/Dec/2025:09:43:16 -0300] "GET /cormun/servlet/permisogoce?1754b111f7d1ffac23be6ecc4ae1beb3cdb08085e26bc287ba5a0ae034311c1babe364f66cf19ca4fddf2f22fcdb1f3e8a87c73939c33e67560b71ae60645ebb,gx-no-cache=1766061819052 HTTP/1.1" 200 81
190.95.2.157 - - [18/Dec/2025:09:43:16 -0300] "GET /cormun/static/menuarrow.gif HTTP/1.1" 404 1015
190.95.2.157 - - [18/Dec/2025:09:43:34 -0300] "GET /cormun/servlet/permisogoce?1754b111f7d1ffac23be6ecc4ae1beb37196897e69cbdd57e3af35ac3dfaf0f7e2310a5bc2f8f1e9a5a027a9d0b73ce59d3ea01ff1f88d0877a3cdb1b370c492,gx-no-cache=1766061836932 HTTP/1.1" 200 47
190.95.2.157 - - [18/Dec/2025:09:43:38 -0300] "POST /cormun/servlet/permisogoce?8bdf005cc8336e62628f8edf52a2bfbc,INS,0,,,,gx-no-cache=1766061840317 HTTP/1.1" 200 93
190.95.2.157 - - [18/Dec/2025:09:43:38 -0300] "GET /cormun/servlet/hpexe_return? HTTP/1.1" 200 1009
190.95.2.157 - - [18/Dec/2025:09:43:39 -0300] "GET /cormun/static/gxcfg.js?20221129846035 HTTP/1.1" 200 953
190.95.2.157 - - [18/Dec/2025:09:43:39 -0300] "GET /cormun/static/hpexe_return.js?20221129846037 HTTP/1.1" 200 1633
190.95.2.157 - - [18/Dec/2025:09:43:39 -0300] "GET /cormun/servlet/trpermisosgoce HTTP/1.1" 200 15957
190.95.2.157 - - [18/Dec/2025:09:43:43 -0300] "GET /cormun/servlet/trpermisosadjuntos?15805102,20251218094405,P, HTTP/1.1" 200 6633
190.95.2.157 - - [18/Dec/2025:09:43:43 -0300] "GET /cormun/static/gxcfg.js?2020121641683 HTTP/1.1" 200 953
190.95.2.157 - - [18/Dec/2025:09:43:43 -0300] "GET /cormun/static/trpermisosadjuntos.js?2020121642996 HTTP/1.1" 200 20158
190.95.2.157 - - [18/Dec/2025:09:43:45 -0300] "GET /cormun/servlet/permisosadjuntos?INS,15805102,P,20251218094405,, HTTP/1.1" 200 5956
190.95.2.157 - - [18/Dec/2025:09:43:45 -0300] "GET /cormun/static/permisosadjuntos.js?20201215134285 HTTP/1.1" 200 8724
190.95.2.157 - - [18/Dec/2025:09:43:45 -0300] "GET /cormun/static/gxcfg.js?20201215134212 HTTP/1.1" 200 953
190.95.2.157 - - [18/Dec/2025:09:43:45 -0300] "GET /cormun/static/about:blank HTTP/1.1" 404 1011
190.95.2.157 - - [18/Dec/2025:09:43:53 -0300] "POST /cormun/servlet/permisosadjuntos?8bdf005cc8336e62628f8edf52a2bfbc,INS,15805102,P,20251218094405,, HTTP/1.1" 200 116
190.95.2.157 - - [18/Dec/2025:09:43:53 -0300] "GET /cormun/servlet/hpexe_return? HTTP/1.1" 200 1038
190.95.2.157 - - [18/Dec/2025:09:43:54 -0300] "GET /cormun/servlet/trpermisosadjuntos?15805102,20251218094405,P, HTTP/1.1" 200 7142
190.95.2.157 - - [18/Dec/2025:09:43:55 -0300] "POST /cormun/servlet/trpermisosadjuntos?8bdf005cc8336e62628f8edf52a2bfbc,15805102,20251218094405,P,,gx-no-cache=1766061858365 HTTP/1.1" 200 90
190.95.2.157 - - [18/Dec/2025:09:43:55 -0300] "GET /cormun/servlet/hpexe_link HTTP/1.1" 200 983
190.95.2.157 - - [18/Dec/2025:09:43:56 -0300] "GET /cormun/servlet/trpermisosgoce HTTP/1.1" 200 15953
190.95.2.157 - - [18/Dec/2025:09:43:58 -0300] "POST /cormun/servlet/trpermisosgoce?8bdf005cc8336e62628f8edf52a2bfbc,gx-no-cache=1766061860854 HTTP/1.1" 200 13189
190.95.2.157 - - [18/Dec/2025:09:43:58 -0300] "GET /cormun/static/Shared/jqueryui/images/ui-icons_82798d_256x240.png HTTP/1.1" 404 1089
190.95.2.157 - - [18/Dec/2025:09:43:58 -0300] "GET /cormun/static/Shared/jqueryui/images/ui-bg_highlight-soft_100_c6c2c8_1x100.png HTTP/1.1" 404 1117
190.95.2.157 - - [18/Dec/2025:09:43:58 -0300] "GET /cormun/static/Shared/jqueryui/images/ui-bg_flat_55_fafafa_40x100.png HTTP/1.1" 404 1097
190.95.2.157 - - [18/Dec/2025:09:43:58 -0300] "GET /cormun/static/Shared/jqueryui/images/ui-icons_8d78a5_256x240.png HTTP/1.1" 404 1089
190.95.2.157 - - [18/Dec/2025:09:43:59 -0300] "GET /cormun/servlet/apermisogoceprn?15805102,P,20251218094405,PU HTTP/1.1" 200 1662
190.95.2.157 - - [18/Dec/2025:09:43:59 -0300] "GET /cormun/servlet/apermisogoceprn?15805102,P,20251218094405,PU HTTP/1.1" 200 1658
190.95.2.157 - - [18/Dec/2025:09:44:10 -0300] "GET /cormun/servlet/permisogoce?INS,0,,, HTTP/1.1" 200 7207
190.95.67.99 - - [18/Dec/2025:09:44:12 -0300] "GET /cormun/servlet/permisogoce?INS,0,,, HTTP/1.1" 200 7237
190.95.67.99 - - [18/Dec/2025:09:44:28 -0300] "GET /cormun/servlet/permisogoce?c1e73c4af9057c5a0ad45e43311787968993247ed19913d1a130451da54dabfa9a65782d00ea23e528dbcb9940d2cb7ea0864674d26ecd4511e35e7a088f2b4b,gx-no-cache=1766061893062 HTTP/1.1" 200 86
190.95.67.99 - - [18/Dec/2025:09:44:37 -0300] "GET /cormun/servlet/permisogoce?c1e73c4af9057c5a0ad45e4331178796453fcad5efb48bdafcd1227c82f3aaa1709be9f0261f697df922f43a6766e6f2cf201f4e0737b9d23382a5cc0a6e9d36,gx-no-cache=1766061902095 HTTP/1.1" 200 48
190.95.2.157 - - [18/Dec/2025:09:44:39 -0300] "GET /cormun/servlet/permisogoce?1754b111f7d1ffac23be6ecc4ae1beb3a32c6598d3c8e0664847b43d99284643abe364f66cf19ca4fddf2f22fcdb1f3e8a87c73939c33e67560b71ae60645ebb,gx-no-cache=1766061902244 HTTP/1.1" 200 80
190.95.67.99 - - [18/Dec/2025:09:44:45 -0300] "GET /cormun/servlet/permisogoce?c1e73c4af9057c5a0ad45e4331178796453fcad5efb48bdafcd1227c82f3aaa10990a2ade9325cfc0a1913398f92b8dad4d50273f55c09e0e336f96ff384797f,gx-no-cache=1766061910381 HTTP/1.1" 200 48
190.95.67.99 - - [18/Dec/2025:09:44:47 -0300] "POST /cormun/servlet/permisogoce?80486f780a39758a6b243ffa0a7adec4,INS,0,,,,gx-no-cache=1766061912149 HTTP/1.1" 200 93
190.95.67.99 - - [18/Dec/2025:09:44:47 -0300] "GET /cormun/servlet/hpexe_return? HTTP/1.1" 200 1035
190.95.67.99 - - [18/Dec/2025:09:44:48 -0300] "GET /cormun/servlet/trpermisosgoce?gx-no-cache=1766060603575 HTTP/1.1" 200 9219
190.95.2.157 - - [18/Dec/2025:09:44:51 -0300] "GET /cormun/servlet/permisogoce?1754b111f7d1ffac23be6ecc4ae1beb3523edb4ea534e6d0d17761b244cc4b09d592c85939644e41046a445d164b71c89d3ea01ff1f88d0877a3cdb1b370c492,gx-no-cache=1766061913922 HTTP/1.1" 200 48
190.95.67.99 - - [18/Dec/2025:09:44:52 -0300] "GET /cormun/servlet/apermisogoceprn?17538037,P,20251218094525,PU HTTP/1.1" 200 1665
190.95.2.157 - - [18/Dec/2025:09:44:56 -0300] "POST /cormun/servlet/permisogoce?8bdf005cc8336e62628f8edf52a2bfbc,INS,0,,,,gx-no-cache=1766061919068 HTTP/1.1" 200 93
190.95.2.157 - - [18/Dec/2025:09:44:56 -0300] "GET /cormun/servlet/hpexe_return? HTTP/1.1" 200 1031
190.95.2.157 - - [18/Dec/2025:09:44:57 -0300] "GET /cormun/servlet/trpermisosgoce?gx-no-cache=1766061860854 HTTP/1.1" 200 16114
190.95.2.157 - - [18/Dec/2025:09:45:00 -0300] "GET /cormun/servlet/trpermisosadjuntos?17613380,20251218094523,P, HTTP/1.1" 200 6652
190.95.2.157 - - [18/Dec/2025:09:45:01 -0300] "GET /cormun/servlet/permisosadjuntos?INS,17613380,P,20251218094523,, HTTP/1.1" 200 5957
190.95.2.157 - - [18/Dec/2025:09:45:01 -0300] "GET /cormun/static/about:blank HTTP/1.1" 404 1011
190.95.2.157 - - [18/Dec/2025:09:45:10 -0300] "POST /cormun/servlet/permisosadjuntos?8bdf005cc8336e62628f8edf52a2bfbc,INS,17613380,P,20251218094523,, HTTP/1.1" 200 116
190.95.2.157 - - [18/Dec/2025:09:45:10 -0300] "GET /cormun/servlet/hpexe_return? HTTP/1.1" 200 1037
190.95.2.157 - - [18/Dec/2025:09:45:10 -0300] "GET /cormun/servlet/trpermisosadjuntos?17613380,20251218094523,P, HTTP/1.1" 200 7138
190.95.2.157 - - [18/Dec/2025:09:45:13 -0300] "POST /cormun/servlet/trpermisosadjuntos?8bdf005cc8336e62628f8edf52a2bfbc,17613380,20251218094523,P,,gx-no-cache=1766061936101 HTTP/1.1" 200 90
190.95.2.157 - - [18/Dec/2025:09:45:13 -0300] "GET /cormun/servlet/hpexe_link HTTP/1.1" 200 1004
190.95.2.157 - - [18/Dec/2025:09:45:13 -0300] "GET /cormun/servlet/trpermisosgoce?gx-no-cache=1766061860854 HTTP/1.1" 200 16111
190.95.67.99 - - [18/Dec/2025:09:45:15 -0300] "GET /cormun/servlet/permisogoce?INS,0,,, HTTP/1.1" 200 7238
190.95.2.157 - - [18/Dec/2025:09:45:17 -0300] "POST /cormun/servlet/trpermisosgoce?8bdf005cc8336e62628f8edf52a2bfbc,gx-no-cache=1766061860854,gx-no-cache=1766061939646 HTTP/1.1" 200 13347
190.95.2.157 - - [18/Dec/2025:09:45:18 -0300] "GET /cormun/servlet/apermisogoceprn?17613380,P,20251218094523,PU HTTP/1.1" 200 1659
190.95.2.157 - - [18/Dec/2025:09:45:18 -0300] "GET /cormun/servlet/apermisogoceprn?17613380,P,20251218094523,PU HTTP/1.1" 200 1664
190.95.67.99 - - [18/Dec/2025:09:45:22 -0300] "GET /cormun/servlet/permisogoce?c1e73c4af9057c5a0ad45e43311787968993247ed19913d1a130451da54dabfa9a65782d00ea23e528dbcb9940d2cb7ea0864674d26ecd4511e35e7a088f2b4b,gx-no-cache=1766061946583 HTTP/1.1" 200 88
190.95.67.99 - - [18/Dec/2025:09:45:42 -0300] "POST /cormun/servlet/permisogoce?80486f780a39758a6b243ffa0a7adec4,INS,0,,,,gx-no-cache=1766061967018 HTTP/1.1" 200 93
190.95.67.99 - - [18/Dec/2025:09:45:42 -0300] "GET /cormun/servlet/hpexe_return? HTTP/1.1" 200 1035
190.95.67.99 - - [18/Dec/2025:09:45:42 -0300] "GET /cormun/servlet/trpermisosgoce?gx-no-cache=1766060603575 HTTP/1.1" 200 9219
191.125.166.79 - - [18/Dec/2025:09:46:16 -0300] "GET /cormun/static/menuarrow.gif HTTP/1.1" 404 1015
191.125.18.247 - - [18/Dec/2025:09:47:01 -0300] "GET /cormun/servlet/permisogoce?INS,0,,, HTTP/1.1" 200 6785
190.95.15.15 - - [18/Dec/2025:09:47:09 -0300] "GET /cormun/servlet/trpermisosadjuntos?14011192,20251216151700,P, HTTP/1.1" 200 6315
190.95.15.15 - - [18/Dec/2025:09:47:12 -0300] "GET /cormun/servlet/permisosadjuntos?INS,14011192,P,20251216151700,, HTTP/1.1" 200 5640
190.95.15.15 - - [18/Dec/2025:09:47:12 -0300] "GET /cormun/static/about:blank HTTP/1.1" 404 1011
191.125.18.247 - - [18/Dec/2025:09:47:17 -0300] "GET /cormun/servlet/permisogoce?c8d4e15a3725e61a14176e76ed64fa854bd2b1aec94005440df06fd3846649d11c819499714ee897b17ccbd5ba314f7bf3359b4d3c5f2583a58faf023ac90d14,gx-no-cache=1766062061611 HTTP/1.1" 200 226
191.125.18.247 - - [18/Dec/2025:09:47:17 -0300] "GET /cormun/static/Shared/jqueryui/images/ui-bg_highlight-soft_100_c6c2c8_1x100.png HTTP/1.1" 404 1117
191.125.166.79 - - [18/Dec/2025:09:47:17 -0300] "GET /cormun/static/Shared/jqueryui/images/ui-icons_82798d_256x240.png HTTP/1.1" 404 1089
191.125.18.247 - - [18/Dec/2025:09:47:17 -0300] "GET /cormun/static/Shared/jqueryui/images/ui-bg_flat_55_994d53_40x100.png HTTP/1.1" 404 1097
191.125.166.79 - - [18/Dec/2025:09:47:17 -0300] "GET /cormun/static/Shared/jqueryui/images/ui-icons_ebccce_256x240.png HTTP/1.1" 404 1089
190.95.2.157 - - [18/Dec/2025:09:47:18 -0300] "GET /cormun/servlet/trlicencias? HTTP/1.1" 200 11105
190.95.15.15 - - [18/Dec/2025:09:47:20 -0300] "POST /cormun/servlet/permisosadjuntos?b8365a239492d3e6f5f483bdb72a7db1,INS,14011192,P,20251216151700,, HTTP/1.1" 200 116
190.95.15.15 - - [18/Dec/2025:09:47:20 -0300] "GET /cormun/servlet/hpexe_return? HTTP/1.1" 200 1039
190.95.15.15 - - [18/Dec/2025:09:47:20 -0300] "GET /cormun/servlet/trpermisosadjuntos?14011192,20251216151700,P, HTTP/1.1" 200 6798
190.95.15.15 - - [18/Dec/2025:09:47:22 -0300] "GET /cormun/servlet/trpermisosgoce? HTTP/1.1" 200 18647
190.95.15.15 - - [18/Dec/2025:09:47:36 -0300] "POST /cormun/servlet/trpermisosgoce?b8365a239492d3e6f5f483bdb72a7db1,,gx-no-cache=1766062078479 HTTP/1.1" 200 15988
190.95.15.15 - - [18/Dec/2025:09:47:37 -0300] "GET /cormun/static/Shared/jqueryui/images/ui-bg_highlight-soft_100_c6c2c8_1x100.png HTTP/1.1" 404 1117
190.95.15.15 - - [18/Dec/2025:09:47:37 -0300] "GET /cormun/static/Shared/jqueryui/images/ui-icons_82798d_256x240.png HTTP/1.1" 404 1089
190.95.15.15 - - [18/Dec/2025:09:47:37 -0300] "GET /cormun/static/Shared/jqueryui/images/ui-bg_flat_55_fafafa_40x100.png HTTP/1.1" 404 1097
190.95.15.15 - - [18/Dec/2025:09:47:37 -0300] "GET /cormun/static/Shared/jqueryui/images/ui-icons_8d78a5_256x240.png HTTP/1.1" 404 1089
190.95.15.15 - - [18/Dec/2025:09:47:42 -0300] "GET /cormun/servlet/trpermisosadjuntos?24106483,20251216151857,P, HTTP/1.1" 200 6315
190.95.15.15 - - [18/Dec/2025:09:47:44 -0300] "GET /cormun/servlet/permisosadjuntos?INS,24106483,P,20251216151857,, HTTP/1.1" 200 5637
190.95.15.15 - - [18/Dec/2025:09:47:44 -0300] "GET /cormun/static/about:blank HTTP/1.1" 404 1011
190.95.15.15 - - [18/Dec/2025:09:47:51 -0300] "POST /cormun/servlet/permisosadjuntos?b8365a239492d3e6f5f483bdb72a7db1,INS,24106483,P,20251216151857,, HTTP/1.1" 200 116
190.95.15.15 - - [18/Dec/2025:09:47:51 -0300] "GET /cormun/servlet/hpexe_return? HTTP/1.1" 200 1041
190.95.15.15 - - [18/Dec/2025:09:47:51 -0300] "GET /cormun/servlet/trpermisosadjuntos?24106483,20251216151857,P, HTTP/1.1" 200 6790
191.125.166.79 - - [18/Dec/2025:09:47:58 -0300] "GET /cormun/servlet/permisogoce?c8d4e15a3725e61a14176e76ed64fa85a4ded050f1c6f5b12d650213bc1ec85e1c819499714ee897b17ccbd5ba314f7bf3359b4d3c5f2583a58faf023ac90d14,gx-no-cache=1766062102490 HTTP/1.1" 200 88
191.125.166.79 - - [18/Dec/2025:09:47:58 -0300] "GET /cormun/static/menuarrow.gif HTTP/1.1" 404 1015
190.95.15.15 - - [18/Dec/2025:09:47:59 -0300] "GET /cormun/servlet/trpermisosgoce? HTTP/1.1" 200 18646
191.125.166.79 - - [18/Dec/2025:09:48:07 -0300] "GET /cormun/servlet/permisogoce?c8d4e15a3725e61a14176e76ed64fa85e7d57d6150cf8dc573f632b4a9cfe713d8480cdea58746244c3fc1522b321e82a93c1b1cd68fc4ad5aa4efaf72b22a41,gx-no-cache=1766062111250 HTTP/1.1" 200 47
190.95.15.15 - - [18/Dec/2025:09:48:07 -0300] "POST /cormun/servlet/trpermisosgoce?b8365a239492d3e6f5f483bdb72a7db1,,gx-no-cache=1766062109301 HTTP/1.1" 200 15960
191.125.166.79 - - [18/Dec/2025:09:48:09 -0300] "POST /cormun/servlet/permisogoce?693c29502305588ac00003c6774bf795,INS,0,,,,gx-no-cache=1766062113053 HTTP/1.1" 200 93
191.125.166.79 - - [18/Dec/2025:09:48:09 -0300] "GET /cormun/servlet/hpexe_return? HTTP/1.1" 200 1014
191.125.166.79 - - [18/Dec/2025:09:48:10 -0300] "GET /cormun/servlet/trpermisosgoce HTTP/1.1" 200 17929
191.125.166.79 - - [18/Dec/2025:09:48:13 -0300] "GET /cormun/servlet/apermisogoceprn?18650636,P,20251218094814,PU HTTP/1.1" 200 1665
190.95.15.15 - - [18/Dec/2025:09:48:45 -0300] "GET /cormun/servlet/trpermisosadjuntos?16879638,20251216152030,P, HTTP/1.1" 200 6318
190.95.15.15 - - [18/Dec/2025:09:48:47 -0300] "GET /cormun/servlet/permisosadjuntos?INS,16879638,P,20251216152030,, HTTP/1.1" 200 5637
190.95.15.15 - - [18/Dec/2025:09:48:47 -0300] "GET /cormun/static/about:blank HTTP/1.1" 404 1011
190.95.15.15 - - [18/Dec/2025:09:48:53 -0300] "POST /cormun/servlet/permisosadjuntos?b8365a239492d3e6f5f483bdb72a7db1,INS,16879638,P,20251216152030,, HTTP/1.1" 200 116
190.95.15.15 - - [18/Dec/2025:09:48:53 -0300] "GET /cormun/servlet/hpexe_return? HTTP/1.1" 200 1040
190.95.15.15 - - [18/Dec/2025:09:48:53 -0300] "GET /cormun/servlet/trpermisosadjuntos?16879638,20251216152030,P, HTTP/1.1" 200 6796
190.95.15.15 - - [18/Dec/2025:09:48:55 -0300] "GET /cormun/servlet/trpermisosgoce? HTTP/1.1" 200 18600
191.125.18.247 - - [18/Dec/2025:09:49:15 -0300] "GET /cormun/servlet/permisogoce?INS,0,,, HTTP/1.1" 200 6785
190.95.15.15 - - [18/Dec/2025:09:49:26 -0300] "GET /cormun/servlet/trpermisosadjuntos?19254838,20251216152253,P, HTTP/1.1" 200 6315
190.95.15.15 - - [18/Dec/2025:09:49:28 -0300] "GET /cormun/servlet/permisosadjuntos?INS,19254838,P,20251216152253,, HTTP/1.1" 200 5634
190.95.15.15 - - [18/Dec/2025:09:49:28 -0300] "GET /cormun/static/about:blank HTTP/1.1" 404 1011
191.125.18.247 - - [18/Dec/2025:09:49:28 -0300] "GET /cormun/servlet/permisogoce?c8d4e15a3725e61a14176e76ed64fa85859dc297cc90a9cf24f591f7c0f665d71c819499714ee897b17ccbd5ba314f7bf3359b4d3c5f2583a58faf023ac90d14,gx-no-cache=1766062192455 HTTP/1.1" 200 82
190.95.15.15 - - [18/Dec/2025:09:49:34 -0300] "POST /cormun/servlet/permisosadjuntos?b8365a239492d3e6f5f483bdb72a7db1,INS,19254838,P,20251216152253,, HTTP/1.1" 200 116
190.95.15.15 - - [18/Dec/2025:09:49:34 -0300] "GET /cormun/servlet/hpexe_return? HTTP/1.1" 200 1039
190.95.15.15 - - [18/Dec/2025:09:49:34 -0300] "GET /cormun/servlet/trpermisosadjuntos?19254838,20251216152253,P, HTTP/1.1" 200 6792
191.125.18.247 - - [18/Dec/2025:09:49:37 -0300] "GET /cormun/servlet/permisogoce?c8d4e15a3725e61a14176e76ed64fa85a6f8cf535a876d51ace0a5970a1cf64165206e19f3b82e02e3bd46f6330bb5cca93c1b1cd68fc4ad5aa4efaf72b22a41,gx-no-cache=1766062201893 HTTP/1.1" 200 48
190.95.15.15 - - [18/Dec/2025:09:49:37 -0300] "GET /cormun/servlet/trpermisosgoce? HTTP/1.1" 200 18600
191.125.18.247 - - [18/Dec/2025:09:49:42 -0300] "POST /cormun/servlet/permisogoce?693c29502305588ac00003c6774bf795,INS,0,,,,gx-no-cache=1766062205631 HTTP/1.1" 200 93
191.125.18.247 - - [18/Dec/2025:09:49:42 -0300] "GET /cormun/servlet/hpexe_return? HTTP/1.1" 200 1014
191.125.18.247 - - [18/Dec/2025:09:49:42 -0300] "GET /cormun/servlet/trpermisosgoce HTTP/1.1" 200 17940
191.125.18.247 - - [18/Dec/2025:09:49:45 -0300] "GET /cormun/servlet/apermisogoceprn?17134695,P,20251218095028,PU HTTP/1.1" 200 1663
190.95.15.15 - - [18/Dec/2025:09:49:45 -0300] "POST /cormun/servlet/trpermisosgoce?b8365a239492d3e6f5f483bdb72a7db1,,gx-no-cache=1766062207267 HTTP/1.1" 200 15990
190.95.15.15 - - [18/Dec/2025:09:49:50 -0300] "GET /cormun/servlet/trpermisosadjuntos?13500082,20251216152419,P, HTTP/1.1" 200 6317
190.95.15.15 - - [18/Dec/2025:09:49:52 -0300] "GET /cormun/servlet/permisosadjuntos?INS,13500082,P,20251216152419,, HTTP/1.1" 200 5639
190.95.15.15 - - [18/Dec/2025:09:49:52 -0300] "GET /cormun/static/about:blank HTTP/1.1" 404 1011
190.95.15.15 - - [18/Dec/2025:09:49:58 -0300] "POST /cormun/servlet/permisosadjuntos?b8365a239492d3e6f5f483bdb72a7db1,INS,13500082,P,20251216152419,, HTTP/1.1" 200 116
190.95.15.15 - - [18/Dec/2025:09:49:58 -0300] "GET /cormun/servlet/hpexe_return? HTTP/1.1" 200 1040
190.95.15.15 - - [18/Dec/2025:09:49:58 -0300] "GET /cormun/servlet/trpermisosadjuntos?13500082,20251216152419,P, HTTP/1.1" 200 6800
190.95.15.15 - - [18/Dec/2025:09:50:00 -0300] "GET /cormun/servlet/trpermisosgoce? HTTP/1.1" 200 18652
190.95.15.15 - - [18/Dec/2025:09:50:07 -0300] "POST /cormun/servlet/trpermisosgoce?b8365a239492d3e6f5f483bdb72a7db1,,gx-no-cache=1766062229432 HTTP/1.1" 200 15983
191.125.18.247 - - [18/Dec/2025:09:50:12 -0300] "GET /cormun/servlet/permisogoce?INS,0,,, HTTP/1.1" 200 6785
191.125.166.79 - - [18/Dec/2025:09:52:05 -0300] "GET /cormun/servlet/permisogoce?c8d4e15a3725e61a14176e76ed64fa85859dc297cc90a9cf24f591f7c0f665d71c819499714ee897b17ccbd5ba314f7bf3359b4d3c5f2583a58faf023ac90d14,gx-no-cache=1766062349427 HTTP/1.1" 200 80
191.125.166.79 - - [18/Dec/2025:09:52:13 -0300] "GET /cormun/servlet/permisogoce?c8d4e15a3725e61a14176e76ed64fa85a6f8cf535a876d51ace0a5970a1cf6418e0237abbbf54c2aa11eec0422cfd4a9e033ca588e6217e5ed925dafa2e3ffde,gx-no-cache=1766062357986 HTTP/1.1" 200 48
191.125.166.79 - - [18/Dec/2025:09:52:17 -0300] "POST /cormun/servlet/permisogoce?693c29502305588ac00003c6774bf795,INS,0,,,,gx-no-cache=1766062360964 HTTP/1.1" 200 93
191.125.166.79 - - [18/Dec/2025:09:52:17 -0300] "GET /cormun/servlet/hpexe_return? HTTP/1.1" 200 1014
191.125.166.79 - - [18/Dec/2025:09:52:17 -0300] "GET /cormun/servlet/trpermisosgoce HTTP/1.1" 200 17922
191.125.166.79 - - [18/Dec/2025:09:52:28 -0300] "GET /cormun/servlet/apermisogoceprn?17134695,P,20251218095125,PU HTTP/1.1" 200 1662
190.95.15.31 - - [18/Dec/2025:09:54:21 -0300] "GET /cormun/servlet/permisogoce?INS,0,,, HTTP/1.1" 200 7257
190.95.15.31 - - [18/Dec/2025:09:54:21 -0300] "GET /cormun/servlet/permisogoce?INS,0,,, HTTP/1.1" 200 7258
190.95.15.31 - - [18/Dec/2025:09:54:32 -0300] "GET /cormun/servlet/permisogoce?cd717f918b787ff8b8da8dbe9df08a02dfcbe0e6b65091af29bfa91ba5b95909ac2d37c20740084410471b469fd0f4b1c225b3d0c00fff6e1cbf491354818868,gx-no-cache=1766062492639 HTTP/1.1" 200 85
190.95.15.31 - - [18/Dec/2025:09:54:39 -0300] "GET /cormun/servlet/permisogoce?cd717f918b787ff8b8da8dbe9df08a02b085fda30c2bbc30399c8fdd6f5009df0b0e9a4e4a2ffbbdd7f8a96e069fd74fdde5866c4cb193f43b1d1a82be3fc341,gx-no-cache=1766062499869 HTTP/1.1" 200 47
190.95.15.31 - - [18/Dec/2025:09:54:42 -0300] "POST /cormun/servlet/permisogoce?e77a66c92a9b7ecdc61a9c0214882b25,INS,0,,,,gx-no-cache=1766062502496 HTTP/1.1" 200 93
190.95.15.31 - - [18/Dec/2025:09:54:42 -0300] "GET /cormun/servlet/hpexe_return? HTTP/1.1" 200 1009
190.95.15.31 - - [18/Dec/2025:09:54:42 -0300] "GET /cormun/servlet/trpermisosgoce? HTTP/1.1" 200 8988
190.95.15.31 - - [18/Dec/2025:09:56:04 -0300] "GET /cormun/servlet/hlogin HTTP/1.1" 200 1720
190.95.15.31 - - [18/Dec/2025:09:56:20 -0300] "POST /cormun/servlet/hlogin?e77a66c92a9b7ecdc61a9c0214882b25,gx-no-cache=1766062601174 HTTP/1.1" 200 90
190.95.15.31 - - [18/Dec/2025:09:56:20 -0300] "GET /cormun/servlet/hpexe_link HTTP/1.1" 200 955
190.95.15.31 - - [18/Dec/2025:09:56:21 -0300] "GET /cormun/servlet/trpermisosgoce HTTP/1.1" 200 8985
190.95.15.31 - - [18/Dec/2025:09:56:36 -0300] "POST /cormun/servlet/trpermisosgoce?e77a66c92a9b7ecdc61a9c0214882b25,gx-no-cache=1766062616871 HTTP/1.1" 200 15812
190.95.15.31 - - [18/Dec/2025:09:58:47 -0300] "GET /cormun/servlet/apermisogoceprn?13817662,P,20251218095534,PU HTTP/1.1" 200 1669
190.95.15.15 - - [18/Dec/2025:10:00:59 -0300] "GET /cormun/servlet/permisogoce?INS,0,,, HTTP/1.1" 200 6861
190.95.15.15 - - [18/Dec/2025:10:01:22 -0300] "GET /cormun/servlet/permisogoce?cc183f45fd4341be089df4be8622dc585f09f9b642fddaadabc782031da79f5cc7f8df36049e50b6d576f16d64010ecc2b7501d7e17654545f47f809a60d227f,gx-no-cache=1766062904033 HTTP/1.1" 200 82
190.95.15.15 - - [18/Dec/2025:10:01:22 -0300] "GET /cormun/static/menuarrow.gif HTTP/1.1" 404 1015
190.95.15.15 - - [18/Dec/2025:10:01:28 -0300] "GET /cormun/servlet/permisogoce?cc183f45fd4341be089df4be8622dc588f3777b5eaa7f8de7aef4684c1d46da53f7dee4a2a90294c9853eb92ad8c33aa4c0934116dd266d82438a7c7ec403498,gx-no-cache=1766062910172 HTTP/1.1" 200 48
190.95.15.15 - - [18/Dec/2025:10:01:30 -0300] "POST /cormun/servlet/permisogoce?b8365a239492d3e6f5f483bdb72a7db1,INS,0,,,,gx-no-cache=1766062911748 HTTP/1.1" 200 93
190.95.15.15 - - [18/Dec/2025:10:01:30 -0300] "GET /cormun/servlet/hpexe_return? HTTP/1.1" 200 1014
190.95.15.15 - - [18/Dec/2025:10:01:30 -0300] "GET /cormun/servlet/trpermisosgoce? HTTP/1.1" 200 18579
190.95.15.15 - - [18/Dec/2025:10:01:33 -0300] "GET /cormun/servlet/apermisogoceprn?13500082,P,20251218100212,PU HTTP/1.1" 200 1658
181.42.197.170 - - [18/Dec/2025:10:03:08 -0300] "GET /cormun/static/Resources/indicator.gif HTTP/1.1" 200 1553
181.42.197.170 - - [18/Dec/2025:10:03:08 -0300] "GET /cormun/static/Resources/PXToolsButtonLeft.png HTTP/1.1" 200 1310
181.42.197.170 - - [18/Dec/2025:10:03:08 -0300] "GET /cormun/static/Resources/PXToolsButtonRight.png HTTP/1.1" 200 1294
181.42.197.170 - - [18/Dec/2025:10:03:08 -0300] "GET /cormun/static/Resources/PXToolsButtonBackground.png HTTP/1.1" 200 1176
181.42.197.170 - - [18/Dec/2025:10:03:08 -0300] "GET /cormun/static/Resources/PXToolsLoginBottom.png HTTP/1.1" 200 1389
181.42.197.170 - - [18/Dec/2025:10:03:08 -0300] "GET /cormun/static/Resources/PXToolsLoginTop.png HTTP/1.1" 200 1337
181.42.197.170 - - [18/Dec/2025:10:03:08 -0300] "GET /cormun/static/Resources/PXToolsLoginBackground.png HTTP/1.1" 200 1164
201.186.225.191 - - [18/Dec/2025:10:06:44 -0300] "GET /cormun/servlet/hlogin HTTP/1.1" 200 1719
201.186.225.191 - - [18/Dec/2025:10:06:45 -0300] "GET /cormun/static/gxtimezone.js?85251 HTTP/1.1" 200 5781
201.186.225.191 - - [18/Dec/2025:10:06:45 -0300] "GET /cormun/static/messages.spa.js?85251 HTTP/1.1" 200 30736
201.186.225.191 - - [18/Dec/2025:10:06:45 -0300] "GET /cormun/static/gxgral.js?85251 HTTP/1.1" 200 384558
201.186.225.191 - - [18/Dec/2025:10:06:45 -0300] "GET /cormun/static/Resources/indicator.gif HTTP/1.1" 200 1553
201.186.225.191 - - [18/Dec/2025:10:07:13 -0300] "POST /cormun/servlet/hlogin?b95452fdeb4dfe6dca913d4ecc24be5c,gx-no-cache=1766063255201 HTTP/1.1" 200 428
201.186.225.191 - - [18/Dec/2025:10:07:18 -0300] "POST /cormun/servlet/hlogin?b95452fdeb4dfe6dca913d4ecc24be5c,gx-no-cache=1766063260799 HTTP/1.1" 200 90
201.186.225.191 - - [18/Dec/2025:10:07:18 -0300] "GET /cormun/servlet/hpexe_link HTTP/1.1" 200 949
201.186.225.191 - - [18/Dec/2025:10:07:19 -0300] "GET /cormun/servlet/hhome HTTP/1.1" 200 4198
201.186.225.191 - - [18/Dec/2025:10:07:19 -0300] "GET /cormun/static/gxcfg.js?20201215495537 HTTP/1.1" 200 953
201.186.225.191 - - [18/Dec/2025:10:07:19 -0300] "GET /cormun/static/hhome.js?20201215495544 HTTP/1.1" 200 777
201.186.225.191 - - [18/Dec/2025:10:07:26 -0300] "GET /cormun/servlet/trlicencias? HTTP/1.1" 200 11517
201.186.225.191 - - [18/Dec/2025:10:07:31 -0300] "GET /cormun/static/menuarrow.gif HTTP/1.1" 404 1015
201.186.225.191 - - [18/Dec/2025:10:08:08 -0300] "POST /cormun/servlet/trlicencias?b95452fdeb4dfe6dca913d4ecc24be5c,,gx-no-cache=1766063310154 HTTP/1.1" 200 7237
