179.57.78.55 - - [18/Dec/2025:11:33:19 -0300] "GET /cormun/servlet/permisosadjuntos?INS,13034442,P,20250715153135,, HTTP/1.1" 200 5624
179.57.78.55 - - [18/Dec/2025:11:33:19 -0300] "GET /cormun/static/about:blank HTTP/1.1" 404 1011
190.95.67.93 - - [18/Dec/2025:11:33:27 -0300] "POST /cormun/servlet/trpermisosgoce?61fd313b24a0d16a79a04aa492493120,,gx-no-cache=1766068428597 HTTP/1.1" 200 16165
179.57.78.55 - - [18/Dec/2025:11:33:38 -0300] "POST /cormun/servlet/permisosadjuntos?9c1c7b85b7edce919b9db90aef4d47b2,INS,13034442,P,20250715153135,, HTTP/1.1" 200 116
179.57.78.55 - - [18/Dec/2025:11:33:39 -0300] "GET /cormun/servlet/hpexe_return? HTTP/1.1" 200 1038
179.57.78.55 - - [18/Dec/2025:11:33:39 -0300] "GET /cormun/servlet/trpermisosadjuntos?13034442,20250715153135,P, HTTP/1.1" 200 6810
179.57.78.55 - - [18/Dec/2025:11:33:41 -0300] "GET /cormun/servlet/trpermisosgoce? HTTP/1.1" 200 19388
179.57.78.55 - - [18/Dec/2025:11:33:45 -0300] "POST /cormun/servlet/trpermisosgoce?9c1c7b85b7edce919b9db90aef4d47b2,,gx-no-cache=1766068446690 HTTP/1.1" 200 16522
179.57.78.55 - - [18/Dec/2025:11:33:52 -0300] "GET /cormun/servlet/trpermisosadjuntos?13291693,20250711083731,P, HTTP/1.1" 200 6296
179.57.78.55 - - [18/Dec/2025:11:33:54 -0300] "GET /cormun/servlet/permisosadjuntos?INS,13291693,P,20250711083731,, HTTP/1.1" 200 5620
179.57.78.55 - - [18/Dec/2025:11:33:54 -0300] "GET /cormun/static/about:blank HTTP/1.1" 404 1011
179.57.78.55 - - [18/Dec/2025:11:34:14 -0300] "POST /cormun/servlet/permisosadjuntos?9c1c7b85b7edce919b9db90aef4d47b2,INS,13291693,P,20250711083731,, HTTP/1.1" 200 116
179.57.78.55 - - [18/Dec/2025:11:34:14 -0300] "GET /cormun/servlet/hpexe_return? HTTP/1.1" 200 1038
179.57.78.55 - - [18/Dec/2025:11:34:14 -0300] "GET /cormun/servlet/trpermisosadjuntos?13291693,20250711083731,P, HTTP/1.1" 200 6806
179.57.78.55 - - [18/Dec/2025:11:34:16 -0300] "GET /cormun/servlet/trpermisosgoce? HTTP/1.1" 200 19383
179.57.78.55 - - [18/Dec/2025:11:34:21 -0300] "POST /cormun/servlet/trpermisosgoce?9c1c7b85b7edce919b9db90aef4d47b2,,gx-no-cache=1766068482690 HTTP/1.1" 200 16520
179.57.78.55 - - [18/Dec/2025:11:34:31 -0300] "GET /cormun/servlet/trpermisosadjuntos?12515632,20250707171315,P, HTTP/1.1" 200 6295
179.57.78.55 - - [18/Dec/2025:11:34:33 -0300] "GET /cormun/servlet/permisosadjuntos?INS,12515632,P,20250707171315,, HTTP/1.1" 200 5621
179.57.78.55 - - [18/Dec/2025:11:34:33 -0300] "GET /cormun/static/about:blank HTTP/1.1" 404 1011
179.57.78.55 - - [18/Dec/2025:11:34:45 -0300] "POST /cormun/servlet/permisosadjuntos?9c1c7b85b7edce919b9db90aef4d47b2,INS,12515632,P,20250707171315,, HTTP/1.1" 200 116
179.57.78.55 - - [18/Dec/2025:11:34:45 -0300] "GET /cormun/servlet/hpexe_return? HTTP/1.1" 200 1037
179.57.78.55 - - [18/Dec/2025:11:34:45 -0300] "GET /cormun/servlet/trpermisosadjuntos?12515632,20250707171315,P, HTTP/1.1" 200 6812
179.57.78.55 - - [18/Dec/2025:11:34:47 -0300] "GET /cormun/servlet/trpermisosgoce? HTTP/1.1" 200 19368
179.57.78.55 - - [18/Dec/2025:11:34:59 -0300] "POST /cormun/servlet/trpermisosgoce?9c1c7b85b7edce919b9db90aef4d47b2,,gx-no-cache=1766068520906 HTTP/1.1" 200 16514
190.95.15.9 - - [18/Dec/2025:11:35:05 -0300] "GET /cormun/servlet/hlogin HTTP/1.1" 200 1716
190.95.15.9 - - [18/Dec/2025:11:35:05 -0300] "GET /cormun/servlet/hlogin HTTP/1.1" 200 1726
190.95.15.9 - - [18/Dec/2025:11:35:12 -0300] "POST /cormun/servlet/hlogin?674d193a58cd5ef46085a16f371d6eb1,gx-no-cache=1766068534067 HTTP/1.1" 200 90
190.95.15.9 - - [18/Dec/2025:11:35:12 -0300] "GET /cormun/servlet/hpexe_link HTTP/1.1" 200 948
190.95.15.9 - - [18/Dec/2025:11:35:12 -0300] "GET /cormun/servlet/hhome HTTP/1.1" 200 4292
190.95.15.9 - - [18/Dec/2025:11:35:12 -0300] "GET /cormun/static/gxcfg.js?20201215495537 HTTP/1.1" 200 953
190.95.15.9 - - [18/Dec/2025:11:35:12 -0300] "GET /cormun/static/Resources/Spanish/PXTools.css?14345360 HTTP/1.1" 200 100853
190.95.15.9 - - [18/Dec/2025:11:35:12 -0300] "GET /cormun/static/hhome.js?20201215495544 HTTP/1.1" 200 777
190.95.15.9 - - [18/Dec/2025:11:35:14 -0300] "GET /cormun/servlet/trlicencias? HTTP/1.1" 200 13290
201.186.225.191 - - [18/Dec/2025:11:38:37 -0300] "GET /cormun/servlet/hlogin HTTP/1.1" 200 1735
201.186.225.191 - - [18/Dec/2025:11:38:51 -0300] "POST /cormun/servlet/hlogin?185d90e54de17e8181b96a50ef9a34f9,gx-no-cache=1766068752839 HTTP/1.1" 200 90
201.186.225.191 - - [18/Dec/2025:11:38:51 -0300] "GET /cormun/servlet/hpexe_link HTTP/1.1" 200 954
201.186.225.191 - - [18/Dec/2025:11:38:51 -0300] "GET /cormun/servlet/trpermisosgoce HTTP/1.1" 200 18095
201.186.225.191 - - [18/Dec/2025:11:39:26 -0300] "POST /cormun/servlet/trpermisosgoce?185d90e54de17e8181b96a50ef9a34f9,gx-no-cache=1766068787673 HTTP/1.1" 200 5542
201.186.225.191 - - [18/Dec/2025:11:41:22 -0300] "GET /cormun/servlet/hlogin HTTP/1.1" 200 1734
190.95.1.185 - - [18/Dec/2025:11:47:34 -0300] "GET /cormun/servlet/permisogoce?INS,0,,, HTTP/1.1" 200 7374
190.95.1.185 - - [18/Dec/2025:11:47:36 -0300] "GET /cormun/servlet/prfichaempleado?,MD,,gxPopupLevel%3D0%3B HTTP/1.1" 200 9443
190.95.1.185 - - [18/Dec/2025:11:47:43 -0300] "POST /cormun/servlet/prfichaempleado?1289171c14cf05aeba51e8817901a79a,,MD,,gxPopupLevel%3D0%3B,gx-no-cache=1766069284967 HTTP/1.1" 200 3404
190.95.1.185 - - [18/Dec/2025:11:47:46 -0300] "GET /cormun/servlet/permisogoce?a6d86feb94c6902831796d28a272131cb189f57506712eee6c4b51f4a04ee8c1953ba837de607ede704e6baf8a3fe6f229d6e630bfa4de1be7382483192c8e39,gx-no-cache=1766069288416 HTTP/1.1" 200 78
190.95.1.185 - - [18/Dec/2025:11:47:46 -0300] "GET /cormun/static/menuarrow.gif HTTP/1.1" 404 1015
190.95.1.185 - - [18/Dec/2025:11:47:51 -0300] "POST /cormun/servlet/permisogoce?1289171c14cf05aeba51e8817901a79a,INS,0,,,,gx-no-cache=1766069291625 HTTP/1.1" 200 93
190.95.1.185 - - [18/Dec/2025:11:47:51 -0300] "GET /cormun/servlet/hpexe_return? HTTP/1.1" 200 1001
190.95.1.185 - - [18/Dec/2025:11:47:51 -0300] "GET /cormun/servlet/trpermisosgoce HTTP/1.1" 200 19093
190.95.1.185 - - [18/Dec/2025:11:47:54 -0300] "GET /cormun/servlet/apermisogoceprn?18445965,P,20251218114846,PU HTTP/1.1" 200 1669
201.186.225.183 - - [18/Dec/2025:11:51:12 -0300] "GET /favicon.ico HTTP/1.1" 200 21630
201.186.225.183 - - [18/Dec/2025:11:51:13 -0300] "GET /cormun/servlet/trpermisosgoce? HTTP/1.1" 200 6027
201.186.225.183 - - [18/Dec/2025:11:51:13 -0300] "GET /cormun/servlet/hlogin HTTP/1.1" 200 1738
201.186.225.183 - - [18/Dec/2025:11:51:19 -0300] "POST /cormun/servlet/hlogin?dfa7dc2f5969c377f32ed7ecd8104ad7,gx-no-cache=1766069502218 HTTP/1.1" 200 90
201.186.225.183 - - [18/Dec/2025:11:51:19 -0300] "GET /cormun/servlet/hpexe_link HTTP/1.1" 200 955
201.186.225.183 - - [18/Dec/2025:11:51:19 -0300] "GET /cormun/servlet/trpermisosgoce HTTP/1.1" 200 17763
201.186.225.183 - - [18/Dec/2025:11:51:21 -0300] "GET /cormun/servlet/permisogoce?INS,0,,, HTTP/1.1" 200 6828
179.57.78.55 - - [18/Dec/2025:11:51:31 -0300] "POST /cormun/servlet/trpermisosgoce?9c1c7b85b7edce919b9db90aef4d47b2,,gx-no-cache=1766069512379 HTTP/1.1" 200 16459
201.186.225.183 - - [18/Dec/2025:11:51:35 -0300] "GET /cormun/servlet/permisogoce?10dc886376c4cb60f3d3db723b9543402e0b28e2f37146dd2a739a8ae9aa80c9efe538db1f07493cefa884b2c97283128aa38fccf35487566d2942bd169143c5,gx-no-cache=1766069518557 HTTP/1.1" 200 83
201.186.225.183 - - [18/Dec/2025:11:51:40 -0300] "GET /cormun/servlet/permisogoce?10dc886376c4cb60f3d3db723b954340b6cbe25447382a29e3a1c8d5f93b0e3744d72a61d4a5c0ffc3ccd8130509daea9e637989abc441c28a41835772f10cb0,gx-no-cache=1766069523548 HTTP/1.1" 200 48
201.186.225.183 - - [18/Dec/2025:11:51:43 -0300] "POST /cormun/servlet/permisogoce?dfa7dc2f5969c377f32ed7ecd8104ad7,INS,0,,,,gx-no-cache=1766069524494 HTTP/1.1" 200 93
201.186.225.183 - - [18/Dec/2025:11:51:43 -0300] "GET /cormun/servlet/hpexe_return? HTTP/1.1" 200 1008
201.186.225.183 - - [18/Dec/2025:11:51:43 -0300] "GET /cormun/servlet/trpermisosgoce HTTP/1.1" 200 17812
201.186.225.183 - - [18/Dec/2025:11:51:46 -0300] "GET /cormun/servlet/apermisogoceprn?12103177,P,20251218115234,PU HTTP/1.1" 200 1651
179.57.78.55 - - [18/Dec/2025:11:51:47 -0300] "POST /cormun/servlet/trpermisosgoce?9c1c7b85b7edce919b9db90aef4d47b2,,gx-no-cache=1766069528483 HTTP/1.1" 200 16489
201.186.225.183 - - [18/Dec/2025:11:51:51 -0300] "GET /cormun/servlet/permisogoce?INS,0,,, HTTP/1.1" 200 6827
201.186.225.183 - - [18/Dec/2025:11:51:58 -0300] "GET /cormun/servlet/permisogoce?10dc886376c4cb60f3d3db723b9543402e0b28e2f37146dd2a739a8ae9aa80c9efe538db1f07493cefa884b2c97283128aa38fccf35487566d2942bd169143c5,gx-no-cache=1766069540868 HTTP/1.1" 200 84
179.57.78.55 - - [18/Dec/2025:11:52:03 -0300] "POST /cormun/servlet/trpermisosgoce?9c1c7b85b7edce919b9db90aef4d47b2,,gx-no-cache=1766069544706 HTTP/1.1" 200 16460
201.186.225.183 - - [18/Dec/2025:11:52:04 -0300] "GET /cormun/servlet/permisogoce?10dc886376c4cb60f3d3db723b954340b6cbe25447382a29e3a1c8d5f93b0e37532781da28b3d64e654247fed444185b9e637989abc441c28a41835772f10cb0,gx-no-cache=1766069546847 HTTP/1.1" 200 48
201.186.225.183 - - [18/Dec/2025:11:52:05 -0300] "POST /cormun/servlet/permisogoce?dfa7dc2f5969c377f32ed7ecd8104ad7,INS,0,,,,gx-no-cache=1766069547926 HTTP/1.1" 200 93
201.186.225.183 - - [18/Dec/2025:11:52:05 -0300] "GET /cormun/servlet/hpexe_return? HTTP/1.1" 200 1008
201.186.225.183 - - [18/Dec/2025:11:52:05 -0300] "GET /cormun/servlet/trpermisosgoce HTTP/1.1" 200 17746
179.57.78.55 - - [18/Dec/2025:11:52:09 -0300] "GET /cormun/servlet/trpermisosadjuntos?15126448,20250807151820,P, HTTP/1.1" 200 6299
201.186.225.183 - - [18/Dec/2025:11:52:10 -0300] "GET /cormun/servlet/apermisogoceprn?12103177,P,20251218115304,PU HTTP/1.1" 200 1656
179.57.78.55 - - [18/Dec/2025:11:52:10 -0300] "GET /cormun/servlet/permisosadjuntos?INS,15126448,P,20250807151820,, HTTP/1.1" 200 5626
179.57.78.55 - - [18/Dec/2025:11:52:11 -0300] "GET /cormun/static/about:blank HTTP/1.1" 404 1011
201.186.225.183 - - [18/Dec/2025:11:52:30 -0300] "GET /cormun/servlet/permisogoce?INS,0,,, HTTP/1.1" 200 6827
201.186.225.183 - - [18/Dec/2025:11:52:39 -0300] "GET /cormun/servlet/permisogoce?10dc886376c4cb60f3d3db723b9543409206ac5ae3a205a54cbee0e9ad37b295efe538db1f07493cefa884b2c97283128aa38fccf35487566d2942bd169143c5,gx-no-cache=1766069581893 HTTP/1.1" 200 82
201.186.225.183 - - [18/Dec/2025:11:52:44 -0300] "GET /cormun/servlet/permisogoce?10dc886376c4cb60f3d3db723b954340994cfa260b7c9c1155f073f23a59aa41465d90b1080a1fae4043f9be8f0fba4f9e637989abc441c28a41835772f10cb0,gx-no-cache=1766069587101 HTTP/1.1" 200 48
201.186.225.183 - - [18/Dec/2025:11:52:45 -0300] "POST /cormun/servlet/permisogoce?dfa7dc2f5969c377f32ed7ecd8104ad7,INS,0,,,,gx-no-cache=1766069588038 HTTP/1.1" 200 93
201.186.225.183 - - [18/Dec/2025:11:52:45 -0300] "GET /cormun/servlet/hpexe_return? HTTP/1.1" 200 1008
201.186.225.183 - - [18/Dec/2025:11:52:46 -0300] "GET /cormun/servlet/trpermisosgoce HTTP/1.1" 200 17742
201.186.225.183 - - [18/Dec/2025:11:52:49 -0300] "GET /cormun/servlet/apermisogoceprn?11366289,P,20251218115343,PU HTTP/1.1" 200 1644
179.57.78.55 - - [18/Dec/2025:11:52:59 -0300] "GET /cormun/servlet/trpermisosgoce? HTTP/1.1" 200 19247
201.186.225.183 - - [18/Dec/2025:11:53:05 -0300] "GET /cormun/servlet/permisogoce?INS,0,,, HTTP/1.1" 200 6828
201.186.225.183 - - [18/Dec/2025:11:53:11 -0300] "GET /cormun/servlet/permisogoce?10dc886376c4cb60f3d3db723b95434041eecc2c6fd9c14b9d6853ae61a52eedefe538db1f07493cefa884b2c97283128aa38fccf35487566d2942bd169143c5,gx-no-cache=1766069614221 HTTP/1.1" 200 77
179.57.78.55 - - [18/Dec/2025:11:53:13 -0300] "POST /cormun/servlet/trpermisosgoce?9c1c7b85b7edce919b9db90aef4d47b2,,gx-no-cache=1766069614726 HTTP/1.1" 200 16496
179.57.78.55 - - [18/Dec/2025:11:53:13 -0300] "GET /cormun/static/Shared/jqueryui/images/ui-bg_highlight-soft_100_c6c2c8_1x100.png HTTP/1.1" 404 1117
179.57.78.55 - - [18/Dec/2025:11:53:13 -0300] "GET /cormun/static/Shared/jqueryui/images/ui-icons_82798d_256x240.png HTTP/1.1" 404 1089
179.57.78.55 - - [18/Dec/2025:11:53:13 -0300] "GET /cormun/static/Shared/jqueryui/images/ui-icons_8d78a5_256x240.png HTTP/1.1" 404 1089
179.57.78.55 - - [18/Dec/2025:11:53:13 -0300] "GET /cormun/static/Shared/jqueryui/images/ui-bg_flat_55_fafafa_40x100.png HTTP/1.1" 404 1097
201.186.225.183 - - [18/Dec/2025:11:53:15 -0300] "GET /cormun/servlet/permisogoce?10dc886376c4cb60f3d3db723b954340011f45615c5cc2da8dd6f6158d481da4da8f5eccd540b8bb01e67101571fda4e9e637989abc441c28a41835772f10cb0,gx-no-cache=1766069618311 HTTP/1.1" 200 47
201.186.225.183 - - [18/Dec/2025:11:53:17 -0300] "POST /cormun/servlet/permisogoce?dfa7dc2f5969c377f32ed7ecd8104ad7,INS,0,,,,gx-no-cache=1766069619326 HTTP/1.1" 200 93
201.186.225.183 - - [18/Dec/2025:11:53:17 -0300] "GET /cormun/servlet/hpexe_return? HTTP/1.1" 200 1008
201.186.225.183 - - [18/Dec/2025:11:53:17 -0300] "GET /cormun/servlet/trpermisosgoce HTTP/1.1" 200 17713
179.57.78.55 - - [18/Dec/2025:11:53:17 -0300] "GET /cormun/servlet/trpermisosadjuntos?15126448,20250807151820,P, HTTP/1.1" 200 6299
201.186.225.183 - - [18/Dec/2025:11:53:20 -0300] "GET /cormun/servlet/apermisogoceprn?15806135,P,20251218115418,PU HTTP/1.1" 200 1650
179.57.78.55 - - [18/Dec/2025:11:53:21 -0300] "GET /cormun/servlet/permisosadjuntos?INS,15126448,P,20250807151820,, HTTP/1.1" 200 5626
179.57.78.55 - - [18/Dec/2025:11:53:21 -0300] "GET /cormun/static/about:blank HTTP/1.1" 404 1011
179.57.78.55 - - [18/Dec/2025:11:53:29 -0300] "POST /cormun/servlet/permisosadjuntos?9c1c7b85b7edce919b9db90aef4d47b2,INS,15126448,P,20250807151820,, HTTP/1.1" 200 116
179.57.78.55 - - [18/Dec/2025:11:53:29 -0300] "GET /cormun/servlet/hpexe_return? HTTP/1.1" 200 1035
179.57.78.55 - - [18/Dec/2025:11:53:29 -0300] "GET /cormun/servlet/trpermisosadjuntos?15126448,20250807151820,P, HTTP/1.1" 200 6809
179.57.78.55 - - [18/Dec/2025:11:53:31 -0300] "GET /cormun/servlet/trpermisosgoce? HTTP/1.1" 200 19302
190.95.1.183 - - [18/Dec/2025:11:53:32 -0300] "GET /cormun/servlet/hlogin HTTP/1.1" 200 1720
201.186.225.183 - - [18/Dec/2025:11:53:35 -0300] "GET /cormun/servlet/permisogoce?INS,0,,, HTTP/1.1" 200 6827
190.95.1.183 - - [18/Dec/2025:11:53:39 -0300] "POST /cormun/servlet/hlogin?b4e88e3dea25e7fb6ebdc73d1fdcc65b,gx-no-cache=1766069641197 HTTP/1.1" 200 90
190.95.1.183 - - [18/Dec/2025:11:53:39 -0300] "GET /cormun/servlet/hpexe_link HTTP/1.1" 200 948
190.95.1.183 - - [18/Dec/2025:11:53:39 -0300] "GET /cormun/servlet/hhome HTTP/1.1" 200 3976
190.95.1.183 - - [18/Dec/2025:11:53:42 -0300] "GET /cormun/servlet/trlicencias? HTTP/1.1" 200 13904
190.95.1.183 - - [18/Dec/2025:11:53:43 -0300] "GET /cormun/static/menuarrow.gif HTTP/1.1" 404 1015
201.186.225.183 - - [18/Dec/2025:11:53:44 -0300] "GET /cormun/servlet/permisogoce?10dc886376c4cb60f3d3db723b954340406de083259f68c5ea1b9a3876d1b2a0efe538db1f07493cefa884b2c97283128aa38fccf35487566d2942bd169143c5,gx-no-cache=1766069647372 HTTP/1.1" 200 82
179.57.78.55 - - [18/Dec/2025:11:53:47 -0300] "POST /cormun/servlet/trpermisosgoce?9c1c7b85b7edce919b9db90aef4d47b2,,gx-no-cache=1766069648788 HTTP/1.1" 200 16471
201.186.225.183 - - [18/Dec/2025:11:53:49 -0300] "GET /cormun/servlet/permisogoce?10dc886376c4cb60f3d3db723b954340a4a680ff721959c3c35be87094f3ad623eed3bc1cd56c40c883f0fb8be3987239e637989abc441c28a41835772f10cb0,gx-no-cache=1766069651950 HTTP/1.1" 200 48
201.186.225.183 - - [18/Dec/2025:11:53:50 -0300] "POST /cormun/servlet/permisogoce?dfa7dc2f5969c377f32ed7ecd8104ad7,INS,0,,,,gx-no-cache=1766069652846 HTTP/1.1" 200 93
201.186.225.183 - - [18/Dec/2025:11:53:50 -0300] "GET /cormun/servlet/hpexe_return? HTTP/1.1" 200 1008
201.186.225.183 - - [18/Dec/2025:11:53:50 -0300] "GET /cormun/servlet/trpermisosgoce HTTP/1.1" 200 17689
190.95.1.183 - - [18/Dec/2025:11:53:54 -0300] "POST /cormun/servlet/trlicencias?b4e88e3dea25e7fb6ebdc73d1fdcc65b,,gx-no-cache=1766069656167 HTTP/1.1" 200 5686
201.186.225.183 - - [18/Dec/2025:11:53:59 -0300] "GET /cormun/servlet/apermisogoceprn?15107975,P,20251218115448,PU HTTP/1.1" 200 1651
148.222.218.189 - - [18/Dec/2025:11:54:00 -0300] "GET /cormun/servlet/trpermisosgoce? HTTP/1.1" 200 6026
148.222.218.189 - - [18/Dec/2025:11:54:00 -0300] "GET /cormun/servlet/hlogin HTTP/1.1" 200 1735
148.222.218.189 - - [18/Dec/2025:11:54:03 -0300] "POST /cormun/servlet/hlogin?efd4dec4871ba10ed16fe80b18a94c23,gx-no-cache=1766069665970 HTTP/1.1" 200 90
148.222.218.189 - - [18/Dec/2025:11:54:03 -0300] "GET /cormun/servlet/hpexe_link HTTP/1.1" 200 953
148.222.218.189 - - [18/Dec/2025:11:54:03 -0300] "GET /cormun/servlet/trpermisosgoce HTTP/1.1" 200 12477
148.222.218.189 - - [18/Dec/2025:11:54:09 -0300] "GET /cormun/servlet/trpermisosgoce? HTTP/1.1" 200 12476
148.222.218.189 - - [18/Dec/2025:11:54:13 -0300] "GET /cormun/servlet/permisogoce?INS,0,,, HTTP/1.1" 200 7221
201.186.225.183 - - [18/Dec/2025:11:54:24 -0300] "GET /cormun/servlet/permisogoce?INS,0,,, HTTP/1.1" 200 6827
201.186.225.183 - - [18/Dec/2025:11:54:33 -0300] "GET /cormun/servlet/permisogoce?10dc886376c4cb60f3d3db723b954340f9437f80dae14e37d1fcff2d529980b2efe538db1f07493cefa884b2c97283128aa38fccf35487566d2942bd169143c5,gx-no-cache=1766069695677 HTTP/1.1" 200 79
148.222.218.189 - - [18/Dec/2025:11:54:33 -0300] "GET /cormun/servlet/permisogoce?db39d3a0df881863b00923067ce7464d093bdd00691402c2694f72577a558848a87c93f3f1878a9ace390fba353e05c91574bf13f03fe5ad092a3465b78c1f94,gx-no-cache=1766069696033 HTTP/1.1" 200 226
148.222.218.189 - - [18/Dec/2025:11:54:33 -0300] "GET /cormun/static/Shared/jqueryui/images/ui-bg_highlight-soft_100_c6c2c8_1x100.png HTTP/1.1" 404 1117
148.222.218.189 - - [18/Dec/2025:11:54:33 -0300] "GET /cormun/static/Shared/jqueryui/images/ui-icons_ebccce_256x240.png HTTP/1.1" 404 1089
148.222.218.189 - - [18/Dec/2025:11:54:33 -0300] "GET /cormun/static/Shared/jqueryui/images/ui-icons_82798d_256x240.png HTTP/1.1" 404 1089
148.222.218.189 - - [18/Dec/2025:11:54:33 -0300] "GET /cormun/static/Shared/jqueryui/images/ui-bg_flat_55_994d53_40x100.png HTTP/1.1" 404 1097
148.222.218.189 - - [18/Dec/2025:11:54:37 -0300] "GET /cormun/servlet/trpermisosgoce? HTTP/1.1" 200 12483
201.186.225.183 - - [18/Dec/2025:11:54:37 -0300] "GET /cormun/servlet/permisogoce?10dc886376c4cb60f3d3db723b95434019e2efc9ef1ef11b6fc0cd08805902e9e86884f971b8c5264bd6fff82db30e099e637989abc441c28a41835772f10cb0,gx-no-cache=1766069700216 HTTP/1.1" 200 48
201.186.225.183 - - [18/Dec/2025:11:54:39 -0300] "POST /cormun/servlet/permisogoce?dfa7dc2f5969c377f32ed7ecd8104ad7,INS,0,,,,gx-no-cache=1766069701294 HTTP/1.1" 200 93
201.186.225.183 - - [18/Dec/2025:11:54:39 -0300] "GET /cormun/servlet/hpexe_return? HTTP/1.1" 200 1008
201.186.225.183 - - [18/Dec/2025:11:54:39 -0300] "GET /cormun/servlet/trpermisosgoce HTTP/1.1" 200 17682
148.222.218.189 - - [18/Dec/2025:11:54:40 -0300] "GET /cormun/servlet/permisogoce?INS,0,,, HTTP/1.1" 200 7221
201.186.225.183 - - [18/Dec/2025:11:54:43 -0300] "GET /cormun/servlet/apermisogoceprn?16884606,P,20251218115537,PU HTTP/1.1" 200 1651
190.95.67.93 - - [18/Dec/2025:11:54:50 -0300] "POST /cormun/servlet/trpermisosgoce?61fd313b24a0d16a79a04aa492493120,,gx-no-cache=1766069712493 HTTP/1.1" 200 5570
148.222.218.189 - - [18/Dec/2025:11:54:54 -0300] "GET /cormun/servlet/permisogoce?db39d3a0df881863b00923067ce7464d093bdd00691402c2694f72577a558848a87c93f3f1878a9ace390fba353e05c91574bf13f03fe5ad092a3465b78c1f94,gx-no-cache=1766069717466 HTTP/1.1" 200 226
201.186.225.183 - - [18/Dec/2025:11:54:58 -0300] "GET /cormun/servlet/permisogoce?INS,0,,, HTTP/1.1" 200 6827
190.95.67.93 - - [18/Dec/2025:11:55:00 -0300] "POST /cormun/servlet/trpermisosgoce?61fd313b24a0d16a79a04aa492493120,,gx-no-cache=1766069721835 HTTP/1.1" 200 15989
201.186.225.183 - - [18/Dec/2025:11:55:06 -0300] "GET /cormun/servlet/permisogoce?10dc886376c4cb60f3d3db723b954340b435bf3f44f2b2e0a5741cf0ab415b7fefe538db1f07493cefa884b2c97283128aa38fccf35487566d2942bd169143c5,gx-no-cache=1766069728693 HTTP/1.1" 200 80
201.186.225.183 - - [18/Dec/2025:11:55:10 -0300] "GET /cormun/servlet/permisogoce?10dc886376c4cb60f3d3db723b954340d47d5c9cbc4dd94c526d1de6e830b849a8abadc54eb501a0cff8f834cc43d1789e637989abc441c28a41835772f10cb0,gx-no-cache=1766069732688 HTTP/1.1" 200 48
201.186.225.183 - - [18/Dec/2025:11:55:11 -0300] "POST /cormun/servlet/permisogoce?dfa7dc2f5969c377f32ed7ecd8104ad7,INS,0,,,,gx-no-cache=1766069733813 HTTP/1.1" 200 93
201.186.225.183 - - [18/Dec/2025:11:55:11 -0300] "GET /cormun/servlet/hpexe_return? HTTP/1.1" 200 1008
201.186.225.183 - - [18/Dec/2025:11:55:11 -0300] "GET /cormun/servlet/trpermisosgoce HTTP/1.1" 200 17687
148.222.218.189 - - [18/Dec/2025:11:55:13 -0300] "GET /cormun/servlet/permisogoce?db39d3a0df881863b00923067ce7464d54b8c33a06ea301035416672348ac396a87c93f3f1878a9ace390fba353e05c91574bf13f03fe5ad092a3465b78c1f94,gx-no-cache=1766069736336 HTTP/1.1" 200 70
201.186.225.183 - - [18/Dec/2025:11:55:17 -0300] "GET /cormun/servlet/apermisogoceprn?12961880,P,20251218115610,PU HTTP/1.1" 200 1651
190.95.15.15 - - [18/Dec/2025:11:55:21 -0300] "GET /cormun/servlet/permisogoce?INS,0,,, HTTP/1.1" 200 6039
190.95.15.15 - - [18/Dec/2025:11:55:21 -0300] "GET /cormun/servlet/hlogin HTTP/1.1" 200 1749
148.222.218.189 - - [18/Dec/2025:11:55:28 -0300] "GET /cormun/servlet/permisogoce?db39d3a0df881863b00923067ce7464dd7ca120483584c1e53153e3caa2c59f52c94698e0e63c75dfe4ebe384483a928818272df1bbe83d07d01e57bae6fe6d6,gx-no-cache=1766069751501 HTTP/1.1" 200 129
190.95.15.15 - - [18/Dec/2025:11:55:28 -0300] "POST /cormun/servlet/hlogin?def68c3f0f1cc95311e2da7d167c6115,gx-no-cache=1766069750354 HTTP/1.1" 200 90
190.95.15.15 - - [18/Dec/2025:11:55:28 -0300] "GET /cormun/servlet/hpexe_link HTTP/1.1" 200 968
190.95.15.15 - - [18/Dec/2025:11:55:29 -0300] "GET /cormun/servlet/permisogoce?INS,0,,, HTTP/1.1" 200 6695
148.222.218.189 - - [18/Dec/2025:11:55:34 -0300] "GET /cormun/servlet/permisogoce?db39d3a0df881863b00923067ce7464dd7ca120483584c1e53153e3caa2c59f50ebb34eacb02cc91dd5d2837e12ad5c8818272df1bbe83d07d01e57bae6fe6d6,gx-no-cache=1766069757071 HTTP/1.1" 200 47
148.222.218.189 - - [18/Dec/2025:11:55:37 -0300] "POST /cormun/servlet/permisogoce?efd4dec4871ba10ed16fe80b18a94c23,INS,0,,,,gx-no-cache=1766069759971 HTTP/1.1" 200 93
148.222.218.189 - - [18/Dec/2025:11:55:37 -0300] "GET /cormun/servlet/hpexe_return? HTTP/1.1" 200 1006
190.95.15.15 - - [18/Dec/2025:11:55:37 -0300] "GET /cormun/servlet/permisogoce?48720c447ff8c8dac637e6ba98255275d536808eef95457ca7e142b8919fc44add9e5a846aaa0df4a0a3076ce3c3f7cc12c6d5fbe12161aac95401fee47c485e,gx-no-cache=1766069759126 HTTP/1.1" 200 86
148.222.218.189 - - [18/Dec/2025:11:55:37 -0300] "GET /cormun/servlet/trpermisosgoce HTTP/1.1" 200 12754
190.95.15.15 - - [18/Dec/2025:11:55:37 -0300] "GET /cormun/static/menuarrow.gif HTTP/1.1" 404 1015
148.222.218.189 - - [18/Dec/2025:11:55:42 -0300] "GET /cormun/servlet/trpermisosadjuntos?27175315,20251218115553,P, HTTP/1.1" 200 6642
190.95.15.15 - - [18/Dec/2025:11:55:44 -0300] "GET /cormun/servlet/permisogoce?48720c447ff8c8dac637e6ba982552755491532a5dcdfd37507e7b466f72cdbf1d7629dcf68f145150e161a791c91b25fe84a6f129adfe7e4c78ced0ed51733a,gx-no-cache=1766069765605 HTTP/1.1" 200 47
148.222.218.189 - - [18/Dec/2025:11:55:45 -0300] "GET /cormun/servlet/permisosadjuntos?INS,27175315,P,20251218115553,, HTTP/1.1" 200 5969
148.222.218.189 - - [18/Dec/2025:11:55:45 -0300] "GET /cormun/static/about:blank HTTP/1.1" 404 1011
190.95.15.15 - - [18/Dec/2025:11:55:46 -0300] "POST /cormun/servlet/permisogoce?def68c3f0f1cc95311e2da7d167c6115,INS,0,,,,gx-no-cache=1766069767013 HTTP/1.1" 200 93
190.95.15.15 - - [18/Dec/2025:11:55:46 -0300] "GET /cormun/servlet/hpexe_return? HTTP/1.1" 200 1012
190.95.15.15 - - [18/Dec/2025:11:55:46 -0300] "GET /cormun/servlet/hhome HTTP/1.1" 200 4002
201.186.225.183 - - [18/Dec/2025:11:55:47 -0300] "GET /cormun/servlet/permisogoce?INS,0,,, HTTP/1.1" 200 6827
190.95.15.15 - - [18/Dec/2025:11:55:48 -0300] "GET /cormun/servlet/trpermisosgoce? HTTP/1.1" 200 18446
190.95.15.15 - - [18/Dec/2025:11:55:52 -0300] "GET /cormun/servlet/apermisogoceprn?15908163,P,20251218115641,PU HTTP/1.1" 200 1661
148.222.218.189 - - [18/Dec/2025:11:55:57 -0300] "POST /cormun/servlet/permisosadjuntos?efd4dec4871ba10ed16fe80b18a94c23,INS,27175315,P,20251218115553,, HTTP/1.1" 200 116
148.222.218.189 - - [18/Dec/2025:11:55:57 -0300] "GET /cormun/servlet/hpexe_return? HTTP/1.1" 200 1034
148.222.218.189 - - [18/Dec/2025:11:55:57 -0300] "GET /cormun/servlet/trpermisosadjuntos?27175315,20251218115553,P, HTTP/1.1" 200 7141
201.186.225.183 - - [18/Dec/2025:11:55:58 -0300] "GET /cormun/servlet/permisogoce?10dc886376c4cb60f3d3db723b9543405d192d7f4089c7195fa93688be9e476cefe538db1f07493cefa884b2c97283128aa38fccf35487566d2942bd169143c5,gx-no-cache=1766069780836 HTTP/1.1" 200 86
201.186.225.183 - - [18/Dec/2025:11:56:02 -0300] "GET /cormun/servlet/permisogoce?10dc886376c4cb60f3d3db723b954340d77228b109373531cc8854bf2a93dda2734f18c03a7f38a1e888620c7b3dcf849e637989abc441c28a41835772f10cb0,gx-no-cache=1766069784919 HTTP/1.1" 200 48
201.186.225.183 - - [18/Dec/2025:11:56:03 -0300] "POST /cormun/servlet/permisogoce?dfa7dc2f5969c377f32ed7ecd8104ad7,INS,0,,,,gx-no-cache=1766069785798 HTTP/1.1" 200 93
201.186.225.183 - - [18/Dec/2025:11:56:03 -0300] "GET /cormun/servlet/hpexe_return? HTTP/1.1" 200 1008
201.186.225.183 - - [18/Dec/2025:11:56:04 -0300] "GET /cormun/servlet/trpermisosgoce HTTP/1.1" 200 17764
148.222.218.189 - - [18/Dec/2025:11:56:05 -0300] "GET /cormun/servlet/trpermisosgoce? HTTP/1.1" 200 12750
201.186.225.183 - - [18/Dec/2025:11:56:07 -0300] "GET /cormun/servlet/apermisogoceprn?13502425,P,20251218115700,PU HTTP/1.1" 200 1666
148.222.218.189 - - [18/Dec/2025:11:56:09 -0300] "POST /cormun/servlet/trpermisosgoce?efd4dec4871ba10ed16fe80b18a94c23,,gx-no-cache=1766069791829 HTTP/1.1" 200 9726
148.222.218.189 - - [18/Dec/2025:11:56:09 -0300] "GET /cormun/static/Shared/jqueryui/images/ui-icons_8d78a5_256x240.png HTTP/1.1" 404 1089
148.222.218.189 - - [18/Dec/2025:11:56:09 -0300] "GET /cormun/static/Shared/jqueryui/images/ui-bg_flat_55_fafafa_40x100.png HTTP/1.1" 404 1097
201.186.225.183 - - [18/Dec/2025:11:56:12 -0300] "GET /cormun/servlet/permisogoce?INS,0,,, HTTP/1.1" 200 6827
148.222.218.189 - - [18/Dec/2025:11:56:13 -0300] "GET /cormun/servlet/trautorizarpermisogoce? HTTP/1.1" 200 7991
148.222.218.189 - - [18/Dec/2025:11:56:17 -0300] "POST /cormun/servlet/trautorizarpermisogoce?efd4dec4871ba10ed16fe80b18a94c23,,gx-no-cache=1766069800043 HTTP/1.1" 200 4505
201.186.225.183 - - [18/Dec/2025:11:56:17 -0300] "GET /cormun/servlet/permisogoce?10dc886376c4cb60f3d3db723b9543405d192d7f4089c7195fa93688be9e476cefe538db1f07493cefa884b2c97283128aa38fccf35487566d2942bd169143c5,gx-no-cache=1766069800367 HTTP/1.1" 200 87
201.186.225.183 - - [18/Dec/2025:11:56:22 -0300] "GET /cormun/servlet/permisogoce?10dc886376c4cb60f3d3db723b954340d77228b109373531cc8854bf2a93dda2a8d0407cd7fa30397d62c6b286d27b8e9e637989abc441c28a41835772f10cb0,gx-no-cache=1766069805471 HTTP/1.1" 200 48
201.186.225.183 - - [18/Dec/2025:11:56:24 -0300] "POST /cormun/servlet/permisogoce?dfa7dc2f5969c377f32ed7ecd8104ad7,INS,0,,,,gx-no-cache=1766069806394 HTTP/1.1" 200 93
201.186.225.183 - - [18/Dec/2025:11:56:24 -0300] "GET /cormun/servlet/hpexe_return? HTTP/1.1" 200 1008
201.186.225.183 - - [18/Dec/2025:11:56:24 -0300] "GET /cormun/servlet/trpermisosgoce HTTP/1.1" 200 17706
201.186.225.183 - - [18/Dec/2025:11:56:28 -0300] "GET /cormun/servlet/apermisogoceprn?13502425,P,20251218115725,PU HTTP/1.1" 200 1655
190.95.67.93 - - [18/Dec/2025:11:57:06 -0300] "GET /cormun/servlet/trpermisosadjuntos?13301971,20251212084044,P, HTTP/1.1" 200 6655
190.95.67.93 - - [18/Dec/2025:11:57:08 -0300] "GET /cormun/servlet/permisosadjuntos?INS,13301971,P,20251212084044,, HTTP/1.1" 200 5985
190.95.67.93 - - [18/Dec/2025:11:57:08 -0300] "GET /cormun/static/about:blank HTTP/1.1" 404 1011
201.186.225.183 - - [18/Dec/2025:11:57:10 -0300] "GET /cormun/servlet/permisogoce?INS,0,,, HTTP/1.1" 200 6826
201.186.225.183 - - [18/Dec/2025:11:57:16 -0300] "GET /cormun/servlet/permisogoce?10dc886376c4cb60f3d3db723b954340662cf201ea9076524dea69b9c83efa8befe538db1f07493cefa884b2c97283128aa38fccf35487566d2942bd169143c5,gx-no-cache=1766069859039 HTTP/1.1" 200 80
201.186.225.183 - - [18/Dec/2025:11:57:21 -0300] "GET /cormun/servlet/permisogoce?10dc886376c4cb60f3d3db723b95434025f69357757a9e44011080a10da65d862348efc647a49344e05c35f8c08483799e637989abc441c28a41835772f10cb0,gx-no-cache=1766069864308 HTTP/1.1" 200 48
201.186.225.183 - - [18/Dec/2025:11:57:22 -0300] "POST /cormun/servlet/permisogoce?dfa7dc2f5969c377f32ed7ecd8104ad7,INS,0,,,,gx-no-cache=1766069864993 HTTP/1.1" 200 93
201.186.225.183 - - [18/Dec/2025:11:57:22 -0300] "GET /cormun/servlet/hpexe_return? HTTP/1.1" 200 1008
201.186.225.183 - - [18/Dec/2025:11:57:23 -0300] "GET /cormun/servlet/trpermisosgoce HTTP/1.1" 200 17734
201.186.225.183 - - [18/Dec/2025:11:57:26 -0300] "GET /cormun/servlet/apermisogoceprn?10731207,P,20251218115823,PU HTTP/1.1" 200 1650
190.95.67.93 - - [18/Dec/2025:11:57:26 -0300] "POST /cormun/servlet/permisosadjuntos?61fd313b24a0d16a79a04aa492493120,INS,13301971,P,20251212084044,, HTTP/1.1" 200 116
190.95.67.93 - - [18/Dec/2025:11:57:26 -0300] "GET /cormun/servlet/hpexe_return? HTTP/1.1" 200 1038
190.95.67.93 - - [18/Dec/2025:11:57:27 -0300] "GET /cormun/servlet/trpermisosadjuntos?13301971,20251212084044,P, HTTP/1.1" 200 7225
190.95.67.93 - - [18/Dec/2025:11:57:30 -0300] "POST /cormun/servlet/trpermisosadjuntos?61fd313b24a0d16a79a04aa492493120,13301971,20251212084044,P,,gx-no-cache=1766069872076 HTTP/1.1" 200 90
190.95.67.93 - - [18/Dec/2025:11:57:30 -0300] "GET /cormun/servlet/hpexe_link HTTP/1.1" 200 986
190.95.67.93 - - [18/Dec/2025:11:57:30 -0300] "GET /cormun/servlet/trpermisosgoce? HTTP/1.1" 200 18959
190.95.67.93 - - [18/Dec/2025:11:57:37 -0300] "POST /cormun/servlet/trpermisosgoce?61fd313b24a0d16a79a04aa492493120,,gx-no-cache=1766069878751 HTTP/1.1" 200 16199
190.95.67.93 - - [18/Dec/2025:11:57:38 -0300] "GET /cormun/static/Shared/jqueryui/images/ui-bg_highlight-soft_100_c6c2c8_1x100.png HTTP/1.1" 404 1117
190.95.67.93 - - [18/Dec/2025:11:57:38 -0300] "GET /cormun/static/Shared/jqueryui/images/ui-icons_82798d_256x240.png HTTP/1.1" 404 1089
190.95.67.93 - - [18/Dec/2025:11:57:38 -0300] "GET /cormun/static/Shared/jqueryui/images/ui-icons_8d78a5_256x240.png HTTP/1.1" 404 1089
190.95.67.93 - - [18/Dec/2025:11:57:38 -0300] "GET /cormun/static/Shared/jqueryui/images/ui-bg_flat_55_fafafa_40x100.png HTTP/1.1" 404 1097
201.186.225.183 - - [18/Dec/2025:11:57:44 -0300] "GET /cormun/servlet/permisogoce?INS,0,,, HTTP/1.1" 200 6826
190.95.67.93 - - [18/Dec/2025:11:57:48 -0300] "GET /cormun/servlet/trpermisosadjuntos?19852529,20251212083603,P, HTTP/1.1" 200 6655
190.95.67.93 - - [18/Dec/2025:11:57:51 -0300] "GET /cormun/servlet/permisosadjuntos?INS,19852529,P,20251212083603,, HTTP/1.1" 200 5984
190.95.67.93 - - [18/Dec/2025:11:57:51 -0300] "GET /cormun/static/about:blank HTTP/1.1" 404 1011
201.186.225.183 - - [18/Dec/2025:11:57:56 -0300] "GET /cormun/servlet/permisogoce?10dc886376c4cb60f3d3db723b954340670586da974ef786c866f1be5fbff7ef9b9eb1a75144ee8cff895fd4e437fb9b8e3df68774cb4a29880503aa8c3ba401,gx-no-cache=1766069899052 HTTP/1.1" 200 80
201.186.225.183 - - [18/Dec/2025:11:58:01 -0300] "GET /cormun/servlet/permisogoce?10dc886376c4cb60f3d3db723b9543408ab5ab3e5ceea2575ae8b02088cee4518434fd564191d2a53d2a9cda73aaca132dae52eec04ded45911c7a01d4bd741f,gx-no-cache=1766069903725 HTTP/1.1" 200 48
201.186.225.183 - - [18/Dec/2025:11:58:02 -0300] "POST /cormun/servlet/permisogoce?dfa7dc2f5969c377f32ed7ecd8104ad7,INS,0,,,,gx-no-cache=1766069904537 HTTP/1.1" 200 93
201.186.225.183 - - [18/Dec/2025:11:58:02 -0300] "GET /cormun/servlet/hpexe_return? HTTP/1.1" 200 1008
201.186.225.183 - - [18/Dec/2025:11:58:02 -0300] "GET /cormun/servlet/trpermisosgoce HTTP/1.1" 200 17696
190.95.67.93 - - [18/Dec/2025:11:58:06 -0300] "POST /cormun/servlet/permisosadjuntos?61fd313b24a0d16a79a04aa492493120,INS,19852529,P,20251212083603,, HTTP/1.1" 200 116
190.95.67.93 - - [18/Dec/2025:11:58:06 -0300] "GET /cormun/servlet/hpexe_return? HTTP/1.1" 200 1038
190.95.67.93 - - [18/Dec/2025:11:58:06 -0300] "GET /cormun/servlet/trpermisosadjuntos?19852529,20251212083603,P, HTTP/1.1" 200 7227
190.95.67.93 - - [18/Dec/2025:11:58:09 -0300] "POST /cormun/servlet/trpermisosadjuntos?61fd313b24a0d16a79a04aa492493120,19852529,20251212083603,P,,gx-no-cache=1766069911084 HTTP/1.1" 200 90
190.95.67.93 - - [18/Dec/2025:11:58:09 -0300] "GET /cormun/servlet/hpexe_link HTTP/1.1" 200 985
190.95.67.93 - - [18/Dec/2025:11:58:09 -0300] "GET /cormun/servlet/trpermisosgoce? HTTP/1.1" 200 18952
190.95.67.93 - - [18/Dec/2025:11:58:14 -0300] "POST /cormun/servlet/trpermisosgoce?61fd313b24a0d16a79a04aa492493120,,gx-no-cache=1766069916078 HTTP/1.1" 200 16017
201.186.225.183 - - [18/Dec/2025:11:58:18 -0300] "GET /cormun/servlet/apermisogoceprn?9813073,P,20251218115857,PU HTTP/1.1" 200 1648
190.95.67.93 - - [18/Dec/2025:11:58:25 -0300] "GET /cormun/servlet/trpermisosadjuntos?19592229,20251212083453,P, HTTP/1.1" 200 6654
190.95.67.93 - - [18/Dec/2025:11:58:27 -0300] "GET /cormun/servlet/permisosadjuntos?INS,19592229,P,20251212083453,, HTTP/1.1" 200 5981
190.95.67.93 - - [18/Dec/2025:11:58:27 -0300] "GET /cormun/static/about:blank HTTP/1.1" 404 1011
201.186.225.183 - - [18/Dec/2025:11:58:33 -0300] "GET /cormun/servlet/permisogoce?INS,0,,, HTTP/1.1" 200 6827
190.95.15.31 - - [18/Dec/2025:11:58:37 -0300] "GET /cormun/servlet/permisogoce?INS,0,,, HTTP/1.1" 200 7255
190.95.67.93 - - [18/Dec/2025:11:58:43 -0300] "POST /cormun/servlet/permisosadjuntos?61fd313b24a0d16a79a04aa492493120,INS,19592229,P,20251212083453,, HTTP/1.1" 200 116
190.95.67.93 - - [18/Dec/2025:11:58:43 -0300] "GET /cormun/servlet/hpexe_return? HTTP/1.1" 200 1040
190.95.67.93 - - [18/Dec/2025:11:58:44 -0300] "GET /cormun/servlet/trpermisosadjuntos?19592229,20251212083453,P, HTTP/1.1" 200 7223
201.186.225.183 - - [18/Dec/2025:11:58:44 -0300] "GET /cormun/servlet/permisogoce?10dc886376c4cb60f3d3db723b954340e2aded2767c2bb797314a939aaa7d431efe538db1f07493cefa884b2c97283128aa38fccf35487566d2942bd169143c5,gx-no-cache=1766069947242 HTTP/1.1" 200 86
190.95.67.93 - - [18/Dec/2025:11:58:47 -0300] "POST /cormun/servlet/trpermisosadjuntos?61fd313b24a0d16a79a04aa492493120,19592229,20251212083453,P,,gx-no-cache=1766069949572 HTTP/1.1" 200 90
190.95.67.93 - - [18/Dec/2025:11:58:47 -0300] "GET /cormun/servlet/hpexe_link HTTP/1.1" 200 987
190.95.67.93 - - [18/Dec/2025:11:58:48 -0300] "GET /cormun/servlet/trpermisosgoce? HTTP/1.1" 200 18780
190.95.15.31 - - [18/Dec/2025:11:58:54 -0300] "GET /cormun/servlet/permisogoce?448d122463556b0a630bf07d8a7051cd489c4a8c82d8aa88c941200aedbefd9990c67ddffd6ac08b5db75e46b9fa45a9dd21af50203c801fcd6639fbffb2b02c,gx-no-cache=1766069954872 HTTP/1.1" 200 79
190.95.15.31 - - [18/Dec/2025:11:58:54 -0300] "GET /cormun/static/menuarrow.gif HTTP/1.1" 404 1015
190.95.67.93 - - [18/Dec/2025:11:58:56 -0300] "POST /cormun/servlet/trpermisosgoce?61fd313b24a0d16a79a04aa492493120,,gx-no-cache=1766069958335 HTTP/1.1" 200 16204
201.186.225.183 - - [18/Dec/2025:11:58:59 -0300] "GET /cormun/servlet/permisogoce?10dc886376c4cb60f3d3db723b95434086f2356efc04d39e1cc84389d80a1bd133c4f0272b4cea938a0feafd56fdce519e637989abc441c28a41835772f10cb0,gx-no-cache=1766069961868 HTTP/1.1" 200 48
190.95.67.93 - - [18/Dec/2025:11:59:00 -0300] "GET /cormun/servlet/trautorizarpermisogoce? HTTP/1.1" 200 8297
201.186.225.183 - - [18/Dec/2025:11:59:01 -0300] "POST /cormun/servlet/permisogoce?dfa7dc2f5969c377f32ed7ecd8104ad7,INS,0,,,,gx-no-cache=1766069963313 HTTP/1.1" 200 93
201.186.225.183 - - [18/Dec/2025:11:59:01 -0300] "GET /cormun/servlet/hpexe_return? HTTP/1.1" 200 1008
201.186.225.183 - - [18/Dec/2025:11:59:01 -0300] "GET /cormun/servlet/trpermisosgoce HTTP/1.1" 200 17702
190.95.15.31 - - [18/Dec/2025:11:59:04 -0300] "GET /cormun/servlet/permisogoce?448d122463556b0a630bf07d8a7051cd4b40ad5791d8cd0a5be9a69eaf3cb7f0a89e4188fc316b22a7f2a0ff1a14f1da02d9faad6dc45f67335a7a255f1075b1,gx-no-cache=1766069964597 HTTP/1.1" 200 48
201.186.225.183 - - [18/Dec/2025:11:59:05 -0300] "GET /cormun/servlet/apermisogoceprn?19265845,P,20251218115946,PU HTTP/1.1" 200 1659
190.95.15.31 - - [18/Dec/2025:11:59:08 -0300] "POST /cormun/servlet/permisogoce?3f974886e1906f1ebbebfa5a81e9cf9b,INS,0,,,,gx-no-cache=1766069968365 HTTP/1.1" 200 93
190.95.15.31 - - [18/Dec/2025:11:59:08 -0300] "GET /cormun/servlet/hpexe_return? HTTP/1.1" 200 1012
190.95.15.31 - - [18/Dec/2025:11:59:08 -0300] "GET /cormun/servlet/trpermisosgoce? HTTP/1.1" 200 8446
190.95.67.93 - - [18/Dec/2025:11:59:09 -0300] "POST /cormun/servlet/trautorizarpermisogoce?61fd313b24a0d16a79a04aa492493120,,gx-no-cache=1766069970836 HTTP/1.1" 200 5266
190.95.67.93 - - [18/Dec/2025:11:59:10 -0300] "POST /cormun/servlet/trautorizarpermisogoce?61fd313b24a0d16a79a04aa492493120,,gx-no-cache=1766069971931 HTTP/1.1" 200 4511
190.95.67.93 - - [18/Dec/2025:11:59:17 -0300] "POST /cormun/servlet/trautorizarpermisogoce?61fd313b24a0d16a79a04aa492493120,,gx-no-cache=1766069979531 HTTP/1.1" 200 90
190.95.67.93 - - [18/Dec/2025:11:59:17 -0300] "GET /cormun/servlet/hpexe_link HTTP/1.1" 200 966
190.95.67.93 - - [18/Dec/2025:11:59:18 -0300] "GET /cormun/servlet/trpermisosgoce? HTTP/1.1" 200 18952
201.186.225.183 - - [18/Dec/2025:11:59:20 -0300] "GET /cormun/servlet/permisogoce?INS,0,,, HTTP/1.1" 200 6826
201.186.225.183 - - [18/Dec/2025:11:59:31 -0300] "GET /cormun/servlet/permisogoce?10dc886376c4cb60f3d3db723b95434096720c915d86376a9de4618fbac882539b9eb1a75144ee8cff895fd4e437fb9b8e3df68774cb4a29880503aa8c3ba401,gx-no-cache=1766069990384 HTTP/1.1" 200 87
190.95.67.93 - - [18/Dec/2025:11:59:32 -0300] "GET /cormun/servlet/trpermisosadjuntos?13301971,20251212084044,P, HTTP/1.1" 200 7222
201.186.225.183 - - [18/Dec/2025:11:59:36 -0300] "GET /cormun/servlet/permisogoce?10dc886376c4cb60f3d3db723b954340de2e8bfea3a8b5eaaa9b41222af71fa60c19cf10842d7de43425c4881767aa932dae52eec04ded45911c7a01d4bd741f,gx-no-cache=1766069999443 HTTP/1.1" 200 47
201.186.225.183 - - [18/Dec/2025:11:59:40 -0300] "POST /cormun/servlet/permisogoce?dfa7dc2f5969c377f32ed7ecd8104ad7,INS,0,,,,gx-no-cache=1766070000337 HTTP/1.1" 200 93
201.186.225.183 - - [18/Dec/2025:11:59:40 -0300] "GET /cormun/servlet/hpexe_return? HTTP/1.1" 200 1008
190.95.67.93 - - [18/Dec/2025:11:59:40 -0300] "POST /cormun/servlet/trpermisosadjuntos?61fd313b24a0d16a79a04aa492493120,13301971,20251212084044,P,,gx-no-cache=1766070001949 HTTP/1.1" 200 90
190.95.67.93 - - [18/Dec/2025:11:59:40 -0300] "GET /cormun/servlet/hpexe_link HTTP/1.1" 200 983
201.186.225.183 - - [18/Dec/2025:11:59:40 -0300] "GET /cormun/servlet/trpermisosgoce HTTP/1.1" 200 17700
190.95.67.93 - - [18/Dec/2025:11:59:40 -0300] "GET /cormun/servlet/trpermisosgoce HTTP/1.1" 200 18775
201.186.225.183 - - [18/Dec/2025:11:59:43 -0300] "GET /cormun/servlet/apermisogoceprn?19265845,P,20251218115946,PU HTTP/1.1" 200 1659
190.95.67.93 - - [18/Dec/2025:11:59:45 -0300] "POST /cormun/servlet/trpermisosgoce?61fd313b24a0d16a79a04aa492493120,gx-no-cache=1766070007110 HTTP/1.1" 200 16186
201.186.225.183 - - [18/Dec/2025:11:59:45 -0300] "GET /cormun/servlet/apermisogoceprn?9040511,P,20251218120033,PU HTTP/1.1" 200 1653
190.95.15.31 - - [18/Dec/2025:11:59:51 -0300] "GET /cormun/servlet/hlogin HTTP/1.1" 200 1722
190.95.67.93 - - [18/Dec/2025:11:59:58 -0300] "GET /cormun/servlet/trpermisosadjuntos?19592229,20251212083453,P, HTTP/1.1" 200 7219
190.95.15.31 - - [18/Dec/2025:12:00:00 -0300] "POST /cormun/servlet/hlogin?3f974886e1906f1ebbebfa5a81e9cf9b,gx-no-cache=1766070020726 HTTP/1.1" 200 90
190.95.15.31 - - [18/Dec/2025:12:00:00 -0300] "GET /cormun/servlet/hpexe_link HTTP/1.1" 200 958
201.186.225.183 - - [18/Dec/2025:12:00:00 -0300] "GET /cormun/servlet/permisogoce?INS,0,,, HTTP/1.1" 200 6827
190.95.15.31 - - [18/Dec/2025:12:00:00 -0300] "GET /cormun/servlet/trpermisosgoce HTTP/1.1" 200 8443
190.95.67.93 - - [18/Dec/2025:12:00:01 -0300] "POST /cormun/servlet/trpermisosadjuntos?61fd313b24a0d16a79a04aa492493120,19592229,20251212083453,P,,gx-no-cache=1766070023363 HTTP/1.1" 200 90
190.95.67.93 - - [18/Dec/2025:12:00:01 -0300] "GET /cormun/servlet/hpexe_link HTTP/1.1" 200 1006
190.95.67.93 - - [18/Dec/2025:12:00:01 -0300] "GET /cormun/servlet/trpermisosgoce?gx-no-cache=1766070007110 HTTP/1.1" 200 18961
190.95.67.93 - - [18/Dec/2025:12:00:09 -0300] "POST /cormun/servlet/trpermisosgoce?61fd313b24a0d16a79a04aa492493120,gx-no-cache=1766070007110,gx-no-cache=1766070030486 HTTP/1.1" 200 16027
201.186.225.183 - - [18/Dec/2025:12:00:09 -0300] "GET /cormun/servlet/permisogoce?10dc886376c4cb60f3d3db723b954340c5e8c6f5fe841ff5abb4b4bcafec9856efe538db1f07493cefa884b2c97283128aa38fccf35487566d2942bd169143c5,gx-no-cache=1766070032120 HTTP/1.1" 200 87
190.95.15.31 - - [18/Dec/2025:12:00:14 -0300] "POST /cormun/servlet/trpermisosgoce?3f974886e1906f1ebbebfa5a81e9cf9b,gx-no-cache=1766070034624 HTTP/1.1" 200 15833
201.186.225.183 - - [18/Dec/2025:12:00:14 -0300] "GET /cormun/servlet/permisogoce?10dc886376c4cb60f3d3db723b954340ab65fce9b1fe7559cef9eaf13277c8123473f41794399f2e57ca47fa9f2f515e9e637989abc441c28a41835772f10cb0,gx-no-cache=1766070037061 HTTP/1.1" 200 48
190.95.67.93 - - [18/Dec/2025:12:00:15 -0300] "GET /cormun/servlet/trpermisosgoce?gx-no-cache=1766070007110 HTTP/1.1" 200 18775
201.186.225.183 - - [18/Dec/2025:12:00:16 -0300] "POST /cormun/servlet/permisogoce?dfa7dc2f5969c377f32ed7ecd8104ad7,INS,0,,,,gx-no-cache=1766070038410 HTTP/1.1" 200 93
201.186.225.183 - - [18/Dec/2025:12:00:16 -0300] "GET /cormun/servlet/hpexe_return? HTTP/1.1" 200 1008
201.186.225.183 - - [18/Dec/2025:12:00:16 -0300] "GET /cormun/servlet/trpermisosgoce HTTP/1.1" 200 17754
190.95.15.31 - - [18/Dec/2025:12:00:18 -0300] "GET /cormun/servlet/apermisogoceprn?20494140,P,20251218115950,PU HTTP/1.1" 200 1661
201.186.225.183 - - [18/Dec/2025:12:00:19 -0300] "GET /cormun/servlet/apermisogoceprn?12291516,P,20251218120113,PU HTTP/1.1" 200 1645
190.95.67.93 - - [18/Dec/2025:12:00:19 -0300] "POST /cormun/servlet/trpermisosgoce?61fd313b24a0d16a79a04aa492493120,gx-no-cache=1766070007110,gx-no-cache=1766070041462 HTTP/1.1" 200 16009
190.95.67.93 - - [18/Dec/2025:12:00:30 -0300] "GET /cormun/servlet/trpermisosadjuntos?19592229,20251212083453,P, HTTP/1.1" 200 7240
190.95.15.31 - - [18/Dec/2025:12:00:34 -0300] "GET /cormun/servlet/permisogoce?INS,0,,, HTTP/1.1" 200 7255
190.95.15.31 - - [18/Dec/2025:12:00:45 -0300] "GET /cormun/servlet/permisogoce?448d122463556b0a630bf07d8a7051cd489c4a8c82d8aa88c941200aedbefd9990c67ddffd6ac08b5db75e46b9fa45a9dd21af50203c801fcd6639fbffb2b02c,gx-no-cache=1766070066360 HTTP/1.1" 200 81
190.95.15.31 - - [18/Dec/2025:12:00:45 -0300] "GET /cormun/static/menuarrow.gif HTTP/1.1" 404 1015
190.95.67.93 - - [18/Dec/2025:12:00:49 -0300] "GET /cormun/servlet/permisosadjuntos?DLT,19592229,P,20251212083453,20251218115940, HTTP/1.1" 200 6058
190.95.67.93 - - [18/Dec/2025:12:00:50 -0300] "GET /cormun/PublicTempStorage/permiso_adm._noemi_carmona_n%B0_3154672057.pdf HTTP/1.1" 200 239655
190.95.1.183 - - [18/Dec/2025:12:00:51 -0300] "GET /cormun/servlet/hlogin HTTP/1.1" 200 1720
190.95.15.31 - - [18/Dec/2025:12:00:51 -0300] "GET /cormun/servlet/permisogoce?448d122463556b0a630bf07d8a7051cd4b40ad5791d8cd0a5be9a69eaf3cb7f02fe1bf28924d1ddb1925ae2b14b793a0ad3b337ad9920b9b5818dac33491a7b2,gx-no-cache=1766070072429 HTTP/1.1" 200 47
190.95.15.31 - - [18/Dec/2025:12:00:55 -0300] "POST /cormun/servlet/permisogoce?3f974886e1906f1ebbebfa5a81e9cf9b,INS,0,,,,gx-no-cache=1766070075543 HTTP/1.1" 200 93
190.95.15.31 - - [18/Dec/2025:12:00:55 -0300] "GET /cormun/servlet/hpexe_return? HTTP/1.1" 200 1032
190.95.15.31 - - [18/Dec/2025:12:00:55 -0300] "GET /cormun/servlet/trpermisosgoce?gx-no-cache=1766070034624 HTTP/1.1" 200 18594
190.95.1.183 - - [18/Dec/2025:12:00:59 -0300] "POST /cormun/servlet/hlogin?b4e88e3dea25e7fb6ebdc73d1fdcc65b,gx-no-cache=1766070081046 HTTP/1.1" 200 90
190.95.1.183 - - [18/Dec/2025:12:00:59 -0300] "GET /cormun/servlet/hpexe_link HTTP/1.1" 200 954
190.95.1.183 - - [18/Dec/2025:12:00:59 -0300] "GET /cormun/servlet/trlicencias? HTTP/1.1" 200 8334
190.95.15.31 - - [18/Dec/2025:12:01:00 -0300] "GET /cormun/servlet/apermisogoceprn?20494140,P,20251218120147,PU HTTP/1.1" 200 1662
190.95.67.93 - - [18/Dec/2025:12:01:16 -0300] "GET /cormun/servlet/permisosadjuntos?DLT,19592229,P,20251212083453,20251218115940, HTTP/1.1" 200 6057
190.95.67.93 - - [18/Dec/2025:12:01:16 -0300] "GET /cormun/PublicTempStorage/permiso_adm._noemi_carmona_n%B0_3157962012.pdf HTTP/1.1" 200 239655
190.95.67.93 - - [18/Dec/2025:12:01:18 -0300] "POST /cormun/servlet/permisosadjuntos?61fd313b24a0d16a79a04aa492493120,DLT,19592229,P,20251212083453,20251218115940,,gx-no-cache=1766070099884 HTTP/1.1" 200 93
190.95.67.93 - - [18/Dec/2025:12:01:18 -0300] "GET /cormun/servlet/hpexe_return? HTTP/1.1" 200 1047
190.95.67.93 - - [18/Dec/2025:12:01:18 -0300] "GET /cormun/servlet/trpermisosadjuntos?19592229,20251212083453,P, HTTP/1.1" 200 6658
190.95.67.93 - - [18/Dec/2025:12:01:20 -0300] "GET /cormun/servlet/permisosadjuntos?INS,19592229,P,20251212083453,, HTTP/1.1" 200 5984
190.95.67.93 - - [18/Dec/2025:12:01:21 -0300] "GET /cormun/static/about:blank HTTP/1.1" 404 1011
190.95.1.183 - - [18/Dec/2025:12:01:21 -0300] "POST /cormun/servlet/trlicencias?b4e88e3dea25e7fb6ebdc73d1fdcc65b,,gx-no-cache=1766070103509 HTTP/1.1" 200 6864
190.95.67.93 - - [18/Dec/2025:12:01:33 -0300] "POST /cormun/servlet/permisosadjuntos?61fd313b24a0d16a79a04aa492493120,INS,19592229,P,20251212083453,, HTTP/1.1" 200 116
190.95.67.93 - - [18/Dec/2025:12:01:33 -0300] "GET /cormun/servlet/hpexe_return? HTTP/1.1" 200 1040
190.95.67.93 - - [18/Dec/2025:12:01:34 -0300] "GET /cormun/servlet/trpermisosadjuntos?19592229,20251212083453,P, HTTP/1.1" 200 7208
190.95.67.93 - - [18/Dec/2025:12:01:36 -0300] "POST /cormun/servlet/trpermisosadjuntos?61fd313b24a0d16a79a04aa492493120,19592229,20251212083453,P,,gx-no-cache=1766070118212 HTTP/1.1" 200 90
190.95.67.93 - - [18/Dec/2025:12:01:36 -0300] "GET /cormun/servlet/hpexe_link HTTP/1.1" 200 1006
190.95.67.93 - - [18/Dec/2025:12:01:36 -0300] "GET /cormun/servlet/trpermisosgoce?gx-no-cache=1766070007110 HTTP/1.1" 200 18961
190.95.15.31 - - [18/Dec/2025:12:01:37 -0300] "GET /cormun/servlet/permisogoce?INS,0,,, HTTP/1.1" 200 7275
190.95.67.93 - - [18/Dec/2025:12:01:41 -0300] "POST /cormun/servlet/trpermisosgoce?61fd313b24a0d16a79a04aa492493120,gx-no-cache=1766070007110,gx-no-cache=1766070122766 HTTP/1.1" 200 16009
190.95.15.31 - - [18/Dec/2025:12:01:48 -0300] "GET /cormun/servlet/permisogoce?448d122463556b0a630bf07d8a7051cd9a44fd4ae67a17e5a72bfa03aa16ec6490c67ddffd6ac08b5db75e46b9fa45a9dd21af50203c801fcd6639fbffb2b02c,gx-no-cache=1766070128911 HTTP/1.1" 200 86
190.95.15.31 - - [18/Dec/2025:12:01:54 -0300] "GET /cormun/servlet/permisogoce?448d122463556b0a630bf07d8a7051cd7683f6274047b651b6f976aebb63a5f7f9b854fabf2d21b604049ebf6e3b25bfad3b337ad9920b9b5818dac33491a7b2,gx-no-cache=1766070134757 HTTP/1.1" 200 48
190.95.15.31 - - [18/Dec/2025:12:01:57 -0300] "POST /cormun/servlet/permisogoce?3f974886e1906f1ebbebfa5a81e9cf9b,INS,0,,,,gx-no-cache=1766070137207 HTTP/1.1" 200 93
190.95.15.31 - - [18/Dec/2025:12:01:57 -0300] "GET /cormun/servlet/hpexe_return? HTTP/1.1" 200 1032
190.95.15.31 - - [18/Dec/2025:12:01:57 -0300] "GET /cormun/servlet/trpermisosgoce?gx-no-cache=1766070034624 HTTP/1.1" 200 18607
190.95.15.31 - - [18/Dec/2025:12:02:00 -0300] "GET /cormun/servlet/apermisogoceprn?19262713,P,20251218120250,PU HTTP/1.1" 200 1672
190.95.15.31 - - [18/Dec/2025:12:03:20 -0300] "POST /cormun/servlet/trpermisosgoce?3f974886e1906f1ebbebfa5a81e9cf9b,gx-no-cache=1766070034624,gx-no-cache=1766070221186 HTTP/1.1" 200 5967
190.95.15.31 - - [18/Dec/2025:12:03:59 -0300] "GET /cormun/servlet/permisogoce?INS,0,,, HTTP/1.1" 200 7276
190.95.67.99 - - [18/Dec/2025:12:04:14 -0300] "GET /cormun/servlet/permisogoce?INS,0,,, HTTP/1.1" 200 6052
190.95.15.31 - - [18/Dec/2025:12:04:14 -0300] "GET /cormun/servlet/permisogoce?448d122463556b0a630bf07d8a7051cd9a44fd4ae67a17e5a72bfa03aa16ec6490c67ddffd6ac08b5db75e46b9fa45a9dd21af50203c801fcd6639fbffb2b02c,gx-no-cache=1766070275359 HTTP/1.1" 200 87
190.95.67.99 - - [18/Dec/2025:12:04:15 -0300] "GET /cormun/servlet/hlogin HTTP/1.1" 200 1747
190.95.67.99 - - [18/Dec/2025:12:04:18 -0300] "POST /cormun/servlet/hlogin?9fd77d5684f1ae1da1692afd56927149,gx-no-cache=1766070282422 HTTP/1.1" 200 90
190.95.67.99 - - [18/Dec/2025:12:04:18 -0300] "GET /cormun/servlet/hpexe_link HTTP/1.1" 200 966
190.95.67.99 - - [18/Dec/2025:12:04:18 -0300] "GET /cormun/servlet/permisogoce?INS,0,,, HTTP/1.1" 200 7044
190.95.67.99 - - [18/Dec/2025:12:04:20 -0300] "POST /cormun/servlet/permisogoce?9fd77d5684f1ae1da1692afd56927149,INS,0,,,,gx-no-cache=1766070284614 HTTP/1.1" 200 93
190.95.67.99 - - [18/Dec/2025:12:04:20 -0300] "GET /cormun/servlet/hpexe_return? HTTP/1.1" 200 1009
190.95.67.99 - - [18/Dec/2025:12:04:20 -0300] "GET /cormun/servlet/hhome HTTP/1.1" 200 4321
190.95.15.31 - - [18/Dec/2025:12:04:25 -0300] "GET /cormun/servlet/permisogoce?448d122463556b0a630bf07d8a7051cd7683f6274047b651b6f976aebb63a5f77d6951361ba4f575ba5f189381bb111aad3b337ad9920b9b5818dac33491a7b2,gx-no-cache=1766070286205 HTTP/1.1" 200 48
190.95.15.31 - - [18/Dec/2025:12:04:28 -0300] "POST /cormun/servlet/permisogoce?3f974886e1906f1ebbebfa5a81e9cf9b,INS,0,,,,gx-no-cache=1766070288479 HTTP/1.1" 200 93
190.95.15.31 - - [18/Dec/2025:12:04:28 -0300] "GET /cormun/servlet/hpexe_return? HTTP/1.1" 200 1032
190.95.15.31 - - [18/Dec/2025:12:04:28 -0300] "GET /cormun/servlet/trpermisosgoce?gx-no-cache=1766070034624 HTTP/1.1" 200 8975
190.95.67.99 - - [18/Dec/2025:12:04:31 -0300] "GET /cormun/servlet/trpermisosgoce? HTTP/1.1" 200 18607
190.95.15.31 - - [18/Dec/2025:12:04:33 -0300] "GET /cormun/servlet/apermisogoceprn?19262713,P,20251218120512,PU HTTP/1.1" 200 1676
190.95.67.99 - - [18/Dec/2025:12:04:33 -0300] "GET /cormun/servlet/trlicencias? HTTP/1.1" 200 9522
190.95.67.99 - - [18/Dec/2025:12:05:05 -0300] "GET /cormun/servlet/trpermisosgoce? HTTP/1.1" 200 18605
190.95.15.31 - - [18/Dec/2025:12:05:12 -0300] "POST /cormun/servlet/trpermisosgoce?3f974886e1906f1ebbebfa5a81e9cf9b,gx-no-cache=1766070034624,gx-no-cache=1766070332722 HTTP/1.1" 200 5583
