190.95.15.31 - - [18/Dec/2025:12:05:12 -0300] "POST /cormun/servlet/trpermisosgoce?3f974886e1906f1ebbebfa5a81e9cf9b,gx-no-cache=1766070034624,gx-no-cache=1766070332900 HTTP/1.1" 200 5562
190.95.15.31 - - [18/Dec/2025:12:05:19 -0300] "GET /cormun/servlet/permisogoce?INS,0,,, HTTP/1.1" 200 7275
190.95.67.99 - - [18/Dec/2025:12:05:28 -0300] "POST /cormun/servlet/trpermisosgoce?9fd77d5684f1ae1da1692afd56927149,,gx-no-cache=1766070353233 HTTP/1.1" 200 5744
190.95.15.31 - - [18/Dec/2025:12:05:30 -0300] "GET /cormun/servlet/permisogoce?448d122463556b0a630bf07d8a7051cd9a44fd4ae67a17e5a72bfa03aa16ec6490c67ddffd6ac08b5db75e46b9fa45a9dd21af50203c801fcd6639fbffb2b02c,gx-no-cache=1766070350711 HTTP/1.1" 200 87
190.95.15.31 - - [18/Dec/2025:12:05:57 -0300] "GET /cormun/servlet/permisogoce?448d122463556b0a630bf07d8a7051cd7683f6274047b651b6f976aebb63a5f7d3c135721222cb40345bbe3c2c1227c202d9faad6dc45f67335a7a255f1075b1,gx-no-cache=1766070377494 HTTP/1.1" 200 47
190.95.15.31 - - [18/Dec/2025:12:06:00 -0300] "POST /cormun/servlet/permisogoce?3f974886e1906f1ebbebfa5a81e9cf9b,INS,0,,,,gx-no-cache=1766070380424 HTTP/1.1" 200 93
190.95.15.31 - - [18/Dec/2025:12:06:00 -0300] "GET /cormun/servlet/hpexe_return? HTTP/1.1" 200 1032
190.95.15.31 - - [18/Dec/2025:12:06:00 -0300] "GET /cormun/servlet/trpermisosgoce?gx-no-cache=1766070034624 HTTP/1.1" 200 8612
190.95.15.31 - - [18/Dec/2025:12:06:05 -0300] "GET /cormun/servlet/apermisogoceprn?19262713,P,20251218120632,PU HTTP/1.1" 200 1667
190.95.15.31 - - [18/Dec/2025:12:06:25 -0300] "GET /cormun/servlet/permisogoce?INS,0,,, HTTP/1.1" 200 7276
190.95.15.31 - - [18/Dec/2025:12:06:31 -0300] "GET /cormun/servlet/permisogoce?448d122463556b0a630bf07d8a7051cd9a44fd4ae67a17e5a72bfa03aa16ec6490c67ddffd6ac08b5db75e46b9fa45a9dd21af50203c801fcd6639fbffb2b02c,gx-no-cache=1766070411999 HTTP/1.1" 200 89
190.95.15.31 - - [18/Dec/2025:12:06:39 -0300] "GET /cormun/servlet/permisogoce?448d122463556b0a630bf07d8a7051cd7683f6274047b651b6f976aebb63a5f79fa55fd2829d4a38928fabdaa90cc357ad3b337ad9920b9b5818dac33491a7b2,gx-no-cache=1766070420110 HTTP/1.1" 200 47
190.95.15.31 - - [18/Dec/2025:12:06:43 -0300] "POST /cormun/servlet/permisogoce?3f974886e1906f1ebbebfa5a81e9cf9b,INS,0,,,,gx-no-cache=1766070423776 HTTP/1.1" 200 93
190.95.15.31 - - [18/Dec/2025:12:06:43 -0300] "GET /cormun/servlet/hpexe_return? HTTP/1.1" 200 1032
190.95.15.31 - - [18/Dec/2025:12:06:43 -0300] "GET /cormun/servlet/trpermisosgoce?gx-no-cache=1766070034624 HTTP/1.1" 200 8788
190.95.15.31 - - [18/Dec/2025:12:06:48 -0300] "GET /cormun/servlet/apermisogoceprn?19262713,P,20251218120737,PU HTTP/1.1" 200 1671
201.186.225.183 - - [18/Dec/2025:12:07:07 -0300] "GET /cormun/servlet/permisogoce?INS,0,,, HTTP/1.1" 200 6827
201.186.225.183 - - [18/Dec/2025:12:07:16 -0300] "GET /cormun/servlet/permisogoce?10dc886376c4cb60f3d3db723b954340af99590a15ca10487616ff52e28a56d2efe538db1f07493cefa884b2c97283128aa38fccf35487566d2942bd169143c5,gx-no-cache=1766070459562 HTTP/1.1" 200 77
190.95.15.31 - - [18/Dec/2025:12:07:20 -0300] "GET /cormun/servlet/permisogoce?INS,0,,, HTTP/1.1" 200 7275
201.186.225.183 - - [18/Dec/2025:12:07:21 -0300] "GET /cormun/servlet/permisogoce?10dc886376c4cb60f3d3db723b954340b922637090ed20428621c0649416404e1b18e92cb465d4c71e42ef7c371a5a029e637989abc441c28a41835772f10cb0,gx-no-cache=1766070464290 HTTP/1.1" 200 48
201.186.225.183 - - [18/Dec/2025:12:07:23 -0300] "POST /cormun/servlet/permisogoce?dfa7dc2f5969c377f32ed7ecd8104ad7,INS,0,,,,gx-no-cache=1766070465153 HTTP/1.1" 200 93
201.186.225.183 - - [18/Dec/2025:12:07:23 -0300] "GET /cormun/servlet/hpexe_return? HTTP/1.1" 200 1008
201.186.225.183 - - [18/Dec/2025:12:07:23 -0300] "GET /cormun/servlet/trpermisosgoce HTTP/1.1" 200 17734
167.94.138.124 - - [18/Dec/2025:12:07:23 -0300] "-" 400 -
167.94.138.124 - - [18/Dec/2025:12:07:25 -0300] "GET / HTTP/1.1" 200 11217
167.94.138.124 - - [18/Dec/2025:12:07:27 -0300] "PRI * HTTP/2.0" 505 -
167.94.138.124 - - [18/Dec/2025:12:07:28 -0300] "GET /favicon.ico HTTP/1.1" 200 21630
190.95.15.31 - - [18/Dec/2025:12:07:31 -0300] "GET /cormun/servlet/permisogoce?448d122463556b0a630bf07d8a7051cd9a44fd4ae67a17e5a72bfa03aa16ec6490c67ddffd6ac08b5db75e46b9fa45a9dd21af50203c801fcd6639fbffb2b02c,gx-no-cache=1766070472239 HTTP/1.1" 200 89
167.94.138.124 - - [18/Dec/2025:12:07:39 -0300] "GET /favicon.ico HTTP/1.1" 200 21630
190.95.15.31 - - [18/Dec/2025:12:07:40 -0300] "GET /cormun/servlet/permisogoce?448d122463556b0a630bf07d8a7051cd7683f6274047b651b6f976aebb63a5f760b0f813a6dcd1e591c55d922b996806ad3b337ad9920b9b5818dac33491a7b2,gx-no-cache=1766070481070 HTTP/1.1" 200 48
190.95.15.31 - - [18/Dec/2025:12:07:44 -0300] "POST /cormun/servlet/permisogoce?3f974886e1906f1ebbebfa5a81e9cf9b,INS,0,,,,gx-no-cache=1766070484104 HTTP/1.1" 200 93
190.95.15.31 - - [18/Dec/2025:12:07:44 -0300] "GET /cormun/servlet/hpexe_return? HTTP/1.1" 200 1032
190.95.15.31 - - [18/Dec/2025:12:07:44 -0300] "GET /cormun/servlet/trpermisosgoce?gx-no-cache=1766070034624 HTTP/1.1" 200 8955
190.95.15.31 - - [18/Dec/2025:12:07:48 -0300] "GET /cormun/servlet/apermisogoceprn?19262713,P,20251218120833,PU HTTP/1.1" 200 1671
201.186.225.183 - - [18/Dec/2025:12:08:10 -0300] "GET /cormun/servlet/apermisogoceprn?13151124,P,20251218120820,PU HTTP/1.1" 200 1645
190.95.15.31 - - [18/Dec/2025:12:08:14 -0300] "GET /cormun/servlet/permisogoce?INS,0,,, HTTP/1.1" 200 7276
190.95.15.31 - - [18/Dec/2025:12:08:22 -0300] "GET /cormun/servlet/permisogoce?448d122463556b0a630bf07d8a7051cd9a44fd4ae67a17e5a72bfa03aa16ec6490c67ddffd6ac08b5db75e46b9fa45a9dd21af50203c801fcd6639fbffb2b02c,gx-no-cache=1766070522916 HTTP/1.1" 200 89
201.186.225.183 - - [18/Dec/2025:12:08:27 -0300] "GET /cormun/servlet/permisogoce?INS,0,,, HTTP/1.1" 200 6827
167.94.138.124 - - [18/Dec/2025:12:08:34 -0300] "GET /wiki HTTP/1.1" 404 969
201.186.225.183 - - [18/Dec/2025:12:08:37 -0300] "GET /cormun/servlet/permisogoce?10dc886376c4cb60f3d3db723b9543405075c4bdbb9bc434f73dd6c4fa02165defe538db1f07493cefa884b2c97283128aa38fccf35487566d2942bd169143c5,gx-no-cache=1766070540279 HTTP/1.1" 200 69
201.186.225.183 - - [18/Dec/2025:12:08:41 -0300] "GET /cormun/servlet/permisogoce?10dc886376c4cb60f3d3db723b954340ab65fce9b1fe7559cef9eaf13277c8129ad0fb91677e3b86d612787346669abb9e637989abc441c28a41835772f10cb0,gx-no-cache=1766070544452 HTTP/1.1" 200 48
201.186.225.183 - - [18/Dec/2025:12:08:44 -0300] "POST /cormun/servlet/permisogoce?dfa7dc2f5969c377f32ed7ecd8104ad7,INS,0,,,,gx-no-cache=1766070546497 HTTP/1.1" 200 93
201.186.225.183 - - [18/Dec/2025:12:08:44 -0300] "GET /cormun/servlet/hpexe_return? HTTP/1.1" 200 1008
201.186.225.183 - - [18/Dec/2025:12:08:44 -0300] "GET /cormun/servlet/trpermisosgoce HTTP/1.1" 200 17770
190.95.15.31 - - [18/Dec/2025:12:08:47 -0300] "GET /cormun/servlet/permisogoce?448d122463556b0a630bf07d8a7051cd7683f6274047b651b6f976aebb63a5f7a202a093c169b4797760b2066cf0c8ccad3b337ad9920b9b5818dac33491a7b2,gx-no-cache=1766070548094 HTTP/1.1" 200 48
201.186.225.183 - - [18/Dec/2025:12:08:49 -0300] "GET /cormun/servlet/apermisogoceprn?12291222,P,20251218120940,PU HTTP/1.1" 200 1647
190.95.15.31 - - [18/Dec/2025:12:08:50 -0300] "POST /cormun/servlet/permisogoce?3f974886e1906f1ebbebfa5a81e9cf9b,INS,0,,,,gx-no-cache=1766070550288 HTTP/1.1" 200 93
190.95.15.31 - - [18/Dec/2025:12:08:50 -0300] "GET /cormun/servlet/hpexe_return? HTTP/1.1" 200 1032
190.95.15.31 - - [18/Dec/2025:12:08:50 -0300] "GET /cormun/servlet/trpermisosgoce?gx-no-cache=1766070034624 HTTP/1.1" 200 9116
190.95.15.31 - - [18/Dec/2025:12:08:59 -0300] "GET /cormun/servlet/apermisogoceprn?19262713,P,20251218120926,PU HTTP/1.1" 200 1677
201.186.225.183 - - [18/Dec/2025:12:09:12 -0300] "GET /cormun/servlet/permisogoce?INS,0,,, HTTP/1.1" 200 6826
201.186.225.183 - - [18/Dec/2025:12:09:23 -0300] "GET /cormun/servlet/permisogoce?10dc886376c4cb60f3d3db723b954340bfe49318fe9aa09069a02b135814ec079b9eb1a75144ee8cff895fd4e437fb9b8e3df68774cb4a29880503aa8c3ba401,gx-no-cache=1766070585750 HTTP/1.1" 200 78
201.186.225.183 - - [18/Dec/2025:12:09:26 -0300] "GET /cormun/servlet/permisogoce?10dc886376c4cb60f3d3db723b954340a24994f3e8ab1f20527ca2871de15bff11a64dc06c9e51baa717689b16f37b6e2dae52eec04ded45911c7a01d4bd741f,gx-no-cache=1766070589649 HTTP/1.1" 200 47
201.186.225.183 - - [18/Dec/2025:12:09:28 -0300] "POST /cormun/servlet/permisogoce?dfa7dc2f5969c377f32ed7ecd8104ad7,INS,0,,,,gx-no-cache=1766070590600 HTTP/1.1" 200 93
201.186.225.183 - - [18/Dec/2025:12:09:28 -0300] "GET /cormun/servlet/hpexe_return? HTTP/1.1" 200 1008
201.186.225.183 - - [18/Dec/2025:12:09:29 -0300] "GET /cormun/servlet/trpermisosgoce HTTP/1.1" 200 17817
201.186.225.183 - - [18/Dec/2025:12:09:34 -0300] "GET /cormun/servlet/apermisogoceprn?9528102,P,20251218121025,PU HTTP/1.1" 200 1650
201.186.225.183 - - [18/Dec/2025:12:09:38 -0300] "GET /cormun/servlet/permisogoce?INS,0,,, HTTP/1.1" 200 6826
201.186.225.183 - - [18/Dec/2025:12:09:45 -0300] "GET /cormun/servlet/permisogoce?10dc886376c4cb60f3d3db723b954340bfe49318fe9aa09069a02b135814ec079b9eb1a75144ee8cff895fd4e437fb9b8e3df68774cb4a29880503aa8c3ba401,gx-no-cache=1766070607700 HTTP/1.1" 200 77
201.186.225.183 - - [18/Dec/2025:12:09:49 -0300] "GET /cormun/servlet/permisogoce?10dc886376c4cb60f3d3db723b954340a24994f3e8ab1f20527ca2871de15bff8e7f928d35bd3d6affb8e1031bc498e62dae52eec04ded45911c7a01d4bd741f,gx-no-cache=1766070612537 HTTP/1.1" 200 47
201.186.225.183 - - [18/Dec/2025:12:09:51 -0300] "POST /cormun/servlet/permisogoce?dfa7dc2f5969c377f32ed7ecd8104ad7,INS,0,,,,gx-no-cache=1766070613400 HTTP/1.1" 200 93
201.186.225.183 - - [18/Dec/2025:12:09:51 -0300] "GET /cormun/servlet/hpexe_return? HTTP/1.1" 200 1008
201.186.225.183 - - [18/Dec/2025:12:09:51 -0300] "GET /cormun/servlet/trpermisosgoce HTTP/1.1" 200 17765
190.95.15.31 - - [18/Dec/2025:12:09:51 -0300] "POST /cormun/servlet/trpermisosgoce?3f974886e1906f1ebbebfa5a81e9cf9b,gx-no-cache=1766070034624,gx-no-cache=1766070612032 HTTP/1.1" 200 6150
201.186.225.183 - - [18/Dec/2025:12:09:55 -0300] "GET /cormun/servlet/apermisogoceprn?9528102,P,20251218121051,PU HTTP/1.1" 200 1650
190.95.15.31 - - [18/Dec/2025:12:10:22 -0300] "GET /cormun/servlet/permisogoce?INS,0,,, HTTP/1.1" 200 7275
190.95.15.31 - - [18/Dec/2025:12:10:32 -0300] "GET /cormun/servlet/permisogoce?448d122463556b0a630bf07d8a7051cd1ef526ba547b95995950e81acd6e60aa90c67ddffd6ac08b5db75e46b9fa45a9dd21af50203c801fcd6639fbffb2b02c,gx-no-cache=1766070653200 HTTP/1.1" 200 88
201.186.225.183 - - [18/Dec/2025:12:10:36 -0300] "GET /cormun/servlet/permisogoce?INS,0,,, HTTP/1.1" 200 6827
190.95.15.31 - - [18/Dec/2025:12:10:46 -0300] "GET /cormun/servlet/permisogoce?448d122463556b0a630bf07d8a7051cd536e23b928994003554e7520edeb2d9a7b25f0074b511f700a1e0e821d6ec057ad3b337ad9920b9b5818dac33491a7b2,gx-no-cache=1766070666694 HTTP/1.1" 200 48
190.95.15.31 - - [18/Dec/2025:12:10:49 -0300] "POST /cormun/servlet/permisogoce?3f974886e1906f1ebbebfa5a81e9cf9b,INS,0,,,,gx-no-cache=1766070669400 HTTP/1.1" 200 93
190.95.15.31 - - [18/Dec/2025:12:10:49 -0300] "GET /cormun/servlet/hpexe_return? HTTP/1.1" 200 1032
190.95.15.31 - - [18/Dec/2025:12:10:49 -0300] "GET /cormun/servlet/trpermisosgoce?gx-no-cache=1766070034624 HTTP/1.1" 200 9174
190.95.15.31 - - [18/Dec/2025:12:10:53 -0300] "GET /cormun/servlet/apermisogoceprn?19018399,P,20251218121135,PU HTTP/1.1" 200 1673
190.95.15.31 - - [18/Dec/2025:12:11:33 -0300] "GET /cormun/servlet/permisogoce?INS,0,,, HTTP/1.1" 200 7275
190.95.15.31 - - [18/Dec/2025:12:11:42 -0300] "GET /cormun/servlet/permisogoce?448d122463556b0a630bf07d8a7051cd1ef526ba547b95995950e81acd6e60aa90c67ddffd6ac08b5db75e46b9fa45a9dd21af50203c801fcd6639fbffb2b02c,gx-no-cache=1766070723408 HTTP/1.1" 200 88
190.95.15.31 - - [18/Dec/2025:12:11:54 -0300] "GET /cormun/servlet/permisogoce?448d122463556b0a630bf07d8a7051cd536e23b928994003554e7520edeb2d9aacf4881a945e600d1ed6f285ff7eb728ad3b337ad9920b9b5818dac33491a7b2,gx-no-cache=1766070734766 HTTP/1.1" 200 48
190.95.15.31 - - [18/Dec/2025:12:11:57 -0300] "POST /cormun/servlet/permisogoce?3f974886e1906f1ebbebfa5a81e9cf9b,INS,0,,,,gx-no-cache=1766070737984 HTTP/1.1" 200 93
190.95.15.31 - - [18/Dec/2025:12:11:57 -0300] "GET /cormun/servlet/hpexe_return? HTTP/1.1" 200 1032
190.95.15.31 - - [18/Dec/2025:12:11:58 -0300] "GET /cormun/servlet/trpermisosgoce?gx-no-cache=1766070034624 HTTP/1.1" 200 9339
190.95.15.31 - - [18/Dec/2025:12:12:10 -0300] "GET /cormun/servlet/apermisogoceprn?19018399,P,20251218121246,PU HTTP/1.1" 200 1671
190.95.15.31 - - [18/Dec/2025:12:12:20 -0300] "GET /cormun/servlet/permisogoce?INS,0,,, HTTP/1.1" 200 7275
190.95.15.31 - - [18/Dec/2025:12:12:31 -0300] "GET /cormun/servlet/permisogoce?448d122463556b0a630bf07d8a7051cd1ef526ba547b95995950e81acd6e60aa90c67ddffd6ac08b5db75e46b9fa45a9dd21af50203c801fcd6639fbffb2b02c,gx-no-cache=1766070772352 HTTP/1.1" 200 88
190.95.15.31 - - [18/Dec/2025:12:12:38 -0300] "GET /cormun/servlet/permisogoce?448d122463556b0a630bf07d8a7051cd536e23b928994003554e7520edeb2d9a5d2862b35821a019a09b83f9979c1cfead3b337ad9920b9b5818dac33491a7b2,gx-no-cache=1766070779318 HTTP/1.1" 200 48
190.95.15.31 - - [18/Dec/2025:12:12:41 -0300] "POST /cormun/servlet/permisogoce?3f974886e1906f1ebbebfa5a81e9cf9b,INS,0,,,,gx-no-cache=1766070781592 HTTP/1.1" 200 93
190.95.15.31 - - [18/Dec/2025:12:12:41 -0300] "GET /cormun/servlet/hpexe_return? HTTP/1.1" 200 1032
190.95.15.31 - - [18/Dec/2025:12:12:41 -0300] "GET /cormun/servlet/trpermisosgoce?gx-no-cache=1766070034624 HTTP/1.1" 200 9502
190.95.15.31 - - [18/Dec/2025:12:12:54 -0300] "GET /cormun/servlet/apermisogoceprn?19018399,P,20251218121333,PU HTTP/1.1" 200 1663
190.95.15.31 - - [18/Dec/2025:12:14:29 -0300] "POST /cormun/servlet/trpermisosgoce?3f974886e1906f1ebbebfa5a81e9cf9b,gx-no-cache=1766070034624,gx-no-cache=1766070890376 HTTP/1.1" 200 4488
190.95.15.31 - - [18/Dec/2025:12:14:32 -0300] "GET /cormun/servlet/permisogoce?INS,0,,, HTTP/1.1" 200 7276
190.95.15.31 - - [18/Dec/2025:12:14:54 -0300] "GET /cormun/servlet/permisogoce?448d122463556b0a630bf07d8a7051cd930e252a1d44c361c191e1d5c9975b6290c67ddffd6ac08b5db75e46b9fa45a9dd21af50203c801fcd6639fbffb2b02c,gx-no-cache=1766070915416 HTTP/1.1" 200 67
190.95.15.31 - - [18/Dec/2025:12:15:11 -0300] "GET /cormun/servlet/permisogoce?448d122463556b0a630bf07d8a7051cd23ee1e4da010737403731b5adeb71f9ffc0fb55bb8a28ff5804d24480844ede6ad3b337ad9920b9b5818dac33491a7b2,gx-no-cache=1766070932182 HTTP/1.1" 200 46
190.95.15.31 - - [18/Dec/2025:12:15:16 -0300] "POST /cormun/servlet/permisogoce?3f974886e1906f1ebbebfa5a81e9cf9b,INS,0,,,,gx-no-cache=1766070936896 HTTP/1.1" 200 93
190.95.15.31 - - [18/Dec/2025:12:15:16 -0300] "GET /cormun/servlet/hpexe_return? HTTP/1.1" 200 1032
190.95.15.31 - - [18/Dec/2025:12:15:17 -0300] "GET /cormun/servlet/trpermisosgoce?gx-no-cache=1766070034624 HTTP/1.1" 200 8165
190.95.15.31 - - [18/Dec/2025:12:15:19 -0300] "GET /cormun/servlet/apermisogoceprn?20029615,P,20251218121545,PU HTTP/1.1" 200 1651
190.95.15.31 - - [18/Dec/2025:12:15:30 -0300] "GET /cormun/servlet/permisogoce?INS,0,,, HTTP/1.1" 200 7276
190.95.15.31 - - [18/Dec/2025:12:15:36 -0300] "GET /cormun/servlet/permisogoce?448d122463556b0a630bf07d8a7051cd930e252a1d44c361c191e1d5c9975b6290c67ddffd6ac08b5db75e46b9fa45a9dd21af50203c801fcd6639fbffb2b02c,gx-no-cache=1766070957392 HTTP/1.1" 200 69
190.95.15.31 - - [18/Dec/2025:12:15:50 -0300] "GET /cormun/servlet/permisogoce?448d122463556b0a630bf07d8a7051cd23ee1e4da010737403731b5adeb71f9fa303283b71bd2e22e7a808c48309515dad3b337ad9920b9b5818dac33491a7b2,gx-no-cache=1766070971134 HTTP/1.1" 200 48
190.95.15.31 - - [18/Dec/2025:12:15:53 -0300] "POST /cormun/servlet/permisogoce?3f974886e1906f1ebbebfa5a81e9cf9b,INS,0,,,,gx-no-cache=1766070973720 HTTP/1.1" 200 93
190.95.15.31 - - [18/Dec/2025:12:15:53 -0300] "GET /cormun/servlet/hpexe_return? HTTP/1.1" 200 1032
190.95.15.31 - - [18/Dec/2025:12:15:53 -0300] "GET /cormun/servlet/trpermisosgoce?gx-no-cache=1766070034624 HTTP/1.1" 200 8403
190.95.15.31 - - [18/Dec/2025:12:15:57 -0300] "GET /cormun/servlet/apermisogoceprn?20029615,P,20251218121642,PU HTTP/1.1" 200 1655
10.40.40.2 - - [18/Dec/2025:12:19:00 -0300] "GET /cormun/servlet/hlogin HTTP/1.1" 200 1721
10.40.40.2 - - [18/Dec/2025:12:19:02 -0300] "POST /cormun/servlet/hlogin?10125204a3a0f8361db70da38121ec06,gx-no-cache=1766071163072 HTTP/1.1" 200 90
10.40.40.2 - - [18/Dec/2025:12:19:02 -0300] "GET /cormun/servlet/hpexe_link HTTP/1.1" 200 952
10.40.40.2 - - [18/Dec/2025:12:19:02 -0300] "GET /cormun/servlet/hhome HTTP/1.1" 200 3191
10.40.40.2 - - [18/Dec/2025:12:19:02 -0300] "GET /cormun/static/PXToolsJavascripts/pexe_menudivfix.js HTTP/1.1" 200 333
10.40.40.2 - - [18/Dec/2025:12:19:05 -0300] "GET /cormun/servlet/trlicencias? HTTP/1.1" 200 17259
10.40.40.2 - - [18/Dec/2025:12:21:15 -0300] "POST /cormun/servlet/trlicencias?10125204a3a0f8361db70da38121ec06,,gx-no-cache=1766071296022 HTTP/1.1" 200 4802
190.95.1.183 - - [18/Dec/2025:12:21:51 -0300] "GET /cormun/servlet/hlogin HTTP/1.1" 200 1720
190.95.15.15 - - [18/Dec/2025:12:21:54 -0300] "GET /cormun/servlet/permisogoce?INS,0,,, HTTP/1.1" 200 6864
190.95.1.183 - - [18/Dec/2025:12:21:56 -0300] "POST /cormun/servlet/hlogin?b4e88e3dea25e7fb6ebdc73d1fdcc65b,gx-no-cache=1766071338695 HTTP/1.1" 200 90
190.95.1.183 - - [18/Dec/2025:12:21:56 -0300] "GET /cormun/servlet/hpexe_link HTTP/1.1" 200 954
190.95.1.183 - - [18/Dec/2025:12:21:57 -0300] "GET /cormun/servlet/trlicencias? HTTP/1.1" 200 9399
190.95.15.15 - - [18/Dec/2025:12:22:02 -0300] "GET /cormun/servlet/permisogoce?48720c447ff8c8dac637e6ba98255275fce9e74eca4f7e14d7650b1232c9dc9edd9e5a846aaa0df4a0a3076ce3c3f7cc12c6d5fbe12161aac95401fee47c485e,gx-no-cache=1766071343523 HTTP/1.1" 200 76
190.95.15.15 - - [18/Dec/2025:12:22:02 -0300] "GET /cormun/static/menuarrow.gif HTTP/1.1" 404 1015
190.95.1.183 - - [18/Dec/2025:12:22:03 -0300] "POST /cormun/servlet/trlicencias?b4e88e3dea25e7fb6ebdc73d1fdcc65b,,gx-no-cache=1766071345328 HTTP/1.1" 200 6911
190.95.15.15 - - [18/Dec/2025:12:22:07 -0300] "GET /cormun/servlet/permisogoce?48720c447ff8c8dac637e6ba98255275e474777856e153c93aa03cddb736329c7c993df827f3bc51534829aa6dadb943fe84a6f129adfe7e4c78ced0ed51733a,gx-no-cache=1766071348673 HTTP/1.1" 200 48
190.95.15.15 - - [18/Dec/2025:12:22:09 -0300] "POST /cormun/servlet/permisogoce?def68c3f0f1cc95311e2da7d167c6115,INS,0,,,,gx-no-cache=1766071350390 HTTP/1.1" 200 93
190.95.15.15 - - [18/Dec/2025:12:22:09 -0300] "GET /cormun/servlet/hpexe_return? HTTP/1.1" 200 1015
190.95.15.15 - - [18/Dec/2025:12:22:09 -0300] "GET /cormun/servlet/trpermisosgoce HTTP/1.1" 200 18503
190.95.15.15 - - [18/Dec/2025:12:22:14 -0300] "GET /cormun/servlet/apermisogoceprn?18375077,P,20251218122307,PU HTTP/1.1" 200 1666
10.40.40.2 - - [18/Dec/2025:12:24:46 -0300] "POST /cormun/servlet/trlicencias?10125204a3a0f8361db70da38121ec06,,gx-no-cache=1766071507262 HTTP/1.1" 200 5117
179.57.78.55 - - [18/Dec/2025:12:25:16 -0300] "GET /cormun/servlet/trpermisosgoce? HTTP/1.1" 200 6025
179.57.78.55 - - [18/Dec/2025:12:25:16 -0300] "GET /cormun/servlet/hlogin HTTP/1.1" 200 1738
179.57.78.55 - - [18/Dec/2025:12:25:21 -0300] "POST /cormun/servlet/hlogin?1089a82f70de41d9d02da6d8055f5f50,gx-no-cache=1766071542857 HTTP/1.1" 200 90
179.57.78.55 - - [18/Dec/2025:12:25:21 -0300] "GET /cormun/servlet/hpexe_link HTTP/1.1" 200 954
179.57.78.55 - - [18/Dec/2025:12:25:21 -0300] "GET /cormun/servlet/trpermisosgoce HTTP/1.1" 200 18663
10.40.40.2 - - [18/Dec/2025:12:25:59 -0300] "POST /cormun/servlet/trlicencias?10125204a3a0f8361db70da38121ec06,,gx-no-cache=1766071579573 HTTP/1.1" 200 15745
201.186.226.3 - - [18/Dec/2025:12:26:10 -0300] "GET /cormun/servlet/hlogin HTTP/1.1" 200 1717
201.186.226.3 - - [18/Dec/2025:12:26:11 -0300] "GET /cormun/servlet/hlogin HTTP/1.1" 200 1728
201.186.226.3 - - [18/Dec/2025:12:26:22 -0300] "POST /cormun/servlet/hlogin?6ad9c95059a3682f7adc194d2f4036fd,gx-no-cache=1766071605096 HTTP/1.1" 200 90
201.186.226.3 - - [18/Dec/2025:12:26:22 -0300] "GET /cormun/servlet/hpexe_link HTTP/1.1" 200 949
201.186.226.3 - - [18/Dec/2025:12:26:22 -0300] "GET /cormun/servlet/hhome HTTP/1.1" 200 3928
201.186.226.3 - - [18/Dec/2025:12:26:26 -0300] "GET /cormun/servlet/trpermisosgoce? HTTP/1.1" 200 16348
201.186.226.3 - - [18/Dec/2025:12:26:38 -0300] "GET /cormun/servlet/trpermisosadjuntos?16981270,20251216153757,P, HTTP/1.1" 200 6246
201.186.226.3 - - [18/Dec/2025:12:26:41 -0300] "GET /cormun/servlet/permisosadjuntos?INS,16981270,P,20251216153757,, HTTP/1.1" 200 5565
201.186.226.3 - - [18/Dec/2025:12:26:42 -0300] "GET /cormun/static/about:blank HTTP/1.1" 404 1011
201.186.226.3 - - [18/Dec/2025:12:27:07 -0300] "POST /cormun/servlet/permisosadjuntos?6ad9c95059a3682f7adc194d2f4036fd,INS,16981270,P,20251216153757,, HTTP/1.1" 200 116
201.186.226.3 - - [18/Dec/2025:12:27:07 -0300] "GET /cormun/servlet/hpexe_return? HTTP/1.1" 200 1036
201.186.226.3 - - [18/Dec/2025:12:27:07 -0300] "GET /cormun/servlet/trpermisosadjuntos?16981270,20251216153757,P, HTTP/1.1" 200 6723
201.186.226.3 - - [18/Dec/2025:12:27:12 -0300] "POST /cormun/servlet/trpermisosadjuntos?6ad9c95059a3682f7adc194d2f4036fd,16981270,20251216153757,P,,gx-no-cache=1766071655528 HTTP/1.1" 200 90
201.186.226.3 - - [18/Dec/2025:12:27:12 -0300] "GET /cormun/servlet/hpexe_link HTTP/1.1" 200 981
201.186.226.3 - - [18/Dec/2025:12:27:12 -0300] "GET /cormun/servlet/trpermisosgoce HTTP/1.1" 200 16346
201.186.226.3 - - [18/Dec/2025:12:27:21 -0300] "POST /cormun/servlet/trpermisosgoce?6ad9c95059a3682f7adc194d2f4036fd,gx-no-cache=1766071664493 HTTP/1.1" 200 13658
201.186.226.3 - - [18/Dec/2025:12:27:21 -0300] "GET /cormun/static/Shared/jqueryui/images/ui-icons_82798d_256x240.png HTTP/1.1" 404 1089
201.186.226.3 - - [18/Dec/2025:12:27:21 -0300] "GET /cormun/static/Shared/jqueryui/images/ui-bg_highlight-soft_100_c6c2c8_1x100.png HTTP/1.1" 404 1117
201.186.226.3 - - [18/Dec/2025:12:27:21 -0300] "GET /cormun/static/Shared/jqueryui/images/ui-icons_8d78a5_256x240.png HTTP/1.1" 404 1089
201.186.226.3 - - [18/Dec/2025:12:27:21 -0300] "GET /cormun/static/Shared/jqueryui/images/ui-bg_flat_55_fafafa_40x100.png HTTP/1.1" 404 1097
201.186.225.183 - - [18/Dec/2025:12:28:37 -0300] "GET /cormun/servlet/permisogoce?10dc886376c4cb60f3d3db723b954340c8c99c80909ad571fdbeb0bed2189f53efe538db1f07493cefa884b2c97283128aa38fccf35487566d2942bd169143c5,gx-no-cache=1766071739677 HTTP/1.1" 200 79
191.125.166.79 - - [18/Dec/2025:12:28:58 -0300] "GET /cormun/servlet/hlogin HTTP/1.1" 200 1722
191.125.166.79 - - [18/Dec/2025:12:29:02 -0300] "POST /cormun/servlet/hlogin?66f519615b89aadfc0ed6f84a0bce4d9,gx-no-cache=1766071764534 HTTP/1.1" 200 90
191.125.166.79 - - [18/Dec/2025:12:29:02 -0300] "GET /cormun/servlet/hpexe_link HTTP/1.1" 200 949
191.125.166.79 - - [18/Dec/2025:12:29:03 -0300] "GET /cormun/servlet/hhome HTTP/1.1" 200 3916
201.186.225.249 - - [18/Dec/2025:12:29:29 -0300] "GET /cormun/servlet/hlogin HTTP/1.1" 200 1719
201.186.225.249 - - [18/Dec/2025:12:29:39 -0300] "POST /cormun/servlet/hlogin?1075e710f4c5d96ad82c6f690b8d1062,gx-no-cache=1766071800923 HTTP/1.1" 200 90
201.186.225.249 - - [18/Dec/2025:12:29:39 -0300] "GET /cormun/servlet/hpexe_link HTTP/1.1" 200 949
201.186.225.249 - - [18/Dec/2025:12:29:39 -0300] "GET /cormun/servlet/hhome HTTP/1.1" 200 4302
201.186.225.249 - - [18/Dec/2025:12:29:42 -0300] "GET /cormun/servlet/trlicencias? HTTP/1.1" 200 11284
181.161.237.141 - - [18/Dec/2025:12:30:46 -0300] "GET /cormun/servlet/hlogin HTTP/1.1" 200 1712
181.161.237.141 - - [18/Dec/2025:12:30:46 -0300] "GET /cormun/static/gxtimezone.js?85251 HTTP/1.1" 200 5781
181.161.237.141 - - [18/Dec/2025:12:30:46 -0300] "GET /cormun/static/gxcfg.js?2022112219184450 HTTP/1.1" 200 953
181.161.237.141 - - [18/Dec/2025:12:30:46 -0300] "GET /cormun/static/Resources/CormunLogin.png HTTP/1.1" 200 19132
181.161.237.141 - - [18/Dec/2025:12:30:46 -0300] "GET /cormun/static/hlogin.js?2022112219184458 HTTP/1.1" 200 2156
181.161.237.141 - - [18/Dec/2025:12:30:46 -0300] "GET /cormun/static/messages.spa.js?85251 HTTP/1.1" 200 30736
181.161.237.141 - - [18/Dec/2025:12:30:46 -0300] "GET /cormun/static/Resources/Spanish/PXTools.css?1759030 HTTP/1.1" 200 100853
181.161.237.141 - - [18/Dec/2025:12:30:46 -0300] "GET /cormun/static/gxgral.js?85251 HTTP/1.1" 200 384558
181.161.237.141 - - [18/Dec/2025:12:30:46 -0300] "GET /cormun/static/Resources/PXToolsButtonLeft.png HTTP/1.1" 200 1310
181.161.237.141 - - [18/Dec/2025:12:30:46 -0300] "GET /cormun/static/Resources/PXToolsButtonRight.png HTTP/1.1" 200 1294
181.161.237.141 - - [18/Dec/2025:12:30:46 -0300] "GET /cormun/static/Resources/PXToolsLoginTop.png HTTP/1.1" 200 1337
181.161.237.141 - - [18/Dec/2025:12:30:46 -0300] "GET /cormun/static/Resources/PXToolsLoginBottom.png HTTP/1.1" 200 1389
181.161.237.141 - - [18/Dec/2025:12:30:46 -0300] "GET /cormun/static/Resources/PXToolsButtonBackground.png HTTP/1.1" 200 1176
181.161.237.141 - - [18/Dec/2025:12:30:46 -0300] "GET /cormun/static/Resources/PXToolsLoginBackground.png HTTP/1.1" 200 1164
181.161.237.141 - - [18/Dec/2025:12:30:46 -0300] "GET /cormun/static/Resources/indicator.gif HTTP/1.1" 200 1553
181.161.237.141 - - [18/Dec/2025:12:30:46 -0300] "GET /cormun/servlet/hlogin HTTP/1.1" 200 1722
181.161.237.141 - - [18/Dec/2025:12:30:47 -0300] "GET /favicon.ico HTTP/1.1" 200 21630
201.186.225.183 - - [18/Dec/2025:12:31:09 -0300] "GET /cormun/servlet/permisogoce?10dc886376c4cb60f3d3db723b9543409d76d75ba137feb3315a007e7cba3de81368bcdeb54ae5fd9ed23a74cb10c03a9e637989abc441c28a41835772f10cb0,gx-no-cache=1766071891997 HTTP/1.1" 200 48
201.186.225.183 - - [18/Dec/2025:12:31:10 -0300] "POST /cormun/servlet/permisogoce?dfa7dc2f5969c377f32ed7ecd8104ad7,INS,0,,,,gx-no-cache=1766071892838 HTTP/1.1" 200 93
201.186.225.183 - - [18/Dec/2025:12:31:10 -0300] "GET /cormun/servlet/hpexe_return? HTTP/1.1" 200 1008
201.186.225.183 - - [18/Dec/2025:12:31:10 -0300] "GET /cormun/servlet/trpermisosgoce HTTP/1.1" 200 17825
201.186.225.183 - - [18/Dec/2025:12:31:16 -0300] "GET /cormun/servlet/trpermisosadjuntos?10525086,20251218121149,P, HTTP/1.1" 200 6282
201.186.225.183 - - [18/Dec/2025:12:31:16 -0300] "GET /cormun/static/gxcfg.js?2020121641683 HTTP/1.1" 200 953
201.186.225.183 - - [18/Dec/2025:12:31:16 -0300] "GET /cormun/static/trpermisosadjuntos.js?2020121642996 HTTP/1.1" 200 20158
201.186.225.183 - - [18/Dec/2025:12:31:20 -0300] "GET /cormun/servlet/trpermisosgoce? HTTP/1.1" 200 17834
201.186.225.183 - - [18/Dec/2025:12:31:23 -0300] "GET /cormun/servlet/apermisogoceprn?10525086,P,20251218121149,PU HTTP/1.1" 200 1653
201.186.225.191 - - [18/Dec/2025:12:32:15 -0300] "GET /cormun/servlet/hlogin HTTP/1.1" 200 1738
201.186.225.183 - - [18/Dec/2025:12:32:21 -0300] "GET /cormun/servlet/permisogoce?INS,0,,, HTTP/1.1" 200 6827
201.186.226.3 - - [18/Dec/2025:12:32:23 -0300] "GET /cormun/servlet/hlogin HTTP/1.1" 200 1724
201.186.225.191 - - [18/Dec/2025:12:32:27 -0300] "POST /cormun/servlet/hlogin?f882bbbb5b1295b9f7403d41cf8a6583,gx-no-cache=1766071968653 HTTP/1.1" 200 90
201.186.225.191 - - [18/Dec/2025:12:32:27 -0300] "GET /cormun/servlet/hpexe_link HTTP/1.1" 200 952
201.186.225.191 - - [18/Dec/2025:12:32:27 -0300] "GET /cormun/servlet/hhome HTTP/1.1" 200 4202
201.186.225.183 - - [18/Dec/2025:12:32:32 -0300] "GET /cormun/servlet/permisogoce?10dc886376c4cb60f3d3db723b954340c8c99c80909ad571fdbeb0bed2189f53efe538db1f07493cefa884b2c97283128aa38fccf35487566d2942bd169143c5,gx-no-cache=1766071974720 HTTP/1.1" 200 80
201.186.226.3 - - [18/Dec/2025:12:32:33 -0300] "POST /cormun/servlet/hlogin?c0b2e98ad0e8f2a1dfacb962b5df931f,gx-no-cache=1766071976823 HTTP/1.1" 200 90
201.186.226.3 - - [18/Dec/2025:12:32:33 -0300] "GET /cormun/servlet/hpexe_link HTTP/1.1" 200 953
201.186.226.3 - - [18/Dec/2025:12:32:34 -0300] "GET /cormun/servlet/hhome HTTP/1.1" 200 3936
201.186.225.191 - - [18/Dec/2025:12:32:41 -0300] "GET /cormun/servlet/trlicencias? HTTP/1.1" 200 11523
201.186.225.183 - - [18/Dec/2025:12:32:41 -0300] "GET /cormun/servlet/permisogoce?10dc886376c4cb60f3d3db723b9543409d76d75ba137feb3315a007e7cba3de8acdb81bd88e34e0886e62938cd3cef809e637989abc441c28a41835772f10cb0,gx-no-cache=1766071984573 HTTP/1.1" 200 48
201.186.225.183 - - [18/Dec/2025:12:32:43 -0300] "POST /cormun/servlet/permisogoce?dfa7dc2f5969c377f32ed7ecd8104ad7,INS,0,,,,gx-no-cache=1766071985345 HTTP/1.1" 200 93
201.186.225.183 - - [18/Dec/2025:12:32:43 -0300] "GET /cormun/servlet/hpexe_return? HTTP/1.1" 200 1008
201.186.225.183 - - [18/Dec/2025:12:32:43 -0300] "GET /cormun/servlet/trpermisosgoce HTTP/1.1" 200 17771
201.186.225.183 - - [18/Dec/2025:12:32:46 -0300] "GET /cormun/servlet/apermisogoceprn?10525086,P,20251218123334,PU HTTP/1.1" 200 1644
201.186.225.191 - - [18/Dec/2025:12:32:50 -0300] "GET /cormun/static/menuarrow.gif HTTP/1.1" 404 1015
201.186.226.3 - - [18/Dec/2025:12:32:56 -0300] "GET /cormun/servlet/trpermisosgoce? HTTP/1.1" 200 16350
201.186.225.183 - - [18/Dec/2025:12:33:00 -0300] "GET /cormun/servlet/permisogoce?INS,0,,, HTTP/1.1" 200 6827
201.186.225.183 - - [18/Dec/2025:12:33:04 -0300] "GET /cormun/servlet/permisogoce?10dc886376c4cb60f3d3db723b954340c8c99c80909ad571fdbeb0bed2189f53efe538db1f07493cefa884b2c97283128aa38fccf35487566d2942bd169143c5,gx-no-cache=1766072007311 HTTP/1.1" 200 80
201.186.225.183 - - [18/Dec/2025:12:33:09 -0300] "GET /cormun/servlet/permisogoce?10dc886376c4cb60f3d3db723b9543409d76d75ba137feb3315a007e7cba3de8b949af4129dc888ec7f98275682595925fcc508d2a961d28354d23b776fd76e2,gx-no-cache=1766072011783 HTTP/1.1" 200 48
201.186.225.183 - - [18/Dec/2025:12:33:10 -0300] "POST /cormun/servlet/permisogoce?dfa7dc2f5969c377f32ed7ecd8104ad7,INS,0,,,,gx-no-cache=1766072012793 HTTP/1.1" 200 93
201.186.225.183 - - [18/Dec/2025:12:33:10 -0300] "GET /cormun/servlet/hpexe_return? HTTP/1.1" 200 1008
201.186.225.183 - - [18/Dec/2025:12:33:10 -0300] "GET /cormun/servlet/trpermisosgoce HTTP/1.1" 200 17700
201.186.225.183 - - [18/Dec/2025:12:33:13 -0300] "GET /cormun/servlet/apermisogoceprn?10525086,P,20251218123412,PU HTTP/1.1" 200 1641
201.186.226.3 - - [18/Dec/2025:12:33:22 -0300] "GET /cormun/servlet/trpermisosadjuntos?18375139,20251216154313,P, HTTP/1.1" 200 6255
201.186.226.3 - - [18/Dec/2025:12:33:25 -0300] "GET /cormun/servlet/permisosadjuntos?INS,18375139,P,20251216154313,, HTTP/1.1" 200 5575
201.186.226.3 - - [18/Dec/2025:12:33:26 -0300] "GET /cormun/static/about:blank HTTP/1.1" 404 1011
201.186.225.191 - - [18/Dec/2025:12:33:34 -0300] "POST /cormun/servlet/trlicencias?f882bbbb5b1295b9f7403d41cf8a6583,,gx-no-cache=1766072035598 HTTP/1.1" 200 5958
201.186.225.183 - - [18/Dec/2025:12:33:34 -0300] "GET /cormun/servlet/permisogoce?INS,0,,, HTTP/1.1" 200 6827
201.186.225.183 - - [18/Dec/2025:12:33:39 -0300] "GET /cormun/servlet/permisogoce?10dc886376c4cb60f3d3db723b954340ae52dcff8fb20e8080648f21c0b887e7efe538db1f07493cefa884b2c97283128aa38fccf35487566d2942bd169143c5,gx-no-cache=1766072042063 HTTP/1.1" 200 82
201.186.226.3 - - [18/Dec/2025:12:33:44 -0300] "POST /cormun/servlet/permisosadjuntos?c0b2e98ad0e8f2a1dfacb962b5df931f,INS,18375139,P,20251216154313,, HTTP/1.1" 200 116
201.186.226.3 - - [18/Dec/2025:12:33:44 -0300] "GET /cormun/servlet/hpexe_return? HTTP/1.1" 200 1040
201.186.226.3 - - [18/Dec/2025:12:33:44 -0300] "GET /cormun/servlet/trpermisosadjuntos?18375139,20251216154313,P, HTTP/1.1" 200 6738
201.186.226.3 - - [18/Dec/2025:12:33:47 -0300] "POST /cormun/servlet/trpermisosadjuntos?c0b2e98ad0e8f2a1dfacb962b5df931f,18375139,20251216154313,P,,gx-no-cache=1766072050938 HTTP/1.1" 200 90
201.186.226.3 - - [18/Dec/2025:12:33:47 -0300] "GET /cormun/servlet/hpexe_link HTTP/1.1" 200 984
201.186.226.3 - - [18/Dec/2025:12:33:48 -0300] "GET /cormun/servlet/trpermisosgoce HTTP/1.1" 200 16348
201.186.225.183 - - [18/Dec/2025:12:33:50 -0300] "GET /cormun/servlet/permisogoce?10dc886376c4cb60f3d3db723b954340095eb8e9da1101330740df09b50d5fafcb584f43907801f96063269b1682ebf79e637989abc441c28a41835772f10cb0,gx-no-cache=1766072053171 HTTP/1.1" 200 48
201.186.225.183 - - [18/Dec/2025:12:33:51 -0300] "POST /cormun/servlet/permisogoce?dfa7dc2f5969c377f32ed7ecd8104ad7,INS,0,,,,gx-no-cache=1766072053977 HTTP/1.1" 200 93
201.186.225.183 - - [18/Dec/2025:12:33:51 -0300] "GET /cormun/servlet/hpexe_return? HTTP/1.1" 200 1008
201.186.225.183 - - [18/Dec/2025:12:33:52 -0300] "GET /cormun/servlet/trpermisosgoce HTTP/1.1" 200 17725
201.186.226.3 - - [18/Dec/2025:12:33:57 -0300] "POST /cormun/servlet/trpermisosgoce?c0b2e98ad0e8f2a1dfacb962b5df931f,gx-no-cache=1766072060253 HTTP/1.1" 200 13616
201.186.226.3 - - [18/Dec/2025:12:33:57 -0300] "GET /cormun/static/Shared/jqueryui/images/ui-bg_highlight-soft_100_c6c2c8_1x100.png HTTP/1.1" 404 1117
201.186.226.3 - - [18/Dec/2025:12:33:57 -0300] "GET /cormun/static/Shared/jqueryui/images/ui-icons_82798d_256x240.png HTTP/1.1" 404 1089
201.186.226.3 - - [18/Dec/2025:12:33:57 -0300] "GET /cormun/static/Shared/jqueryui/images/ui-bg_flat_55_fafafa_40x100.png HTTP/1.1" 404 1097
201.186.226.3 - - [18/Dec/2025:12:33:57 -0300] "GET /cormun/static/Shared/jqueryui/images/ui-icons_8d78a5_256x240.png HTTP/1.1" 404 1089
201.186.225.183 - - [18/Dec/2025:12:34:00 -0300] "GET /cormun/servlet/apermisogoceprn?13503630,P,20251218123447,PU HTTP/1.1" 200 1652
201.186.226.3 - - [18/Dec/2025:12:34:09 -0300] "GET /cormun/servlet/hlogin HTTP/1.1" 200 1742
201.186.225.183 - - [18/Dec/2025:12:34:10 -0300] "GET /cormun/servlet/permisogoce?INS,0,,, HTTP/1.1" 200 6826
201.186.225.183 - - [18/Dec/2025:12:34:15 -0300] "GET /cormun/servlet/permisogoce?10dc886376c4cb60f3d3db723b954340ae52dcff8fb20e8080648f21c0b887e7efe538db1f07493cefa884b2c97283128aa38fccf35487566d2942bd169143c5,gx-no-cache=1766072078528 HTTP/1.1" 200 82
201.186.226.3 - - [18/Dec/2025:12:34:20 -0300] "POST /cormun/servlet/hlogin?c0b2e98ad0e8f2a1dfacb962b5df931f,gx-no-cache=1766072083948 HTTP/1.1" 200 90
201.186.226.3 - - [18/Dec/2025:12:34:20 -0300] "GET /cormun/servlet/hpexe_link HTTP/1.1" 200 953
201.186.225.183 - - [18/Dec/2025:12:34:20 -0300] "GET /cormun/servlet/permisogoce?10dc886376c4cb60f3d3db723b954340095eb8e9da1101330740df09b50d5faf13015b33f7dfe981713a5a8722e3895a9e637989abc441c28a41835772f10cb0,gx-no-cache=1766072083547 HTTP/1.1" 200 48
201.186.226.3 - - [18/Dec/2025:12:34:20 -0300] "GET /cormun/servlet/hhome HTTP/1.1" 200 4320
201.186.225.183 - - [18/Dec/2025:12:34:22 -0300] "POST /cormun/servlet/permisogoce?dfa7dc2f5969c377f32ed7ecd8104ad7,INS,0,,,,gx-no-cache=1766072084409 HTTP/1.1" 200 93
201.186.225.183 - - [18/Dec/2025:12:34:22 -0300] "GET /cormun/servlet/hpexe_return? HTTP/1.1" 200 1008
201.186.225.183 - - [18/Dec/2025:12:34:22 -0300] "GET /cormun/servlet/trpermisosgoce HTTP/1.1" 200 17714
201.186.226.3 - - [18/Dec/2025:12:34:25 -0300] "GET /cormun/servlet/trautorizarpermisogoce? HTTP/1.1" 200 8281
201.186.225.183 - - [18/Dec/2025:12:34:28 -0300] "GET /cormun/servlet/apermisogoceprn?13503630,P,20251218123523,PU HTTP/1.1" 200 1642
201.186.226.3 - - [18/Dec/2025:12:34:33 -0300] "POST /cormun/servlet/trautorizarpermisogoce?c0b2e98ad0e8f2a1dfacb962b5df931f,,gx-no-cache=1766072096257 HTTP/1.1" 200 5278
201.186.225.183 - - [18/Dec/2025:12:34:37 -0300] "GET /cormun/servlet/permisogoce?INS,0,,, HTTP/1.1" 200 6826
201.186.225.183 - - [18/Dec/2025:12:34:42 -0300] "GET /cormun/servlet/permisogoce?10dc886376c4cb60f3d3db723b954340ae52dcff8fb20e8080648f21c0b887e7efe538db1f07493cefa884b2c97283128aa38fccf35487566d2942bd169143c5,gx-no-cache=1766072105002 HTTP/1.1" 200 79
201.186.226.3 - - [18/Dec/2025:12:34:44 -0300] "POST /cormun/servlet/trautorizarpermisogoce?c0b2e98ad0e8f2a1dfacb962b5df931f,,gx-no-cache=1766072107366 HTTP/1.1" 200 4522
201.186.225.183 - - [18/Dec/2025:12:34:47 -0300] "GET /cormun/servlet/permisogoce?10dc886376c4cb60f3d3db723b954340095eb8e9da1101330740df09b50d5faf1a53f93051e5b2d11c63d5e399c9e2349e637989abc441c28a41835772f10cb0,gx-no-cache=1766072110082 HTTP/1.1" 200 48
201.186.225.183 - - [18/Dec/2025:12:34:49 -0300] "POST /cormun/servlet/permisogoce?dfa7dc2f5969c377f32ed7ecd8104ad7,INS,0,,,,gx-no-cache=1766072111241 HTTP/1.1" 200 93
201.186.225.183 - - [18/Dec/2025:12:34:49 -0300] "GET /cormun/servlet/hpexe_return? HTTP/1.1" 200 1008
201.186.225.183 - - [18/Dec/2025:12:34:49 -0300] "GET /cormun/servlet/trpermisosgoce HTTP/1.1" 200 17719
201.186.225.183 - - [18/Dec/2025:12:34:53 -0300] "GET /cormun/servlet/apermisogoceprn?13503630,P,20251218123550,PU HTTP/1.1" 200 1649
201.186.226.3 - - [18/Dec/2025:12:34:56 -0300] "GET /cormun/servlet/hlogin HTTP/1.1" 200 1746
201.186.226.3 - - [18/Dec/2025:12:35:05 -0300] "POST /cormun/servlet/hlogin?c0b2e98ad0e8f2a1dfacb962b5df931f,gx-no-cache=1766072128973 HTTP/1.1" 200 90
201.186.226.3 - - [18/Dec/2025:12:35:05 -0300] "GET /cormun/servlet/hpexe_link HTTP/1.1" 200 953
201.186.226.3 - - [18/Dec/2025:12:35:06 -0300] "GET /cormun/servlet/hhome HTTP/1.1" 200 3936
201.186.225.183 - - [18/Dec/2025:12:35:08 -0300] "GET /cormun/servlet/permisogoce?INS,0,,, HTTP/1.1" 200 6827
201.186.226.3 - - [18/Dec/2025:12:35:11 -0300] "GET /cormun/servlet/trpermisosgoce? HTTP/1.1" 200 16304
201.186.225.183 - - [18/Dec/2025:12:35:18 -0300] "GET /cormun/servlet/permisogoce?10dc886376c4cb60f3d3db723b954340fb5bf661eb46e01e2ed6487826ef4263efe538db1f07493cefa884b2c97283128aa38fccf35487566d2942bd169143c5,gx-no-cache=1766072141032 HTTP/1.1" 200 89
201.186.225.249 - - [18/Dec/2025:12:35:20 -0300] "GET /cormun/servlet/trlicencias? HTTP/1.1" 200 11278
201.186.225.183 - - [18/Dec/2025:12:35:23 -0300] "GET /cormun/servlet/permisogoce?10dc886376c4cb60f3d3db723b954340b58e37bf5699d6a2bad7265732754ffd0c6b79d74f932d7f998427f7eeda082c5fcc508d2a961d28354d23b776fd76e2,gx-no-cache=1766072145723 HTTP/1.1" 200 48
201.186.225.183 - - [18/Dec/2025:12:35:24 -0300] "POST /cormun/servlet/permisogoce?dfa7dc2f5969c377f32ed7ecd8104ad7,INS,0,,,,gx-no-cache=1766072146713 HTTP/1.1" 200 93
201.186.225.183 - - [18/Dec/2025:12:35:24 -0300] "GET /cormun/servlet/hpexe_return? HTTP/1.1" 200 1008
201.186.225.183 - - [18/Dec/2025:12:35:24 -0300] "GET /cormun/servlet/trpermisosgoce HTTP/1.1" 200 17788
190.95.1.185 - - [18/Dec/2025:12:35:36 -0300] "GET /cormun/servlet/hlogin HTTP/1.1" 200 1728
201.186.225.191 - - [18/Dec/2025:12:35:37 -0300] "GET /cormun/servlet/trpermisosgoce? HTTP/1.1" 200 12380
201.186.225.183 - - [18/Dec/2025:12:35:39 -0300] "GET /cormun/servlet/apermisogoceprn?18798648,P,20251218123621,PU HTTP/1.1" 200 1663
190.95.1.185 - - [18/Dec/2025:12:35:39 -0300] "POST /cormun/servlet/hlogin?26596faf702cedc385965251fa13630a,gx-no-cache=1766072161312 HTTP/1.1" 200 90
190.95.1.185 - - [18/Dec/2025:12:35:39 -0300] "GET /cormun/servlet/hpexe_link HTTP/1.1" 200 957
190.95.1.185 - - [18/Dec/2025:12:35:39 -0300] "GET /cormun/servlet/hhome HTTP/1.1" 200 4491
201.186.225.249 - - [18/Dec/2025:12:35:41 -0300] "GET /cormun/static/menuarrow.gif HTTP/1.1" 404 1015
190.95.1.185 - - [18/Dec/2025:12:35:41 -0300] "GET /cormun/servlet/trlicencias? HTTP/1.1" 200 11828
190.95.1.185 - - [18/Dec/2025:12:35:45 -0300] "GET /cormun/servlet/trpermisosgoce? HTTP/1.1" 200 19053
190.95.1.185 - - [18/Dec/2025:12:35:48 -0300] "GET /cormun/servlet/permisogoce?INS,0,,, HTTP/1.1" 200 7391
201.186.225.249 - - [18/Dec/2025:12:35:52 -0300] "POST /cormun/servlet/trlicencias?1075e710f4c5d96ad82c6f690b8d1062,,gx-no-cache=1766072173748 HTTP/1.1" 200 18433
201.186.225.249 - - [18/Dec/2025:12:35:52 -0300] "GET /cormun/static/Resources/PXToolsGridNext.gif HTTP/1.1" 200 369
201.186.225.249 - - [18/Dec/2025:12:35:52 -0300] "GET /cormun/static/Resources/PXToolsGridLast.gif HTTP/1.1" 200 370
190.95.1.185 - - [18/Dec/2025:12:35:55 -0300] "GET /cormun/servlet/permisogoce?31abfa7e942ae9138a479269f04fd28fba481baf786deb16a2e1158bdb07fddd17453d00d7d70572670660082ef22c314fdab0982d7a43bfd2a4e7febb20b646,gx-no-cache=1766072177111 HTTP/1.1" 200 79
190.95.1.185 - - [18/Dec/2025:12:35:55 -0300] "GET /cormun/static/menuarrow.gif HTTP/1.1" 404 1015
201.186.226.3 - - [18/Dec/2025:12:35:56 -0300] "GET /cormun/servlet/hlogin HTTP/1.1" 200 1741
190.95.1.185 - - [18/Dec/2025:12:35:59 -0300] "GET /cormun/servlet/permisogoce?31abfa7e942ae9138a479269f04fd28fbc22458df887a9e7aabfe3c6f0fa65c2e276b5ea0b8a1d7e4ed6d6fc212ebab74145c34d88f22f4d858a2a8ed7a5ed13,gx-no-cache=1766072181391 HTTP/1.1" 200 47
190.95.1.185 - - [18/Dec/2025:12:36:00 -0300] "POST /cormun/servlet/permisogoce?26596faf702cedc385965251fa13630a,INS,0,,,,gx-no-cache=1766072181412 HTTP/1.1" 200 93
190.95.1.185 - - [18/Dec/2025:12:36:00 -0300] "GET /cormun/servlet/hpexe_return? HTTP/1.1" 200 1015
190.95.1.185 - - [18/Dec/2025:12:36:00 -0300] "GET /cormun/servlet/trpermisosgoce HTTP/1.1" 200 19079
201.186.225.191 - - [18/Dec/2025:12:36:02 -0300] "POST /cormun/servlet/trpermisosgoce?f882bbbb5b1295b9f7403d41cf8a6583,,gx-no-cache=1766072183713 HTTP/1.1" 200 5608
201.186.225.183 - - [18/Dec/2025:12:36:04 -0300] "GET /cormun/servlet/permisogoce?INS,0,,, HTTP/1.1" 200 6827
190.95.1.185 - - [18/Dec/2025:12:36:08 -0300] "GET /cormun/servlet/apermisogoceprn?20442715,P,20251218123700,PU HTTP/1.1" 200 1667
201.186.225.183 - - [18/Dec/2025:12:36:13 -0300] "GET /cormun/servlet/permisogoce?10dc886376c4cb60f3d3db723b954340546c665b6d9bff13dc1039ff885c6d96efe538db1f07493cefa884b2c97283128aa38fccf35487566d2942bd169143c5,gx-no-cache=1766072196175 HTTP/1.1" 200 86
201.186.225.183 - - [18/Dec/2025:12:36:26 -0300] "GET /cormun/servlet/permisogoce?10dc886376c4cb60f3d3db723b9543409ca82e09e68b35c441dc54695cffdf09983534be3ed268567e605b1c913232549e637989abc441c28a41835772f10cb0,gx-no-cache=1766072209050 HTTP/1.1" 200 47
201.186.225.183 - - [18/Dec/2025:12:36:27 -0300] "POST /cormun/servlet/permisogoce?dfa7dc2f5969c377f32ed7ecd8104ad7,INS,0,,,,gx-no-cache=1766072209813 HTTP/1.1" 200 93
201.186.225.183 - - [18/Dec/2025:12:36:27 -0300] "GET /cormun/servlet/hpexe_return? HTTP/1.1" 200 1008
201.186.225.183 - - [18/Dec/2025:12:36:27 -0300] "GET /cormun/servlet/trpermisosgoce HTTP/1.1" 200 17792
201.186.225.183 - - [18/Dec/2025:12:36:32 -0300] "GET /cormun/servlet/apermisogoceprn?13501824,P,20251218123717,PU HTTP/1.1" 200 1651
201.186.225.183 - - [18/Dec/2025:12:36:37 -0300] "GET /cormun/servlet/permisogoce?INS,0,,, HTTP/1.1" 200 6827
201.186.225.249 - - [18/Dec/2025:12:36:37 -0300] "POST /cormun/servlet/trlicencias?1075e710f4c5d96ad82c6f690b8d1062,,gx-no-cache=1766072219188 HTTP/1.1" 200 6226
201.186.225.249 - - [18/Dec/2025:12:36:40 -0300] "POST /cormun/servlet/trlicencias?1075e710f4c5d96ad82c6f690b8d1062,,gx-no-cache=1766072221690 HTTP/1.1" 200 101
201.186.225.249 - - [18/Dec/2025:12:36:40 -0300] "POST /cormun/servlet/trlicencias?1075e710f4c5d96ad82c6f690b8d1062,,gx-no-cache=1766072221742 HTTP/1.1" 200 6202
201.186.225.249 - - [18/Dec/2025:12:36:40 -0300] "GET /cormun/Licencias-7677.xls HTTP/1.1" 200 5632
201.186.225.183 - - [18/Dec/2025:12:36:42 -0300] "GET /cormun/servlet/permisogoce?10dc886376c4cb60f3d3db723b954340546c665b6d9bff13dc1039ff885c6d96efe538db1f07493cefa884b2c97283128aa38fccf35487566d2942bd169143c5,gx-no-cache=1766072224635 HTTP/1.1" 200 86
201.186.225.191 - - [18/Dec/2025:12:36:47 -0300] "GET /cormun/servlet/hlogin HTTP/1.1" 200 1739
201.186.225.183 - - [18/Dec/2025:12:36:48 -0300] "GET /cormun/servlet/permisogoce?10dc886376c4cb60f3d3db723b9543409ca82e09e68b35c441dc54695cffdf092bd33632daa84823889343f419ff833b9e637989abc441c28a41835772f10cb0,gx-no-cache=1766072231478 HTTP/1.1" 200 47
201.186.225.183 - - [18/Dec/2025:12:36:50 -0300] "POST /cormun/servlet/permisogoce?dfa7dc2f5969c377f32ed7ecd8104ad7,INS,0,,,,gx-no-cache=1766072232285 HTTP/1.1" 200 93
201.186.225.183 - - [18/Dec/2025:12:36:50 -0300] "GET /cormun/servlet/hpexe_return? HTTP/1.1" 200 1008
201.186.225.183 - - [18/Dec/2025:12:36:50 -0300] "GET /cormun/servlet/trpermisosgoce HTTP/1.1" 200 17790
201.186.225.183 - - [18/Dec/2025:12:36:52 -0300] "GET /cormun/servlet/trpermisosgoce? HTTP/1.1" 200 17785
201.186.225.183 - - [18/Dec/2025:12:36:56 -0300] "GET /cormun/servlet/apermisogoceprn?13501824,P,20251218123750,PU HTTP/1.1" 200 1654
201.186.225.249 - - [18/Dec/2025:12:37:29 -0300] "GET /cormun/servlet/trlicencias? HTTP/1.1" 200 8883
201.186.225.249 - - [18/Dec/2025:12:37:33 -0300] "GET /cormun/servlet/hhome HTTP/1.1" 200 4302
201.186.225.249 - - [18/Dec/2025:12:37:36 -0300] "GET /cormun/servlet/trlicencias? HTTP/1.1" 200 8883
201.186.225.249 - - [18/Dec/2025:12:37:43 -0300] "POST /cormun/servlet/trlicencias?1075e710f4c5d96ad82c6f690b8d1062,,gx-no-cache=1766072284325 HTTP/1.1" 200 18440
201.186.225.183 - - [18/Dec/2025:12:37:46 -0300] "GET /cormun/servlet/trlicencias? HTTP/1.1" 200 14725
179.57.78.55 - - [18/Dec/2025:12:38:02 -0300] "GET /cormun/servlet/trpermisosgoce? HTTP/1.1" 200 18661
201.186.225.249 - - [18/Dec/2025:12:38:49 -0300] "POST /cormun/servlet/trlicencias?1075e710f4c5d96ad82c6f690b8d1062,,gx-no-cache=1766072351349 HTTP/1.1" 200 5963
201.186.225.249 - - [18/Dec/2025:12:38:52 -0300] "POST /cormun/servlet/trlicencias?1075e710f4c5d96ad82c6f690b8d1062,,gx-no-cache=1766072353962 HTTP/1.1" 200 100
201.186.225.249 - - [18/Dec/2025:12:38:52 -0300] "POST /cormun/servlet/trlicencias?1075e710f4c5d96ad82c6f690b8d1062,,gx-no-cache=1766072354049 HTTP/1.1" 200 5940
201.186.225.249 - - [18/Dec/2025:12:38:52 -0300] "GET /cormun/Licencias-692.xls HTTP/1.1" 200 5632
190.95.1.185 - - [18/Dec/2025:12:39:06 -0300] "GET /cormun/servlet/permisogoce?INS,0,,, HTTP/1.1" 200 7392
179.57.78.55 - - [18/Dec/2025:12:39:28 -0300] "GET /cormun/servlet/permisogoce?INS,0,,, HTTP/1.1" 200 6843
190.95.1.185 - - [18/Dec/2025:12:39:31 -0300] "GET /cormun/servlet/permisogoce?31abfa7e942ae9138a479269f04fd28fc6fb7c52b29ba197495823bd3e11b09317453d00d7d70572670660082ef22c314fdab0982d7a43bfd2a4e7febb20b646,gx-no-cache=1766072393063 HTTP/1.1" 200 93
190.95.1.185 - - [18/Dec/2025:12:39:31 -0300] "GET /cormun/static/menuarrow.gif HTTP/1.1" 404 1015
190.95.1.185 - - [18/Dec/2025:12:39:34 -0300] "GET /cormun/servlet/permisogoce?31abfa7e942ae9138a479269f04fd28fcd6d8c2f3455275c46579f82e12af8a287510d3429360d981196cd69493c497a4145c34d88f22f4d858a2a8ed7a5ed13,gx-no-cache=1766072396264 HTTP/1.1" 200 47
190.95.1.185 - - [18/Dec/2025:12:39:35 -0300] "POST /cormun/servlet/permisogoce?26596faf702cedc385965251fa13630a,INS,0,,,,gx-no-cache=1766072397193 HTTP/1.1" 200 93
179.57.78.55 - - [18/Dec/2025:12:39:35 -0300] "GET /cormun/servlet/permisogoce?c55ec1d8668bec7f7d9dbe80521198b77aa461f509968da23fda6e99520a5de819da9a8f1c956c2ad2f2d002504379ace722c66bd14c63fd513aa99ccefdd90d,gx-no-cache=1766072397222 HTTP/1.1" 200 84
190.95.1.185 - - [18/Dec/2025:12:39:35 -0300] "GET /cormun/servlet/hpexe_return? HTTP/1.1" 200 1015
190.95.1.185 - - [18/Dec/2025:12:39:36 -0300] "GET /cormun/servlet/trpermisosgoce HTTP/1.1" 200 19052
190.95.1.185 - - [18/Dec/2025:12:39:39 -0300] "GET /cormun/servlet/apermisogoceprn?17238751,P,20251218124018,PU HTTP/1.1" 200 1672
179.57.78.55 - - [18/Dec/2025:12:39:42 -0300] "GET /cormun/static/menuarrow.gif HTTP/1.1" 404 1015
190.95.1.185 - - [18/Dec/2025:12:39:46 -0300] "GET /cormun/servlet/permisogoce?INS,0,,, HTTP/1.1" 200 7391
179.57.78.55 - - [18/Dec/2025:12:39:46 -0300] "GET /cormun/servlet/permisogoce?c55ec1d8668bec7f7d9dbe80521198b754c37c788d33ad3c1898e24f90081742da2a74c528046cf460a07e53b2621374e69f8192894dfaae390efea40bbaa033,gx-no-cache=1766072408213 HTTP/1.1" 200 48
179.57.78.55 - - [18/Dec/2025:12:39:49 -0300] "POST /cormun/servlet/permisogoce?1089a82f70de41d9d02da6d8055f5f50,INS,0,,,,gx-no-cache=1766072409742 HTTP/1.1" 200 93
179.57.78.55 - - [18/Dec/2025:12:39:49 -0300] "GET /cormun/servlet/hpexe_return? HTTP/1.1" 200 1006
179.57.78.55 - - [18/Dec/2025:12:39:50 -0300] "GET /cormun/servlet/trpermisosgoce HTTP/1.1" 200 18622
179.57.78.55 - - [18/Dec/2025:12:39:52 -0300] "GET /cormun/servlet/apermisogoceprn?13945167,P,20251218124041,PU HTTP/1.1" 200 1648
190.95.1.185 - - [18/Dec/2025:12:39:59 -0300] "GET /cormun/servlet/permisogoce?31abfa7e942ae9138a479269f04fd28f49d3d70bfd6a89c37d1cdbe83bb5818017453d00d7d70572670660082ef22c314fdab0982d7a43bfd2a4e7febb20b646,gx-no-cache=1766072421551 HTTP/1.1" 200 82
190.95.1.185 - - [18/Dec/2025:12:40:03 -0300] "GET /cormun/servlet/permisogoce?31abfa7e942ae9138a479269f04fd28f06b46eceeb61ed3908159c8b23129569763bc2a9dc95aac08da9131ef7282a6f4145c34d88f22f4d858a2a8ed7a5ed13,gx-no-cache=1766072425606 HTTP/1.1" 200 48
190.95.1.185 - - [18/Dec/2025:12:40:04 -0300] "POST /cormun/servlet/permisogoce?26596faf702cedc385965251fa13630a,INS,0,,,,gx-no-cache=1766072425622 HTTP/1.1" 200 93
190.95.1.185 - - [18/Dec/2025:12:40:04 -0300] "GET /cormun/servlet/hpexe_return? HTTP/1.1" 200 1015
190.95.1.185 - - [18/Dec/2025:12:40:04 -0300] "GET /cormun/servlet/trpermisosgoce HTTP/1.1" 200 19089
190.95.1.185 - - [18/Dec/2025:12:40:07 -0300] "GET /cormun/servlet/apermisogoceprn?19359584,P,20251218124059,PU HTTP/1.1" 200 1667
179.57.78.55 - - [18/Dec/2025:12:40:32 -0300] "GET /cormun/servlet/permisogoce?INS,0,,, HTTP/1.1" 200 6843
179.57.78.55 - - [18/Dec/2025:12:40:38 -0300] "GET /cormun/servlet/permisogoce?c55ec1d8668bec7f7d9dbe80521198b77aa461f509968da23fda6e99520a5de819da9a8f1c956c2ad2f2d002504379ace722c66bd14c63fd513aa99ccefdd90d,gx-no-cache=1766072459405 HTTP/1.1" 200 82
179.57.78.55 - - [18/Dec/2025:12:40:43 -0300] "GET /cormun/servlet/permisogoce?c55ec1d8668bec7f7d9dbe80521198b754c37c788d33ad3c1898e24f90081742b692376729aae2b41de8e04d413ce1ebee4543e3a4c65006f6c7599ebaacec66,gx-no-cache=1766072464934 HTTP/1.1" 200 48
179.57.78.55 - - [18/Dec/2025:12:40:45 -0300] "POST /cormun/servlet/permisogoce?1089a82f70de41d9d02da6d8055f5f50,INS,0,,,,gx-no-cache=1766072466381 HTTP/1.1" 200 93
179.57.78.55 - - [18/Dec/2025:12:40:45 -0300] "GET /cormun/servlet/hpexe_return? HTTP/1.1" 200 1006
179.57.78.55 - - [18/Dec/2025:12:40:45 -0300] "GET /cormun/servlet/trpermisosgoce HTTP/1.1" 200 18624
179.57.78.55 - - [18/Dec/2025:12:40:47 -0300] "GET /cormun/servlet/apermisogoceprn?13945167,P,20251218124041,PU HTTP/1.1" 200 1647
179.57.78.55 - - [18/Dec/2025:12:41:30 -0300] "GET /cormun/servlet/apermisogoceprn?13945167,P,20251218124144,PU HTTP/1.1" 200 1645
190.95.67.99 - - [18/Dec/2025:12:43:08 -0300] "GET /cormun/servlet/trpermisosgoce? HTTP/1.1" 200 6017
190.95.67.99 - - [18/Dec/2025:12:43:08 -0300] "GET /cormun/servlet/hlogin HTTP/1.1" 200 1732
