190.95.2.157 - - [17/Dec/2025:13:43:04 -0300] "GET /cormun/static/hpexe_messagegenexuscomponent.js?20221129836373 HTTP/1.1" 200 587
190.95.2.157 - - [17/Dec/2025:13:43:04 -0300] "GET /cormun/static/cmcontrolpreferences.js?20199141926336 HTTP/1.1" 200 1375
190.95.2.157 - - [17/Dec/2025:13:43:04 -0300] "GET /cormun/static/SmoothNavMenu/resources/ddsmoothmenu.js HTTP/1.1" 200 12712
190.95.2.157 - - [17/Dec/2025:13:43:04 -0300] "GET /cormun/static/SmoothNavMenu/resources/SmoothNavMenuRender.js HTTP/1.1" 200 5951
190.95.2.157 - - [17/Dec/2025:13:43:04 -0300] "GET /cormun/static/Shared/jquery/jquery-1.4.2.min.js HTTP/1.1" 200 72174
190.95.2.157 - - [17/Dec/2025:13:43:04 -0300] "GET /cormun/static/scaMessage/js/jquery.pnotify.min.js HTTP/1.1" 200 13038
190.95.2.157 - - [17/Dec/2025:13:43:04 -0300] "GET /cormun/static/scaMessage/scaMessageRender.js HTTP/1.1" 200 11977
190.95.2.157 - - [17/Dec/2025:13:43:05 -0300] "GET /cormun/static/hmpwkw03.js?20221129844354 HTTP/1.1" 200 3971
190.95.2.157 - - [17/Dec/2025:13:43:05 -0300] "GET /cormun/static/Shared/jquery/jquery-1.10.2.min.js HTTP/1.1" 200 273199
190.95.2.157 - - [17/Dec/2025:13:43:05 -0300] "GET /cormun/static/Shared/jqueryui/jquery-ui.min.js HTTP/1.1" 200 240427
190.95.2.157 - - [17/Dec/2025:13:43:05 -0300] "GET /cormun/static/Shared/ext/ext-all.js HTTP/1.1" 200 1289687
190.95.2.157 - - [17/Dec/2025:13:43:05 -0300] "GET /cormun/static/SmoothNavMenu/resources/images/right.gif HTTP/1.1" 200 860
190.95.2.157 - - [17/Dec/2025:13:43:05 -0300] "GET /cormun/static/SmoothNavMenu/resources/images/down.gif HTTP/1.1" 200 854
190.95.2.157 - - [17/Dec/2025:13:43:08 -0300] "GET /cormun/servlet/trlicencias? HTTP/1.1" 200 11974
129.222.173.48 - - [17/Dec/2025:13:43:08 -0300] "GET /cormun/servlet/permisogoce?ed61be96ad9f62cacf53c71cab894793cac2feac952635aa8c84abfdf5f0fe8c7607198bfe10cb9014634a19af7efcecff225c0b348e66fc949a9cd91c985f10,gx-no-cache=1765989811007 HTTP/1.1" 200 80
190.95.2.157 - - [17/Dec/2025:13:43:08 -0300] "GET /cormun/static/gxui/gxui-all.css?120300 HTTP/1.1" 200 2179
190.95.2.157 - - [17/Dec/2025:13:43:08 -0300] "GET /cormun/static/calendar-system.css?85620 HTTP/1.1" 200 5572
190.95.2.157 - - [17/Dec/2025:13:43:08 -0300] "GET /cormun/static/calendar-setup.js?85251 HTTP/1.1" 200 2588
190.95.2.157 - - [17/Dec/2025:13:43:08 -0300] "GET /cormun/static/calendar.js?85251 HTTP/1.1" 200 26246
190.95.2.157 - - [17/Dec/2025:13:43:08 -0300] "GET /cormun/static/gxcfg.js?202211298463625 HTTP/1.1" 200 953
190.95.2.157 - - [17/Dec/2025:13:43:08 -0300] "GET /cormun/static/calendar-es.js?85251 HTTP/1.1" 200 1901
190.95.2.157 - - [17/Dec/2025:13:43:08 -0300] "GET /cormun/static/Resources/PXTools/calendar.png HTTP/1.1" 200 1306
190.95.2.157 - - [17/Dec/2025:13:43:08 -0300] "GET /cormun/static/gxdec.js?85251 HTTP/1.1" 200 19579
190.95.2.157 - - [17/Dec/2025:13:43:08 -0300] "GET /cormun/static/trlicencias.js?202211298463889 HTTP/1.1" 200 41883
190.95.2.157 - - [17/Dec/2025:13:43:08 -0300] "GET /cormun/static/Resources/PXToolsDataSearch.png HTTP/1.1" 200 435
190.95.2.157 - - [17/Dec/2025:13:43:08 -0300] "GET /cormun/static/Resources/PXToolsGridFirstDisabled.gif HTTP/1.1" 200 100
190.95.2.157 - - [17/Dec/2025:13:43:08 -0300] "GET /cormun/static/Shared/ext/resources/css/ext-all.css?215870 HTTP/1.1" 200 416045
190.95.2.157 - - [17/Dec/2025:13:43:08 -0300] "GET /cormun/static/Resources/PXToolsGridPreviousDisabled.gif HTTP/1.1" 200 90
190.95.2.157 - - [17/Dec/2025:13:43:08 -0300] "GET /cormun/static/Resources/PXToolsGridLastDisabled.gif HTTP/1.1" 200 98
190.95.2.157 - - [17/Dec/2025:13:43:08 -0300] "GET /cormun/static/Resources/PXToolsGridNextDisabled.gif HTTP/1.1" 200 90
190.95.2.157 - - [17/Dec/2025:13:43:08 -0300] "GET /cormun/static/Resources/PXToolsAddAllAction.png HTTP/1.1" 200 495
190.95.2.157 - - [17/Dec/2025:13:43:08 -0300] "GET /cormun/static/Resources/PXToolsActionExcel.png HTTP/1.1" 200 727
190.95.2.157 - - [17/Dec/2025:13:43:08 -0300] "GET /cormun/static/Resources/PXToolsGridPage.gif HTTP/1.1" 200 725
190.95.2.157 - - [17/Dec/2025:13:43:08 -0300] "GET /cormun//static/Resources/PXTools/ActionInsert.png HTTP/1.1" 200 1482
190.95.2.157 - - [17/Dec/2025:13:43:08 -0300] "GET /cormun//static/Resources/PXToolsActionDisabled.gif HTTP/1.1" 200 53
190.95.2.157 - - [17/Dec/2025:13:43:08 -0300] "GET /cormun/static/Resources/desc.gif HTTP/1.1" 200 65
190.95.2.157 - - [17/Dec/2025:13:43:08 -0300] "GET /cormun//static/Resources/PXToolsActionPrint.png HTTP/1.1" 200 404
190.95.2.157 - - [17/Dec/2025:13:43:08 -0300] "GET /cormun//static/Resources/PXToolsGridDisplay.png HTTP/1.1" 200 525
190.95.2.157 - - [17/Dec/2025:13:43:08 -0300] "GET /cormun/static/Resources/asc.gif HTTP/1.1" 200 67
190.95.2.157 - - [17/Dec/2025:13:43:08 -0300] "GET /cormun//static/Resources/PXToolsHeaderHelp.png HTTP/1.1" 200 1333
190.95.2.157 - - [17/Dec/2025:13:43:08 -0300] "GET /cormun//static/Resources/PXToolsHeaderFavorites.png HTTP/1.1" 200 1414
190.95.2.157 - - [17/Dec/2025:13:43:08 -0300] "GET /cormun/static/Shared/ext/resources/themes/images/default/tools/tool-sprites.gif HTTP/1.1" 200 5434
190.95.2.157 - - [17/Dec/2025:13:43:08 -0300] "GET /cormun/static/Shared/ext/resources/themes/images/default/panel/bg-headersPanel.png HTTP/1.1" 200 255
129.222.173.48 - - [17/Dec/2025:13:43:12 -0300] "GET /cormun/servlet/permisogoce?ed61be96ad9f62cacf53c71cab89479307affdc7f61c4849a1d72a0e491ecfe4495caf73379e8be5d5f78172de5738d00ab1d872e19516af170749b9cd96dad8,gx-no-cache=1765989815840 HTTP/1.1" 200 48
129.222.173.48 - - [17/Dec/2025:13:43:14 -0300] "POST /cormun/servlet/permisogoce?9c698bcd60f263d656e037fd85a9c4ff,INS,0,,,,gx-no-cache=1765989816928 HTTP/1.1" 200 93
129.222.173.48 - - [17/Dec/2025:13:43:14 -0300] "GET /cormun/servlet/hpexe_return? HTTP/1.1" 200 1003
129.222.173.48 - - [17/Dec/2025:13:43:14 -0300] "GET /cormun/servlet/trpermisosgoce HTTP/1.1" 200 10764
190.95.2.157 - - [17/Dec/2025:13:43:14 -0300] "GET /cormun/servlet/alicenciaprn?7650750,L,20251217000000,PU HTTP/1.1" 200 1535
190.95.2.157 - - [17/Dec/2025:13:43:14 -0300] "GET /cormun/servlet/alicenciaprn?7650750,L,20251217000000,PU HTTP/1.1" 200 1535
129.222.173.48 - - [17/Dec/2025:13:43:27 -0300] "GET /cormun/servlet/permisogoce?INS,0,,, HTTP/1.1" 200 6803
190.95.2.157 - - [17/Dec/2025:13:43:29 -0300] "GET /cormun/servlet/alicenciaprn?9076382,L,20251216000000,PU HTTP/1.1" 200 1535
190.95.2.157 - - [17/Dec/2025:13:43:30 -0300] "GET /cormun/servlet/alicenciaprn?9076382,L,20251216000000,PU HTTP/1.1" 200 1534
179.57.78.71 - - [17/Dec/2025:13:43:30 -0300] "POST /cormun/servlet/trsolicitudot?7b70311ae0402b4c0f09ecb1836d5b39,gx-no-cache=1765989832948 HTTP/1.1" 200 4845
179.57.78.71 - - [17/Dec/2025:13:43:30 -0300] "GET /cormun/static/Shared/jqueryui/images/ui-bg_highlight-soft_100_c6c2c8_1x100.png HTTP/1.1" 404 1117
179.57.78.71 - - [17/Dec/2025:13:43:30 -0300] "GET /cormun/static/Shared/jqueryui/images/ui-icons_82798d_256x240.png HTTP/1.1" 404 1089
179.57.78.71 - - [17/Dec/2025:13:43:30 -0300] "GET /cormun/static/Shared/jqueryui/images/ui-bg_flat_55_fafafa_40x100.png HTTP/1.1" 404 1097
179.57.78.71 - - [17/Dec/2025:13:43:30 -0300] "GET /cormun/static/Shared/jqueryui/images/ui-icons_8d78a5_256x240.png HTTP/1.1" 404 1089
179.57.78.71 - - [17/Dec/2025:13:43:30 -0300] "POST /cormun/servlet/trsolicitudot?7b70311ae0402b4c0f09ecb1836d5b39,gx-no-cache=1765989833218 HTTP/1.1" 200 4609
129.222.173.48 - - [17/Dec/2025:13:43:40 -0300] "GET /cormun/servlet/permisogoce?ed61be96ad9f62cacf53c71cab8947935936b178f41caa10ecc06e09a8e7f5997607198bfe10cb9014634a19af7efcecff225c0b348e66fc949a9cd91c985f10,gx-no-cache=1765989843193 HTTP/1.1" 200 80
129.222.173.48 - - [17/Dec/2025:13:43:48 -0300] "GET /cormun/servlet/permisogoce?ed61be96ad9f62cacf53c71cab8947933f60e08ab3b146a486c5955ec61d5edafc7b10ca22e46abfc3111733060789500ab1d872e19516af170749b9cd96dad8,gx-no-cache=1765989850887 HTTP/1.1" 200 48
129.222.173.48 - - [17/Dec/2025:13:43:49 -0300] "POST /cormun/servlet/permisogoce?9c698bcd60f263d656e037fd85a9c4ff,INS,0,,,,gx-no-cache=1765989852336 HTTP/1.1" 200 93
129.222.173.48 - - [17/Dec/2025:13:43:49 -0300] "GET /cormun/servlet/hpexe_return? HTTP/1.1" 200 1003
129.222.173.48 - - [17/Dec/2025:13:43:50 -0300] "GET /cormun/servlet/trpermisosgoce HTTP/1.1" 200 10958
190.95.2.157 - - [17/Dec/2025:13:43:53 -0300] "GET /cormun/servlet/alicenciaprn?18104670,L,20251215000000,PU HTTP/1.1" 200 1541
190.95.2.157 - - [17/Dec/2025:13:43:53 -0300] "GET /cormun/servlet/alicenciaprn?18104670,L,20251215000000,PU HTTP/1.1" 200 1542
129.222.173.48 - - [17/Dec/2025:13:43:56 -0300] "GET /cormun/servlet/permisogoce?INS,0,,, HTTP/1.1" 200 6802
201.186.225.193 - - [17/Dec/2025:13:43:57 -0300] "POST /cormun/servlet/trlicencias?9662edfb52e0019b1f44afe4fa0acec3,,gx-no-cache=1765989860957 HTTP/1.1" 200 4463
181.203.39.246 - - [17/Dec/2025:13:44:11 -0300] "GET /cormun/servlet/permisogoce?INS,0,,, HTTP/1.1" 200 6780
201.186.225.193 - - [17/Dec/2025:13:44:13 -0300] "POST /cormun/servlet/trlicencias?9662edfb52e0019b1f44afe4fa0acec3,,gx-no-cache=1765989876877 HTTP/1.1" 200 8449
129.222.173.48 - - [17/Dec/2025:13:44:16 -0300] "GET /cormun/servlet/permisogoce?ed61be96ad9f62cacf53c71cab8947934880b174f3374986fd3d908ae93c26bb7607198bfe10cb9014634a19af7efcecff225c0b348e66fc949a9cd91c985f10,gx-no-cache=1765989878943 HTTP/1.1" 200 83
201.186.225.193 - - [17/Dec/2025:13:44:19 -0300] "POST /cormun/servlet/trlicencias?9662edfb52e0019b1f44afe4fa0acec3,,gx-no-cache=1765989882350 HTTP/1.1" 200 101
201.186.225.193 - - [17/Dec/2025:13:44:19 -0300] "POST /cormun/servlet/trlicencias?9662edfb52e0019b1f44afe4fa0acec3,,gx-no-cache=1765989882441 HTTP/1.1" 200 8427
201.186.225.193 - - [17/Dec/2025:13:44:19 -0300] "GET /cormun/Licencias-3110.xls HTTP/1.1" 200 7680
20.40.115.26 - - [17/Dec/2025:13:44:19 -0300] "GET /cormun/Licencias-3110.xls HTTP/1.1" 200 7680
201.186.225.193 - - [17/Dec/2025:13:44:21 -0300] "GET /cormun/Licencias-3110.xls HTTP/1.1" 304 -
129.222.173.48 - - [17/Dec/2025:13:44:23 -0300] "GET /cormun/servlet/permisogoce?ed61be96ad9f62cacf53c71cab894793b56b570a57863e7326f51c5384a7e6855615e4077f11cfb2a06b3830d94c290b0ab1d872e19516af170749b9cd96dad8,gx-no-cache=1765989886231 HTTP/1.1" 200 48
129.222.173.48 - - [17/Dec/2025:13:44:25 -0300] "POST /cormun/servlet/permisogoce?9c698bcd60f263d656e037fd85a9c4ff,INS,0,,,,gx-no-cache=1765989888432 HTTP/1.1" 200 93
129.222.173.48 - - [17/Dec/2025:13:44:25 -0300] "GET /cormun/servlet/hpexe_return? HTTP/1.1" 200 1003
129.222.173.48 - - [17/Dec/2025:13:44:26 -0300] "GET /cormun/servlet/trpermisosgoce HTTP/1.1" 200 11157
129.222.173.48 - - [17/Dec/2025:13:44:31 -0300] "GET /cormun/servlet/permisogoce?INS,0,,, HTTP/1.1" 200 6803
181.203.39.246 - - [17/Dec/2025:13:44:34 -0300] "GET /cormun/servlet/permisogoce?f46475430b67a6d14fd78dd351794bcf1b82d54062f084cc75e3d7e2fa2ac4bc1f9f4788a559fed6cbca6f597d6ef612ca57778cb9da2bad122fb32a430fa677,gx-no-cache=1765989897536 HTTP/1.1" 200 83
181.203.39.246 - - [17/Dec/2025:13:44:34 -0300] "GET /cormun/static/menuarrow.gif HTTP/1.1" 404 1015
129.222.173.48 - - [17/Dec/2025:13:44:49 -0300] "GET /cormun/servlet/permisogoce?ed61be96ad9f62cacf53c71cab8947931fdba200df26111ba187abea126d5b8b7607198bfe10cb9014634a19af7efcecff225c0b348e66fc949a9cd91c985f10,gx-no-cache=1765989912023 HTTP/1.1" 200 77
181.203.39.246 - - [17/Dec/2025:13:44:49 -0300] "GET /cormun/servlet/permisogoce?f46475430b67a6d14fd78dd351794bcf88a630115169dcbd81bfc1e0bedff345663b623228edb0a409b241b50c4f7d1046f269e47ffd01adbfc2c00e98a7b06f,gx-no-cache=1765989913407 HTTP/1.1" 200 48
181.203.39.246 - - [17/Dec/2025:13:44:53 -0300] "POST /cormun/servlet/permisogoce?4c45180d1af463fbabfbc8ea482d7ef2,INS,0,,,,gx-no-cache=1765989916411 HTTP/1.1" 200 93
181.203.39.246 - - [17/Dec/2025:13:44:53 -0300] "GET /cormun/servlet/hpexe_return? HTTP/1.1" 200 1010
181.203.39.246 - - [17/Dec/2025:13:44:53 -0300] "GET /cormun/servlet/trpermisosgoce HTTP/1.1" 200 14403
181.203.39.246 - - [17/Dec/2025:13:44:58 -0300] "GET /cormun/servlet/apermisogoceprn?15104877,P,20251217134525,PU HTTP/1.1" 200 1667
129.222.173.48 - - [17/Dec/2025:13:45:00 -0300] "GET /cormun/servlet/permisogoce?ed61be96ad9f62cacf53c71cab8947932238a62def18a1a308ae5cfd9428cfe5d218fae289646cfaf2023169ba3aa1f70ab1d872e19516af170749b9cd96dad8,gx-no-cache=1765989923575 HTTP/1.1" 200 48
129.222.173.48 - - [17/Dec/2025:13:45:03 -0300] "POST /cormun/servlet/permisogoce?9c698bcd60f263d656e037fd85a9c4ff,INS,0,,,,gx-no-cache=1765989926144 HTTP/1.1" 200 93
129.222.173.48 - - [17/Dec/2025:13:45:03 -0300] "GET /cormun/servlet/hpexe_return? HTTP/1.1" 200 1003
129.222.173.48 - - [17/Dec/2025:13:45:04 -0300] "GET /cormun/servlet/trpermisosgoce HTTP/1.1" 200 11372
129.222.173.48 - - [17/Dec/2025:13:45:07 -0300] "GET /cormun/servlet/permisogoce?INS,0,,, HTTP/1.1" 200 6803
129.222.173.48 - - [17/Dec/2025:13:45:22 -0300] "GET /cormun/servlet/permisogoce?ed61be96ad9f62cacf53c71cab8947930ddae26112229c4c30f30c8e42ac5ead7607198bfe10cb9014634a19af7efcecff225c0b348e66fc949a9cd91c985f10,gx-no-cache=1765989945729 HTTP/1.1" 200 84
181.203.39.246 - - [17/Dec/2025:13:45:24 -0300] "GET /cormun/servlet/permisogoce?INS,0,,, HTTP/1.1" 200 6781
129.222.173.48 - - [17/Dec/2025:13:45:31 -0300] "GET /cormun/servlet/permisogoce?ed61be96ad9f62cacf53c71cab8947934c09cd3a2bab9d84f5e945136c5c6684f1c0a43f9c19b237660398079ab85a210ab1d872e19516af170749b9cd96dad8,gx-no-cache=1765989954367 HTTP/1.1" 200 48
201.186.226.3 - - [17/Dec/2025:13:45:31 -0300] "GET /cormun/servlet/hlogin HTTP/1.1" 200 1714
129.222.173.48 - - [17/Dec/2025:13:45:34 -0300] "POST /cormun/servlet/permisogoce?9c698bcd60f263d656e037fd85a9c4ff,INS,0,,,,gx-no-cache=1765989957384 HTTP/1.1" 200 93
129.222.173.48 - - [17/Dec/2025:13:45:34 -0300] "GET /cormun/servlet/hpexe_return? HTTP/1.1" 200 1003
129.222.173.48 - - [17/Dec/2025:13:45:35 -0300] "GET /cormun/servlet/trpermisosgoce HTTP/1.1" 200 11570
181.203.39.246 - - [17/Dec/2025:13:45:40 -0300] "GET /cormun/servlet/permisogoce?f46475430b67a6d14fd78dd351794bcf1b82d54062f084cc75e3d7e2fa2ac4bc1f9f4788a559fed6cbca6f597d6ef612ca57778cb9da2bad122fb32a430fa677,gx-no-cache=1765989964210 HTTP/1.1" 200 84
201.186.226.3 - - [17/Dec/2025:13:45:42 -0300] "POST /cormun/servlet/hlogin?24bba76b76bece205cf19f93fd177ce6,gx-no-cache=1765989966605 HTTP/1.1" 200 90
201.186.226.3 - - [17/Dec/2025:13:45:42 -0300] "GET /cormun/servlet/hpexe_link HTTP/1.1" 200 946
201.186.226.3 - - [17/Dec/2025:13:45:42 -0300] "GET /cormun/servlet/hhome HTTP/1.1" 200 3928
201.186.226.3 - - [17/Dec/2025:13:45:46 -0300] "GET /cormun/servlet/trpermisosgoce? HTTP/1.1" 200 16580
181.203.39.246 - - [17/Dec/2025:13:45:49 -0300] "GET /cormun/servlet/permisogoce?f46475430b67a6d14fd78dd351794bcf88a630115169dcbd81bfc1e0bedff345a58c2cd152915f8c2b09ffd4903451f446f269e47ffd01adbfc2c00e98a7b06f,gx-no-cache=1765989972664 HTTP/1.1" 200 48
181.203.39.246 - - [17/Dec/2025:13:45:52 -0300] "POST /cormun/servlet/permisogoce?4c45180d1af463fbabfbc8ea482d7ef2,INS,0,,,,gx-no-cache=1765989975035 HTTP/1.1" 200 93
181.203.39.246 - - [17/Dec/2025:13:45:52 -0300] "GET /cormun/servlet/hpexe_return? HTTP/1.1" 200 1010
181.203.39.246 - - [17/Dec/2025:13:45:52 -0300] "GET /cormun/servlet/trpermisosgoce HTTP/1.1" 200 14533
201.186.226.3 - - [17/Dec/2025:13:45:55 -0300] "GET /cormun/servlet/apermisogoceprn?18375139,P,20251216154313,PU HTTP/1.1" 200 1664
129.222.173.48 - - [17/Dec/2025:13:47:02 -0300] "GET /cormun/servlet/permisogoce?INS,0,,, HTTP/1.1" 200 6803
181.203.39.246 - - [17/Dec/2025:13:47:07 -0300] "GET /cormun/servlet/permisogoce?INS,0,,, HTTP/1.1" 200 6781
181.203.39.246 - - [17/Dec/2025:13:47:21 -0300] "GET /cormun/servlet/permisogoce?f46475430b67a6d14fd78dd351794bcfc0fd53999d82f5460109533d7c51323c1f9f4788a559fed6cbca6f597d6ef612ca57778cb9da2bad122fb32a430fa677,gx-no-cache=1765990065365 HTTP/1.1" 200 84
129.222.173.48 - - [17/Dec/2025:13:47:22 -0300] "GET /cormun/servlet/permisogoce?ed61be96ad9f62cacf53c71cab8947934a9f1d98aa3eeb33da2884926caf94267607198bfe10cb9014634a19af7efcecff225c0b348e66fc949a9cd91c985f10,gx-no-cache=1765990065681 HTTP/1.1" 200 81
129.222.173.48 - - [17/Dec/2025:13:47:35 -0300] "GET /cormun/servlet/permisogoce?ed61be96ad9f62cacf53c71cab8947937f5c009837dc4e2833739ddfa17f2eff4e764a2f9aa2d96d86c488e6509958ab0ab1d872e19516af170749b9cd96dad8,gx-no-cache=1765990078752 HTTP/1.1" 200 48
129.222.173.48 - - [17/Dec/2025:13:47:38 -0300] "POST /cormun/servlet/permisogoce?9c698bcd60f263d656e037fd85a9c4ff,INS,0,,,,gx-no-cache=1765990081265 HTTP/1.1" 200 93
129.222.173.48 - - [17/Dec/2025:13:47:38 -0300] "GET /cormun/servlet/hpexe_return? HTTP/1.1" 200 1003
129.222.173.48 - - [17/Dec/2025:13:47:39 -0300] "GET /cormun/servlet/trpermisosgoce HTTP/1.1" 200 11801
181.203.39.246 - - [17/Dec/2025:13:47:50 -0300] "GET /cormun/servlet/permisogoce?f46475430b67a6d14fd78dd351794bcf0c36e5f4993f3ca71af350e336d3be72f0f04cc41c562742fc56976eeeb8864c5a21228f9aade4fe777380269f0a0859,gx-no-cache=1765990093837 HTTP/1.1" 200 48
129.222.173.48 - - [17/Dec/2025:13:47:51 -0300] "GET /cormun/servlet/permisogoce?INS,0,,, HTTP/1.1" 200 6803
181.203.39.246 - - [17/Dec/2025:13:47:53 -0300] "POST /cormun/servlet/permisogoce?4c45180d1af463fbabfbc8ea482d7ef2,INS,0,,,,gx-no-cache=1765990096560 HTTP/1.1" 200 93
181.203.39.246 - - [17/Dec/2025:13:47:53 -0300] "GET /cormun/servlet/hpexe_return? HTTP/1.1" 200 1010
181.203.39.246 - - [17/Dec/2025:13:47:53 -0300] "GET /cormun/servlet/trpermisosgoce HTTP/1.1" 200 14720
181.203.39.246 - - [17/Dec/2025:13:48:03 -0300] "GET /cormun/servlet/apermisogoceprn?13344089,P,20251217134822,PU HTTP/1.1" 200 1658
201.186.225.193 - - [17/Dec/2025:13:48:15 -0300] "GET /cormun/servlet/trlicencias? HTTP/1.1" 200 10927
201.186.225.193 - - [17/Dec/2025:13:48:33 -0300] "POST /cormun/servlet/trlicencias?9662edfb52e0019b1f44afe4fa0acec3,,gx-no-cache=1765990136167 HTTP/1.1" 200 6236
129.222.173.48 - - [17/Dec/2025:13:48:34 -0300] "GET /cormun/servlet/permisogoce?ed61be96ad9f62cacf53c71cab8947936dd42a6ab7eab0ae269a442ac659378e7607198bfe10cb9014634a19af7efcecff225c0b348e66fc949a9cd91c985f10,gx-no-cache=1765990136912 HTTP/1.1" 200 79
129.222.173.48 - - [17/Dec/2025:13:48:40 -0300] "GET /cormun/servlet/permisogoce?ed61be96ad9f62cacf53c71cab8947934405647cfea87462dab5a024ddbd46f9665e0a7298d85ba89fe0a243d1daf9360ab1d872e19516af170749b9cd96dad8,gx-no-cache=1765990143343 HTTP/1.1" 200 48
129.222.173.48 - - [17/Dec/2025:13:48:46 -0300] "POST /cormun/servlet/permisogoce?9c698bcd60f263d656e037fd85a9c4ff,INS,0,,,,gx-no-cache=1765990147712 HTTP/1.1" 200 93
129.222.173.48 - - [17/Dec/2025:13:48:46 -0300] "GET /cormun/servlet/hpexe_return? HTTP/1.1" 200 1003
129.222.173.48 - - [17/Dec/2025:13:48:46 -0300] "GET /cormun/servlet/trpermisosgoce HTTP/1.1" 200 12056
201.186.225.193 - - [17/Dec/2025:13:48:59 -0300] "POST /cormun/servlet/trlicencias?9662edfb52e0019b1f44afe4fa0acec3,,gx-no-cache=1765990162565 HTTP/1.1" 200 101
201.186.225.193 - - [17/Dec/2025:13:48:59 -0300] "POST /cormun/servlet/trlicencias?9662edfb52e0019b1f44afe4fa0acec3,,gx-no-cache=1765990162616 HTTP/1.1" 200 6213
201.186.225.193 - - [17/Dec/2025:13:48:59 -0300] "GET /cormun/Licencias-7390.xls HTTP/1.1" 200 5632
20.40.115.26 - - [17/Dec/2025:13:49:00 -0300] "GET /cormun/Licencias-7390.xls HTTP/1.1" 200 5632
201.186.225.193 - - [17/Dec/2025:13:49:01 -0300] "GET /cormun/Licencias-7390.xls HTTP/1.1" 304 -
181.203.39.246 - - [17/Dec/2025:13:49:37 -0300] "GET /cormun/servlet/permisogoce?INS,0,,, HTTP/1.1" 200 6780
181.203.39.246 - - [17/Dec/2025:13:49:44 -0300] "GET /cormun/servlet/permisogoce?f46475430b67a6d14fd78dd351794bcfc0fd53999d82f5460109533d7c51323c1f9f4788a559fed6cbca6f597d6ef612ca57778cb9da2bad122fb32a430fa677,gx-no-cache=1765990207818 HTTP/1.1" 200 84
181.203.39.246 - - [17/Dec/2025:13:49:53 -0300] "GET /cormun/servlet/permisogoce?f46475430b67a6d14fd78dd351794bcf0c36e5f4993f3ca71af350e336d3be727f7a9848840aa922083dc5c23ab4f2525a21228f9aade4fe777380269f0a0859,gx-no-cache=1765990216658 HTTP/1.1" 200 48
181.203.39.246 - - [17/Dec/2025:13:49:56 -0300] "POST /cormun/servlet/permisogoce?4c45180d1af463fbabfbc8ea482d7ef2,INS,0,,,,gx-no-cache=1765990219180 HTTP/1.1" 200 93
181.203.39.246 - - [17/Dec/2025:13:49:56 -0300] "GET /cormun/servlet/hpexe_return? HTTP/1.1" 200 1010
181.203.39.246 - - [17/Dec/2025:13:49:56 -0300] "GET /cormun/servlet/trpermisosgoce HTTP/1.1" 200 14923
181.203.39.246 - - [17/Dec/2025:13:50:03 -0300] "GET /cormun/servlet/apermisogoceprn?13344089,P,20251217135051,PU HTTP/1.1" 200 1666
201.186.225.193 - - [17/Dec/2025:13:50:42 -0300] "POST /cormun/servlet/trlicencias?9662edfb52e0019b1f44afe4fa0acec3,,gx-no-cache=1765990265612 HTTP/1.1" 200 6700
201.186.225.193 - - [17/Dec/2025:13:50:47 -0300] "POST /cormun/servlet/trlicencias?9662edfb52e0019b1f44afe4fa0acec3,,gx-no-cache=1765990270797 HTTP/1.1" 200 101
201.186.225.193 - - [17/Dec/2025:13:50:47 -0300] "POST /cormun/servlet/trlicencias?9662edfb52e0019b1f44afe4fa0acec3,,gx-no-cache=1765990270863 HTTP/1.1" 200 6676
201.186.225.193 - - [17/Dec/2025:13:50:47 -0300] "GET /cormun/Licencias-7434.xls HTTP/1.1" 200 6144
20.40.115.26 - - [17/Dec/2025:13:50:48 -0300] "GET /cormun/Licencias-7434.xls HTTP/1.1" 200 6144
201.186.225.193 - - [17/Dec/2025:13:50:50 -0300] "GET /cormun/Licencias-7434.xls HTTP/1.1" 304 -
201.186.226.3 - - [17/Dec/2025:13:51:15 -0300] "GET /cormun/servlet/hlogin HTTP/1.1" 200 1733
201.186.225.193 - - [17/Dec/2025:13:52:14 -0300] "POST /cormun/servlet/trlicencias?9662edfb52e0019b1f44afe4fa0acec3,,gx-no-cache=1765990357084 HTTP/1.1" 200 6875
201.186.225.193 - - [17/Dec/2025:13:52:16 -0300] "POST /cormun/servlet/trlicencias?9662edfb52e0019b1f44afe4fa0acec3,,gx-no-cache=1765990359596 HTTP/1.1" 200 101
201.186.225.193 - - [17/Dec/2025:13:52:16 -0300] "POST /cormun/servlet/trlicencias?9662edfb52e0019b1f44afe4fa0acec3,,gx-no-cache=1765990359661 HTTP/1.1" 200 6852
201.186.225.193 - - [17/Dec/2025:13:52:16 -0300] "GET /cormun/Licencias-4467.xls HTTP/1.1" 200 6144
20.40.115.26 - - [17/Dec/2025:13:52:17 -0300] "GET /cormun/Licencias-4467.xls HTTP/1.1" 200 6144
201.186.225.193 - - [17/Dec/2025:13:52:19 -0300] "GET /cormun/Licencias-4467.xls HTTP/1.1" 304 -
201.186.225.193 - - [17/Dec/2025:13:53:52 -0300] "POST /cormun/servlet/trlicencias?9662edfb52e0019b1f44afe4fa0acec3,,gx-no-cache=1765990455389 HTTP/1.1" 200 5693
181.203.39.246 - - [17/Dec/2025:13:54:00 -0300] "GET /cormun/servlet/permisogoce?INS,0,,, HTTP/1.1" 200 6780
181.203.39.246 - - [17/Dec/2025:13:55:27 -0300] "GET /cormun/servlet/permisogoce?f46475430b67a6d14fd78dd351794bcfb3ffd7a0794b8192cae6742baf616b211f9f4788a559fed6cbca6f597d6ef612ca57778cb9da2bad122fb32a430fa677,gx-no-cache=1765990551279 HTTP/1.1" 200 85
190.95.67.97 - - [17/Dec/2025:13:55:36 -0300] "GET /cormun/servlet/trlicencias? HTTP/1.1" 200 6053
190.95.67.97 - - [17/Dec/2025:13:55:36 -0300] "GET /cormun/servlet/hlogin HTTP/1.1" 200 1737
181.203.39.246 - - [17/Dec/2025:13:55:40 -0300] "GET /cormun/servlet/permisogoce?f46475430b67a6d14fd78dd351794bcf243449ab588039b3758e3237133f93dab7b1e91ad23300116ec9b839042cf1e75a21228f9aade4fe777380269f0a0859,gx-no-cache=1765990564038 HTTP/1.1" 200 48
190.95.67.97 - - [17/Dec/2025:13:55:42 -0300] "POST /cormun/servlet/hlogin?2c366a53ffcf7afdcf4d0ef94458badc,gx-no-cache=1765990569484 HTTP/1.1" 200 90
190.95.67.97 - - [17/Dec/2025:13:55:42 -0300] "GET /cormun/servlet/hpexe_link HTTP/1.1" 200 957
190.95.67.97 - - [17/Dec/2025:13:55:43 -0300] "GET /cormun/servlet/trlicencias HTTP/1.1" 200 11031
181.203.39.246 - - [17/Dec/2025:13:55:43 -0300] "POST /cormun/servlet/permisogoce?4c45180d1af463fbabfbc8ea482d7ef2,INS,0,,,,gx-no-cache=1765990566737 HTTP/1.1" 200 93
181.203.39.246 - - [17/Dec/2025:13:55:43 -0300] "GET /cormun/servlet/hpexe_return? HTTP/1.1" 200 1010
181.203.39.246 - - [17/Dec/2025:13:55:44 -0300] "GET /cormun/servlet/trpermisosgoce HTTP/1.1" 200 15175
181.203.39.246 - - [17/Dec/2025:13:55:48 -0300] "GET /cormun/servlet/apermisogoceprn?13638687,P,20251217135515,PU HTTP/1.1" 200 1666
181.203.39.246 - - [17/Dec/2025:13:56:13 -0300] "GET /cormun/servlet/permisogoce?INS,0,,, HTTP/1.1" 200 6781
181.203.39.246 - - [17/Dec/2025:13:56:26 -0300] "GET /cormun/servlet/permisogoce?f46475430b67a6d14fd78dd351794bcfb3ffd7a0794b8192cae6742baf616b211f9f4788a559fed6cbca6f597d6ef612ca57778cb9da2bad122fb32a430fa677,gx-no-cache=1765990610033 HTTP/1.1" 200 86
181.203.39.246 - - [17/Dec/2025:13:56:35 -0300] "GET /cormun/servlet/permisogoce?f46475430b67a6d14fd78dd351794bcf243449ab588039b3758e3237133f93da71a2eec239201aff0fc1cb15dae3c2185a21228f9aade4fe777380269f0a0859,gx-no-cache=1765990618975 HTTP/1.1" 200 48
181.203.39.246 - - [17/Dec/2025:13:56:38 -0300] "POST /cormun/servlet/permisogoce?4c45180d1af463fbabfbc8ea482d7ef2,INS,0,,,,gx-no-cache=1765990621306 HTTP/1.1" 200 93
181.203.39.246 - - [17/Dec/2025:13:56:38 -0300] "GET /cormun/servlet/hpexe_return? HTTP/1.1" 200 1010
181.203.39.246 - - [17/Dec/2025:13:56:38 -0300] "GET /cormun/servlet/trpermisosgoce HTTP/1.1" 200 15329
181.203.39.246 - - [17/Dec/2025:13:56:44 -0300] "GET /cormun/servlet/apermisogoceprn?13638687,P,20251217135728,PU HTTP/1.1" 200 1664
179.57.78.55 - - [17/Dec/2025:14:03:15 -0300] "GET /cormun/servlet/trpermisosgoce? HTTP/1.1" 200 6030
179.57.78.55 - - [17/Dec/2025:14:03:15 -0300] "GET /cormun/servlet/hlogin HTTP/1.1" 200 1738
179.57.78.55 - - [17/Dec/2025:14:03:21 -0300] "POST /cormun/servlet/hlogin?3237d5c72c064fb6b15e7eb659817c68,gx-no-cache=1765991022527 HTTP/1.1" 200 90
179.57.78.55 - - [17/Dec/2025:14:03:21 -0300] "GET /cormun/servlet/hpexe_link HTTP/1.1" 200 954
179.57.78.55 - - [17/Dec/2025:14:03:22 -0300] "GET /cormun/servlet/trpermisosgoce HTTP/1.1" 200 18624
179.57.78.55 - - [17/Dec/2025:14:03:24 -0300] "GET /cormun/servlet/permisogoce?INS,0,,, HTTP/1.1" 200 6843
179.57.78.55 - - [17/Dec/2025:14:03:31 -0300] "GET /cormun/servlet/permisogoce?90f04e188f335bb11cce5f25be65679bcfd98e17b269ad92194627c2bb64ee2185af7d80805c1e0611bb05c9afe74bceeea7a62dd56f39e56d4bf3926bade489,gx-no-cache=1765991032168 HTTP/1.1" 200 82
179.57.78.55 - - [17/Dec/2025:14:03:33 -0300] "GET /cormun/static/menuarrow.gif HTTP/1.1" 404 1015
179.57.78.55 - - [17/Dec/2025:14:03:40 -0300] "GET /cormun/servlet/permisogoce?90f04e188f335bb11cce5f25be65679bd30ee73db07ae63beda08c242caa6d8dc090c7afc9012ae40f9b486f7103e52f6b77a60bc266b29224d1888520e4fd3a,gx-no-cache=1765991041104 HTTP/1.1" 200 48
179.57.78.55 - - [17/Dec/2025:14:03:43 -0300] "POST /cormun/servlet/permisogoce?3237d5c72c064fb6b15e7eb659817c68,INS,0,,,,gx-no-cache=1765991042985 HTTP/1.1" 200 93
179.57.78.55 - - [17/Dec/2025:14:03:43 -0300] "GET /cormun/servlet/hpexe_return? HTTP/1.1" 200 1008
179.57.78.55 - - [17/Dec/2025:14:03:44 -0300] "GET /cormun/servlet/trpermisosgoce HTTP/1.1" 200 18621
179.57.78.55 - - [17/Dec/2025:14:03:47 -0300] "GET /cormun/servlet/apermisogoceprn?16110947,P,20251217140439,PU HTTP/1.1" 200 1644
190.95.1.183 - - [17/Dec/2025:14:20:36 -0300] "GET /cormun/servlet/hlogin HTTP/1.1" 200 1717
190.95.1.183 - - [17/Dec/2025:14:20:36 -0300] "GET /cormun/servlet/hlogin HTTP/1.1" 200 1728
190.95.1.183 - - [17/Dec/2025:14:20:36 -0300] "GET /favicon.ico HTTP/1.1" 200 21630
190.95.1.183 - - [17/Dec/2025:14:20:42 -0300] "POST /cormun/servlet/hlogin?5ff8877dea234849bcd05db03eb6e143,gx-no-cache=1765992067114 HTTP/1.1" 200 90
190.95.1.183 - - [17/Dec/2025:14:20:42 -0300] "GET /cormun/servlet/hpexe_link HTTP/1.1" 200 949
190.95.1.183 - - [17/Dec/2025:14:20:42 -0300] "GET /cormun/servlet/hhome HTTP/1.1" 200 3975
190.95.1.183 - - [17/Dec/2025:14:20:46 -0300] "GET /cormun/servlet/trlicencias? HTTP/1.1" 200 14478
190.95.1.183 - - [17/Dec/2025:14:20:47 -0300] "GET /cormun/static/menuarrow.gif HTTP/1.1" 404 1015
190.95.1.183 - - [17/Dec/2025:14:20:58 -0300] "POST /cormun/servlet/trlicencias?5ff8877dea234849bcd05db03eb6e143,,gx-no-cache=1765992082746 HTTP/1.1" 200 5936
190.95.67.95 - - [17/Dec/2025:14:24:47 -0300] "GET /cormun/servlet/trpermisosgoce? HTTP/1.1" 200 6015
190.95.67.95 - - [17/Dec/2025:14:24:47 -0300] "GET /cormun/static/gxcfg.js?2020121631564 HTTP/1.1" 200 953
190.95.67.95 - - [17/Dec/2025:14:24:47 -0300] "GET /cormun/static/trpermisosgoce.js?2020121633681 HTTP/1.1" 200 35904
190.95.67.95 - - [17/Dec/2025:14:24:47 -0300] "GET /cormun/servlet/hlogin HTTP/1.1" 200 1739
10.40.40.2 - - [17/Dec/2025:14:24:56 -0300] "GET /cormun/servlet/hlogin HTTP/1.1" 200 1714
10.40.40.2 - - [17/Dec/2025:14:24:56 -0300] "GET /cormun/static/Resources/Spanish/PXTools.css?1759030 HTTP/1.1" 200 100853
10.40.40.2 - - [17/Dec/2025:14:24:56 -0300] "GET /cormun/servlet/hlogin HTTP/1.1" 200 1725
10.40.40.2 - - [17/Dec/2025:14:24:59 -0300] "POST /cormun/servlet/hlogin?92579950ffdba1b0d6f0ee8e0e23a20b,gx-no-cache=1765992263272 HTTP/1.1" 200 90
10.40.40.2 - - [17/Dec/2025:14:24:59 -0300] "GET /cormun/servlet/hpexe_link HTTP/1.1" 200 946
10.40.40.2 - - [17/Dec/2025:14:24:59 -0300] "GET /cormun/static/Resources/Spanish/PXTools.css?8354383 HTTP/1.1" 200 100853
10.40.40.2 - - [17/Dec/2025:14:24:59 -0300] "GET /cormun/servlet/hhome HTTP/1.1" 200 3187
10.40.40.2 - - [17/Dec/2025:14:24:59 -0300] "GET /cormun/static/SmoothNavMenu/resources/ddsmoothmenu.css?1112540 HTTP/1.1" 200 2223
10.40.40.2 - - [17/Dec/2025:14:24:59 -0300] "GET /cormun/static/gxcfg.js?20201215495537 HTTP/1.1" 200 953
10.40.40.2 - - [17/Dec/2025:14:24:59 -0300] "GET /cormun/static/SmoothNavMenu/resources/ddsmoothmenu-v.css?1112540 HTTP/1.1" 200 1188
10.40.40.2 - - [17/Dec/2025:14:24:59 -0300] "GET /cormun/static/scaMessage/css/jquery.pnotify.default.css?1816380 HTTP/1.1" 200 1707
10.40.40.2 - - [17/Dec/2025:14:24:59 -0300] "GET /cormun/static/Shared/jqueryui/jquery-ui.min.css?1345370 HTTP/1.1" 200 30288
10.40.40.2 - - [17/Dec/2025:14:24:59 -0300] "GET /cormun/static/Resources/Spanish/PXTools.css?14345360 HTTP/1.1" 200 100853
10.40.40.2 - - [17/Dec/2025:14:24:59 -0300] "GET /cormun/static/hhome.js?20201215495544 HTTP/1.1" 200 777
10.40.40.2 - - [17/Dec/2025:14:24:59 -0300] "GET /favicon.ico HTTP/1.1" 200 21630
10.40.40.2 - - [17/Dec/2025:14:25:01 -0300] "GET /cormun/servlet/trlicencias? HTTP/1.1" 200 18021
10.40.40.2 - - [17/Dec/2025:14:25:01 -0300] "GET /cormun/static/gxui/gxui-all.css?120300 HTTP/1.1" 200 2179
10.40.40.2 - - [17/Dec/2025:14:25:01 -0300] "GET /cormun/static/calendar-system.css?85620 HTTP/1.1" 200 5572
10.40.40.2 - - [17/Dec/2025:14:25:01 -0300] "GET /cormun/static/Shared/ext/resources/css/ext-all.css?215870 HTTP/1.1" 200 416045
190.95.67.95 - - [17/Dec/2025:14:25:05 -0300] "POST /cormun/servlet/hlogin?99c0edb72c760973b94188f55a3aea6b,gx-no-cache=1765992328021 HTTP/1.1" 200 90
190.95.67.95 - - [17/Dec/2025:14:25:05 -0300] "GET /cormun/servlet/hpexe_link HTTP/1.1" 200 954
190.95.67.95 - - [17/Dec/2025:14:25:05 -0300] "GET /cormun/servlet/trpermisosgoce HTTP/1.1" 200 16283
190.95.67.95 - - [17/Dec/2025:14:25:05 -0300] "GET /cormun//static/Resources/PXToolsGridUpdate.png HTTP/1.1" 200 470
190.95.67.95 - - [17/Dec/2025:14:25:05 -0300] "GET /cormun//static/Resources/PXToolsGridDelete.png HTTP/1.1" 200 538
190.95.67.95 - - [17/Dec/2025:14:25:09 -0300] "GET /cormun/servlet/permisogoce?INS,0,,, HTTP/1.1" 200 6872
190.95.67.95 - - [17/Dec/2025:14:25:09 -0300] "GET /cormun/static/gxcfg.js?20201215124560 HTTP/1.1" 200 953
190.95.67.95 - - [17/Dec/2025:14:25:09 -0300] "GET /cormun/static/Resources/prompt.gif HTTP/1.1" 200 902
190.95.67.95 - - [17/Dec/2025:14:25:09 -0300] "GET /cormun/static/permisogoce.js?20201215124939 HTTP/1.1" 200 27790
190.95.67.95 - - [17/Dec/2025:14:25:26 -0300] "GET /cormun/servlet/permisogoce?30647c37cc206bb492921c5b8c1f5621dd62e5c0b6cc07c700c2d52a94afa8c70e209164d69f56ed9acf2783fb6de60ca0a815cd02a90b6d225015e0473ed442,gx-no-cache=1765992348813 HTTP/1.1" 200 200
190.95.67.95 - - [17/Dec/2025:14:25:26 -0300] "GET /cormun/static/Shared/jqueryui/images/ui-icons_82798d_256x240.png HTTP/1.1" 404 1089
190.95.67.95 - - [17/Dec/2025:14:25:26 -0300] "GET /cormun/static/Shared/jqueryui/images/ui-bg_highlight-soft_100_c6c2c8_1x100.png HTTP/1.1" 404 1117
190.95.67.95 - - [17/Dec/2025:14:25:26 -0300] "GET /cormun/static/Shared/jqueryui/images/ui-bg_flat_55_994d53_40x100.png HTTP/1.1" 404 1097
190.95.67.95 - - [17/Dec/2025:14:25:26 -0300] "GET /cormun/static/Shared/jqueryui/images/ui-icons_ebccce_256x240.png HTTP/1.1" 404 1089
190.95.67.95 - - [17/Dec/2025:14:25:27 -0300] "GET /cormun/static/menuarrow.gif HTTP/1.1" 404 1015
190.95.67.95 - - [17/Dec/2025:14:25:29 -0300] "GET /cormun/servlet/permisogoce?30647c37cc206bb492921c5b8c1f5621dd62e5c0b6cc07c700c2d52a94afa8c70e209164d69f56ed9acf2783fb6de60ca0a815cd02a90b6d225015e0473ed442,gx-no-cache=1765992352068 HTTP/1.1" 200 200
190.95.67.95 - - [17/Dec/2025:14:25:33 -0300] "GET /cormun/servlet/permisogoce?30647c37cc206bb492921c5b8c1f5621c0fc80e931eb94db4e7a2c72900a431c2ad9906bcfd57a39441b1b2da6d927af,gx-no-cache=1765992356034 HTTP/1.1" 200 47
190.95.1.183 - - [17/Dec/2025:14:26:18 -0300] "POST /cormun/servlet/trlicencias?5ff8877dea234849bcd05db03eb6e143,,gx-no-cache=1765992403361 HTTP/1.1" 200 5936
190.95.1.183 - - [17/Dec/2025:14:26:23 -0300] "POST /cormun/servlet/trlicencias?5ff8877dea234849bcd05db03eb6e143,,gx-no-cache=1765992407754 HTTP/1.1" 200 18353
190.95.1.183 - - [17/Dec/2025:14:26:28 -0300] "GET /cormun/servlet/licenciaspermisos?DSP,14523393,L,20251217000000, HTTP/1.1" 200 7090
190.95.1.183 - - [17/Dec/2025:14:26:29 -0300] "GET /cormun/static/gxcfg.js?202012153173 HTTP/1.1" 200 953
190.95.1.183 - - [17/Dec/2025:14:26:29 -0300] "GET /cormun/static/Resources/prompt.gif HTTP/1.1" 200 902
190.95.1.183 - - [17/Dec/2025:14:26:29 -0300] "GET /cormun/static/licenciaspermisos.js?2020121532136 HTTP/1.1" 200 38753
190.95.1.183 - - [17/Dec/2025:14:26:34 -0300] "GET /cormun/servlet/trlicencias? HTTP/1.1" 200 20073
190.95.1.183 - - [17/Dec/2025:14:26:57 -0300] "POST /cormun/servlet/trlicencias?5ff8877dea234849bcd05db03eb6e143,,gx-no-cache=1765992442371 HTTP/1.1" 200 7352
190.95.67.95 - - [17/Dec/2025:14:34:44 -0300] "GET /cormun/servlet/permisogoce?30647c37cc206bb492921c5b8c1f56211932ea61b805157bd4f14b0d10fe2005ddfb878036c93fa70373e6a43b09376e85768a23ee02238da3b8a661d0e1b61a,gx-no-cache=1765992906911 HTTP/1.1" 200 81
190.95.67.95 - - [17/Dec/2025:14:35:43 -0300] "POST /cormun/servlet/permisogoce?99c0edb72c760973b94188f55a3aea6b,INS,0,,,,gx-no-cache=1765992965109 HTTP/1.1" 200 93
190.95.67.95 - - [17/Dec/2025:14:35:43 -0300] "GET /cormun/servlet/hpexe_return? HTTP/1.1" 200 1007
190.95.67.95 - - [17/Dec/2025:14:35:43 -0300] "GET /cormun/static/gxcfg.js?20221129846035 HTTP/1.1" 200 953
190.95.67.95 - - [17/Dec/2025:14:35:43 -0300] "GET /cormun/static/hpexe_return.js?20221129846037 HTTP/1.1" 200 1633
190.95.67.95 - - [17/Dec/2025:14:35:43 -0300] "GET /cormun/servlet/trpermisosgoce HTTP/1.1" 200 16586
190.95.67.95 - - [17/Dec/2025:14:35:47 -0300] "GET /cormun/servlet/apermisogoceprn?20211045,P,20251217142624,PU HTTP/1.1" 200 1646
190.95.67.95 - - [17/Dec/2025:14:35:47 -0300] "GET /cormun/servlet/apermisogoceprn?20211045,P,20251217142624,PU HTTP/1.1" 200 1648
190.95.67.99 - - [17/Dec/2025:14:37:34 -0300] "GET /cormun/static/menuarrow.gif HTTP/1.1" 404 1015
190.95.67.99 - - [17/Dec/2025:14:37:52 -0300] "POST /cormun/servlet/trpermisosgoce?142fa6e731ae99df30f00e8cd5cee10a,,gx-no-cache=1765993097758 HTTP/1.1" 440 972
190.95.67.99 - - [17/Dec/2025:14:37:55 -0300] "GET /cormun/servlet/trpermisosgoce? HTTP/1.1" 200 6031
190.95.67.99 - - [17/Dec/2025:14:37:56 -0300] "GET /cormun/servlet/hlogin HTTP/1.1" 200 1742
190.95.67.99 - - [17/Dec/2025:14:38:01 -0300] "POST /cormun/servlet/hlogin?45c9051611ca6392086cf9298b79edcf,gx-no-cache=1765993106245 HTTP/1.1" 200 90
190.95.67.99 - - [17/Dec/2025:14:38:01 -0300] "GET /cormun/servlet/hpexe_link HTTP/1.1" 200 957
190.95.67.99 - - [17/Dec/2025:14:38:01 -0300] "GET /cormun/servlet/trpermisosgoce HTTP/1.1" 200 16176
190.95.67.99 - - [17/Dec/2025:14:38:21 -0300] "POST /cormun/servlet/trpermisosgoce?45c9051611ca6392086cf9298b79edcf,gx-no-cache=1765993126181 HTTP/1.1" 200 9492
190.95.15.15 - - [17/Dec/2025:14:39:01 -0300] "GET /cormun/servlet/apermisogoceprn?16291838,P,20251217133534,PU HTTP/1.1" 200 1650
190.95.15.15 - - [17/Dec/2025:14:39:10 -0300] "GET /cormun/servlet/trpermisosgoce HTTP/1.1" 200 6029
190.95.15.15 - - [17/Dec/2025:14:39:11 -0300] "GET /cormun/servlet/hlogin HTTP/1.1" 200 1734
129.222.173.48 - - [17/Dec/2025:14:39:17 -0300] "GET /cormun/servlet/apermisogoceprn?13098058,P,20251217133747,PU HTTP/1.1" 200 1654
190.95.15.15 - - [17/Dec/2025:14:39:17 -0300] "POST /cormun/servlet/hlogin?5f76cb48c9a6956cc1ddfa7b91afdd48,gx-no-cache=1765993179972 HTTP/1.1" 200 90
190.95.15.15 - - [17/Dec/2025:14:39:17 -0300] "GET /cormun/servlet/hpexe_link HTTP/1.1" 200 952
190.95.15.15 - - [17/Dec/2025:14:39:17 -0300] "GET /cormun/servlet/trpermisosgoce HTTP/1.1" 200 18449
129.222.173.48 - - [17/Dec/2025:14:39:17 -0300] "GET /cormun/servlet/apermisogoceprn?13098058,P,20251217133747,PU HTTP/1.1" 200 1659
190.95.15.15 - - [17/Dec/2025:14:39:21 -0300] "GET /cormun/servlet/permisogoce?INS,0,,, HTTP/1.1" 200 6856
190.95.15.15 - - [17/Dec/2025:14:39:32 -0300] "GET /cormun/servlet/permisogoce?126d434424a1b5e17ebc03d380c202ce78edf1b476af6ddcabd04e5ab446201818cbefc11b9a1abce5e00e199770644bbf1a9c668e51fc17d5e9a441f7edb592,gx-no-cache=1765993195304 HTTP/1.1" 200 79
190.95.15.15 - - [17/Dec/2025:14:39:32 -0300] "GET /cormun/static/menuarrow.gif HTTP/1.1" 404 1015
190.95.15.15 - - [17/Dec/2025:14:39:38 -0300] "GET /cormun/servlet/permisogoce?126d434424a1b5e17ebc03d380c202ce049dc196e20dd1a7e313de07e86647259eabac5473009ad0feba8d52df35af623e3c4494a58e29108f539c8f734bc940,gx-no-cache=1765993201583 HTTP/1.1" 200 48
190.95.15.15 - - [17/Dec/2025:14:39:40 -0300] "POST /cormun/servlet/permisogoce?5f76cb48c9a6956cc1ddfa7b91afdd48,INS,0,,,,gx-no-cache=1765993202990 HTTP/1.1" 200 93
190.95.15.15 - - [17/Dec/2025:14:39:40 -0300] "GET /cormun/servlet/hpexe_return? HTTP/1.1" 200 1005
190.95.15.15 - - [17/Dec/2025:14:39:40 -0300] "GET /cormun/servlet/trpermisosgoce HTTP/1.1" 200 18436
190.95.15.15 - - [17/Dec/2025:14:39:45 -0300] "GET /cormun/servlet/apermisogoceprn?17477487,P,20251217144036,PU HTTP/1.1" 200 1659
129.222.173.48 - - [17/Dec/2025:14:40:05 -0300] "GET /cormun/servlet/apermisogoceprn?19018124,P,20251217133635,PU HTTP/1.1" 200 1656
129.222.173.48 - - [17/Dec/2025:14:40:06 -0300] "GET /cormun/servlet/apermisogoceprn?19018124,P,20251217133635,PU HTTP/1.1" 200 1653
129.222.173.48 - - [17/Dec/2025:14:40:50 -0300] "GET /cormun/servlet/apermisogoceprn?11889741,P,20251217134905,PU HTTP/1.1" 200 1654
129.222.173.48 - - [17/Dec/2025:14:40:50 -0300] "GET /cormun/servlet/apermisogoceprn?11889741,P,20251217134905,PU HTTP/1.1" 200 1649
190.95.15.15 - - [17/Dec/2025:14:41:07 -0300] "GET /cormun/servlet/permisogoce?INS,0,,, HTTP/1.1" 200 6856
129.222.173.48 - - [17/Dec/2025:14:41:19 -0300] "GET /cormun/servlet/apermisogoceprn?20372747,P,20251217134817,PU HTTP/1.1" 200 1645
129.222.173.48 - - [17/Dec/2025:14:41:20 -0300] "GET /cormun/servlet/apermisogoceprn?20372747,P,20251217134817,PU HTTP/1.1" 200 1653
190.95.15.15 - - [17/Dec/2025:14:41:23 -0300] "GET /cormun/servlet/permisogoce?126d434424a1b5e17ebc03d380c202ce63b4e4fd309ec7280f5841545ec4c6c918cbefc11b9a1abce5e00e199770644bbf1a9c668e51fc17d5e9a441f7edb592,gx-no-cache=1765993306151 HTTP/1.1" 200 78
190.95.15.15 - - [17/Dec/2025:14:41:29 -0300] "GET /cormun/servlet/permisogoce?126d434424a1b5e17ebc03d380c202cee772e60c3dd2e082321400a30e00b8ec87f1dd6e28776499549a8d08f78e4da03e3c4494a58e29108f539c8f734bc940,gx-no-cache=1765993311702 HTTP/1.1" 200 48
190.95.15.15 - - [17/Dec/2025:14:41:31 -0300] "POST /cormun/servlet/permisogoce?5f76cb48c9a6956cc1ddfa7b91afdd48,INS,0,,,,gx-no-cache=1765993313439 HTTP/1.1" 200 93
190.95.15.15 - - [17/Dec/2025:14:41:31 -0300] "GET /cormun/servlet/hpexe_return? HTTP/1.1" 200 1005
190.95.15.15 - - [17/Dec/2025:14:41:31 -0300] "GET /cormun/servlet/trpermisosgoce HTTP/1.1" 200 18455
190.95.15.15 - - [17/Dec/2025:14:41:36 -0300] "GET /cormun/servlet/apermisogoceprn?15121375,P,20251217144222,PU HTTP/1.1" 200 1660
129.222.173.48 - - [17/Dec/2025:14:41:49 -0300] "GET /cormun/servlet/apermisogoceprn?19131588,P,20251217133825,PU HTTP/1.1" 200 1653
129.222.173.48 - - [17/Dec/2025:14:41:50 -0300] "GET /cormun/servlet/apermisogoceprn?19131588,P,20251217133825,PU HTTP/1.1" 200 1652
129.222.173.48 - - [17/Dec/2025:14:42:18 -0300] "GET /cormun/servlet/apermisogoceprn?18918658,P,20251217134622,PU HTTP/1.1" 200 1659
129.222.173.48 - - [17/Dec/2025:14:42:18 -0300] "GET /cormun/servlet/apermisogoceprn?18918658,P,20251217134622,PU HTTP/1.1" 200 1660
190.95.15.15 - - [17/Dec/2025:14:42:32 -0300] "GET /cormun/servlet/permisogoce?INS,0,,, HTTP/1.1" 200 6856
129.222.173.48 - - [17/Dec/2025:14:42:56 -0300] "GET /cormun/servlet/apermisogoceprn?19131588,P,20251217134546,PU HTTP/1.1" 200 1654
129.222.173.48 - - [17/Dec/2025:14:42:56 -0300] "GET /cormun/servlet/apermisogoceprn?19131588,P,20251217134546,PU HTTP/1.1" 200 1651
129.222.173.48 - - [17/Dec/2025:14:43:20 -0300] "GET /cormun/servlet/apermisogoceprn?20210885,P,20251217134510,PU HTTP/1.1" 200 1651
129.222.173.48 - - [17/Dec/2025:14:43:21 -0300] "GET /cormun/servlet/apermisogoceprn?20210885,P,20251217134510,PU HTTP/1.1" 200 1657
129.222.173.48 - - [17/Dec/2025:14:44:03 -0300] "GET /cormun/servlet/apermisogoceprn?19018124,P,20251217134442,PU HTTP/1.1" 200 1660
129.222.173.48 - - [17/Dec/2025:14:44:04 -0300] "GET /cormun/servlet/apermisogoceprn?19018124,P,20251217134442,PU HTTP/1.1" 200 1661
129.222.173.48 - - [17/Dec/2025:14:44:32 -0300] "GET /cormun/servlet/apermisogoceprn?13718051,P,20251217134406,PU HTTP/1.1" 200 1660
129.222.173.48 - - [17/Dec/2025:14:44:32 -0300] "GET /cormun/servlet/apermisogoceprn?13718051,P,20251217134406,PU HTTP/1.1" 200 1660
129.222.173.48 - - [17/Dec/2025:14:45:25 -0300] "GET /cormun/servlet/apermisogoceprn?15525635,P,20251217134334,PU HTTP/1.1" 200 1649
129.222.173.48 - - [17/Dec/2025:14:45:26 -0300] "GET /cormun/servlet/apermisogoceprn?15525635,P,20251217134334,PU HTTP/1.1" 200 1650
129.222.173.48 - - [17/Dec/2025:14:45:45 -0300] "GET /cormun/servlet/apermisogoceprn?18375973,P,20251217134305,PU HTTP/1.1" 200 1661
129.222.173.48 - - [17/Dec/2025:14:45:45 -0300] "GET /cormun/servlet/apermisogoceprn?18375973,P,20251217134305,PU HTTP/1.1" 200 1660
190.95.15.15 - - [17/Dec/2025:14:46:04 -0300] "GET /cormun/servlet/permisogoce?126d434424a1b5e17ebc03d380c202ceb4b2859b9c1fc520d9384e37c43e724d18cbefc11b9a1abce5e00e199770644bbf1a9c668e51fc17d5e9a441f7edb592,gx-no-cache=1765993586682 HTTP/1.1" 200 64
129.222.173.48 - - [17/Dec/2025:14:46:07 -0300] "GET /cormun/servlet/apermisogoceprn?8721006,P,20251217134231,PU HTTP/1.1" 200 1654
129.222.173.48 - - [17/Dec/2025:14:46:08 -0300] "GET /cormun/servlet/apermisogoceprn?8721006,P,20251217134231,PU HTTP/1.1" 200 1654
190.95.15.15 - - [17/Dec/2025:14:46:09 -0300] "GET /cormun/servlet/permisogoce?126d434424a1b5e17ebc03d380c202cea084c72faa8abc6588d50d366f223173158e1d661c3a58dc4c820ffbddb421743e3c4494a58e29108f539c8f734bc940,gx-no-cache=1765993592108 HTTP/1.1" 200 47
190.95.15.15 - - [17/Dec/2025:14:46:11 -0300] "POST /cormun/servlet/permisogoce?5f76cb48c9a6956cc1ddfa7b91afdd48,INS,0,,,,gx-no-cache=1765993593766 HTTP/1.1" 200 93
190.95.15.15 - - [17/Dec/2025:14:46:11 -0300] "GET /cormun/servlet/hpexe_return? HTTP/1.1" 200 1005
190.95.15.15 - - [17/Dec/2025:14:46:11 -0300] "GET /cormun/servlet/trpermisosgoce HTTP/1.1" 200 18435
190.95.15.15 - - [17/Dec/2025:14:46:16 -0300] "GET /cormun/servlet/apermisogoceprn?15124295,P,20251217144347,PU HTTP/1.1" 200 1654
129.222.173.48 - - [17/Dec/2025:14:46:30 -0300] "GET /cormun/servlet/apermisogoceprn?18918658,P,20251217134203,PU HTTP/1.1" 200 1652
129.222.173.48 - - [17/Dec/2025:14:46:30 -0300] "GET /cormun/servlet/apermisogoceprn?18918658,P,20251217134203,PU HTTP/1.1" 200 1654
190.95.15.15 - - [17/Dec/2025:14:46:55 -0300] "GET /cormun/servlet/permisogoce?INS,0,,, HTTP/1.1" 200 6856
129.222.173.48 - - [17/Dec/2025:14:46:57 -0300] "GET /cormun/servlet/apermisogoceprn?13300992,P,20251217134131,PU HTTP/1.1" 200 1648
129.222.173.48 - - [17/Dec/2025:14:46:57 -0300] "GET /cormun/servlet/apermisogoceprn?13300992,P,20251217134131,PU HTTP/1.1" 200 1645
190.95.15.15 - - [17/Dec/2025:14:47:09 -0300] "GET /cormun/servlet/permisogoce?126d434424a1b5e17ebc03d380c202cea3f819a0416753320c41f7efba470f28bb319e92a92ae7b519b3a6502b87ed13336951a2e3a123be32b0159eca20e6a2,gx-no-cache=1765993652300 HTTP/1.1" 200 74
190.95.15.15 - - [17/Dec/2025:14:47:19 -0300] "GET /cormun/servlet/permisogoce?126d434424a1b5e17ebc03d380c202ce1c9a07594bf836b6e5005238306ad55deefa2dde207a7438525d3cbf970a37ec1836293a0eed59105fb78e7e55ba6d3f,gx-no-cache=1765993661884 HTTP/1.1" 200 48
129.222.173.48 - - [17/Dec/2025:14:47:25 -0300] "GET /cormun/servlet/apermisogoceprn?8141861,P,20251217134058,PU HTTP/1.1" 200 1660
129.222.173.48 - - [17/Dec/2025:14:47:25 -0300] "GET /cormun/servlet/apermisogoceprn?8141861,P,20251217134058,PU HTTP/1.1" 200 1662
190.95.15.15 - - [17/Dec/2025:14:47:31 -0300] "POST /cormun/servlet/permisogoce?5f76cb48c9a6956cc1ddfa7b91afdd48,INS,0,,,,gx-no-cache=1765993674045 HTTP/1.1" 200 93
190.95.15.15 - - [17/Dec/2025:14:47:31 -0300] "GET /cormun/servlet/hpexe_return? HTTP/1.1" 200 1005
190.95.15.15 - - [17/Dec/2025:14:47:32 -0300] "GET /cormun/servlet/trpermisosgoce HTTP/1.1" 200 18460
190.95.15.15 - - [17/Dec/2025:14:47:43 -0300] "GET /cormun/servlet/apermisogoceprn?9762867,P,20251217144810,PU HTTP/1.1" 200 1650
129.222.173.48 - - [17/Dec/2025:14:47:49 -0300] "GET /cormun/servlet/apermisogoceprn?17793753,P,20251217134019,PU HTTP/1.1" 200 1659
129.222.173.48 - - [17/Dec/2025:14:47:50 -0300] "GET /cormun/servlet/apermisogoceprn?17793753,P,20251217134019,PU HTTP/1.1" 200 1659
129.222.173.48 - - [17/Dec/2025:14:48:15 -0300] "GET /cormun/servlet/apermisogoceprn?20210885,P,20251217133920,PU HTTP/1.1" 200 1657
129.222.173.48 - - [17/Dec/2025:14:48:16 -0300] "GET /cormun/servlet/apermisogoceprn?20210885,P,20251217133920,PU HTTP/1.1" 200 1655
190.95.67.93 - - [17/Dec/2025:14:57:43 -0300] "GET /cormun/servlet/trlicencias? HTTP/1.1" 200 6051
190.95.67.93 - - [17/Dec/2025:14:57:43 -0300] "GET /cormun/servlet/hlogin HTTP/1.1" 200 1736
190.95.67.93 - - [17/Dec/2025:14:57:45 -0300] "POST /cormun/servlet/hlogin?d3fa048b2d5cd4f139648a4ff9b9ef71,gx-no-cache=1765994288816 HTTP/1.1" 200 90
190.95.67.93 - - [17/Dec/2025:14:57:46 -0300] "GET /cormun/servlet/hpexe_link HTTP/1.1" 200 954
190.95.67.93 - - [17/Dec/2025:14:57:46 -0300] "GET /cormun/servlet/trlicencias HTTP/1.1" 200 12989
181.203.39.246 - - [17/Dec/2025:15:07:21 -0300] "GET /cormun/servlet/apermisogoceprn?13344089,P,20251217135051,PU HTTP/1.1" 200 1664
40.77.167.22 - - [17/Dec/2025:15:07:29 -0300] "GET /sitemap.xml HTTP/1.1" 404 983
190.95.67.99 - - [17/Dec/2025:15:09:22 -0300] "GET /cormun/servlet/trpermisosgoce HTTP/1.1" 200 6032
190.95.67.99 - - [17/Dec/2025:15:09:35 -0300] "GET /cormun/servlet/hlogin HTTP/1.1" 200 1741
190.95.67.99 - - [17/Dec/2025:15:09:43 -0300] "POST /cormun/servlet/hlogin?b839352e475fd44bf84e6371f8650c66,gx-no-cache=1765995008857 HTTP/1.1" 200 90
190.95.67.99 - - [17/Dec/2025:15:09:44 -0300] "GET /cormun/servlet/hpexe_link HTTP/1.1" 200 958
190.95.67.99 - - [17/Dec/2025:15:09:45 -0300] "GET /cormun/servlet/trpermisosgoce HTTP/1.1" 200 16179
190.95.67.99 - - [17/Dec/2025:15:09:48 -0300] "GET /cormun/static/menuarrow.gif HTTP/1.1" 404 1015
190.95.67.99 - - [17/Dec/2025:15:10:03 -0300] "POST /cormun/servlet/trpermisosgoce?b839352e475fd44bf84e6371f8650c66,gx-no-cache=1765995028195 HTTP/1.1" 200 9494
181.203.39.246 - - [17/Dec/2025:15:11:03 -0300] "GET /cormun/servlet/permisogoce?INS,0,,, HTTP/1.1" 200 6039
181.203.39.246 - - [17/Dec/2025:15:11:04 -0300] "GET /cormun/servlet/hlogin HTTP/1.1" 200 1749
181.203.39.246 - - [17/Dec/2025:15:11:07 -0300] "POST /cormun/servlet/hlogin?3cee865ecc2b0b523de4ecccf382475f,gx-no-cache=1765995091500 HTTP/1.1" 200 90
181.203.39.246 - - [17/Dec/2025:15:11:08 -0300] "GET /cormun/servlet/hpexe_link HTTP/1.1" 200 967
181.203.39.246 - - [17/Dec/2025:15:11:09 -0300] "GET /cormun/servlet/permisogoce?INS,0,,, HTTP/1.1" 200 6618
181.203.39.246 - - [17/Dec/2025:15:16:57 -0300] "GET /cormun/servlet/permisogoce?4a8020325511c103b7cf7fd3de471c394bf4d457a425df893d90e93d3dc09d7c91788381b586259d34c10de56c63d444e4cda9badd1e9e809513675ea9926d57,gx-no-cache=1765995440496 HTTP/1.1" 200 84
181.203.39.246 - - [17/Dec/2025:15:16:57 -0300] "GET /cormun/static/menuarrow.gif HTTP/1.1" 404 1015
181.203.39.246 - - [17/Dec/2025:15:17:16 -0300] "GET /cormun/servlet/permisogoce?4a8020325511c103b7cf7fd3de471c392c92cc924a5e9fd8061596f4b639f5c8044da2959df608fe423e47e3e249df9095486f4770d28299e4a9d7da62573057,gx-no-cache=1765995459847 HTTP/1.1" 200 47
181.203.39.246 - - [17/Dec/2025:15:17:24 -0300] "POST /cormun/servlet/permisogoce?3cee865ecc2b0b523de4ecccf382475f,INS,0,,,,gx-no-cache=1765995467907 HTTP/1.1" 200 93
181.203.39.246 - - [17/Dec/2025:15:17:24 -0300] "GET /cormun/servlet/hpexe_return? HTTP/1.1" 200 1010
181.203.39.246 - - [17/Dec/2025:15:17:25 -0300] "GET /cormun/servlet/hhome HTTP/1.1" 200 3926
181.203.39.246 - - [17/Dec/2025:15:17:42 -0300] "GET /cormun/servlet/trpermisosgoce? HTTP/1.1" 200 15543
181.203.39.246 - - [17/Dec/2025:15:17:57 -0300] "GET /cormun/servlet/apermisogoceprn?14011465,P,20251217151223,PU HTTP/1.1" 200 1657
190.95.67.99 - - [17/Dec/2025:15:18:51 -0300] "GET /cormun/servlet/permisogoce?INS,0,,, HTTP/1.1" 200 7215
190.95.67.99 - - [17/Dec/2025:15:18:55 -0300] "POST /cormun/servlet/permisogoce?b839352e475fd44bf84e6371f8650c66,INS,0,,,,gx-no-cache=1765995560179 HTTP/1.1" 200 93
190.95.67.99 - - [17/Dec/2025:15:18:55 -0300] "GET /cormun/servlet/hpexe_return? HTTP/1.1" 200 1032
190.95.67.99 - - [17/Dec/2025:15:18:55 -0300] "GET /cormun/servlet/trpermisosgoce?gx-no-cache=1765995028195 HTTP/1.1" 200 18813
190.95.67.99 - - [17/Dec/2025:15:18:58 -0300] "POST /cormun/servlet/trpermisosgoce?b839352e475fd44bf84e6371f8650c66,gx-no-cache=1765995028195,gx-no-cache=1765995563691 HTTP/1.1" 200 104
190.95.67.99 - - [17/Dec/2025:15:18:58 -0300] "GET /cormun/PermisosGoce-7884.xls HTTP/1.1" 200 55808
181.203.39.246 - - [17/Dec/2025:15:20:39 -0300] "GET /cormun/servlet/permisogoce?INS,0,,, HTTP/1.1" 200 6787
