179.57.78.71 - - [17/Dec/2025:12:58:35 -0300] "GET /cormun/servlet/trsolicitudot? HTTP/1.1" 200 7478
179.57.78.71 - - [17/Dec/2025:12:58:35 -0300] "GET /cormun/static/gxcfg.js?20221129846531 HTTP/1.1" 200 953
179.57.78.71 - - [17/Dec/2025:12:58:35 -0300] "GET /cormun/static/trsolicitudot.js?202211298465651 HTTP/1.1" 200 54040
179.57.78.71 - - [17/Dec/2025:12:58:51 -0300] "GET /cormun/static/menuarrow.gif HTTP/1.1" 404 1015
179.57.78.71 - - [17/Dec/2025:12:58:57 -0300] "POST /cormun/servlet/trsolicitudot?76710676036da441fc874e1afe7edf82,,gx-no-cache=1765987159719 HTTP/1.1" 200 6521
179.57.78.71 - - [17/Dec/2025:12:58:57 -0300] "GET /cormun//static/Resources/PXToolsActionView.png HTTP/1.1" 200 398
179.57.78.71 - - [17/Dec/2025:12:58:57 -0300] "GET /cormun//static/Resources/PXToolsGridDelete.png HTTP/1.1" 200 538
179.57.78.71 - - [17/Dec/2025:12:58:57 -0300] "GET /cormun//static/Resources/PXToolsRemoveAllAction.png HTTP/1.1" 200 487
179.57.78.71 - - [17/Dec/2025:12:58:57 -0300] "GET /cormun//static/Resources/PXToolsGridUpdate.png HTTP/1.1" 200 470
181.203.39.246 - - [17/Dec/2025:12:59:18 -0300] "POST /cormun/servlet/permisogoce?4c45180d1af463fbabfbc8ea482d7ef2,INS,0,,,,gx-no-cache=1765987182215 HTTP/1.1" 200 93
181.203.39.246 - - [17/Dec/2025:12:59:18 -0300] "GET /cormun/servlet/hpexe_return? HTTP/1.1" 200 1010
181.203.39.246 - - [17/Dec/2025:12:59:19 -0300] "GET /cormun/servlet/trpermisosgoce HTTP/1.1" 200 13272
201.186.225.191 - - [17/Dec/2025:13:03:18 -0300] "POST /cormun/servlet/hlogin?b2144cc9a01d4e3d2dca15eebf25bffb,gx-no-cache=1765987421943 HTTP/1.1" 200 90
201.186.225.191 - - [17/Dec/2025:13:03:18 -0300] "GET /cormun/servlet/hpexe_link HTTP/1.1" 200 954
201.186.225.191 - - [17/Dec/2025:13:03:18 -0300] "GET /cormun/servlet/trpermisosgoce? HTTP/1.1" 200 8431
201.186.225.193 - - [17/Dec/2025:13:04:33 -0300] "GET /cormun/servlet/hhome HTTP/1.1" 200 3324
201.186.225.193 - - [17/Dec/2025:13:04:33 -0300] "GET /cormun/servlet/hlogin HTTP/1.1" 200 1731
201.186.225.193 - - [17/Dec/2025:13:04:35 -0300] "POST /cormun/servlet/hlogin?f37cd8b63f068ef7145d054f4ef54231,gx-no-cache=1765987498634 HTTP/1.1" 200 90
201.186.225.193 - - [17/Dec/2025:13:04:35 -0300] "GET /cormun/servlet/hpexe_link HTTP/1.1" 200 950
201.186.225.193 - - [17/Dec/2025:13:04:35 -0300] "GET /cormun/servlet/hhome HTTP/1.1" 200 4297
201.186.225.193 - - [17/Dec/2025:13:04:49 -0300] "GET /cormun/servlet/trlicencias? HTTP/1.1" 200 12164
201.186.225.193 - - [17/Dec/2025:13:04:56 -0300] "GET /cormun/static/menuarrow.gif HTTP/1.1" 404 1015
201.186.225.183 - - [17/Dec/2025:13:05:00 -0300] "GET /cormun/servlet/trlicencias? HTTP/1.1" 200 15174
201.186.225.191 - - [17/Dec/2025:13:05:15 -0300] "GET /cormun/servlet/trlicencias? HTTP/1.1" 200 8299
201.186.225.191 - - [17/Dec/2025:13:05:17 -0300] "GET /cormun/static/menuarrow.gif HTTP/1.1" 404 1015
201.186.225.193 - - [17/Dec/2025:13:05:21 -0300] "POST /cormun/servlet/trlicencias?f37cd8b63f068ef7145d054f4ef54231,,gx-no-cache=1765987544138 HTTP/1.1" 200 4463
201.186.225.183 - - [17/Dec/2025:13:05:42 -0300] "GET /cormun/servlet/licenciaspermisos?INS,0,,, HTTP/1.1" 200 7566
201.186.225.183 - - [17/Dec/2025:13:05:42 -0300] "GET /cormun/static/gxcfg.js?202012153173 HTTP/1.1" 200 953
201.186.225.183 - - [17/Dec/2025:13:05:42 -0300] "GET /cormun/static/licenciaspermisos.js?2020121532136 HTTP/1.1" 200 38753
201.186.225.191 - - [17/Dec/2025:13:05:44 -0300] "POST /cormun/servlet/trlicencias?b2144cc9a01d4e3d2dca15eebf25bffb,,gx-no-cache=1765987568233 HTTP/1.1" 200 14460
201.186.225.183 - - [17/Dec/2025:13:05:47 -0300] "GET /cormun/servlet/trpermisosgoce? HTTP/1.1" 200 7874
201.186.225.183 - - [17/Dec/2025:13:05:51 -0300] "POST /cormun/servlet/trpermisosgoce?d88551ca323da053da75a76839716a30,,gx-no-cache=1765987575508 HTTP/1.1" 200 14854
201.186.225.193 - - [17/Dec/2025:13:05:52 -0300] "POST /cormun/servlet/trlicencias?f37cd8b63f068ef7145d054f4ef54231,,gx-no-cache=1765987575553 HTTP/1.1" 200 7438
201.186.225.183 - - [17/Dec/2025:13:05:53 -0300] "GET /cormun/servlet/permisogoce?INS,0,,, HTTP/1.1" 200 6819
201.186.225.183 - - [17/Dec/2025:13:05:56 -0300] "GET /cormun/servlet/permisogoce?45962bceeb60e8e252477a9fe637ec346287ea4e8838e91397add63b5f9b3f058a1e9e448706a6b061487c12d6478c0872edc11bfeb093c87c346bec3188b5a9,gx-no-cache=1765987580814 HTTP/1.1" 200 82
201.186.225.183 - - [17/Dec/2025:13:06:05 -0300] "GET /cormun/servlet/permisogoce?45962bceeb60e8e252477a9fe637ec349376ab5bff7876c6de9a69668cb3c5998a949ef445d4a4f77bc9e51edb760241ca2e775d155d2c739d3f9d688da76125,gx-no-cache=1765987589715 HTTP/1.1" 200 47
201.186.225.183 - - [17/Dec/2025:13:06:07 -0300] "POST /cormun/servlet/permisogoce?d88551ca323da053da75a76839716a30,INS,0,,,,gx-no-cache=1765987591212 HTTP/1.1" 200 93
201.186.225.183 - - [17/Dec/2025:13:06:07 -0300] "GET /cormun/servlet/hpexe_return? HTTP/1.1" 200 999
201.186.225.183 - - [17/Dec/2025:13:06:07 -0300] "GET /cormun/servlet/trpermisosgoce? HTTP/1.1" 200 17745
190.95.67.97 - - [17/Dec/2025:13:06:46 -0300] "GET /cormun/servlet/trlicencias? HTTP/1.1" 200 6038
190.95.67.97 - - [17/Dec/2025:13:06:46 -0300] "GET /cormun/servlet/hlogin HTTP/1.1" 200 1739
190.95.67.97 - - [17/Dec/2025:13:06:51 -0300] "POST /cormun/servlet/hlogin?70139e51952b5a953b28d9824221785a,gx-no-cache=1765987638756 HTTP/1.1" 200 90
190.95.67.97 - - [17/Dec/2025:13:06:51 -0300] "GET /cormun/servlet/hpexe_link HTTP/1.1" 200 958
190.95.67.97 - - [17/Dec/2025:13:06:51 -0300] "GET /cormun/servlet/trlicencias HTTP/1.1" 200 11030
190.95.67.97 - - [17/Dec/2025:13:06:54 -0300] "GET /cormun/servlet/trpermisosgoce? HTTP/1.1" 200 11769
190.95.67.97 - - [17/Dec/2025:13:06:56 -0300] "GET /cormun/servlet/permisogoce?INS,0,,, HTTP/1.1" 200 6751
190.95.67.97 - - [17/Dec/2025:13:07:04 -0300] "GET /cormun/servlet/permisogoce?addd5846c2f984c49de495fffe0a3445aa771fcdb5392c3105e840b1b0a994c7681e2adaa1a9a1e661b1d612b2e9f33f7f579e3d4ea57f4a5c5ac761bada36fe,gx-no-cache=1765987652002 HTTP/1.1" 200 86
190.95.67.97 - - [17/Dec/2025:13:07:07 -0300] "GET /cormun/static/menuarrow.gif HTTP/1.1" 404 1015
190.95.67.97 - - [17/Dec/2025:13:07:12 -0300] "GET /cormun/servlet/permisogoce?addd5846c2f984c49de495fffe0a34458d3cfd2df9eec2add719ed01b95504b5a18df87933e61857519fe7012b51946f58e67935a88e9b2c62f9fc6effba91a3,gx-no-cache=1765987659860 HTTP/1.1" 200 48
181.203.39.246 - - [17/Dec/2025:13:07:27 -0300] "GET /cormun/servlet/permisogoce?INS,0,,, HTTP/1.1" 200 6781
181.203.39.246 - - [17/Dec/2025:13:07:37 -0300] "GET /cormun/servlet/permisogoce?f46475430b67a6d14fd78dd351794bcf8d6b58246ad67d772bfda26231654cd51f9f4788a559fed6cbca6f597d6ef612ca57778cb9da2bad122fb32a430fa677,gx-no-cache=1765987680607 HTTP/1.1" 200 83
181.203.39.246 - - [17/Dec/2025:13:07:44 -0300] "GET /cormun/servlet/permisogoce?f46475430b67a6d14fd78dd351794bcf2394d4a3471b8a02f8c16bc0c607dd4cca8fc0d12932d173ade89795459ccb895a21228f9aade4fe777380269f0a0859,gx-no-cache=1765987688326 HTTP/1.1" 200 48
190.95.67.97 - - [17/Dec/2025:13:07:45 -0300] "POST /cormun/servlet/permisogoce?70139e51952b5a953b28d9824221785a,INS,0,,,,gx-no-cache=1765987661261 HTTP/1.1" 200 93
190.95.67.97 - - [17/Dec/2025:13:07:45 -0300] "GET /cormun/servlet/hpexe_return? HTTP/1.1" 200 1010
190.95.67.97 - - [17/Dec/2025:13:07:45 -0300] "GET /cormun/static/hpexe_return.js?20221129846037 HTTP/1.1" 200 1633
190.95.67.97 - - [17/Dec/2025:13:07:45 -0300] "GET /cormun/static/gxcfg.js?20221129846035 HTTP/1.1" 200 953
190.95.67.97 - - [17/Dec/2025:13:07:45 -0300] "GET /cormun/servlet/trpermisosgoce HTTP/1.1" 200 11980
190.95.67.97 - - [17/Dec/2025:13:07:48 -0300] "GET /cormun/servlet/apermisogoceprn?27614396,P,20251217130811,PU HTTP/1.1" 200 1671
181.203.39.246 - - [17/Dec/2025:13:07:51 -0300] "POST /cormun/servlet/permisogoce?4c45180d1af463fbabfbc8ea482d7ef2,INS,0,,,,gx-no-cache=1765987690730 HTTP/1.1" 200 93
181.203.39.246 - - [17/Dec/2025:13:07:52 -0300] "GET /cormun/servlet/hpexe_return? HTTP/1.1" 200 1010
181.203.39.246 - - [17/Dec/2025:13:07:52 -0300] "GET /cormun/servlet/trpermisosgoce HTTP/1.1" 200 13486
181.203.39.246 - - [17/Dec/2025:13:07:56 -0300] "GET /cormun/servlet/apermisogoceprn?17521210,P,20251217130840,PU HTTP/1.1" 200 1647
179.57.78.55 - - [17/Dec/2025:13:09:30 -0300] "GET /cormun/servlet/permisogoce?INS,0,,, HTTP/1.1" 200 6028
179.57.78.55 - - [17/Dec/2025:13:09:30 -0300] "GET /cormun/servlet/hlogin HTTP/1.1" 200 1741
179.57.78.55 - - [17/Dec/2025:13:09:35 -0300] "POST /cormun/servlet/hlogin?7b2dafb955c9cb17e1b233bd320baa21,gx-no-cache=1765987796415 HTTP/1.1" 200 90
179.57.78.55 - - [17/Dec/2025:13:09:35 -0300] "GET /cormun/servlet/hpexe_link HTTP/1.1" 200 961
179.57.78.55 - - [17/Dec/2025:13:09:35 -0300] "GET /cormun/servlet/permisogoce?INS,0,,, HTTP/1.1" 200 6672
179.57.78.71 - - [17/Dec/2025:13:09:38 -0300] "GET /cormun/servlet/hlogin HTTP/1.1" 200 1714
179.57.78.55 - - [17/Dec/2025:13:09:46 -0300] "GET /cormun/servlet/permisogoce?2de0b37d32153751958d7d1be79f3bd20c43018b9aff7546a39c9b1ac5f9b0217c44e35d73e8ec2fd69979fe1b55356652d743e2761cc25df6b18d83fc6df1fb,gx-no-cache=1765987804261 HTTP/1.1" 200 75
179.57.78.71 - - [17/Dec/2025:13:09:49 -0300] "POST /cormun/servlet/hlogin?33bd307462edc7495587419f82fcb657,gx-no-cache=1765987812254 HTTP/1.1" 200 90
179.57.78.71 - - [17/Dec/2025:13:09:49 -0300] "GET /cormun/servlet/hpexe_link HTTP/1.1" 200 943
179.57.78.71 - - [17/Dec/2025:13:09:49 -0300] "GET /cormun/servlet/hhome HTTP/1.1" 200 4261
179.57.78.71 - - [17/Dec/2025:13:09:54 -0300] "GET /cormun/servlet/trlicencias? HTTP/1.1" 200 13802
179.57.78.55 - - [17/Dec/2025:13:10:12 -0300] "POST /cormun/servlet/permisogoce?7b2dafb955c9cb17e1b233bd320baa21,INS,0,,,,gx-no-cache=1765987833312 HTTP/1.1" 200 93
179.57.78.55 - - [17/Dec/2025:13:10:12 -0300] "GET /cormun/servlet/hpexe_return? HTTP/1.1" 200 1004
179.57.78.55 - - [17/Dec/2025:13:10:12 -0300] "GET /cormun/servlet/hhome HTTP/1.1" 200 3978
179.57.78.55 - - [17/Dec/2025:13:10:16 -0300] "GET /cormun/servlet/trlicencias? HTTP/1.1" 200 11276
190.95.15.15 - - [17/Dec/2025:13:10:18 -0300] "GET /cormun/servlet/trpermisosgoce HTTP/1.1" 200 6036
190.95.15.15 - - [17/Dec/2025:13:10:18 -0300] "GET /cormun/servlet/hlogin HTTP/1.1" 200 1742
190.95.15.15 - - [17/Dec/2025:13:10:18 -0300] "GET /cormun/servlet/trpermisosgoce HTTP/1.1" 200 6031
190.95.15.15 - - [17/Dec/2025:13:10:25 -0300] "POST /cormun/servlet/hlogin?9f5073b4b61c3989b662566900cafeb8,gx-no-cache=1765987848270 HTTP/1.1" 200 90
190.95.15.15 - - [17/Dec/2025:13:10:25 -0300] "GET /cormun/servlet/hpexe_link HTTP/1.1" 200 960
190.95.15.15 - - [17/Dec/2025:13:10:25 -0300] "GET /cormun/servlet/trpermisosgoce HTTP/1.1" 200 18488
179.57.78.71 - - [17/Dec/2025:13:16:28 -0300] "GET /cormun/servlet/trlicencias? HTTP/1.1" 200 13815
181.203.39.246 - - [17/Dec/2025:13:19:19 -0300] "GET /cormun/servlet/permisogoce?INS,0,,, HTTP/1.1" 200 6781
181.203.39.246 - - [17/Dec/2025:13:19:34 -0300] "GET /cormun/servlet/permisogoce?f46475430b67a6d14fd78dd351794bcff24aac57aa26992120be174ac05fff651f9f4788a559fed6cbca6f597d6ef612ca57778cb9da2bad122fb32a430fa677,gx-no-cache=1765988397753 HTTP/1.1" 200 93
181.203.39.246 - - [17/Dec/2025:13:19:42 -0300] "GET /cormun/servlet/permisogoce?f46475430b67a6d14fd78dd351794bcfe4f1656d04b3e27679430087f8704a02466e192c4bb6bc6e8709d0847cbf99c75a21228f9aade4fe777380269f0a0859,gx-no-cache=1765988405552 HTTP/1.1" 200 47
181.203.39.246 - - [17/Dec/2025:13:19:44 -0300] "POST /cormun/servlet/permisogoce?4c45180d1af463fbabfbc8ea482d7ef2,INS,0,,,,gx-no-cache=1765988407650 HTTP/1.1" 200 93
181.203.39.246 - - [17/Dec/2025:13:19:44 -0300] "GET /cormun/servlet/hpexe_return? HTTP/1.1" 200 1010
181.203.39.246 - - [17/Dec/2025:13:19:44 -0300] "GET /cormun/servlet/trpermisosgoce HTTP/1.1" 200 13735
181.203.39.246 - - [17/Dec/2025:13:19:58 -0300] "GET /cormun/servlet/apermisogoceprn?18044538,P,20251217132034,PU HTTP/1.1" 200 1667
181.203.39.246 - - [17/Dec/2025:13:21:45 -0300] "GET /cormun/servlet/permisogoce?INS,0,,, HTTP/1.1" 200 6780
181.203.39.246 - - [17/Dec/2025:13:21:57 -0300] "GET /cormun/servlet/permisogoce?f46475430b67a6d14fd78dd351794bcff24aac57aa26992120be174ac05fff651f9f4788a559fed6cbca6f597d6ef612ca57778cb9da2bad122fb32a430fa677,gx-no-cache=1765988541350 HTTP/1.1" 200 95
181.203.39.246 - - [17/Dec/2025:13:22:07 -0300] "GET /cormun/servlet/permisogoce?f46475430b67a6d14fd78dd351794bcfe4f1656d04b3e27679430087f8704a02c88260f95bc7ad3351f0f9bd403adad35a21228f9aade4fe777380269f0a0859,gx-no-cache=1765988550653 HTTP/1.1" 200 48
181.203.39.246 - - [17/Dec/2025:13:22:10 -0300] "POST /cormun/servlet/permisogoce?4c45180d1af463fbabfbc8ea482d7ef2,INS,0,,,,gx-no-cache=1765988553368 HTTP/1.1" 200 93
181.203.39.246 - - [17/Dec/2025:13:22:10 -0300] "GET /cormun/servlet/hpexe_return? HTTP/1.1" 200 1010
181.203.39.246 - - [17/Dec/2025:13:22:11 -0300] "GET /cormun/servlet/trpermisosgoce HTTP/1.1" 200 13896
181.203.39.246 - - [17/Dec/2025:13:23:33 -0300] "GET /cormun/servlet/apermisogoceprn?18044538,P,20251217132034,PU HTTP/1.1" 200 1673
181.203.39.246 - - [17/Dec/2025:13:23:40 -0300] "GET /cormun/servlet/apermisogoceprn?18044538,P,20251217132300,PU HTTP/1.1" 200 1668
179.57.78.55 - - [17/Dec/2025:13:24:01 -0300] "POST /cormun/servlet/trlicencias?7b2dafb955c9cb17e1b233bd320baa21,,gx-no-cache=1765988662229 HTTP/1.1" 200 8782
181.203.39.246 - - [17/Dec/2025:13:24:29 -0300] "GET /cormun/servlet/permisogoce?INS,0,,, HTTP/1.1" 200 6780
181.203.39.246 - - [17/Dec/2025:13:24:41 -0300] "GET /cormun/servlet/permisogoce?f46475430b67a6d14fd78dd351794bcf0124f3e7be390ff2782e193654c42a1b1f9f4788a559fed6cbca6f597d6ef612ca57778cb9da2bad122fb32a430fa677,gx-no-cache=1765988704628 HTTP/1.1" 200 85
181.203.39.246 - - [17/Dec/2025:13:24:56 -0300] "GET /cormun/servlet/permisogoce?f46475430b67a6d14fd78dd351794bcf384d8efd24ded0c15e48f15b916a7977e7aa2e3b38f0bf5adce1a2e4cb8dcf91b5201cb8ab89b3b86852305f79bdc2d6,gx-no-cache=1765988720259 HTTP/1.1" 200 46
181.203.39.246 - - [17/Dec/2025:13:25:04 -0300] "GET /cormun/servlet/permisogoce?f46475430b67a6d14fd78dd351794bcf384d8efd24ded0c15e48f15b916a79776da391f125efd28ce5e7f1f20a700c1c16f938b1b315d31cd55c101f61f6524f,gx-no-cache=1765988728092 HTTP/1.1" 200 48
181.203.39.246 - - [17/Dec/2025:13:25:09 -0300] "POST /cormun/servlet/permisogoce?4c45180d1af463fbabfbc8ea482d7ef2,INS,0,,,,gx-no-cache=1765988732319 HTTP/1.1" 200 93
181.203.39.246 - - [17/Dec/2025:13:25:09 -0300] "GET /cormun/servlet/hpexe_return? HTTP/1.1" 200 1010
181.203.39.246 - - [17/Dec/2025:13:25:09 -0300] "GET /cormun/servlet/trpermisosgoce HTTP/1.1" 200 14046
181.203.39.246 - - [17/Dec/2025:13:25:12 -0300] "GET /cormun/servlet/apermisogoceprn?14363367,P,20251217132544,PU HTTP/1.1" 200 1655
201.186.225.193 - - [17/Dec/2025:13:25:27 -0300] "GET /cormun/servlet/hhome HTTP/1.1" 200 3328
201.186.225.193 - - [17/Dec/2025:13:25:27 -0300] "GET /cormun/servlet/hlogin HTTP/1.1" 200 1735
201.186.225.193 - - [17/Dec/2025:13:25:29 -0300] "POST /cormun/servlet/hlogin?9662edfb52e0019b1f44afe4fa0acec3,gx-no-cache=1765988752577 HTTP/1.1" 200 90
201.186.225.193 - - [17/Dec/2025:13:25:29 -0300] "GET /cormun/servlet/hpexe_link HTTP/1.1" 200 953
201.186.225.193 - - [17/Dec/2025:13:25:29 -0300] "GET /cormun/servlet/hhome HTTP/1.1" 200 4301
201.186.225.193 - - [17/Dec/2025:13:25:31 -0300] "GET /cormun/servlet/trlicencias? HTTP/1.1" 200 12159
201.186.225.193 - - [17/Dec/2025:13:25:33 -0300] "GET /cormun/static/menuarrow.gif HTTP/1.1" 404 1015
181.203.39.246 - - [17/Dec/2025:13:25:49 -0300] "GET /cormun/servlet/permisogoce?INS,0,,, HTTP/1.1" 200 6780
201.186.225.193 - - [17/Dec/2025:13:26:02 -0300] "POST /cormun/servlet/trlicencias?9662edfb52e0019b1f44afe4fa0acec3,,gx-no-cache=1765988785360 HTTP/1.1" 200 7662
181.203.39.246 - - [17/Dec/2025:13:26:04 -0300] "GET /cormun/servlet/permisogoce?f46475430b67a6d14fd78dd351794bcf81c59bd04ec5de5efbec1463b18d66ac1f9f4788a559fed6cbca6f597d6ef612ca57778cb9da2bad122fb32a430fa677,gx-no-cache=1765988787887 HTTP/1.1" 200 82
201.186.225.193 - - [17/Dec/2025:13:26:10 -0300] "POST /cormun/servlet/trlicencias?9662edfb52e0019b1f44afe4fa0acec3,,gx-no-cache=1765988793760 HTTP/1.1" 200 100
201.186.225.193 - - [17/Dec/2025:13:26:10 -0300] "POST /cormun/servlet/trlicencias?9662edfb52e0019b1f44afe4fa0acec3,,gx-no-cache=1765988793909 HTTP/1.1" 200 7640
201.186.225.193 - - [17/Dec/2025:13:26:11 -0300] "GET /cormun/Licencias-203.xls HTTP/1.1" 200 7168
20.40.115.26 - - [17/Dec/2025:13:26:11 -0300] "GET /cormun/Licencias-203.xls HTTP/1.1" 200 7168
201.186.225.193 - - [17/Dec/2025:13:26:16 -0300] "GET /cormun/Licencias-203.xls HTTP/1.1" 304 -
201.186.225.193 - - [17/Dec/2025:13:27:02 -0300] "GET /cormun/Licencias-203.xls HTTP/1.1" 304 -
179.57.78.71 - - [17/Dec/2025:13:28:58 -0300] "POST /cormun/servlet/trlicencias?76710676036da441fc874e1afe7edf82,,gx-no-cache=1765988960592 HTTP/1.1" 200 11698
181.203.39.246 - - [17/Dec/2025:13:29:31 -0300] "GET /cormun/servlet/permisogoce?f46475430b67a6d14fd78dd351794bcfeaaab89e33eeb5392fd06a8b6746fef5992f35f1babe9355b39629aaf83d38433d89c48849a5438797e434517f3a649cbb6a7a8e1c8e3506e608d3b7e153f1e31f6072aaed2503e41f474f7ef22adf08e73b9baa749ede2c94c25c977bd6d05b,gx-no-cache=1765988994598 HTTP/1.1" 200 82
181.203.39.246 - - [17/Dec/2025:13:29:40 -0300] "GET /cormun/servlet/permisogoce?f46475430b67a6d14fd78dd351794bcff39538d43a4c3a714a34c65cccf82d7fbbd60f9f4108a084254e9d16f48767945a21228f9aade4fe777380269f0a0859,gx-no-cache=1765989003806 HTTP/1.1" 200 48
181.203.39.246 - - [17/Dec/2025:13:29:42 -0300] "POST /cormun/servlet/permisogoce?4c45180d1af463fbabfbc8ea482d7ef2,INS,0,,,,gx-no-cache=1765989005880 HTTP/1.1" 200 93
181.203.39.246 - - [17/Dec/2025:13:29:43 -0300] "GET /cormun/servlet/hpexe_return? HTTP/1.1" 200 1010
181.203.39.246 - - [17/Dec/2025:13:29:43 -0300] "GET /cormun/servlet/trpermisosgoce HTTP/1.1" 200 14209
181.203.39.246 - - [17/Dec/2025:13:29:48 -0300] "GET /cormun/servlet/apermisogoceprn?17250068,P,20251217121519,PU HTTP/1.1" 200 1653
181.203.39.246 - - [17/Dec/2025:13:30:04 -0300] "GET /cormun/servlet/apermisogoceprn?17250068,P,20251126104240,PU HTTP/1.1" 200 1646
179.57.78.71 - - [17/Dec/2025:13:30:11 -0300] "GET /cormun/servlet/hlogin HTTP/1.1" 200 1721
179.57.78.71 - - [17/Dec/2025:13:30:16 -0300] "POST /cormun/servlet/hlogin?7b70311ae0402b4c0f09ecb1836d5b39,gx-no-cache=1765989038956 HTTP/1.1" 200 90
179.57.78.71 - - [17/Dec/2025:13:30:16 -0300] "GET /cormun/servlet/hpexe_link HTTP/1.1" 200 952
179.57.78.71 - - [17/Dec/2025:13:30:16 -0300] "GET /cormun/servlet/hhome HTTP/1.1" 200 4271
181.203.39.246 - - [17/Dec/2025:13:30:17 -0300] "GET /cormun/servlet/apermisogoceprn?17250068,P,20251217121519,PU HTTP/1.1" 200 1652
179.57.78.71 - - [17/Dec/2025:13:30:21 -0300] "GET /cormun/servlet/trlicencias? HTTP/1.1" 200 13810
201.186.225.193 - - [17/Dec/2025:13:30:24 -0300] "POST /cormun/servlet/trlicencias?9662edfb52e0019b1f44afe4fa0acec3,,gx-no-cache=1765989047479 HTTP/1.1" 200 6476
201.186.225.193 - - [17/Dec/2025:13:30:27 -0300] "POST /cormun/servlet/trlicencias?9662edfb52e0019b1f44afe4fa0acec3,,gx-no-cache=1765989050687 HTTP/1.1" 200 101
201.186.225.193 - - [17/Dec/2025:13:30:27 -0300] "POST /cormun/servlet/trlicencias?9662edfb52e0019b1f44afe4fa0acec3,,gx-no-cache=1765989050755 HTTP/1.1" 200 6452
201.186.225.193 - - [17/Dec/2025:13:30:27 -0300] "GET /cormun/Licencias-7705.xls HTTP/1.1" 200 6144
20.40.115.26 - - [17/Dec/2025:13:30:28 -0300] "GET /cormun/Licencias-7705.xls HTTP/1.1" 200 6144
201.186.225.193 - - [17/Dec/2025:13:30:30 -0300] "GET /cormun/Licencias-7705.xls HTTP/1.1" 304 -
181.203.39.246 - - [17/Dec/2025:13:31:32 -0300] "GET /cormun/servlet/trpermisosgoce? HTTP/1.1" 200 14211
129.222.173.48 - - [17/Dec/2025:13:31:34 -0300] "GET /cormun/servlet/hlogin HTTP/1.1" 200 1716
172.174.244.235 - - [17/Dec/2025:13:31:34 -0300] "GET / HTTP/1.1" 200 11217
172.174.244.235 - - [17/Dec/2025:13:31:35 -0300] "-" 400 -
52.167.144.166 - - [17/Dec/2025:13:31:35 -0300] "GET /cormun/servlet/hlogin HTTP/1.1" 200 1715
201.186.225.193 - - [17/Dec/2025:13:31:58 -0300] "POST /cormun/servlet/trlicencias?9662edfb52e0019b1f44afe4fa0acec3,,gx-no-cache=1765989141006 HTTP/1.1" 200 6944
201.186.225.193 - - [17/Dec/2025:13:31:59 -0300] "POST /cormun/servlet/trlicencias?9662edfb52e0019b1f44afe4fa0acec3,,gx-no-cache=1765989142727 HTTP/1.1" 200 101
201.186.225.193 - - [17/Dec/2025:13:31:59 -0300] "POST /cormun/servlet/trlicencias?9662edfb52e0019b1f44afe4fa0acec3,,gx-no-cache=1765989142788 HTTP/1.1" 200 6922
201.186.225.193 - - [17/Dec/2025:13:31:59 -0300] "GET /cormun/Licencias-1636.xls HTTP/1.1" 200 6144
181.203.39.246 - - [17/Dec/2025:13:32:00 -0300] "GET /cormun/servlet/permisogoce?INS,0,,, HTTP/1.1" 200 6780
20.40.115.26 - - [17/Dec/2025:13:32:02 -0300] "GET /cormun/Licencias-1636.xls HTTP/1.1" 200 6144
181.203.39.246 - - [17/Dec/2025:13:32:14 -0300] "GET /cormun/servlet/permisogoce?f46475430b67a6d14fd78dd351794bcf6df013f640ff13152d08ef1b280e55751f9f4788a559fed6cbca6f597d6ef612ca57778cb9da2bad122fb32a430fa677,gx-no-cache=1765989157429 HTTP/1.1" 200 82
201.186.225.193 - - [17/Dec/2025:13:32:22 -0300] "POST /cormun/servlet/trlicencias?9662edfb52e0019b1f44afe4fa0acec3,,gx-no-cache=1765989165991 HTTP/1.1" 200 101
201.186.225.193 - - [17/Dec/2025:13:32:23 -0300] "POST /cormun/servlet/trlicencias?9662edfb52e0019b1f44afe4fa0acec3,,gx-no-cache=1765989166067 HTTP/1.1" 200 6921
201.186.225.193 - - [17/Dec/2025:13:32:23 -0300] "GET /cormun/Licencias-7597.xls HTTP/1.1" 200 6144
20.40.115.26 - - [17/Dec/2025:13:32:23 -0300] "GET /cormun/Licencias-7597.xls HTTP/1.1" 200 6144
201.186.225.193 - - [17/Dec/2025:13:32:24 -0300] "GET /cormun/Licencias-7597.xls HTTP/1.1" 304 -
190.95.15.15 - - [17/Dec/2025:13:32:34 -0300] "GET /cormun/servlet/trpermisosgoce HTTP/1.1" 200 18486
190.95.15.15 - - [17/Dec/2025:13:32:39 -0300] "GET /cormun/servlet/permisogoce?INS,0,,, HTTP/1.1" 200 6860
190.95.1.185 - - [17/Dec/2025:13:32:59 -0300] "GET /cormun/servlet/hlogin HTTP/1.1" 200 1719
190.95.1.185 - - [17/Dec/2025:13:33:01 -0300] "POST /cormun/servlet/hlogin?87fab4d1974efb7612ede49935d049a7,gx-no-cache=1765989204838 HTTP/1.1" 200 90
190.95.1.185 - - [17/Dec/2025:13:33:01 -0300] "GET /cormun/servlet/hpexe_link HTTP/1.1" 200 949
190.95.1.185 - - [17/Dec/2025:13:33:01 -0300] "GET /cormun/servlet/hhome HTTP/1.1" 200 4477
190.95.15.15 - - [17/Dec/2025:13:33:01 -0300] "GET /cormun/servlet/permisogoce?dd76567e2f5c1d66301a3191aaca9e01369d44ba92c5f2a8836abc3a20fed47dee9db031c39776f225b0324d193a569c825cbb49bbfc5516d3d08198d783ca38,gx-no-cache=1765989204538 HTTP/1.1" 200 84
190.95.15.15 - - [17/Dec/2025:13:33:01 -0300] "GET /cormun/static/menuarrow.gif HTTP/1.1" 404 1015
190.95.1.185 - - [17/Dec/2025:13:33:04 -0300] "GET /cormun/servlet/trlicencias? HTTP/1.1" 200 11577
190.95.15.15 - - [17/Dec/2025:13:33:07 -0300] "GET /cormun/servlet/permisogoce?dd76567e2f5c1d66301a3191aaca9e01dae3ac25e306679b0ec7a731bb2f5d82c3c4761e44a8f6cac09f88e173a327656c865cf95420250d88367b33adccdb37,gx-no-cache=1765989210197 HTTP/1.1" 200 48
190.95.15.15 - - [17/Dec/2025:13:33:10 -0300] "POST /cormun/servlet/permisogoce?9f5073b4b61c3989b662566900cafeb8,INS,0,,,,gx-no-cache=1765989211968 HTTP/1.1" 200 93
190.95.15.15 - - [17/Dec/2025:13:33:10 -0300] "GET /cormun/servlet/hpexe_return? HTTP/1.1" 200 1014
190.95.15.15 - - [17/Dec/2025:13:33:10 -0300] "GET /cormun/servlet/trpermisosgoce HTTP/1.1" 200 18457
190.95.15.15 - - [17/Dec/2025:13:33:13 -0300] "GET /cormun/servlet/apermisogoceprn?13302701,P,20251217133354,PU HTTP/1.1" 200 1662
201.186.225.193 - - [17/Dec/2025:13:33:53 -0300] "POST /cormun/servlet/trlicencias?9662edfb52e0019b1f44afe4fa0acec3,,gx-no-cache=1765989256870 HTTP/1.1" 200 5976
129.222.173.48 - - [17/Dec/2025:13:34:17 -0300] "POST /cormun/servlet/hlogin?9c698bcd60f263d656e037fd85a9c4ff,gx-no-cache=1765989279864 HTTP/1.1" 200 90
129.222.173.48 - - [17/Dec/2025:13:34:17 -0300] "GET /cormun/servlet/hpexe_link HTTP/1.1" 200 945
129.222.173.48 - - [17/Dec/2025:13:34:17 -0300] "GET /cormun/servlet/hhome HTTP/1.1" 200 3940
190.95.15.15 - - [17/Dec/2025:13:34:19 -0300] "GET /cormun/servlet/permisogoce?INS,0,,, HTTP/1.1" 200 6861
129.222.173.48 - - [17/Dec/2025:13:34:33 -0300] "GET /cormun/servlet/trpermisosgoce? HTTP/1.1" 200 8034
190.95.15.15 - - [17/Dec/2025:13:35:01 -0300] "GET /cormun/servlet/permisogoce?dd76567e2f5c1d66301a3191aaca9e013895165ecea83da47297c1e390d31b59ee9db031c39776f225b0324d193a569c825cbb49bbfc5516d3d08198d783ca38,gx-no-cache=1765989324590 HTTP/1.1" 200 80
179.57.78.71 - - [17/Dec/2025:13:35:03 -0300] "GET /cormun/servlet/trsolicitudot? HTTP/1.1" 200 7482
190.95.15.15 - - [17/Dec/2025:13:35:09 -0300] "GET /cormun/servlet/permisogoce?dd76567e2f5c1d66301a3191aaca9e01f1743855f92ca3e680d42b09d3767fe0b66bbf9155c25706fd6892b22f8586626c865cf95420250d88367b33adccdb37,gx-no-cache=1765989332741 HTTP/1.1" 200 48
129.222.173.48 - - [17/Dec/2025:13:35:20 -0300] "GET /cormun/servlet/permisogoce?INS,0,,, HTTP/1.1" 200 6802
190.95.15.15 - - [17/Dec/2025:13:35:40 -0300] "POST /cormun/servlet/permisogoce?9f5073b4b61c3989b662566900cafeb8,INS,0,,,,gx-no-cache=1765989363097 HTTP/1.1" 200 93
190.95.15.15 - - [17/Dec/2025:13:35:40 -0300] "GET /cormun/servlet/hpexe_return? HTTP/1.1" 200 1014
190.95.15.15 - - [17/Dec/2025:13:35:40 -0300] "GET /cormun/servlet/trpermisosgoce HTTP/1.1" 200 18431
129.222.173.48 - - [17/Dec/2025:13:35:42 -0300] "GET /cormun/servlet/permisogoce?ed61be96ad9f62cacf53c71cab8947935936b178f41caa10ecc06e09a8e7f5997607198bfe10cb9014634a19af7efcecff225c0b348e66fc949a9cd91c985f10,gx-no-cache=1765989365218 HTTP/1.1" 200 82
190.95.15.15 - - [17/Dec/2025:13:35:45 -0300] "GET /cormun/servlet/apermisogoceprn?16291838,P,20251217133534,PU HTTP/1.1" 200 1658
129.222.173.48 - - [17/Dec/2025:13:35:51 -0300] "GET /cormun/static/menuarrow.gif HTTP/1.1" 404 1015
179.57.78.71 - - [17/Dec/2025:13:35:54 -0300] "GET /cormun/servlet/trsolicitudot? HTTP/1.1" 200 7483
179.57.78.71 - - [17/Dec/2025:13:35:58 -0300] "GET /cormun/servlet/solicitudot?INS,0,0,false, HTTP/1.1" 200 16270
129.222.173.48 - - [17/Dec/2025:13:36:04 -0300] "GET /cormun/servlet/permisogoce?ed61be96ad9f62cacf53c71cab8947933f60e08ab3b146a486c5955ec61d5eda7a8afab4fc3c72a47a38ffeab1dc86550ab1d872e19516af170749b9cd96dad8,gx-no-cache=1765989387071 HTTP/1.1" 200 48
129.222.173.48 - - [17/Dec/2025:13:36:28 -0300] "POST /cormun/servlet/permisogoce?9c698bcd60f263d656e037fd85a9c4ff,INS,0,,,,gx-no-cache=1765989410777 HTTP/1.1" 200 93
129.222.173.48 - - [17/Dec/2025:13:36:28 -0300] "GET /cormun/servlet/hpexe_return? HTTP/1.1" 200 1003
129.222.173.48 - - [17/Dec/2025:13:36:29 -0300] "GET /cormun/servlet/trpermisosgoce HTTP/1.1" 200 8312
129.222.173.48 - - [17/Dec/2025:13:36:32 -0300] "GET /cormun/servlet/permisogoce?INS,0,,, HTTP/1.1" 200 6803
179.57.78.71 - - [17/Dec/2025:13:36:33 -0300] "POST /cormun/servlet/solicitudot?gx-no-cache=1765989416202 HTTP/1.1" 200 4046
179.57.78.71 - - [17/Dec/2025:13:36:33 -0300] "POST /cormun/servlet/solicitudot?7b70311ae0402b4c0f09ecb1836d5b39,INS,0,0,false,,gx-no-cache=1765989416401 HTTP/1.1" 200 12902
179.57.78.71 - - [17/Dec/2025:13:36:36 -0300] "GET /cormun/servlet/solicitudot?f053af563a0b5fc47943d59dee4881de21897dc4fa5213bab60928d9d15c954e49b2708cebccf5e02134aabd7185699e,gx-no-cache=1765989419195 HTTP/1.1" 200 30
129.222.173.48 - - [17/Dec/2025:13:36:46 -0300] "GET /cormun/servlet/permisogoce?ed61be96ad9f62cacf53c71cab894793fc7e919b89f32f5a3a58ab0dc8e31c027607198bfe10cb9014634a19af7efcecff225c0b348e66fc949a9cd91c985f10,gx-no-cache=1765989428847 HTTP/1.1" 200 86
129.222.173.48 - - [17/Dec/2025:13:36:56 -0300] "GET /cormun/servlet/permisogoce?ed61be96ad9f62cacf53c71cab89479367af965f115306b8f532ddb676b55357ff0ceb82dbbcfc9e62976eb1a8c5c38c0ab1d872e19516af170749b9cd96dad8,gx-no-cache=1765989439431 HTTP/1.1" 200 47
129.222.173.48 - - [17/Dec/2025:13:37:04 -0300] "POST /cormun/servlet/permisogoce?9c698bcd60f263d656e037fd85a9c4ff,INS,0,,,,gx-no-cache=1765989447160 HTTP/1.1" 200 93
129.222.173.48 - - [17/Dec/2025:13:37:04 -0300] "GET /cormun/servlet/hpexe_return? HTTP/1.1" 200 1003
129.222.173.48 - - [17/Dec/2025:13:37:04 -0300] "GET /cormun/servlet/trpermisosgoce HTTP/1.1" 200 8553
129.222.173.48 - - [17/Dec/2025:13:37:10 -0300] "GET /cormun/servlet/permisogoce?INS,0,,, HTTP/1.1" 200 6803
129.222.173.48 - - [17/Dec/2025:13:37:44 -0300] "GET /cormun/servlet/permisogoce?ed61be96ad9f62cacf53c71cab8947931fdba200df26111ba187abea126d5b8b7607198bfe10cb9014634a19af7efcecff225c0b348e66fc949a9cd91c985f10,gx-no-cache=1765989487215 HTTP/1.1" 200 78
179.57.78.71 - - [17/Dec/2025:13:37:47 -0300] "GET /cormun/servlet/solicitudot?f053af563a0b5fc47943d59dee4881de92d31f2569eb82fd6b8ae4442630678857fe068f2a8526d203a61b94e1f40c8449b2708cebccf5e02134aabd7185699e,gx-no-cache=1765989490798 HTTP/1.1" 200 30
181.203.39.246 - - [17/Dec/2025:13:37:48 -0300] "GET /cormun/servlet/trpermisosgoce? HTTP/1.1" 200 14219
181.203.39.246 - - [17/Dec/2025:13:37:52 -0300] "GET /cormun/servlet/apermisogoceprn?17250068,P,20251217132704,PU HTTP/1.1" 200 1662
129.222.173.48 - - [17/Dec/2025:13:37:56 -0300] "GET /cormun/servlet/permisogoce?ed61be96ad9f62cacf53c71cab8947932238a62def18a1a308ae5cfd9428cfe50f50a1af78f9cc49e7d3258eb61374f10ab1d872e19516af170749b9cd96dad8,gx-no-cache=1765989498927 HTTP/1.1" 200 47
179.57.78.71 - - [17/Dec/2025:13:37:57 -0300] "GET /cormun/static/Resources/resize.gif HTTP/1.1" 200 77
179.57.78.71 - - [17/Dec/2025:13:37:57 -0300] "GET /cormun/static/Resources/PXTools/ClosePrompt.png HTTP/1.1" 200 1036
179.57.78.71 - - [17/Dec/2025:13:37:57 -0300] "GET /cormun/servlet/prbanco?,MD,,gxPopupLevel%3D0%3B HTTP/1.1" 200 6661
179.57.78.71 - - [17/Dec/2025:13:37:57 -0300] "GET /cormun/static/gxcfg.js?20201216131581 HTTP/1.1" 200 953
179.57.78.71 - - [17/Dec/2025:13:37:57 -0300] "GET /cormun/static/Resources/PXToolsMenuSearch.png HTTP/1.1" 200 336
179.57.78.71 - - [17/Dec/2025:13:37:57 -0300] "GET /cormun/static/prbanco.js?20201216132311 HTTP/1.1" 200 10693
179.57.78.71 - - [17/Dec/2025:13:37:57 -0300] "GET /cormun/static/menusearch.js?20201214473581 HTTP/1.1" 200 1424
179.57.78.71 - - [17/Dec/2025:13:37:57 -0300] "GET /cormun/static/Resources/PXToolsMenuSearchCancel.png HTTP/1.1" 200 306
179.57.78.71 - - [17/Dec/2025:13:37:57 -0300] "GET /cormun/static/hmpwkw011.js?202211298443482 HTTP/1.1" 200 1968
129.222.173.48 - - [17/Dec/2025:13:38:01 -0300] "POST /cormun/servlet/permisogoce?9c698bcd60f263d656e037fd85a9c4ff,INS,0,,,,gx-no-cache=1765989503560 HTTP/1.1" 200 93
129.222.173.48 - - [17/Dec/2025:13:38:02 -0300] "GET /cormun/servlet/hpexe_return? HTTP/1.1" 200 1003
129.222.173.48 - - [17/Dec/2025:13:38:02 -0300] "GET /cormun/servlet/trpermisosgoce HTTP/1.1" 200 8760
129.222.173.48 - - [17/Dec/2025:13:38:05 -0300] "GET /cormun/servlet/permisogoce?INS,0,,, HTTP/1.1" 200 6802
179.57.78.71 - - [17/Dec/2025:13:38:11 -0300] "GET /cormun/servlet/solicitudot?f053af563a0b5fc47943d59dee4881de711b6bc19d5a06472b8eab26754c3388,gx-no-cache=1765989514151 HTTP/1.1" 200 45
201.186.225.191 - - [17/Dec/2025:13:38:17 -0300] "GET /cormun/servlet/hlogin HTTP/1.1" 200 1734
129.222.173.48 - - [17/Dec/2025:13:38:24 -0300] "GET /cormun/servlet/permisogoce?ed61be96ad9f62cacf53c71cab8947934880b174f3374986fd3d908ae93c26bb7607198bfe10cb9014634a19af7efcecff225c0b348e66fc949a9cd91c985f10,gx-no-cache=1765989527816 HTTP/1.1" 200 81
201.186.225.193 - - [17/Dec/2025:13:38:35 -0300] "POST /cormun/servlet/trlicencias?9662edfb52e0019b1f44afe4fa0acec3,,gx-no-cache=1765989538709 HTTP/1.1" 200 6223
129.222.173.48 - - [17/Dec/2025:13:38:38 -0300] "GET /cormun/servlet/permisogoce?ed61be96ad9f62cacf53c71cab894793b56b570a57863e7326f51c5384a7e6851884dca618ac7dccd40113589fb5ed690ab1d872e19516af170749b9cd96dad8,gx-no-cache=1765989540888 HTTP/1.1" 200 48
179.57.78.71 - - [17/Dec/2025:13:38:38 -0300] "POST /cormun/servlet/solicitudot?gx-no-cache=1765989541202 HTTP/1.1" 200 255
179.57.78.71 - - [17/Dec/2025:13:38:41 -0300] "GET /cormun/servlet/solicitudot?f053af563a0b5fc47943d59dee4881de71714824c2eb4293e772ea228e8aa2ef980413b0cb1d011055e35e68950906197ca0a3a30b7a39d845f395c57835a5617194ce5da10bdc1bf1fc054353a297ac06a6c7838456f6ac8a8cee88454c7e242d1892417eb736e1d1d8419682932f71ad7ba6d7fb2d4d2b810365eb38d158d6f12587de6955a5e08f7128279f26ec2ed10317932cd3261a0471031cb87575e82f28548bcf56697a85d709c18d58bf332c4732bc6f3bb77787964e52aefa5982b952cad9b05628bebab0eec78daad19e215a913444042e8fc4970c37e0af1fc8fa70bbc23d526e88b5db9ba92f51ea3b8a01d18b07e22f3dda49145d21665c3e593589f7278f18188eb6927fb317fe3d47116563909ab1aff7af2db6274321679d7830d1711ece6f350374f0eaa8ec1699f141258e5133f2b87da07cfc9f45b8b8986fe6b2cc1118101349030a1e30548a323e8ea0896462dfa1960d420538cba6c02db1ae1d17ca69215c118505affb70d3d975c75c69e52f8f1756f19c3ac9,gx-no-cache=1765989544444 HTTP/1.1" 200 30
179.57.78.71 - - [17/Dec/2025:13:38:58 -0300] "POST /cormun/servlet/solicitudot?gx-no-cache=1765989561415 HTTP/1.1" 200 30
179.57.78.71 - - [17/Dec/2025:13:38:58 -0300] "POST /cormun/servlet/solicitudot?gx-no-cache=1765989561484 HTTP/1.1" 200 1481
179.57.78.71 - - [17/Dec/2025:13:38:58 -0300] "POST /cormun/servlet/solicitudot?gx-no-cache=1765989561520 HTTP/1.1" 200 38
129.222.173.48 - - [17/Dec/2025:13:39:00 -0300] "POST /cormun/servlet/permisogoce?9c698bcd60f263d656e037fd85a9c4ff,INS,0,,,,gx-no-cache=1765989562800 HTTP/1.1" 200 93
129.222.173.48 - - [17/Dec/2025:13:39:01 -0300] "GET /cormun/servlet/hpexe_return? HTTP/1.1" 200 1003
129.222.173.48 - - [17/Dec/2025:13:39:01 -0300] "GET /cormun/servlet/trpermisosgoce HTTP/1.1" 200 8977
129.222.173.48 - - [17/Dec/2025:13:39:04 -0300] "GET /cormun/servlet/permisogoce?INS,0,,, HTTP/1.1" 200 6802
129.222.173.48 - - [17/Dec/2025:13:39:21 -0300] "GET /cormun/servlet/permisogoce?ed61be96ad9f62cacf53c71cab894793e20ab0d8555bbb9a07ff47a43bdaa33b7607198bfe10cb9014634a19af7efcecff225c0b348e66fc949a9cd91c985f10,gx-no-cache=1765989583864 HTTP/1.1" 200 83
129.222.173.48 - - [17/Dec/2025:13:39:29 -0300] "GET /cormun/servlet/permisogoce?ed61be96ad9f62cacf53c71cab8947937f55d839bea87a86dd7932a0f77ab72730ad85cc9ac25a3827823d1d04cba2390ab1d872e19516af170749b9cd96dad8,gx-no-cache=1765989592783 HTTP/1.1" 200 47
129.222.173.48 - - [17/Dec/2025:13:39:31 -0300] "POST /cormun/servlet/permisogoce?9c698bcd60f263d656e037fd85a9c4ff,INS,0,,,,gx-no-cache=1765989594082 HTTP/1.1" 200 93
129.222.173.48 - - [17/Dec/2025:13:39:31 -0300] "GET /cormun/servlet/hpexe_return? HTTP/1.1" 200 1003
129.222.173.48 - - [17/Dec/2025:13:39:32 -0300] "GET /cormun/servlet/trpermisosgoce HTTP/1.1" 200 9195
129.222.173.48 - - [17/Dec/2025:13:39:43 -0300] "GET /cormun/servlet/permisogoce?INS,0,,, HTTP/1.1" 200 6802
179.57.78.71 - - [17/Dec/2025:13:39:45 -0300] "GET /cormun/servlet/solicitudot?f053af563a0b5fc47943d59dee4881de4e4119a4f4d37c8d9f9bb3b7188c6186eb164b895cb81c0313f56bc3e9d0c669a92d21ad2a6da7eb0b80f8d793d3334ddd8b9ed00d762dffb7c6e6d861d0c3a25a748de456ccb0b6a8822fa6aec74c994a076c7b975aa4f81c876f6d460b95b3,gx-no-cache=1765989608080 HTTP/1.1" 200 110
179.57.78.71 - - [17/Dec/2025:13:39:45 -0300] "POST /cormun/servlet/solicitudot?gx-no-cache=1765989608118 HTTP/1.1" 200 97
179.57.78.71 - - [17/Dec/2025:13:39:52 -0300] "GET /cormun/servlet/solicitudot?f053af563a0b5fc47943d59dee4881dec09df6d0a90f83995cb962441e8fae64e4400ac5b7c25db1e20c0621048638d692e6f3f6d93af86a2266cfeb07bb58ef08326a628c115942290f0e8d1c5398440f0471430ea56f96fd639a186ab7fd1882c5cdc15de550de3774c4c7d7675334,gx-no-cache=1765989615744 HTTP/1.1" 200 29
129.222.173.48 - - [17/Dec/2025:13:39:56 -0300] "GET /cormun/servlet/permisogoce?ed61be96ad9f62cacf53c71cab894793d328720fa53ada4d86623c3f691d5c581730a43857d4408f84b2c8c6c6916358a800c36c28f5e1b97c6d995edabdfe46,gx-no-cache=1765989619577 HTTP/1.1" 200 84
129.222.173.48 - - [17/Dec/2025:13:40:05 -0300] "GET /cormun/servlet/permisogoce?ed61be96ad9f62cacf53c71cab894793ef6108623177c44190afd89dbf9ae6941bc731802035c5584b074ca18d948104feaa9b362be5f54997098d64cc0d9018,gx-no-cache=1765989628296 HTTP/1.1" 200 47
179.57.78.71 - - [17/Dec/2025:13:40:08 -0300] "GET /cormun/servlet/solicitudot?f053af563a0b5fc47943d59dee4881de9e39c1b56adeea53d7fa0ed1a05ba982530e549d9b7a287a4394ee5fd45af50c,gx-no-cache=1765989631105 HTTP/1.1" 200 30
129.222.173.48 - - [17/Dec/2025:13:40:13 -0300] "POST /cormun/servlet/permisogoce?9c698bcd60f263d656e037fd85a9c4ff,INS,0,,,,gx-no-cache=1765989635688 HTTP/1.1" 200 93
129.222.173.48 - - [17/Dec/2025:13:40:13 -0300] "GET /cormun/servlet/hpexe_return? HTTP/1.1" 200 1003
129.222.173.48 - - [17/Dec/2025:13:40:13 -0300] "GET /cormun/servlet/trpermisosgoce HTTP/1.1" 200 9423
129.222.173.48 - - [17/Dec/2025:13:40:16 -0300] "GET /cormun/servlet/permisogoce?INS,0,,, HTTP/1.1" 200 6802
179.57.78.71 - - [17/Dec/2025:13:40:24 -0300] "POST /cormun/servlet/solicitudot?gx-no-cache=1765989647439 HTTP/1.1" 200 30
129.222.173.48 - - [17/Dec/2025:13:40:32 -0300] "GET /cormun/servlet/permisogoce?ed61be96ad9f62cacf53c71cab8947932cdc739d006607ca0b8771767a320c9e7607198bfe10cb9014634a19af7efcecff225c0b348e66fc949a9cd91c985f10,gx-no-cache=1765989655096 HTTP/1.1" 200 80
129.222.173.48 - - [17/Dec/2025:13:40:40 -0300] "GET /cormun/servlet/permisogoce?ed61be96ad9f62cacf53c71cab8947930d2b3c1ab18a148eb74ffb94f80b1dd908173ce80e41239a43c87cf38daa5bf10ab1d872e19516af170749b9cd96dad8,gx-no-cache=1765989663135 HTTP/1.1" 200 46
129.222.173.48 - - [17/Dec/2025:13:40:44 -0300] "POST /cormun/servlet/permisogoce?9c698bcd60f263d656e037fd85a9c4ff,INS,0,,,,gx-no-cache=1765989667216 HTTP/1.1" 200 93
129.222.173.48 - - [17/Dec/2025:13:40:44 -0300] "GET /cormun/servlet/hpexe_return? HTTP/1.1" 200 1003
129.222.173.48 - - [17/Dec/2025:13:40:44 -0300] "GET /cormun/servlet/trpermisosgoce HTTP/1.1" 200 9639
129.222.173.48 - - [17/Dec/2025:13:40:48 -0300] "GET /cormun/servlet/permisogoce?INS,0,,, HTTP/1.1" 200 6803
129.222.173.48 - - [17/Dec/2025:13:41:03 -0300] "GET /cormun/servlet/permisogoce?ed61be96ad9f62cacf53c71cab8947930ddae26112229c4c30f30c8e42ac5ead7607198bfe10cb9014634a19af7efcecff225c0b348e66fc949a9cd91c985f10,gx-no-cache=1765989686128 HTTP/1.1" 200 82
129.222.173.48 - - [17/Dec/2025:13:41:10 -0300] "GET /cormun/servlet/permisogoce?ed61be96ad9f62cacf53c71cab8947934c09cd3a2bab9d84f5e945136c5c66846b176ce87414c7c49d4b7b8825bafd750ab1d872e19516af170749b9cd96dad8,gx-no-cache=1765989693456 HTTP/1.1" 200 47
129.222.173.48 - - [17/Dec/2025:13:41:13 -0300] "POST /cormun/servlet/permisogoce?9c698bcd60f263d656e037fd85a9c4ff,INS,0,,,,gx-no-cache=1765989696400 HTTP/1.1" 200 93
129.222.173.48 - - [17/Dec/2025:13:41:13 -0300] "GET /cormun/servlet/hpexe_return? HTTP/1.1" 200 1003
129.222.173.48 - - [17/Dec/2025:13:41:14 -0300] "GET /cormun/servlet/trpermisosgoce HTTP/1.1" 200 9857
129.222.173.48 - - [17/Dec/2025:13:41:16 -0300] "GET /cormun/servlet/permisogoce?INS,0,,, HTTP/1.1" 200 6803
179.57.78.71 - - [17/Dec/2025:13:41:34 -0300] "POST /cormun/servlet/solicitudot?gx-no-cache=1765989717074 HTTP/1.1" 200 1481
179.57.78.71 - - [17/Dec/2025:13:41:34 -0300] "POST /cormun/servlet/solicitudot?gx-no-cache=1765989717114 HTTP/1.1" 200 41
179.57.78.71 - - [17/Dec/2025:13:41:34 -0300] "GET /cormun/servlet/solicitudot?f053af563a0b5fc47943d59dee4881de4e4119a4f4d37c8d9f9bb3b7188c6186eb164b895cb81c0313f56bc3e9d0c669a92d21ad2a6da7eb0b80f8d793d3334ddd8b9ed00d762dffb7c6e6d861d0c3a25a748de456ccb0b6a8822fa6aec74c994a076c7b975aa4f81c876f6d460b95b3,gx-no-cache=1765989717136 HTTP/1.1" 200 110
179.57.78.71 - - [17/Dec/2025:13:41:34 -0300] "POST /cormun/servlet/solicitudot?gx-no-cache=1765989717162 HTTP/1.1" 200 97
179.57.78.71 - - [17/Dec/2025:13:41:34 -0300] "GET /cormun/servlet/solicitudot?f053af563a0b5fc47943d59dee4881de9e39c1b56adeea53d7fa0ed1a05ba982530e549d9b7a287a4394ee5fd45af50c,gx-no-cache=1765989717194 HTTP/1.1" 200 30
179.57.78.71 - - [17/Dec/2025:13:41:34 -0300] "POST /cormun/servlet/solicitudot?gx-no-cache=1765989717216 HTTP/1.1" 200 30
179.57.78.71 - - [17/Dec/2025:13:41:34 -0300] "POST /cormun/servlet/solicitudot?7b70311ae0402b4c0f09ecb1836d5b39,INS,0,0,false,,gx-no-cache=1765989717248 HTTP/1.1" 200 93
179.57.78.71 - - [17/Dec/2025:13:41:34 -0300] "GET /cormun/servlet/hpexe_return? HTTP/1.1" 200 1010
179.57.78.71 - - [17/Dec/2025:13:41:35 -0300] "GET /cormun/servlet/trsolicitudot HTTP/1.1" 200 8890
129.222.173.48 - - [17/Dec/2025:13:41:36 -0300] "GET /cormun/servlet/permisogoce?ed61be96ad9f62cacf53c71cab894793065bb9914712230975689ef49d0844d61730a43857d4408f84b2c8c6c6916358a800c36c28f5e1b97c6d995edabdfe46,gx-no-cache=1765989718881 HTTP/1.1" 200 82
129.222.173.48 - - [17/Dec/2025:13:41:43 -0300] "GET /cormun/servlet/permisogoce?ed61be96ad9f62cacf53c71cab894793e756093e75b89860dbfd2b5924aa2633dba9b914265b335ff05d0e8cdef7fd1ffeaa9b362be5f54997098d64cc0d9018,gx-no-cache=1765989726543 HTTP/1.1" 200 47
129.222.173.48 - - [17/Dec/2025:13:41:45 -0300] "POST /cormun/servlet/permisogoce?9c698bcd60f263d656e037fd85a9c4ff,INS,0,,,,gx-no-cache=1765989728512 HTTP/1.1" 200 93
129.222.173.48 - - [17/Dec/2025:13:41:46 -0300] "GET /cormun/servlet/hpexe_return? HTTP/1.1" 200 1003
129.222.173.48 - - [17/Dec/2025:13:41:46 -0300] "GET /cormun/servlet/trpermisosgoce HTTP/1.1" 200 10071
129.222.173.48 - - [17/Dec/2025:13:41:50 -0300] "GET /cormun/servlet/permisogoce?INS,0,,, HTTP/1.1" 200 6803
129.222.173.48 - - [17/Dec/2025:13:42:06 -0300] "GET /cormun/servlet/permisogoce?ed61be96ad9f62cacf53c71cab894793d4e792f75395fde30e6a0449d478a9d87607198bfe10cb9014634a19af7efcecff225c0b348e66fc949a9cd91c985f10,gx-no-cache=1765989748992 HTTP/1.1" 200 80
129.222.173.48 - - [17/Dec/2025:13:42:13 -0300] "GET /cormun/servlet/permisogoce?ed61be96ad9f62cacf53c71cab894793099ebc0bfb58ad8aef2895e2f950aaab11afeeb2faa91ca0a271608241013aef0ab1d872e19516af170749b9cd96dad8,gx-no-cache=1765989755984 HTTP/1.1" 200 47
129.222.173.48 - - [17/Dec/2025:13:42:16 -0300] "POST /cormun/servlet/permisogoce?9c698bcd60f263d656e037fd85a9c4ff,INS,0,,,,gx-no-cache=1765989758871 HTTP/1.1" 200 93
129.222.173.48 - - [17/Dec/2025:13:42:16 -0300] "GET /cormun/servlet/hpexe_return? HTTP/1.1" 200 1003
129.222.173.48 - - [17/Dec/2025:13:42:16 -0300] "GET /cormun/servlet/trpermisosgoce HTTP/1.1" 200 10300
129.222.173.48 - - [17/Dec/2025:13:42:19 -0300] "GET /cormun/servlet/permisogoce?INS,0,,, HTTP/1.1" 200 6804
129.222.173.48 - - [17/Dec/2025:13:42:28 -0300] "GET /cormun/servlet/permisogoce?ed61be96ad9f62cacf53c71cab8947936fc5735c1a1ae745c214f8d7d2ae10797607198bfe10cb9014634a19af7efcecff225c0b348e66fc949a9cd91c985f10,gx-no-cache=1765989771208 HTTP/1.1" 200 81
129.222.173.48 - - [17/Dec/2025:13:42:39 -0300] "GET /cormun/servlet/permisogoce?ed61be96ad9f62cacf53c71cab894793bdac426f702c947f627e5ea0805ee3c97c4a29890ea35b38fb895f450e83fdaa0ab1d872e19516af170749b9cd96dad8,gx-no-cache=1765989782719 HTTP/1.1" 200 47
129.222.173.48 - - [17/Dec/2025:13:42:46 -0300] "POST /cormun/servlet/permisogoce?9c698bcd60f263d656e037fd85a9c4ff,INS,0,,,,gx-no-cache=1765989789367 HTTP/1.1" 200 93
129.222.173.48 - - [17/Dec/2025:13:42:46 -0300] "GET /cormun/servlet/hpexe_return? HTTP/1.1" 200 1003
129.222.173.48 - - [17/Dec/2025:13:42:47 -0300] "GET /cormun/servlet/trpermisosgoce HTTP/1.1" 200 10529
129.222.173.48 - - [17/Dec/2025:13:42:51 -0300] "GET /cormun/servlet/permisogoce?INS,0,,, HTTP/1.1" 200 6803
190.95.2.157 - - [17/Dec/2025:13:42:58 -0300] "GET /cormun/servlet/hlogin HTTP/1.1" 200 1717
190.95.2.157 - - [17/Dec/2025:13:42:58 -0300] "GET /cormun/static/gxtimezone.js?85251 HTTP/1.1" 200 5781
190.95.2.157 - - [17/Dec/2025:13:42:58 -0300] "GET /cormun/static/gxcfg.js?2022112219184450 HTTP/1.1" 200 953
190.95.2.157 - - [17/Dec/2025:13:42:58 -0300] "GET /cormun/static/Resources/CormunLogin.png HTTP/1.1" 200 19132
190.95.2.157 - - [17/Dec/2025:13:42:58 -0300] "GET /cormun/static/messages.spa.js?85251 HTTP/1.1" 200 30736
190.95.2.157 - - [17/Dec/2025:13:42:58 -0300] "GET /cormun/static/Resources/Spanish/PXTools.css?1759030 HTTP/1.1" 200 100853
190.95.2.157 - - [17/Dec/2025:13:42:58 -0300] "GET /cormun/static/hlogin.js?2022112219184458 HTTP/1.1" 200 2156
190.95.2.157 - - [17/Dec/2025:13:42:58 -0300] "GET /cormun/static/gxgral.js?85251 HTTP/1.1" 200 384558
190.95.2.157 - - [17/Dec/2025:13:42:58 -0300] "GET /cormun/static/Resources/PXToolsLoginBackground.png HTTP/1.1" 200 1164
190.95.2.157 - - [17/Dec/2025:13:42:58 -0300] "GET /cormun/static/Resources/PXToolsLoginTop.png HTTP/1.1" 200 1337
190.95.2.157 - - [17/Dec/2025:13:42:58 -0300] "GET /cormun/static/Resources/PXToolsButtonBackground.png HTTP/1.1" 200 1176
190.95.2.157 - - [17/Dec/2025:13:42:58 -0300] "GET /cormun/static/Resources/PXToolsButtonRight.png HTTP/1.1" 200 1294
190.95.2.157 - - [17/Dec/2025:13:42:58 -0300] "GET /cormun/static/Resources/PXToolsLoginBottom.png HTTP/1.1" 200 1389
190.95.2.157 - - [17/Dec/2025:13:42:58 -0300] "GET /cormun/static/Resources/PXToolsButtonLeft.png HTTP/1.1" 200 1310
190.95.2.157 - - [17/Dec/2025:13:42:58 -0300] "GET /cormun/static/Resources/indicator.gif HTTP/1.1" 200 1553
190.95.2.157 - - [17/Dec/2025:13:42:58 -0300] "GET /cormun/servlet/hlogin HTTP/1.1" 200 1727
190.95.2.157 - - [17/Dec/2025:13:43:03 -0300] "POST /cormun/servlet/hlogin?e766d1ad889b793c3b9ace458614d706,gx-no-cache=1765989807025 HTTP/1.1" 200 90
190.95.2.157 - - [17/Dec/2025:13:43:03 -0300] "GET /cormun/servlet/hpexe_link HTTP/1.1" 200 947
190.95.2.157 - - [17/Dec/2025:13:43:04 -0300] "GET /cormun/static/hpexe_link.js?20221129847423 HTTP/1.1" 200 625
190.95.2.157 - - [17/Dec/2025:13:43:04 -0300] "GET /cormun/static/gxcfg.js?20221129847421 HTTP/1.1" 200 953
190.95.2.157 - - [17/Dec/2025:13:43:04 -0300] "GET /cormun/static/Resources/Spanish/PXTools.css?8354383 HTTP/1.1" 200 100853
190.95.2.157 - - [17/Dec/2025:13:43:04 -0300] "GET /cormun/servlet/hhome HTTP/1.1" 200 4311
190.95.2.157 - - [17/Dec/2025:13:43:04 -0300] "GET /cormun/static/gxcfg.js?20201215495537 HTTP/1.1" 200 953
190.95.2.157 - - [17/Dec/2025:13:43:04 -0300] "GET /cormun/static/scaMessage/css/jquery.pnotify.default.css?1816380 HTTP/1.1" 200 1707
190.95.2.157 - - [17/Dec/2025:13:43:04 -0300] "GET /cormun/static/SmoothNavMenu/resources/ddsmoothmenu-v.css?1112540 HTTP/1.1" 200 1188
190.95.2.157 - - [17/Dec/2025:13:43:04 -0300] "GET /cormun/static/SmoothNavMenu/resources/ddsmoothmenu.css?1112540 HTTP/1.1" 200 2223
190.95.2.157 - - [17/Dec/2025:13:43:04 -0300] "GET /cormun/static/Shared/jqueryui/jquery-ui.min.css?1345370 HTTP/1.1" 200 30288
190.95.2.157 - - [17/Dec/2025:13:43:04 -0300] "GET /cormun/static/PXToolsJavascripts/pexe_cookies.js HTTP/1.1" 200 792
190.95.2.157 - - [17/Dec/2025:13:43:04 -0300] "GET /cormun/static/PXToolsJavascripts/pexe_autoreload.js HTTP/1.1" 200 1762
190.95.2.157 - - [17/Dec/2025:13:43:04 -0300] "GET /cormun/static/PXToolsJavascripts/pexe_grid.js HTTP/1.1" 200 7559
190.95.2.157 - - [17/Dec/2025:13:43:04 -0300] "GET /cormun/static/Resources/Spanish/PXTools.css?14345360 HTTP/1.1" 200 100853
190.95.2.157 - - [17/Dec/2025:13:43:04 -0300] "GET /cormun/static/PXToolsJavascripts/pexe_windows.js HTTP/1.1" 200 15249
190.95.2.157 - - [17/Dec/2025:13:43:04 -0300] "GET /cormun/static/PXToolsJavascripts/pexe_griddivfix.js HTTP/1.1" 200 6946
190.95.2.157 - - [17/Dec/2025:13:43:04 -0300] "GET /cormun/static/PXToolsJavascripts/pexe_link.js HTTP/1.1" 200 5671
190.95.2.157 - - [17/Dec/2025:13:43:04 -0300] "GET /cormun/static/PXToolsJavascripts/pexe_menudivfix.js HTTP/1.1" 200 333
190.95.2.157 - - [17/Dec/2025:13:43:04 -0300] "GET /cormun/static/PXToolsJavascripts/pexe_menus.js HTTP/1.1" 200 1286
190.95.2.157 - - [17/Dec/2025:13:43:04 -0300] "GET /cormun/static/PXToolsJavascripts/pexe_layers.js HTTP/1.1" 200 4114
190.95.2.157 - - [17/Dec/2025:13:43:04 -0300] "GET /cormun/static/PXToolsJavascripts/pexe_oavdivfix.js HTTP/1.1" 200 639
190.95.2.157 - - [17/Dec/2025:13:43:04 -0300] "GET /cormun/static/PXToolsJavascripts/pexe_popup.js HTTP/1.1" 200 15149
190.95.2.157 - - [17/Dec/2025:13:43:04 -0300] "GET /cormun/static/PXToolsJavascripts/pexe_picture.js HTTP/1.1" 200 689
190.95.2.157 - - [17/Dec/2025:13:43:04 -0300] "GET /cormun/static/PXToolsJavascripts/pexe_oav.js HTTP/1.1" 200 645
190.95.2.157 - - [17/Dec/2025:13:43:04 -0300] "GET /cormun/static/PXToolsJavascripts/pexe_tabdivfix.js HTTP/1.1" 200 898
190.95.2.157 - - [17/Dec/2025:13:43:04 -0300] "GET /cormun/static/PXToolsJavascripts/pexe_scrolldiv.js HTTP/1.1" 200 4138
190.95.2.157 - - [17/Dec/2025:13:43:04 -0300] "GET /cormun/static/PXToolsJavascripts/pexe_tabs.js HTTP/1.1" 200 3748
190.95.2.157 - - [17/Dec/2025:13:43:04 -0300] "GET /cormun/static/PXToolsJavascripts/pexe_upload.js HTTP/1.1" 200 1423
190.95.2.157 - - [17/Dec/2025:13:43:04 -0300] "GET /cormun/static/Resources/ImgHome.png HTTP/1.1" 200 1364
190.95.2.157 - - [17/Dec/2025:13:43:04 -0300] "GET /cormun/static/PXToolsJavascripts/PXToolsJavascriptsRender.js HTTP/1.1" 200 367
190.95.2.157 - - [17/Dec/2025:13:43:04 -0300] "GET /cormun/static/Resources/CormunMP2.png HTTP/1.1" 200 6878
190.95.2.157 - - [17/Dec/2025:13:43:04 -0300] "GET /cormun/static/RunJS/RunJS.js HTTP/1.1" 200 288
190.95.2.157 - - [17/Dec/2025:13:43:04 -0300] "GET /cormun/static/Resources/ImgLogin.png HTTP/1.1" 200 1432
190.95.2.157 - - [17/Dec/2025:13:43:04 -0300] "GET /cormun/static/Resources/Llave.png HTTP/1.1" 200 1395
190.95.2.157 - - [17/Dec/2025:13:43:04 -0300] "GET /cormun/static/Shared/ext/locale/ext-lang-en.js HTTP/1.1" 200 10940
190.95.2.157 - - [17/Dec/2025:13:43:04 -0300] "GET /cormun/static/Resources/PXToolsDataTitle.png HTTP/1.1" 200 1173
190.95.2.157 - - [17/Dec/2025:13:43:04 -0300] "GET /cormun/static/hhome.js?20201215495544 HTTP/1.1" 200 777
190.95.2.157 - - [17/Dec/2025:13:43:04 -0300] "GET /cormun/static/gxui/gxui-all.js HTTP/1.1" 200 107772
190.95.2.157 - - [17/Dec/2025:13:43:04 -0300] "GET /cormun/static/hwchdr01.js?2022112219251119 HTTP/1.1" 200 996
190.95.2.157 - - [17/Dec/2025:13:43:04 -0300] "GET /cormun/static/hpexe_recentlink.js?20201214471090 HTTP/1.1" 200 2144
190.95.2.157 - - [17/Dec/2025:13:43:04 -0300] "GET /cormun/static/hpexe_scripts.js?20201214471411 HTTP/1.1" 200 1544
190.95.2.157 - - [17/Dec/2025:13:43:04 -0300] "GET /cormun/static/hpexe_messagecontroller.js?202211298371222 HTTP/1.1" 200 870
190.95.2.157 - - [17/Dec/2025:13:43:04 -0300] "GET /cormun/static/hpexe_messagepopupcomponent.js?2020121447232 HTTP/1.1" 200 605
