190.95.1.185 - - [17/Dec/2025:09:36:08 -0300] "GET /cormun/servlet/trpermisosadjuntos?8721654,20251216090205,P, HTTP/1.1" 200 7311
190.95.1.185 - - [17/Dec/2025:09:36:10 -0300] "POST /cormun/servlet/trpermisosadjuntos?5b2c775c12db6ef0029512ea46462cad,8721654,20251216090205,P,,gx-no-cache=1765974994214 HTTP/1.1" 200 90
190.95.1.185 - - [17/Dec/2025:09:36:10 -0300] "GET /cormun/servlet/hpexe_link HTTP/1.1" 200 1005
190.95.1.185 - - [17/Dec/2025:09:36:11 -0300] "GET /cormun/servlet/trpermisosgoce?gx-no-cache=1765973407172 HTTP/1.1" 200 18979
190.95.1.185 - - [17/Dec/2025:09:36:32 -0300] "GET /cormun/servlet/trpermisosadjuntos?17138729,20251215131452,P, HTTP/1.1" 200 6847
190.95.1.185 - - [17/Dec/2025:09:36:32 -0300] "GET /cormun/servlet/trpermisosadjuntos?17138729,20251215131452,P, HTTP/1.1" 200 6847
190.95.1.185 - - [17/Dec/2025:09:36:33 -0300] "GET /cormun/servlet/permisosadjuntos?INS,17138729,P,20251215131452,, HTTP/1.1" 200 6123
190.95.1.185 - - [17/Dec/2025:09:36:34 -0300] "GET /cormun/static/about:blank HTTP/1.1" 404 1011
190.95.1.185 - - [17/Dec/2025:09:36:46 -0300] "POST /cormun/servlet/permisosadjuntos?5b2c775c12db6ef0029512ea46462cad,INS,17138729,P,20251215131452,, HTTP/1.1" 200 116
190.95.1.185 - - [17/Dec/2025:09:36:46 -0300] "GET /cormun/servlet/hpexe_return? HTTP/1.1" 200 1039
190.95.1.185 - - [17/Dec/2025:09:36:46 -0300] "GET /cormun/servlet/trpermisosadjuntos?17138729,20251215131452,P, HTTP/1.1" 200 7317
190.95.1.185 - - [17/Dec/2025:09:36:48 -0300] "POST /cormun/servlet/trpermisosadjuntos?5b2c775c12db6ef0029512ea46462cad,17138729,20251215131452,P,,gx-no-cache=1765975032028 HTTP/1.1" 200 90
190.95.1.185 - - [17/Dec/2025:09:36:48 -0300] "GET /cormun/servlet/hpexe_link HTTP/1.1" 200 1006
190.95.1.185 - - [17/Dec/2025:09:36:49 -0300] "GET /cormun/servlet/trpermisosgoce?gx-no-cache=1765973407172 HTTP/1.1" 200 18979
190.95.1.185 - - [17/Dec/2025:09:37:01 -0300] "POST /cormun/servlet/trpermisosgoce?5b2c775c12db6ef0029512ea46462cad,gx-no-cache=1765973407172,gx-no-cache=1765975044918 HTTP/1.1" 200 16063
190.95.1.185 - - [17/Dec/2025:09:37:02 -0300] "GET /cormun/static/Shared/jqueryui/images/ui-bg_highlight-soft_100_c6c2c8_1x100.png HTTP/1.1" 404 1117
190.95.1.185 - - [17/Dec/2025:09:37:02 -0300] "GET /cormun/static/Shared/jqueryui/images/ui-icons_82798d_256x240.png HTTP/1.1" 404 1089
190.95.1.185 - - [17/Dec/2025:09:37:02 -0300] "GET /cormun/static/Shared/jqueryui/images/ui-bg_flat_55_fafafa_40x100.png HTTP/1.1" 404 1097
190.95.1.185 - - [17/Dec/2025:09:37:02 -0300] "GET /cormun/static/Shared/jqueryui/images/ui-icons_8d78a5_256x240.png HTTP/1.1" 404 1089
190.95.1.185 - - [17/Dec/2025:09:37:07 -0300] "GET /cormun/servlet/trpermisosadjuntos?13097736,20251215124732,P, HTTP/1.1" 200 6853
190.95.1.185 - - [17/Dec/2025:09:37:08 -0300] "GET /cormun/servlet/permisosadjuntos?INS,13097736,P,20251215124732,, HTTP/1.1" 200 6132
190.95.1.185 - - [17/Dec/2025:09:37:08 -0300] "GET /cormun/static/about:blank HTTP/1.1" 404 1011
190.95.1.185 - - [17/Dec/2025:09:37:19 -0300] "POST /cormun/servlet/permisosadjuntos?5b2c775c12db6ef0029512ea46462cad,INS,13097736,P,20251215124732,, HTTP/1.1" 200 116
190.95.1.185 - - [17/Dec/2025:09:37:20 -0300] "GET /cormun/servlet/hpexe_return? HTTP/1.1" 200 1039
190.95.1.185 - - [17/Dec/2025:09:37:20 -0300] "GET /cormun/servlet/trpermisosadjuntos?13097736,20251215124732,P, HTTP/1.1" 200 7322
190.95.1.185 - - [17/Dec/2025:09:37:21 -0300] "POST /cormun/servlet/trpermisosadjuntos?5b2c775c12db6ef0029512ea46462cad,13097736,20251215124732,P,,gx-no-cache=1765975064964 HTTP/1.1" 200 90
190.95.1.185 - - [17/Dec/2025:09:37:21 -0300] "GET /cormun/servlet/hpexe_link HTTP/1.1" 200 1006
190.95.1.185 - - [17/Dec/2025:09:37:21 -0300] "GET /cormun/servlet/trpermisosgoce?gx-no-cache=1765973407172 HTTP/1.1" 200 18985
190.95.1.185 - - [17/Dec/2025:09:37:34 -0300] "GET /cormun/servlet/trpermisosadjuntos?10112993,20251215131333,P, HTTP/1.1" 200 6847
190.95.1.185 - - [17/Dec/2025:09:37:36 -0300] "GET /cormun/servlet/permisosadjuntos?INS,10112993,P,20251215131333,, HTTP/1.1" 200 6122
190.95.1.185 - - [17/Dec/2025:09:37:36 -0300] "GET /cormun/static/about:blank HTTP/1.1" 404 1011
192.168.10.19 - - [17/Dec/2025:09:38:22 -0300] "POST /cormun/servlet/vesolicitudgral?009ff43c5369408756786fcd938de2c9,2025,23149,,,gx-no-cache=1765975177917 HTTP/1.1" 200 12189
192.168.10.19 - - [17/Dec/2025:09:38:22 -0300] "POST /cormun/servlet/vesolicitudgral?009ff43c5369408756786fcd938de2c9,2025,23149,,,gx-no-cache=1765975178068 HTTP/1.1" 200 12122
192.168.10.19 - - [17/Dec/2025:09:38:24 -0300] "GET /cormun/servlet/trsolicitudgral? HTTP/1.1" 200 9744
192.168.10.19 - - [17/Dec/2025:09:38:25 -0300] "GET /cormun/servlet/trautorizarot? HTTP/1.1" 200 9557
192.168.10.19 - - [17/Dec/2025:09:38:30 -0300] "POST /cormun/servlet/trautorizarot?009ff43c5369408756786fcd938de2c9,,gx-no-cache=1765975185302 HTTP/1.1" 200 5324
192.168.10.19 - - [17/Dec/2025:09:38:30 -0300] "GET /cormun/servlet/trsolicitudgral? HTTP/1.1" 200 9740
192.168.10.19 - - [17/Dec/2025:09:38:33 -0300] "GET /cormun/servlet/vesolicitudgral?2025,23160,, HTTP/1.1" 200 8353
192.168.10.19 - - [17/Dec/2025:09:38:33 -0300] "GET /cormun/pexe_scrolldiv.js HTTP/1.1" 404 1009
201.186.225.193 - - [17/Dec/2025:09:39:07 -0300] "GET /cormun/servlet/hhome HTTP/1.1" 200 3322
201.186.225.193 - - [17/Dec/2025:09:39:07 -0300] "GET /cormun/servlet/hlogin HTTP/1.1" 200 1728
190.95.67.93 - - [17/Dec/2025:09:39:47 -0300] "GET /cormun/servlet/permisogoce?INS,0,,, HTTP/1.1" 200 7232
190.95.67.93 - - [17/Dec/2025:09:39:55 -0300] "GET /cormun/servlet/permisogoce?d79d24e71ddecd7bb6c77ac196d801ff9f7a80c09e95e7315b07a78f8a77b6ef7883fdeeac894509e7bebf6f6ee7cec38e67373d1daa8b21a70ec92f909c30fd,gx-no-cache=1765975218881 HTTP/1.1" 200 80
190.95.67.93 - - [17/Dec/2025:09:39:58 -0300] "GET /cormun/static/menuarrow.gif HTTP/1.1" 404 1015
190.95.67.93 - - [17/Dec/2025:09:40:04 -0300] "GET /cormun/servlet/permisogoce?d79d24e71ddecd7bb6c77ac196d801ffd00c05dfc79489c3de959cd76292975af16454e9b058b5dc1d168cff62966c3da866187ac57f515d4cdd4108886dedb2,gx-no-cache=1765975227166 HTTP/1.1" 200 48
190.95.67.93 - - [17/Dec/2025:09:40:07 -0300] "POST /cormun/servlet/permisogoce?561c93c02d78a8891330085d0e602783,INS,0,,,,gx-no-cache=1765975230377 HTTP/1.1" 200 93
190.95.67.93 - - [17/Dec/2025:09:40:08 -0300] "GET /cormun/servlet/hpexe_return? HTTP/1.1" 200 1010
190.95.67.93 - - [17/Dec/2025:09:40:08 -0300] "GET /cormun/servlet/trpermisosgoce HTTP/1.1" 200 18946
190.95.67.93 - - [17/Dec/2025:09:40:11 -0300] "GET /cormun/servlet/apermisogoceprn?14332274,P,20251217094102,PU HTTP/1.1" 200 1655
190.95.1.185 - - [17/Dec/2025:09:40:26 -0300] "POST /cormun/servlet/permisosadjuntos?5b2c775c12db6ef0029512ea46462cad,INS,10112993,P,20251215131333,, HTTP/1.1" 200 116
190.95.1.185 - - [17/Dec/2025:09:40:26 -0300] "GET /cormun/servlet/hpexe_return? HTTP/1.1" 200 1038
190.95.1.185 - - [17/Dec/2025:09:40:27 -0300] "GET /cormun/servlet/trpermisosadjuntos?10112993,20251215131333,P, HTTP/1.1" 200 7315
190.95.1.185 - - [17/Dec/2025:09:40:29 -0300] "POST /cormun/servlet/trpermisosadjuntos?5b2c775c12db6ef0029512ea46462cad,10112993,20251215131333,P,,gx-no-cache=1765975252625 HTTP/1.1" 200 90
190.95.1.185 - - [17/Dec/2025:09:40:29 -0300] "GET /cormun/servlet/hpexe_link HTTP/1.1" 200 1005
190.95.1.185 - - [17/Dec/2025:09:40:29 -0300] "GET /cormun/servlet/trpermisosgoce?gx-no-cache=1765973407172 HTTP/1.1" 200 18974
192.168.10.19 - - [17/Dec/2025:09:40:31 -0300] "POST /cormun/servlet/vesolicitudgral?009ff43c5369408756786fcd938de2c9,2025,23160,,,gx-no-cache=1765975307116 HTTP/1.1" 200 12217
192.168.10.19 - - [17/Dec/2025:09:40:31 -0300] "POST /cormun/servlet/vesolicitudgral?009ff43c5369408756786fcd938de2c9,2025,23160,,,gx-no-cache=1765975307241 HTTP/1.1" 200 12150
192.168.10.19 - - [17/Dec/2025:09:40:33 -0300] "GET /cormun/servlet/trautorizarot? HTTP/1.1" 200 9601
190.95.1.185 - - [17/Dec/2025:09:40:34 -0300] "GET /cormun/servlet/trpermisosadjuntos?15524713,20251216145435,P, HTTP/1.1" 200 6849
190.95.1.185 - - [17/Dec/2025:09:40:36 -0300] "GET /cormun/servlet/permisosadjuntos?INS,15524713,P,20251216145435,, HTTP/1.1" 200 6126
190.95.1.185 - - [17/Dec/2025:09:40:36 -0300] "GET /cormun/static/about:blank HTTP/1.1" 404 1011
192.168.10.19 - - [17/Dec/2025:09:40:46 -0300] "POST /cormun/servlet/trautorizarot?009ff43c5369408756786fcd938de2c9,,gx-no-cache=1765975321908 HTTP/1.1" 200 5366
192.168.10.19 - - [17/Dec/2025:09:40:47 -0300] "GET /cormun/servlet/trsolicitudgral? HTTP/1.1" 200 8306
190.95.1.185 - - [17/Dec/2025:09:40:54 -0300] "GET /cormun/servlet/trpermisosgoce? HTTP/1.1" 200 18998
190.95.1.185 - - [17/Dec/2025:09:40:58 -0300] "GET /cormun/servlet/trpermisosadjuntos?9706924,20251216122815,P, HTTP/1.1" 200 6831
190.95.1.185 - - [17/Dec/2025:09:40:59 -0300] "GET /cormun/servlet/permisosadjuntos?INS,9706924,P,20251216122815,, HTTP/1.1" 200 6132
190.95.1.185 - - [17/Dec/2025:09:40:59 -0300] "GET /cormun/static/about:blank HTTP/1.1" 404 1011
190.95.1.185 - - [17/Dec/2025:09:41:11 -0300] "POST /cormun/servlet/permisosadjuntos?5b2c775c12db6ef0029512ea46462cad,INS,9706924,P,20251216122815,, HTTP/1.1" 200 116
190.95.1.185 - - [17/Dec/2025:09:41:11 -0300] "GET /cormun/servlet/hpexe_return? HTTP/1.1" 200 1038
190.95.1.185 - - [17/Dec/2025:09:41:11 -0300] "GET /cormun/servlet/trpermisosadjuntos?9706924,20251216122815,P, HTTP/1.1" 200 7332
190.95.1.185 - - [17/Dec/2025:09:41:15 -0300] "POST /cormun/servlet/trpermisosadjuntos?5b2c775c12db6ef0029512ea46462cad,9706924,20251216122815,P,,gx-no-cache=1765975298529 HTTP/1.1" 200 90
190.95.1.185 - - [17/Dec/2025:09:41:15 -0300] "GET /cormun/servlet/hpexe_link HTTP/1.1" 200 983
190.95.1.185 - - [17/Dec/2025:09:41:15 -0300] "GET /cormun/servlet/trpermisosgoce HTTP/1.1" 200 18974
190.95.1.185 - - [17/Dec/2025:09:41:25 -0300] "GET /cormun/servlet/trpermisosadjuntos?14243537,20251216123057,P, HTTP/1.1" 200 6828
190.95.1.185 - - [17/Dec/2025:09:41:26 -0300] "GET /cormun/servlet/permisosadjuntos?INS,14243537,P,20251216123057,, HTTP/1.1" 200 6130
190.95.1.185 - - [17/Dec/2025:09:41:26 -0300] "GET /cormun/static/about:blank HTTP/1.1" 404 1011
190.95.1.185 - - [17/Dec/2025:09:41:49 -0300] "POST /cormun/servlet/permisosadjuntos?5b2c775c12db6ef0029512ea46462cad,INS,14243537,P,20251216123057,,,gx-no-cache=1765975333153 HTTP/1.1" 200 93
190.95.1.185 - - [17/Dec/2025:09:41:49 -0300] "GET /cormun/servlet/hpexe_return? HTTP/1.1" 200 1040
190.95.1.185 - - [17/Dec/2025:09:41:49 -0300] "GET /cormun/servlet/trpermisosadjuntos?14243537,20251216123057,P, HTTP/1.1" 200 6832
190.95.1.185 - - [17/Dec/2025:09:41:52 -0300] "POST /cormun/servlet/trpermisosadjuntos?5b2c775c12db6ef0029512ea46462cad,14243537,20251216123057,P,,gx-no-cache=1765975335520 HTTP/1.1" 200 90
190.95.1.185 - - [17/Dec/2025:09:41:52 -0300] "GET /cormun/servlet/hpexe_link HTTP/1.1" 200 984
190.95.1.185 - - [17/Dec/2025:09:41:52 -0300] "GET /cormun/servlet/trpermisosgoce HTTP/1.1" 200 18974
190.95.1.185 - - [17/Dec/2025:09:41:55 -0300] "GET /cormun/servlet/trpermisosadjuntos?13199614,20251216124241,P, HTTP/1.1" 200 6820
190.95.1.185 - - [17/Dec/2025:09:41:57 -0300] "GET /cormun/servlet/permisosadjuntos?INS,13199614,P,20251216124241,, HTTP/1.1" 200 6125
190.95.1.185 - - [17/Dec/2025:09:41:57 -0300] "GET /cormun/static/about:blank HTTP/1.1" 404 1011
190.95.1.185 - - [17/Dec/2025:09:42:05 -0300] "POST /cormun/servlet/permisosadjuntos?5b2c775c12db6ef0029512ea46462cad,INS,13199614,P,20251216124241,, HTTP/1.1" 200 116
190.95.1.185 - - [17/Dec/2025:09:42:05 -0300] "GET /cormun/servlet/hpexe_return? HTTP/1.1" 200 1040
190.95.1.185 - - [17/Dec/2025:09:42:05 -0300] "GET /cormun/servlet/trpermisosadjuntos?13199614,20251216124241,P, HTTP/1.1" 200 7319
190.95.1.185 - - [17/Dec/2025:09:42:06 -0300] "POST /cormun/servlet/trpermisosadjuntos?5b2c775c12db6ef0029512ea46462cad,13199614,20251216124241,P,,gx-no-cache=1765975349792 HTTP/1.1" 200 90
190.95.1.185 - - [17/Dec/2025:09:42:06 -0300] "GET /cormun/servlet/hpexe_link HTTP/1.1" 200 984
190.95.1.185 - - [17/Dec/2025:09:42:06 -0300] "GET /cormun/servlet/trpermisosgoce HTTP/1.1" 200 18981
190.95.1.185 - - [17/Dec/2025:09:42:10 -0300] "GET /cormun/servlet/trpermisosadjuntos?18375652,20251215150822,P, HTTP/1.1" 200 6831
190.95.1.185 - - [17/Dec/2025:09:42:11 -0300] "GET /cormun/servlet/permisosadjuntos?INS,18375652,P,20251215150822,, HTTP/1.1" 200 6127
190.95.1.185 - - [17/Dec/2025:09:42:11 -0300] "GET /cormun/static/about:blank HTTP/1.1" 404 1011
190.95.1.185 - - [17/Dec/2025:09:42:22 -0300] "POST /cormun/servlet/permisosadjuntos?5b2c775c12db6ef0029512ea46462cad,INS,18375652,P,20251215150822,,,gx-no-cache=1765975366326 HTTP/1.1" 200 93
190.95.1.185 - - [17/Dec/2025:09:42:22 -0300] "GET /cormun/servlet/hpexe_return? HTTP/1.1" 200 1039
190.95.1.185 - - [17/Dec/2025:09:42:23 -0300] "GET /cormun/servlet/trpermisosadjuntos?18375652,20251215150822,P, HTTP/1.1" 200 6834
190.95.1.185 - - [17/Dec/2025:09:42:24 -0300] "POST /cormun/servlet/trpermisosadjuntos?5b2c775c12db6ef0029512ea46462cad,18375652,20251215150822,P,,gx-no-cache=1765975368287 HTTP/1.1" 200 90
190.95.1.185 - - [17/Dec/2025:09:42:24 -0300] "GET /cormun/servlet/hpexe_link HTTP/1.1" 200 984
190.95.1.185 - - [17/Dec/2025:09:42:25 -0300] "GET /cormun/servlet/trpermisosgoce HTTP/1.1" 200 18981
190.95.1.185 - - [17/Dec/2025:09:42:31 -0300] "GET /cormun/servlet/trpermisosadjuntos?18001251,20251215173340,P, HTTP/1.1" 200 6831
190.95.67.93 - - [17/Dec/2025:09:42:31 -0300] "GET /cormun/servlet/permisogoce?INS,0,,, HTTP/1.1" 200 7232
190.95.1.185 - - [17/Dec/2025:09:42:35 -0300] "GET /cormun/servlet/permisosadjuntos?INS,18001251,P,20251215173340,, HTTP/1.1" 200 6130
190.95.1.185 - - [17/Dec/2025:09:42:35 -0300] "GET /cormun/static/about:blank HTTP/1.1" 404 1011
190.95.67.93 - - [17/Dec/2025:09:42:40 -0300] "GET /cormun/servlet/permisogoce?d79d24e71ddecd7bb6c77ac196d801ff9f7a80c09e95e7315b07a78f8a77b6ef7883fdeeac894509e7bebf6f6ee7cec38e67373d1daa8b21a70ec92f909c30fd,gx-no-cache=1765975383564 HTTP/1.1" 200 78
190.95.1.185 - - [17/Dec/2025:09:42:48 -0300] "POST /cormun/servlet/permisosadjuntos?5b2c775c12db6ef0029512ea46462cad,INS,18001251,P,20251215173340,, HTTP/1.1" 200 116
190.95.1.185 - - [17/Dec/2025:09:42:49 -0300] "GET /cormun/servlet/hpexe_return? HTTP/1.1" 200 1038
190.95.1.185 - - [17/Dec/2025:09:42:49 -0300] "GET /cormun/servlet/trpermisosadjuntos?18001251,20251215173340,P, HTTP/1.1" 200 7323
190.95.67.93 - - [17/Dec/2025:09:42:56 -0300] "GET /cormun/servlet/permisogoce?d79d24e71ddecd7bb6c77ac196d801ffd00c05dfc79489c3de959cd76292975a426d3c7abfedfea60b6e0a5879579b9ca866187ac57f515d4cdd4108886dedb2,gx-no-cache=1765975399673 HTTP/1.1" 200 48
190.95.1.185 - - [17/Dec/2025:09:42:58 -0300] "POST /cormun/servlet/trpermisosadjuntos?5b2c775c12db6ef0029512ea46462cad,18001251,20251215173340,P,,gx-no-cache=1765975401904 HTTP/1.1" 200 90
190.95.1.185 - - [17/Dec/2025:09:42:58 -0300] "GET /cormun/servlet/hpexe_link HTTP/1.1" 200 983
190.95.1.185 - - [17/Dec/2025:09:42:58 -0300] "GET /cormun/servlet/trpermisosgoce HTTP/1.1" 200 18974
190.95.67.93 - - [17/Dec/2025:09:42:59 -0300] "POST /cormun/servlet/permisogoce?561c93c02d78a8891330085d0e602783,INS,0,,,,gx-no-cache=1765975402851 HTTP/1.1" 200 93
190.95.67.93 - - [17/Dec/2025:09:42:59 -0300] "GET /cormun/servlet/hpexe_return? HTTP/1.1" 200 1010
190.95.67.93 - - [17/Dec/2025:09:43:00 -0300] "GET /cormun/servlet/trpermisosgoce HTTP/1.1" 200 18890
190.95.1.185 - - [17/Dec/2025:09:43:01 -0300] "GET /cormun/servlet/trpermisosadjuntos?17501372,20251215173404,P, HTTP/1.1" 200 6826
190.95.1.185 - - [17/Dec/2025:09:43:02 -0300] "GET /cormun/servlet/permisosadjuntos?INS,17501372,P,20251215173404,, HTTP/1.1" 200 6123
190.95.1.185 - - [17/Dec/2025:09:43:02 -0300] "GET /cormun/static/about:blank HTTP/1.1" 404 1011
190.95.67.93 - - [17/Dec/2025:09:43:04 -0300] "GET /cormun/servlet/apermisogoceprn?14332274,P,20251217094347,PU HTTP/1.1" 200 1656
190.95.1.185 - - [17/Dec/2025:09:43:26 -0300] "POST /cormun/servlet/permisosadjuntos?5b2c775c12db6ef0029512ea46462cad,INS,17501372,P,20251215173404,, HTTP/1.1" 200 116
190.95.1.185 - - [17/Dec/2025:09:43:26 -0300] "GET /cormun/servlet/hpexe_return? HTTP/1.1" 200 1038
190.95.1.185 - - [17/Dec/2025:09:43:26 -0300] "GET /cormun/servlet/trpermisosadjuntos?17501372,20251215173404,P, HTTP/1.1" 200 7318
190.95.1.185 - - [17/Dec/2025:09:43:29 -0300] "POST /cormun/servlet/trpermisosadjuntos?5b2c775c12db6ef0029512ea46462cad,17501372,20251215173404,P,,gx-no-cache=1765975432438 HTTP/1.1" 200 90
190.95.1.185 - - [17/Dec/2025:09:43:29 -0300] "GET /cormun/servlet/hpexe_link HTTP/1.1" 200 984
190.95.1.185 - - [17/Dec/2025:09:43:29 -0300] "GET /cormun/servlet/trpermisosgoce HTTP/1.1" 200 18974
190.95.1.185 - - [17/Dec/2025:09:43:34 -0300] "GET /cormun/servlet/trpermisosadjuntos?15214601,20251215122607,P, HTTP/1.1" 200 6828
190.95.1.185 - - [17/Dec/2025:09:43:36 -0300] "GET /cormun/servlet/permisosadjuntos?INS,15214601,P,20251215122607,, HTTP/1.1" 200 6128
190.95.1.185 - - [17/Dec/2025:09:43:36 -0300] "GET /cormun/static/about:blank HTTP/1.1" 404 1011
190.95.67.93 - - [17/Dec/2025:09:43:40 -0300] "GET /cormun/servlet/permisogoce?INS,0,,, HTTP/1.1" 200 7232
190.95.67.93 - - [17/Dec/2025:09:43:46 -0300] "GET /cormun/servlet/permisogoce?d79d24e71ddecd7bb6c77ac196d801ffc07bc6f906932305ff156d41ebdf07dd7883fdeeac894509e7bebf6f6ee7cec38e67373d1daa8b21a70ec92f909c30fd,gx-no-cache=1765975450208 HTTP/1.1" 200 81
190.95.1.185 - - [17/Dec/2025:09:43:51 -0300] "POST /cormun/servlet/permisosadjuntos?5b2c775c12db6ef0029512ea46462cad,INS,15214601,P,20251215122607,,,gx-no-cache=1765975454989 HTTP/1.1" 200 93
190.95.1.185 - - [17/Dec/2025:09:43:51 -0300] "GET /cormun/servlet/hpexe_return? HTTP/1.1" 200 1036
190.95.1.185 - - [17/Dec/2025:09:43:51 -0300] "GET /cormun/servlet/trpermisosadjuntos?15214601,20251215122607,P, HTTP/1.1" 200 6832
190.95.1.185 - - [17/Dec/2025:09:43:56 -0300] "POST /cormun/servlet/trpermisosadjuntos?5b2c775c12db6ef0029512ea46462cad,15214601,20251215122607,P,,gx-no-cache=1765975459358 HTTP/1.1" 200 90
190.95.1.185 - - [17/Dec/2025:09:43:56 -0300] "GET /cormun/servlet/hpexe_link HTTP/1.1" 200 983
190.95.1.185 - - [17/Dec/2025:09:43:56 -0300] "GET /cormun/servlet/trpermisosgoce HTTP/1.1" 200 18981
190.95.67.93 - - [17/Dec/2025:09:43:56 -0300] "GET /cormun/servlet/permisogoce?d79d24e71ddecd7bb6c77ac196d801fff0b103243db8815dcd78c8eff65e36a2725b376fd52b02d2b5572e9f0b944adfa866187ac57f515d4cdd4108886dedb2,gx-no-cache=1765975460151 HTTP/1.1" 200 48
190.95.1.185 - - [17/Dec/2025:09:44:01 -0300] "GET /cormun/servlet/trpermisosadjuntos?11365202,20251215114649,P, HTTP/1.1" 200 6829
190.95.1.185 - - [17/Dec/2025:09:44:02 -0300] "GET /cormun/servlet/permisosadjuntos?INS,11365202,P,20251215114649,, HTTP/1.1" 200 6127
190.95.1.185 - - [17/Dec/2025:09:44:03 -0300] "GET /cormun/static/about:blank HTTP/1.1" 404 1011
190.95.67.93 - - [17/Dec/2025:09:44:05 -0300] "POST /cormun/servlet/permisogoce?561c93c02d78a8891330085d0e602783,INS,0,,,,gx-no-cache=1765975468448 HTTP/1.1" 200 93
190.95.67.93 - - [17/Dec/2025:09:44:05 -0300] "GET /cormun/servlet/hpexe_return? HTTP/1.1" 200 1010
190.95.67.93 - - [17/Dec/2025:09:44:05 -0300] "GET /cormun/servlet/trpermisosgoce HTTP/1.1" 200 18956
190.95.67.93 - - [17/Dec/2025:09:44:09 -0300] "GET /cormun/servlet/apermisogoceprn?17650925,P,20251217094455,PU HTTP/1.1" 200 1650
190.95.1.185 - - [17/Dec/2025:09:44:10 -0300] "POST /cormun/servlet/permisosadjuntos?5b2c775c12db6ef0029512ea46462cad,INS,11365202,P,20251215114649,, HTTP/1.1" 200 116
190.95.1.185 - - [17/Dec/2025:09:44:10 -0300] "GET /cormun/servlet/hpexe_return? HTTP/1.1" 200 1039
190.95.1.185 - - [17/Dec/2025:09:44:10 -0300] "GET /cormun/servlet/trpermisosadjuntos?11365202,20251215114649,P, HTTP/1.1" 200 7317
190.95.1.185 - - [17/Dec/2025:09:44:12 -0300] "POST /cormun/servlet/trpermisosadjuntos?5b2c775c12db6ef0029512ea46462cad,11365202,20251215114649,P,,gx-no-cache=1765975475391 HTTP/1.1" 200 90
190.95.1.185 - - [17/Dec/2025:09:44:12 -0300] "GET /cormun/servlet/hpexe_link HTTP/1.1" 200 984
190.95.1.185 - - [17/Dec/2025:09:44:12 -0300] "GET /cormun/servlet/trpermisosgoce HTTP/1.1" 200 18974
190.95.1.185 - - [17/Dec/2025:09:44:19 -0300] "GET /cormun/servlet/trpermisosadjuntos?9892080,20251215132512,P, HTTP/1.1" 200 6825
190.95.1.185 - - [17/Dec/2025:09:44:20 -0300] "GET /cormun/servlet/permisosadjuntos?INS,9892080,P,20251215132512,, HTTP/1.1" 200 6122
190.95.1.185 - - [17/Dec/2025:09:44:21 -0300] "GET /cormun/static/about:blank HTTP/1.1" 404 1011
190.95.1.185 - - [17/Dec/2025:09:44:30 -0300] "POST /cormun/servlet/permisosadjuntos?5b2c775c12db6ef0029512ea46462cad,INS,9892080,P,20251215132512,, HTTP/1.1" 200 116
190.95.1.185 - - [17/Dec/2025:09:44:30 -0300] "GET /cormun/servlet/hpexe_return? HTTP/1.1" 200 1036
190.95.1.185 - - [17/Dec/2025:09:44:30 -0300] "GET /cormun/servlet/trpermisosadjuntos?9892080,20251215132512,P, HTTP/1.1" 200 7325
190.95.1.185 - - [17/Dec/2025:09:44:32 -0300] "POST /cormun/servlet/trpermisosadjuntos?5b2c775c12db6ef0029512ea46462cad,9892080,20251215132512,P,,gx-no-cache=1765975495501 HTTP/1.1" 200 90
190.95.1.185 - - [17/Dec/2025:09:44:32 -0300] "GET /cormun/servlet/hpexe_link HTTP/1.1" 200 982
190.95.1.185 - - [17/Dec/2025:09:44:32 -0300] "GET /cormun/servlet/trpermisosgoce HTTP/1.1" 200 18974
190.95.1.185 - - [17/Dec/2025:09:44:40 -0300] "GET /cormun/servlet/trpermisosadjuntos?19589332,20251215131823,P, HTTP/1.1" 200 6828
190.95.1.185 - - [17/Dec/2025:09:44:42 -0300] "GET /cormun/servlet/permisosadjuntos?INS,19589332,P,20251215131823,, HTTP/1.1" 200 6126
190.95.1.185 - - [17/Dec/2025:09:44:42 -0300] "GET /cormun/static/about:blank HTTP/1.1" 404 1011
190.95.67.93 - - [17/Dec/2025:09:44:45 -0300] "GET /cormun/servlet/permisogoce?INS,0,,, HTTP/1.1" 200 7231
190.95.1.185 - - [17/Dec/2025:09:44:48 -0300] "POST /cormun/servlet/permisosadjuntos?5b2c775c12db6ef0029512ea46462cad,INS,19589332,P,20251215131823,, HTTP/1.1" 200 116
190.95.1.185 - - [17/Dec/2025:09:44:48 -0300] "GET /cormun/servlet/hpexe_return? HTTP/1.1" 200 1039
190.95.1.185 - - [17/Dec/2025:09:44:48 -0300] "GET /cormun/servlet/trpermisosadjuntos?19589332,20251215131823,P, HTTP/1.1" 200 7317
190.95.1.185 - - [17/Dec/2025:09:44:50 -0300] "POST /cormun/servlet/trpermisosadjuntos?5b2c775c12db6ef0029512ea46462cad,19589332,20251215131823,P,,gx-no-cache=1765975513692 HTTP/1.1" 200 90
190.95.1.185 - - [17/Dec/2025:09:44:50 -0300] "GET /cormun/servlet/hpexe_link HTTP/1.1" 200 984
190.95.1.185 - - [17/Dec/2025:09:44:50 -0300] "GET /cormun/servlet/trpermisosgoce HTTP/1.1" 200 18985
190.95.67.93 - - [17/Dec/2025:09:44:51 -0300] "GET /cormun/servlet/permisogoce?d79d24e71ddecd7bb6c77ac196d801ff14373d4a78085b0373ce50343e050f707883fdeeac894509e7bebf6f6ee7cec38e67373d1daa8b21a70ec92f909c30fd,gx-no-cache=1765975514517 HTTP/1.1" 200 78
190.95.15.31 - - [17/Dec/2025:09:44:54 -0300] "GET /cormun/servlet/hlogin HTTP/1.1" 200 1725
190.95.15.31 - - [17/Dec/2025:09:44:58 -0300] "GET /cormun/servlet/hlogin HTTP/1.1" 200 1736
190.95.1.185 - - [17/Dec/2025:09:44:59 -0300] "GET /cormun/servlet/trpermisosadjuntos?14203202,20251215125458,P, HTTP/1.1" 200 6823
190.95.1.185 - - [17/Dec/2025:09:45:01 -0300] "GET /cormun/servlet/permisosadjuntos?INS,14203202,P,20251215125458,, HTTP/1.1" 200 6122
190.95.1.185 - - [17/Dec/2025:09:45:01 -0300] "GET /cormun/static/about:blank HTTP/1.1" 404 1011
190.95.67.93 - - [17/Dec/2025:09:45:07 -0300] "GET /cormun/servlet/permisogoce?d79d24e71ddecd7bb6c77ac196d801ff11dc5965ad547535a6dcb0616683e5c0137a9d93cc84fa411095db8a91f9780bb8a5e99eed5e24488639d35b0dbd6175,gx-no-cache=1765975523533 HTTP/1.1" 200 48
190.95.1.185 - - [17/Dec/2025:09:45:09 -0300] "POST /cormun/servlet/permisosadjuntos?5b2c775c12db6ef0029512ea46462cad,INS,14203202,P,20251215125458,, HTTP/1.1" 200 116
190.95.1.185 - - [17/Dec/2025:09:45:09 -0300] "GET /cormun/servlet/hpexe_return? HTTP/1.1" 200 1037
190.95.1.185 - - [17/Dec/2025:09:45:09 -0300] "GET /cormun/servlet/trpermisosadjuntos?14203202,20251215125458,P, HTTP/1.1" 200 7323
190.95.1.185 - - [17/Dec/2025:09:45:12 -0300] "POST /cormun/servlet/trpermisosadjuntos?5b2c775c12db6ef0029512ea46462cad,14203202,20251215125458,P,,gx-no-cache=1765975535964 HTTP/1.1" 200 90
190.95.1.185 - - [17/Dec/2025:09:45:12 -0300] "GET /cormun/servlet/hpexe_link HTTP/1.1" 200 983
190.95.1.185 - - [17/Dec/2025:09:45:12 -0300] "GET /cormun/servlet/trpermisosgoce HTTP/1.1" 200 18985
190.95.15.31 - - [17/Dec/2025:09:45:15 -0300] "POST /cormun/servlet/hlogin?0c97149eb651a368247b1ab82346c117,gx-no-cache=1765975538583 HTTP/1.1" 200 90
190.95.15.31 - - [17/Dec/2025:09:45:15 -0300] "GET /cormun/servlet/hpexe_link HTTP/1.1" 200 954
190.95.15.31 - - [17/Dec/2025:09:45:15 -0300] "GET /cormun/servlet/hhome HTTP/1.1" 200 4362
190.95.1.185 - - [17/Dec/2025:09:45:24 -0300] "GET /cormun/servlet/trpermisosadjuntos?17504273,20251215115404,P, HTTP/1.1" 200 6828
190.95.1.185 - - [17/Dec/2025:09:45:25 -0300] "GET /cormun/servlet/permisosadjuntos?INS,17504273,P,20251215115404,, HTTP/1.1" 200 6126
190.95.1.185 - - [17/Dec/2025:09:45:25 -0300] "GET /cormun/static/about:blank HTTP/1.1" 404 1011
190.95.1.185 - - [17/Dec/2025:09:45:40 -0300] "POST /cormun/servlet/permisosadjuntos?5b2c775c12db6ef0029512ea46462cad,INS,17504273,P,20251215115404,, HTTP/1.1" 200 116
190.95.1.185 - - [17/Dec/2025:09:45:40 -0300] "GET /cormun/servlet/hpexe_return? HTTP/1.1" 200 1039
190.95.1.185 - - [17/Dec/2025:09:45:40 -0300] "GET /cormun/servlet/trpermisosadjuntos?17504273,20251215115404,P, HTTP/1.1" 200 7319
190.95.1.185 - - [17/Dec/2025:09:45:42 -0300] "POST /cormun/servlet/trpermisosadjuntos?5b2c775c12db6ef0029512ea46462cad,17504273,20251215115404,P,,gx-no-cache=1765975565819 HTTP/1.1" 200 90
190.95.1.185 - - [17/Dec/2025:09:45:42 -0300] "GET /cormun/servlet/hpexe_link HTTP/1.1" 200 984
190.95.1.185 - - [17/Dec/2025:09:45:42 -0300] "GET /cormun/servlet/trpermisosgoce HTTP/1.1" 200 18974
190.95.67.93 - - [17/Dec/2025:09:45:42 -0300] "POST /cormun/servlet/permisogoce?561c93c02d78a8891330085d0e602783,INS,0,,,,gx-no-cache=1765975547870 HTTP/1.1" 200 93
45.232.92.144 - - [17/Dec/2025:09:45:44 -0300] "GET /cormun/servlet/hlogin HTTP/1.1" 200 1720
45.232.92.144 - - [17/Dec/2025:09:45:44 -0300] "GET /cormun/static/Resources/Spanish/PXTools.css?1759030 HTTP/1.1" 200 100853
45.232.92.144 - - [17/Dec/2025:09:45:44 -0300] "GET /cormun/static/gxgral.js?85251 HTTP/1.1" 200 384558
45.232.92.144 - - [17/Dec/2025:09:45:44 -0300] "GET /cormun/servlet/hlogin HTTP/1.1" 200 1730
190.95.67.93 - - [17/Dec/2025:09:45:45 -0300] "GET /cormun/servlet/hpexe_return? HTTP/1.1" 200 1010
45.232.92.144 - - [17/Dec/2025:09:45:47 -0300] "POST /cormun/servlet/hlogin?b28a0dfc3ec85785dd03d1e00456c665,gx-no-cache=1765975569750 HTTP/1.1" 200 90
45.232.92.144 - - [17/Dec/2025:09:45:47 -0300] "GET /cormun/servlet/hpexe_link HTTP/1.1" 200 948
45.232.92.144 - - [17/Dec/2025:09:45:47 -0300] "GET /cormun/static/Resources/Spanish/PXTools.css?8354383 HTTP/1.1" 200 100853
45.232.92.144 - - [17/Dec/2025:09:45:47 -0300] "GET /cormun/servlet/hhome HTTP/1.1" 200 3978
45.232.92.144 - - [17/Dec/2025:09:45:47 -0300] "GET /cormun/static/Resources/Spanish/PXTools.css?14345360 HTTP/1.1" 200 100853
190.95.1.185 - - [17/Dec/2025:09:45:47 -0300] "GET /cormun/servlet/trpermisosadjuntos?11009696,20251215124500,P, HTTP/1.1" 200 6824
45.232.92.144 - - [17/Dec/2025:09:45:48 -0300] "GET /cormun/static/gxui/gxui-all.js HTTP/1.1" 200 107772
45.232.92.144 - - [17/Dec/2025:09:45:48 -0300] "GET /cormun/static/Shared/jquery/jquery-1.10.2.min.js HTTP/1.1" 200 273199
45.232.92.144 - - [17/Dec/2025:09:45:48 -0300] "GET /cormun/static/Shared/jqueryui/jquery-ui.min.js HTTP/1.1" 200 240427
45.232.92.144 - - [17/Dec/2025:09:45:48 -0300] "GET /cormun/static/Shared/ext/ext-all.js HTTP/1.1" 200 1289687
190.95.67.93 - - [17/Dec/2025:09:45:49 -0300] "GET /cormun/servlet/trpermisosgoce HTTP/1.1" 200 18790
45.232.92.144 - - [17/Dec/2025:09:45:52 -0300] "GET /cormun/servlet/trlicencias? HTTP/1.1" 200 10774
45.232.92.144 - - [17/Dec/2025:09:45:52 -0300] "GET /cormun/static/Shared/ext/resources/css/ext-all.css?215870 HTTP/1.1" 200 416045
190.95.1.185 - - [17/Dec/2025:09:45:55 -0300] "GET /cormun/servlet/permisosadjuntos?INS,11009696,P,20251215124500,, HTTP/1.1" 200 6126
190.95.1.185 - - [17/Dec/2025:09:45:55 -0300] "GET /cormun/static/about:blank HTTP/1.1" 404 1011
190.95.67.93 - - [17/Dec/2025:09:45:57 -0300] "GET /cormun/servlet/apermisogoceprn?16492328,P,20251217094600,PU HTTP/1.1" 200 1670
190.95.1.185 - - [17/Dec/2025:09:46:07 -0300] "POST /cormun/servlet/permisosadjuntos?5b2c775c12db6ef0029512ea46462cad,INS,11009696,P,20251215124500,, HTTP/1.1" 200 116
190.95.1.185 - - [17/Dec/2025:09:46:07 -0300] "GET /cormun/servlet/hpexe_return? HTTP/1.1" 200 1038
190.95.1.185 - - [17/Dec/2025:09:46:07 -0300] "GET /cormun/servlet/trpermisosadjuntos?11009696,20251215124500,P, HTTP/1.1" 200 7328
190.95.1.185 - - [17/Dec/2025:09:46:09 -0300] "POST /cormun/servlet/trpermisosadjuntos?5b2c775c12db6ef0029512ea46462cad,11009696,20251215124500,P,,gx-no-cache=1765975592427 HTTP/1.1" 200 90
190.95.1.185 - - [17/Dec/2025:09:46:09 -0300] "GET /cormun/servlet/hpexe_link HTTP/1.1" 200 983
190.95.1.185 - - [17/Dec/2025:09:46:09 -0300] "GET /cormun/servlet/trpermisosgoce HTTP/1.1" 200 18985
190.95.1.185 - - [17/Dec/2025:09:46:16 -0300] "GET /cormun/servlet/trpermisosadjuntos?10610306,20251215121626,P, HTTP/1.1" 200 6824
190.95.1.185 - - [17/Dec/2025:09:46:17 -0300] "GET /cormun/servlet/permisosadjuntos?INS,10610306,P,20251215121626,, HTTP/1.1" 200 6127
190.95.1.185 - - [17/Dec/2025:09:46:17 -0300] "GET /cormun/static/about:blank HTTP/1.1" 404 1011
190.95.67.93 - - [17/Dec/2025:09:46:20 -0300] "GET /cormun/servlet/permisogoce?INS,0,,, HTTP/1.1" 200 7231
190.95.1.185 - - [17/Dec/2025:09:46:24 -0300] "POST /cormun/servlet/permisosadjuntos?5b2c775c12db6ef0029512ea46462cad,INS,10610306,P,20251215121626,, HTTP/1.1" 200 116
190.95.1.185 - - [17/Dec/2025:09:46:24 -0300] "GET /cormun/servlet/hpexe_return? HTTP/1.1" 200 1038
190.95.1.185 - - [17/Dec/2025:09:46:25 -0300] "GET /cormun/servlet/trpermisosadjuntos?10610306,20251215121626,P, HTTP/1.1" 200 7312
190.95.67.93 - - [17/Dec/2025:09:46:29 -0300] "GET /cormun/servlet/permisogoce?d79d24e71ddecd7bb6c77ac196d801ff2822da856971d13c24f3eeb6b1782d467883fdeeac894509e7bebf6f6ee7cec38e67373d1daa8b21a70ec92f909c30fd,gx-no-cache=1765975612602 HTTP/1.1" 200 81
190.95.1.185 - - [17/Dec/2025:09:46:29 -0300] "POST /cormun/servlet/trpermisosadjuntos?5b2c775c12db6ef0029512ea46462cad,10610306,20251215121626,P,,gx-no-cache=1765975613235 HTTP/1.1" 200 90
190.95.1.185 - - [17/Dec/2025:09:46:29 -0300] "GET /cormun/servlet/hpexe_link HTTP/1.1" 200 983
190.95.1.185 - - [17/Dec/2025:09:46:30 -0300] "GET /cormun/servlet/trpermisosgoce HTTP/1.1" 200 18985
190.95.67.93 - - [17/Dec/2025:09:46:37 -0300] "GET /cormun/servlet/permisogoce?d79d24e71ddecd7bb6c77ac196d801ff13d82eed11e1bd16ed94e3950ffe14a915e1b440a6ebf4d520710b57112e88c3a866187ac57f515d4cdd4108886dedb2,gx-no-cache=1765975620754 HTTP/1.1" 200 48
190.95.1.185 - - [17/Dec/2025:09:46:37 -0300] "GET /cormun/servlet/trautorizarpermisogoce? HTTP/1.1" 200 9579
190.95.1.185 - - [17/Dec/2025:09:46:41 -0300] "POST /cormun/servlet/trautorizarpermisogoce?5b2c775c12db6ef0029512ea46462cad,,gx-no-cache=1765975624803 HTTP/1.1" 200 6490
190.95.67.93 - - [17/Dec/2025:09:46:44 -0300] "POST /cormun/servlet/permisogoce?561c93c02d78a8891330085d0e602783,INS,0,,,,gx-no-cache=1765975625092 HTTP/1.1" 200 93
190.95.1.185 - - [17/Dec/2025:09:46:45 -0300] "POST /cormun/servlet/trautorizarpermisogoce?5b2c775c12db6ef0029512ea46462cad,,gx-no-cache=1765975628795 HTTP/1.1" 200 6251
190.95.67.93 - - [17/Dec/2025:09:46:47 -0300] "GET /cormun/servlet/hpexe_return? HTTP/1.1" 200 1010
190.95.1.129 - - [17/Dec/2025:09:47:01 -0300] "GET /cormun/servlet/hlogin HTTP/1.1" 200 1720
190.95.1.129 - - [17/Dec/2025:09:47:01 -0300] "GET /cormun/servlet/hlogin HTTP/1.1" 200 1730
190.95.1.185 - - [17/Dec/2025:09:47:04 -0300] "POST /cormun/servlet/trautorizarpermisogoce?5b2c775c12db6ef0029512ea46462cad,,gx-no-cache=1765975647067 HTTP/1.1" 200 6022
190.95.67.93 - - [17/Dec/2025:09:47:04 -0300] "GET /cormun/servlet/trpermisosgoce HTTP/1.1" 200 18813
190.95.1.129 - - [17/Dec/2025:09:47:08 -0300] "POST /cormun/servlet/hlogin?8dfc03bfe09a3182684e6cfe163ac003,gx-no-cache=1765975652717 HTTP/1.1" 200 90
190.95.1.129 - - [17/Dec/2025:09:47:08 -0300] "GET /cormun/servlet/hpexe_link HTTP/1.1" 200 947
190.95.1.129 - - [17/Dec/2025:09:47:08 -0300] "GET /cormun/servlet/hhome HTTP/1.1" 200 4300
190.95.1.185 - - [17/Dec/2025:09:47:09 -0300] "POST /cormun/servlet/trautorizarpermisogoce?5b2c775c12db6ef0029512ea46462cad,,gx-no-cache=1765975652170 HTTP/1.1" 200 5781
190.95.1.129 - - [17/Dec/2025:09:47:13 -0300] "GET /cormun/servlet/trpermisosgoce? HTTP/1.1" 200 18978
190.95.1.185 - - [17/Dec/2025:09:47:15 -0300] "GET /cormun/servlet/trpermisosgoce? HTTP/1.1" 200 18980
190.95.1.129 - - [17/Dec/2025:09:47:17 -0300] "GET /cormun/static/menuarrow.gif HTTP/1.1" 404 1015
190.95.1.185 - - [17/Dec/2025:09:47:21 -0300] "POST /cormun/servlet/trpermisosgoce?5b2c775c12db6ef0029512ea46462cad,,gx-no-cache=1765975664133 HTTP/1.1" 200 16118
190.95.1.185 - - [17/Dec/2025:09:47:22 -0300] "POST /cormun/servlet/trpermisosgoce?5b2c775c12db6ef0029512ea46462cad,,gx-no-cache=1765975666044 HTTP/1.1" 200 16114
190.95.1.185 - - [17/Dec/2025:09:47:26 -0300] "GET /cormun/servlet/trpermisosadjuntos?15524713,20251216145435,P, HTTP/1.1" 200 6827
190.95.67.93 - - [17/Dec/2025:09:47:26 -0300] "GET /cormun/servlet/apermisogoceprn?13945989,P,20251217094735,PU HTTP/1.1" 200 1657
190.95.1.185 - - [17/Dec/2025:09:47:27 -0300] "GET /cormun/servlet/permisosadjuntos?INS,15524713,P,20251216145435,, HTTP/1.1" 200 6127
190.95.1.185 - - [17/Dec/2025:09:47:27 -0300] "GET /cormun/static/about:blank HTTP/1.1" 404 1011
190.95.1.129 - - [17/Dec/2025:09:47:32 -0300] "POST /cormun/servlet/trpermisosgoce?8dfc03bfe09a3182684e6cfe163ac003,,gx-no-cache=1765975676136 HTTP/1.1" 200 5599
190.95.1.185 - - [17/Dec/2025:09:47:51 -0300] "GET /cormun/servlet/trpermisosgoce? HTTP/1.1" 200 19011
190.95.67.93 - - [17/Dec/2025:09:47:53 -0300] "GET /cormun/servlet/permisogoce?INS,0,,, HTTP/1.1" 200 7232
190.95.1.185 - - [17/Dec/2025:09:47:54 -0300] "POST /cormun/servlet/trpermisosgoce?5b2c775c12db6ef0029512ea46462cad,,gx-no-cache=1765975697420 HTTP/1.1" 200 16118
190.95.1.185 - - [17/Dec/2025:09:47:55 -0300] "POST /cormun/servlet/trpermisosgoce?5b2c775c12db6ef0029512ea46462cad,,gx-no-cache=1765975698932 HTTP/1.1" 200 16092
190.95.1.185 - - [17/Dec/2025:09:47:57 -0300] "POST /cormun/servlet/trpermisosgoce?5b2c775c12db6ef0029512ea46462cad,,gx-no-cache=1765975700195 HTTP/1.1" 200 16118
190.95.1.185 - - [17/Dec/2025:09:47:58 -0300] "POST /cormun/servlet/trpermisosgoce?5b2c775c12db6ef0029512ea46462cad,,gx-no-cache=1765975701587 HTTP/1.1" 200 16103
190.95.1.185 - - [17/Dec/2025:09:47:59 -0300] "POST /cormun/servlet/trpermisosgoce?5b2c775c12db6ef0029512ea46462cad,,gx-no-cache=1765975702499 HTTP/1.1" 200 16102
190.95.1.129 - - [17/Dec/2025:09:48:00 -0300] "POST /cormun/servlet/trpermisosgoce?8dfc03bfe09a3182684e6cfe163ac003,,gx-no-cache=1765975703983 HTTP/1.1" 200 16243
190.95.1.129 - - [17/Dec/2025:09:48:00 -0300] "GET /cormun/static/Resources/PXToolsGridNext.gif HTTP/1.1" 200 369
190.95.1.129 - - [17/Dec/2025:09:48:00 -0300] "GET /cormun/static/Resources/PXToolsGridLast.gif HTTP/1.1" 200 370
190.95.1.185 - - [17/Dec/2025:09:48:00 -0300] "POST /cormun/servlet/trpermisosgoce?5b2c775c12db6ef0029512ea46462cad,,gx-no-cache=1765975703515 HTTP/1.1" 200 16105
190.95.1.185 - - [17/Dec/2025:09:48:01 -0300] "POST /cormun/servlet/trpermisosgoce?5b2c775c12db6ef0029512ea46462cad,,gx-no-cache=1765975704763 HTTP/1.1" 200 16120
190.95.1.185 - - [17/Dec/2025:09:48:04 -0300] "POST /cormun/servlet/trpermisosgoce?5b2c775c12db6ef0029512ea46462cad,,gx-no-cache=1765975707746 HTTP/1.1" 200 16113
190.95.67.93 - - [17/Dec/2025:09:48:04 -0300] "GET /cormun/servlet/permisogoce?d79d24e71ddecd7bb6c77ac196d801ff4de6548f339a8b3810b1f06c511830337883fdeeac894509e7bebf6f6ee7cec38e67373d1daa8b21a70ec92f909c30fd,gx-no-cache=1765975708199 HTTP/1.1" 200 85
190.95.1.185 - - [17/Dec/2025:09:48:07 -0300] "POST /cormun/servlet/trpermisosgoce?5b2c775c12db6ef0029512ea46462cad,,gx-no-cache=1765975710323 HTTP/1.1" 200 16105
190.95.1.185 - - [17/Dec/2025:09:48:08 -0300] "POST /cormun/servlet/trpermisosgoce?5b2c775c12db6ef0029512ea46462cad,,gx-no-cache=1765975711627 HTTP/1.1" 200 16105
190.95.1.185 - - [17/Dec/2025:09:48:09 -0300] "POST /cormun/servlet/trpermisosgoce?5b2c775c12db6ef0029512ea46462cad,,gx-no-cache=1765975712770 HTTP/1.1" 200 16092
190.95.1.185 - - [17/Dec/2025:09:48:10 -0300] "POST /cormun/servlet/trpermisosgoce?5b2c775c12db6ef0029512ea46462cad,,gx-no-cache=1765975713922 HTTP/1.1" 200 16114
190.95.1.185 - - [17/Dec/2025:09:48:13 -0300] "POST /cormun/servlet/trpermisosgoce?5b2c775c12db6ef0029512ea46462cad,,gx-no-cache=1765975716836 HTTP/1.1" 200 16112
190.95.1.185 - - [17/Dec/2025:09:48:15 -0300] "POST /cormun/servlet/trpermisosgoce?5b2c775c12db6ef0029512ea46462cad,,gx-no-cache=1765975718738 HTTP/1.1" 200 16082
190.95.1.185 - - [17/Dec/2025:09:48:18 -0300] "POST /cormun/servlet/trpermisosgoce?5b2c775c12db6ef0029512ea46462cad,,gx-no-cache=1765975721115 HTTP/1.1" 200 16098
190.95.67.93 - - [17/Dec/2025:09:48:18 -0300] "GET /cormun/servlet/permisogoce?d79d24e71ddecd7bb6c77ac196d801ff95305f193e58724f0040be9c254e26aeadefb96c297534d13d4c289399c7f64aa866187ac57f515d4cdd4108886dedb2,gx-no-cache=1765975721409 HTTP/1.1" 200 48
190.95.67.93 - - [17/Dec/2025:09:48:22 -0300] "POST /cormun/servlet/permisogoce?561c93c02d78a8891330085d0e602783,INS,0,,,,gx-no-cache=1765975724884 HTTP/1.1" 200 93
190.95.67.93 - - [17/Dec/2025:09:48:23 -0300] "GET /cormun/servlet/hpexe_return? HTTP/1.1" 200 1010
190.95.67.93 - - [17/Dec/2025:09:48:24 -0300] "GET /cormun/servlet/trpermisosgoce HTTP/1.1" 200 19022
190.95.67.93 - - [17/Dec/2025:09:48:31 -0300] "GET /cormun/servlet/apermisogoceprn?10001701,P,20251217094908,PU HTTP/1.1" 200 1661
190.95.1.185 - - [17/Dec/2025:09:48:36 -0300] "POST /cormun/servlet/trpermisosgoce?5b2c775c12db6ef0029512ea46462cad,,gx-no-cache=1765975740075 HTTP/1.1" 200 16104
190.95.1.185 - - [17/Dec/2025:09:48:47 -0300] "POST /cormun/servlet/trpermisosgoce?5b2c775c12db6ef0029512ea46462cad,,gx-no-cache=1765975750811 HTTP/1.1" 200 16097
190.95.1.185 - - [17/Dec/2025:09:48:51 -0300] "POST /cormun/servlet/trpermisosgoce?5b2c775c12db6ef0029512ea46462cad,,gx-no-cache=1765975754434 HTTP/1.1" 200 16113
190.95.1.185 - - [17/Dec/2025:09:48:55 -0300] "GET /cormun/servlet/trpermisosadjuntos?20029877,20251215175834,P, HTTP/1.1" 200 6831
190.95.1.185 - - [17/Dec/2025:09:48:56 -0300] "GET /cormun/servlet/permisosadjuntos?INS,20029877,P,20251215175834,, HTTP/1.1" 200 6132
190.95.1.185 - - [17/Dec/2025:09:48:56 -0300] "GET /cormun/static/about:blank HTTP/1.1" 404 1011
190.95.1.185 - - [17/Dec/2025:09:49:06 -0300] "POST /cormun/servlet/permisosadjuntos?5b2c775c12db6ef0029512ea46462cad,INS,20029877,P,20251215175834,, HTTP/1.1" 200 116
190.95.1.185 - - [17/Dec/2025:09:49:06 -0300] "GET /cormun/servlet/hpexe_return? HTTP/1.1" 200 1038
190.95.1.185 - - [17/Dec/2025:09:49:06 -0300] "GET /cormun/servlet/trpermisosadjuntos?20029877,20251215175834,P, HTTP/1.1" 200 7324
190.95.1.185 - - [17/Dec/2025:09:49:09 -0300] "POST /cormun/servlet/trpermisosadjuntos?5b2c775c12db6ef0029512ea46462cad,20029877,20251215175834,P,,gx-no-cache=1765975772682 HTTP/1.1" 200 90
190.95.1.185 - - [17/Dec/2025:09:49:09 -0300] "GET /cormun/servlet/hpexe_link HTTP/1.1" 200 984
190.95.1.185 - - [17/Dec/2025:09:49:09 -0300] "GET /cormun/servlet/trpermisosgoce? HTTP/1.1" 200 18995
190.95.15.17 - - [17/Dec/2025:09:49:14 -0300] "GET /cormun/servlet/hlogin HTTP/1.1" 200 1720
190.95.15.17 - - [17/Dec/2025:09:49:25 -0300] "GET /cormun/servlet/hlogin HTTP/1.1" 200 1725
190.95.15.17 - - [17/Dec/2025:09:49:25 -0300] "GET /cormun/servlet/hlogin HTTP/1.1" 200 1735
190.95.15.17 - - [17/Dec/2025:09:49:27 -0300] "POST /cormun/servlet/hlogin?7f91f8f1f1f04a3ba4a8e53add169b8a,gx-no-cache=1765975982784 HTTP/1.1" 200 90
190.95.15.17 - - [17/Dec/2025:09:49:27 -0300] "GET /cormun/servlet/hpexe_link HTTP/1.1" 200 954
190.95.15.17 - - [17/Dec/2025:09:49:27 -0300] "GET /cormun/servlet/hhome HTTP/1.1" 200 4377
190.95.1.185 - - [17/Dec/2025:09:49:28 -0300] "POST /cormun/servlet/trpermisosgoce?5b2c775c12db6ef0029512ea46462cad,,gx-no-cache=1765975791323 HTTP/1.1" 200 16106
190.95.1.185 - - [17/Dec/2025:09:49:38 -0300] "POST /cormun/servlet/trpermisosgoce?5b2c775c12db6ef0029512ea46462cad,,gx-no-cache=1765975801346 HTTP/1.1" 200 16104
190.95.1.185 - - [17/Dec/2025:09:49:42 -0300] "GET /cormun/servlet/trpermisosadjuntos?18104458,20251215124308,P, HTTP/1.1" 200 6829
190.95.1.185 - - [17/Dec/2025:09:49:44 -0300] "GET /cormun/servlet/permisosadjuntos?INS,18104458,P,20251215124308,, HTTP/1.1" 200 6128
190.95.1.185 - - [17/Dec/2025:09:49:44 -0300] "GET /cormun/static/about:blank HTTP/1.1" 404 1011
190.95.1.185 - - [17/Dec/2025:09:49:52 -0300] "POST /cormun/servlet/permisosadjuntos?5b2c775c12db6ef0029512ea46462cad,INS,18104458,P,20251215124308,, HTTP/1.1" 200 116
190.95.1.185 - - [17/Dec/2025:09:49:52 -0300] "GET /cormun/servlet/hpexe_return? HTTP/1.1" 200 1038
190.95.1.185 - - [17/Dec/2025:09:49:52 -0300] "GET /cormun/servlet/trpermisosadjuntos?18104458,20251215124308,P, HTTP/1.1" 200 7330
190.95.1.185 - - [17/Dec/2025:09:49:54 -0300] "POST /cormun/servlet/trpermisosadjuntos?5b2c775c12db6ef0029512ea46462cad,18104458,20251215124308,P,,gx-no-cache=1765975818176 HTTP/1.1" 200 90
190.95.1.185 - - [17/Dec/2025:09:49:54 -0300] "GET /cormun/servlet/hpexe_link HTTP/1.1" 200 986
190.95.1.185 - - [17/Dec/2025:09:49:55 -0300] "GET /cormun/servlet/trpermisosgoce? HTTP/1.1" 200 18985
190.95.1.185 - - [17/Dec/2025:09:51:01 -0300] "GET /cormun/servlet/trpermisosadjuntos?18375652,20251215150822,P, HTTP/1.1" 200 6830
190.95.1.185 - - [17/Dec/2025:09:51:03 -0300] "GET /cormun/servlet/permisosadjuntos?INS,18375652,P,20251215150822,, HTTP/1.1" 200 6126
190.95.1.185 - - [17/Dec/2025:09:51:03 -0300] "GET /cormun/static/about:blank HTTP/1.1" 404 1011
190.95.1.185 - - [17/Dec/2025:09:51:06 -0300] "GET /cormun/servlet/trpermisosgoce? HTTP/1.1" 200 18991
190.95.1.185 - - [17/Dec/2025:09:51:15 -0300] "GET /cormun/servlet/trpermisosadjuntos?19262641,20251215175050,P, HTTP/1.1" 200 6828
190.95.1.185 - - [17/Dec/2025:09:51:18 -0300] "GET /cormun/servlet/permisosadjuntos?INS,19262641,P,20251215175050,, HTTP/1.1" 200 6124
190.95.1.185 - - [17/Dec/2025:09:51:18 -0300] "GET /cormun/static/about:blank HTTP/1.1" 404 1011
190.95.1.185 - - [17/Dec/2025:09:51:34 -0300] "POST /cormun/servlet/permisosadjuntos?5b2c775c12db6ef0029512ea46462cad,INS,19262641,P,20251215175050,, HTTP/1.1" 200 116
190.95.1.185 - - [17/Dec/2025:09:51:34 -0300] "GET /cormun/servlet/hpexe_return? HTTP/1.1" 200 1038
190.95.1.185 - - [17/Dec/2025:09:51:34 -0300] "GET /cormun/servlet/trpermisosadjuntos?19262641,20251215175050,P, HTTP/1.1" 200 7332
190.95.1.185 - - [17/Dec/2025:09:51:37 -0300] "POST /cormun/servlet/trpermisosadjuntos?5b2c775c12db6ef0029512ea46462cad,19262641,20251215175050,P,,gx-no-cache=1765975921104 HTTP/1.1" 200 90
190.95.1.185 - - [17/Dec/2025:09:51:37 -0300] "GET /cormun/servlet/hpexe_link HTTP/1.1" 200 984
190.95.1.185 - - [17/Dec/2025:09:51:38 -0300] "GET /cormun/servlet/trpermisosgoce HTTP/1.1" 200 18985
190.95.1.185 - - [17/Dec/2025:09:51:48 -0300] "POST /cormun/servlet/trpermisosgoce?5b2c775c12db6ef0029512ea46462cad,gx-no-cache=1765975931241 HTTP/1.1" 200 16076
190.95.1.185 - - [17/Dec/2025:09:52:14 -0300] "GET /cormun/servlet/trpermisosadjuntos?19589332,20251215131823,P, HTTP/1.1" 200 7313
190.95.1.185 - - [17/Dec/2025:09:52:16 -0300] "POST /cormun/servlet/trpermisosadjuntos?5b2c775c12db6ef0029512ea46462cad,19589332,20251215131823,P,,gx-no-cache=1765975959831 HTTP/1.1" 200 90
190.95.1.185 - - [17/Dec/2025:09:52:16 -0300] "GET /cormun/servlet/hpexe_link HTTP/1.1" 200 1006
190.95.1.185 - - [17/Dec/2025:09:52:16 -0300] "GET /cormun/servlet/trpermisosgoce?gx-no-cache=1765975931241 HTTP/1.1" 200 18987
190.95.1.185 - - [17/Dec/2025:09:52:24 -0300] "POST /cormun/servlet/trpermisosgoce?5b2c775c12db6ef0029512ea46462cad,gx-no-cache=1765975931241,gx-no-cache=1765975967720 HTTP/1.1" 200 16074
190.95.1.185 - - [17/Dec/2025:09:52:26 -0300] "GET /cormun/servlet/trpermisosadjuntos?20214887,20251215175752,P, HTTP/1.1" 200 6847
190.95.1.185 - - [17/Dec/2025:09:52:28 -0300] "GET /cormun/servlet/permisosadjuntos?INS,20214887,P,20251215175752,, HTTP/1.1" 200 6128
190.95.1.185 - - [17/Dec/2025:09:52:28 -0300] "GET /cormun/static/about:blank HTTP/1.1" 404 1011
190.95.1.185 - - [17/Dec/2025:09:52:35 -0300] "POST /cormun/servlet/permisosadjuntos?5b2c775c12db6ef0029512ea46462cad,INS,20214887,P,20251215175752,, HTTP/1.1" 200 116
190.95.1.185 - - [17/Dec/2025:09:52:35 -0300] "GET /cormun/servlet/hpexe_return? HTTP/1.1" 200 1037
190.95.1.185 - - [17/Dec/2025:09:52:35 -0300] "GET /cormun/servlet/trpermisosadjuntos?20214887,20251215175752,P, HTTP/1.1" 200 7327
190.95.1.185 - - [17/Dec/2025:09:52:37 -0300] "POST /cormun/servlet/trpermisosadjuntos?5b2c775c12db6ef0029512ea46462cad,20214887,20251215175752,P,,gx-no-cache=1765975980967 HTTP/1.1" 200 90
190.95.1.185 - - [17/Dec/2025:09:52:37 -0300] "GET /cormun/servlet/hpexe_link HTTP/1.1" 200 1004
190.95.1.185 - - [17/Dec/2025:09:52:37 -0300] "GET /cormun/servlet/trpermisosgoce?gx-no-cache=1765975931241 HTTP/1.1" 200 18987
190.95.1.185 - - [17/Dec/2025:09:52:43 -0300] "POST /cormun/servlet/trpermisosgoce?5b2c775c12db6ef0029512ea46462cad,gx-no-cache=1765975931241,gx-no-cache=1765975986633 HTTP/1.1" 200 16097
190.95.1.185 - - [17/Dec/2025:09:53:04 -0300] "POST /cormun/servlet/trpermisosgoce?5b2c775c12db6ef0029512ea46462cad,gx-no-cache=1765975931241,gx-no-cache=1765976006928 HTTP/1.1" 200 16099
190.95.1.185 - - [17/Dec/2025:09:53:11 -0300] "GET /cormun/servlet/trpermisosadjuntos?15806390,20251215122951,P, HTTP/1.1" 200 6852
190.95.1.185 - - [17/Dec/2025:09:53:13 -0300] "GET /cormun/servlet/permisosadjuntos?INS,15806390,P,20251215122951,, HTTP/1.1" 200 6130
190.95.1.185 - - [17/Dec/2025:09:53:13 -0300] "GET /cormun/static/about:blank HTTP/1.1" 404 1011
190.95.1.185 - - [17/Dec/2025:09:53:23 -0300] "POST /cormun/servlet/permisosadjuntos?5b2c775c12db6ef0029512ea46462cad,INS,15806390,P,20251215122951,, HTTP/1.1" 200 116
190.95.1.185 - - [17/Dec/2025:09:53:23 -0300] "GET /cormun/servlet/hpexe_return? HTTP/1.1" 200 1038
190.95.1.185 - - [17/Dec/2025:09:53:23 -0300] "GET /cormun/servlet/trpermisosadjuntos?15806390,20251215122951,P, HTTP/1.1" 200 7337
190.95.1.185 - - [17/Dec/2025:09:53:27 -0300] "GET /cormun/servlet/trpermisosgoce? HTTP/1.1" 200 18969
190.95.1.185 - - [17/Dec/2025:09:53:49 -0300] "GET /cormun/servlet/trpermisosadjuntos?12517718,20251215125426,P, HTTP/1.1" 200 6822
190.95.1.185 - - [17/Dec/2025:09:53:50 -0300] "GET /cormun/servlet/permisosadjuntos?INS,12517718,P,20251215125426,, HTTP/1.1" 200 6123
190.95.1.185 - - [17/Dec/2025:09:53:50 -0300] "GET /cormun/static/about:blank HTTP/1.1" 404 1011
190.95.1.185 - - [17/Dec/2025:09:54:01 -0300] "GET /cormun/servlet/trlicencias? HTTP/1.1" 200 11599
190.95.1.185 - - [17/Dec/2025:09:54:17 -0300] "GET /cormun/servlet/trautorizarpermisogoce? HTTP/1.1" 200 11513
190.95.1.185 - - [17/Dec/2025:09:54:23 -0300] "GET /cormun/servlet/trpermisosgoce? HTTP/1.1" 200 18973
190.95.1.185 - - [17/Dec/2025:09:54:42 -0300] "POST /cormun/servlet/trpermisosgoce?5b2c775c12db6ef0029512ea46462cad,,gx-no-cache=1765976105423 HTTP/1.1" 200 16090
190.95.1.185 - - [17/Dec/2025:09:54:49 -0300] "GET /cormun/servlet/trpermisosadjuntos?15755864,20251215175819,P, HTTP/1.1" 200 6825
190.95.1.185 - - [17/Dec/2025:09:54:51 -0300] "GET /cormun/servlet/permisosadjuntos?INS,15755864,P,20251215175819,, HTTP/1.1" 200 6120
190.95.1.185 - - [17/Dec/2025:09:54:51 -0300] "GET /cormun/static/about:blank HTTP/1.1" 404 1011
190.95.1.185 - - [17/Dec/2025:09:54:55 -0300] "POST /cormun/servlet/permisosadjuntos?5b2c775c12db6ef0029512ea46462cad,INS,15755864,P,20251215175819,, HTTP/1.1" 200 116
190.95.1.185 - - [17/Dec/2025:09:54:56 -0300] "GET /cormun/servlet/hpexe_return? HTTP/1.1" 200 1039
190.95.1.185 - - [17/Dec/2025:09:54:56 -0300] "GET /cormun/servlet/trpermisosadjuntos?15755864,20251215175819,P, HTTP/1.1" 200 7314
190.95.1.185 - - [17/Dec/2025:09:55:31 -0300] "POST /cormun/servlet/trpermisosadjuntos?5b2c775c12db6ef0029512ea46462cad,15755864,20251215175819,P,,gx-no-cache=1765976154500 HTTP/1.1" 200 90
190.95.1.185 - - [17/Dec/2025:09:55:31 -0300] "GET /cormun/servlet/hpexe_link HTTP/1.1" 200 986
190.95.1.185 - - [17/Dec/2025:09:55:31 -0300] "GET /cormun/servlet/trpermisosgoce? HTTP/1.1" 200 18966
192.168.10.19 - - [17/Dec/2025:09:55:32 -0300] "GET /cormun/servlet/trsolicitudgral? HTTP/1.1" 200 8306
190.95.1.185 - - [17/Dec/2025:09:55:38 -0300] "POST /cormun/servlet/trpermisosgoce?5b2c775c12db6ef0029512ea46462cad,,gx-no-cache=1765976161686 HTTP/1.1" 200 16079
190.95.1.185 - - [17/Dec/2025:09:55:42 -0300] "GET /cormun/servlet/trpermisosadjuntos?17502063,20251215175726,P, HTTP/1.1" 200 6822
190.95.1.185 - - [17/Dec/2025:09:55:44 -0300] "POST /cormun/servlet/trpermisosadjuntos?5b2c775c12db6ef0029512ea46462cad,17502063,20251215175726,P,,gx-no-cache=1765976167772 HTTP/1.1" 200 4341
190.95.1.185 - - [17/Dec/2025:09:55:45 -0300] "GET /cormun/servlet/permisosadjuntos?INS,17502063,P,20251215175726,, HTTP/1.1" 200 6122
190.95.1.185 - - [17/Dec/2025:09:55:45 -0300] "GET /cormun/static/about:blank HTTP/1.1" 404 1011
190.95.1.185 - - [17/Dec/2025:09:55:52 -0300] "POST /cormun/servlet/permisosadjuntos?5b2c775c12db6ef0029512ea46462cad,INS,17502063,P,20251215175726,, HTTP/1.1" 200 116
190.95.1.185 - - [17/Dec/2025:09:55:52 -0300] "GET /cormun/servlet/hpexe_return? HTTP/1.1" 200 1038
190.95.1.185 - - [17/Dec/2025:09:55:52 -0300] "GET /cormun/servlet/trpermisosadjuntos?17502063,20251215175726,P, HTTP/1.1" 200 7314
