10.40.40.2 - - [17/Dec/2025:08:37:25 -0300] "POST /cormun/servlet/trlicencias?6c0c9d88a1f1dd9ab23099a7e02fbd17,,gx-no-cache=1765971410083 HTTP/1.1" 200 4791
190.95.15.15 - - [17/Dec/2025:08:39:01 -0300] "GET /cormun/servlet/permisogoce?5b3dd33e7bb94317961c7128d53b8690f0961e18205b722c6e3b3cdb1b7eef2d9817dcf16a459fd24057421ae82a3adda5e961eb310f0d3a5a4842e8435fe99b,gx-no-cache=1765971565507 HTTP/1.1" 200 87
190.95.15.15 - - [17/Dec/2025:08:39:01 -0300] "GET /cormun/static/menuarrow.gif HTTP/1.1" 404 1015
190.95.15.15 - - [17/Dec/2025:08:39:07 -0300] "GET /cormun/servlet/permisogoce?5b3dd33e7bb94317961c7128d53b8690bfbae426f1c637582af3ae4c517a100beb3ca2ca78f859825c96ec1562a0f7921a01f74c7919b40758c22b1ca8f58476,gx-no-cache=1765971571235 HTTP/1.1" 200 48
190.95.15.15 - - [17/Dec/2025:08:39:15 -0300] "POST /cormun/servlet/permisogoce?ab50a70535e3a5d04528a47317b75b85,INS,0,,,,gx-no-cache=1765971572912 HTTP/1.1" 200 93
190.95.15.15 - - [17/Dec/2025:08:39:15 -0300] "GET /cormun/servlet/hpexe_return? HTTP/1.1" 200 1009
190.95.15.15 - - [17/Dec/2025:08:39:15 -0300] "GET /cormun/servlet/trpermisosgoce HTTP/1.1" 200 18617
190.95.15.15 - - [17/Dec/2025:08:39:21 -0300] "GET /cormun/servlet/apermisogoceprn?18104740,P,20251217083826,PU HTTP/1.1" 200 1665
190.95.1.183 - - [17/Dec/2025:08:40:02 -0300] "GET /cormun/servlet/hlogin HTTP/1.1" 200 1717
190.95.1.183 - - [17/Dec/2025:08:40:08 -0300] "POST /cormun/servlet/hlogin?88e032e3dd93435f2a0bc9457e2b5f93,gx-no-cache=1765971632661 HTTP/1.1" 200 90
190.95.1.183 - - [17/Dec/2025:08:40:08 -0300] "GET /cormun/servlet/hpexe_link HTTP/1.1" 200 948
190.95.1.183 - - [17/Dec/2025:08:40:08 -0300] "GET /cormun/servlet/hhome HTTP/1.1" 200 3975
190.95.1.183 - - [17/Dec/2025:08:40:18 -0300] "GET /cormun/servlet/trlicencias? HTTP/1.1" 200 14478
190.95.1.183 - - [17/Dec/2025:08:40:20 -0300] "GET /cormun/static/menuarrow.gif HTTP/1.1" 404 1015
190.95.15.15 - - [17/Dec/2025:08:40:22 -0300] "GET /cormun/servlet/permisogoce?INS,0,,, HTTP/1.1" 200 6856
190.95.1.183 - - [17/Dec/2025:08:40:27 -0300] "GET /cormun/servlet/licenciaspermisos?DSP,14523393,L,20251217000000, HTTP/1.1" 200 7094
190.95.1.183 - - [17/Dec/2025:08:40:27 -0300] "GET /cormun/static/gxcfg.js?202012153173 HTTP/1.1" 200 953
190.95.1.183 - - [17/Dec/2025:08:40:27 -0300] "GET /cormun/static/Resources/prompt.gif HTTP/1.1" 200 902
190.95.1.183 - - [17/Dec/2025:08:40:27 -0300] "GET /cormun/static/licenciaspermisos.js?2020121532136 HTTP/1.1" 200 38753
190.95.1.183 - - [17/Dec/2025:08:40:32 -0300] "GET /cormun/servlet/trlicencias? HTTP/1.1" 200 14480
190.95.15.15 - - [17/Dec/2025:08:40:35 -0300] "GET /cormun/servlet/permisogoce?5b3dd33e7bb94317961c7128d53b8690c54404ccd3dc885f6d065004b32d47a49817dcf16a459fd24057421ae82a3adda5e961eb310f0d3a5a4842e8435fe99b,gx-no-cache=1765971659119 HTTP/1.1" 200 80
190.95.15.15 - - [17/Dec/2025:08:40:43 -0300] "GET /cormun/servlet/permisogoce?5b3dd33e7bb94317961c7128d53b869008e3c2e8908b92b127d32fbb69ac0ecffb36be22946606ec96ac22b48c6ea4f21a01f74c7919b40758c22b1ca8f58476,gx-no-cache=1765971666768 HTTP/1.1" 200 48
190.95.15.15 - - [17/Dec/2025:08:40:45 -0300] "POST /cormun/servlet/permisogoce?ab50a70535e3a5d04528a47317b75b85,INS,0,,,,gx-no-cache=1765971669067 HTTP/1.1" 200 93
190.95.15.15 - - [17/Dec/2025:08:40:45 -0300] "GET /cormun/servlet/hpexe_return? HTTP/1.1" 200 1009
190.95.15.15 - - [17/Dec/2025:08:40:46 -0300] "GET /cormun/servlet/trpermisosgoce HTTP/1.1" 200 18658
190.95.15.15 - - [17/Dec/2025:08:40:49 -0300] "GET /cormun/servlet/apermisogoceprn?19591705,P,20251217084138,PU HTTP/1.1" 200 1657
190.95.1.183 - - [17/Dec/2025:08:41:02 -0300] "POST /cormun/servlet/trlicencias?88e032e3dd93435f2a0bc9457e2b5f93,,gx-no-cache=1765971687054 HTTP/1.1" 200 4153
190.95.15.15 - - [17/Dec/2025:08:41:40 -0300] "GET /cormun/servlet/permisogoce?INS,0,,, HTTP/1.1" 200 6857
190.95.15.15 - - [17/Dec/2025:08:42:02 -0300] "GET /cormun/servlet/permisogoce?5b3dd33e7bb94317961c7128d53b8690ec9bec2ca798330c0c4f0dfd1d4188125584682ae7e6c18e8fe0bd8d36a6b4f38e7328aa189da01a97ceae89a258c739,gx-no-cache=1765971746128 HTTP/1.1" 200 79
190.95.15.15 - - [17/Dec/2025:08:42:07 -0300] "GET /cormun/servlet/permisogoce?5b3dd33e7bb94317961c7128d53b86905426a08ac802643a832330ebe18a7f7f0a9a2c836c2bfbe9e53c24e106428528d0e7a7f1a861a49a5ed13a054e9f447d,gx-no-cache=1765971750560 HTTP/1.1" 200 48
190.95.15.15 - - [17/Dec/2025:08:42:08 -0300] "POST /cormun/servlet/permisogoce?ab50a70535e3a5d04528a47317b75b85,INS,0,,,,gx-no-cache=1765971751869 HTTP/1.1" 200 93
190.95.15.15 - - [17/Dec/2025:08:42:08 -0300] "GET /cormun/servlet/hpexe_return? HTTP/1.1" 200 1009
190.95.15.15 - - [17/Dec/2025:08:42:08 -0300] "GET /cormun/servlet/trpermisosgoce HTTP/1.1" 200 18637
190.95.1.183 - - [17/Dec/2025:08:42:11 -0300] "POST /cormun/servlet/trlicencias?88e032e3dd93435f2a0bc9457e2b5f93,,gx-no-cache=1765971755654 HTTP/1.1" 200 7199
190.95.15.15 - - [17/Dec/2025:08:42:11 -0300] "GET /cormun/servlet/apermisogoceprn?9154169,P,20251217084256,PU HTTP/1.1" 200 1652
190.95.1.183 - - [17/Dec/2025:08:42:23 -0300] "POST /cormun/servlet/trlicencias?88e032e3dd93435f2a0bc9457e2b5f93,,gx-no-cache=1765971768366 HTTP/1.1" 200 5400
129.222.173.48 - - [17/Dec/2025:08:43:50 -0300] "GET /cormun/servlet/hlogin HTTP/1.1" 200 1719
129.222.173.48 - - [17/Dec/2025:08:43:50 -0300] "GET /cormun/servlet/hlogin HTTP/1.1" 200 1730
129.222.173.48 - - [17/Dec/2025:08:43:56 -0300] "POST /cormun/servlet/hlogin?be4422fd216b62f13c6e6c475f728730,gx-no-cache=1765971858858 HTTP/1.1" 200 90
129.222.173.48 - - [17/Dec/2025:08:43:56 -0300] "GET /cormun/servlet/hpexe_link HTTP/1.1" 200 950
129.222.173.48 - - [17/Dec/2025:08:43:56 -0300] "GET /cormun/servlet/hhome HTTP/1.1" 200 3948
129.222.173.48 - - [17/Dec/2025:08:44:14 -0300] "GET /cormun/servlet/trlicencias? HTTP/1.1" 200 9967
129.222.173.48 - - [17/Dec/2025:08:44:39 -0300] "GET /cormun/servlet/hlogin HTTP/1.1" 200 1736
190.95.15.15 - - [17/Dec/2025:08:45:38 -0300] "GET /cormun/servlet/permisogoce?INS,0,,, HTTP/1.1" 200 6857
190.95.15.15 - - [17/Dec/2025:08:45:47 -0300] "GET /cormun/servlet/permisogoce?5b3dd33e7bb94317961c7128d53b86904a9c3310d5a3d3721ed124a12fdc2a519817dcf16a459fd24057421ae82a3adda5e961eb310f0d3a5a4842e8435fe99b,gx-no-cache=1765971971025 HTTP/1.1" 200 89
190.95.15.15 - - [17/Dec/2025:08:45:47 -0300] "GET /cormun/static/menuarrow.gif HTTP/1.1" 404 1015
190.95.15.15 - - [17/Dec/2025:08:45:51 -0300] "GET /cormun/servlet/permisogoce?5b3dd33e7bb94317961c7128d53b869065acdd983adf80ac14c83f9c2c09dd3714827db6873c0639182c5398a67451211a01f74c7919b40758c22b1ca8f58476,gx-no-cache=1765971975367 HTTP/1.1" 200 47
190.95.15.15 - - [17/Dec/2025:08:45:53 -0300] "POST /cormun/servlet/permisogoce?ab50a70535e3a5d04528a47317b75b85,INS,0,,,,gx-no-cache=1765971976831 HTTP/1.1" 200 93
190.95.15.15 - - [17/Dec/2025:08:45:53 -0300] "GET /cormun/servlet/hpexe_return? HTTP/1.1" 200 1009
190.95.15.15 - - [17/Dec/2025:08:45:53 -0300] "GET /cormun/servlet/trpermisosgoce HTTP/1.1" 200 18666
190.95.15.15 - - [17/Dec/2025:08:45:57 -0300] "GET /cormun/servlet/apermisogoceprn?17526253,P,20251217084654,PU HTTP/1.1" 200 1659
190.95.15.15 - - [17/Dec/2025:08:47:03 -0300] "GET /cormun/servlet/permisogoce?INS,0,,, HTTP/1.1" 200 6857
190.95.15.15 - - [17/Dec/2025:08:47:24 -0300] "GET /cormun/servlet/permisogoce?5b3dd33e7bb94317961c7128d53b86904c3df583449d04f9fe4e90f9aece02509817dcf16a459fd24057421ae82a3adda5e961eb310f0d3a5a4842e8435fe99b,gx-no-cache=1765972067720 HTTP/1.1" 200 79
190.95.15.15 - - [17/Dec/2025:08:47:28 -0300] "GET /cormun/servlet/permisogoce?5b3dd33e7bb94317961c7128d53b86900ba2946117eeda84ce93148b7fd2bd74a09a235890d6518d633b73ef08fdadf51a01f74c7919b40758c22b1ca8f58476,gx-no-cache=1765972072245 HTTP/1.1" 200 47
190.95.15.15 - - [17/Dec/2025:08:47:30 -0300] "POST /cormun/servlet/permisogoce?ab50a70535e3a5d04528a47317b75b85,INS,0,,,,gx-no-cache=1765972074147 HTTP/1.1" 200 93
190.95.15.15 - - [17/Dec/2025:08:47:31 -0300] "GET /cormun/servlet/hpexe_return? HTTP/1.1" 200 1009
190.95.15.15 - - [17/Dec/2025:08:47:31 -0300] "GET /cormun/servlet/trpermisosgoce HTTP/1.1" 200 18638
190.95.15.15 - - [17/Dec/2025:08:47:35 -0300] "GET /cormun/servlet/apermisogoceprn?17650938,P,20251217084818,PU HTTP/1.1" 200 1659
201.186.225.185 - - [17/Dec/2025:08:49:52 -0300] "POST /cormun/servlet/trlicencias?eee5e7d96d5b1db74d50b241afacf177,gx-no-cache=1765972215125 HTTP/1.1" 200 9072
192.168.10.19 - - [17/Dec/2025:08:50:10 -0300] "GET /cormun/servlet/trsolicitudgral? HTTP/1.1" 200 9726
192.168.10.19 - - [17/Dec/2025:08:50:12 -0300] "GET /cormun/servlet/vesolicitudgral?2025,23158,, HTTP/1.1" 200 8390
192.168.10.19 - - [17/Dec/2025:08:50:12 -0300] "GET /cormun/pexe_scrolldiv.js HTTP/1.1" 404 1009
201.186.225.185 - - [17/Dec/2025:08:54:22 -0300] "POST /cormun/servlet/trlicencias?eee5e7d96d5b1db74d50b241afacf177,gx-no-cache=1765972485873 HTTP/1.1" 200 8912
179.57.78.71 - - [17/Dec/2025:08:54:57 -0300] "GET /cormun/servlet/hhome HTTP/1.1" 200 3324
179.57.78.71 - - [17/Dec/2025:08:54:58 -0300] "GET /cormun/servlet/hlogin HTTP/1.1" 200 1733
179.57.78.71 - - [17/Dec/2025:08:55:04 -0300] "POST /cormun/servlet/hlogin?755ca01f66fd8d5f65ed0d0bbc133f3a,gx-no-cache=1765972526693 HTTP/1.1" 200 90
179.57.78.71 - - [17/Dec/2025:08:55:04 -0300] "GET /cormun/servlet/hpexe_link HTTP/1.1" 200 952
179.57.78.71 - - [17/Dec/2025:08:55:04 -0300] "GET /cormun/servlet/hhome HTTP/1.1" 200 4270
201.186.225.185 - - [17/Dec/2025:08:55:59 -0300] "POST /cormun/servlet/trlicencias?eee5e7d96d5b1db74d50b241afacf177,gx-no-cache=1765972582770 HTTP/1.1" 200 4442
201.186.225.185 - - [17/Dec/2025:08:56:01 -0300] "POST /cormun/servlet/trlicencias?eee5e7d96d5b1db74d50b241afacf177,gx-no-cache=1765972584439 HTTP/1.1" 200 4441
201.186.225.185 - - [17/Dec/2025:08:56:07 -0300] "POST /cormun/servlet/trlicencias?eee5e7d96d5b1db74d50b241afacf177,gx-no-cache=1765972590699 HTTP/1.1" 200 17028
190.95.15.17 - - [17/Dec/2025:08:56:19 -0300] "GET /cormun/servlet/hlogin HTTP/1.1" 200 1726
190.95.15.17 - - [17/Dec/2025:08:56:20 -0300] "GET /cormun/static/Resources/Spanish/PXTools.css?1759030 HTTP/1.1" 200 100853
190.95.15.17 - - [17/Dec/2025:08:56:20 -0300] "GET /cormun/static/gxtimezone.js?85251 HTTP/1.1" 200 5781
190.95.15.17 - - [17/Dec/2025:08:56:20 -0300] "GET /cormun/static/gxcfg.js?2022112219184450 HTTP/1.1" 200 953
190.95.15.17 - - [17/Dec/2025:08:56:20 -0300] "GET /cormun/static/messages.spa.js?85251 HTTP/1.1" 200 30736
190.95.15.17 - - [17/Dec/2025:08:56:20 -0300] "GET /cormun/static/Resources/CormunLogin.png HTTP/1.1" 200 19132
190.95.15.17 - - [17/Dec/2025:08:56:20 -0300] "GET /cormun/static/hlogin.js?2022112219184458 HTTP/1.1" 200 2156
190.95.15.17 - - [17/Dec/2025:08:56:20 -0300] "GET /cormun/static/gxgral.js?85251 HTTP/1.1" 200 384558
190.95.15.17 - - [17/Dec/2025:08:56:20 -0300] "GET /cormun/static/Resources/PXToolsLoginTop.png HTTP/1.1" 200 1337
190.95.15.17 - - [17/Dec/2025:08:56:20 -0300] "GET /cormun/static/Resources/PXToolsLoginBackground.png HTTP/1.1" 200 1164
190.95.15.17 - - [17/Dec/2025:08:56:20 -0300] "GET /cormun/static/Resources/PXToolsButtonRight.png HTTP/1.1" 200 1294
190.95.15.17 - - [17/Dec/2025:08:56:20 -0300] "GET /cormun/static/Resources/PXToolsButtonLeft.png HTTP/1.1" 200 1310
190.95.15.17 - - [17/Dec/2025:08:56:20 -0300] "GET /cormun/static/Resources/PXToolsButtonBackground.png HTTP/1.1" 200 1176
190.95.15.17 - - [17/Dec/2025:08:56:20 -0300] "GET /cormun/static/Resources/PXToolsLoginBottom.png HTTP/1.1" 200 1389
190.95.15.17 - - [17/Dec/2025:08:56:20 -0300] "GET /cormun/static/Resources/indicator.gif HTTP/1.1" 200 1553
190.95.15.17 - - [17/Dec/2025:08:56:20 -0300] "GET /cormun/servlet/hlogin HTTP/1.1" 200 1736
190.95.15.17 - - [17/Dec/2025:08:56:20 -0300] "GET /favicon.ico HTTP/1.1" 200 21630
190.95.15.17 - - [17/Dec/2025:08:56:31 -0300] "GET /cormun/servlet/hlogin HTTP/1.1" 200 1717
190.95.15.17 - - [17/Dec/2025:08:56:34 -0300] "POST /cormun/servlet/hlogin?a0ea2b7550f326f3bc671b7740878002,gx-no-cache=1765972809877 HTTP/1.1" 200 90
190.95.15.17 - - [17/Dec/2025:08:56:34 -0300] "GET /cormun/servlet/hpexe_link HTTP/1.1" 200 948
190.95.15.17 - - [17/Dec/2025:08:56:34 -0300] "GET /cormun/servlet/hhome HTTP/1.1" 200 4372
190.95.15.17 - - [17/Dec/2025:08:56:38 -0300] "GET /cormun/servlet/trlicencias? HTTP/1.1" 200 11149
190.95.15.17 - - [17/Dec/2025:08:56:46 -0300] "POST /cormun/servlet/trlicencias?a0ea2b7550f326f3bc671b7740878002,,gx-no-cache=1765972821717 HTTP/1.1" 200 4438
179.57.78.55 - - [17/Dec/2025:08:59:46 -0300] "GET /cormun/servlet/trpermisosgoce? HTTP/1.1" 200 6029
179.57.78.55 - - [17/Dec/2025:08:59:46 -0300] "GET /cormun/servlet/hlogin HTTP/1.1" 200 1738
179.57.78.55 - - [17/Dec/2025:08:59:51 -0300] "POST /cormun/servlet/hlogin?b1cc13e10f6e28fda2464b5beadcf4f5,gx-no-cache=1765972813004 HTTP/1.1" 200 90
179.57.78.55 - - [17/Dec/2025:08:59:51 -0300] "GET /cormun/servlet/hpexe_link HTTP/1.1" 200 955
179.57.78.55 - - [17/Dec/2025:08:59:51 -0300] "GET /cormun/servlet/trpermisosgoce HTTP/1.1" 200 18603
179.57.78.55 - - [17/Dec/2025:08:59:53 -0300] "GET /cormun/servlet/permisogoce?INS,0,,, HTTP/1.1" 200 6844
179.57.78.55 - - [17/Dec/2025:09:00:04 -0300] "GET /cormun/servlet/permisogoce?96cd2c2abe5f35c2fe15464f7c9df29a74596287c0397d8ec99d0f8b6c9c98681ea94db135ed7ab2559f63366fe456ac0d89d9b4cd3a200e35b58a2cc65c0368,gx-no-cache=1765972826021 HTTP/1.1" 200 74
179.57.78.55 - - [17/Dec/2025:09:00:06 -0300] "GET /cormun/static/menuarrow.gif HTTP/1.1" 404 1015
179.57.78.55 - - [17/Dec/2025:09:00:10 -0300] "GET /cormun/servlet/permisogoce?96cd2c2abe5f35c2fe15464f7c9df29a8b6d237ce2807294abc8c9a914c3c93e81d10ab9bd3bdd70c436747b176d0609bfeb9981b933f16fbe2859df46b7abd1,gx-no-cache=1765972831941 HTTP/1.1" 200 48
179.57.78.55 - - [17/Dec/2025:09:00:12 -0300] "POST /cormun/servlet/permisogoce?b1cc13e10f6e28fda2464b5beadcf4f5,INS,0,,,,gx-no-cache=1765972833453 HTTP/1.1" 200 93
179.57.78.55 - - [17/Dec/2025:09:00:12 -0300] "GET /cormun/servlet/hpexe_return? HTTP/1.1" 200 1008
179.57.78.55 - - [17/Dec/2025:09:00:12 -0300] "GET /cormun/servlet/trpermisosgoce HTTP/1.1" 200 18629
179.57.78.55 - - [17/Dec/2025:09:00:16 -0300] "GET /cormun/servlet/apermisogoceprn?13944631,P,20251217090109,PU HTTP/1.1" 200 1644
201.186.225.187 - - [17/Dec/2025:09:03:08 -0300] "GET /cormun/servlet/trlicencias? HTTP/1.1" 200 6058
201.186.225.187 - - [17/Dec/2025:09:03:09 -0300] "GET /cormun/servlet/hlogin HTTP/1.1" 200 1742
201.186.225.187 - - [17/Dec/2025:09:03:09 -0300] "GET /cormun/servlet/trlicencias? HTTP/1.1" 200 6051
201.186.225.187 - - [17/Dec/2025:09:03:16 -0300] "POST /cormun/servlet/hlogin?cd840cf5e20be8f3f5531e876dd339f5,gx-no-cache=1765976660594 HTTP/1.1" 200 90
201.186.225.187 - - [17/Dec/2025:09:03:16 -0300] "GET /cormun/servlet/hpexe_link HTTP/1.1" 200 959
201.186.225.187 - - [17/Dec/2025:09:03:16 -0300] "GET /cormun/servlet/trlicencias HTTP/1.1" 200 9473
201.186.225.187 - - [17/Dec/2025:09:03:22 -0300] "POST /cormun/servlet/trlicencias?cd840cf5e20be8f3f5531e876dd339f5,gx-no-cache=1765976666475 HTTP/1.1" 200 6870
201.186.225.187 - - [17/Dec/2025:09:03:24 -0300] "POST /cormun/servlet/trlicencias?cd840cf5e20be8f3f5531e876dd339f5,gx-no-cache=1765976668626 HTTP/1.1" 200 6871
190.95.1.185 - - [17/Dec/2025:09:05:13 -0300] "GET /cormun/servlet/hlogin HTTP/1.1" 200 1720
190.95.1.185 - - [17/Dec/2025:09:05:13 -0300] "GET /cormun/servlet/hlogin HTTP/1.1" 200 1730
190.95.1.185 - - [17/Dec/2025:09:05:17 -0300] "POST /cormun/servlet/hlogin?5b2c775c12db6ef0029512ea46462cad,gx-no-cache=1765973140489 HTTP/1.1" 200 90
190.95.1.185 - - [17/Dec/2025:09:05:17 -0300] "GET /cormun/servlet/hpexe_link HTTP/1.1" 200 952
190.95.1.185 - - [17/Dec/2025:09:05:17 -0300] "GET /cormun/servlet/hhome HTTP/1.1" 200 4481
190.95.1.185 - - [17/Dec/2025:09:05:24 -0300] "GET /cormun/servlet/trpermisosgoce? HTTP/1.1" 200 18962
190.95.1.185 - - [17/Dec/2025:09:05:29 -0300] "GET /cormun/servlet/trpermisosadjuntos?10812480,20251216145610,P, HTTP/1.1" 200 6826
190.95.1.185 - - [17/Dec/2025:09:05:30 -0300] "GET /cormun/servlet/permisosadjuntos?INS,10812480,P,20251216145610,, HTTP/1.1" 200 6128
190.95.1.185 - - [17/Dec/2025:09:05:30 -0300] "GET /cormun/static/about:blank HTTP/1.1" 404 1011
190.95.1.185 - - [17/Dec/2025:09:05:37 -0300] "POST /cormun/servlet/permisosadjuntos?5b2c775c12db6ef0029512ea46462cad,INS,10812480,P,20251216145610,, HTTP/1.1" 200 116
190.95.1.185 - - [17/Dec/2025:09:05:37 -0300] "GET /cormun/servlet/hpexe_return? HTTP/1.1" 200 1039
190.95.1.185 - - [17/Dec/2025:09:05:37 -0300] "GET /cormun/servlet/trpermisosadjuntos?10812480,20251216145610,P, HTTP/1.1" 200 7318
190.95.1.185 - - [17/Dec/2025:09:05:39 -0300] "POST /cormun/servlet/trpermisosadjuntos?5b2c775c12db6ef0029512ea46462cad,10812480,20251216145610,P,,gx-no-cache=1765973163089 HTTP/1.1" 200 90
190.95.1.185 - - [17/Dec/2025:09:05:39 -0300] "GET /cormun/servlet/hpexe_link HTTP/1.1" 200 984
190.95.1.185 - - [17/Dec/2025:09:05:39 -0300] "GET /cormun/servlet/trpermisosgoce HTTP/1.1" 200 18962
190.95.67.93 - - [17/Dec/2025:09:06:30 -0300] "GET /cormun/servlet/hlogin HTTP/1.1" 200 1720
190.95.67.93 - - [17/Dec/2025:09:06:30 -0300] "GET /cormun/servlet/hlogin HTTP/1.1" 200 1731
190.95.67.93 - - [17/Dec/2025:09:06:33 -0300] "POST /cormun/servlet/hlogin?561c93c02d78a8891330085d0e602783,gx-no-cache=1765973217322 HTTP/1.1" 200 90
190.95.67.93 - - [17/Dec/2025:09:06:33 -0300] "GET /cormun/servlet/hpexe_link HTTP/1.1" 200 951
190.95.67.93 - - [17/Dec/2025:09:06:33 -0300] "GET /cormun/servlet/hhome HTTP/1.1" 200 4337
190.95.67.93 - - [17/Dec/2025:09:06:37 -0300] "GET /cormun/servlet/trpermisosgoce? HTTP/1.1" 200 18881
190.95.67.93 - - [17/Dec/2025:09:06:43 -0300] "GET /cormun/static/menuarrow.gif HTTP/1.1" 404 1015
190.95.67.93 - - [17/Dec/2025:09:06:50 -0300] "POST /cormun/servlet/trpermisosgoce?561c93c02d78a8891330085d0e602783,,gx-no-cache=1765973234116 HTTP/1.1" 200 6174
179.57.78.55 - - [17/Dec/2025:09:08:36 -0300] "GET /cormun/servlet/hlogin HTTP/1.1" 200 1721
179.57.78.55 - - [17/Dec/2025:09:08:39 -0300] "POST /cormun/servlet/hlogin?1a6308c217e32c977a721474992da9ea,gx-no-cache=1765973342329 HTTP/1.1" 200 90
179.57.78.55 - - [17/Dec/2025:09:08:39 -0300] "GET /cormun/servlet/hpexe_link HTTP/1.1" 200 952
179.57.78.55 - - [17/Dec/2025:09:08:39 -0300] "GET /cormun/servlet/hhome HTTP/1.1" 200 3980
179.57.78.55 - - [17/Dec/2025:09:08:42 -0300] "GET /cormun/servlet/trlicencias? HTTP/1.1" 200 10417
179.57.78.55 - - [17/Dec/2025:09:08:42 -0300] "GET /cormun/static/gxcfg.js?202211298463625 HTTP/1.1" 200 953
179.57.78.55 - - [17/Dec/2025:09:08:42 -0300] "GET /cormun/static/trlicencias.js?202211298463889 HTTP/1.1" 200 41883
190.95.67.93 - - [17/Dec/2025:09:08:59 -0300] "GET /cormun/servlet/permisogoce?UPD,11671454,P,20251210091824, HTTP/1.1" 200 7298
190.95.67.93 - - [17/Dec/2025:09:08:59 -0300] "GET /cormun/servlet/permisogoce?d79d24e71ddecd7bb6c77ac196d801ff392ce692a454ad16bf9211d08eff478bd05191888a163020d461a32f8a442d251edf842d0cb936a0d25fd9af230fae0a,gx-no-cache=1765973363244 HTTP/1.1" 200 92
179.57.78.71 - - [17/Dec/2025:09:09:04 -0300] "GET /cormun/servlet/hhome HTTP/1.1" 200 3325
179.57.78.71 - - [17/Dec/2025:09:09:04 -0300] "GET /cormun/servlet/hlogin HTTP/1.1" 200 1737
190.95.67.93 - - [17/Dec/2025:09:09:05 -0300] "GET /cormun/servlet/permisogoce?d79d24e71ddecd7bb6c77ac196d801ffa028cb8abf98299aeacd37ad8a04297e633dc2e18158b5d74bb0a70635f352cf2b744deac375cab2efc42859d053a7d5,gx-no-cache=1765973368624 HTTP/1.1" 200 48
190.95.67.93 - - [17/Dec/2025:09:09:09 -0300] "POST /cormun/servlet/permisogoce?561c93c02d78a8891330085d0e602783,UPD,11671454,P,20251210091824,,gx-no-cache=1765973372121 HTTP/1.1" 200 93
190.95.67.93 - - [17/Dec/2025:09:09:09 -0300] "GET /cormun/servlet/hpexe_return? HTTP/1.1" 200 1029
190.95.67.93 - - [17/Dec/2025:09:09:09 -0300] "GET /cormun/servlet/trpermisosgoce? HTTP/1.1" 200 9002
190.95.67.93 - - [17/Dec/2025:09:09:14 -0300] "GET /cormun/servlet/apermisogoceprn?11671454,P,20251210091824,PU HTTP/1.1" 200 1665
201.186.225.185 - - [17/Dec/2025:09:09:21 -0300] "POST /cormun/servlet/trlicencias?eee5e7d96d5b1db74d50b241afacf177,gx-no-cache=1765973384099 HTTP/1.1" 200 12155
190.95.1.185 - - [17/Dec/2025:09:09:44 -0300] "POST /cormun/servlet/trpermisosgoce?5b2c775c12db6ef0029512ea46462cad,gx-no-cache=1765973407172 HTTP/1.1" 200 16075
190.95.1.185 - - [17/Dec/2025:09:09:44 -0300] "GET /cormun/static/Shared/jqueryui/images/ui-icons_82798d_256x240.png HTTP/1.1" 404 1089
190.95.1.185 - - [17/Dec/2025:09:09:44 -0300] "GET /cormun/static/Shared/jqueryui/images/ui-bg_highlight-soft_100_c6c2c8_1x100.png HTTP/1.1" 404 1117
190.95.1.185 - - [17/Dec/2025:09:09:44 -0300] "GET /cormun/static/Shared/jqueryui/images/ui-bg_flat_55_fafafa_40x100.png HTTP/1.1" 404 1097
190.95.1.185 - - [17/Dec/2025:09:09:44 -0300] "GET /cormun/static/Shared/jqueryui/images/ui-icons_8d78a5_256x240.png HTTP/1.1" 404 1089
190.95.67.93 - - [17/Dec/2025:09:15:56 -0300] "GET /cormun/servlet/apermisogoceprn?11671454,P,20251210091719,PU HTTP/1.1" 200 1662
201.186.225.185 - - [17/Dec/2025:09:17:00 -0300] "POST /cormun/servlet/trlicencias?eee5e7d96d5b1db74d50b241afacf177,gx-no-cache=1765973843253 HTTP/1.1" 200 12154
190.95.2.163 - - [17/Dec/2025:09:20:18 -0300] "GET /cormun/servlet/hlogin HTTP/1.1" 200 1723
190.95.2.163 - - [17/Dec/2025:09:20:19 -0300] "GET /cormun/servlet/hlogin HTTP/1.1" 200 1733
190.95.2.163 - - [17/Dec/2025:09:20:22 -0300] "POST /cormun/servlet/hlogin?5ca2bc858180a1bf7efaa233d49c5b48,gx-no-cache=1765974045765 HTTP/1.1" 200 90
190.95.2.163 - - [17/Dec/2025:09:20:22 -0300] "GET /cormun/servlet/hpexe_link HTTP/1.1" 200 953
190.95.2.163 - - [17/Dec/2025:09:20:22 -0300] "GET /cormun/servlet/hhome HTTP/1.1" 200 3998
179.57.78.71 - - [17/Dec/2025:09:20:26 -0300] "GET /cormun/servlet/hlogin HTTP/1.1" 200 1720
179.57.78.71 - - [17/Dec/2025:09:20:29 -0300] "POST /cormun/servlet/hlogin?c8119c8890b90d864b40ac25ce7f9366,gx-no-cache=1765974053001 HTTP/1.1" 200 90
179.57.78.71 - - [17/Dec/2025:09:20:29 -0300] "GET /cormun/servlet/hpexe_link HTTP/1.1" 200 951
179.57.78.71 - - [17/Dec/2025:09:20:29 -0300] "GET /cormun/servlet/hhome HTTP/1.1" 200 4269
179.57.78.71 - - [17/Dec/2025:09:20:34 -0300] "GET /cormun/servlet/trsolicitudot? HTTP/1.1" 200 7483
179.57.78.71 - - [17/Dec/2025:09:20:34 -0300] "GET /cormun/static/gxcfg.js?20221129846531 HTTP/1.1" 200 953
179.57.78.71 - - [17/Dec/2025:09:20:34 -0300] "GET /cormun/static/trsolicitudot.js?202211298465651 HTTP/1.1" 200 54040
179.57.78.71 - - [17/Dec/2025:09:20:55 -0300] "GET /cormun/servlet/trlicencias? HTTP/1.1" 200 13385
190.95.2.163 - - [17/Dec/2025:09:21:11 -0300] "GET /cormun/servlet/trpermisosgoce? HTTP/1.1" 200 15646
190.95.2.163 - - [17/Dec/2025:09:21:12 -0300] "GET /cormun/static/gxcfg.js?2020121631564 HTTP/1.1" 200 953
190.95.2.163 - - [17/Dec/2025:09:21:12 -0300] "GET /cormun/static/trpermisosgoce.js?2020121633681 HTTP/1.1" 200 35904
190.95.2.163 - - [17/Dec/2025:09:21:12 -0300] "GET /cormun//static/Resources/PXToolsGridUpdate.png HTTP/1.1" 200 470
190.95.2.163 - - [17/Dec/2025:09:21:12 -0300] "GET /cormun//static/Resources/PXToolsGridDisplay.png HTTP/1.1" 200 525
190.95.2.163 - - [17/Dec/2025:09:21:12 -0300] "GET /cormun//static/Resources/PXToolsHeaderFavorites.png HTTP/1.1" 200 1414
190.95.2.163 - - [17/Dec/2025:09:21:12 -0300] "GET /cormun//static/Resources/PXToolsHeaderHelp.png HTTP/1.1" 200 1333
190.95.2.163 - - [17/Dec/2025:09:21:12 -0300] "GET /cormun//static/Resources/PXToolsActionPrint.png HTTP/1.1" 200 404
190.95.2.163 - - [17/Dec/2025:09:21:12 -0300] "GET /cormun//static/Resources/PXToolsGridDelete.png HTTP/1.1" 200 538
190.95.2.163 - - [17/Dec/2025:09:21:12 -0300] "GET /cormun//static/Resources/PXTools/ActionInsert.png HTTP/1.1" 200 1482
190.95.2.163 - - [17/Dec/2025:09:21:12 -0300] "GET /cormun//static/Resources/PXToolsActionDisabled.gif HTTP/1.1" 200 53
190.95.1.183 - - [17/Dec/2025:09:21:30 -0300] "POST /cormun/servlet/trlicencias?88e032e3dd93435f2a0bc9457e2b5f93,,gx-no-cache=1765974115471 HTTP/1.1" 440 972
190.95.1.183 - - [17/Dec/2025:09:21:32 -0300] "GET /cormun/servlet/trlicencias? HTTP/1.1" 200 6047
190.95.1.183 - - [17/Dec/2025:09:21:32 -0300] "GET /cormun/servlet/hlogin HTTP/1.1" 200 1737
190.95.1.183 - - [17/Dec/2025:09:21:37 -0300] "POST /cormun/servlet/hlogin?1ef12e208bd23e493cf44b5496ce85c0,gx-no-cache=1765974121807 HTTP/1.1" 200 90
190.95.1.183 - - [17/Dec/2025:09:21:37 -0300] "GET /cormun/servlet/hpexe_link HTTP/1.1" 200 955
190.95.1.183 - - [17/Dec/2025:09:21:37 -0300] "GET /cormun/servlet/trlicencias HTTP/1.1" 200 14340
190.95.1.183 - - [17/Dec/2025:09:21:43 -0300] "POST /cormun/servlet/trlicencias?1ef12e208bd23e493cf44b5496ce85c0,gx-no-cache=1765974128505 HTTP/1.1" 200 3887
190.95.1.183 - - [17/Dec/2025:09:21:56 -0300] "POST /cormun/servlet/trlicencias?1ef12e208bd23e493cf44b5496ce85c0,gx-no-cache=1765974140751 HTTP/1.1" 200 5194
179.57.78.71 - - [17/Dec/2025:09:22:20 -0300] "GET /cormun/servlet/hlogin HTTP/1.1" 200 1721
190.95.2.163 - - [17/Dec/2025:09:22:22 -0300] "POST /cormun/servlet/trpermisosgoce?5ca2bc858180a1bf7efaa233d49c5b48,,gx-no-cache=1765974165439 HTTP/1.1" 200 4191
190.95.2.163 - - [17/Dec/2025:09:22:23 -0300] "GET /cormun/static/menuarrow.gif HTTP/1.1" 404 1015
179.57.78.71 - - [17/Dec/2025:09:22:26 -0300] "POST /cormun/servlet/hlogin?2c84249fbf136b5f4a5c59cd9fec89c1,gx-no-cache=1765974169896 HTTP/1.1" 200 90
179.57.78.71 - - [17/Dec/2025:09:22:26 -0300] "GET /cormun/servlet/hpexe_link HTTP/1.1" 200 952
179.57.78.71 - - [17/Dec/2025:09:22:26 -0300] "GET /cormun/servlet/hhome HTTP/1.1" 200 4270
190.95.2.163 - - [17/Dec/2025:09:22:29 -0300] "POST /cormun/servlet/trpermisosgoce?5ca2bc858180a1bf7efaa233d49c5b48,,gx-no-cache=1765974172974 HTTP/1.1" 200 4190
179.57.78.71 - - [17/Dec/2025:09:22:29 -0300] "GET /cormun/servlet/trsolicitudot? HTTP/1.1" 200 7485
190.95.2.163 - - [17/Dec/2025:09:22:34 -0300] "POST /cormun/servlet/trpermisosgoce?5ca2bc858180a1bf7efaa233d49c5b48,,gx-no-cache=1765974177373 HTTP/1.1" 200 12864
179.57.78.71 - - [17/Dec/2025:09:22:36 -0300] "GET /cormun/servlet/solicitudot?INS,0,0,false, HTTP/1.1" 200 16270
179.57.78.71 - - [17/Dec/2025:09:22:36 -0300] "GET /cormun/static/gxcfg.js?20221129840861 HTTP/1.1" 200 953
179.57.78.71 - - [17/Dec/2025:09:22:36 -0300] "GET /cormun/static/Resources/prompt.gif HTTP/1.1" 200 902
179.57.78.71 - - [17/Dec/2025:09:22:36 -0300] "GET /cormun/static/solicitudot.js?20221129840983 HTTP/1.1" 200 74072
148.222.218.189 - - [17/Dec/2025:09:22:41 -0300] "GET /cormun/servlet/hlogin HTTP/1.1" 200 1720
148.222.218.189 - - [17/Dec/2025:09:22:41 -0300] "GET /cormun/servlet/hlogin HTTP/1.1" 200 1731
148.222.218.189 - - [17/Dec/2025:09:22:44 -0300] "POST /cormun/servlet/hlogin?7eb1ccf2a88f30ec13d9063351fce089,gx-no-cache=1765974187285 HTTP/1.1" 200 90
148.222.218.189 - - [17/Dec/2025:09:22:45 -0300] "GET /cormun/servlet/hpexe_link HTTP/1.1" 200 952
148.222.218.189 - - [17/Dec/2025:09:22:45 -0300] "GET /cormun/servlet/hhome HTTP/1.1" 200 4331
190.95.2.163 - - [17/Dec/2025:09:23:03 -0300] "POST /cormun/servlet/trpermisosgoce?5ca2bc858180a1bf7efaa233d49c5b48,,gx-no-cache=1765974207063 HTTP/1.1" 200 15641
190.95.2.163 - - [17/Dec/2025:09:23:03 -0300] "GET /cormun/static/Resources/PXToolsGridNext.gif HTTP/1.1" 200 369
190.95.2.163 - - [17/Dec/2025:09:23:03 -0300] "GET /cormun/static/Resources/PXToolsGridLast.gif HTTP/1.1" 200 370
148.222.218.189 - - [17/Dec/2025:09:23:04 -0300] "GET /cormun/servlet/trcontratounov2? HTTP/1.1" 200 17600
148.222.218.189 - - [17/Dec/2025:09:23:04 -0300] "GET /cormun/static/gxcfg.js?2020121614367 HTTP/1.1" 200 953
148.222.218.189 - - [17/Dec/2025:09:23:04 -0300] "GET /cormun/static/trcontratounov2.js?20201216143065 HTTP/1.1" 200 38486
148.222.218.189 - - [17/Dec/2025:09:23:04 -0300] "GET /cormun/static/Resources/PXToolsAddSelectedAction.png HTTP/1.1" 200 523
148.222.218.189 - - [17/Dec/2025:09:23:08 -0300] "GET /cormun/servlet/hhome HTTP/1.1" 200 4331
148.222.218.189 - - [17/Dec/2025:09:23:11 -0300] "GET /cormun/servlet/trcontratosolicitud? HTTP/1.1" 200 14702
148.222.218.189 - - [17/Dec/2025:09:23:11 -0300] "GET /cormun/static/gxcfg.js?202211298514361 HTTP/1.1" 200 953
148.222.218.189 - - [17/Dec/2025:09:23:11 -0300] "GET /cormun/static/trcontratosolicitud.js?202211298514531 HTTP/1.1" 200 28237
148.222.218.189 - - [17/Dec/2025:09:23:11 -0300] "GET /cormun//static/Resources/PXToolsGridNew.png HTTP/1.1" 200 427
179.57.78.71 - - [17/Dec/2025:09:23:32 -0300] "POST /cormun/servlet/solicitudot?gx-no-cache=1765974235854 HTTP/1.1" 200 4162
179.57.78.71 - - [17/Dec/2025:09:23:32 -0300] "POST /cormun/servlet/solicitudot?2c84249fbf136b5f4a5c59cd9fec89c1,INS,0,0,false,,gx-no-cache=1765974236017 HTTP/1.1" 200 13006
190.95.2.163 - - [17/Dec/2025:09:23:42 -0300] "POST /cormun/servlet/trpermisosgoce?5ca2bc858180a1bf7efaa233d49c5b48,,gx-no-cache=1765974245716 HTTP/1.1" 200 4203
190.95.2.163 - - [17/Dec/2025:09:23:43 -0300] "POST /cormun/servlet/trpermisosgoce?5ca2bc858180a1bf7efaa233d49c5b48,,gx-no-cache=1765974246803 HTTP/1.1" 200 4203
190.95.2.163 - - [17/Dec/2025:09:23:48 -0300] "POST /cormun/servlet/trpermisosgoce?5ca2bc858180a1bf7efaa233d49c5b48,,gx-no-cache=1765974251826 HTTP/1.1" 200 4202
179.57.78.71 - - [17/Dec/2025:09:23:54 -0300] "GET /cormun/servlet/solicitudot?609463d349393594b6d6d59f8dddaa6c81cc59baa137d9652dc3cdd85c00cce8180ab22f5f3a4b3043506c461e9365cb,gx-no-cache=1765974257373 HTTP/1.1" 200 30
179.57.78.71 - - [17/Dec/2025:09:23:54 -0300] "GET /cormun/servlet/solicitudot?609463d349393594b6d6d59f8dddaa6c84315ed9bcdfa13b503e61dc8db4c6aeb8e96e844a31b0d881d14ea6b125c2f4eb8152306a3c4b6a43ab89d9675e9f85,gx-no-cache=1765974257418 HTTP/1.1" 200 30
179.57.78.71 - - [17/Dec/2025:09:23:54 -0300] "GET /cormun/servlet/solicitudot?609463d349393594b6d6d59f8dddaa6ca69c7b4eebc80f7fc4e2c1fa2c15e7e8,gx-no-cache=1765974257440 HTTP/1.1" 200 53
190.95.2.163 - - [17/Dec/2025:09:23:54 -0300] "POST /cormun/servlet/trpermisosgoce?5ca2bc858180a1bf7efaa233d49c5b48,,gx-no-cache=1765974258146 HTTP/1.1" 200 15642
190.95.2.163 - - [17/Dec/2025:09:23:58 -0300] "GET /cormun/servlet/trlicencias? HTTP/1.1" 200 10160
190.95.2.163 - - [17/Dec/2025:09:23:59 -0300] "GET /cormun/static/gxcfg.js?202211298463625 HTTP/1.1" 200 953
190.95.2.163 - - [17/Dec/2025:09:23:59 -0300] "GET /cormun/static/trlicencias.js?202211298463889 HTTP/1.1" 200 41883
192.168.10.19 - - [17/Dec/2025:09:24:02 -0300] "POST /cormun/servlet/vesolicitudgral?b0c50dd0e3e3e08799ac6879c5951c90,2025,23158,,,gx-no-cache=1765974318008 HTTP/1.1" 440 972
192.168.10.19 - - [17/Dec/2025:09:24:03 -0300] "GET /cormun/servlet/vesolicitudgral?2025,23158,, HTTP/1.1" 200 7751
192.168.10.19 - - [17/Dec/2025:09:24:04 -0300] "GET /cormun/pexe_scrolldiv.js HTTP/1.1" 404 1009
192.168.10.19 - - [17/Dec/2025:09:24:05 -0300] "GET /cormun/servlet/hlogin HTTP/1.1" 200 1715
192.168.10.19 - - [17/Dec/2025:09:24:09 -0300] "POST /cormun/servlet/hlogin?009ff43c5369408756786fcd938de2c9,gx-no-cache=1765974324613 HTTP/1.1" 200 90
192.168.10.19 - - [17/Dec/2025:09:24:09 -0300] "GET /cormun/servlet/hpexe_link HTTP/1.1" 200 962
192.168.10.19 - - [17/Dec/2025:09:24:09 -0300] "GET /cormun/servlet/vesolicitudgral?2025,23158,, HTTP/1.1" 200 8265
192.168.10.19 - - [17/Dec/2025:09:24:09 -0300] "GET /cormun/pexe_scrolldiv.js HTTP/1.1" 404 1009
190.95.2.163 - - [17/Dec/2025:09:24:11 -0300] "POST /cormun/servlet/trlicencias?5ca2bc858180a1bf7efaa233d49c5b48,,gx-no-cache=1765974274924 HTTP/1.1" 200 4161
192.168.10.19 - - [17/Dec/2025:09:24:11 -0300] "GET /cormun/servlet/trsolicitudgral? HTTP/1.1" 200 9723
190.95.2.163 - - [17/Dec/2025:09:24:13 -0300] "GET /cormun/static/menuarrow.gif HTTP/1.1" 404 1015
192.168.10.19 - - [17/Dec/2025:09:24:14 -0300] "GET /cormun/servlet/vesolicitudgral?2025,23158,, HTTP/1.1" 200 8264
192.168.10.19 - - [17/Dec/2025:09:24:14 -0300] "GET /cormun/pexe_scrolldiv.js HTTP/1.1" 404 1009
192.168.10.19 - - [17/Dec/2025:09:24:16 -0300] "GET /cormun/servlet/trsolicitudgral? HTTP/1.1" 200 9723
190.95.2.163 - - [17/Dec/2025:09:24:17 -0300] "POST /cormun/servlet/trlicencias?5ca2bc858180a1bf7efaa233d49c5b48,,gx-no-cache=1765974281210 HTTP/1.1" 200 5689
192.168.10.19 - - [17/Dec/2025:09:24:24 -0300] "POST /cormun/servlet/trsolicitudgral?009ff43c5369408756786fcd938de2c9,,gx-no-cache=1765974339368 HTTP/1.1" 200 5476
192.168.10.19 - - [17/Dec/2025:09:24:24 -0300] "GET /cormun/static/Shared/jqueryui/images/ui-bg_highlight-soft_100_c6c2c8_1x100.png HTTP/1.1" 404 1117
192.168.10.19 - - [17/Dec/2025:09:24:24 -0300] "GET /cormun/static/Shared/jqueryui/images/ui-icons_82798d_256x240.png HTTP/1.1" 404 1089
192.168.10.19 - - [17/Dec/2025:09:24:24 -0300] "GET /cormun/static/Shared/jqueryui/images/ui-icons_8d78a5_256x240.png HTTP/1.1" 404 1089
192.168.10.19 - - [17/Dec/2025:09:24:24 -0300] "GET /cormun/static/Shared/jqueryui/images/ui-bg_flat_55_fafafa_40x100.png HTTP/1.1" 404 1097
192.168.10.19 - - [17/Dec/2025:09:24:25 -0300] "GET /cormun/servlet/trautorizarot? HTTP/1.1" 200 9572
192.168.10.19 - - [17/Dec/2025:09:24:27 -0300] "POST /cormun/servlet/trautorizarot?009ff43c5369408756786fcd938de2c9,,gx-no-cache=1765974342743 HTTP/1.1" 200 5338
192.168.10.19 - - [17/Dec/2025:09:24:28 -0300] "GET /cormun/servlet/trsolicitudgral? HTTP/1.1" 200 8304
190.95.2.163 - - [17/Dec/2025:09:24:30 -0300] "POST /cormun/servlet/trlicencias?5ca2bc858180a1bf7efaa233d49c5b48,,gx-no-cache=1765974293756 HTTP/1.1" 200 6815
179.57.78.71 - - [17/Dec/2025:09:24:55 -0300] "POST /cormun/servlet/solicitudot?gx-no-cache=1765974319269 HTTP/1.1" 200 240
179.57.78.71 - - [17/Dec/2025:09:24:56 -0300] "GET /cormun/servlet/solicitudot?609463d349393594b6d6d59f8dddaa6cca301b724f56d3bf0d87260259083976cc20111d92b1743f413064daf75becdd7cd775e7dc5130e2f64366559da52450b86f3471fc180ef75fcb537e132ae54c0bd72e0ced592c092c5259f6e782095481780f035316a5ea7cdff2ada16608df158171cfeebb9e64bcbeb79f1f0054eb6f89634807322588bb9892720d3edaf8a5645637206d77b2e91da0237f19993c82d0729c4207698af16408eac806020c4568d5facb8d4bc4676d175dfc13eac4db3b20b97c0cccdc20b6005f48ddcc06194d3c312339a943b68f3f66b884484619354d8852bab16e5873aa571307749f644fec5c4b7c0c1c43922adb65756d9a3b455c45918810d194949847174d1330b62b160b792faab4fabb29bb1fa69bb355b073356e59a44009c36679f0803acaeb835387aa83c15de9638cb15879140099395d85cfc9b5ada086f84ceb933af283b53bb5e19b1440c7eb2a75c3bc4c1c2f47c5b1c4bc4da5c72dfbd24af7c0f82d9e7367548a94200ff6aa1c7205ce4d,gx-no-cache=1765974319315 HTTP/1.1" 200 30
179.57.78.71 - - [17/Dec/2025:09:24:56 -0300] "POST /cormun/servlet/solicitudot?gx-no-cache=1765974319346 HTTP/1.1" 200 30
179.57.78.71 - - [17/Dec/2025:09:24:56 -0300] "POST /cormun/servlet/solicitudot?gx-no-cache=1765974319377 HTTP/1.1" 200 1480
179.57.78.71 - - [17/Dec/2025:09:24:56 -0300] "POST /cormun/servlet/solicitudot?gx-no-cache=1765974319417 HTTP/1.1" 200 38
179.57.78.71 - - [17/Dec/2025:09:24:56 -0300] "GET /cormun/servlet/solicitudot?609463d349393594b6d6d59f8dddaa6cad594a711f7c43bd84305d696546caa66c12c2a8e2934358a5545564ccb7348fe674f23141a027ec328290491cac79a59eb6da81121d1989902e6758ddbdda4921d15266d497bdd537ad5a5f4adee37438a990e1709d13d6f8b1c95e41b4f5bc,gx-no-cache=1765974319441 HTTP/1.1" 200 110
179.57.78.71 - - [17/Dec/2025:09:25:03 -0300] "POST /cormun/servlet/solicitudot?gx-no-cache=1765974327278 HTTP/1.1" 200 79
179.57.78.71 - - [17/Dec/2025:09:25:10 -0300] "GET /cormun/servlet/solicitudot?609463d349393594b6d6d59f8dddaa6c8690989842410c67e27cbac490807cc9ebf32bba175ba937b497e83a94266340bbd0190e6a227eab245a968fde965a8144996422aa7891dbd3806f81edfab9feecd09ac7fa178bad10566ff377cb5e110243c16d770de846f78f30912a4913b1876e8dfd8ee985118bfe6e87d313d4ebdc2c8c158682265d5bc8733e590a9869a877837fd2c328f918343bfcf5d76ea3,gx-no-cache=1765974334127 HTTP/1.1" 200 29
179.57.78.71 - - [17/Dec/2025:09:25:27 -0300] "GET /cormun/servlet/solicitudot?609463d349393594b6d6d59f8dddaa6c8f0d128e3a7166bfd0be788a6b9ae441764d01697c9fe226a28859a17c268ed4,gx-no-cache=1765974351254 HTTP/1.1" 200 30
190.95.67.91 - - [17/Dec/2025:09:25:59 -0300] "POST /cormun/servlet/trlicencias?616080a89dabfba67b76b90f70101fe7,,gx-no-cache=1765974383302 HTTP/1.1" 440 972
190.95.67.91 - - [17/Dec/2025:09:26:00 -0300] "GET /cormun/servlet/trlicencias? HTTP/1.1" 200 6045
190.95.67.91 - - [17/Dec/2025:09:26:01 -0300] "GET /cormun/servlet/hlogin HTTP/1.1" 200 1736
190.95.67.91 - - [17/Dec/2025:09:26:07 -0300] "POST /cormun/servlet/hlogin?622e23573b041b63ceac8125d7b5f248,gx-no-cache=1765974391040 HTTP/1.1" 200 90
190.95.67.91 - - [17/Dec/2025:09:26:07 -0300] "GET /cormun/servlet/hpexe_link HTTP/1.1" 200 953
190.95.67.91 - - [17/Dec/2025:09:26:08 -0300] "GET /cormun/servlet/trlicencias HTTP/1.1" 200 17266
179.57.78.71 - - [17/Dec/2025:09:28:08 -0300] "POST /cormun/servlet/solicitudot?gx-no-cache=1765974512182 HTTP/1.1" 200 1480
179.57.78.71 - - [17/Dec/2025:09:28:08 -0300] "POST /cormun/servlet/solicitudot?gx-no-cache=1765974512250 HTTP/1.1" 200 41
179.57.78.71 - - [17/Dec/2025:09:28:08 -0300] "GET /cormun/servlet/solicitudot?609463d349393594b6d6d59f8dddaa6cad594a711f7c43bd84305d696546caa66c12c2a8e2934358a5545564ccb7348fe674f23141a027ec328290491cac79a59eb6da81121d1989902e6758ddbdda4921d15266d497bdd537ad5a5f4adee37438a990e1709d13d6f8b1c95e41b4f5bc,gx-no-cache=1765974512274 HTTP/1.1" 200 110
179.57.78.71 - - [17/Dec/2025:09:28:08 -0300] "POST /cormun/servlet/solicitudot?gx-no-cache=1765974512302 HTTP/1.1" 200 79
179.57.78.71 - - [17/Dec/2025:09:28:09 -0300] "POST /cormun/servlet/solicitudot?gx-no-cache=1765974512338 HTTP/1.1" 200 30
179.57.78.71 - - [17/Dec/2025:09:29:05 -0300] "POST /cormun/servlet/solicitudot?2c84249fbf136b5f4a5c59cd9fec89c1,INS,0,0,false,,gx-no-cache=1765974569094 HTTP/1.1" 200 13391
179.57.78.71 - - [17/Dec/2025:09:29:05 -0300] "GET /cormun/static/Shared/jqueryui/images/ui-bg_highlight-soft_100_c6c2c8_1x100.png HTTP/1.1" 404 1117
179.57.78.71 - - [17/Dec/2025:09:29:05 -0300] "GET /cormun/static/Shared/jqueryui/images/ui-icons_82798d_256x240.png HTTP/1.1" 404 1089
179.57.78.71 - - [17/Dec/2025:09:29:05 -0300] "GET /cormun/static/Shared/jqueryui/images/ui-bg_flat_55_994d53_40x100.png HTTP/1.1" 404 1097
179.57.78.71 - - [17/Dec/2025:09:29:05 -0300] "GET /cormun/static/Shared/jqueryui/images/ui-icons_ebccce_256x240.png HTTP/1.1" 404 1089
179.57.78.71 - - [17/Dec/2025:09:29:15 -0300] "POST /cormun/servlet/solicitudot?gx-no-cache=1765974578538 HTTP/1.1" 200 30
179.57.78.71 - - [17/Dec/2025:09:29:25 -0300] "POST /cormun/servlet/solicitudot?gx-no-cache=1765974589126 HTTP/1.1" 200 1480
179.57.78.71 - - [17/Dec/2025:09:29:25 -0300] "POST /cormun/servlet/solicitudot?gx-no-cache=1765974589167 HTTP/1.1" 200 41
179.57.78.71 - - [17/Dec/2025:09:29:25 -0300] "GET /cormun/servlet/solicitudot?609463d349393594b6d6d59f8dddaa6cad594a711f7c43bd84305d696546caa66c12c2a8e2934358a5545564ccb7348fe674f23141a027ec328290491cac79a59eb6da81121d1989902e6758ddbdda4921d15266d497bdd537ad5a5f4adee37438a990e1709d13d6f8b1c95e41b4f5bc,gx-no-cache=1765974589183 HTTP/1.1" 200 110
179.57.78.71 - - [17/Dec/2025:09:29:25 -0300] "POST /cormun/servlet/solicitudot?gx-no-cache=1765974589203 HTTP/1.1" 200 79
179.57.78.71 - - [17/Dec/2025:09:29:25 -0300] "GET /cormun/servlet/solicitudot?609463d349393594b6d6d59f8dddaa6c8f0d128e3a7166bfd0be788a6b9ae441764d01697c9fe226a28859a17c268ed4,gx-no-cache=1765974589231 HTTP/1.1" 200 30
179.57.78.71 - - [17/Dec/2025:09:29:25 -0300] "POST /cormun/servlet/solicitudot?gx-no-cache=1765974589252 HTTP/1.1" 200 30
179.57.78.71 - - [17/Dec/2025:09:29:26 -0300] "POST /cormun/servlet/solicitudot?2c84249fbf136b5f4a5c59cd9fec89c1,INS,0,0,false,,gx-no-cache=1765974589276 HTTP/1.1" 200 93
179.57.78.71 - - [17/Dec/2025:09:29:26 -0300] "GET /cormun/servlet/hpexe_return? HTTP/1.1" 200 1010
179.57.78.71 - - [17/Dec/2025:09:29:26 -0300] "GET /cormun/static/gxcfg.js?20221129846035 HTTP/1.1" 200 953
179.57.78.71 - - [17/Dec/2025:09:29:26 -0300] "GET /cormun/static/hpexe_return.js?20221129846037 HTTP/1.1" 200 1633
179.57.78.71 - - [17/Dec/2025:09:29:26 -0300] "GET /cormun/servlet/trsolicitudot HTTP/1.1" 200 8935
179.57.78.71 - - [17/Dec/2025:09:29:27 -0300] "GET /cormun//static/Resources/PXToolsActionView.png HTTP/1.1" 200 398
179.57.78.71 - - [17/Dec/2025:09:29:27 -0300] "GET /cormun//static/Resources/PXToolsGridUpdate.png HTTP/1.1" 200 470
179.57.78.71 - - [17/Dec/2025:09:29:27 -0300] "GET /cormun//static/Resources/PXToolsGridDelete.png HTTP/1.1" 200 538
179.57.78.71 - - [17/Dec/2025:09:29:27 -0300] "GET /cormun//static/Resources/PXToolsRemoveAllAction.png HTTP/1.1" 200 487
179.57.78.71 - - [17/Dec/2025:09:29:46 -0300] "POST /cormun/servlet/trsolicitudot?2c84249fbf136b5f4a5c59cd9fec89c1,gx-no-cache=1765974609888 HTTP/1.1" 200 4882
179.57.78.71 - - [17/Dec/2025:09:29:46 -0300] "GET /cormun/static/Shared/jqueryui/images/ui-bg_flat_55_fafafa_40x100.png HTTP/1.1" 404 1097
179.57.78.71 - - [17/Dec/2025:09:29:46 -0300] "GET /cormun/static/Shared/jqueryui/images/ui-icons_8d78a5_256x240.png HTTP/1.1" 404 1089
179.57.78.71 - - [17/Dec/2025:09:29:46 -0300] "POST /cormun/servlet/trsolicitudot?2c84249fbf136b5f4a5c59cd9fec89c1,gx-no-cache=1765974610025 HTTP/1.1" 200 4611
172.225.83.59 - - [17/Dec/2025:09:30:14 -0300] "GET /cormun/servlet/hlogin HTTP/1.1" 200 1716
172.225.83.59 - - [17/Dec/2025:09:30:23 -0300] "POST /cormun/servlet/hlogin?dcd76ed67b27b8fc90d444b549c6c909,gx-no-cache=1765974646118 HTTP/1.1" 200 90
172.225.83.59 - - [17/Dec/2025:09:30:23 -0300] "GET /cormun/servlet/hpexe_link HTTP/1.1" 200 948
172.225.83.59 - - [17/Dec/2025:09:30:23 -0300] "GET /cormun/servlet/hhome HTTP/1.1" 200 4266
190.95.1.183 - - [17/Dec/2025:09:30:34 -0300] "POST /cormun/servlet/trlicencias?1ef12e208bd23e493cf44b5496ce85c0,gx-no-cache=1765974658920 HTTP/1.1" 200 5193
190.95.67.93 - - [17/Dec/2025:09:31:31 -0300] "POST /cormun/servlet/trpermisosgoce?561c93c02d78a8891330085d0e602783,,gx-no-cache=1765974714930 HTTP/1.1" 200 16092
190.95.67.93 - - [17/Dec/2025:09:31:33 -0300] "GET /cormun/servlet/permisogoce?INS,0,,, HTTP/1.1" 200 7231
172.225.83.59 - - [17/Dec/2025:09:32:18 -0300] "ÿû瀂(Pªg×k«èõ=''²YøìPó< Á5Ì~Íp øx¬ Á²âê#¤9zÆÉò·vª¹óF»Ž `ÙÙñ*ÊÊÀ,À+Ì©À0À/̨À " 400 -
172.225.83.59 - - [17/Dec/2025:09:32:18 -0300] "GET /cormun/servlet/trautorizarsolicitud? HTTP/1.1" 200 9310
172.225.83.59 - - [17/Dec/2025:09:32:20 -0300] "GET /apple-touch-icon-precomposed.png HTTP/1.1" 404 1025
172.225.83.59 - - [17/Dec/2025:09:32:20 -0300] "ÿûq—ÁU<ø"“^DçkWQ±þ¬žzÁ“[Ñ\\ö,S Q™èž ùk KÛU·ÙQý-†@:lÏ17øšTB¤*jjÀ,À+Ì©À0À/̨À " 400 -
172.225.83.59 - - [17/Dec/2025:09:32:20 -0300] "ÿûRÝ&J·óÕÞÆ)˜²0èî'–ä¦Ì³ÔËÞ ’ U›LH4 fy%§Öt”9ïú5!j´hÅFÆ*ŠŠÀ,À+Ì©À0À/̨À " 400 -
172.225.83.59 - - [17/Dec/2025:09:32:20 -0300] "GET /apple-touch-icon.png HTTP/1.1" 404 1001
172.225.83.59 - - [17/Dec/2025:09:32:20 -0300] "ÿû¢ÆsEés ·žàýÒEQ‚ q¡'+S¢KëЯ*. ™õP°ê <¦ØX]FpFY&MnìŽO‹Xmþ³ƒ*jjÀ,À+Ì©À0À/̨À " 400 -
172.225.83.59 - - [17/Dec/2025:09:32:21 -0300] "GET /favicon.ico HTTP/1.1" 200 21630
172.225.83.59 - - [17/Dec/2025:09:32:23 -0300] "POST /cormun/servlet/trautorizarsolicitud?dcd76ed67b27b8fc90d444b549c6c909,,gx-no-cache=1765974766769 HTTP/1.1" 200 6033
172.225.83.59 - - [17/Dec/2025:09:32:24 -0300] "GET /cormun/static/Shared/jqueryui/images/ui-bg_highlight-soft_100_c6c2c8_1x100.png HTTP/1.1" 404 1117
172.225.83.59 - - [17/Dec/2025:09:32:24 -0300] "ÿû—©½SÜ}-!äm “7Sû<Œ@/5åÓÔQáð –Ëg¥ìÆ$x¨¡Úáˆt¡ˆ¨¿kY— ¶ˆ8ÒID|*ŠŠÀ,À+Ì©À0À/̨À" 400 -
172.225.83.59 - - [17/Dec/2025:09:32:24 -0300] "-" 400 -
172.225.83.59 - - [17/Dec/2025:09:32:24 -0300] "-" 400 -
172.225.83.59 - - [17/Dec/2025:09:32:24 -0300] "ÿû‡\UJÖÆ§NëH„ÅK:t‹ô±™» +•žfZ 2ý‡Ü®p5º°']Êj֚Ÿ_ïŒF# úû‹³*ººÀ,À+Ì©À0À/̨À" 400 -
172.225.83.59 - - [17/Dec/2025:09:32:24 -0300] "GET /cormun/static/Shared/jqueryui/images/ui-icons_82798d_256x240.png HTTP/1.1" 404 1089
172.225.83.59 - - [17/Dec/2025:09:32:24 -0300] "ÿûκeý[ô—™æ£-u»ÞDk¾JêàI`4n * &œ.º¿ ‹Õÿ˦ ¸üZ½…’Çz‰ÚœÕ" 400 -
172.225.83.59 - - [17/Dec/2025:09:32:24 -0300] "ÿûŽ5 ¾#t¥Q÷K ¯ì¾p∠¨š½ˆƒs¤ ïè uGå ߘ"̃ÌF‘îÐB wÌ 9ïä%¥Ð*ššÀ,À+Ì©À0À/̨À" 400 -
172.225.83.59 - - [17/Dec/2025:09:32:24 -0300] "ÿû읦 ǶQ‰$DXI£Þ²&[çÈ¥5t¸ " 400 -
172.225.83.59 - - [17/Dec/2025:09:32:25 -0300] "GET /cormun/static/Shared/jqueryui/images/ui-bg_flat_55_fafafa_40x100.png HTTP/1.1" 404 1097
172.225.83.59 - - [17/Dec/2025:09:32:25 -0300] "ÿûœ«œ¬ê{Úç(bB¾@óGïÞª![½'h7ôOR2Þ »=$)m¢2½X©‰Æ¾ " 400 -
172.225.83.59 - - [17/Dec/2025:09:32:25 -0300] "ÿûpüæ$&G˜ö¥Õ-I“_ dƒÞmã"c†“Gaß|p„ œ²)±°BµÉ-óäõÎJ/»ôKûŸß—ÿ+Ã*ššÀ,À+Ì©À0À/̨À" 400 -
172.225.83.59 - - [17/Dec/2025:09:32:25 -0300] "GET /cormun/static/Shared/jqueryui/images/ui-icons_8d78a5_256x240.png HTTP/1.1" 404 1089
172.225.83.59 - - [17/Dec/2025:09:32:25 -0300] "ÿûöž¤°ö‡d‹i¢Ð†`>Ií´fñ¹Ÿç¥>¢­™ƒVÌ n“>rEÁ6Ÿj©cY±€ ê|xhQ¹æSÉ(™9ý@*JJÀ,À+Ì©À0À/̨À" 400 -
172.225.83.59 - - [17/Dec/2025:09:32:28 -0300] "GET /cormun/servlet/trautorizarsolicitud? HTTP/1.1" 200 8813
172.225.83.59 - - [17/Dec/2025:09:32:28 -0300] "ÿû³ó!ç?Ç/”ŽœôâRDvÓÖw|º¥È²„fi7 ;šJQn(– " 400 -
172.225.83.59 - - [17/Dec/2025:09:32:28 -0300] "ÿûýKïghB<Ó%ŒÅ1«Ó9áOœö^$¹vƒÜE »Kpt¢Œ¦ÒÕ! rÞüHÔ" 400 -
172.225.83.59 - - [17/Dec/2025:09:32:28 -0300] "ÿû/5jíHˋ}w9ÕLKENCw‰]J Á÷*åù"í ¸;ª¬Sý‹è{Oa©Ø»YßÿhXÇÏóŽ" 400 -
172.225.83.59 - - [17/Dec/2025:09:32:28 -0300] "ÿûº¼µŽnl<Öfð¾†.ÓºM3Â.ºíZ®¶.§­:¡à Ÿ–!®ÅÒ­ " 400 -
172.225.83.59 - - [17/Dec/2025:09:32:28 -0300] "GET /cormun/static/Shared/jqueryui/images/ui-icons_82798d_256x240.png HTTP/1.1" 404 1089
172.225.83.59 - - [17/Dec/2025:09:32:28 -0300] "-" 400 -
172.225.83.59 - - [17/Dec/2025:09:32:28 -0300] "ÿûÑô´!@ìv®u¹fÛH,}óÙáy£#!=Yl‘|sÀ( R¥8•*MÆYp0‡œI&äiJåªg—–t等*úúÀ,À+Ì©À0À/̨À " 400 -
172.225.83.59 - - [17/Dec/2025:09:32:28 -0300] "ÿûˆH¥`€$¢h_ÚÖý~+°ë#ÑG¨è Ç(‡ÉC Ü " 400 -
172.225.83.59 - - [17/Dec/2025:09:32:28 -0300] "ÿûXK_¬©žo†r§¤žåUF?%ˆà4ÈZ~õL¦Û N•%nª›èJ[7>YÌD6£ôyXè!Hó¹€’CªD*ÚÚÀ,À+Ì©À0À/̨À " 400 -
172.225.83.59 - - [17/Dec/2025:09:32:28 -0300] "ÿûÄià½Mð-„gv++P#Gœ§æà4:[3A!‘ÆÈÃÑl dxNYÅe¡'YTžEÁRšlª™aÃáÕË®ò‚q6*ÚÚÀ,À+Ì©À0À/̨À " 400 -
172.225.83.59 - - [17/Dec/2025:09:32:28 -0300] "GET /cormun/static/Shared/jqueryui/images/ui-bg_flat_55_fafafa_40x100.png HTTP/1.1" 404 1097
172.225.83.59 - - [17/Dec/2025:09:32:28 -0300] "ÿû›ý(O¦Ò?8Æi7Ív“íSNÝËV<ùA¹RˆùU ÓèS²ó4x,*V(=è¿9ñýç|–—r¨m_C Í*ÊÊÀ,À+Ì©À0À/̨À" 400 -
172.225.83.59 - - [17/Dec/2025:09:32:28 -0300] "ÿû9Z#_ cÄE â+zΒh—Á%y´ó€Ñ¿þâZ8wA ”saÆR9q†®ÏˆÁ+ˆ›ÙѪfÅÆØUê˪S-*Å*ššÀ,À+Ì©À0À/̨À " 400 -
172.225.83.59 - - [17/Dec/2025:09:32:28 -0300] "ÿûy%í¿Ð¸Í;Cü –a”h¢­Œ‘y¥Rg†ƒ>Œ óÃáŠã•cCþÏc™Àɲ°`Ȏ‡öAµv›ý " 400 -
172.225.83.59 - - [17/Dec/2025:09:32:28 -0300] "ÿûkÎÞöµ Ó]˜¹û‹}^.™]8b©nf7NO^Ñ ÞdÚèL g÷ø*ޘW³Ž‘$¤f{Îiàï$ ¾*ŠŠÀ,À+Ì©À0À/̨À" 400 -
172.225.83.59 - - [17/Dec/2025:09:32:28 -0300] "ÿû†ÉW]?u¬ˆuòkˆB“ÁÚÃ*ÌÍ>=Ž"yì۝jÝ ¼ÖA¼™Ö!c”©3)YšìôéHÛ£qĈ"–¦*jjÀ,À+Ì©À0À/̨À " 400 -
172.225.83.59 - - [17/Dec/2025:09:32:29 -0300] "GET /cormun/static/Shared/jqueryui/images/ui-icons_8d78a5_256x240.png HTTP/1.1" 404 1089
172.225.83.59 - - [17/Dec/2025:09:32:29 -0300] "ÿû ªåCÛó²AoÈ_•þ{û×ñÙé#ú¸z¨:l¶7É æØÀÝC[vD„™¼gçUlcטºÆ9 ìk’Ÿã*ÊÊÀ,À+Ì©À0À/̨À " 400 -
172.225.83.59 - - [17/Dec/2025:09:32:29 -0300] "ÿûbOPè(kiWý/ mîé¤Ô±©Õ‹ 6x®Ì÷£à£‡  O¨dÙ.׏'¢ÿŽ½,tã9SzZ^ö—,ë"=Ô*À,À+Ì©À0À/̨À" 400 -
172.225.83.59 - - [17/Dec/2025:09:32:29 -0300] "ÿûEü¿bÅ&kQ“ŽÔºÐׂ*_tÞ)ê¬H˜âs H·gíýŒ&ç7J%Ë(¢}R£rÌú¯ÀGþ*ššÀ,À+Ì©À0À/̨À " 400 -
172.225.83.59 - - [17/Dec/2025:09:32:29 -0300] "ÿûuS«Ž:m7ûX„?@yãç/ê¹(ªŽ>Ë]wiyw4x) 0ºŒÃµ ð»-Þ`VyÀ×4¼Æ " 400 -
172.225.83.59 - - [17/Dec/2025:09:32:29 -0300] "-" 400 -
172.225.83.59 - - [17/Dec/2025:09:32:29 -0300] "GET /cormun/static/Shared/jqueryui/images/ui-bg_highlight-soft_100_c6c2c8_1x100.png HTTP/1.1" 404 1117
172.225.83.59 - - [17/Dec/2025:09:32:30 -0300] "POST /cormun/servlet/trautorizarsolicitud?dcd76ed67b27b8fc90d444b549c6c909,,gx-no-cache=1765974773211 HTTP/1.1" 200 4798
172.225.83.59 - - [17/Dec/2025:09:32:30 -0300] "POST /cormun/servlet/trautorizarsolicitud?dcd76ed67b27b8fc90d444b549c6c909,,gx-no-cache=1765974773844 HTTP/1.1" 200 4530
190.95.67.93 - - [17/Dec/2025:09:33:06 -0300] "GET /cormun/servlet/permisogoce?d79d24e71ddecd7bb6c77ac196d801ffefffb1df7e8c715a3a00407c4b488dcb7883fdeeac894509e7bebf6f6ee7cec38e67373d1daa8b21a70ec92f909c30fd,gx-no-cache=1765974809419 HTTP/1.1" 200 77
192.168.10.19 - - [17/Dec/2025:09:33:12 -0300] "GET /cormun/servlet/trsolicitudgral? HTTP/1.1" 200 10201
190.95.67.93 - - [17/Dec/2025:09:33:17 -0300] "GET /cormun/static/menuarrow.gif HTTP/1.1" 404 1015
190.95.67.93 - - [17/Dec/2025:09:33:22 -0300] "GET /cormun/servlet/permisogoce?d79d24e71ddecd7bb6c77ac196d801ff4576b69e9c2c2c01b4704530e3e2779f97cbf84af0bf9667bc4bfad1e8acba48a866187ac57f515d4cdd4108886dedb2,gx-no-cache=1765974825699 HTTP/1.1" 200 48
190.95.67.93 - - [17/Dec/2025:09:33:25 -0300] "POST /cormun/servlet/permisogoce?561c93c02d78a8891330085d0e602783,INS,0,,,,gx-no-cache=1765974828238 HTTP/1.1" 200 93
172.225.83.59 - - [17/Dec/2025:09:33:25 -0300] "ÿû«Ç»£|aí®ÂS’rjâgSX›`îßÀ} 7«•YO óµí-'Ô1ƒ-L" 400 -
190.95.67.93 - - [17/Dec/2025:09:33:25 -0300] "GET /cormun/servlet/hpexe_return? HTTP/1.1" 200 1010
172.225.83.59 - - [17/Dec/2025:09:33:26 -0300] "GET /cormun/servlet/trlicencias? HTTP/1.1" 200 13356
190.95.67.93 - - [17/Dec/2025:09:33:26 -0300] "GET /cormun/servlet/trpermisosgoce? HTTP/1.1" 200 18918
192.168.10.19 - - [17/Dec/2025:09:33:28 -0300] "GET /cormun/servlet/vesolicitudgral?2025,23149,, HTTP/1.1" 200 8345
192.168.10.19 - - [17/Dec/2025:09:33:28 -0300] "GET /cormun/pexe_scrolldiv.js HTTP/1.1" 404 1009
190.95.67.93 - - [17/Dec/2025:09:33:30 -0300] "GET /cormun/servlet/apermisogoceprn?12658701,P,20251217093248,PU HTTP/1.1" 200 1663
172.225.83.59 - - [17/Dec/2025:09:34:12 -0300] "-" 400 -
172.225.83.59 - - [17/Dec/2025:09:34:12 -0300] "GET /cormun/servlet/hlogin HTTP/1.1" 200 1734
190.95.1.185 - - [17/Dec/2025:09:35:50 -0300] "GET /cormun/servlet/trpermisosadjuntos?8721654,20251216090205,P, HTTP/1.1" 200 6826
190.95.1.185 - - [17/Dec/2025:09:35:52 -0300] "GET /cormun/servlet/permisosadjuntos?INS,8721654,P,20251216090205,, HTTP/1.1" 200 6126
190.95.1.185 - - [17/Dec/2025:09:35:52 -0300] "GET /cormun/static/about:blank HTTP/1.1" 404 1011
190.95.1.185 - - [17/Dec/2025:09:36:08 -0300] "POST /cormun/servlet/permisosadjuntos?5b2c775c12db6ef0029512ea46462cad,INS,8721654,P,20251216090205,, HTTP/1.1" 200 116
190.95.1.185 - - [17/Dec/2025:09:36:08 -0300] "GET /cormun/servlet/hpexe_return? HTTP/1.1" 200 1037
