190.95.67.93 - - [17/Dec/2025:11:50:00 -0300] "GET /cormun/servlet/trautorizarpermisogoce? HTTP/1.1" 200 18016
190.95.67.93 - - [17/Dec/2025:11:50:00 -0300] "GET /cormun/static/gxcfg.js?2020121645532 HTTP/1.1" 200 953
190.95.67.93 - - [17/Dec/2025:11:50:00 -0300] "GET /cormun/static/trautorizarpermisogoce.js?2020121651492 HTTP/1.1" 200 34948
190.95.2.163 - - [17/Dec/2025:11:50:03 -0300] "GET /cormun/servlet/permisosadjuntos?INS,16988200,P,20251216161244,, HTTP/1.1" 200 5638
190.95.2.163 - - [17/Dec/2025:11:50:03 -0300] "GET /cormun/static/about:blank HTTP/1.1" 404 1011
190.95.67.93 - - [17/Dec/2025:11:50:06 -0300] "POST /cormun/servlet/trautorizarpermisogoce?561c93c02d78a8891330085d0e602783,,gx-no-cache=1765983029205 HTTP/1.1" 200 15269
190.95.67.93 - - [17/Dec/2025:11:50:06 -0300] "GET /cormun/static/Shared/jqueryui/images/ui-bg_highlight-soft_100_c6c2c8_1x100.png HTTP/1.1" 404 1117
190.95.67.93 - - [17/Dec/2025:11:50:06 -0300] "GET /cormun/static/Shared/jqueryui/images/ui-icons_82798d_256x240.png HTTP/1.1" 404 1089
190.95.67.93 - - [17/Dec/2025:11:50:06 -0300] "GET /cormun/static/Shared/jqueryui/images/ui-icons_8d78a5_256x240.png HTTP/1.1" 404 1089
190.95.67.93 - - [17/Dec/2025:11:50:06 -0300] "GET /cormun/static/Shared/jqueryui/images/ui-bg_flat_55_fafafa_40x100.png HTTP/1.1" 404 1097
190.95.67.93 - - [17/Dec/2025:11:50:07 -0300] "POST /cormun/servlet/trautorizarpermisogoce?561c93c02d78a8891330085d0e602783,,gx-no-cache=1765983030492 HTTP/1.1" 200 15278
190.95.67.93 - - [17/Dec/2025:11:50:08 -0300] "POST /cormun/servlet/trautorizarpermisogoce?561c93c02d78a8891330085d0e602783,,gx-no-cache=1765983031523 HTTP/1.1" 200 15314
190.95.67.93 - - [17/Dec/2025:11:50:10 -0300] "POST /cormun/servlet/trautorizarpermisogoce?561c93c02d78a8891330085d0e602783,,gx-no-cache=1765983032867 HTTP/1.1" 200 15318
190.95.67.93 - - [17/Dec/2025:11:50:11 -0300] "POST /cormun/servlet/trautorizarpermisogoce?561c93c02d78a8891330085d0e602783,,gx-no-cache=1765983034035 HTTP/1.1" 200 15339
190.95.67.93 - - [17/Dec/2025:11:50:12 -0300] "POST /cormun/servlet/trautorizarpermisogoce?561c93c02d78a8891330085d0e602783,,gx-no-cache=1765983035371 HTTP/1.1" 200 15121
190.95.67.93 - - [17/Dec/2025:11:50:13 -0300] "POST /cormun/servlet/trautorizarpermisogoce?561c93c02d78a8891330085d0e602783,,gx-no-cache=1765983036650 HTTP/1.1" 200 14790
190.95.67.93 - - [17/Dec/2025:11:50:14 -0300] "POST /cormun/servlet/trautorizarpermisogoce?561c93c02d78a8891330085d0e602783,,gx-no-cache=1765983037762 HTTP/1.1" 200 14549
190.95.67.93 - - [17/Dec/2025:11:50:15 -0300] "POST /cormun/servlet/trautorizarpermisogoce?561c93c02d78a8891330085d0e602783,,gx-no-cache=1765983038803 HTTP/1.1" 200 14213
190.95.67.93 - - [17/Dec/2025:11:50:17 -0300] "POST /cormun/servlet/trautorizarpermisogoce?561c93c02d78a8891330085d0e602783,,gx-no-cache=1765983039890 HTTP/1.1" 200 14025
190.95.67.93 - - [17/Dec/2025:11:50:17 -0300] "POST /cormun/servlet/trautorizarpermisogoce?561c93c02d78a8891330085d0e602783,,gx-no-cache=1765983040795 HTTP/1.1" 200 13811
190.95.67.93 - - [17/Dec/2025:11:50:18 -0300] "POST /cormun/servlet/trautorizarpermisogoce?561c93c02d78a8891330085d0e602783,,gx-no-cache=1765983041714 HTTP/1.1" 200 13325
190.95.2.163 - - [17/Dec/2025:11:50:19 -0300] "POST /cormun/servlet/permisosadjuntos?45eb06016ae294217455e2fc9d98fc3d,INS,16988200,P,20251216161244,, HTTP/1.1" 200 116
190.95.2.163 - - [17/Dec/2025:11:50:19 -0300] "GET /cormun/servlet/hpexe_return? HTTP/1.1" 200 1040
190.95.2.163 - - [17/Dec/2025:11:50:19 -0300] "GET /cormun/servlet/trpermisosadjuntos?16988200,20251216161244,P, HTTP/1.1" 200 6775
190.95.67.93 - - [17/Dec/2025:11:50:19 -0300] "POST /cormun/servlet/trautorizarpermisogoce?561c93c02d78a8891330085d0e602783,,gx-no-cache=1765983042650 HTTP/1.1" 200 13086
190.95.2.163 - - [17/Dec/2025:11:50:24 -0300] "GET /cormun/servlet/trpermisosgoce? HTTP/1.1" 200 18379
190.95.67.93 - - [17/Dec/2025:11:50:25 -0300] "POST /cormun/servlet/trautorizarpermisogoce?561c93c02d78a8891330085d0e602783,,gx-no-cache=1765983048634 HTTP/1.1" 200 12881
190.95.67.93 - - [17/Dec/2025:11:50:31 -0300] "POST /cormun/servlet/trautorizarpermisogoce?561c93c02d78a8891330085d0e602783,,gx-no-cache=1765983054330 HTTP/1.1" 200 12673
190.95.67.93 - - [17/Dec/2025:11:50:32 -0300] "POST /cormun/servlet/trautorizarpermisogoce?561c93c02d78a8891330085d0e602783,,gx-no-cache=1765983055409 HTTP/1.1" 200 12316
190.95.67.93 - - [17/Dec/2025:11:50:33 -0300] "POST /cormun/servlet/trautorizarpermisogoce?561c93c02d78a8891330085d0e602783,,gx-no-cache=1765983056538 HTTP/1.1" 200 12090
190.95.2.163 - - [17/Dec/2025:11:50:34 -0300] "POST /cormun/servlet/trpermisosgoce?45eb06016ae294217455e2fc9d98fc3d,,gx-no-cache=1765983057768 HTTP/1.1" 200 15708
190.95.67.93 - - [17/Dec/2025:11:50:35 -0300] "POST /cormun/servlet/trautorizarpermisogoce?561c93c02d78a8891330085d0e602783,,gx-no-cache=1765983058081 HTTP/1.1" 200 11933
190.95.67.93 - - [17/Dec/2025:11:50:36 -0300] "POST /cormun/servlet/trautorizarpermisogoce?561c93c02d78a8891330085d0e602783,,gx-no-cache=1765983059097 HTTP/1.1" 200 11714
190.95.67.93 - - [17/Dec/2025:11:50:37 -0300] "POST /cormun/servlet/trautorizarpermisogoce?561c93c02d78a8891330085d0e602783,,gx-no-cache=1765983060081 HTTP/1.1" 200 11493
190.95.67.93 - - [17/Dec/2025:11:50:38 -0300] "POST /cormun/servlet/trautorizarpermisogoce?561c93c02d78a8891330085d0e602783,,gx-no-cache=1765983061177 HTTP/1.1" 200 11270
190.95.67.93 - - [17/Dec/2025:11:50:40 -0300] "POST /cormun/servlet/trautorizarpermisogoce?561c93c02d78a8891330085d0e602783,,gx-no-cache=1765983063674 HTTP/1.1" 200 11058
190.95.2.163 - - [17/Dec/2025:11:50:41 -0300] "GET /cormun/servlet/trpermisosadjuntos?17643645,20251216162504,P, HTTP/1.1" 200 6325
190.95.67.93 - - [17/Dec/2025:11:50:41 -0300] "POST /cormun/servlet/trautorizarpermisogoce?561c93c02d78a8891330085d0e602783,,gx-no-cache=1765983064761 HTTP/1.1" 200 10640
190.95.67.93 - - [17/Dec/2025:11:50:43 -0300] "POST /cormun/servlet/trautorizarpermisogoce?561c93c02d78a8891330085d0e602783,,gx-no-cache=1765983066129 HTTP/1.1" 200 10402
190.95.67.93 - - [17/Dec/2025:11:50:44 -0300] "POST /cormun/servlet/trautorizarpermisogoce?561c93c02d78a8891330085d0e602783,,gx-no-cache=1765983067161 HTTP/1.1" 200 10099
190.95.2.163 - - [17/Dec/2025:11:50:44 -0300] "GET /cormun/servlet/permisosadjuntos?INS,17643645,P,20251216162504,, HTTP/1.1" 200 5646
190.95.2.163 - - [17/Dec/2025:11:50:44 -0300] "GET /cormun/static/about:blank HTTP/1.1" 404 1011
190.95.67.93 - - [17/Dec/2025:11:50:45 -0300] "POST /cormun/servlet/trautorizarpermisogoce?561c93c02d78a8891330085d0e602783,,gx-no-cache=1765983068281 HTTP/1.1" 200 9700
190.95.67.93 - - [17/Dec/2025:11:50:46 -0300] "POST /cormun/servlet/trautorizarpermisogoce?561c93c02d78a8891330085d0e602783,,gx-no-cache=1765983069625 HTTP/1.1" 200 9451
190.95.67.93 - - [17/Dec/2025:11:50:48 -0300] "POST /cormun/servlet/trautorizarpermisogoce?561c93c02d78a8891330085d0e602783,,gx-no-cache=1765983070969 HTTP/1.1" 200 9239
190.95.67.93 - - [17/Dec/2025:11:50:49 -0300] "POST /cormun/servlet/trautorizarpermisogoce?561c93c02d78a8891330085d0e602783,,gx-no-cache=1765983072313 HTTP/1.1" 200 9031
190.95.67.93 - - [17/Dec/2025:11:50:51 -0300] "POST /cormun/servlet/trautorizarpermisogoce?561c93c02d78a8891330085d0e602783,,gx-no-cache=1765983074257 HTTP/1.1" 200 8799
190.95.67.93 - - [17/Dec/2025:11:50:53 -0300] "POST /cormun/servlet/trautorizarpermisogoce?561c93c02d78a8891330085d0e602783,,gx-no-cache=1765983076049 HTTP/1.1" 200 8578
190.95.67.93 - - [17/Dec/2025:11:50:54 -0300] "POST /cormun/servlet/trautorizarpermisogoce?561c93c02d78a8891330085d0e602783,,gx-no-cache=1765983077641 HTTP/1.1" 200 8168
190.95.67.93 - - [17/Dec/2025:11:50:56 -0300] "POST /cormun/servlet/trautorizarpermisogoce?561c93c02d78a8891330085d0e602783,,gx-no-cache=1765983079457 HTTP/1.1" 200 7968
190.95.67.93 - - [17/Dec/2025:11:50:57 -0300] "POST /cormun/servlet/trautorizarpermisogoce?561c93c02d78a8891330085d0e602783,,gx-no-cache=1765983080761 HTTP/1.1" 200 7596
190.95.67.93 - - [17/Dec/2025:11:50:59 -0300] "POST /cormun/servlet/trautorizarpermisogoce?561c93c02d78a8891330085d0e602783,,gx-no-cache=1765983082169 HTTP/1.1" 200 7373
190.95.2.163 - - [17/Dec/2025:11:50:59 -0300] "POST /cormun/servlet/permisosadjuntos?45eb06016ae294217455e2fc9d98fc3d,INS,17643645,P,20251216162504,, HTTP/1.1" 200 116
190.95.2.163 - - [17/Dec/2025:11:50:59 -0300] "GET /cormun/servlet/hpexe_return? HTTP/1.1" 200 1041
190.95.2.163 - - [17/Dec/2025:11:51:00 -0300] "GET /cormun/servlet/trpermisosadjuntos?17643645,20251216162504,P, HTTP/1.1" 200 6781
190.95.67.93 - - [17/Dec/2025:11:51:02 -0300] "POST /cormun/servlet/trautorizarpermisogoce?561c93c02d78a8891330085d0e602783,,gx-no-cache=1765983084995 HTTP/1.1" 200 7142
190.95.2.163 - - [17/Dec/2025:11:51:03 -0300] "GET /cormun/servlet/trpermisosgoce? HTTP/1.1" 200 18371
190.95.67.93 - - [17/Dec/2025:11:51:09 -0300] "POST /cormun/servlet/trautorizarpermisogoce?561c93c02d78a8891330085d0e602783,,gx-no-cache=1765983092681 HTTP/1.1" 200 6579
190.95.67.93 - - [17/Dec/2025:11:51:11 -0300] "POST /cormun/servlet/trautorizarpermisogoce?561c93c02d78a8891330085d0e602783,,gx-no-cache=1765983094681 HTTP/1.1" 200 6362
190.95.67.93 - - [17/Dec/2025:11:51:13 -0300] "POST /cormun/servlet/trautorizarpermisogoce?561c93c02d78a8891330085d0e602783,,gx-no-cache=1765983096265 HTTP/1.1" 200 6147
190.95.67.93 - - [17/Dec/2025:11:51:15 -0300] "POST /cormun/servlet/trautorizarpermisogoce?561c93c02d78a8891330085d0e602783,,gx-no-cache=1765983098009 HTTP/1.1" 200 5933
190.95.67.93 - - [17/Dec/2025:11:51:16 -0300] "POST /cormun/servlet/trautorizarpermisogoce?561c93c02d78a8891330085d0e602783,,gx-no-cache=1765983099337 HTTP/1.1" 200 5714
190.95.67.93 - - [17/Dec/2025:11:51:17 -0300] "POST /cormun/servlet/trautorizarpermisogoce?561c93c02d78a8891330085d0e602783,,gx-no-cache=1765983100473 HTTP/1.1" 200 5288
190.95.2.163 - - [17/Dec/2025:11:51:18 -0300] "POST /cormun/servlet/trpermisosgoce?45eb06016ae294217455e2fc9d98fc3d,,gx-no-cache=1765983102107 HTTP/1.1" 200 15698
190.95.67.93 - - [17/Dec/2025:11:51:18 -0300] "POST /cormun/servlet/trautorizarpermisogoce?561c93c02d78a8891330085d0e602783,,gx-no-cache=1765983101833 HTTP/1.1" 200 4526
190.95.67.93 - - [17/Dec/2025:11:51:22 -0300] "GET /cormun/servlet/trpermisosgoce? HTTP/1.1" 200 18962
190.95.2.163 - - [17/Dec/2025:11:51:29 -0300] "GET /cormun/servlet/trpermisosadjuntos?17643645,20251217105548,P, HTTP/1.1" 200 6327
190.95.67.93 - - [17/Dec/2025:11:51:31 -0300] "GET /cormun/servlet/trautorizarpermisogoce? HTTP/1.1" 200 7171
190.95.2.163 - - [17/Dec/2025:11:51:32 -0300] "GET /cormun/servlet/permisosadjuntos?INS,17643645,P,20251217105548,, HTTP/1.1" 200 5646
190.95.2.163 - - [17/Dec/2025:11:51:32 -0300] "GET /cormun/static/about:blank HTTP/1.1" 404 1011
190.95.67.93 - - [17/Dec/2025:11:51:35 -0300] "POST /cormun/servlet/trautorizarpermisogoce?561c93c02d78a8891330085d0e602783,,gx-no-cache=1765983118139 HTTP/1.1" 200 4397
190.95.67.93 - - [17/Dec/2025:11:51:38 -0300] "GET /cormun/static/menuarrow.gif HTTP/1.1" 404 1015
190.95.67.93 - - [17/Dec/2025:11:51:45 -0300] "POST /cormun/servlet/trautorizarpermisogoce?561c93c02d78a8891330085d0e602783,,gx-no-cache=1765983127954 HTTP/1.1" 200 15872
190.95.2.163 - - [17/Dec/2025:11:51:46 -0300] "POST /cormun/servlet/permisosadjuntos?45eb06016ae294217455e2fc9d98fc3d,INS,17643645,P,20251217105548,, HTTP/1.1" 200 116
190.95.2.163 - - [17/Dec/2025:11:51:46 -0300] "GET /cormun/servlet/hpexe_return? HTTP/1.1" 200 1042
190.95.2.163 - - [17/Dec/2025:11:51:46 -0300] "GET /cormun/servlet/trpermisosadjuntos?17643645,20251217105548,P, HTTP/1.1" 200 6781
190.95.2.163 - - [17/Dec/2025:11:51:53 -0300] "GET /cormun/servlet/trpermisosgoce? HTTP/1.1" 200 18358
190.95.2.163 - - [17/Dec/2025:11:51:57 -0300] "POST /cormun/servlet/trpermisosgoce?45eb06016ae294217455e2fc9d98fc3d,,gx-no-cache=1765983140853 HTTP/1.1" 200 15668
190.95.67.93 - - [17/Dec/2025:11:52:02 -0300] "POST /cormun/servlet/trautorizarpermisogoce?561c93c02d78a8891330085d0e602783,,gx-no-cache=1765983144995 HTTP/1.1" 200 15872
190.95.67.93 - - [17/Dec/2025:11:52:03 -0300] "POST /cormun/servlet/trautorizarpermisogoce?561c93c02d78a8891330085d0e602783,,gx-no-cache=1765983146170 HTTP/1.1" 200 15914
190.95.67.93 - - [17/Dec/2025:11:52:04 -0300] "POST /cormun/servlet/trautorizarpermisogoce?561c93c02d78a8891330085d0e602783,,gx-no-cache=1765983147593 HTTP/1.1" 200 15888
190.95.67.93 - - [17/Dec/2025:11:52:05 -0300] "POST /cormun/servlet/trautorizarpermisogoce?561c93c02d78a8891330085d0e602783,,gx-no-cache=1765983148849 HTTP/1.1" 200 15892
190.95.67.93 - - [17/Dec/2025:11:52:07 -0300] "POST /cormun/servlet/trautorizarpermisogoce?561c93c02d78a8891330085d0e602783,,gx-no-cache=1765983150122 HTTP/1.1" 200 15899
190.95.67.93 - - [17/Dec/2025:11:52:08 -0300] "POST /cormun/servlet/trautorizarpermisogoce?561c93c02d78a8891330085d0e602783,,gx-no-cache=1765983151281 HTTP/1.1" 200 15883
190.95.67.93 - - [17/Dec/2025:11:52:09 -0300] "POST /cormun/servlet/trautorizarpermisogoce?561c93c02d78a8891330085d0e602783,,gx-no-cache=1765983152393 HTTP/1.1" 200 15894
190.95.67.93 - - [17/Dec/2025:11:52:10 -0300] "POST /cormun/servlet/trautorizarpermisogoce?561c93c02d78a8891330085d0e602783,,gx-no-cache=1765983153610 HTTP/1.1" 200 15952
190.95.2.163 - - [17/Dec/2025:11:52:11 -0300] "GET /cormun/servlet/trpermisosadjuntos?14332322,20251209082126,P, HTTP/1.1" 200 6773
190.95.67.93 - - [17/Dec/2025:11:52:12 -0300] "POST /cormun/servlet/trautorizarpermisogoce?561c93c02d78a8891330085d0e602783,,gx-no-cache=1765983154993 HTTP/1.1" 200 15949
190.95.2.163 - - [17/Dec/2025:11:52:15 -0300] "GET /cormun/servlet/permisosadjuntos?INS,14332322,P,20251209082126,, HTTP/1.1" 200 5640
190.95.2.163 - - [17/Dec/2025:11:52:15 -0300] "GET /cormun/static/about:blank HTTP/1.1" 404 1011
190.95.67.93 - - [17/Dec/2025:11:52:17 -0300] "POST /cormun/servlet/trautorizarpermisogoce?561c93c02d78a8891330085d0e602783,,gx-no-cache=1765983160307 HTTP/1.1" 200 15918
190.95.67.93 - - [17/Dec/2025:11:52:18 -0300] "POST /cormun/servlet/trautorizarpermisogoce?561c93c02d78a8891330085d0e602783,,gx-no-cache=1765983161434 HTTP/1.1" 200 15913
190.95.67.93 - - [17/Dec/2025:11:52:19 -0300] "POST /cormun/servlet/trautorizarpermisogoce?561c93c02d78a8891330085d0e602783,,gx-no-cache=1765983162506 HTTP/1.1" 200 15950
190.95.67.93 - - [17/Dec/2025:11:52:28 -0300] "POST /cormun/servlet/trautorizarpermisogoce?561c93c02d78a8891330085d0e602783,,gx-no-cache=1765983171219 HTTP/1.1" 200 15872
190.95.67.93 - - [17/Dec/2025:11:52:29 -0300] "POST /cormun/servlet/trautorizarpermisogoce?561c93c02d78a8891330085d0e602783,,gx-no-cache=1765983172578 HTTP/1.1" 200 15838
190.95.67.93 - - [17/Dec/2025:11:52:30 -0300] "POST /cormun/servlet/trautorizarpermisogoce?561c93c02d78a8891330085d0e602783,,gx-no-cache=1765983173609 HTTP/1.1" 200 15780
190.95.67.93 - - [17/Dec/2025:11:52:31 -0300] "POST /cormun/servlet/trautorizarpermisogoce?561c93c02d78a8891330085d0e602783,,gx-no-cache=1765983174737 HTTP/1.1" 200 15834
190.95.67.93 - - [17/Dec/2025:11:52:32 -0300] "POST /cormun/servlet/trautorizarpermisogoce?561c93c02d78a8891330085d0e602783,,gx-no-cache=1765983175762 HTTP/1.1" 200 15840
190.95.2.163 - - [17/Dec/2025:11:52:33 -0300] "POST /cormun/servlet/permisosadjuntos?45eb06016ae294217455e2fc9d98fc3d,INS,14332322,P,20251209082126,, HTTP/1.1" 200 116
190.95.2.163 - - [17/Dec/2025:11:52:33 -0300] "GET /cormun/servlet/hpexe_return? HTTP/1.1" 200 1041
190.95.2.163 - - [17/Dec/2025:11:52:33 -0300] "GET /cormun/servlet/trpermisosadjuntos?14332322,20251209082126,P, HTTP/1.1" 200 6872
190.95.67.93 - - [17/Dec/2025:11:52:33 -0300] "POST /cormun/servlet/trautorizarpermisogoce?561c93c02d78a8891330085d0e602783,,gx-no-cache=1765983176801 HTTP/1.1" 200 15782
190.95.67.93 - - [17/Dec/2025:11:52:35 -0300] "POST /cormun/servlet/trautorizarpermisogoce?561c93c02d78a8891330085d0e602783,,gx-no-cache=1765983178025 HTTP/1.1" 200 15724
190.95.67.93 - - [17/Dec/2025:11:52:36 -0300] "POST /cormun/servlet/trautorizarpermisogoce?561c93c02d78a8891330085d0e602783,,gx-no-cache=1765983179818 HTTP/1.1" 200 15816
190.95.2.163 - - [17/Dec/2025:11:52:37 -0300] "GET /cormun/servlet/trpermisosgoce? HTTP/1.1" 200 18363
190.95.67.93 - - [17/Dec/2025:11:52:38 -0300] "POST /cormun/servlet/trautorizarpermisogoce?561c93c02d78a8891330085d0e602783,,gx-no-cache=1765983180849 HTTP/1.1" 200 15731
190.95.67.93 - - [17/Dec/2025:11:52:39 -0300] "POST /cormun/servlet/trautorizarpermisogoce?561c93c02d78a8891330085d0e602783,,gx-no-cache=1765983182058 HTTP/1.1" 200 15820
190.95.67.93 - - [17/Dec/2025:11:52:40 -0300] "POST /cormun/servlet/trautorizarpermisogoce?561c93c02d78a8891330085d0e602783,,gx-no-cache=1765983183289 HTTP/1.1" 200 15826
190.95.67.93 - - [17/Dec/2025:11:52:41 -0300] "POST /cormun/servlet/trautorizarpermisogoce?561c93c02d78a8891330085d0e602783,,gx-no-cache=1765983184705 HTTP/1.1" 200 15809
190.95.67.93 - - [17/Dec/2025:11:52:42 -0300] "POST /cormun/servlet/trautorizarpermisogoce?561c93c02d78a8891330085d0e602783,,gx-no-cache=1765983185818 HTTP/1.1" 200 15801
190.95.67.93 - - [17/Dec/2025:11:52:45 -0300] "POST /cormun/servlet/trautorizarpermisogoce?561c93c02d78a8891330085d0e602783,,gx-no-cache=1765983188393 HTTP/1.1" 200 15848
190.95.67.93 - - [17/Dec/2025:11:52:46 -0300] "POST /cormun/servlet/trautorizarpermisogoce?561c93c02d78a8891330085d0e602783,,gx-no-cache=1765983189572 HTTP/1.1" 200 15807
190.95.67.93 - - [17/Dec/2025:11:52:47 -0300] "POST /cormun/servlet/trautorizarpermisogoce?561c93c02d78a8891330085d0e602783,,gx-no-cache=1765983190730 HTTP/1.1" 200 15799
190.95.67.93 - - [17/Dec/2025:11:52:49 -0300] "POST /cormun/servlet/trautorizarpermisogoce?561c93c02d78a8891330085d0e602783,,gx-no-cache=1765983191857 HTTP/1.1" 200 15788
190.95.67.93 - - [17/Dec/2025:11:52:50 -0300] "POST /cormun/servlet/trautorizarpermisogoce?561c93c02d78a8891330085d0e602783,,gx-no-cache=1765983193826 HTTP/1.1" 200 15792
190.95.67.93 - - [17/Dec/2025:11:52:52 -0300] "POST /cormun/servlet/trautorizarpermisogoce?561c93c02d78a8891330085d0e602783,,gx-no-cache=1765983195043 HTTP/1.1" 200 15773
190.95.67.93 - - [17/Dec/2025:11:52:53 -0300] "POST /cormun/servlet/trautorizarpermisogoce?561c93c02d78a8891330085d0e602783,,gx-no-cache=1765983196034 HTTP/1.1" 200 15789
190.95.2.163 - - [17/Dec/2025:11:52:53 -0300] "POST /cormun/servlet/trpermisosgoce?45eb06016ae294217455e2fc9d98fc3d,,gx-no-cache=1765983197420 HTTP/1.1" 200 15675
190.95.67.93 - - [17/Dec/2025:11:52:54 -0300] "POST /cormun/servlet/trautorizarpermisogoce?561c93c02d78a8891330085d0e602783,,gx-no-cache=1765983197177 HTTP/1.1" 200 15731
190.95.67.93 - - [17/Dec/2025:11:52:55 -0300] "POST /cormun/servlet/trautorizarpermisogoce?561c93c02d78a8891330085d0e602783,,gx-no-cache=1765983198289 HTTP/1.1" 200 15753
190.95.67.93 - - [17/Dec/2025:11:52:56 -0300] "POST /cormun/servlet/trautorizarpermisogoce?561c93c02d78a8891330085d0e602783,,gx-no-cache=1765983199322 HTTP/1.1" 200 15721
190.95.67.93 - - [17/Dec/2025:11:52:57 -0300] "POST /cormun/servlet/trautorizarpermisogoce?561c93c02d78a8891330085d0e602783,,gx-no-cache=1765983200465 HTTP/1.1" 200 15655
190.95.67.93 - - [17/Dec/2025:11:52:58 -0300] "POST /cormun/servlet/trautorizarpermisogoce?561c93c02d78a8891330085d0e602783,,gx-no-cache=1765983201745 HTTP/1.1" 200 15694
190.95.67.93 - - [17/Dec/2025:11:53:00 -0300] "POST /cormun/servlet/trautorizarpermisogoce?561c93c02d78a8891330085d0e602783,,gx-no-cache=1765983202889 HTTP/1.1" 200 15685
190.95.67.93 - - [17/Dec/2025:11:53:01 -0300] "POST /cormun/servlet/trautorizarpermisogoce?561c93c02d78a8891330085d0e602783,,gx-no-cache=1765983204193 HTTP/1.1" 200 15670
190.95.67.93 - - [17/Dec/2025:11:53:02 -0300] "POST /cormun/servlet/trautorizarpermisogoce?561c93c02d78a8891330085d0e602783,,gx-no-cache=1765983205435 HTTP/1.1" 200 15645
190.95.67.93 - - [17/Dec/2025:11:53:03 -0300] "POST /cormun/servlet/trautorizarpermisogoce?561c93c02d78a8891330085d0e602783,,gx-no-cache=1765983206793 HTTP/1.1" 200 15622
190.95.2.163 - - [17/Dec/2025:11:53:04 -0300] "GET /cormun/servlet/trpermisosadjuntos?20442065,20251209082727,P, HTTP/1.1" 200 6782
190.95.67.93 - - [17/Dec/2025:11:53:04 -0300] "POST /cormun/servlet/trautorizarpermisogoce?561c93c02d78a8891330085d0e602783,,gx-no-cache=1765983207809 HTTP/1.1" 200 15750
190.95.67.93 - - [17/Dec/2025:11:53:05 -0300] "POST /cormun/servlet/trautorizarpermisogoce?561c93c02d78a8891330085d0e602783,,gx-no-cache=1765983208786 HTTP/1.1" 200 15515
190.95.67.93 - - [17/Dec/2025:11:53:06 -0300] "POST /cormun/servlet/trautorizarpermisogoce?561c93c02d78a8891330085d0e602783,,gx-no-cache=1765983209858 HTTP/1.1" 200 15375
190.95.67.93 - - [17/Dec/2025:11:53:07 -0300] "POST /cormun/servlet/trautorizarpermisogoce?561c93c02d78a8891330085d0e602783,,gx-no-cache=1765983210874 HTTP/1.1" 200 15130
190.95.67.93 - - [17/Dec/2025:11:53:09 -0300] "POST /cormun/servlet/trautorizarpermisogoce?561c93c02d78a8891330085d0e602783,,gx-no-cache=1765983211940 HTTP/1.1" 200 14978
190.95.67.93 - - [17/Dec/2025:11:53:10 -0300] "POST /cormun/servlet/trautorizarpermisogoce?561c93c02d78a8891330085d0e602783,,gx-no-cache=1765983213202 HTTP/1.1" 200 14817
190.95.67.93 - - [17/Dec/2025:11:53:11 -0300] "POST /cormun/servlet/trautorizarpermisogoce?561c93c02d78a8891330085d0e602783,,gx-no-cache=1765983214257 HTTP/1.1" 200 14628
190.95.67.93 - - [17/Dec/2025:11:53:12 -0300] "POST /cormun/servlet/trautorizarpermisogoce?561c93c02d78a8891330085d0e602783,,gx-no-cache=1765983215249 HTTP/1.1" 200 14391
190.95.67.93 - - [17/Dec/2025:11:53:13 -0300] "POST /cormun/servlet/trautorizarpermisogoce?561c93c02d78a8891330085d0e602783,,gx-no-cache=1765983216402 HTTP/1.1" 200 14180
190.95.2.163 - - [17/Dec/2025:11:53:13 -0300] "GET /cormun/servlet/trpermisosgoce? HTTP/1.1" 200 18363
190.95.67.93 - - [17/Dec/2025:11:53:14 -0300] "POST /cormun/servlet/trautorizarpermisogoce?561c93c02d78a8891330085d0e602783,,gx-no-cache=1765983217426 HTTP/1.1" 200 13961
190.95.67.93 - - [17/Dec/2025:11:53:15 -0300] "POST /cormun/servlet/trautorizarpermisogoce?561c93c02d78a8891330085d0e602783,,gx-no-cache=1765983218657 HTTP/1.1" 200 13763
190.95.67.93 - - [17/Dec/2025:11:53:16 -0300] "POST /cormun/servlet/trautorizarpermisogoce?561c93c02d78a8891330085d0e602783,,gx-no-cache=1765983219913 HTTP/1.1" 200 13551
190.95.67.93 - - [17/Dec/2025:11:53:18 -0300] "POST /cormun/servlet/trautorizarpermisogoce?561c93c02d78a8891330085d0e602783,,gx-no-cache=1765983221339 HTTP/1.1" 200 13350
190.95.67.93 - - [17/Dec/2025:11:53:19 -0300] "POST /cormun/servlet/trautorizarpermisogoce?561c93c02d78a8891330085d0e602783,,gx-no-cache=1765983222339 HTTP/1.1" 200 13114
190.95.67.93 - - [17/Dec/2025:11:53:20 -0300] "POST /cormun/servlet/trautorizarpermisogoce?561c93c02d78a8891330085d0e602783,,gx-no-cache=1765983223377 HTTP/1.1" 200 12925
190.95.67.93 - - [17/Dec/2025:11:53:21 -0300] "POST /cormun/servlet/trautorizarpermisogoce?561c93c02d78a8891330085d0e602783,,gx-no-cache=1765983224465 HTTP/1.1" 200 12634
190.95.67.93 - - [17/Dec/2025:11:53:22 -0300] "POST /cormun/servlet/trautorizarpermisogoce?561c93c02d78a8891330085d0e602783,,gx-no-cache=1765983225355 HTTP/1.1" 200 12401
190.95.67.93 - - [17/Dec/2025:11:53:23 -0300] "POST /cormun/servlet/trautorizarpermisogoce?561c93c02d78a8891330085d0e602783,,gx-no-cache=1765983226602 HTTP/1.1" 200 12243
190.95.67.93 - - [17/Dec/2025:11:53:25 -0300] "POST /cormun/servlet/trautorizarpermisogoce?561c93c02d78a8891330085d0e602783,,gx-no-cache=1765983228169 HTTP/1.1" 200 12083
190.95.67.93 - - [17/Dec/2025:11:53:26 -0300] "POST /cormun/servlet/trautorizarpermisogoce?561c93c02d78a8891330085d0e602783,,gx-no-cache=1765983229106 HTTP/1.1" 200 11871
190.95.67.93 - - [17/Dec/2025:11:53:27 -0300] "POST /cormun/servlet/trautorizarpermisogoce?561c93c02d78a8891330085d0e602783,,gx-no-cache=1765983230418 HTTP/1.1" 200 11451
190.95.67.93 - - [17/Dec/2025:11:53:28 -0300] "POST /cormun/servlet/trautorizarpermisogoce?561c93c02d78a8891330085d0e602783,,gx-no-cache=1765983231618 HTTP/1.1" 200 11238
190.95.67.93 - - [17/Dec/2025:11:53:29 -0300] "POST /cormun/servlet/trautorizarpermisogoce?561c93c02d78a8891330085d0e602783,,gx-no-cache=1765983232713 HTTP/1.1" 200 11041
190.95.67.93 - - [17/Dec/2025:11:53:31 -0300] "POST /cormun/servlet/trautorizarpermisogoce?561c93c02d78a8891330085d0e602783,,gx-no-cache=1765983234465 HTTP/1.1" 200 10687
190.95.67.93 - - [17/Dec/2025:11:53:32 -0300] "POST /cormun/servlet/trautorizarpermisogoce?561c93c02d78a8891330085d0e602783,,gx-no-cache=1765983235449 HTTP/1.1" 200 10369
190.95.67.93 - - [17/Dec/2025:11:53:33 -0300] "POST /cormun/servlet/trautorizarpermisogoce?561c93c02d78a8891330085d0e602783,,gx-no-cache=1765983236393 HTTP/1.1" 200 10162
190.95.67.93 - - [17/Dec/2025:11:53:34 -0300] "POST /cormun/servlet/trautorizarpermisogoce?561c93c02d78a8891330085d0e602783,,gx-no-cache=1765983237746 HTTP/1.1" 200 9934
190.95.67.93 - - [17/Dec/2025:11:53:35 -0300] "POST /cormun/servlet/trautorizarpermisogoce?561c93c02d78a8891330085d0e602783,,gx-no-cache=1765983238865 HTTP/1.1" 200 9683
190.95.67.93 - - [17/Dec/2025:11:53:37 -0300] "POST /cormun/servlet/trautorizarpermisogoce?561c93c02d78a8891330085d0e602783,,gx-no-cache=1765983240225 HTTP/1.1" 200 9512
190.95.67.93 - - [17/Dec/2025:11:53:38 -0300] "POST /cormun/servlet/trautorizarpermisogoce?561c93c02d78a8891330085d0e602783,,gx-no-cache=1765983241441 HTTP/1.1" 200 9292
190.95.67.93 - - [17/Dec/2025:11:53:39 -0300] "POST /cormun/servlet/trautorizarpermisogoce?561c93c02d78a8891330085d0e602783,,gx-no-cache=1765983242480 HTTP/1.1" 200 9045
190.95.67.93 - - [17/Dec/2025:11:53:40 -0300] "POST /cormun/servlet/trautorizarpermisogoce?561c93c02d78a8891330085d0e602783,,gx-no-cache=1765983243577 HTTP/1.1" 200 8831
190.95.67.93 - - [17/Dec/2025:11:53:41 -0300] "POST /cormun/servlet/trautorizarpermisogoce?561c93c02d78a8891330085d0e602783,,gx-no-cache=1765983244681 HTTP/1.1" 200 8600
190.95.67.93 - - [17/Dec/2025:11:53:42 -0300] "POST /cormun/servlet/trautorizarpermisogoce?561c93c02d78a8891330085d0e602783,,gx-no-cache=1765983245618 HTTP/1.1" 200 8370
190.95.67.93 - - [17/Dec/2025:11:53:43 -0300] "POST /cormun/servlet/trautorizarpermisogoce?561c93c02d78a8891330085d0e602783,,gx-no-cache=1765983246880 HTTP/1.1" 200 8136
190.95.67.93 - - [17/Dec/2025:11:53:49 -0300] "POST /cormun/servlet/trautorizarpermisogoce?561c93c02d78a8891330085d0e602783,,gx-no-cache=1765983252834 HTTP/1.1" 200 7915
190.95.67.93 - - [17/Dec/2025:11:53:50 -0300] "POST /cormun/servlet/trautorizarpermisogoce?561c93c02d78a8891330085d0e602783,,gx-no-cache=1765983253761 HTTP/1.1" 200 7705
190.95.67.93 - - [17/Dec/2025:11:53:51 -0300] "POST /cormun/servlet/trautorizarpermisogoce?561c93c02d78a8891330085d0e602783,,gx-no-cache=1765983254755 HTTP/1.1" 200 7503
190.95.67.93 - - [17/Dec/2025:11:53:52 -0300] "POST /cormun/servlet/trautorizarpermisogoce?561c93c02d78a8891330085d0e602783,,gx-no-cache=1765983255546 HTTP/1.1" 200 7267
190.95.67.93 - - [17/Dec/2025:11:53:54 -0300] "POST /cormun/servlet/trautorizarpermisogoce?561c93c02d78a8891330085d0e602783,,gx-no-cache=1765983257121 HTTP/1.1" 200 7000
190.95.67.93 - - [17/Dec/2025:11:53:55 -0300] "POST /cormun/servlet/trautorizarpermisogoce?561c93c02d78a8891330085d0e602783,,gx-no-cache=1765983258137 HTTP/1.1" 200 6773
190.95.67.93 - - [17/Dec/2025:11:53:56 -0300] "POST /cormun/servlet/trautorizarpermisogoce?561c93c02d78a8891330085d0e602783,,gx-no-cache=1765983259001 HTTP/1.1" 200 6549
190.95.67.93 - - [17/Dec/2025:11:53:56 -0300] "POST /cormun/servlet/trautorizarpermisogoce?561c93c02d78a8891330085d0e602783,,gx-no-cache=1765983259976 HTTP/1.1" 200 6194
190.95.67.93 - - [17/Dec/2025:11:53:57 -0300] "POST /cormun/servlet/trautorizarpermisogoce?561c93c02d78a8891330085d0e602783,,gx-no-cache=1765983260776 HTTP/1.1" 200 5982
190.95.67.93 - - [17/Dec/2025:11:53:58 -0300] "POST /cormun/servlet/trautorizarpermisogoce?561c93c02d78a8891330085d0e602783,,gx-no-cache=1765983261641 HTTP/1.1" 200 5754
190.95.67.93 - - [17/Dec/2025:11:53:59 -0300] "POST /cormun/servlet/trautorizarpermisogoce?561c93c02d78a8891330085d0e602783,,gx-no-cache=1765983262656 HTTP/1.1" 200 5533
190.95.67.93 - - [17/Dec/2025:11:54:00 -0300] "POST /cormun/servlet/trautorizarpermisogoce?561c93c02d78a8891330085d0e602783,,gx-no-cache=1765983263496 HTTP/1.1" 200 5279
190.95.67.93 - - [17/Dec/2025:11:54:01 -0300] "POST /cormun/servlet/trautorizarpermisogoce?561c93c02d78a8891330085d0e602783,,gx-no-cache=1765983264368 HTTP/1.1" 200 4520
190.95.67.93 - - [17/Dec/2025:11:54:07 -0300] "GET /cormun/servlet/trpermisosgoce? HTTP/1.1" 200 18771
190.95.67.93 - - [17/Dec/2025:11:54:22 -0300] "GET /cormun/servlet/trpermisosadjuntos?20369356,20251128132725,P, HTTP/1.1" 200 7218
190.95.2.163 - - [17/Dec/2025:11:54:25 -0300] "GET /cormun/servlet/trpermisosadjuntos?15017995,20251126095758,P, HTTP/1.1" 200 6784
190.95.67.93 - - [17/Dec/2025:11:54:26 -0300] "POST /cormun/servlet/trpermisosadjuntos?561c93c02d78a8891330085d0e602783,20369356,20251128132725,P,,gx-no-cache=1765983289963 HTTP/1.1" 200 90
190.95.67.93 - - [17/Dec/2025:11:54:26 -0300] "GET /cormun/servlet/hpexe_link HTTP/1.1" 200 983
190.95.67.93 - - [17/Dec/2025:11:54:27 -0300] "GET /cormun/servlet/trpermisosgoce HTTP/1.1" 200 18777
190.95.2.163 - - [17/Dec/2025:11:54:38 -0300] "GET /cormun/servlet/permisosadjuntos?INS,15017995,P,20251126095758,, HTTP/1.1" 200 5651
190.95.2.163 - - [17/Dec/2025:11:54:38 -0300] "GET /cormun/static/about:blank HTTP/1.1" 404 1011
190.95.15.31 - - [17/Dec/2025:11:54:42 -0300] "GET /cormun/servlet/hlogin HTTP/1.1" 200 1716
190.95.2.163 - - [17/Dec/2025:11:54:51 -0300] "POST /cormun/servlet/permisosadjuntos?45eb06016ae294217455e2fc9d98fc3d,INS,15017995,P,20251126095758,, HTTP/1.1" 200 116
190.95.2.163 - - [17/Dec/2025:11:54:51 -0300] "GET /cormun/servlet/hpexe_return? HTTP/1.1" 200 1040
190.95.2.163 - - [17/Dec/2025:11:54:52 -0300] "GET /cormun/servlet/trpermisosadjuntos?15017995,20251126095758,P, HTTP/1.1" 200 6884
190.95.15.31 - - [17/Dec/2025:11:54:54 -0300] "POST /cormun/servlet/hlogin?ce13885555a364b94b0395cd32d8c54d,gx-no-cache=1765983317816 HTTP/1.1" 200 90
190.95.15.31 - - [17/Dec/2025:11:54:54 -0300] "GET /cormun/servlet/hpexe_link HTTP/1.1" 200 947
190.95.15.31 - - [17/Dec/2025:11:54:55 -0300] "GET /cormun/servlet/hhome HTTP/1.1" 200 4350
190.95.2.163 - - [17/Dec/2025:11:54:56 -0300] "GET /cormun/servlet/trpermisosgoce? HTTP/1.1" 200 18362
190.95.67.93 - - [17/Dec/2025:11:54:56 -0300] "GET /cormun/servlet/trpermisosadjuntos?19852529,20251212083603,P, HTTP/1.1" 200 6653
190.95.67.93 - - [17/Dec/2025:11:55:03 -0300] "POST /cormun/servlet/trpermisosadjuntos?561c93c02d78a8891330085d0e602783,19852529,20251212083603,P,,gx-no-cache=1765983326339 HTTP/1.1" 200 90
190.95.67.93 - - [17/Dec/2025:11:55:03 -0300] "GET /cormun/servlet/hpexe_link HTTP/1.1" 200 983
190.95.67.93 - - [17/Dec/2025:11:55:03 -0300] "GET /cormun/servlet/trpermisosgoce HTTP/1.1" 200 18963
190.95.2.163 - - [17/Dec/2025:11:55:08 -0300] "POST /cormun/servlet/trpermisosgoce?45eb06016ae294217455e2fc9d98fc3d,,gx-no-cache=1765983332125 HTTP/1.1" 200 15677
190.95.15.31 - - [17/Dec/2025:11:55:20 -0300] "GET /cormun/servlet/trpermisosgoce? HTTP/1.1" 200 17706
190.95.67.93 - - [17/Dec/2025:11:55:24 -0300] "GET /cormun/servlet/trpermisosadjuntos?10108738,20251212083807,P, HTTP/1.1" 200 7221
190.95.2.163 - - [17/Dec/2025:11:55:27 -0300] "GET /cormun/servlet/trpermisosadjuntos?9781383,20251209090646,P, HTTP/1.1" 200 6773
190.95.67.93 - - [17/Dec/2025:11:55:28 -0300] "POST /cormun/servlet/trpermisosadjuntos?561c93c02d78a8891330085d0e602783,10108738,20251212083807,P,,gx-no-cache=1765983351163 HTTP/1.1" 200 90
190.95.67.93 - - [17/Dec/2025:11:55:28 -0300] "GET /cormun/servlet/hpexe_link HTTP/1.1" 200 984
190.95.67.93 - - [17/Dec/2025:11:55:28 -0300] "GET /cormun/servlet/trpermisosgoce HTTP/1.1" 200 18956
190.95.2.163 - - [17/Dec/2025:11:55:30 -0300] "GET /cormun/servlet/permisosadjuntos?INS,9781383,P,20251209090646,, HTTP/1.1" 200 5639
190.95.2.163 - - [17/Dec/2025:11:55:30 -0300] "GET /cormun/static/about:blank HTTP/1.1" 404 1011
190.95.67.93 - - [17/Dec/2025:11:55:35 -0300] "POST /cormun/servlet/trpermisosgoce?561c93c02d78a8891330085d0e602783,gx-no-cache=1765983357821 HTTP/1.1" 200 16189
190.95.67.93 - - [17/Dec/2025:11:55:44 -0300] "GET /cormun/servlet/trautorizarpermisogoce? HTTP/1.1" 200 7172
190.95.2.163 - - [17/Dec/2025:11:55:44 -0300] "POST /cormun/servlet/permisosadjuntos?45eb06016ae294217455e2fc9d98fc3d,INS,9781383,P,20251209090646,, HTTP/1.1" 200 116
190.95.2.163 - - [17/Dec/2025:11:55:44 -0300] "GET /cormun/servlet/hpexe_return? HTTP/1.1" 200 1039
190.95.2.163 - - [17/Dec/2025:11:55:44 -0300] "GET /cormun/servlet/trpermisosadjuntos?9781383,20251209090646,P, HTTP/1.1" 200 6874
190.95.2.163 - - [17/Dec/2025:11:55:48 -0300] "GET /cormun/servlet/trpermisosgoce? HTTP/1.1" 200 18349
190.95.67.93 - - [17/Dec/2025:11:55:52 -0300] "POST /cormun/servlet/trautorizarpermisogoce?561c93c02d78a8891330085d0e602783,,gx-no-cache=1765983375219 HTTP/1.1" 200 4404
190.95.67.93 - - [17/Dec/2025:11:55:53 -0300] "POST /cormun/servlet/trautorizarpermisogoce?561c93c02d78a8891330085d0e602783,,gx-no-cache=1765983376464 HTTP/1.1" 200 4405
190.95.2.163 - - [17/Dec/2025:11:56:01 -0300] "POST /cormun/servlet/trpermisosgoce?45eb06016ae294217455e2fc9d98fc3d,,gx-no-cache=1765983385216 HTTP/1.1" 200 15664
190.95.15.31 - - [17/Dec/2025:11:56:08 -0300] "POST /cormun/servlet/trpermisosgoce?ce13885555a364b94b0395cd32d8c54d,,gx-no-cache=1765983391331 HTTP/1.1" 200 6174
190.95.67.93 - - [17/Dec/2025:11:56:17 -0300] "POST /cormun/servlet/trautorizarpermisogoce?561c93c02d78a8891330085d0e602783,,gx-no-cache=1765983400473 HTTP/1.1" 200 4404
190.95.67.93 - - [17/Dec/2025:11:56:25 -0300] "POST /cormun/servlet/trautorizarpermisogoce?561c93c02d78a8891330085d0e602783,,gx-no-cache=1765983408312 HTTP/1.1" 200 4413
190.95.67.93 - - [17/Dec/2025:11:56:35 -0300] "GET /cormun/servlet/hlogin HTTP/1.1" 200 1720
190.95.67.93 - - [17/Dec/2025:11:56:40 -0300] "POST /cormun/servlet/hlogin?561c93c02d78a8891330085d0e602783,gx-no-cache=1765983423945 HTTP/1.1" 200 90
190.95.67.93 - - [17/Dec/2025:11:56:40 -0300] "GET /cormun/servlet/hpexe_link HTTP/1.1" 200 965
190.95.67.93 - - [17/Dec/2025:11:56:41 -0300] "GET /cormun/servlet/trautorizarpermisogoce? HTTP/1.1" 200 7185
201.186.226.3 - - [17/Dec/2025:11:56:45 -0300] "GET /cormun/servlet/hlogin HTTP/1.1" 200 1718
190.95.67.93 - - [17/Dec/2025:11:56:47 -0300] "GET /cormun/servlet/trpermisosgoce? HTTP/1.1" 200 18771
190.95.2.163 - - [17/Dec/2025:11:56:52 -0300] "GET /cormun/servlet/trpermisosadjuntos?11672116,20251209082832,P, HTTP/1.1" 200 6773
190.95.2.163 - - [17/Dec/2025:11:56:55 -0300] "GET /cormun/servlet/permisosadjuntos?INS,11672116,P,20251209082832,, HTTP/1.1" 200 5638
190.95.2.163 - - [17/Dec/2025:11:56:55 -0300] "GET /cormun/static/about:blank HTTP/1.1" 404 1011
201.186.226.3 - - [17/Dec/2025:11:56:57 -0300] "POST /cormun/servlet/hlogin?8b6f36a731cb24af77e27a7272dd728c,gx-no-cache=1765983442172 HTTP/1.1" 200 90
201.186.226.3 - - [17/Dec/2025:11:56:57 -0300] "GET /cormun/servlet/hpexe_link HTTP/1.1" 200 950
201.186.226.3 - - [17/Dec/2025:11:56:58 -0300] "GET /cormun/servlet/hhome HTTP/1.1" 200 3931
190.95.67.93 - - [17/Dec/2025:11:56:59 -0300] "GET /cormun/servlet/trpermisosadjuntos?19852529,20251212083603,P, HTTP/1.1" 200 6653
190.95.67.93 - - [17/Dec/2025:11:57:03 -0300] "POST /cormun/servlet/trpermisosadjuntos?561c93c02d78a8891330085d0e602783,19852529,20251212083603,P,,gx-no-cache=1765983446330 HTTP/1.1" 200 90
190.95.67.93 - - [17/Dec/2025:11:57:03 -0300] "GET /cormun/servlet/hpexe_link HTTP/1.1" 200 983
190.95.67.93 - - [17/Dec/2025:11:57:03 -0300] "GET /cormun/servlet/trpermisosgoce HTTP/1.1" 200 18759
201.186.226.3 - - [17/Dec/2025:11:57:04 -0300] "GET /cormun/servlet/trpermisosgoce? HTTP/1.1" 200 16647
190.95.2.163 - - [17/Dec/2025:11:57:10 -0300] "GET /cormun/servlet/trpermisosgoce? HTTP/1.1" 200 18346
190.95.2.163 - - [17/Dec/2025:11:57:21 -0300] "POST /cormun/servlet/trpermisosgoce?45eb06016ae294217455e2fc9d98fc3d,,gx-no-cache=1765983464618 HTTP/1.1" 200 15657
201.186.226.3 - - [17/Dec/2025:11:57:31 -0300] "GET /cormun/servlet/trpermisosadjuntos?12694104,20251211112520,P, HTTP/1.1" 200 6246
201.186.226.3 - - [17/Dec/2025:11:57:34 -0300] "GET /cormun/servlet/permisosadjuntos?INS,12694104,P,20251211112520,, HTTP/1.1" 200 5568
201.186.226.3 - - [17/Dec/2025:11:57:35 -0300] "GET /cormun/static/about:blank HTTP/1.1" 404 1011
201.186.226.3 - - [17/Dec/2025:11:58:03 -0300] "POST /cormun/servlet/permisosadjuntos?8b6f36a731cb24af77e27a7272dd728c,INS,12694104,P,20251211112520,, HTTP/1.1" 200 116
201.186.226.3 - - [17/Dec/2025:11:58:03 -0300] "GET /cormun/servlet/hpexe_return? HTTP/1.1" 200 1035
201.186.226.3 - - [17/Dec/2025:11:58:03 -0300] "GET /cormun/servlet/trpermisosadjuntos?12694104,20251211112520,P, HTTP/1.1" 200 6726
201.186.226.3 - - [17/Dec/2025:11:58:06 -0300] "POST /cormun/servlet/trpermisosadjuntos?8b6f36a731cb24af77e27a7272dd728c,12694104,20251211112520,P,,gx-no-cache=1765983510955 HTTP/1.1" 200 90
201.186.226.3 - - [17/Dec/2025:11:58:06 -0300] "GET /cormun/servlet/hpexe_link HTTP/1.1" 200 980
201.186.226.3 - - [17/Dec/2025:11:58:07 -0300] "GET /cormun/servlet/trpermisosgoce HTTP/1.1" 200 16643
190.95.2.163 - - [17/Dec/2025:11:58:12 -0300] "GET /cormun/servlet/hlogin HTTP/1.1" 200 1724
190.95.2.163 - - [17/Dec/2025:11:58:18 -0300] "POST /cormun/servlet/hlogin?45eb06016ae294217455e2fc9d98fc3d,gx-no-cache=1765983522146 HTTP/1.1" 200 90
190.95.2.163 - - [17/Dec/2025:11:58:18 -0300] "GET /cormun/servlet/hpexe_link HTTP/1.1" 200 954
190.95.2.163 - - [17/Dec/2025:11:58:18 -0300] "GET /cormun/servlet/hhome HTTP/1.1" 200 4196
201.186.226.3 - - [17/Dec/2025:11:58:18 -0300] "POST /cormun/servlet/trpermisosgoce?8b6f36a731cb24af77e27a7272dd728c,gx-no-cache=1765983522815 HTTP/1.1" 200 13971
201.186.226.3 - - [17/Dec/2025:11:58:19 -0300] "GET /cormun/static/Shared/jqueryui/images/ui-icons_82798d_256x240.png HTTP/1.1" 404 1089
201.186.226.3 - - [17/Dec/2025:11:58:19 -0300] "GET /cormun/static/Shared/jqueryui/images/ui-bg_highlight-soft_100_c6c2c8_1x100.png HTTP/1.1" 404 1117
201.186.226.3 - - [17/Dec/2025:11:58:19 -0300] "GET /cormun/static/Shared/jqueryui/images/ui-bg_flat_55_fafafa_40x100.png HTTP/1.1" 404 1097
201.186.226.3 - - [17/Dec/2025:11:58:19 -0300] "GET /cormun/static/Shared/jqueryui/images/ui-icons_8d78a5_256x240.png HTTP/1.1" 404 1089
190.95.2.163 - - [17/Dec/2025:11:58:19 -0300] "GET /cormun/static/SmoothNavMenu/resources/images/right.gif HTTP/1.1" 200 860
190.95.2.163 - - [17/Dec/2025:11:58:24 -0300] "GET /cormun/servlet/trautorizarpermisogoce? HTTP/1.1" 200 11916
190.95.2.163 - - [17/Dec/2025:11:58:25 -0300] "GET /cormun/static/gxcfg.js?2020121645532 HTTP/1.1" 200 953
190.95.2.163 - - [17/Dec/2025:11:58:25 -0300] "GET /cormun/static/trautorizarpermisogoce.js?2020121651492 HTTP/1.1" 200 34948
190.95.2.163 - - [17/Dec/2025:11:58:45 -0300] "POST /cormun/servlet/trautorizarpermisogoce?45eb06016ae294217455e2fc9d98fc3d,,gx-no-cache=1765983548897 HTTP/1.1" 200 8900
190.95.2.163 - - [17/Dec/2025:11:58:45 -0300] "GET /cormun/static/Shared/jqueryui/images/ui-bg_highlight-soft_100_c6c2c8_1x100.png HTTP/1.1" 404 1117
190.95.2.163 - - [17/Dec/2025:11:58:45 -0300] "GET /cormun/static/Shared/jqueryui/images/ui-icons_82798d_256x240.png HTTP/1.1" 404 1089
190.95.2.163 - - [17/Dec/2025:11:58:45 -0300] "GET /cormun/static/Shared/jqueryui/images/ui-bg_flat_55_fafafa_40x100.png HTTP/1.1" 404 1097
190.95.2.163 - - [17/Dec/2025:11:58:45 -0300] "GET /cormun/static/Shared/jqueryui/images/ui-icons_8d78a5_256x240.png HTTP/1.1" 404 1089
190.95.67.93 - - [17/Dec/2025:11:58:51 -0300] "GET /cormun/servlet/trpermisosadjuntos?7924150,20251128132910,P, HTTP/1.1" 200 6656
190.95.67.93 - - [17/Dec/2025:11:58:54 -0300] "GET /cormun/servlet/trpermisosgoce HTTP/1.1" 200 18772
190.95.2.163 - - [17/Dec/2025:11:58:58 -0300] "POST /cormun/servlet/trautorizarpermisogoce?45eb06016ae294217455e2fc9d98fc3d,,gx-no-cache=1765983561946 HTTP/1.1" 200 8522
190.95.2.163 - - [17/Dec/2025:11:59:33 -0300] "GET /cormun/static/menuarrow.gif HTTP/1.1" 404 1015
190.95.2.163 - - [17/Dec/2025:11:59:43 -0300] "POST /cormun/servlet/trautorizarpermisogoce?45eb06016ae294217455e2fc9d98fc3d,,gx-no-cache=1765983607316 HTTP/1.1" 200 8484
190.95.67.93 - - [17/Dec/2025:11:59:46 -0300] "GET /cormun/servlet/trpermisosadjuntos?13776601,20251128133300,P, HTTP/1.1" 200 7230
190.95.67.93 - - [17/Dec/2025:11:59:48 -0300] "POST /cormun/servlet/trpermisosadjuntos?561c93c02d78a8891330085d0e602783,13776601,20251128133300,P,,gx-no-cache=1765983611899 HTTP/1.1" 200 90
190.95.67.93 - - [17/Dec/2025:11:59:48 -0300] "GET /cormun/servlet/hpexe_link HTTP/1.1" 200 983
190.95.67.93 - - [17/Dec/2025:11:59:49 -0300] "GET /cormun/servlet/trpermisosgoce HTTP/1.1" 200 18963
190.95.67.93 - - [17/Dec/2025:11:59:59 -0300] "POST /cormun/servlet/trpermisosgoce?561c93c02d78a8891330085d0e602783,gx-no-cache=1765983622349 HTTP/1.1" 200 16190
190.95.67.93 - - [17/Dec/2025:11:59:59 -0300] "GET /cormun/static/Shared/jqueryui/images/ui-bg_highlight-soft_100_c6c2c8_1x100.png HTTP/1.1" 404 1117
190.95.67.93 - - [17/Dec/2025:11:59:59 -0300] "GET /cormun/static/Shared/jqueryui/images/ui-icons_82798d_256x240.png HTTP/1.1" 404 1089
190.95.67.93 - - [17/Dec/2025:11:59:59 -0300] "GET /cormun/static/Shared/jqueryui/images/ui-bg_flat_55_fafafa_40x100.png HTTP/1.1" 404 1097
190.95.67.93 - - [17/Dec/2025:11:59:59 -0300] "GET /cormun/static/Shared/jqueryui/images/ui-icons_8d78a5_256x240.png HTTP/1.1" 404 1089
190.95.67.93 - - [17/Dec/2025:12:00:03 -0300] "GET /cormun/servlet/trautorizarpermisogoce? HTTP/1.1" 200 7184
190.95.67.93 - - [17/Dec/2025:12:00:10 -0300] "POST /cormun/servlet/trautorizarpermisogoce?561c93c02d78a8891330085d0e602783,,gx-no-cache=1765983632872 HTTP/1.1" 200 4406
190.95.67.93 - - [17/Dec/2025:12:00:16 -0300] "POST /cormun/servlet/trautorizarpermisogoce?561c93c02d78a8891330085d0e602783,,gx-no-cache=1765983639312 HTTP/1.1" 200 4405
190.95.67.93 - - [17/Dec/2025:12:00:20 -0300] "GET /cormun/servlet/trpermisosgoce? HTTP/1.1" 200 18771
190.95.2.163 - - [17/Dec/2025:12:00:21 -0300] "GET /cormun/servlet/hlogin HTTP/1.1" 200 1724
190.95.2.163 - - [17/Dec/2025:12:00:26 -0300] "POST /cormun/servlet/hlogin?45eb06016ae294217455e2fc9d98fc3d,gx-no-cache=1765983650012 HTTP/1.1" 200 90
190.95.2.163 - - [17/Dec/2025:12:00:26 -0300] "GET /cormun/servlet/hpexe_link HTTP/1.1" 200 967
190.95.2.163 - - [17/Dec/2025:12:00:26 -0300] "GET /cormun/servlet/trautorizarpermisogoce? HTTP/1.1" 200 11045
190.95.67.93 - - [17/Dec/2025:12:00:32 -0300] "GET /cormun/servlet/trpermisosadjuntos?13776601,20251128133300,P, HTTP/1.1" 200 7230
190.95.2.163 - - [17/Dec/2025:12:00:34 -0300] "GET /cormun/servlet/trautorizarpermisogoce? HTTP/1.1" 200 11044
190.95.67.93 - - [17/Dec/2025:12:00:35 -0300] "POST /cormun/servlet/trpermisosadjuntos?561c93c02d78a8891330085d0e602783,13776601,20251128133300,P,,gx-no-cache=1765983658457 HTTP/1.1" 200 90
190.95.67.93 - - [17/Dec/2025:12:00:35 -0300] "GET /cormun/servlet/hpexe_link HTTP/1.1" 200 983
190.95.67.93 - - [17/Dec/2025:12:00:35 -0300] "GET /cormun/servlet/trpermisosgoce HTTP/1.1" 200 18963
190.95.67.93 - - [17/Dec/2025:12:00:43 -0300] "POST /cormun/servlet/trpermisosgoce?561c93c02d78a8891330085d0e602783,gx-no-cache=1765983666515 HTTP/1.1" 200 16191
190.95.67.93 - - [17/Dec/2025:12:00:48 -0300] "GET /cormun/servlet/trpermisosadjuntos?13776601,20251128133300,P, HTTP/1.1" 200 7229
190.95.67.93 - - [17/Dec/2025:12:00:55 -0300] "GET /cormun/servlet/trpermisosadjuntos?13776601,20251128133300,P, HTTP/1.1" 200 7231
190.95.2.163 - - [17/Dec/2025:12:00:57 -0300] "POST /cormun/servlet/trautorizarpermisogoce?45eb06016ae294217455e2fc9d98fc3d,,gx-no-cache=1765983680565 HTTP/1.1" 200 8095
190.95.2.163 - - [17/Dec/2025:12:00:57 -0300] "GET /cormun/static/Shared/jqueryui/images/ui-bg_highlight-soft_100_c6c2c8_1x100.png HTTP/1.1" 404 1117
190.95.2.163 - - [17/Dec/2025:12:00:57 -0300] "GET /cormun/static/Shared/jqueryui/images/ui-icons_82798d_256x240.png HTTP/1.1" 404 1089
190.95.2.163 - - [17/Dec/2025:12:00:57 -0300] "GET /cormun/static/Shared/jqueryui/images/ui-bg_flat_55_fafafa_40x100.png HTTP/1.1" 404 1097
190.95.2.163 - - [17/Dec/2025:12:00:57 -0300] "GET /cormun/static/Shared/jqueryui/images/ui-icons_8d78a5_256x240.png HTTP/1.1" 404 1089
190.95.67.93 - - [17/Dec/2025:12:00:59 -0300] "POST /cormun/servlet/trpermisosadjuntos?561c93c02d78a8891330085d0e602783,13776601,20251128133300,P,,gx-no-cache=1765983682488 HTTP/1.1" 200 90
190.95.67.93 - - [17/Dec/2025:12:00:59 -0300] "GET /cormun/servlet/hpexe_link HTTP/1.1" 200 1005
190.95.67.93 - - [17/Dec/2025:12:00:59 -0300] "GET /cormun/servlet/trpermisosgoce?gx-no-cache=1765983666515 HTTP/1.1" 200 18956
190.95.67.93 - - [17/Dec/2025:12:01:06 -0300] "POST /cormun/servlet/trpermisosgoce?561c93c02d78a8891330085d0e602783,gx-no-cache=1765983666515,gx-no-cache=1765983688898 HTTP/1.1" 200 16191
190.95.2.163 - - [17/Dec/2025:12:01:19 -0300] "POST /cormun/servlet/trautorizarpermisogoce?45eb06016ae294217455e2fc9d98fc3d,,gx-no-cache=1765983703426 HTTP/1.1" 200 7893
181.203.39.246 - - [17/Dec/2025:12:01:22 -0300] "GET /cormun/servlet/hlogin HTTP/1.1" 200 1724
181.203.39.246 - - [17/Dec/2025:12:01:25 -0300] "POST /cormun/servlet/hlogin?4c45180d1af463fbabfbc8ea482d7ef2,gx-no-cache=1765983709248 HTTP/1.1" 200 90
181.203.39.246 - - [17/Dec/2025:12:01:25 -0300] "GET /cormun/servlet/hpexe_link HTTP/1.1" 200 951
181.203.39.246 - - [17/Dec/2025:12:01:26 -0300] "GET /cormun/servlet/hhome HTTP/1.1" 200 3917
190.95.2.163 - - [17/Dec/2025:12:01:32 -0300] "POST /cormun/servlet/trautorizarpermisogoce?45eb06016ae294217455e2fc9d98fc3d,,gx-no-cache=1765983715979 HTTP/1.1" 200 7722
190.95.67.93 - - [17/Dec/2025:12:01:40 -0300] "GET /cormun/servlet/trpermisosadjuntos?14149898,20251128133110,P, HTTP/1.1" 200 7248
181.203.39.246 - - [17/Dec/2025:12:01:45 -0300] "GET /cormun/servlet/trpermisosgoce? HTTP/1.1" 200 11634
190.95.67.93 - - [17/Dec/2025:12:01:45 -0300] "POST /cormun/servlet/trpermisosadjuntos?561c93c02d78a8891330085d0e602783,14149898,20251128133110,P,,gx-no-cache=1765983728689 HTTP/1.1" 200 90
190.95.67.93 - - [17/Dec/2025:12:01:45 -0300] "GET /cormun/servlet/hpexe_link HTTP/1.1" 200 1006
190.95.67.93 - - [17/Dec/2025:12:01:46 -0300] "GET /cormun/servlet/trpermisosgoce?gx-no-cache=1765983666515 HTTP/1.1" 200 18952
190.95.67.93 - - [17/Dec/2025:12:02:02 -0300] "GET /cormun/servlet/trpermisosadjuntos?10633133,20251128133718,P, HTTP/1.1" 200 7247
190.95.67.93 - - [17/Dec/2025:12:02:04 -0300] "POST /cormun/servlet/trpermisosadjuntos?561c93c02d78a8891330085d0e602783,10633133,20251128133718,P,,gx-no-cache=1765983748053 HTTP/1.1" 200 90
190.95.67.93 - - [17/Dec/2025:12:02:04 -0300] "GET /cormun/servlet/hpexe_link HTTP/1.1" 200 1005
190.95.67.93 - - [17/Dec/2025:12:02:05 -0300] "GET /cormun/servlet/trpermisosgoce?gx-no-cache=1765983666515 HTTP/1.1" 200 18952
190.95.67.93 - - [17/Dec/2025:12:02:11 -0300] "POST /cormun/servlet/trpermisosgoce?561c93c02d78a8891330085d0e602783,gx-no-cache=1765983666515,gx-no-cache=1765983754244 HTTP/1.1" 200 16190
190.95.67.93 - - [17/Dec/2025:12:02:20 -0300] "GET /cormun/servlet/trautorizarpermisogoce? HTTP/1.1" 200 7195
181.203.39.246 - - [17/Dec/2025:12:02:25 -0300] "GET /cormun/servlet/trpermisosgoce? HTTP/1.1" 200 11635
181.203.39.246 - - [17/Dec/2025:12:02:28 -0300] "GET /cormun/static/menuarrow.gif HTTP/1.1" 404 1015
201.186.226.3 - - [17/Dec/2025:12:02:31 -0300] "GET /cormun/servlet/hlogin HTTP/1.1" 200 1718
190.95.67.93 - - [17/Dec/2025:12:02:37 -0300] "POST /cormun/servlet/trautorizarpermisogoce?561c93c02d78a8891330085d0e602783,,gx-no-cache=1765983779905 HTTP/1.1" 200 15569
201.186.226.3 - - [17/Dec/2025:12:02:43 -0300] "POST /cormun/servlet/hlogin?b8fdba376ff27bd0f90ea85c7002ba86,gx-no-cache=1765983787653 HTTP/1.1" 200 90
201.186.226.3 - - [17/Dec/2025:12:02:43 -0300] "GET /cormun/servlet/hpexe_link HTTP/1.1" 200 948
201.186.226.3 - - [17/Dec/2025:12:02:43 -0300] "GET /cormun/servlet/hhome HTTP/1.1" 200 3932
190.95.67.93 - - [17/Dec/2025:12:02:49 -0300] "POST /cormun/servlet/trautorizarpermisogoce?561c93c02d78a8891330085d0e602783,,gx-no-cache=1765983792329 HTTP/1.1" 200 4413
201.186.226.3 - - [17/Dec/2025:12:02:51 -0300] "GET /cormun/servlet/trpermisosgoce? HTTP/1.1" 200 16645
181.203.39.246 - - [17/Dec/2025:12:03:00 -0300] "GET /cormun/servlet/permisogoce?INS,0,,, HTTP/1.1" 200 6780
201.186.226.3 - - [17/Dec/2025:12:03:11 -0300] "GET /cormun/servlet/trpermisosadjuntos?11491887,20251216152708,P, HTTP/1.1" 200 6261
201.186.226.3 - - [17/Dec/2025:12:03:13 -0300] "GET /cormun/servlet/permisosadjuntos?INS,11491887,P,20251216152708,, HTTP/1.1" 200 5583
201.186.226.3 - - [17/Dec/2025:12:03:14 -0300] "GET /cormun/static/about:blank HTTP/1.1" 404 1011
181.203.39.246 - - [17/Dec/2025:12:03:32 -0300] "GET /cormun/servlet/permisogoce?f46475430b67a6d14fd78dd351794bcfbe54cf5f9fbb36561257bb9706345bcf1f9f4788a559fed6cbca6f597d6ef612ca57778cb9da2bad122fb32a430fa677,gx-no-cache=1765983835299 HTTP/1.1" 200 89
181.203.39.246 - - [17/Dec/2025:12:03:42 -0300] "GET /cormun/servlet/permisogoce?f46475430b67a6d14fd78dd351794bcf125ee2ecd7ecbb0a1e9cf20b8f79fb4f54519d0c773d57054a150ee094c9af7b5a21228f9aade4fe777380269f0a0859,gx-no-cache=1765983845987 HTTP/1.1" 200 48
181.203.39.246 - - [17/Dec/2025:12:03:46 -0300] "POST /cormun/servlet/permisogoce?4c45180d1af463fbabfbc8ea482d7ef2,INS,0,,,,gx-no-cache=1765983848606 HTTP/1.1" 200 93
181.203.39.246 - - [17/Dec/2025:12:03:46 -0300] "GET /cormun/servlet/hpexe_return? HTTP/1.1" 200 1010
181.203.39.246 - - [17/Dec/2025:12:03:47 -0300] "GET /cormun/static/hpexe_return.js?20221129846037 HTTP/1.1" 200 1633
181.203.39.246 - - [17/Dec/2025:12:03:47 -0300] "GET /cormun/static/gxcfg.js?20221129846035 HTTP/1.1" 200 953
181.203.39.246 - - [17/Dec/2025:12:03:47 -0300] "GET /cormun/servlet/trpermisosgoce HTTP/1.1" 200 11928
181.203.39.246 - - [17/Dec/2025:12:03:49 -0300] "GET /cormun/servlet/apermisogoceprn?15488646,P,20251217120415,PU HTTP/1.1" 200 1663
181.203.39.246 - - [17/Dec/2025:12:04:15 -0300] "GET /cormun/servlet/permisogoce?INS,0,,, HTTP/1.1" 200 6780
