190.95.15.31 - - [16/Dec/2025:08:01:47 -0300] "GET /cormun/servlet/hpexe_return? HTTP/1.1" 200 1007
190.95.15.31 - - [16/Dec/2025:08:01:47 -0300] "GET /cormun/servlet/trpermisosgoce HTTP/1.1" 200 17243
190.95.67.93 - - [16/Dec/2025:08:01:48 -0300] "POST /cormun/servlet/permisogoce?20c7a6a2500ac494be9f14a3da61ca65,INS,0,,,,gx-no-cache=1765882932815 HTTP/1.1" 200 93
190.95.67.93 - - [16/Dec/2025:08:01:48 -0300] "GET /cormun/servlet/hpexe_return? HTTP/1.1" 200 1007
190.95.67.93 - - [16/Dec/2025:08:01:48 -0300] "GET /cormun/servlet/trpermisosgoce HTTP/1.1" 200 18957
190.95.67.93 - - [16/Dec/2025:08:01:51 -0300] "GET /cormun/servlet/apermisogoceprn?16882376,P,20251216080244,PU HTTP/1.1" 200 1661
190.95.15.31 - - [16/Dec/2025:08:01:55 -0300] "GET /cormun/servlet/apermisogoceprn?19976980,P,20251216080231,PU HTTP/1.1" 200 1672
190.95.67.91 - - [16/Dec/2025:08:03:48 -0300] "GET /cormun/servlet/permisogoce?2aa229fda43a8fa6059fa83789a04656b925fb9970ab4b64d106e15a1b1e0b07bcdef7da16cd068f6a2c0f213d50001f9f93e179799615564ec02f0fcbaeff2f,gx-no-cache=1765883054885 HTTP/1.1" 200 84
190.95.67.91 - - [16/Dec/2025:08:03:54 -0300] "GET /cormun/servlet/permisogoce?2aa229fda43a8fa6059fa83789a04656b8bbcc78634f7046557b2e416c31c2fb34c8a6c9dd32b69e9af88247ec6882526eaac14e0382da13728e5ed29ca83fc3,gx-no-cache=1765883060941 HTTP/1.1" 200 48
190.95.15.31 - - [16/Dec/2025:08:04:27 -0300] "GET /cormun/servlet/trcontratosolicitud? HTTP/1.1" 200 14583
190.95.15.31 - - [16/Dec/2025:08:04:27 -0300] "GET /cormun/static/gxcfg.js?202211298514361 HTTP/1.1" 200 953
190.95.15.31 - - [16/Dec/2025:08:04:27 -0300] "GET /cormun/static/trcontratosolicitud.js?202211298514531 HTTP/1.1" 200 28237
190.95.15.31 - - [16/Dec/2025:08:04:27 -0300] "GET /cormun//static/Resources/PXToolsGridNew.png HTTP/1.1" 200 427
190.95.15.31 - - [16/Dec/2025:08:04:35 -0300] "POST /cormun/servlet/trcontratosolicitud?578a080f6ef8b60f4ecc55be429cf0c5,,gx-no-cache=1765883099374 HTTP/1.1" 200 12299
190.95.15.31 - - [16/Dec/2025:08:04:45 -0300] "POST /cormun/servlet/trcontratosolicitud?578a080f6ef8b60f4ecc55be429cf0c5,,gx-no-cache=1765883108869 HTTP/1.1" 200 7707
190.95.15.31 - - [16/Dec/2025:08:04:45 -0300] "GET /cormun/static/Resources/PXToolsGridPrevious.gif HTTP/1.1" 200 369
190.95.15.31 - - [16/Dec/2025:08:04:45 -0300] "GET /cormun/static/Resources/PXToolsGridFirst.gif HTTP/1.1" 200 379
190.95.67.91 - - [16/Dec/2025:08:04:59 -0300] "POST /cormun/servlet/permisogoce?411a7b862d3ce2282ea5cb93a8d39ba5,INS,0,,,,gx-no-cache=1765883125818 HTTP/1.1" 200 93
190.95.67.91 - - [16/Dec/2025:08:04:59 -0300] "GET /cormun/servlet/hpexe_return? HTTP/1.1" 200 1033
190.95.67.91 - - [16/Dec/2025:08:04:59 -0300] "GET /cormun/servlet/trpermisosgoce?gx-no-cache=1765881723775 HTTP/1.1" 200 18387
190.95.67.91 - - [16/Dec/2025:08:05:01 -0300] "GET /cormun/servlet/trpermisosadjuntos?16495519,20251216080110,P, HTTP/1.1" 200 6582
190.95.15.31 - - [16/Dec/2025:08:05:07 -0300] "POST /cormun/servlet/trcontratosolicitud?578a080f6ef8b60f4ecc55be429cf0c5,,gx-no-cache=1765883131435 HTTP/1.1" 200 12300
190.95.67.91 - - [16/Dec/2025:08:05:08 -0300] "GET /cormun/servlet/permisosadjuntos?INS,16495519,P,20251216080110,, HTTP/1.1" 200 5886
190.95.67.91 - - [16/Dec/2025:08:05:08 -0300] "GET /cormun/static/about:blank HTTP/1.1" 404 1011
190.95.67.91 - - [16/Dec/2025:08:05:24 -0300] "POST /cormun/servlet/permisosadjuntos?411a7b862d3ce2282ea5cb93a8d39ba5,INS,16495519,P,20251216080110,, HTTP/1.1" 200 116
190.95.67.91 - - [16/Dec/2025:08:05:24 -0300] "GET /cormun/servlet/hpexe_return? HTTP/1.1" 200 1040
190.95.67.91 - - [16/Dec/2025:08:05:24 -0300] "GET /cormun/servlet/trpermisosadjuntos?16495519,20251216080110,P, HTTP/1.1" 200 7078
190.95.67.91 - - [16/Dec/2025:08:05:27 -0300] "POST /cormun/servlet/trpermisosadjuntos?411a7b862d3ce2282ea5cb93a8d39ba5,16495519,20251216080110,P,,gx-no-cache=1765883153570 HTTP/1.1" 200 90
190.95.67.91 - - [16/Dec/2025:08:05:27 -0300] "GET /cormun/servlet/hpexe_link HTTP/1.1" 200 1007
190.95.67.91 - - [16/Dec/2025:08:05:27 -0300] "GET /cormun/servlet/trpermisosgoce?gx-no-cache=1765881723775 HTTP/1.1" 200 18384
190.95.67.91 - - [16/Dec/2025:08:05:29 -0300] "POST /cormun/servlet/trpermisosgoce?411a7b862d3ce2282ea5cb93a8d39ba5,gx-no-cache=1765881723775,gx-no-cache=1765883155589 HTTP/1.1" 200 15656
190.95.15.31 - - [16/Dec/2025:08:05:34 -0300] "GET /cormun/servlet/trcargahoraria? HTTP/1.1" 200 6750
190.95.15.31 - - [16/Dec/2025:08:05:34 -0300] "GET /cormun/static/gxcfg.js?202012113392337 HTTP/1.1" 200 953
190.95.15.31 - - [16/Dec/2025:08:05:34 -0300] "GET /cormun/static/trcargahoraria.js?202012113392783 HTTP/1.1" 200 28768
190.95.67.91 - - [16/Dec/2025:08:05:42 -0300] "GET /cormun/servlet/permisogoce?INS,0,,, HTTP/1.1" 200 7152
190.95.67.91 - - [16/Dec/2025:08:05:52 -0300] "GET /cormun/servlet/permisogoce?2aa229fda43a8fa6059fa83789a04656a292bb8d9deec5e1d0454e99b9fcaf9dbcdef7da16cd068f6a2c0f213d50001f9f93e179799615564ec02f0fcbaeff2f,gx-no-cache=1765883178757 HTTP/1.1" 200 79
201.186.225.183 - - [16/Dec/2025:08:05:57 -0300] "GET /cormun/servlet/trpermisosgoce? HTTP/1.1" 200 6031
201.186.225.183 - - [16/Dec/2025:08:05:58 -0300] "GET /cormun/servlet/hlogin HTTP/1.1" 200 1741
190.95.67.91 - - [16/Dec/2025:08:06:01 -0300] "GET /cormun/servlet/permisogoce?2aa229fda43a8fa6059fa83789a04656529781e2d96578cdd58a660e78283c9ea6ee90cce49af8bdcb2861e51e6120a06eaac14e0382da13728e5ed29ca83fc3,gx-no-cache=1765883187572 HTTP/1.1" 200 48
201.186.225.183 - - [16/Dec/2025:08:06:02 -0300] "POST /cormun/servlet/hlogin?cb79b6ee2563d0b8b8dd1990d010f064,gx-no-cache=1765883187781 HTTP/1.1" 200 90
201.186.225.183 - - [16/Dec/2025:08:06:02 -0300] "GET /cormun/servlet/hpexe_link HTTP/1.1" 200 956
201.186.225.183 - - [16/Dec/2025:08:06:02 -0300] "GET /cormun/servlet/trpermisosgoce HTTP/1.1" 200 17707
190.95.67.91 - - [16/Dec/2025:08:06:03 -0300] "POST /cormun/servlet/permisogoce?411a7b862d3ce2282ea5cb93a8d39ba5,INS,0,,,,gx-no-cache=1765883189754 HTTP/1.1" 200 93
190.95.67.91 - - [16/Dec/2025:08:06:03 -0300] "GET /cormun/servlet/hpexe_return? HTTP/1.1" 200 1033
190.95.67.91 - - [16/Dec/2025:08:06:03 -0300] "GET /cormun/servlet/trpermisosgoce?gx-no-cache=1765881723775 HTTP/1.1" 200 18328
190.95.67.91 - - [16/Dec/2025:08:06:05 -0300] "GET /cormun/servlet/trpermisosadjuntos?19017119,20251216080700,P, HTTP/1.1" 200 6584
190.95.67.91 - - [16/Dec/2025:08:06:07 -0300] "GET /cormun/servlet/permisosadjuntos?INS,19017119,P,20251216080700,, HTTP/1.1" 200 5882
190.95.67.91 - - [16/Dec/2025:08:06:07 -0300] "GET /cormun/static/about:blank HTTP/1.1" 404 1011
201.186.225.183 - - [16/Dec/2025:08:06:12 -0300] "POST /cormun/servlet/trpermisosgoce?cb79b6ee2563d0b8b8dd1990d010f064,gx-no-cache=1765883197447 HTTP/1.1" 200 3923
190.95.67.91 - - [16/Dec/2025:08:06:33 -0300] "POST /cormun/servlet/permisosadjuntos?411a7b862d3ce2282ea5cb93a8d39ba5,INS,19017119,P,20251216080700,, HTTP/1.1" 200 116
190.95.67.91 - - [16/Dec/2025:08:06:33 -0300] "GET /cormun/servlet/hpexe_return? HTTP/1.1" 200 1040
190.95.67.91 - - [16/Dec/2025:08:06:33 -0300] "GET /cormun/servlet/trpermisosadjuntos?19017119,20251216080700,P, HTTP/1.1" 200 7092
190.95.67.91 - - [16/Dec/2025:08:06:35 -0300] "POST /cormun/servlet/trpermisosadjuntos?411a7b862d3ce2282ea5cb93a8d39ba5,19017119,20251216080700,P,,gx-no-cache=1765883222330 HTTP/1.1" 200 90
190.95.67.91 - - [16/Dec/2025:08:06:35 -0300] "GET /cormun/servlet/hpexe_link HTTP/1.1" 200 1006
190.95.67.91 - - [16/Dec/2025:08:06:36 -0300] "GET /cormun/servlet/trpermisosgoce?gx-no-cache=1765881723775 HTTP/1.1" 200 18325
190.95.67.91 - - [16/Dec/2025:08:06:38 -0300] "POST /cormun/servlet/trpermisosgoce?411a7b862d3ce2282ea5cb93a8d39ba5,gx-no-cache=1765881723775,gx-no-cache=1765883224836 HTTP/1.1" 200 15624
190.95.67.91 - - [16/Dec/2025:08:07:00 -0300] "POST /cormun/servlet/trpermisosgoce?411a7b862d3ce2282ea5cb93a8d39ba5,gx-no-cache=1765881723775,gx-no-cache=1765883246387 HTTP/1.1" 200 15578
190.95.67.91 - - [16/Dec/2025:08:07:13 -0300] "GET /cormun/servlet/permisogoce?INS,0,,, HTTP/1.1" 200 7151
190.95.67.91 - - [16/Dec/2025:08:07:19 -0300] "GET /cormun/servlet/permisogoce?2aa229fda43a8fa6059fa83789a04656c04f60a9c8cbd473b374b3d03612c030bcdef7da16cd068f6a2c0f213d50001f9f93e179799615564ec02f0fcbaeff2f,gx-no-cache=1765883266131 HTTP/1.1" 200 85
190.95.15.15 - - [16/Dec/2025:08:07:25 -0300] "GET /cormun/servlet/hlogin HTTP/1.1" 200 1714
190.95.67.91 - - [16/Dec/2025:08:07:28 -0300] "GET /cormun/servlet/permisogoce?2aa229fda43a8fa6059fa83789a04656e8b79699c800ff848ff73c66b078f7862ac3f87d18bc6847fbcc23c66e6a129f91e141b4c8cde65d6cf9164bfe3259dc,gx-no-cache=1765883274541 HTTP/1.1" 200 48
190.95.15.15 - - [16/Dec/2025:08:07:34 -0300] "POST /cormun/servlet/hlogin?f4deb6afa0d3974981c43e9a4fd12400,gx-no-cache=1765883279696 HTTP/1.1" 200 90
190.95.15.15 - - [16/Dec/2025:08:07:35 -0300] "GET /cormun/servlet/hpexe_link HTTP/1.1" 200 943
190.95.15.15 - - [16/Dec/2025:08:07:35 -0300] "GET /cormun/servlet/hhome HTTP/1.1" 200 3981
190.95.15.15 - - [16/Dec/2025:08:07:37 -0300] "GET /cormun/servlet/trpermisosgoce? HTTP/1.1" 200 15635
190.95.67.91 - - [16/Dec/2025:08:07:40 -0300] "POST /cormun/servlet/permisogoce?411a7b862d3ce2282ea5cb93a8d39ba5,INS,0,,,,gx-no-cache=1765883286378 HTTP/1.1" 200 93
190.95.67.91 - - [16/Dec/2025:08:07:40 -0300] "GET /cormun/servlet/hpexe_return? HTTP/1.1" 200 1033
190.95.15.15 - - [16/Dec/2025:08:07:40 -0300] "GET /cormun/servlet/permisogoce?INS,0,,, HTTP/1.1" 200 6849
190.95.67.91 - - [16/Dec/2025:08:07:40 -0300] "GET /cormun/servlet/trpermisosgoce?gx-no-cache=1765881723775 HTTP/1.1" 200 18271
190.95.67.91 - - [16/Dec/2025:08:07:42 -0300] "GET /cormun/servlet/trpermisosadjuntos?20442072,20251216080831,P, HTTP/1.1" 200 6579
190.95.67.91 - - [16/Dec/2025:08:07:43 -0300] "GET /cormun/servlet/permisosadjuntos?INS,20442072,P,20251216080831,, HTTP/1.1" 200 5885
190.95.67.91 - - [16/Dec/2025:08:07:44 -0300] "GET /cormun/static/about:blank HTTP/1.1" 404 1011
190.95.15.15 - - [16/Dec/2025:08:07:47 -0300] "GET /cormun/servlet/permisogoce?3223f58153b828ff508252e12d9513f5017daf68f6861c0f20664a0c02720ee72af05bc787beca8055f6b94e978dd05cf67cb908232c459ccee014e4726aed82,gx-no-cache=1765883292524 HTTP/1.1" 200 83
190.95.15.15 - - [16/Dec/2025:08:07:47 -0300] "GET /cormun/static/menuarrow.gif HTTP/1.1" 404 1015
190.95.15.15 - - [16/Dec/2025:08:07:52 -0300] "GET /cormun/servlet/permisogoce?3223f58153b828ff508252e12d9513f57622ed6ec3930eb0748e0042424c6bdebbf82c60208bc7c072a2a803635e281149f552bdb691be08f411847dd7463f0c,gx-no-cache=1765883297724 HTTP/1.1" 200 48
190.95.67.91 - - [16/Dec/2025:08:07:55 -0300] "POST /cormun/servlet/permisosadjuntos?411a7b862d3ce2282ea5cb93a8d39ba5,INS,20442072,P,20251216080831,, HTTP/1.1" 200 116
190.95.67.91 - - [16/Dec/2025:08:07:55 -0300] "GET /cormun/servlet/hpexe_return? HTTP/1.1" 200 1036
190.95.67.91 - - [16/Dec/2025:08:07:55 -0300] "GET /cormun/servlet/trpermisosadjuntos?20442072,20251216080831,P, HTTP/1.1" 200 7099
190.95.15.15 - - [16/Dec/2025:08:07:56 -0300] "POST /cormun/servlet/permisogoce?f4deb6afa0d3974981c43e9a4fd12400,INS,0,,,,gx-no-cache=1765883299820 HTTP/1.1" 200 93
190.95.15.15 - - [16/Dec/2025:08:07:56 -0300] "GET /cormun/servlet/hpexe_return? HTTP/1.1" 200 1002
190.95.15.15 - - [16/Dec/2025:08:07:56 -0300] "GET /cormun/servlet/trpermisosgoce HTTP/1.1" 200 15904
190.95.67.91 - - [16/Dec/2025:08:07:59 -0300] "POST /cormun/servlet/trpermisosadjuntos?411a7b862d3ce2282ea5cb93a8d39ba5,20442072,20251216080831,P,,gx-no-cache=1765883305890 HTTP/1.1" 200 90
190.95.67.91 - - [16/Dec/2025:08:07:59 -0300] "GET /cormun/servlet/hpexe_link HTTP/1.1" 200 1004
190.95.67.91 - - [16/Dec/2025:08:07:59 -0300] "GET /cormun/servlet/trpermisosgoce?gx-no-cache=1765881723775 HTTP/1.1" 200 18268
190.95.15.15 - - [16/Dec/2025:08:07:59 -0300] "GET /cormun/servlet/apermisogoceprn?20723696,P,20251216080857,PU HTTP/1.1" 200 1661
190.95.67.91 - - [16/Dec/2025:08:08:02 -0300] "POST /cormun/servlet/trpermisosgoce?411a7b862d3ce2282ea5cb93a8d39ba5,gx-no-cache=1765881723775,gx-no-cache=1765883308765 HTTP/1.1" 200 15574
190.95.67.91 - - [16/Dec/2025:08:08:16 -0300] "GET /cormun/servlet/trlicenciaspermisoslog?19017119,P,20251216080700, HTTP/1.1" 200 6829
190.95.67.91 - - [16/Dec/2025:08:08:17 -0300] "GET /cormun/static/gxui/gxui-all.css?110300 HTTP/1.1" 200 2179
190.95.67.91 - - [16/Dec/2025:08:08:17 -0300] "GET /cormun/static/gxcfg.js?201991422452353 HTTP/1.1" 200 953
190.95.67.91 - - [16/Dec/2025:08:08:17 -0300] "GET /cormun/static/calendar-system.css?75620 HTTP/1.1" 200 5572
190.95.67.91 - - [16/Dec/2025:08:08:17 -0300] "GET /cormun/static/trlicenciaspermisoslog.js?201991422452676 HTTP/1.1" 200 20074
190.95.67.91 - - [16/Dec/2025:08:08:17 -0300] "GET /cormun/static/Resources/Spanish/PXTools.css?2294816 HTTP/1.1" 200 100853
190.95.67.91 - - [16/Dec/2025:08:08:17 -0300] "GET /cormun/static/Shared/ext/resources/css/ext-all.css?205870 HTTP/1.1" 200 416045
190.95.67.91 - - [16/Dec/2025:08:08:24 -0300] "GET /cormun/servlet/trpermisosgoce? HTTP/1.1" 200 18235
190.95.67.91 - - [16/Dec/2025:08:08:32 -0300] "POST /cormun/servlet/trpermisosgoce?411a7b862d3ce2282ea5cb93a8d39ba5,,gx-no-cache=1765883339357 HTTP/1.1" 200 15537
190.95.67.91 - - [16/Dec/2025:08:08:41 -0300] "GET /cormun/servlet/permisogoce?INS,0,,, HTTP/1.1" 200 7131
190.95.67.93 - - [16/Dec/2025:08:10:12 -0300] "GET /cormun/servlet/permisogoce?INS,0,,, HTTP/1.1" 200 7228
190.95.67.93 - - [16/Dec/2025:08:10:12 -0300] "GET /cormun/servlet/permisogoce?INS,0,,, HTTP/1.1" 200 7227
190.95.67.93 - - [16/Dec/2025:08:10:21 -0300] "GET /cormun/servlet/permisogoce?3ecc1d55b03260e644b362fe959f3de1051195b6c24f9a02f607f5cd244eb9e2496d343666e13fbfa0c5440b58b1d53dd65f1e503314faed19d778afd2da166b,gx-no-cache=1765883445599 HTTP/1.1" 200 82
190.95.67.93 - - [16/Dec/2025:08:10:27 -0300] "GET /cormun/static/menuarrow.gif HTTP/1.1" 404 1015
190.95.67.99 - - [16/Dec/2025:08:10:32 -0300] "GET /cormun/servlet/hhome HTTP/1.1" 200 3324
190.95.67.93 - - [16/Dec/2025:08:10:32 -0300] "GET /cormun/servlet/permisogoce?3ecc1d55b03260e644b362fe959f3de1dbf429e34e228d3b3429ac3bf3eba194805680fd34b0f84b7d7c3dabe9cac1f975c8725b1d64bee903adf56c04e4792e,gx-no-cache=1765883457589 HTTP/1.1" 200 48
190.95.67.93 - - [16/Dec/2025:08:10:36 -0300] "POST /cormun/servlet/permisogoce?20c7a6a2500ac494be9f14a3da61ca65,INS,0,,,,gx-no-cache=1765883460856 HTTP/1.1" 200 93
190.95.67.93 - - [16/Dec/2025:08:10:36 -0300] "GET /cormun/servlet/hpexe_return? HTTP/1.1" 200 1007
190.95.67.93 - - [16/Dec/2025:08:10:36 -0300] "GET /cormun/servlet/trpermisosgoce HTTP/1.1" 200 18917
190.95.67.93 - - [16/Dec/2025:08:10:45 -0300] "GET /cormun/servlet/apermisogoceprn?17811729,P,20251216081130,PU HTTP/1.1" 200 1659
179.57.78.9 - - [16/Dec/2025:08:10:59 -0300] "GET /cormun/servlet/hlogin HTTP/1.1" 200 1724
190.95.67.99 - - [16/Dec/2025:08:11:00 -0300] "GET /cormun/servlet/hlogin HTTP/1.1" 200 1734
179.57.78.9 - - [16/Dec/2025:08:11:02 -0300] "POST /cormun/servlet/hlogin?5cdf38bfadc1adc7ce96034b1b906b8f,gx-no-cache=1765883488911 HTTP/1.1" 200 90
179.57.78.9 - - [16/Dec/2025:08:11:02 -0300] "GET /cormun/servlet/hpexe_link HTTP/1.1" 200 953
179.57.78.9 - - [16/Dec/2025:08:11:02 -0300] "GET /cormun/servlet/hhome HTTP/1.1" 200 4351
179.57.78.9 - - [16/Dec/2025:08:11:04 -0300] "GET /cormun/servlet/trlicencias? HTTP/1.1" 200 11412
190.95.67.99 - - [16/Dec/2025:08:11:11 -0300] "POST /cormun/servlet/hlogin?a22a651576b126013b03f391ca6e768c,gx-no-cache=1765883497058 HTTP/1.1" 200 90
190.95.67.99 - - [16/Dec/2025:08:11:11 -0300] "GET /cormun/servlet/hpexe_link HTTP/1.1" 200 949
190.95.67.99 - - [16/Dec/2025:08:11:11 -0300] "GET /cormun/servlet/hhome HTTP/1.1" 200 4317
190.95.67.93 - - [16/Dec/2025:08:11:32 -0300] "GET /cormun/servlet/permisogoce?INS,0,,, HTTP/1.1" 200 7228
190.95.67.93 - - [16/Dec/2025:08:11:39 -0300] "GET /cormun/servlet/permisogoce?3ecc1d55b03260e644b362fe959f3de195673f3cf3ff09aadb5e4fba2d67cd6d496d343666e13fbfa0c5440b58b1d53dd65f1e503314faed19d778afd2da166b,gx-no-cache=1765883524192 HTTP/1.1" 200 79
190.95.67.93 - - [16/Dec/2025:08:11:46 -0300] "GET /cormun/servlet/permisogoce?3ecc1d55b03260e644b362fe959f3de10962497f71a213525800a10ec2f3ccd50c4773c81016e5fc022be40f30a212ab75c8725b1d64bee903adf56c04e4792e,gx-no-cache=1765883530788 HTTP/1.1" 200 48
190.95.67.93 - - [16/Dec/2025:08:11:48 -0300] "POST /cormun/servlet/permisogoce?20c7a6a2500ac494be9f14a3da61ca65,INS,0,,,,gx-no-cache=1765883533062 HTTP/1.1" 200 93
190.95.67.93 - - [16/Dec/2025:08:11:48 -0300] "GET /cormun/servlet/hpexe_return? HTTP/1.1" 200 1007
190.95.67.93 - - [16/Dec/2025:08:11:49 -0300] "GET /cormun/servlet/trpermisosgoce HTTP/1.1" 200 18874
190.95.67.91 - - [16/Dec/2025:08:11:51 -0300] "GET /cormun/servlet/permisogoce?2aa229fda43a8fa6059fa83789a04656c04f60a9c8cbd473b374b3d03612c030bcdef7da16cd068f6a2c0f213d50001f9f93e179799615564ec02f0fcbaeff2f,gx-no-cache=1765883537717 HTTP/1.1" 200 85
190.95.67.93 - - [16/Dec/2025:08:11:52 -0300] "GET /cormun/servlet/apermisogoceprn?12915201,P,20251216081250,PU HTTP/1.1" 200 1654
190.95.67.91 - - [16/Dec/2025:08:11:58 -0300] "GET /cormun/servlet/permisogoce?2aa229fda43a8fa6059fa83789a04656e8b79699c800ff848ff73c66b078f786a7ada9e78c925e09270261273a9b6c8b91e141b4c8cde65d6cf9164bfe3259dc,gx-no-cache=1765883544614 HTTP/1.1" 200 48
190.95.67.99 - - [16/Dec/2025:08:11:58 -0300] "GET /cormun/servlet/trlicencias? HTTP/1.1" 200 9723
190.95.67.99 - - [16/Dec/2025:08:12:01 -0300] "POST /cormun/servlet/trlicencias?a22a651576b126013b03f391ca6e768c,,gx-no-cache=1765883547019 HTTP/1.1" 200 7118
190.95.67.99 - - [16/Dec/2025:08:12:03 -0300] "POST /cormun/servlet/trlicencias?a22a651576b126013b03f391ca6e768c,,gx-no-cache=1765883548922 HTTP/1.1" 200 7121
190.95.67.91 - - [16/Dec/2025:08:12:07 -0300] "POST /cormun/servlet/permisogoce?411a7b862d3ce2282ea5cb93a8d39ba5,INS,0,,,,gx-no-cache=1765883553377 HTTP/1.1" 200 93
190.95.67.91 - - [16/Dec/2025:08:12:07 -0300] "GET /cormun/servlet/hpexe_return? HTTP/1.1" 200 1012
190.95.67.91 - - [16/Dec/2025:08:12:07 -0300] "GET /cormun/servlet/trpermisosgoce? HTTP/1.1" 200 18286
190.95.67.99 - - [16/Dec/2025:08:12:07 -0300] "GET /cormun/servlet/trpermisosgoce? HTTP/1.1" 200 15868
190.95.67.91 - - [16/Dec/2025:08:12:09 -0300] "GET /cormun/servlet/trpermisosadjuntos?20442072,20251216080959,P, HTTP/1.1" 200 6559
190.95.67.91 - - [16/Dec/2025:08:12:10 -0300] "GET /cormun/servlet/permisosadjuntos?INS,20442072,P,20251216080959,, HTTP/1.1" 200 5887
190.95.67.91 - - [16/Dec/2025:08:12:11 -0300] "GET /cormun/static/about:blank HTTP/1.1" 404 1011
190.95.67.93 - - [16/Dec/2025:08:12:15 -0300] "GET /cormun/servlet/permisogoce?INS,0,,, HTTP/1.1" 200 7228
190.95.67.91 - - [16/Dec/2025:08:12:20 -0300] "POST /cormun/servlet/permisosadjuntos?411a7b862d3ce2282ea5cb93a8d39ba5,INS,20442072,P,20251216080959,, HTTP/1.1" 200 116
190.95.67.91 - - [16/Dec/2025:08:12:20 -0300] "GET /cormun/servlet/hpexe_return? HTTP/1.1" 200 1037
190.95.67.91 - - [16/Dec/2025:08:12:20 -0300] "GET /cormun/servlet/trpermisosadjuntos?20442072,20251216080959,P, HTTP/1.1" 200 7103
190.95.67.93 - - [16/Dec/2025:08:12:24 -0300] "GET /cormun/servlet/permisogoce?3ecc1d55b03260e644b362fe959f3de16d00d17e95899962b3b927420a953205496d343666e13fbfa0c5440b58b1d53dd65f1e503314faed19d778afd2da166b,gx-no-cache=1765883568870 HTTP/1.1" 200 90
201.186.225.183 - - [16/Dec/2025:08:12:27 -0300] "GET /cormun/servlet/trpermisosgoce? HTTP/1.1" 200 6694
190.95.67.93 - - [16/Dec/2025:08:12:30 -0300] "GET /cormun/servlet/permisogoce?3ecc1d55b03260e644b362fe959f3de1b764086e756545d67e9d120c7884bb52f77cbddf47f5ab15e36dbf3d5e652cb985f59a7592ad49d6e597b0a3946fbd85,gx-no-cache=1765883574820 HTTP/1.1" 200 48
201.186.225.183 - - [16/Dec/2025:08:12:30 -0300] "POST /cormun/servlet/trpermisosgoce?cb79b6ee2563d0b8b8dd1990d010f064,,gx-no-cache=1765883575769 HTTP/1.1" 200 3924
190.95.67.91 - - [16/Dec/2025:08:12:30 -0300] "POST /cormun/servlet/trpermisosadjuntos?411a7b862d3ce2282ea5cb93a8d39ba5,20442072,20251216080959,P,,gx-no-cache=1765883577489 HTTP/1.1" 200 90
190.95.67.91 - - [16/Dec/2025:08:12:31 -0300] "GET /cormun/servlet/hpexe_link HTTP/1.1" 200 982
190.95.67.91 - - [16/Dec/2025:08:12:31 -0300] "GET /cormun/servlet/trpermisosgoce HTTP/1.1" 200 18282
190.95.67.93 - - [16/Dec/2025:08:12:34 -0300] "POST /cormun/servlet/permisogoce?20c7a6a2500ac494be9f14a3da61ca65,INS,0,,,,gx-no-cache=1765883578949 HTTP/1.1" 200 93
190.95.67.93 - - [16/Dec/2025:08:12:34 -0300] "GET /cormun/servlet/hpexe_return? HTTP/1.1" 200 1007
190.95.67.91 - - [16/Dec/2025:08:12:35 -0300] "POST /cormun/servlet/trpermisosgoce?411a7b862d3ce2282ea5cb93a8d39ba5,gx-no-cache=1765883581236 HTTP/1.1" 200 15587
190.95.67.93 - - [16/Dec/2025:08:12:35 -0300] "GET /cormun/servlet/trpermisosgoce HTTP/1.1" 200 18918
190.95.67.91 - - [16/Dec/2025:08:12:36 -0300] "GET /cormun/servlet/permisogoce?INS,0,,, HTTP/1.1" 200 7130
201.186.225.183 - - [16/Dec/2025:08:12:37 -0300] "POST /cormun/servlet/trpermisosgoce?cb79b6ee2563d0b8b8dd1990d010f064,,gx-no-cache=1765883583265 HTTP/1.1" 200 5868
190.95.67.93 - - [16/Dec/2025:08:12:40 -0300] "GET /cormun/servlet/apermisogoceprn?13947570,P,20251216081332,PU HTTP/1.1" 200 1653
201.186.225.183 - - [16/Dec/2025:08:12:44 -0300] "POST /cormun/servlet/trpermisosgoce?cb79b6ee2563d0b8b8dd1990d010f064,,gx-no-cache=1765883589824 HTTP/1.1" 200 5068
201.186.225.183 - - [16/Dec/2025:08:12:59 -0300] "POST /cormun/servlet/trpermisosgoce?cb79b6ee2563d0b8b8dd1990d010f064,,gx-no-cache=1765883605120 HTTP/1.1" 200 103
201.186.225.183 - - [16/Dec/2025:08:12:59 -0300] "POST /cormun/servlet/trpermisosgoce?cb79b6ee2563d0b8b8dd1990d010f064,,gx-no-cache=1765883605320 HTTP/1.1" 200 5045
201.186.225.183 - - [16/Dec/2025:08:13:00 -0300] "GET /cormun/PermisosGoce-523.xls HTTP/1.1" 200 5120
190.95.67.91 - - [16/Dec/2025:08:13:27 -0300] "GET /cormun/servlet/permisogoce?2aa229fda43a8fa6059fa83789a04656f2b36a7127d8f9de3c8f986f16670deebcdef7da16cd068f6a2c0f213d50001f9f93e179799615564ec02f0fcbaeff2f,gx-no-cache=1765883633948 HTTP/1.1" 200 76
190.95.67.91 - - [16/Dec/2025:08:13:39 -0300] "GET /cormun/servlet/permisogoce?2aa229fda43a8fa6059fa83789a04656b28f61e9410dd7c78c1ebe1a14f6d8b536027c6fc4f7dc459fe65ec8b40aef9d6eaac14e0382da13728e5ed29ca83fc3,gx-no-cache=1765883645739 HTTP/1.1" 200 47
190.95.67.91 - - [16/Dec/2025:08:13:42 -0300] "POST /cormun/servlet/permisogoce?411a7b862d3ce2282ea5cb93a8d39ba5,INS,0,,,,gx-no-cache=1765883648497 HTTP/1.1" 200 93
190.95.67.91 - - [16/Dec/2025:08:13:42 -0300] "GET /cormun/servlet/hpexe_return? HTTP/1.1" 200 1033
190.95.67.91 - - [16/Dec/2025:08:13:42 -0300] "GET /cormun/servlet/trpermisosgoce?gx-no-cache=1765883581236 HTTP/1.1" 200 18297
190.95.67.91 - - [16/Dec/2025:08:13:44 -0300] "GET /cormun/servlet/trpermisosadjuntos?26926082,20251216081354,P, HTTP/1.1" 200 6580
190.95.67.91 - - [16/Dec/2025:08:13:46 -0300] "GET /cormun/servlet/permisosadjuntos?INS,26926082,P,20251216081354,, HTTP/1.1" 200 5881
190.95.67.91 - - [16/Dec/2025:08:13:46 -0300] "GET /cormun/static/about:blank HTTP/1.1" 404 1011
190.95.67.91 - - [16/Dec/2025:08:13:59 -0300] "POST /cormun/servlet/permisosadjuntos?411a7b862d3ce2282ea5cb93a8d39ba5,INS,26926082,P,20251216081354,, HTTP/1.1" 200 116
190.95.67.91 - - [16/Dec/2025:08:13:59 -0300] "GET /cormun/servlet/hpexe_return? HTTP/1.1" 200 1039
190.95.67.91 - - [16/Dec/2025:08:13:59 -0300] "GET /cormun/servlet/trpermisosadjuntos?26926082,20251216081354,P, HTTP/1.1" 200 7084
190.95.67.91 - - [16/Dec/2025:08:14:02 -0300] "POST /cormun/servlet/trpermisosadjuntos?411a7b862d3ce2282ea5cb93a8d39ba5,26926082,20251216081354,P,,gx-no-cache=1765883668674 HTTP/1.1" 200 90
190.95.67.91 - - [16/Dec/2025:08:14:02 -0300] "GET /cormun/servlet/hpexe_link HTTP/1.1" 200 1003
190.95.67.91 - - [16/Dec/2025:08:14:02 -0300] "GET /cormun/servlet/trpermisosgoce?gx-no-cache=1765883581236 HTTP/1.1" 200 18294
190.95.67.91 - - [16/Dec/2025:08:14:05 -0300] "POST /cormun/servlet/trpermisosgoce?411a7b862d3ce2282ea5cb93a8d39ba5,gx-no-cache=1765883581236,gx-no-cache=1765883671396 HTTP/1.1" 200 15610
190.95.67.91 - - [16/Dec/2025:08:14:16 -0300] "GET /cormun/servlet/permisogoce?INS,0,,, HTTP/1.1" 200 7152
190.95.67.91 - - [16/Dec/2025:08:14:52 -0300] "GET /cormun/servlet/permisogoce?2aa229fda43a8fa6059fa83789a04656f2b36a7127d8f9de3c8f986f16670deebcdef7da16cd068f6a2c0f213d50001f9f93e179799615564ec02f0fcbaeff2f,gx-no-cache=1765883719134 HTTP/1.1" 200 75
190.95.67.91 - - [16/Dec/2025:08:14:59 -0300] "GET /cormun/servlet/permisogoce?2aa229fda43a8fa6059fa83789a04656b28f61e9410dd7c78c1ebe1a14f6d8b5afebd3b163ba31cf107965fc257f879e91e141b4c8cde65d6cf9164bfe3259dc,gx-no-cache=1765883725668 HTTP/1.1" 200 48
190.95.67.91 - - [16/Dec/2025:08:15:02 -0300] "POST /cormun/servlet/permisogoce?411a7b862d3ce2282ea5cb93a8d39ba5,INS,0,,,,gx-no-cache=1765883728689 HTTP/1.1" 200 93
190.95.67.91 - - [16/Dec/2025:08:15:02 -0300] "GET /cormun/servlet/hpexe_return? HTTP/1.1" 200 1033
190.95.67.91 - - [16/Dec/2025:08:15:02 -0300] "GET /cormun/servlet/trpermisosgoce?gx-no-cache=1765883581236 HTTP/1.1" 200 18307
190.95.67.91 - - [16/Dec/2025:08:15:05 -0300] "GET /cormun/servlet/trpermisosadjuntos?26926082,20251216081534,P, HTTP/1.1" 200 6581
190.95.67.91 - - [16/Dec/2025:08:15:07 -0300] "GET /cormun/servlet/permisosadjuntos?INS,26926082,P,20251216081534,, HTTP/1.1" 200 5882
190.95.67.91 - - [16/Dec/2025:08:15:07 -0300] "GET /cormun/static/about:blank HTTP/1.1" 404 1011
190.95.67.91 - - [16/Dec/2025:08:15:23 -0300] "POST /cormun/servlet/permisosadjuntos?411a7b862d3ce2282ea5cb93a8d39ba5,INS,26926082,P,20251216081534,, HTTP/1.1" 200 116
190.95.67.91 - - [16/Dec/2025:08:15:23 -0300] "GET /cormun/servlet/hpexe_return? HTTP/1.1" 200 1039
190.95.67.91 - - [16/Dec/2025:08:15:23 -0300] "GET /cormun/servlet/trpermisosadjuntos?26926082,20251216081534,P, HTTP/1.1" 200 7086
190.95.67.91 - - [16/Dec/2025:08:15:27 -0300] "POST /cormun/servlet/trpermisosadjuntos?411a7b862d3ce2282ea5cb93a8d39ba5,26926082,20251216081534,P,,gx-no-cache=1765883754161 HTTP/1.1" 200 90
190.95.67.91 - - [16/Dec/2025:08:15:27 -0300] "GET /cormun/servlet/hpexe_link HTTP/1.1" 200 1004
190.95.67.91 - - [16/Dec/2025:08:15:28 -0300] "GET /cormun/servlet/trpermisosgoce?gx-no-cache=1765883581236 HTTP/1.1" 200 18304
190.95.67.91 - - [16/Dec/2025:08:15:31 -0300] "POST /cormun/servlet/trpermisosgoce?411a7b862d3ce2282ea5cb93a8d39ba5,gx-no-cache=1765883581236,gx-no-cache=1765883757524 HTTP/1.1" 200 15617
190.95.67.91 - - [16/Dec/2025:08:15:42 -0300] "GET /cormun/servlet/permisogoce?INS,0,,, HTTP/1.1" 200 7151
190.95.1.185 - - [16/Dec/2025:08:15:46 -0300] "GET /cormun/servlet/trpermisosgoce HTTP/1.1" 200 6031
190.95.1.185 - - [16/Dec/2025:08:15:46 -0300] "GET /cormun/servlet/hlogin HTTP/1.1" 200 1736
190.95.67.91 - - [16/Dec/2025:08:15:48 -0300] "GET /cormun/servlet/permisogoce?2aa229fda43a8fa6059fa83789a04656f2b36a7127d8f9de3c8f986f16670deebcdef7da16cd068f6a2c0f213d50001f9f93e179799615564ec02f0fcbaeff2f,gx-no-cache=1765883775020 HTTP/1.1" 200 76
190.95.67.91 - - [16/Dec/2025:08:15:56 -0300] "GET /cormun/servlet/permisogoce?2aa229fda43a8fa6059fa83789a04656b28f61e9410dd7c78c1ebe1a14f6d8b5c8af6215eff749946e8fa717a29a25696eaac14e0382da13728e5ed29ca83fc3,gx-no-cache=1765883783068 HTTP/1.1" 200 48
190.95.67.91 - - [16/Dec/2025:08:15:59 -0300] "POST /cormun/servlet/permisogoce?411a7b862d3ce2282ea5cb93a8d39ba5,INS,0,,,,gx-no-cache=1765883785329 HTTP/1.1" 200 93
190.95.67.91 - - [16/Dec/2025:08:15:59 -0300] "GET /cormun/servlet/hpexe_return? HTTP/1.1" 200 1033
190.95.67.91 - - [16/Dec/2025:08:15:59 -0300] "GET /cormun/servlet/trpermisosgoce?gx-no-cache=1765883581236 HTTP/1.1" 200 18256
190.95.67.99 - - [16/Dec/2025:08:16:32 -0300] "GET /cormun/servlet/trlicencias? HTTP/1.1" 200 9721
190.95.67.91 - - [16/Dec/2025:08:16:35 -0300] "GET /cormun/servlet/trpermisosadjuntos?26926082,20251216081700,P, HTTP/1.1" 200 6581
190.95.67.91 - - [16/Dec/2025:08:16:37 -0300] "GET /cormun/servlet/permisosadjuntos?INS,26926082,P,20251216081700,, HTTP/1.1" 200 5880
190.95.67.91 - - [16/Dec/2025:08:16:37 -0300] "GET /cormun/static/about:blank HTTP/1.1" 404 1011
190.95.67.91 - - [16/Dec/2025:08:16:54 -0300] "POST /cormun/servlet/permisosadjuntos?411a7b862d3ce2282ea5cb93a8d39ba5,INS,26926082,P,20251216081700,, HTTP/1.1" 200 116
190.95.67.91 - - [16/Dec/2025:08:16:54 -0300] "GET /cormun/servlet/hpexe_return? HTTP/1.1" 200 1039
190.95.67.91 - - [16/Dec/2025:08:16:54 -0300] "GET /cormun/servlet/trpermisosadjuntos?26926082,20251216081700,P, HTTP/1.1" 200 7083
190.95.67.91 - - [16/Dec/2025:08:16:57 -0300] "POST /cormun/servlet/trpermisosadjuntos?411a7b862d3ce2282ea5cb93a8d39ba5,26926082,20251216081700,P,,gx-no-cache=1765883844432 HTTP/1.1" 200 90
190.95.67.91 - - [16/Dec/2025:08:16:58 -0300] "GET /cormun/servlet/hpexe_link HTTP/1.1" 200 1004
190.95.67.91 - - [16/Dec/2025:08:16:58 -0300] "GET /cormun/servlet/trpermisosgoce?gx-no-cache=1765883581236 HTTP/1.1" 200 18253
190.95.67.91 - - [16/Dec/2025:08:17:01 -0300] "POST /cormun/servlet/trpermisosgoce?411a7b862d3ce2282ea5cb93a8d39ba5,gx-no-cache=1765883581236,gx-no-cache=1765883848237 HTTP/1.1" 200 15550
190.95.67.91 - - [16/Dec/2025:08:17:18 -0300] "GET /cormun/servlet/permisogoce?INS,0,,, HTTP/1.1" 200 7152
190.95.67.91 - - [16/Dec/2025:08:17:24 -0300] "GET /cormun/servlet/permisogoce?2aa229fda43a8fa6059fa83789a04656f60a8fdcd294ea04db20d781d66036bebcdef7da16cd068f6a2c0f213d50001f9f93e179799615564ec02f0fcbaeff2f,gx-no-cache=1765883870748 HTTP/1.1" 200 81
190.95.67.91 - - [16/Dec/2025:08:17:39 -0300] "GET /cormun/servlet/permisogoce?2aa229fda43a8fa6059fa83789a0465674c445df448274569170a0e0ec83555f826217b8ad1dc759fb12936d359e597b4ae65721812e5398bb0a1923edba42bb274696dd80aa9033b3abffb83330d4fbfc2d45b92d011706a469433dd27abaa58da4553784735c901a16dca8d2cf7fe3,gx-no-cache=1765883885572 HTTP/1.1" 200 84
190.95.67.91 - - [16/Dec/2025:08:17:45 -0300] "GET /cormun/servlet/permisogoce?2aa229fda43a8fa6059fa83789a046566fee0adc5cf9b76ea1de68cdaf57a970ece4b27ac63152e81a314925c3e3db576eaac14e0382da13728e5ed29ca83fc3,gx-no-cache=1765883892178 HTTP/1.1" 200 48
190.95.67.91 - - [16/Dec/2025:08:17:48 -0300] "POST /cormun/servlet/permisogoce?411a7b862d3ce2282ea5cb93a8d39ba5,INS,0,,,,gx-no-cache=1765883894632 HTTP/1.1" 200 93
190.95.67.91 - - [16/Dec/2025:08:17:48 -0300] "GET /cormun/servlet/hpexe_return? HTTP/1.1" 200 1033
190.95.67.91 - - [16/Dec/2025:08:17:48 -0300] "GET /cormun/servlet/trpermisosgoce?gx-no-cache=1765883581236 HTTP/1.1" 200 18277
190.95.67.91 - - [16/Dec/2025:08:17:51 -0300] "GET /cormun/servlet/trpermisosadjuntos?14007229,20251216081836,P, HTTP/1.1" 200 6587
190.95.67.91 - - [16/Dec/2025:08:17:52 -0300] "GET /cormun/servlet/permisosadjuntos?INS,14007229,P,20251216081836,, HTTP/1.1" 200 5889
190.95.67.91 - - [16/Dec/2025:08:17:52 -0300] "GET /cormun/static/about:blank HTTP/1.1" 404 1011
190.95.67.91 - - [16/Dec/2025:08:18:03 -0300] "POST /cormun/servlet/permisosadjuntos?411a7b862d3ce2282ea5cb93a8d39ba5,INS,14007229,P,20251216081836,, HTTP/1.1" 200 116
190.95.67.91 - - [16/Dec/2025:08:18:03 -0300] "GET /cormun/servlet/hpexe_return? HTTP/1.1" 200 1040
190.95.67.91 - - [16/Dec/2025:08:18:03 -0300] "GET /cormun/servlet/trpermisosadjuntos?14007229,20251216081836,P, HTTP/1.1" 200 7085
190.95.67.91 - - [16/Dec/2025:08:18:05 -0300] "POST /cormun/servlet/trpermisosadjuntos?411a7b862d3ce2282ea5cb93a8d39ba5,14007229,20251216081836,P,,gx-no-cache=1765883912465 HTTP/1.1" 200 90
190.95.67.91 - - [16/Dec/2025:08:18:05 -0300] "GET /cormun/servlet/hpexe_link HTTP/1.1" 200 1006
190.95.67.91 - - [16/Dec/2025:08:18:06 -0300] "GET /cormun/servlet/trpermisosgoce?gx-no-cache=1765883581236 HTTP/1.1" 200 18274
190.95.67.91 - - [16/Dec/2025:08:18:09 -0300] "POST /cormun/servlet/trpermisosgoce?411a7b862d3ce2282ea5cb93a8d39ba5,gx-no-cache=1765883581236,gx-no-cache=1765883915324 HTTP/1.1" 200 15562
190.95.67.91 - - [16/Dec/2025:08:18:21 -0300] "GET /cormun/servlet/permisogoce?INS,0,,, HTTP/1.1" 200 7152
190.95.67.91 - - [16/Dec/2025:08:18:27 -0300] "GET /cormun/servlet/permisogoce?2aa229fda43a8fa6059fa83789a046565ef0cc173ea78de6df0b9614ad63221abcdef7da16cd068f6a2c0f213d50001f9f93e179799615564ec02f0fcbaeff2f,gx-no-cache=1765883934024 HTTP/1.1" 200 83
190.95.67.91 - - [16/Dec/2025:08:18:34 -0300] "GET /cormun/servlet/permisogoce?2aa229fda43a8fa6059fa83789a04656cc1098b096cdf9c2e7eeda5894aea89bad39070605bc68240db78e849b0bb7dd6eaac14e0382da13728e5ed29ca83fc3,gx-no-cache=1765883940825 HTTP/1.1" 200 47
190.95.67.91 - - [16/Dec/2025:08:18:37 -0300] "POST /cormun/servlet/permisogoce?411a7b862d3ce2282ea5cb93a8d39ba5,INS,0,,,,gx-no-cache=1765883943393 HTTP/1.1" 200 93
190.95.67.91 - - [16/Dec/2025:08:18:37 -0300] "GET /cormun/servlet/hpexe_return? HTTP/1.1" 200 1033
190.95.67.91 - - [16/Dec/2025:08:18:37 -0300] "GET /cormun/servlet/trpermisosgoce?gx-no-cache=1765883581236 HTTP/1.1" 200 18310
190.95.67.91 - - [16/Dec/2025:08:18:39 -0300] "GET /cormun/servlet/trpermisosadjuntos?18957244,20251216081939,P, HTTP/1.1" 200 6586
190.95.67.91 - - [16/Dec/2025:08:18:41 -0300] "GET /cormun/servlet/permisosadjuntos?INS,18957244,P,20251216081939,, HTTP/1.1" 200 5884
190.95.67.91 - - [16/Dec/2025:08:18:41 -0300] "GET /cormun/static/about:blank HTTP/1.1" 404 1011
190.95.67.91 - - [16/Dec/2025:08:18:53 -0300] "POST /cormun/servlet/permisosadjuntos?411a7b862d3ce2282ea5cb93a8d39ba5,INS,18957244,P,20251216081939,, HTTP/1.1" 200 116
190.95.67.91 - - [16/Dec/2025:08:18:53 -0300] "GET /cormun/servlet/hpexe_return? HTTP/1.1" 200 1041
190.95.67.91 - - [16/Dec/2025:08:18:53 -0300] "GET /cormun/servlet/trpermisosadjuntos?18957244,20251216081939,P, HTTP/1.1" 200 7094
190.95.67.91 - - [16/Dec/2025:08:18:56 -0300] "POST /cormun/servlet/trpermisosadjuntos?411a7b862d3ce2282ea5cb93a8d39ba5,18957244,20251216081939,P,,gx-no-cache=1765883962785 HTTP/1.1" 200 90
190.95.67.91 - - [16/Dec/2025:08:18:56 -0300] "GET /cormun/servlet/hpexe_link HTTP/1.1" 200 1006
190.95.67.91 - - [16/Dec/2025:08:18:56 -0300] "GET /cormun/servlet/trpermisosgoce?gx-no-cache=1765883581236 HTTP/1.1" 200 18307
190.95.67.91 - - [16/Dec/2025:08:18:58 -0300] "POST /cormun/servlet/trpermisosgoce?411a7b862d3ce2282ea5cb93a8d39ba5,gx-no-cache=1765883581236,gx-no-cache=1765883965124 HTTP/1.1" 200 15608
190.95.67.91 - - [16/Dec/2025:08:19:22 -0300] "GET /cormun/servlet/permisogoce?INS,0,,, HTTP/1.1" 200 7151
190.95.67.91 - - [16/Dec/2025:08:19:31 -0300] "GET /cormun/servlet/permisogoce?2aa229fda43a8fa6059fa83789a046565ef0cc173ea78de6df0b9614ad63221abcdef7da16cd068f6a2c0f213d50001f9f93e179799615564ec02f0fcbaeff2f,gx-no-cache=1765883997788 HTTP/1.1" 200 82
190.95.67.91 - - [16/Dec/2025:08:19:37 -0300] "GET /cormun/servlet/permisogoce?2aa229fda43a8fa6059fa83789a04656cc1098b096cdf9c2e7eeda5894aea89b5fa5f76a6c3fa90254f6a34db85424576eaac14e0382da13728e5ed29ca83fc3,gx-no-cache=1765884004544 HTTP/1.1" 200 48
190.95.67.91 - - [16/Dec/2025:08:19:44 -0300] "POST /cormun/servlet/permisogoce?411a7b862d3ce2282ea5cb93a8d39ba5,INS,0,,,,gx-no-cache=1765884010441 HTTP/1.1" 200 93
190.95.67.91 - - [16/Dec/2025:08:19:44 -0300] "GET /cormun/servlet/hpexe_return? HTTP/1.1" 200 1033
190.95.67.91 - - [16/Dec/2025:08:19:44 -0300] "GET /cormun/servlet/trpermisosgoce?gx-no-cache=1765883581236 HTTP/1.1" 200 18259
190.95.67.91 - - [16/Dec/2025:08:19:48 -0300] "GET /cormun/servlet/trpermisosadjuntos?18957244,20251216082040,P, HTTP/1.1" 200 6585
190.95.67.91 - - [16/Dec/2025:08:19:49 -0300] "GET /cormun/servlet/permisosadjuntos?INS,18957244,P,20251216082040,, HTTP/1.1" 200 5888
190.95.67.91 - - [16/Dec/2025:08:19:49 -0300] "GET /cormun/static/about:blank HTTP/1.1" 404 1011
190.95.67.91 - - [16/Dec/2025:08:20:00 -0300] "POST /cormun/servlet/permisosadjuntos?411a7b862d3ce2282ea5cb93a8d39ba5,INS,18957244,P,20251216082040,, HTTP/1.1" 200 116
190.95.67.91 - - [16/Dec/2025:08:20:00 -0300] "GET /cormun/servlet/hpexe_return? HTTP/1.1" 200 1040
190.95.67.91 - - [16/Dec/2025:08:20:01 -0300] "GET /cormun/servlet/trpermisosadjuntos?18957244,20251216082040,P, HTTP/1.1" 200 7096
190.95.67.91 - - [16/Dec/2025:08:20:10 -0300] "POST /cormun/servlet/trpermisosadjuntos?411a7b862d3ce2282ea5cb93a8d39ba5,18957244,20251216082040,P,,gx-no-cache=1765884036993 HTTP/1.1" 200 90
190.95.67.91 - - [16/Dec/2025:08:20:10 -0300] "GET /cormun/servlet/hpexe_link HTTP/1.1" 200 1006
190.95.67.91 - - [16/Dec/2025:08:20:10 -0300] "GET /cormun/servlet/trpermisosgoce?gx-no-cache=1765883581236 HTTP/1.1" 200 18256
190.95.67.91 - - [16/Dec/2025:08:20:14 -0300] "POST /cormun/servlet/trpermisosgoce?411a7b862d3ce2282ea5cb93a8d39ba5,gx-no-cache=1765883581236,gx-no-cache=1765884040275 HTTP/1.1" 200 15552
190.95.67.91 - - [16/Dec/2025:08:20:15 -0300] "GET /cormun/servlet/permisogoce?INS,0,,, HTTP/1.1" 200 7151
190.95.67.91 - - [16/Dec/2025:08:20:23 -0300] "GET /cormun/servlet/permisogoce?2aa229fda43a8fa6059fa83789a046565ef0cc173ea78de6df0b9614ad63221abcdef7da16cd068f6a2c0f213d50001f9f93e179799615564ec02f0fcbaeff2f,gx-no-cache=1765884049715 HTTP/1.1" 200 78
190.95.67.91 - - [16/Dec/2025:08:20:31 -0300] "GET /cormun/servlet/permisogoce?2aa229fda43a8fa6059fa83789a04656cc1098b096cdf9c2e7eeda5894aea89b4a044737e00479c895ff6dab1ce7f6176eaac14e0382da13728e5ed29ca83fc3,gx-no-cache=1765884058108 HTTP/1.1" 200 48
190.95.67.91 - - [16/Dec/2025:08:20:36 -0300] "POST /cormun/servlet/permisogoce?411a7b862d3ce2282ea5cb93a8d39ba5,INS,0,,,,gx-no-cache=1765884062177 HTTP/1.1" 200 93
190.95.67.91 - - [16/Dec/2025:08:20:36 -0300] "GET /cormun/servlet/hpexe_return? HTTP/1.1" 200 1033
190.95.67.91 - - [16/Dec/2025:08:20:36 -0300] "GET /cormun/servlet/trpermisosgoce?gx-no-cache=1765883581236 HTTP/1.1" 200 18204
190.95.67.91 - - [16/Dec/2025:08:20:39 -0300] "GET /cormun/servlet/trpermisosadjuntos?18957244,20251216082133,P, HTTP/1.1" 200 6585
190.95.67.91 - - [16/Dec/2025:08:20:41 -0300] "GET /cormun/servlet/permisosadjuntos?INS,18957244,P,20251216082133,, HTTP/1.1" 200 5884
190.95.67.91 - - [16/Dec/2025:08:20:41 -0300] "GET /cormun/static/about:blank HTTP/1.1" 404 1011
190.95.67.91 - - [16/Dec/2025:08:20:54 -0300] "POST /cormun/servlet/permisosadjuntos?411a7b862d3ce2282ea5cb93a8d39ba5,INS,18957244,P,20251216082133,, HTTP/1.1" 200 116
190.95.67.91 - - [16/Dec/2025:08:20:54 -0300] "GET /cormun/servlet/hpexe_return? HTTP/1.1" 200 1040
190.95.67.91 - - [16/Dec/2025:08:20:54 -0300] "GET /cormun/servlet/trpermisosadjuntos?18957244,20251216082133,P, HTTP/1.1" 200 7094
190.95.67.91 - - [16/Dec/2025:08:20:56 -0300] "POST /cormun/servlet/trpermisosadjuntos?411a7b862d3ce2282ea5cb93a8d39ba5,18957244,20251216082133,P,,gx-no-cache=1765884083169 HTTP/1.1" 200 90
190.95.67.91 - - [16/Dec/2025:08:20:56 -0300] "GET /cormun/servlet/hpexe_link HTTP/1.1" 200 1006
190.95.67.91 - - [16/Dec/2025:08:20:57 -0300] "GET /cormun/servlet/trpermisosgoce?gx-no-cache=1765883581236 HTTP/1.1" 200 18200
190.95.67.91 - - [16/Dec/2025:08:21:00 -0300] "POST /cormun/servlet/trpermisosgoce?411a7b862d3ce2282ea5cb93a8d39ba5,gx-no-cache=1765883581236,gx-no-cache=1765884086395 HTTP/1.1" 200 15480
190.95.67.91 - - [16/Dec/2025:08:21:14 -0300] "GET /cormun/servlet/permisogoce?INS,0,,, HTTP/1.1" 200 7151
190.95.67.91 - - [16/Dec/2025:08:21:21 -0300] "GET /cormun/servlet/permisogoce?2aa229fda43a8fa6059fa83789a04656ef6489626bc939b2036c55897efbd60ebcdef7da16cd068f6a2c0f213d50001f9f93e179799615564ec02f0fcbaeff2f,gx-no-cache=1765884107836 HTTP/1.1" 200 97
190.95.67.91 - - [16/Dec/2025:08:21:28 -0300] "GET /cormun/servlet/permisogoce?2aa229fda43a8fa6059fa83789a04656ea04573c0118365b8ebf2a73e6dfa6c87b053f5fe8d39496deae55d2191828486eaac14e0382da13728e5ed29ca83fc3,gx-no-cache=1765884115163 HTTP/1.1" 200 48
190.95.67.91 - - [16/Dec/2025:08:21:35 -0300] "POST /cormun/servlet/permisogoce?411a7b862d3ce2282ea5cb93a8d39ba5,INS,0,,,,gx-no-cache=1765884121968 HTTP/1.1" 200 93
190.95.67.91 - - [16/Dec/2025:08:21:35 -0300] "GET /cormun/servlet/hpexe_return? HTTP/1.1" 200 1033
190.95.67.91 - - [16/Dec/2025:08:21:36 -0300] "GET /cormun/servlet/trpermisosgoce?gx-no-cache=1765883581236 HTTP/1.1" 200 18264
190.95.67.91 - - [16/Dec/2025:08:21:39 -0300] "GET /cormun/servlet/trpermisosadjuntos?13568456,20251216082232,P, HTTP/1.1" 200 6595
190.95.67.91 - - [16/Dec/2025:08:21:42 -0300] "GET /cormun/servlet/permisosadjuntos?INS,13568456,P,20251216082232,, HTTP/1.1" 200 5898
190.95.67.91 - - [16/Dec/2025:08:21:42 -0300] "GET /cormun/static/about:blank HTTP/1.1" 404 1011
190.95.67.91 - - [16/Dec/2025:08:21:56 -0300] "POST /cormun/servlet/permisosadjuntos?411a7b862d3ce2282ea5cb93a8d39ba5,INS,13568456,P,20251216082232,, HTTP/1.1" 200 116
190.95.67.91 - - [16/Dec/2025:08:21:56 -0300] "GET /cormun/servlet/hpexe_return? HTTP/1.1" 200 1040
190.95.67.91 - - [16/Dec/2025:08:21:56 -0300] "GET /cormun/servlet/trpermisosadjuntos?13568456,20251216082232,P, HTTP/1.1" 200 7117
190.95.67.91 - - [16/Dec/2025:08:21:59 -0300] "POST /cormun/servlet/trpermisosadjuntos?411a7b862d3ce2282ea5cb93a8d39ba5,13568456,20251216082232,P,,gx-no-cache=1765884145777 HTTP/1.1" 200 90
190.95.67.91 - - [16/Dec/2025:08:21:59 -0300] "GET /cormun/servlet/hpexe_link HTTP/1.1" 200 1006
190.95.67.91 - - [16/Dec/2025:08:21:59 -0300] "GET /cormun/servlet/trpermisosgoce?gx-no-cache=1765883581236 HTTP/1.1" 200 18261
190.95.67.91 - - [16/Dec/2025:08:22:02 -0300] "GET /cormun/servlet/trpermisosadjuntos?13568456,20251216082232,P, HTTP/1.1" 200 7134
190.95.67.91 - - [16/Dec/2025:08:22:04 -0300] "POST /cormun/servlet/trpermisosadjuntos?411a7b862d3ce2282ea5cb93a8d39ba5,13568456,20251216082232,P,,gx-no-cache=1765884151393 HTTP/1.1" 200 90
190.95.67.91 - - [16/Dec/2025:08:22:04 -0300] "GET /cormun/servlet/hpexe_link HTTP/1.1" 200 1006
190.95.67.91 - - [16/Dec/2025:08:22:05 -0300] "GET /cormun/servlet/trpermisosgoce?gx-no-cache=1765883581236 HTTP/1.1" 200 18261
190.95.67.91 - - [16/Dec/2025:08:22:08 -0300] "POST /cormun/servlet/trpermisosgoce?411a7b862d3ce2282ea5cb93a8d39ba5,gx-no-cache=1765883581236,gx-no-cache=1765884154490 HTTP/1.1" 200 15541
201.186.226.3 - - [16/Dec/2025:08:22:12 -0300] "GET /cormun/servlet/hlogin HTTP/1.1" 200 1717
201.186.226.3 - - [16/Dec/2025:08:22:13 -0300] "GET /cormun/servlet/hlogin HTTP/1.1" 200 1728
190.95.67.91 - - [16/Dec/2025:08:22:20 -0300] "GET /cormun/servlet/permisogoce?INS,0,,, HTTP/1.1" 200 7152
201.186.226.3 - - [16/Dec/2025:08:22:24 -0300] "POST /cormun/servlet/hlogin?302836006c9794f23488160545ee8daf,gx-no-cache=1765884169743 HTTP/1.1" 200 90
201.186.226.3 - - [16/Dec/2025:08:22:24 -0300] "GET /cormun/servlet/hpexe_link HTTP/1.1" 200 948
201.186.226.3 - - [16/Dec/2025:08:22:24 -0300] "GET /cormun/servlet/hhome HTTP/1.1" 200 3931
190.95.67.91 - - [16/Dec/2025:08:22:27 -0300] "GET /cormun/servlet/permisogoce?2aa229fda43a8fa6059fa83789a0465674733aa25bf636f0c888342544e50de7bcdef7da16cd068f6a2c0f213d50001f9f93e179799615564ec02f0fcbaeff2f,gx-no-cache=1765884173652 HTTP/1.1" 200 80
201.186.226.3 - - [16/Dec/2025:08:22:29 -0300] "GET /cormun/servlet/trlicencias? HTTP/1.1" 200 9621
190.95.67.91 - - [16/Dec/2025:08:22:34 -0300] "GET /cormun/servlet/permisogoce?2aa229fda43a8fa6059fa83789a0465654a16ec52e3afce1d2df23325d22c9983c2de2caf05ea7e4b680603915b332fd6eaac14e0382da13728e5ed29ca83fc3,gx-no-cache=1765884180569 HTTP/1.1" 200 47
190.95.67.91 - - [16/Dec/2025:08:22:37 -0300] "POST /cormun/servlet/permisogoce?411a7b862d3ce2282ea5cb93a8d39ba5,INS,0,,,,gx-no-cache=1765884183433 HTTP/1.1" 200 93
190.95.67.91 - - [16/Dec/2025:08:22:37 -0300] "GET /cormun/servlet/hpexe_return? HTTP/1.1" 200 1033
190.95.67.91 - - [16/Dec/2025:08:22:37 -0300] "GET /cormun/servlet/trpermisosgoce?gx-no-cache=1765883581236 HTTP/1.1" 200 18233
190.95.67.91 - - [16/Dec/2025:08:22:40 -0300] "GET /cormun/servlet/trpermisosadjuntos?16205424,20251216082337,P, HTTP/1.1" 200 6582
190.95.67.91 - - [16/Dec/2025:08:22:41 -0300] "GET /cormun/servlet/permisosadjuntos?INS,16205424,P,20251216082337,, HTTP/1.1" 200 5883
190.95.67.91 - - [16/Dec/2025:08:22:41 -0300] "GET /cormun/static/about:blank HTTP/1.1" 404 1011
201.186.226.3 - - [16/Dec/2025:08:22:42 -0300] "GET /cormun/servlet/trpermisosgoce? HTTP/1.1" 200 15357
201.186.226.3 - - [16/Dec/2025:08:22:53 -0300] "GET /cormun/servlet/trlicencias? HTTP/1.1" 200 9620
190.95.67.91 - - [16/Dec/2025:08:22:55 -0300] "POST /cormun/servlet/permisosadjuntos?411a7b862d3ce2282ea5cb93a8d39ba5,INS,16205424,P,20251216082337,, HTTP/1.1" 200 116
190.95.67.91 - - [16/Dec/2025:08:22:55 -0300] "GET /cormun/servlet/hpexe_return? HTTP/1.1" 200 1040
190.95.67.91 - - [16/Dec/2025:08:22:55 -0300] "GET /cormun/servlet/trpermisosadjuntos?16205424,20251216082337,P, HTTP/1.1" 200 7076
190.95.67.91 - - [16/Dec/2025:08:23:02 -0300] "POST /cormun/servlet/trpermisosadjuntos?411a7b862d3ce2282ea5cb93a8d39ba5,16205424,20251216082337,P,,gx-no-cache=1765884208889 HTTP/1.1" 200 90
190.95.67.91 - - [16/Dec/2025:08:23:02 -0300] "GET /cormun/servlet/hpexe_link HTTP/1.1" 200 1006
190.95.67.91 - - [16/Dec/2025:08:23:02 -0300] "GET /cormun/servlet/trpermisosgoce?gx-no-cache=1765883581236 HTTP/1.1" 200 18229
190.95.67.91 - - [16/Dec/2025:08:23:06 -0300] "POST /cormun/servlet/trpermisosgoce?411a7b862d3ce2282ea5cb93a8d39ba5,gx-no-cache=1765883581236,gx-no-cache=1765884212875 HTTP/1.1" 200 15494
190.95.67.91 - - [16/Dec/2025:08:23:08 -0300] "GET /cormun/servlet/permisogoce?INS,0,,, HTTP/1.1" 200 7152
190.95.67.91 - - [16/Dec/2025:08:23:17 -0300] "GET /cormun/servlet/permisogoce?2aa229fda43a8fa6059fa83789a046565e7d1b35466d99b7bacf8af6dfe9e66ebcdef7da16cd068f6a2c0f213d50001f9f93e179799615564ec02f0fcbaeff2f,gx-no-cache=1765884223802 HTTP/1.1" 200 82
190.95.67.91 - - [16/Dec/2025:08:23:24 -0300] "GET /cormun/servlet/permisogoce?2aa229fda43a8fa6059fa83789a046569664c18219982ab2e8029cdb077bc10b69bcf5ff202e3083bd28fee42d2511f691e141b4c8cde65d6cf9164bfe3259dc,gx-no-cache=1765884230602 HTTP/1.1" 200 47
190.95.67.91 - - [16/Dec/2025:08:24:32 -0300] "POST /cormun/servlet/permisogoce?411a7b862d3ce2282ea5cb93a8d39ba5,INS,0,,,,gx-no-cache=1765884298232 HTTP/1.1" 200 93
190.95.67.91 - - [16/Dec/2025:08:24:32 -0300] "GET /cormun/servlet/hpexe_return? HTTP/1.1" 200 1033
190.95.67.91 - - [16/Dec/2025:08:24:32 -0300] "GET /cormun/servlet/trpermisosgoce?gx-no-cache=1765883581236 HTTP/1.1" 200 18285
190.95.67.91 - - [16/Dec/2025:08:24:36 -0300] "GET /cormun/servlet/trpermisosadjuntos?20030870,20251216082426,P, HTTP/1.1" 200 6583
190.95.67.91 - - [16/Dec/2025:08:24:37 -0300] "GET /cormun/servlet/permisosadjuntos?INS,20030870,P,20251216082426,, HTTP/1.1" 200 5889
190.95.67.91 - - [16/Dec/2025:08:24:37 -0300] "GET /cormun/static/about:blank HTTP/1.1" 404 1011
201.186.225.187 - - [16/Dec/2025:08:24:51 -0300] "GET /cormun/servlet/hlogin HTTP/1.1" 200 1712
201.186.225.187 - - [16/Dec/2025:08:24:51 -0300] "GET /cormun/servlet/hlogin HTTP/1.1" 200 1723
190.95.67.91 - - [16/Dec/2025:08:24:53 -0300] "POST /cormun/servlet/permisosadjuntos?411a7b862d3ce2282ea5cb93a8d39ba5,INS,20030870,P,20251216082426,, HTTP/1.1" 200 116
190.95.67.91 - - [16/Dec/2025:08:24:53 -0300] "GET /cormun/servlet/hpexe_return? HTTP/1.1" 200 1038
190.95.67.91 - - [16/Dec/2025:08:24:53 -0300] "GET /cormun/servlet/trpermisosadjuntos?20030870,20251216082426,P, HTTP/1.1" 200 7082
201.186.225.187 - - [16/Dec/2025:08:24:57 -0300] "POST /cormun/servlet/hlogin?d522003d4c63fe8b2f40737f6afbe487,gx-no-cache=1765887963313 HTTP/1.1" 200 90
201.186.225.187 - - [16/Dec/2025:08:24:57 -0300] "GET /cormun/servlet/hpexe_link HTTP/1.1" 200 944
201.186.225.187 - - [16/Dec/2025:08:24:57 -0300] "GET /cormun/servlet/hhome HTTP/1.1" 200 3955
190.95.67.91 - - [16/Dec/2025:08:25:00 -0300] "POST /cormun/servlet/trpermisosadjuntos?411a7b862d3ce2282ea5cb93a8d39ba5,20030870,20251216082426,P,,gx-no-cache=1765884327217 HTTP/1.1" 200 90
190.95.67.91 - - [16/Dec/2025:08:25:00 -0300] "GET /cormun/servlet/hpexe_link HTTP/1.1" 200 1004
190.95.67.91 - - [16/Dec/2025:08:25:00 -0300] "GET /cormun/servlet/trpermisosgoce?gx-no-cache=1765883581236 HTTP/1.1" 200 18282
201.186.225.187 - - [16/Dec/2025:08:25:02 -0300] "GET /cormun/servlet/trpermisosgoce? HTTP/1.1" 200 15029
190.95.67.91 - - [16/Dec/2025:08:25:05 -0300] "POST /cormun/servlet/trpermisosgoce?411a7b862d3ce2282ea5cb93a8d39ba5,gx-no-cache=1765883581236,gx-no-cache=1765884332027 HTTP/1.1" 200 15572
201.186.225.187 - - [16/Dec/2025:08:25:13 -0300] "GET /cormun/static/menuarrow.gif HTTP/1.1" 404 1015
201.186.225.187 - - [16/Dec/2025:08:25:31 -0300] "POST /cormun/servlet/trpermisosgoce?d522003d4c63fe8b2f40737f6afbe487,,gx-no-cache=1765887997459 HTTP/1.1" 200 5852
190.95.67.95 - - [16/Dec/2025:08:25:41 -0300] "GET /cormun/servlet/hlogin HTTP/1.1" 200 1723
190.95.67.95 - - [16/Dec/2025:08:25:41 -0300] "GET /cormun/servlet/hlogin HTTP/1.1" 200 1734
190.95.67.95 - - [16/Dec/2025:08:25:42 -0300] "GET /favicon.ico HTTP/1.1" 200 21630
190.95.67.95 - - [16/Dec/2025:08:25:45 -0300] "POST /cormun/servlet/hlogin?836dab62200847b6d0de580c5e487759,gx-no-cache=1765884369975 HTTP/1.1" 200 90
190.95.67.95 - - [16/Dec/2025:08:25:45 -0300] "GET /cormun/servlet/hpexe_link HTTP/1.1" 200 955
190.95.67.95 - - [16/Dec/2025:08:25:45 -0300] "GET /cormun/servlet/hhome HTTP/1.1" 200 4011
190.95.67.95 - - [16/Dec/2025:08:26:11 -0300] "GET /cormun/servlet/trpermisosgoce? HTTP/1.1" 200 15437
190.95.67.95 - - [16/Dec/2025:08:26:19 -0300] "GET /cormun/servlet/permisogoce?INS,0,,, HTTP/1.1" 200 6881
190.95.67.95 - - [16/Dec/2025:08:26:23 -0300] "GET /cormun/servlet/prfichaempleado?,MD,,gxPopupLevel%3D0%3B HTTP/1.1" 200 9237
190.95.67.95 - - [16/Dec/2025:08:26:36 -0300] "POST /cormun/servlet/prfichaempleado?836dab62200847b6d0de580c5e487759,,MD,,gxPopupLevel%3D0%3B,gx-no-cache=1765884421528 HTTP/1.1" 200 3469
190.95.67.95 - - [16/Dec/2025:08:26:42 -0300] "GET /cormun/servlet/permisogoce?fb97c12b8c3e12067698fbd03be5854aa63111f279c64571c8978a16e6b4609dcd5fb373e74d33d97b5f9e05ca6ab1ce966cce4b6b7f71a80f7f01cbd5fdc938,gx-no-cache=1765884427114 HTTP/1.1" 200 83
190.95.67.95 - - [16/Dec/2025:08:26:42 -0300] "GET /cormun/static/menuarrow.gif HTTP/1.1" 404 1015
190.95.67.95 - - [16/Dec/2025:08:26:51 -0300] "GET /cormun/servlet/permisogoce?fb97c12b8c3e12067698fbd03be5854ab6c302a9e35ac45f998a2ce533f71558c9df7491cf22267af58d027ac4a7d73babfbf393dd60cf6518dc718589959b28,gx-no-cache=1765884435817 HTTP/1.1" 200 48
