190.95.1.185 - - [16/Dec/2025:09:52:30 -0300] "GET /cormun/static/Resources/PXToolsGridPreviousDisabled.gif HTTP/1.1" 200 90
190.95.1.185 - - [16/Dec/2025:09:52:30 -0300] "GET /cormun/static/Resources/PXToolsGridNextDisabled.gif HTTP/1.1" 200 90
190.95.1.185 - - [16/Dec/2025:09:52:30 -0300] "GET /cormun/static/Resources/PXToolsGridLastDisabled.gif HTTP/1.1" 200 98
190.95.1.185 - - [16/Dec/2025:09:52:30 -0300] "GET /cormun/static/Shared/ext/resources/css/ext-all.css?215870 HTTP/1.1" 200 416045
190.95.1.185 - - [16/Dec/2025:09:52:30 -0300] "GET /cormun/static/Resources/PXToolsGridPage.gif HTTP/1.1" 200 725
190.95.1.185 - - [16/Dec/2025:09:52:30 -0300] "GET /cormun/static/Resources/PXToolsActionExcel.png HTTP/1.1" 200 727
190.95.1.185 - - [16/Dec/2025:09:52:30 -0300] "GET /cormun/static/Resources/PXToolsAddAllAction.png HTTP/1.1" 200 495
190.95.1.185 - - [16/Dec/2025:09:52:31 -0300] "GET /cormun//static/Resources/PXToolsGridDisplay.png HTTP/1.1" 200 525
190.95.1.185 - - [16/Dec/2025:09:52:31 -0300] "GET /cormun/static/Resources/asc.gif HTTP/1.1" 200 67
190.95.1.185 - - [16/Dec/2025:09:52:31 -0300] "GET /cormun//static/Resources/PXTools/ActionInsert.png HTTP/1.1" 200 1482
190.95.1.185 - - [16/Dec/2025:09:52:31 -0300] "GET /cormun//static/Resources/PXToolsActionDisabled.gif HTTP/1.1" 200 53
190.95.1.185 - - [16/Dec/2025:09:52:31 -0300] "GET /cormun//static/Resources/PXToolsActionPrint.png HTTP/1.1" 200 404
190.95.1.185 - - [16/Dec/2025:09:52:31 -0300] "GET /cormun/static/Resources/desc.gif HTTP/1.1" 200 65
190.95.1.185 - - [16/Dec/2025:09:52:31 -0300] "GET /cormun//static/Resources/PXToolsHeaderFavorites.png HTTP/1.1" 200 1414
190.95.1.185 - - [16/Dec/2025:09:52:31 -0300] "GET /cormun//static/Resources/PXToolsHeaderHelp.png HTTP/1.1" 200 1333
190.95.1.185 - - [16/Dec/2025:09:52:31 -0300] "GET /cormun/static/Shared/ext/resources/themes/images/default/tools/tool-sprites.gif HTTP/1.1" 200 5434
190.95.1.185 - - [16/Dec/2025:09:52:31 -0300] "GET /cormun/static/Shared/ext/resources/themes/images/default/panel/bg-headersPanel.png HTTP/1.1" 200 255
180.149.125.173 - - [16/Dec/2025:09:53:14 -0300] "GET /c/ HTTP/1.1" 404 965
190.95.1.187 - - [16/Dec/2025:09:55:28 -0300] "GET /cormun/servlet/hlogin HTTP/1.1" 200 1719
190.95.1.187 - - [16/Dec/2025:09:55:28 -0300] "GET /cormun/servlet/hlogin HTTP/1.1" 200 1729
190.95.1.187 - - [16/Dec/2025:09:55:32 -0300] "POST /cormun/servlet/hlogin?fd44448d8fe96aaf0717bfb3f679c4f1,gx-no-cache=1765889756622 HTTP/1.1" 200 90
190.95.1.187 - - [16/Dec/2025:09:55:32 -0300] "GET /cormun/servlet/hpexe_link HTTP/1.1" 200 950
190.95.1.187 - - [16/Dec/2025:09:55:32 -0300] "GET /cormun/servlet/hhome HTTP/1.1" 200 4015
190.95.1.187 - - [16/Dec/2025:09:55:34 -0300] "GET /cormun/servlet/trlicencias? HTTP/1.1" 200 12374
190.95.67.99 - - [16/Dec/2025:09:55:39 -0300] "POST /cormun/servlet/trlicencias?a310015a6b3374046c3f6c470bde8acb,gx-no-cache=1765889764873 HTTP/1.1" 200 6898
179.57.78.71 - - [16/Dec/2025:09:56:35 -0300] "GET /cormun/servlet/hhome HTTP/1.1" 200 3324
179.57.78.71 - - [16/Dec/2025:09:56:35 -0300] "GET /cormun/static/SmoothNavMenu/resources/ddsmoothmenu.css?1112540 HTTP/1.1" 304 -
179.57.78.71 - - [16/Dec/2025:09:56:35 -0300] "GET /cormun/static/SmoothNavMenu/resources/ddsmoothmenu-v.css?1112540 HTTP/1.1" 304 -
179.57.78.71 - - [16/Dec/2025:09:56:35 -0300] "GET /cormun/static/PXToolsJavascripts/pexe_grid.js HTTP/1.1" 304 -
179.57.78.71 - - [16/Dec/2025:09:56:35 -0300] "GET /cormun/static/Resources/ImgHome.png HTTP/1.1" 304 -
179.57.78.71 - - [16/Dec/2025:09:56:35 -0300] "GET /cormun/static/Resources/ImgLogin.png HTTP/1.1" 304 -
179.57.78.71 - - [16/Dec/2025:09:56:35 -0300] "GET /cormun/static/Resources/Llave.png HTTP/1.1" 304 -
179.57.78.71 - - [16/Dec/2025:09:56:35 -0300] "GET /cormun/static/scaMessage/js/jquery.pnotify.min.js HTTP/1.1" 304 -
179.57.78.71 - - [16/Dec/2025:09:56:35 -0300] "GET /cormun/static/Resources/PXToolsDataTitle.png HTTP/1.1" 304 -
179.57.78.71 - - [16/Dec/2025:09:56:36 -0300] "GET /cormun/servlet/hhome HTTP/1.1" 200 3334
179.57.78.71 - - [16/Dec/2025:09:56:36 -0300] "GET /cormun/servlet/hlogin HTTP/1.1" 200 1732
179.57.78.71 - - [16/Dec/2025:09:56:36 -0300] "GET /cormun/static/Resources/PXToolsLoginTop.png HTTP/1.1" 304 -
179.57.78.71 - - [16/Dec/2025:09:56:36 -0300] "GET /cormun/static/Resources/PXToolsLoginBackground.png HTTP/1.1" 304 -
179.57.78.71 - - [16/Dec/2025:09:56:36 -0300] "GET /cormun/static/Resources/PXToolsButtonRight.png HTTP/1.1" 304 -
179.57.78.71 - - [16/Dec/2025:09:56:36 -0300] "GET /cormun/static/Resources/PXToolsButtonBackground.png HTTP/1.1" 304 -
179.57.78.71 - - [16/Dec/2025:09:56:36 -0300] "GET /cormun/static/Resources/PXToolsButtonLeft.png HTTP/1.1" 304 -
179.57.78.71 - - [16/Dec/2025:09:56:36 -0300] "GET /cormun/static/Resources/PXToolsLoginBottom.png HTTP/1.1" 304 -
179.57.78.71 - - [16/Dec/2025:09:56:38 -0300] "POST /cormun/servlet/hlogin?ac76211bf9c5850072805a27298ec928,gx-no-cache=1765889824122 HTTP/1.1" 200 90
179.57.78.71 - - [16/Dec/2025:09:56:38 -0300] "GET /cormun/servlet/hpexe_link HTTP/1.1" 200 951
179.57.78.71 - - [16/Dec/2025:09:56:38 -0300] "GET /cormun/servlet/hhome HTTP/1.1" 200 4269
179.57.78.71 - - [16/Dec/2025:09:56:38 -0300] "GET /cormun/static/SmoothNavMenu/resources/images/down.gif HTTP/1.1" 304 -
179.57.78.71 - - [16/Dec/2025:09:56:38 -0300] "GET /cormun/static/SmoothNavMenu/resources/images/right.gif HTTP/1.1" 304 -
179.57.78.71 - - [16/Dec/2025:09:56:42 -0300] "GET /cormun/servlet/trlicencias? HTTP/1.1" 200 12755
179.57.78.71 - - [16/Dec/2025:09:56:43 -0300] "GET /cormun/static/Resources/PXTools/calendar.png HTTP/1.1" 304 -
179.57.78.71 - - [16/Dec/2025:09:56:43 -0300] "GET /cormun/static/Resources/PXToolsDataSearch.png HTTP/1.1" 304 -
179.57.78.71 - - [16/Dec/2025:09:56:43 -0300] "GET /cormun/static/Resources/PXToolsGridFirstDisabled.gif HTTP/1.1" 304 -
179.57.78.71 - - [16/Dec/2025:09:56:43 -0300] "GET /cormun/static/Resources/PXToolsGridNextDisabled.gif HTTP/1.1" 304 -
179.57.78.71 - - [16/Dec/2025:09:56:43 -0300] "GET /cormun/static/Resources/PXToolsGridLastDisabled.gif HTTP/1.1" 304 -
179.57.78.71 - - [16/Dec/2025:09:56:43 -0300] "GET /cormun/static/Resources/PXToolsGridPreviousDisabled.gif HTTP/1.1" 304 -
179.57.78.71 - - [16/Dec/2025:09:56:43 -0300] "GET /cormun/static/Resources/PXToolsAddAllAction.png HTTP/1.1" 304 -
179.57.78.71 - - [16/Dec/2025:09:56:43 -0300] "GET /cormun/static/Resources/PXToolsActionExcel.png HTTP/1.1" 304 -
179.57.78.71 - - [16/Dec/2025:09:56:43 -0300] "GET /cormun/static/Resources/PXToolsGridPage.gif HTTP/1.1" 304 -
190.95.67.91 - - [16/Dec/2025:09:58:28 -0300] "GET /cormun/servlet/trpermisosgoce? HTTP/1.1" 200 18003
190.95.67.91 - - [16/Dec/2025:09:58:30 -0300] "GET /cormun/servlet/permisogoce?INS,0,,, HTTP/1.1" 200 7131
190.95.67.91 - - [16/Dec/2025:09:58:37 -0300] "GET /cormun/servlet/permisogoce?2aa229fda43a8fa6059fa83789a04656d62c28232a899e7e6ea4c9ad73e6c0c1bcdef7da16cd068f6a2c0f213d50001f9f93e179799615564ec02f0fcbaeff2f,gx-no-cache=1765889942746 HTTP/1.1" 200 80
190.95.2.163 - - [16/Dec/2025:10:03:35 -0300] "GET /cormun/servlet/hlogin HTTP/1.1" 200 1720
190.95.2.163 - - [16/Dec/2025:10:03:35 -0300] "GET /cormun/servlet/hlogin HTTP/1.1" 200 1731
190.95.2.163 - - [16/Dec/2025:10:03:38 -0300] "POST /cormun/servlet/hlogin?5db2b93c24bad440705a7c4ae187683c,gx-no-cache=1765890242873 HTTP/1.1" 200 90
190.95.2.163 - - [16/Dec/2025:10:03:38 -0300] "GET /cormun/servlet/hpexe_link HTTP/1.1" 200 952
190.95.2.163 - - [16/Dec/2025:10:03:38 -0300] "GET /cormun/servlet/hhome HTTP/1.1" 200 3996
190.95.2.163 - - [16/Dec/2025:10:03:40 -0300] "GET /cormun/servlet/trlicencias? HTTP/1.1" 200 10133
190.95.1.183 - - [16/Dec/2025:10:06:35 -0300] "POST /cormun/servlet/trlicencias?1aa51126c71fb87e71276188bf572969,gx-no-cache=1765890420606 HTTP/1.1" 200 12405
190.95.1.183 - - [16/Dec/2025:10:06:37 -0300] "GET /cormun/servlet/licenciaspermisos?DSP,19019570,L,20251211000000, HTTP/1.1" 200 7097
190.95.1.183 - - [16/Dec/2025:10:06:37 -0300] "GET /cormun/static/gxcfg.js?202012153173 HTTP/1.1" 200 953
190.95.1.183 - - [16/Dec/2025:10:06:37 -0300] "GET /cormun/static/Resources/prompt.gif HTTP/1.1" 200 902
190.95.1.183 - - [16/Dec/2025:10:06:37 -0300] "GET /cormun/static/licenciaspermisos.js?2020121532136 HTTP/1.1" 200 38753
190.95.67.99 - - [16/Dec/2025:10:09:22 -0300] "POST /cormun/servlet/trlicencias?a310015a6b3374046c3f6c470bde8acb,gx-no-cache=1765890588027 HTTP/1.1" 200 6898
190.95.67.99 - - [16/Dec/2025:10:09:26 -0300] "GET /cormun/servlet/trpermisosgoce? HTTP/1.1" 200 15873
20.98.128.122 - - [16/Dec/2025:10:14:42 -0300] "GET /actuator/health HTTP/1.1" 404 991
179.57.78.55 - - [16/Dec/2025:10:15:12 -0300] "GET /cormun/servlet/hlogin HTTP/1.1" 200 1722
179.57.78.55 - - [16/Dec/2025:10:15:15 -0300] "POST /cormun/servlet/hlogin?b2a9cc62431506ccb61d6e05e66aa40a,gx-no-cache=1765890940392 HTTP/1.1" 200 90
179.57.78.55 - - [16/Dec/2025:10:15:15 -0300] "GET /cormun/servlet/hpexe_link HTTP/1.1" 200 951
179.57.78.55 - - [16/Dec/2025:10:15:15 -0300] "GET /cormun/servlet/hhome HTTP/1.1" 200 3980
179.57.78.55 - - [16/Dec/2025:10:15:18 -0300] "GET /cormun/servlet/trpermisosgoce? HTTP/1.1" 200 18722
179.57.78.55 - - [16/Dec/2025:10:15:21 -0300] "GET /cormun/servlet/permisogoce?INS,0,,, HTTP/1.1" 200 6846
179.57.78.55 - - [16/Dec/2025:10:15:28 -0300] "POST /cormun/servlet/permisogoce?b2a9cc62431506ccb61d6e05e66aa40a,INS,0,,,,gx-no-cache=1765890953080 HTTP/1.1" 200 4497
179.57.78.55 - - [16/Dec/2025:10:15:28 -0300] "GET /cormun/static/Shared/jqueryui/images/ui-bg_highlight-soft_100_c6c2c8_1x100.png HTTP/1.1" 404 1117
179.57.78.55 - - [16/Dec/2025:10:15:28 -0300] "GET /cormun/static/Shared/jqueryui/images/ui-icons_82798d_256x240.png HTTP/1.1" 404 1089
179.57.78.55 - - [16/Dec/2025:10:15:28 -0300] "GET /cormun/static/Shared/jqueryui/images/ui-bg_flat_55_994d53_40x100.png HTTP/1.1" 404 1097
179.57.78.55 - - [16/Dec/2025:10:15:28 -0300] "GET /cormun/static/Shared/jqueryui/images/ui-icons_ebccce_256x240.png HTTP/1.1" 404 1089
179.57.78.55 - - [16/Dec/2025:10:15:36 -0300] "GET /cormun/servlet/permisogoce?84da499eadd2404562451c0be72cccf999449adfa5e0d1caeaf357a4ae3a501af921c798f4e70f0a80e751e080da642d699f5e23e7ca87ddec02ae9973d70aa3f0417d3927ebcfb448dab8f410836c09ab00487f3056adc89c15590e0a1bdb973efa484879adeaa87f15f35d771c1040ab00487f3056adc89c15590e0a1bdb97699f5e23e7ca87ddec02ae9973d70aa3f0417d3927ebcfb448dab8f410836c09494990a12bf5247094791d03b847dbb44b0af2915f52bca7a9a47c4548db7111b4233ca99e5da6c57761e5366253e385e19d4f93343a91e7c5d54acb96917795,gx-no-cache=1765890962184 HTTP/1.1" 200 81
179.57.78.55 - - [16/Dec/2025:10:15:36 -0300] "GET /cormun/static/menuarrow.gif HTTP/1.1" 404 1015
179.57.78.55 - - [16/Dec/2025:10:15:47 -0300] "GET /cormun/servlet/permisogoce?84da499eadd2404562451c0be72cccf971f8b4a6ea6b05d9ab8b3c9c6ac9936aa35eb99650c569fb4210f9e5a3c2d76c6e89666afc109509b29ca3b609a1e0f8,gx-no-cache=1765890973216 HTTP/1.1" 200 129
190.95.67.99 - - [16/Dec/2025:10:16:00 -0300] "GET /cormun/static/menuarrow.gif HTTP/1.1" 404 1015
190.95.67.99 - - [16/Dec/2025:10:16:14 -0300] "POST /cormun/servlet/trpermisosgoce?a310015a6b3374046c3f6c470bde8acb,,gx-no-cache=1765890999986 HTTP/1.1" 200 6100
179.57.78.55 - - [16/Dec/2025:10:16:24 -0300] "GET /cormun/servlet/permisogoce?84da499eadd2404562451c0be72cccf971f8b4a6ea6b05d9ab8b3c9c6ac9936a6f6ce685dcab3bb1ce7bfb117135ddc96e89666afc109509b29ca3b609a1e0f8,gx-no-cache=1765891010037 HTTP/1.1" 200 48
179.57.78.55 - - [16/Dec/2025:10:16:28 -0300] "POST /cormun/servlet/permisogoce?b2a9cc62431506ccb61d6e05e66aa40a,INS,0,,,,gx-no-cache=1765891013512 HTTP/1.1" 200 93
179.57.78.55 - - [16/Dec/2025:10:16:28 -0300] "GET /cormun/servlet/hpexe_return? HTTP/1.1" 200 1010
179.57.78.55 - - [16/Dec/2025:10:16:29 -0300] "GET /cormun/servlet/trpermisosgoce HTTP/1.1" 200 18772
190.95.67.99 - - [16/Dec/2025:10:16:33 -0300] "POST /cormun/servlet/trpermisosgoce?a310015a6b3374046c3f6c470bde8acb,,gx-no-cache=1765891018846 HTTP/1.1" 200 7049
190.95.67.99 - - [16/Dec/2025:10:17:05 -0300] "POST /cormun/servlet/trpermisosgoce?a310015a6b3374046c3f6c470bde8acb,,gx-no-cache=1765891050098 HTTP/1.1" 200 6508
190.95.67.99 - - [16/Dec/2025:10:17:47 -0300] "POST /cormun/servlet/trpermisosgoce?a310015a6b3374046c3f6c470bde8acb,,gx-no-cache=1765891092630 HTTP/1.1" 200 6635
190.95.67.99 - - [16/Dec/2025:10:18:08 -0300] "POST /cormun/servlet/trpermisosgoce?a310015a6b3374046c3f6c470bde8acb,,gx-no-cache=1765891114285 HTTP/1.1" 200 5726
190.95.67.99 - - [16/Dec/2025:10:18:23 -0300] "POST /cormun/servlet/trpermisosgoce?a310015a6b3374046c3f6c470bde8acb,,gx-no-cache=1765891128638 HTTP/1.1" 200 5944
190.95.67.99 - - [16/Dec/2025:10:18:41 -0300] "POST /cormun/servlet/trpermisosgoce?a310015a6b3374046c3f6c470bde8acb,,gx-no-cache=1765891146646 HTTP/1.1" 200 6640
207.154.222.248 - - [16/Dec/2025:10:20:01 -0300] "GET / HTTP/1.1" 200 11217
207.154.222.248 - - [16/Dec/2025:10:20:02 -0300] "GET /favicon.ico HTTP/1.1" 200 21630
190.95.1.187 - - [16/Dec/2025:10:22:23 -0300] "GET /cormun/servlet/hlogin HTTP/1.1" 200 1719
190.95.1.187 - - [16/Dec/2025:10:22:25 -0300] "POST /cormun/servlet/hlogin?fd44448d8fe96aaf0717bfb3f679c4f1,gx-no-cache=1765891370327 HTTP/1.1" 200 90
190.95.1.187 - - [16/Dec/2025:10:22:25 -0300] "GET /cormun/servlet/hpexe_link HTTP/1.1" 200 955
190.95.1.187 - - [16/Dec/2025:10:22:26 -0300] "GET /cormun/servlet/trlicencias HTTP/1.1" 200 12370
190.95.2.157 - - [16/Dec/2025:10:25:32 -0300] "GET /cormun/servlet/hlogin HTTP/1.1" 200 1723
190.95.2.157 - - [16/Dec/2025:10:25:33 -0300] "GET /cormun/servlet/hlogin HTTP/1.1" 200 1733
190.95.2.157 - - [16/Dec/2025:10:25:39 -0300] "POST /cormun/servlet/hlogin?f2f729e3b0c52b7c36388a1d273f2a2d,gx-no-cache=1765891564424 HTTP/1.1" 200 90
190.95.2.157 - - [16/Dec/2025:10:25:39 -0300] "GET /cormun/servlet/hpexe_link HTTP/1.1" 200 954
190.95.2.157 - - [16/Dec/2025:10:25:39 -0300] "GET /cormun/servlet/hhome HTTP/1.1" 200 4314
190.95.2.157 - - [16/Dec/2025:10:25:43 -0300] "GET /cormun/servlet/trpermisosgoce? HTTP/1.1" 200 13953
190.95.2.157 - - [16/Dec/2025:10:25:48 -0300] "GET /cormun/servlet/permisogoce?INS,0,,, HTTP/1.1" 200 7208
186.172.82.91 - - [16/Dec/2025:10:25:54 -0300] "GET /cormun/servlet/hlogin HTTP/1.1" 200 1715
186.172.82.91 - - [16/Dec/2025:10:25:54 -0300] "GET /cormun/static/gxtimezone.js?85251 HTTP/1.1" 200 5781
186.172.82.91 - - [16/Dec/2025:10:25:54 -0300] "GET /cormun/static/Resources/Spanish/PXTools.css?1759030 HTTP/1.1" 200 100853
186.172.82.91 - - [16/Dec/2025:10:25:54 -0300] "GET /cormun/static/gxgral.js?85251 HTTP/1.1" 200 384558
186.172.82.91 - - [16/Dec/2025:10:25:55 -0300] "GET /cormun/static/gxcfg.js?2022112219184450 HTTP/1.1" 200 953
186.172.82.91 - - [16/Dec/2025:10:25:57 -0300] "GET /cormun/static/Resources/PXToolsLoginTop.png HTTP/1.1" 200 1337
186.172.82.91 - - [16/Dec/2025:10:25:57 -0300] "GET /cormun/static/hlogin.js?2022112219184458 HTTP/1.1" 200 2156
186.172.82.91 - - [16/Dec/2025:10:25:57 -0300] "GET /cormun/static/Resources/CormunLogin.png HTTP/1.1" 200 19132
186.172.82.91 - - [16/Dec/2025:10:25:57 -0300] "GET /cormun/static/messages.spa.js?85251 HTTP/1.1" 200 30736
186.172.82.91 - - [16/Dec/2025:10:25:57 -0300] "GET /cormun/static/Resources/PXToolsLoginBottom.png HTTP/1.1" 200 1389
186.172.82.91 - - [16/Dec/2025:10:25:57 -0300] "GET /cormun/static/Resources/PXToolsButtonBackground.png HTTP/1.1" 200 1176
186.172.82.91 - - [16/Dec/2025:10:25:57 -0300] "GET /cormun/static/Resources/PXToolsButtonRight.png HTTP/1.1" 200 1294
186.172.82.91 - - [16/Dec/2025:10:25:57 -0300] "GET /cormun/static/Resources/PXToolsLoginBackground.png HTTP/1.1" 200 1164
186.172.82.91 - - [16/Dec/2025:10:25:57 -0300] "GET /cormun/static/Resources/PXToolsButtonLeft.png HTTP/1.1" 200 1310
186.172.82.91 - - [16/Dec/2025:10:25:57 -0300] "GET /cormun/static/Resources/indicator.gif HTTP/1.1" 200 1553
186.172.82.91 - - [16/Dec/2025:10:25:57 -0300] "GET /cormun/servlet/hlogin HTTP/1.1" 200 1726
190.95.2.157 - - [16/Dec/2025:10:26:05 -0300] "GET /cormun/servlet/permisogoce?a3070969e3043ed6751fe021153787a3a57ace0d18da26cf6627fc9ef09f6da3c652fca6c8e0f972318abcb5eae3bd240386602d818987533e5b4a8b7be46bce,gx-no-cache=1765891591208 HTTP/1.1" 200 84
190.95.2.157 - - [16/Dec/2025:10:26:05 -0300] "GET /cormun/static/menuarrow.gif HTTP/1.1" 404 1015
190.95.2.157 - - [16/Dec/2025:10:26:20 -0300] "GET /cormun/servlet/permisogoce?a3070969e3043ed6751fe021153787a3887311828b7d68c4e45863927359d7cc9c2efa30bc37afb01e14da571e95d0b3527af35de21e306c050116b5928b5e1c,gx-no-cache=1765891605807 HTTP/1.1" 200 47
190.95.2.157 - - [16/Dec/2025:10:26:23 -0300] "POST /cormun/servlet/permisogoce?f2f729e3b0c52b7c36388a1d273f2a2d,INS,0,,,,gx-no-cache=1765891608352 HTTP/1.1" 200 93
190.95.2.157 - - [16/Dec/2025:10:26:23 -0300] "GET /cormun/servlet/hpexe_return? HTTP/1.1" 200 1012
190.95.2.157 - - [16/Dec/2025:10:26:25 -0300] "GET /cormun/servlet/trpermisosgoce HTTP/1.1" 200 14223
190.95.2.157 - - [16/Dec/2025:10:26:29 -0300] "GET /cormun/servlet/trpermisosadjuntos?9623662,20251216102705,P, HTTP/1.1" 200 6634
190.95.2.157 - - [16/Dec/2025:10:26:30 -0300] "GET /cormun/servlet/permisosadjuntos?INS,9623662,P,20251216102705,, HTTP/1.1" 200 5959
190.95.2.157 - - [16/Dec/2025:10:26:31 -0300] "GET /cormun/static/about:blank HTTP/1.1" 404 1011
190.95.2.157 - - [16/Dec/2025:10:26:38 -0300] "POST /cormun/servlet/permisosadjuntos?f2f729e3b0c52b7c36388a1d273f2a2d,INS,9623662,P,20251216102705,, HTTP/1.1" 200 116
190.95.2.157 - - [16/Dec/2025:10:26:38 -0300] "GET /cormun/servlet/hpexe_return? HTTP/1.1" 200 1038
190.95.2.157 - - [16/Dec/2025:10:26:38 -0300] "GET /cormun/servlet/trpermisosadjuntos?9623662,20251216102705,P, HTTP/1.1" 200 7160
190.95.2.157 - - [16/Dec/2025:10:26:40 -0300] "POST /cormun/servlet/trpermisosadjuntos?f2f729e3b0c52b7c36388a1d273f2a2d,9623662,20251216102705,P,,gx-no-cache=1765891625825 HTTP/1.1" 200 90
190.95.2.157 - - [16/Dec/2025:10:26:40 -0300] "GET /cormun/servlet/hpexe_link HTTP/1.1" 200 985
190.95.2.157 - - [16/Dec/2025:10:26:40 -0300] "GET /cormun/servlet/trpermisosgoce HTTP/1.1" 200 14216
190.95.2.157 - - [16/Dec/2025:10:26:44 -0300] "POST /cormun/servlet/trpermisosgoce?f2f729e3b0c52b7c36388a1d273f2a2d,gx-no-cache=1765891629228 HTTP/1.1" 200 11488
190.95.2.157 - - [16/Dec/2025:10:26:44 -0300] "GET /cormun/static/Shared/jqueryui/images/ui-bg_highlight-soft_100_c6c2c8_1x100.png HTTP/1.1" 404 1117
190.95.2.157 - - [16/Dec/2025:10:26:44 -0300] "GET /cormun/static/Shared/jqueryui/images/ui-icons_82798d_256x240.png HTTP/1.1" 404 1089
190.95.2.157 - - [16/Dec/2025:10:26:44 -0300] "GET /cormun/static/Shared/jqueryui/images/ui-icons_8d78a5_256x240.png HTTP/1.1" 404 1089
190.95.2.157 - - [16/Dec/2025:10:26:44 -0300] "GET /cormun/static/Shared/jqueryui/images/ui-bg_flat_55_fafafa_40x100.png HTTP/1.1" 404 1097
190.95.2.157 - - [16/Dec/2025:10:26:44 -0300] "GET /cormun/servlet/apermisogoceprn?9623662,P,20251216102705,PU HTTP/1.1" 200 1654
190.95.2.157 - - [16/Dec/2025:10:26:45 -0300] "GET /cormun/servlet/apermisogoceprn?9623662,P,20251216102705,PU HTTP/1.1" 200 1653
190.95.67.99 - - [16/Dec/2025:10:27:00 -0300] "POST /cormun/servlet/trpermisosgoce?a310015a6b3374046c3f6c470bde8acb,,gx-no-cache=1765891646277 HTTP/1.1" 200 6500
190.95.67.99 - - [16/Dec/2025:10:27:19 -0300] "POST /cormun/servlet/trpermisosgoce?a310015a6b3374046c3f6c470bde8acb,,gx-no-cache=1765891664525 HTTP/1.1" 200 6528
179.57.78.55 - - [16/Dec/2025:10:27:48 -0300] "GET /cormun/servlet/hlogin HTTP/1.1" 200 1722
179.57.78.55 - - [16/Dec/2025:10:27:51 -0300] "POST /cormun/servlet/hlogin?b2a9cc62431506ccb61d6e05e66aa40a,gx-no-cache=1765891697112 HTTP/1.1" 200 90
179.57.78.55 - - [16/Dec/2025:10:27:51 -0300] "GET /cormun/servlet/hpexe_link HTTP/1.1" 200 957
179.57.78.55 - - [16/Dec/2025:10:27:52 -0300] "GET /cormun/servlet/trpermisosgoce HTTP/1.1" 200 18773
179.57.78.55 - - [16/Dec/2025:10:27:55 -0300] "GET /cormun/servlet/trpermisosgoce? HTTP/1.1" 200 18774
179.57.78.55 - - [16/Dec/2025:10:28:01 -0300] "GET /cormun/servlet/permisogoce?INS,0,,, HTTP/1.1" 200 6847
179.57.78.55 - - [16/Dec/2025:10:28:04 -0300] "GET /cormun/servlet/permisogoce?84da499eadd2404562451c0be72cccf924b83cb05ac3a682732f75f6eaeb82b51532c16f7c178ba3c66e0733eb47e04d738f1f83c6797a4c7a4061f4946ef611,gx-no-cache=1765891710144 HTTP/1.1" 200 200
179.57.78.55 - - [16/Dec/2025:10:28:04 -0300] "GET /cormun/static/Shared/jqueryui/images/ui-bg_highlight-soft_100_c6c2c8_1x100.png HTTP/1.1" 404 1117
179.57.78.55 - - [16/Dec/2025:10:28:04 -0300] "GET /cormun/static/Shared/jqueryui/images/ui-icons_82798d_256x240.png HTTP/1.1" 404 1089
179.57.78.55 - - [16/Dec/2025:10:28:05 -0300] "GET /cormun/static/Shared/jqueryui/images/ui-bg_flat_55_994d53_40x100.png HTTP/1.1" 404 1097
179.57.78.55 - - [16/Dec/2025:10:28:05 -0300] "GET /cormun/static/Shared/jqueryui/images/ui-icons_ebccce_256x240.png HTTP/1.1" 404 1089
186.172.82.91 - - [16/Dec/2025:10:28:35 -0300] "GET /cormun/servlet/hlogin HTTP/1.1" 200 1715
186.172.82.91 - - [16/Dec/2025:10:28:43 -0300] "GET /cormun/servlet/hlogin HTTP/1.1" 200 1715
186.172.82.91 - - [16/Dec/2025:10:28:44 -0300] "GET /favicon.ico HTTP/1.1" 200 21630
179.57.78.55 - - [16/Dec/2025:10:29:07 -0300] "POST /cormun/servlet/permisogoce?b2a9cc62431506ccb61d6e05e66aa40a,INS,0,,,,gx-no-cache=1765891772855 HTTP/1.1" 200 4496
179.57.78.55 - - [16/Dec/2025:10:29:10 -0300] "GET /cormun/servlet/permisogoce?84da499eadd2404562451c0be72cccf9fb1d8577d178fcd3b0ca0ca57b076b746d337dce9b3155a4a9c5afcc15f5b18b699f5e23e7ca87ddec02ae9973d70aa3f0417d3927ebcfb448dab8f410836c09ab00487f3056adc89c15590e0a1bdb97973a509b25210ddfeb11c72c876032bef0417d3927ebcfb448dab8f410836c09ab00487f3056adc89c15590e0a1bdb97699f5e23e7ca87ddec02ae9973d70aa30102dce4e24e964e5745b6d4d410c70280849fc4d4178abe1a99c2ea73d7dc6faa8f22ec67401b19fcff82cefb649a9885b106bae39473f0306b573ded173b36,gx-no-cache=1765891775463 HTTP/1.1" 200 78
179.57.78.55 - - [16/Dec/2025:10:29:10 -0300] "GET /cormun/static/menuarrow.gif HTTP/1.1" 404 1015
190.95.67.99 - - [16/Dec/2025:10:29:23 -0300] "POST /cormun/servlet/trpermisosgoce?a310015a6b3374046c3f6c470bde8acb,,gx-no-cache=1765891789062 HTTP/1.1" 200 6287
179.57.78.55 - - [16/Dec/2025:10:29:24 -0300] "GET /cormun/servlet/permisogoce?84da499eadd2404562451c0be72cccf9ba9b31cf7230140eb7c74ed08444cec0272d926ac94a4cfa7c43a871ba0600756e89666afc109509b29ca3b609a1e0f8,gx-no-cache=1765891789505 HTTP/1.1" 200 130
190.95.2.157 - - [16/Dec/2025:10:29:26 -0300] "GET /cormun/servlet/permisogoce?INS,0,,, HTTP/1.1" 200 7208
190.95.2.157 - - [16/Dec/2025:10:29:36 -0300] "GET /cormun/servlet/permisogoce?a3070969e3043ed6751fe021153787a380700f351bf250695edcebeeabee6c6a1d85ce91f4504edfa978a9102a3b279bf39cee7da30b4ec976f5b3397d7455b5,gx-no-cache=1765891801409 HTTP/1.1" 200 79
190.95.2.157 - - [16/Dec/2025:10:29:36 -0300] "GET /cormun/static/menuarrow.gif HTTP/1.1" 404 1015
190.95.67.99 - - [16/Dec/2025:10:29:42 -0300] "POST /cormun/servlet/trpermisosgoce?a310015a6b3374046c3f6c470bde8acb,,gx-no-cache=1765891807703 HTTP/1.1" 200 5917
148.222.218.189 - - [16/Dec/2025:10:29:43 -0300] "GET /cormun/servlet/hlogin HTTP/1.1" 200 1718
148.222.218.189 - - [16/Dec/2025:10:29:46 -0300] "POST /cormun/servlet/hlogin?3b399ed121bf257530fbb54fcdd45035,gx-no-cache=1765891811051 HTTP/1.1" 200 90
148.222.218.189 - - [16/Dec/2025:10:29:46 -0300] "GET /cormun/servlet/hpexe_link HTTP/1.1" 200 948
148.222.218.189 - - [16/Dec/2025:10:29:46 -0300] "GET /cormun/servlet/hhome HTTP/1.1" 200 4327
190.95.2.157 - - [16/Dec/2025:10:29:50 -0300] "GET /cormun/servlet/permisogoce?a3070969e3043ed6751fe021153787a3b3b2dd17a30774e22932cbfee669903ce3b83d91c402bb1c98c765e237d5a7f0b9f0ea928069615d8e507abfa13ecd84,gx-no-cache=1765891815567 HTTP/1.1" 200 47
190.95.2.157 - - [16/Dec/2025:10:29:54 -0300] "POST /cormun/servlet/permisogoce?f2f729e3b0c52b7c36388a1d273f2a2d,INS,0,,,,gx-no-cache=1765891818978 HTTP/1.1" 200 93
190.95.2.157 - - [16/Dec/2025:10:29:54 -0300] "GET /cormun/servlet/hpexe_return? HTTP/1.1" 200 1033
190.95.2.157 - - [16/Dec/2025:10:29:54 -0300] "GET /cormun/servlet/trpermisosgoce?gx-no-cache=1765891629228 HTTP/1.1" 200 14419
190.95.67.99 - - [16/Dec/2025:10:29:55 -0300] "POST /cormun/servlet/trpermisosgoce?a310015a6b3374046c3f6c470bde8acb,,gx-no-cache=1765891820872 HTTP/1.1" 200 5923
190.95.2.157 - - [16/Dec/2025:10:29:58 -0300] "GET /cormun/servlet/trpermisosadjuntos?17522133,20251216103044,P, HTTP/1.1" 200 6656
190.95.2.157 - - [16/Dec/2025:10:29:59 -0300] "GET /cormun/servlet/permisosadjuntos?INS,17522133,P,20251216103044,, HTTP/1.1" 200 5961
190.95.2.157 - - [16/Dec/2025:10:30:00 -0300] "GET /cormun/static/about:blank HTTP/1.1" 404 1011
148.222.218.189 - - [16/Dec/2025:10:30:00 -0300] "GET /cormun/servlet/trlicencias? HTTP/1.1" 200 10244
190.95.2.157 - - [16/Dec/2025:10:30:08 -0300] "POST /cormun/servlet/permisosadjuntos?f2f729e3b0c52b7c36388a1d273f2a2d,INS,17522133,P,20251216103044,, HTTP/1.1" 200 116
190.95.2.157 - - [16/Dec/2025:10:30:08 -0300] "GET /cormun/servlet/hpexe_return? HTTP/1.1" 200 1041
190.95.2.157 - - [16/Dec/2025:10:30:08 -0300] "GET /cormun/servlet/trpermisosadjuntos?17522133,20251216103044,P, HTTP/1.1" 200 7146
190.95.2.157 - - [16/Dec/2025:10:30:10 -0300] "POST /cormun/servlet/trpermisosadjuntos?f2f729e3b0c52b7c36388a1d273f2a2d,17522133,20251216103044,P,,gx-no-cache=1765891835881 HTTP/1.1" 200 90
190.95.2.157 - - [16/Dec/2025:10:30:10 -0300] "GET /cormun/servlet/hpexe_link HTTP/1.1" 200 1006
190.95.2.157 - - [16/Dec/2025:10:30:10 -0300] "GET /cormun/servlet/trpermisosgoce?gx-no-cache=1765891629228 HTTP/1.1" 200 14412
190.95.67.99 - - [16/Dec/2025:10:30:11 -0300] "POST /cormun/servlet/trpermisosgoce?a310015a6b3374046c3f6c470bde8acb,,gx-no-cache=1765891836626 HTTP/1.1" 200 6109
190.95.2.157 - - [16/Dec/2025:10:30:13 -0300] "POST /cormun/servlet/trpermisosgoce?f2f729e3b0c52b7c36388a1d273f2a2d,gx-no-cache=1765891629228,gx-no-cache=1765891838818 HTTP/1.1" 200 11705
190.95.2.157 - - [16/Dec/2025:10:30:13 -0300] "GET /cormun/static/Shared/jqueryui/images/ui-bg_highlight-soft_100_c6c2c8_1x100.png HTTP/1.1" 404 1117
190.95.2.157 - - [16/Dec/2025:10:30:13 -0300] "GET /cormun/static/Shared/jqueryui/images/ui-icons_82798d_256x240.png HTTP/1.1" 404 1089
190.95.2.157 - - [16/Dec/2025:10:30:13 -0300] "GET /cormun/static/Shared/jqueryui/images/ui-icons_8d78a5_256x240.png HTTP/1.1" 404 1089
190.95.2.157 - - [16/Dec/2025:10:30:13 -0300] "GET /cormun/static/Shared/jqueryui/images/ui-bg_flat_55_fafafa_40x100.png HTTP/1.1" 404 1097
190.95.2.157 - - [16/Dec/2025:10:30:14 -0300] "GET /cormun/servlet/apermisogoceprn?17522133,P,20251216103044,PU HTTP/1.1" 200 1661
190.95.2.157 - - [16/Dec/2025:10:30:14 -0300] "GET /cormun/servlet/apermisogoceprn?17522133,P,20251216103044,PU HTTP/1.1" 200 1660
201.186.226.3 - - [16/Dec/2025:10:30:29 -0300] "GET /cormun/servlet/hlogin HTTP/1.1" 200 1726
190.95.67.99 - - [16/Dec/2025:10:30:36 -0300] "POST /cormun/servlet/trpermisosgoce?a310015a6b3374046c3f6c470bde8acb,,gx-no-cache=1765891861519 HTTP/1.1" 200 4475
201.186.226.3 - - [16/Dec/2025:10:30:40 -0300] "POST /cormun/servlet/hlogin?243b82fa9b17fbb58fd53ebd19c21a36,gx-no-cache=1765891865239 HTTP/1.1" 200 90
201.186.226.3 - - [16/Dec/2025:10:30:40 -0300] "GET /cormun/servlet/hpexe_link HTTP/1.1" 200 957
201.186.226.3 - - [16/Dec/2025:10:30:40 -0300] "GET /cormun/servlet/hhome HTTP/1.1" 200 3939
201.186.226.3 - - [16/Dec/2025:10:30:45 -0300] "GET /cormun/servlet/trpermisosgoce? HTTP/1.1" 200 15354
201.186.226.3 - - [16/Dec/2025:10:30:51 -0300] "GET /cormun/servlet/trlicencias? HTTP/1.1" 200 9627
190.95.2.157 - - [16/Dec/2025:10:32:09 -0300] "GET /cormun/servlet/permisogoce?INS,0,,, HTTP/1.1" 200 7229
201.186.226.3 - - [16/Dec/2025:10:32:13 -0300] "GET /cormun/servlet/hlogin HTTP/1.1" 200 1743
190.95.2.157 - - [16/Dec/2025:10:32:26 -0300] "GET /cormun/servlet/permisogoce?a3070969e3043ed6751fe021153787a337f800380e4b72b820e44ed7958a1ae5c652fca6c8e0f972318abcb5eae3bd240386602d818987533e5b4a8b7be46bce,gx-no-cache=1765891972272 HTTP/1.1" 200 80
190.95.2.157 - - [16/Dec/2025:10:32:42 -0300] "GET /cormun/servlet/permisogoce?a3070969e3043ed6751fe021153787a318f794b1b406b6d395d13e3078639acaac8c6f393007073afbbdcdd9162c36d5527af35de21e306c050116b5928b5e1c,gx-no-cache=1765891987696 HTTP/1.1" 200 46
190.95.2.157 - - [16/Dec/2025:10:32:47 -0300] "POST /cormun/servlet/permisogoce?f2f729e3b0c52b7c36388a1d273f2a2d,INS,0,,,,gx-no-cache=1765891992338 HTTP/1.1" 200 93
190.95.2.157 - - [16/Dec/2025:10:32:47 -0300] "GET /cormun/servlet/hpexe_return? HTTP/1.1" 200 1033
190.95.2.157 - - [16/Dec/2025:10:32:47 -0300] "GET /cormun/servlet/trpermisosgoce?gx-no-cache=1765891629228 HTTP/1.1" 200 14665
190.95.2.157 - - [16/Dec/2025:10:32:51 -0300] "GET /cormun/servlet/trpermisosadjuntos?9076382,20251216103327,P, HTTP/1.1" 200 6652
190.95.2.157 - - [16/Dec/2025:10:32:53 -0300] "GET /cormun/servlet/permisosadjuntos?INS,9076382,P,20251216103327,, HTTP/1.1" 200 5955
190.95.2.157 - - [16/Dec/2025:10:32:53 -0300] "GET /cormun/static/about:blank HTTP/1.1" 404 1011
190.95.2.157 - - [16/Dec/2025:10:33:01 -0300] "POST /cormun/servlet/permisosadjuntos?f2f729e3b0c52b7c36388a1d273f2a2d,INS,9076382,P,20251216103327,, HTTP/1.1" 200 116
190.95.2.157 - - [16/Dec/2025:10:33:01 -0300] "GET /cormun/servlet/hpexe_return? HTTP/1.1" 200 1038
190.95.2.157 - - [16/Dec/2025:10:33:01 -0300] "GET /cormun/servlet/trpermisosadjuntos?9076382,20251216103327,P, HTTP/1.1" 200 7146
190.95.2.157 - - [16/Dec/2025:10:33:03 -0300] "POST /cormun/servlet/trpermisosadjuntos?f2f729e3b0c52b7c36388a1d273f2a2d,9076382,20251216103327,P,,gx-no-cache=1765892008865 HTTP/1.1" 200 90
190.95.2.157 - - [16/Dec/2025:10:33:03 -0300] "GET /cormun/servlet/hpexe_link HTTP/1.1" 200 1006
190.95.2.157 - - [16/Dec/2025:10:33:03 -0300] "GET /cormun/servlet/trpermisosgoce?gx-no-cache=1765891629228 HTTP/1.1" 200 14667
190.95.2.157 - - [16/Dec/2025:10:33:08 -0300] "POST /cormun/servlet/trpermisosgoce?f2f729e3b0c52b7c36388a1d273f2a2d,gx-no-cache=1765891629228,gx-no-cache=1765892013259 HTTP/1.1" 200 11944
190.95.2.157 - - [16/Dec/2025:10:33:09 -0300] "GET /cormun/servlet/apermisogoceprn?9076382,P,20251216103327,PU HTTP/1.1" 200 1651
190.95.2.157 - - [16/Dec/2025:10:33:09 -0300] "GET /cormun/servlet/apermisogoceprn?9076382,P,20251216103327,PU HTTP/1.1" 200 1647
179.57.78.71 - - [16/Dec/2025:10:33:32 -0300] "POST /cormun/servlet/trlicencias?ac76211bf9c5850072805a27298ec928,,gx-no-cache=1765892037633 HTTP/1.1" 440 972
179.57.78.55 - - [16/Dec/2025:10:33:33 -0300] "GET /cormun/servlet/permisogoce?84da499eadd2404562451c0be72cccf9ba9b31cf7230140eb7c74ed08444cec04506e2ca14d8ffd40b5642744ef436236e89666afc109509b29ca3b609a1e0f8,gx-no-cache=1765892038655 HTTP/1.1" 200 45
179.57.78.71 - - [16/Dec/2025:10:33:33 -0300] "GET /cormun/servlet/trlicencias? HTTP/1.1" 200 6046
179.57.78.71 - - [16/Dec/2025:10:33:33 -0300] "GET /cormun/servlet/hlogin HTTP/1.1" 200 1737
179.57.78.71 - - [16/Dec/2025:10:33:36 -0300] "POST /cormun/servlet/hlogin?4067e49b53aab9c393347c618bc641f6,gx-no-cache=1765892041935 HTTP/1.1" 200 90
179.57.78.71 - - [16/Dec/2025:10:33:36 -0300] "GET /cormun/servlet/hpexe_link HTTP/1.1" 200 954
179.57.78.71 - - [16/Dec/2025:10:33:36 -0300] "GET /cormun/servlet/trlicencias HTTP/1.1" 200 12628
179.57.78.55 - - [16/Dec/2025:10:34:07 -0300] "GET /cormun/servlet/permisogoce?84da499eadd2404562451c0be72cccf9ba9b31cf7230140eb7c74ed08444cec0697709265c727454acf9a43023263847b1c108117058263868adccf263695c9f,gx-no-cache=1765892072559 HTTP/1.1" 200 130
179.57.78.55 - - [16/Dec/2025:10:34:26 -0300] "GET /cormun/servlet/permisogoce?84da499eadd2404562451c0be72cccf9ba9b31cf7230140eb7c74ed08444cec0697709265c727454acf9a43023263847b1c108117058263868adccf263695c9f,gx-no-cache=1765892091387 HTTP/1.1" 200 130
179.57.78.55 - - [16/Dec/2025:10:35:20 -0300] "GET /cormun/servlet/permisogoce?84da499eadd2404562451c0be72cccf9ba9b31cf7230140eb7c74ed08444cec03bd5f89ef15506197614be371c0090b13583bebaa7c3220921e821194538bbbe7d377fbac825e918a2fadb6b3cf8ce8a,gx-no-cache=1765892145624 HTTP/1.1" 200 48
179.57.78.55 - - [16/Dec/2025:10:35:56 -0300] "POST /cormun/servlet/permisogoce?b2a9cc62431506ccb61d6e05e66aa40a,INS,0,,,,gx-no-cache=1765892180824 HTTP/1.1" 200 93
179.57.78.55 - - [16/Dec/2025:10:35:56 -0300] "GET /cormun/servlet/hpexe_return? HTTP/1.1" 200 1010
179.57.78.55 - - [16/Dec/2025:10:35:56 -0300] "GET /cormun/servlet/trpermisosgoce HTTP/1.1" 200 18767
190.95.2.157 - - [16/Dec/2025:10:38:27 -0300] "GET /cormun/servlet/permisogoce?INS,0,,, HTTP/1.1" 200 7229
190.95.2.157 - - [16/Dec/2025:10:38:39 -0300] "GET /cormun/servlet/permisogoce?a3070969e3043ed6751fe021153787a3ea406f551616de912be6129893bfc24dc652fca6c8e0f972318abcb5eae3bd240386602d818987533e5b4a8b7be46bce,gx-no-cache=1765892344889 HTTP/1.1" 200 79
190.95.2.157 - - [16/Dec/2025:10:38:39 -0300] "GET /cormun/static/menuarrow.gif HTTP/1.1" 404 1015
190.95.2.157 - - [16/Dec/2025:10:38:52 -0300] "GET /cormun/servlet/permisogoce?a3070969e3043ed6751fe021153787a3d484104f7276f7451a23ada758b16b1ad8cc1ce7da79419d5374bb1a2ae84a69527af35de21e306c050116b5928b5e1c,gx-no-cache=1765892357367 HTTP/1.1" 200 48
190.95.2.157 - - [16/Dec/2025:10:38:56 -0300] "POST /cormun/servlet/permisogoce?f2f729e3b0c52b7c36388a1d273f2a2d,INS,0,,,,gx-no-cache=1765892361450 HTTP/1.1" 200 93
190.95.2.157 - - [16/Dec/2025:10:38:56 -0300] "GET /cormun/servlet/hpexe_return? HTTP/1.1" 200 1033
190.95.2.157 - - [16/Dec/2025:10:38:56 -0300] "GET /cormun/servlet/trpermisosgoce?gx-no-cache=1765891629228 HTTP/1.1" 200 14857
190.95.2.157 - - [16/Dec/2025:10:39:01 -0300] "GET /cormun/servlet/trpermisosadjuntos?8448797,20251216103945,P, HTTP/1.1" 200 6652
190.95.2.157 - - [16/Dec/2025:10:39:03 -0300] "GET /cormun/servlet/permisosadjuntos?INS,8448797,P,20251216103945,, HTTP/1.1" 200 5958
190.95.2.157 - - [16/Dec/2025:10:39:03 -0300] "GET /cormun/static/about:blank HTTP/1.1" 404 1011
190.95.2.157 - - [16/Dec/2025:10:39:11 -0300] "POST /cormun/servlet/permisosadjuntos?f2f729e3b0c52b7c36388a1d273f2a2d,INS,8448797,P,20251216103945,, HTTP/1.1" 200 116
190.95.2.157 - - [16/Dec/2025:10:39:12 -0300] "GET /cormun/servlet/hpexe_return? HTTP/1.1" 200 1040
190.95.2.157 - - [16/Dec/2025:10:39:12 -0300] "GET /cormun/servlet/trpermisosadjuntos?8448797,20251216103945,P, HTTP/1.1" 200 7157
190.95.2.157 - - [16/Dec/2025:10:39:14 -0300] "POST /cormun/servlet/trpermisosadjuntos?f2f729e3b0c52b7c36388a1d273f2a2d,8448797,20251216103945,P,,gx-no-cache=1765892379466 HTTP/1.1" 200 90
190.95.2.157 - - [16/Dec/2025:10:39:14 -0300] "GET /cormun/servlet/hpexe_link HTTP/1.1" 200 1006
190.95.2.157 - - [16/Dec/2025:10:39:14 -0300] "GET /cormun/servlet/trpermisosgoce?gx-no-cache=1765891629228 HTTP/1.1" 200 14856
190.95.2.157 - - [16/Dec/2025:10:39:18 -0300] "POST /cormun/servlet/trpermisosgoce?f2f729e3b0c52b7c36388a1d273f2a2d,gx-no-cache=1765891629228,gx-no-cache=1765892383267 HTTP/1.1" 200 12115
190.95.2.157 - - [16/Dec/2025:10:39:18 -0300] "GET /cormun/static/Shared/jqueryui/images/ui-bg_highlight-soft_100_c6c2c8_1x100.png HTTP/1.1" 404 1117
190.95.2.157 - - [16/Dec/2025:10:39:18 -0300] "GET /cormun/static/Shared/jqueryui/images/ui-icons_8d78a5_256x240.png HTTP/1.1" 404 1089
190.95.2.157 - - [16/Dec/2025:10:39:18 -0300] "GET /cormun/static/Shared/jqueryui/images/ui-bg_flat_55_fafafa_40x100.png HTTP/1.1" 404 1097
190.95.2.157 - - [16/Dec/2025:10:39:18 -0300] "GET /cormun/static/Shared/jqueryui/images/ui-icons_82798d_256x240.png HTTP/1.1" 404 1089
190.95.2.157 - - [16/Dec/2025:10:39:19 -0300] "GET /cormun/servlet/apermisogoceprn?8448797,P,20251216103945,PU HTTP/1.1" 200 1652
190.95.2.157 - - [16/Dec/2025:10:39:19 -0300] "GET /cormun/servlet/apermisogoceprn?8448797,P,20251216103945,PU HTTP/1.1" 200 1654
190.95.67.99 - - [16/Dec/2025:10:39:31 -0300] "POST /cormun/servlet/trpermisosgoce?a310015a6b3374046c3f6c470bde8acb,,gx-no-cache=1765892396822 HTTP/1.1" 200 6131
190.95.67.99 - - [16/Dec/2025:10:40:00 -0300] "POST /cormun/servlet/trpermisosgoce?a310015a6b3374046c3f6c470bde8acb,,gx-no-cache=1765892425522 HTTP/1.1" 200 5743
190.95.67.99 - - [16/Dec/2025:10:40:51 -0300] "POST /cormun/servlet/trpermisosgoce?a310015a6b3374046c3f6c470bde8acb,,gx-no-cache=1765892476675 HTTP/1.1" 200 6126
190.95.67.99 - - [16/Dec/2025:10:41:19 -0300] "POST /cormun/servlet/trpermisosgoce?a310015a6b3374046c3f6c470bde8acb,,gx-no-cache=1765892504455 HTTP/1.1" 200 6295
190.95.67.99 - - [16/Dec/2025:10:41:41 -0300] "POST /cormun/servlet/trpermisosgoce?a310015a6b3374046c3f6c470bde8acb,,gx-no-cache=1765892527253 HTTP/1.1" 200 6099
190.95.2.157 - - [16/Dec/2025:10:42:03 -0300] "GET /cormun/servlet/permisogoce?INS,0,,, HTTP/1.1" 200 7229
190.95.67.99 - - [16/Dec/2025:10:42:06 -0300] "POST /cormun/servlet/trpermisosgoce?a310015a6b3374046c3f6c470bde8acb,,gx-no-cache=1765892552019 HTTP/1.1" 200 5928
190.95.2.157 - - [16/Dec/2025:10:42:28 -0300] "GET /cormun/servlet/permisogoce?a3070969e3043ed6751fe021153787a388e183bcd159de2e9dc666dc822837f61d85ce91f4504edfa978a9102a3b279bf39cee7da30b4ec976f5b3397d7455b5,gx-no-cache=1765892573432 HTTP/1.1" 200 82
190.95.67.99 - - [16/Dec/2025:10:42:34 -0300] "POST /cormun/servlet/trpermisosgoce?a310015a6b3374046c3f6c470bde8acb,,gx-no-cache=1765892571314 HTTP/1.1" 200 5724
190.95.2.157 - - [16/Dec/2025:10:42:39 -0300] "GET /cormun/servlet/permisogoce?a3070969e3043ed6751fe021153787a35130ced850a9635ed4064bc33d08ed1a593209013d5b2792cdc405091aecc3efb9f0ea928069615d8e507abfa13ecd84,gx-no-cache=1765892584808 HTTP/1.1" 200 48
190.95.2.157 - - [16/Dec/2025:10:42:50 -0300] "POST /cormun/servlet/permisogoce?f2f729e3b0c52b7c36388a1d273f2a2d,INS,0,,,,gx-no-cache=1765892587897 HTTP/1.1" 200 93
190.95.2.157 - - [16/Dec/2025:10:42:50 -0300] "GET /cormun/servlet/hpexe_return? HTTP/1.1" 200 1033
190.95.2.157 - - [16/Dec/2025:10:42:50 -0300] "GET /cormun/servlet/trpermisosgoce?gx-no-cache=1765891629228 HTTP/1.1" 200 15069
190.95.67.99 - - [16/Dec/2025:10:42:56 -0300] "POST /cormun/servlet/trpermisosgoce?a310015a6b3374046c3f6c470bde8acb,,gx-no-cache=1765892594976 HTTP/1.1" 200 5931
190.95.2.157 - - [16/Dec/2025:10:43:01 -0300] "GET /cormun/servlet/trpermisosadjuntos?15104431,20251216104321,P, HTTP/1.1" 200 6586
190.95.2.157 - - [16/Dec/2025:10:43:01 -0300] "GET /cormun/servlet/trpermisosadjuntos?15104431,20251216104321,P, HTTP/1.1" 200 6650
190.95.2.157 - - [16/Dec/2025:10:43:02 -0300] "GET /cormun/servlet/permisosadjuntos?INS,15104431,P,20251216104321,, HTTP/1.1" 200 5955
190.95.2.157 - - [16/Dec/2025:10:43:02 -0300] "GET /cormun/static/about:blank HTTP/1.1" 404 1011
190.95.2.157 - - [16/Dec/2025:10:43:11 -0300] "POST /cormun/servlet/permisosadjuntos?f2f729e3b0c52b7c36388a1d273f2a2d,INS,15104431,P,20251216104321,, HTTP/1.1" 200 116
190.95.2.157 - - [16/Dec/2025:10:43:11 -0300] "GET /cormun/servlet/hpexe_return? HTTP/1.1" 200 1039
190.95.2.157 - - [16/Dec/2025:10:43:11 -0300] "GET /cormun/servlet/trpermisosadjuntos?15104431,20251216104321,P, HTTP/1.1" 200 7157
190.95.2.157 - - [16/Dec/2025:10:43:15 -0300] "POST /cormun/servlet/trpermisosadjuntos?f2f729e3b0c52b7c36388a1d273f2a2d,15104431,20251216104321,P,,gx-no-cache=1765892619265 HTTP/1.1" 200 90
190.95.2.157 - - [16/Dec/2025:10:43:15 -0300] "GET /cormun/servlet/hpexe_link HTTP/1.1" 200 1005
190.95.2.157 - - [16/Dec/2025:10:43:15 -0300] "GET /cormun/servlet/trpermisosgoce?gx-no-cache=1765891629228 HTTP/1.1" 200 15067
190.95.67.99 - - [16/Dec/2025:10:43:17 -0300] "POST /cormun/servlet/trpermisosgoce?a310015a6b3374046c3f6c470bde8acb,,gx-no-cache=1765892622276 HTTP/1.1" 200 5943
190.95.2.157 - - [16/Dec/2025:10:43:26 -0300] "POST /cormun/servlet/trpermisosgoce?f2f729e3b0c52b7c36388a1d273f2a2d,gx-no-cache=1765891629228,gx-no-cache=1765892625394 HTTP/1.1" 200 12313
190.95.2.157 - - [16/Dec/2025:10:43:27 -0300] "GET /cormun/servlet/apermisogoceprn?15104431,P,20251216104321,PU HTTP/1.1" 200 1658
190.95.2.157 - - [16/Dec/2025:10:43:27 -0300] "GET /cormun/servlet/apermisogoceprn?15104431,P,20251216104321,PU HTTP/1.1" 200 1653
190.95.67.99 - - [16/Dec/2025:10:43:31 -0300] "POST /cormun/servlet/trpermisosgoce?a310015a6b3374046c3f6c470bde8acb,,gx-no-cache=1765892636350 HTTP/1.1" 200 5929
190.95.2.157 - - [16/Dec/2025:10:45:51 -0300] "GET /cormun/servlet/permisogoce?INS,0,,, HTTP/1.1" 200 7230
190.95.2.157 - - [16/Dec/2025:10:46:02 -0300] "GET /cormun/servlet/permisogoce?a3070969e3043ed6751fe021153787a3d4a11dd4c141c8edc198557b598d760bc652fca6c8e0f972318abcb5eae3bd240386602d818987533e5b4a8b7be46bce,gx-no-cache=1765892787000 HTTP/1.1" 200 87
190.95.2.157 - - [16/Dec/2025:10:46:23 -0300] "GET /cormun/servlet/permisogoce?a3070969e3043ed6751fe021153787a35104e5120e1c9f34cb9fc437a15f88fda94637656eff45968c7680e5650be86d527af35de21e306c050116b5928b5e1c,gx-no-cache=1765892809128 HTTP/1.1" 200 48
10.40.40.2 - - [16/Dec/2025:10:46:38 -0300] "POST /cormun/servlet/trlicencias?f3d05d98edebc971db8d7fb9a3711b53,gx-no-cache=1765892766793 HTTP/1.1" 440 972
10.40.40.2 - - [16/Dec/2025:10:46:40 -0300] "GET /cormun/servlet/trlicencias HTTP/1.1" 200 6052
10.40.40.2 - - [16/Dec/2025:10:46:40 -0300] "GET /cormun/static/RunJS/RunJS.js HTTP/1.1" 200 288
10.40.40.2 - - [16/Dec/2025:10:46:41 -0300] "GET /cormun/servlet/hlogin HTTP/1.1" 200 1741
10.40.40.2 - - [16/Dec/2025:10:46:41 -0300] "GET /cormun/servlet/trlicencias HTTP/1.1" 200 6052
190.95.2.157 - - [16/Dec/2025:10:46:41 -0300] "POST /cormun/servlet/permisogoce?f2f729e3b0c52b7c36388a1d273f2a2d,INS,0,,,,gx-no-cache=1765892812273 HTTP/1.1" 200 93
190.95.2.157 - - [16/Dec/2025:10:46:41 -0300] "GET /cormun/servlet/hpexe_return? HTTP/1.1" 200 1033
190.95.2.157 - - [16/Dec/2025:10:46:41 -0300] "GET /cormun/servlet/trpermisosgoce?gx-no-cache=1765891629228 HTTP/1.1" 200 15302
10.40.40.2 - - [16/Dec/2025:10:46:47 -0300] "POST /cormun/servlet/hlogin?b51db1e0f02b90427dbbff68113d4b5f,gx-no-cache=1765892776139 HTTP/1.1" 200 90
10.40.40.2 - - [16/Dec/2025:10:46:47 -0300] "GET /cormun/servlet/hpexe_link HTTP/1.1" 200 959
10.40.40.2 - - [16/Dec/2025:10:46:47 -0300] "GET /cormun/servlet/trlicencias HTTP/1.1" 200 17575
10.40.40.2 - - [16/Dec/2025:10:46:51 -0300] "POST /cormun/servlet/trlicencias?b51db1e0f02b90427dbbff68113d4b5f,gx-no-cache=1765892779511 HTTP/1.1" 200 101
10.40.40.2 - - [16/Dec/2025:10:46:51 -0300] "POST /cormun/servlet/trlicencias?b51db1e0f02b90427dbbff68113d4b5f,gx-no-cache=1765892779658 HTTP/1.1" 200 15904
10.40.40.2 - - [16/Dec/2025:10:46:51 -0300] "GET /cormun/Licencias-5262.xls HTTP/1.1" 200 18944
190.95.2.157 - - [16/Dec/2025:10:46:54 -0300] "GET /cormun/servlet/trpermisosadjuntos?9543879,20251216104708,P, HTTP/1.1" 200 6659
190.95.2.157 - - [16/Dec/2025:10:46:55 -0300] "GET /cormun/servlet/permisosadjuntos?INS,9543879,P,20251216104708,, HTTP/1.1" 200 5961
190.95.2.157 - - [16/Dec/2025:10:46:55 -0300] "GET /cormun/static/about:blank HTTP/1.1" 404 1011
190.95.2.157 - - [16/Dec/2025:10:47:23 -0300] "POST /cormun/servlet/permisosadjuntos?f2f729e3b0c52b7c36388a1d273f2a2d,INS,9543879,P,20251216104708,, HTTP/1.1" 200 116
190.95.2.157 - - [16/Dec/2025:10:47:23 -0300] "GET /cormun/servlet/hpexe_return? HTTP/1.1" 200 1038
190.95.2.157 - - [16/Dec/2025:10:47:23 -0300] "GET /cormun/servlet/trpermisosadjuntos?9543879,20251216104708,P, HTTP/1.1" 200 7155
190.95.2.157 - - [16/Dec/2025:10:47:25 -0300] "POST /cormun/servlet/trpermisosadjuntos?f2f729e3b0c52b7c36388a1d273f2a2d,9543879,20251216104708,P,,gx-no-cache=1765892870978 HTTP/1.1" 200 90
190.95.2.157 - - [16/Dec/2025:10:47:25 -0300] "GET /cormun/servlet/hpexe_link HTTP/1.1" 200 1005
190.95.2.157 - - [16/Dec/2025:10:47:25 -0300] "GET /cormun/servlet/trpermisosgoce?gx-no-cache=1765891629228 HTTP/1.1" 200 15303
190.95.2.157 - - [16/Dec/2025:10:47:45 -0300] "POST /cormun/servlet/trpermisosgoce?f2f729e3b0c52b7c36388a1d273f2a2d,gx-no-cache=1765891629228,gx-no-cache=1765892877035 HTTP/1.1" 200 12579
190.95.2.157 - - [16/Dec/2025:10:47:46 -0300] "GET /cormun/servlet/apermisogoceprn?9543879,P,20251216104708,PU HTTP/1.1" 200 1653
190.95.2.157 - - [16/Dec/2025:10:47:46 -0300] "GET /cormun/servlet/apermisogoceprn?9543879,P,20251216104708,PU HTTP/1.1" 200 1653
190.95.2.157 - - [16/Dec/2025:10:53:32 -0300] "GET /cormun/servlet/permisogoce?INS,0,,, HTTP/1.1" 200 7230
190.95.2.157 - - [16/Dec/2025:10:53:45 -0300] "GET /cormun/servlet/permisogoce?a3070969e3043ed6751fe021153787a3fae2c58bf634bb276f0b4b5d88032ca6c652fca6c8e0f972318abcb5eae3bd240386602d818987533e5b4a8b7be46bce,gx-no-cache=1765893250913 HTTP/1.1" 200 226
190.95.2.157 - - [16/Dec/2025:10:53:45 -0300] "GET /cormun/static/Shared/jqueryui/images/ui-icons_ebccce_256x240.png HTTP/1.1" 404 1089
190.95.2.157 - - [16/Dec/2025:10:53:45 -0300] "GET /cormun/static/Shared/jqueryui/images/ui-bg_flat_55_994d53_40x100.png HTTP/1.1" 404 1097
190.95.2.157 - - [16/Dec/2025:10:53:59 -0300] "GET /cormun/servlet/permisogoce?a3070969e3043ed6751fe021153787a3ba7253af529280b6283771d66a873f2ac652fca6c8e0f972318abcb5eae3bd240386602d818987533e5b4a8b7be46bce,gx-no-cache=1765893265176 HTTP/1.1" 200 76
190.95.2.157 - - [16/Dec/2025:10:54:09 -0300] "GET /cormun/servlet/permisogoce?a3070969e3043ed6751fe021153787a30807baae3db41c098e6f0a28000f69fc33f9cef204550e0d4ba4c45ebdbb2f76527af35de21e306c050116b5928b5e1c,gx-no-cache=1765893274496 HTTP/1.1" 200 48
190.95.2.157 - - [16/Dec/2025:10:54:20 -0300] "POST /cormun/servlet/permisogoce?f2f729e3b0c52b7c36388a1d273f2a2d,INS,0,,,,gx-no-cache=1765893279427 HTTP/1.1" 200 93
190.95.2.157 - - [16/Dec/2025:10:54:20 -0300] "GET /cormun/servlet/hpexe_return? HTTP/1.1" 200 1033
190.95.2.157 - - [16/Dec/2025:10:54:20 -0300] "GET /cormun/servlet/trpermisosgoce?gx-no-cache=1765891629228 HTTP/1.1" 200 15485
190.95.2.157 - - [16/Dec/2025:10:54:31 -0300] "GET /cormun/servlet/trpermisosadjuntos?8534216,20251216105450,P, HTTP/1.1" 200 6651
190.95.67.95 - - [16/Dec/2025:10:54:31 -0300] "GET /cormun/servlet/hlogin HTTP/1.1" 200 1724
190.95.2.157 - - [16/Dec/2025:10:54:33 -0300] "GET /cormun/servlet/permisosadjuntos?INS,8534216,P,20251216105450,, HTTP/1.1" 200 5958
190.95.2.157 - - [16/Dec/2025:10:54:33 -0300] "GET /cormun/static/about:blank HTTP/1.1" 404 1011
190.95.67.95 - - [16/Dec/2025:10:54:34 -0300] "POST /cormun/servlet/hlogin?89831fbdd4505bdb48deb39f86269eb3,gx-no-cache=1765893299245 HTTP/1.1" 200 90
190.95.67.95 - - [16/Dec/2025:10:54:34 -0300] "GET /cormun/servlet/hpexe_link HTTP/1.1" 200 954
190.95.67.95 - - [16/Dec/2025:10:54:34 -0300] "GET /cormun/servlet/hhome HTTP/1.1" 200 4008
190.95.67.95 - - [16/Dec/2025:10:54:39 -0300] "GET /cormun/servlet/trpermisosgoce? HTTP/1.1" 200 15950
190.95.2.157 - - [16/Dec/2025:10:54:41 -0300] "POST /cormun/servlet/permisosadjuntos?f2f729e3b0c52b7c36388a1d273f2a2d,INS,8534216,P,20251216105450,, HTTP/1.1" 200 116
190.95.2.157 - - [16/Dec/2025:10:54:41 -0300] "GET /cormun/servlet/hpexe_return? HTTP/1.1" 200 1038
190.95.2.157 - - [16/Dec/2025:10:54:42 -0300] "GET /cormun/servlet/trpermisosadjuntos?8534216,20251216105450,P, HTTP/1.1" 200 7143
190.95.67.95 - - [16/Dec/2025:10:54:43 -0300] "GET /cormun/servlet/permisogoce?INS,0,,, HTTP/1.1" 200 6877
190.95.2.157 - - [16/Dec/2025:10:54:44 -0300] "POST /cormun/servlet/trpermisosadjuntos?f2f729e3b0c52b7c36388a1d273f2a2d,8534216,20251216105450,P,,gx-no-cache=1765893309546 HTTP/1.1" 200 90
190.95.2.157 - - [16/Dec/2025:10:54:44 -0300] "GET /cormun/servlet/hpexe_link HTTP/1.1" 200 1004
190.95.2.157 - - [16/Dec/2025:10:54:44 -0300] "GET /cormun/servlet/trpermisosgoce?gx-no-cache=1765891629228 HTTP/1.1" 200 15480
190.95.2.157 - - [16/Dec/2025:10:54:54 -0300] "GET /cormun/servlet/apermisogoceprn?8534216,P,20251216105450,PU HTTP/1.1" 200 1662
190.95.2.157 - - [16/Dec/2025:10:54:54 -0300] "GET /cormun/servlet/apermisogoceprn?8534216,P,20251216105450,PU HTTP/1.1" 200 1657
190.95.67.99 - - [16/Dec/2025:10:55:06 -0300] "GET /cormun/servlet/trlicencias? HTTP/1.1" 200 9594
190.95.2.157 - - [16/Dec/2025:10:55:20 -0300] "POST /cormun/servlet/trpermisosgoce?f2f729e3b0c52b7c36388a1d273f2a2d,gx-no-cache=1765891629228,gx-no-cache=1765893331611 HTTP/1.1" 200 12746
190.95.67.95 - - [16/Dec/2025:10:55:21 -0300] "GET /cormun/servlet/permisogoce?063bad9b97c698c78adb40ef050cd35ad479827f1a219f30b6a9c5f062ae12d084c2476545e63761c8c37153478420fe78dda4c872db406a78690bd9b5fdd502,gx-no-cache=1765893343712 HTTP/1.1" 200 77
190.95.67.95 - - [16/Dec/2025:10:55:21 -0300] "GET /cormun/static/menuarrow.gif HTTP/1.1" 404 1015
190.95.67.95 - - [16/Dec/2025:10:55:29 -0300] "GET /cormun/servlet/permisogoce?063bad9b97c698c78adb40ef050cd35a088ad0bca5830968822502fd6fd68f2c640a4963da214ce875272e419fef34068b799ad90ee55974798a729c6b02a196,gx-no-cache=1765893354334 HTTP/1.1" 200 47
190.95.67.95 - - [16/Dec/2025:10:55:34 -0300] "POST /cormun/servlet/permisogoce?89831fbdd4505bdb48deb39f86269eb3,INS,0,,,,gx-no-cache=1765893357743 HTTP/1.1" 200 93
190.95.67.95 - - [16/Dec/2025:10:55:34 -0300] "GET /cormun/servlet/hpexe_return? HTTP/1.1" 200 1012
190.95.67.95 - - [16/Dec/2025:10:55:34 -0300] "GET /cormun/servlet/trpermisosgoce HTTP/1.1" 200 16205
190.95.67.95 - - [16/Dec/2025:10:55:39 -0300] "GET /cormun/servlet/apermisogoceprn?12691689,P,20251216105600,PU HTTP/1.1" 200 1657
10.40.40.2 - - [16/Dec/2025:11:02:38 -0300] "POST /cormun/servlet/trlicencias?b51db1e0f02b90427dbbff68113d4b5f,gx-no-cache=1765893726395 HTTP/1.1" 200 4584
10.40.40.2 - - [16/Dec/2025:11:06:48 -0300] "GET /cormun/servlet/hlogin HTTP/1.1" 200 1720
10.40.40.2 - - [16/Dec/2025:11:06:50 -0300] "GET /cormun/servlet/hlogin HTTP/1.1" 200 1731
10.40.40.2 - - [16/Dec/2025:11:06:50 -0300] "GET /favicon.ico HTTP/1.1" 200 21630
10.40.40.2 - - [16/Dec/2025:11:06:56 -0300] "POST /cormun/servlet/hlogin?8ac7e6f7e3e98479b78faa7535a459be,gx-no-cache=1765893984394 HTTP/1.1" 200 90
10.40.40.2 - - [16/Dec/2025:11:06:56 -0300] "GET /cormun/servlet/hpexe_link HTTP/1.1" 200 949
10.40.40.2 - - [16/Dec/2025:11:06:56 -0300] "GET /cormun/servlet/hhome HTTP/1.1" 200 3166
10.40.40.2 - - [16/Dec/2025:11:06:59 -0300] "GET /cormun/servlet/trlicencias? HTTP/1.1" 200 19170
10.40.40.2 - - [16/Dec/2025:11:07:11 -0300] "GET /cormun/servlet/hlogin HTTP/1.1" 200 1734
10.40.40.2 - - [16/Dec/2025:11:08:59 -0300] "POST /cormun/servlet/trlicencias?b51db1e0f02b90427dbbff68113d4b5f,gx-no-cache=1765894107370 HTTP/1.1" 200 15938
