201.186.226.3 - - [16/Dec/2025:15:38:31 -0300] "GET /cormun/servlet/permisogoce?6bd0dd1067544bcadf780b6b1d54f9662603b2315de4a140c2ff1b9e644e68f57e06e4c0edbc44eab40f8809c122ec57e9e1b402fb1b30be6707d8b27284d7a4,gx-no-cache=1765910336019 HTTP/1.1" 200 70
201.186.226.3 - - [16/Dec/2025:15:38:45 -0300] "GET /cormun/servlet/permisogoce?6bd0dd1067544bcadf780b6b1d54f96641cec9fd738d3534f295d845819bde3370aef5e96717cdb47b56e75364851b9266960e96f5b029d8e3b62da7b534f626,gx-no-cache=1765910349936 HTTP/1.1" 200 47
190.95.1.183 - - [16/Dec/2025:15:38:53 -0300] "POST /cormun/servlet/trlicencias?0966136d0d633167c71283d9ef22aa7f,,gx-no-cache=1765910359003 HTTP/1.1" 200 6914
201.186.226.3 - - [16/Dec/2025:15:38:54 -0300] "POST /cormun/servlet/permisogoce?1d7bfc1a08790b27fc562f0ad57caad9,INS,0,,,,gx-no-cache=1765910358831 HTTP/1.1" 200 93
201.186.226.3 - - [16/Dec/2025:15:38:54 -0300] "GET /cormun/servlet/hpexe_return? HTTP/1.1" 200 1010
201.186.226.3 - - [16/Dec/2025:15:38:54 -0300] "GET /cormun/servlet/trpermisosgoce HTTP/1.1" 200 16288
201.186.226.3 - - [16/Dec/2025:15:39:14 -0300] "GET /cormun/servlet/apermisogoceprn?16981270,P,20251216153757,PU HTTP/1.1" 200 1646
190.95.15.31 - - [16/Dec/2025:15:41:33 -0300] "GET /cormun/servlet/solicitudotadjuntos?bfee4e983d5369a3b22b62bf23b0384dbad4574a62e7ea350e0b5cf612b04434,gx-no-cache=1765910497241 HTTP/1.1" 200 30
190.95.15.31 - - [16/Dec/2025:15:41:33 -0300] "GET /cormun/servlet/solicitudotadjuntos?bfee4e983d5369a3b22b62bf23b0384dbad4574a62e7ea350e0b5cf612b04434,gx-no-cache=1765910516430 HTTP/1.1" 200 30
190.95.15.31 - - [16/Dec/2025:15:41:33 -0300] "POST /cormun/servlet/solicitudotadjuntos?88ab1b5a3631d727a542073fd4be8b6d,INS,2025,23159,,1, HTTP/1.1" 200 116
190.95.15.31 - - [16/Dec/2025:15:41:33 -0300] "GET /cormun/servlet/hpexe_return? HTTP/1.1" 200 1026
190.95.15.31 - - [16/Dec/2025:15:41:33 -0300] "GET /cormun/servlet/trsolicitudadjuntos?2025,23159, HTTP/1.1" 200 9883
190.95.15.31 - - [16/Dec/2025:15:41:37 -0300] "GET /cormun/servlet/solicitudotadjuntos?INS,2025,23159,,1, HTTP/1.1" 200 6411
190.95.15.31 - - [16/Dec/2025:15:41:37 -0300] "GET /cormun/static/about:blank HTTP/1.1" 404 1011
190.95.15.31 - - [16/Dec/2025:15:41:38 -0300] "GET /cormun/servlet/solicitudotadjuntos?bfee4e983d5369a3b22b62bf23b0384db12dc6212f88f48af382f2df650fbd441700c7da1170ab4a33597eb2c5759b0e,gx-no-cache=1765910521648 HTTP/1.1" 200 30
190.95.15.31 - - [16/Dec/2025:15:41:38 -0300] "POST /cormun/servlet/solicitudotadjuntos?88ab1b5a3631d727a542073fd4be8b6d,INS,2025,23159,,1,,gx-no-cache=1765910521663 HTTP/1.1" 200 4159
190.95.15.15 - - [16/Dec/2025:15:41:40 -0300] "GET /cormun/servlet/permisogoce?INS,0,,, HTTP/1.1" 200 6853
190.95.15.31 - - [16/Dec/2025:15:41:42 -0300] "POST /cormun/servlet/solicitudotadjuntos?gx-no-cache=1765910525882 HTTP/1.1" 200 26
190.95.15.15 - - [16/Dec/2025:15:41:49 -0300] "GET /cormun/servlet/permisogoce?fd5b4875eaa2ee3fa291962dd4ecd0d0fa63d91a2d16c151573a5856c1ff557f7bbc0302400f5a24ce981cf13fec126a92defd2a66a7b78d7cd044a793631431,gx-no-cache=1765910533113 HTTP/1.1" 200 81
190.95.15.15 - - [16/Dec/2025:15:41:49 -0300] "GET /cormun/static/menuarrow.gif HTTP/1.1" 404 1015
190.95.15.15 - - [16/Dec/2025:15:41:53 -0300] "GET /cormun/servlet/permisogoce?fd5b4875eaa2ee3fa291962dd4ecd0d0ba9412cb79bc89767c9ea79db239afc7bfc482825227d4b9878a7a6a1ec7485e3da08efa465ec7f8f8409ac7f8b15629,gx-no-cache=1765910537647 HTTP/1.1" 200 48
190.95.15.15 - - [16/Dec/2025:15:41:55 -0300] "POST /cormun/servlet/permisogoce?152d0815b31d23e651f4d09ac04772e5,INS,0,,,,gx-no-cache=1765910539221 HTTP/1.1" 200 93
190.95.15.15 - - [16/Dec/2025:15:41:55 -0300] "GET /cormun/servlet/hpexe_return? HTTP/1.1" 200 1004
190.95.15.15 - - [16/Dec/2025:15:41:55 -0300] "GET /cormun/servlet/trpermisosgoce HTTP/1.1" 200 18707
201.186.226.3 - - [16/Dec/2025:15:41:56 -0300] "GET /cormun/servlet/permisogoce?INS,0,,, HTTP/1.1" 200 6796
190.95.15.15 - - [16/Dec/2025:15:42:01 -0300] "GET /cormun/servlet/apermisogoceprn?12099402,P,20251216154257,PU HTTP/1.1" 200 1659
201.186.226.3 - - [16/Dec/2025:15:42:40 -0300] "GET /cormun/servlet/permisogoce?6bd0dd1067544bcadf780b6b1d54f96620bece99227547f699c92754a60c3ca97e06e4c0edbc44eab40f8809c122ec57e9e1b402fb1b30be6707d8b27284d7a4,gx-no-cache=1765910585597 HTTP/1.1" 200 84
201.186.226.3 - - [16/Dec/2025:15:42:52 -0300] "GET /cormun/servlet/permisogoce?6bd0dd1067544bcadf780b6b1d54f9666e729a7c55b7885f9aed628fd7d67082053729ebac639c676d27ae69dce7b36d54cc020fa931c3751f8d7bd211cebd2c,gx-no-cache=1765910597703 HTTP/1.1" 200 48
201.186.226.3 - - [16/Dec/2025:15:43:00 -0300] "POST /cormun/servlet/permisogoce?1d7bfc1a08790b27fc562f0ad57caad9,INS,0,,,,gx-no-cache=1765910604661 HTTP/1.1" 200 93
201.186.226.3 - - [16/Dec/2025:15:43:00 -0300] "GET /cormun/servlet/hpexe_return? HTTP/1.1" 200 1010
201.186.226.3 - - [16/Dec/2025:15:43:00 -0300] "GET /cormun/servlet/trpermisosgoce HTTP/1.1" 200 16458
201.186.226.3 - - [16/Dec/2025:15:43:07 -0300] "GET /cormun/servlet/apermisogoceprn?18375139,P,20251216154313,PU HTTP/1.1" 200 1659
190.95.15.15 - - [16/Dec/2025:15:43:44 -0300] "GET /cormun/servlet/permisogoce?INS,0,,, HTTP/1.1" 200 6853
190.95.15.15 - - [16/Dec/2025:15:43:54 -0300] "GET /cormun/servlet/permisogoce?fd5b4875eaa2ee3fa291962dd4ecd0d09d67b7ef5ac58bed40ed0ef9b957a66c7bbc0302400f5a24ce981cf13fec126a92defd2a66a7b78d7cd044a793631431,gx-no-cache=1765910658698 HTTP/1.1" 200 86
190.95.67.91 - - [16/Dec/2025:15:43:56 -0300] "GET /cormun/servlet/permisogoce?INS,0,,, HTTP/1.1" 200 6025
190.95.67.91 - - [16/Dec/2025:15:43:56 -0300] "GET /cormun/servlet/hlogin HTTP/1.1" 200 1741
190.95.15.15 - - [16/Dec/2025:15:44:00 -0300] "GET /cormun/servlet/permisogoce?fd5b4875eaa2ee3fa291962dd4ecd0d083ee58a009ecbaeab805461bbef682370eec6c2edc2d1d78c939e7989f1cd2323da08efa465ec7f8f8409ac7f8b15629,gx-no-cache=1765910664449 HTTP/1.1" 200 48
190.95.15.15 - - [16/Dec/2025:15:44:02 -0300] "POST /cormun/servlet/permisogoce?152d0815b31d23e651f4d09ac04772e5,INS,0,,,,gx-no-cache=1765910666214 HTTP/1.1" 200 93
190.95.15.15 - - [16/Dec/2025:15:44:02 -0300] "GET /cormun/servlet/hpexe_return? HTTP/1.1" 200 1004
190.95.15.15 - - [16/Dec/2025:15:44:02 -0300] "GET /cormun/servlet/trpermisosgoce HTTP/1.1" 200 18644
190.95.15.15 - - [16/Dec/2025:15:44:12 -0300] "GET /cormun/servlet/apermisogoceprn?16115814,P,20251216154501,PU HTTP/1.1" 200 1669
190.95.15.31 - - [16/Dec/2025:15:44:43 -0300] "GET /cormun/servlet/solicitudotadjuntos?bfee4e983d5369a3b22b62bf23b0384dbad4574a62e7ea350e0b5cf612b04434,gx-no-cache=1765910705385 HTTP/1.1" 200 30
190.95.15.31 - - [16/Dec/2025:15:44:43 -0300] "GET /cormun/servlet/solicitudotadjuntos?bfee4e983d5369a3b22b62bf23b0384dbad4574a62e7ea350e0b5cf612b04434,gx-no-cache=1765910706808 HTTP/1.1" 200 30
190.95.15.31 - - [16/Dec/2025:15:44:43 -0300] "POST /cormun/servlet/solicitudotadjuntos?88ab1b5a3631d727a542073fd4be8b6d,INS,2025,23159,,1, HTTP/1.1" 200 116
190.95.15.31 - - [16/Dec/2025:15:44:43 -0300] "GET /cormun/servlet/hpexe_return? HTTP/1.1" 200 1026
190.95.15.31 - - [16/Dec/2025:15:44:43 -0300] "GET /cormun/servlet/trsolicitudadjuntos?2025,23159, HTTP/1.1" 200 10141
201.186.226.3 - - [16/Dec/2025:15:45:30 -0300] "GET /cormun/servlet/permisogoce?INS,0,,, HTTP/1.1" 200 6796
201.186.226.3 - - [16/Dec/2025:15:45:48 -0300] "GET /cormun/servlet/permisogoce?6bd0dd1067544bcadf780b6b1d54f96694bb145f24f8efc3234a80ee1aaa0f5a7e06e4c0edbc44eab40f8809c122ec57e9e1b402fb1b30be6707d8b27284d7a4,gx-no-cache=1765910773212 HTTP/1.1" 200 87
201.186.226.3 - - [16/Dec/2025:15:45:59 -0300] "GET /cormun/servlet/permisogoce?6bd0dd1067544bcadf780b6b1d54f966c931a356b5f9c1eb02ebcb24b31dcae920f0a031721f550e3da38441a704c76c66960e96f5b029d8e3b62da7b534f626,gx-no-cache=1765910784007 HTTP/1.1" 200 48
201.186.226.3 - - [16/Dec/2025:15:46:06 -0300] "POST /cormun/servlet/permisogoce?1d7bfc1a08790b27fc562f0ad57caad9,INS,0,,,,gx-no-cache=1765910789995 HTTP/1.1" 200 93
201.186.226.3 - - [16/Dec/2025:15:46:06 -0300] "GET /cormun/servlet/hpexe_return? HTTP/1.1" 200 1010
201.186.226.3 - - [16/Dec/2025:15:46:06 -0300] "GET /cormun/servlet/trpermisosgoce HTTP/1.1" 200 16656
201.186.226.3 - - [16/Dec/2025:15:46:13 -0300] "GET /cormun/servlet/apermisogoceprn?16493213,P,20251216154647,PU HTTP/1.1" 200 1656
190.95.15.31 - - [16/Dec/2025:15:46:53 -0300] "GET /cormun/servlet/solicitudotadjuntos?INS,2025,23159,,1, HTTP/1.1" 200 6411
190.95.15.31 - - [16/Dec/2025:15:46:53 -0300] "GET /cormun/static/about:blank HTTP/1.1" 404 1011
190.95.15.31 - - [16/Dec/2025:15:46:54 -0300] "GET /cormun/servlet/solicitudotadjuntos?bfee4e983d5369a3b22b62bf23b0384db12dc6212f88f48af382f2df650fbd441700c7da1170ab4a33597eb2c5759b0e,gx-no-cache=1765910837562 HTTP/1.1" 200 30
190.95.15.31 - - [16/Dec/2025:15:46:54 -0300] "POST /cormun/servlet/solicitudotadjuntos?88ab1b5a3631d727a542073fd4be8b6d,INS,2025,23159,,1,,gx-no-cache=1765910837581 HTTP/1.1" 200 4158
190.95.15.31 - - [16/Dec/2025:15:46:58 -0300] "POST /cormun/servlet/solicitudotadjuntos?gx-no-cache=1765910842258 HTTP/1.1" 200 26
190.95.15.15 - - [16/Dec/2025:15:48:15 -0300] "GET /cormun/servlet/permisogoce?INS,0,,, HTTP/1.1" 200 6853
190.95.15.15 - - [16/Dec/2025:15:48:23 -0300] "GET /cormun/servlet/permisogoce?fd5b4875eaa2ee3fa291962dd4ecd0d024f689623b1c08662853d5a6fcb011c57bbc0302400f5a24ce981cf13fec126a92defd2a66a7b78d7cd044a793631431,gx-no-cache=1765910927421 HTTP/1.1" 200 67
190.95.1.185 - - [16/Dec/2025:15:48:27 -0300] "GET /cormun/servlet/trlicencias? HTTP/1.1" 200 11194
190.95.15.15 - - [16/Dec/2025:15:48:28 -0300] "GET /cormun/servlet/permisogoce?fd5b4875eaa2ee3fa291962dd4ecd0d00419a6cd9cbed3ad3f4f360fab9134022024edfce221f77f3626153a9299b8623da08efa465ec7f8f8409ac7f8b15629,gx-no-cache=1765910932288 HTTP/1.1" 200 48
190.95.15.15 - - [16/Dec/2025:15:48:30 -0300] "POST /cormun/servlet/permisogoce?152d0815b31d23e651f4d09ac04772e5,INS,0,,,,gx-no-cache=1765910933689 HTTP/1.1" 200 93
190.95.15.15 - - [16/Dec/2025:15:48:30 -0300] "GET /cormun/servlet/hpexe_return? HTTP/1.1" 200 1004
190.95.15.15 - - [16/Dec/2025:15:48:30 -0300] "GET /cormun/servlet/trpermisosgoce HTTP/1.1" 200 18601
190.95.1.185 - - [16/Dec/2025:15:48:30 -0300] "GET /cormun/servlet/trpermisosgoce? HTTP/1.1" 200 18954
190.95.15.15 - - [16/Dec/2025:15:48:37 -0300] "GET /cormun/servlet/apermisogoceprn?15494911,P,20251216154932,PU HTTP/1.1" 200 1653
201.186.226.3 - - [16/Dec/2025:15:48:39 -0300] "GET /cormun/servlet/trpermisosadjuntos?16493213,20251216154647,P, HTTP/1.1" 200 6257
201.186.226.3 - - [16/Dec/2025:15:48:41 -0300] "GET /cormun/servlet/permisosadjuntos?INS,16493213,P,20251216154647,, HTTP/1.1" 200 5576
201.186.226.3 - - [16/Dec/2025:15:48:42 -0300] "GET /cormun/static/about:blank HTTP/1.1" 404 1011
190.95.15.31 - - [16/Dec/2025:15:48:47 -0300] "GET /cormun/servlet/solicitudotadjuntos?bfee4e983d5369a3b22b62bf23b0384dbad4574a62e7ea350e0b5cf612b04434,gx-no-cache=1765910950345 HTTP/1.1" 200 30
190.95.15.31 - - [16/Dec/2025:15:48:47 -0300] "GET /cormun/servlet/solicitudotadjuntos?bfee4e983d5369a3b22b62bf23b0384dbad4574a62e7ea350e0b5cf612b04434,gx-no-cache=1765910950369 HTTP/1.1" 200 30
190.95.15.31 - - [16/Dec/2025:15:48:47 -0300] "POST /cormun/servlet/solicitudotadjuntos?88ab1b5a3631d727a542073fd4be8b6d,INS,2025,23159,,1, HTTP/1.1" 200 116
190.95.15.31 - - [16/Dec/2025:15:48:47 -0300] "GET /cormun/servlet/hpexe_return? HTTP/1.1" 200 1026
190.95.15.31 - - [16/Dec/2025:15:48:47 -0300] "GET /cormun/servlet/trsolicitudadjuntos?2025,23159, HTTP/1.1" 200 10416
190.95.15.31 - - [16/Dec/2025:15:48:50 -0300] "GET /cormun/servlet/solicitudotadjuntos?INS,2025,23159,,1, HTTP/1.1" 200 6412
190.95.15.31 - - [16/Dec/2025:15:48:50 -0300] "GET /cormun/static/about:blank HTTP/1.1" 404 1011
190.95.15.31 - - [16/Dec/2025:15:48:51 -0300] "GET /cormun/servlet/solicitudotadjuntos?bfee4e983d5369a3b22b62bf23b0384db12dc6212f88f48af382f2df650fbd441700c7da1170ab4a33597eb2c5759b0e,gx-no-cache=1765910954574 HTTP/1.1" 200 30
190.95.15.31 - - [16/Dec/2025:15:48:51 -0300] "POST /cormun/servlet/solicitudotadjuntos?88ab1b5a3631d727a542073fd4be8b6d,INS,2025,23159,,1,,gx-no-cache=1765910954590 HTTP/1.1" 200 4157
190.95.15.31 - - [16/Dec/2025:15:48:56 -0300] "POST /cormun/servlet/solicitudotadjuntos?gx-no-cache=1765910959386 HTTP/1.1" 200 26
190.95.15.31 - - [16/Dec/2025:15:50:56 -0300] "GET /cormun/servlet/solicitudotadjuntos?bfee4e983d5369a3b22b62bf23b0384dbad4574a62e7ea350e0b5cf612b04434,gx-no-cache=1765911079465 HTTP/1.1" 200 30
190.95.15.31 - - [16/Dec/2025:15:50:56 -0300] "GET /cormun/servlet/solicitudotadjuntos?bfee4e983d5369a3b22b62bf23b0384dbad4574a62e7ea350e0b5cf612b04434,gx-no-cache=1765911079488 HTTP/1.1" 200 30
190.95.15.31 - - [16/Dec/2025:15:50:56 -0300] "POST /cormun/servlet/solicitudotadjuntos?88ab1b5a3631d727a542073fd4be8b6d,INS,2025,23159,,1, HTTP/1.1" 200 116
190.95.15.31 - - [16/Dec/2025:15:50:56 -0300] "GET /cormun/servlet/hpexe_return? HTTP/1.1" 200 1026
190.95.15.31 - - [16/Dec/2025:15:50:56 -0300] "GET /cormun/servlet/trsolicitudadjuntos?2025,23159, HTTP/1.1" 200 10663
201.186.226.3 - - [16/Dec/2025:15:51:56 -0300] "GET /cormun/servlet/hlogin HTTP/1.1" 200 1722
201.186.226.3 - - [16/Dec/2025:15:52:08 -0300] "POST /cormun/servlet/hlogin?1d7bfc1a08790b27fc562f0ad57caad9,gx-no-cache=1765911153329 HTTP/1.1" 200 90
201.186.226.3 - - [16/Dec/2025:15:52:08 -0300] "GET /cormun/servlet/hpexe_link HTTP/1.1" 200 987
201.186.226.3 - - [16/Dec/2025:15:52:08 -0300] "GET /cormun/servlet/permisosadjuntos?INS,16493213,P,20251216154647,, HTTP/1.1" 200 5568
201.186.226.3 - - [16/Dec/2025:15:52:09 -0300] "GET /cormun/static/about:blank HTTP/1.1" 404 1011
179.57.78.9 - - [16/Dec/2025:15:52:19 -0300] "GET /cormun/servlet/hlogin HTTP/1.1" 200 1716
179.57.78.9 - - [16/Dec/2025:15:52:19 -0300] "GET /cormun/servlet/hlogin HTTP/1.1" 200 1727
179.57.78.9 - - [16/Dec/2025:15:52:21 -0300] "POST /cormun/servlet/hlogin?931e4fc05f26efd3c58dd9dfa0fbc3c6,gx-no-cache=1765911168901 HTTP/1.1" 200 90
179.57.78.9 - - [16/Dec/2025:15:52:21 -0300] "GET /cormun/servlet/hpexe_link HTTP/1.1" 200 947
179.57.78.9 - - [16/Dec/2025:15:52:21 -0300] "GET /cormun/servlet/hhome HTTP/1.1" 200 4341
201.186.226.3 - - [16/Dec/2025:15:52:40 -0300] "POST /cormun/servlet/permisosadjuntos?1d7bfc1a08790b27fc562f0ad57caad9,INS,16493213,P,20251216154647,, HTTP/1.1" 200 116
201.186.226.3 - - [16/Dec/2025:15:52:40 -0300] "GET /cormun/servlet/hpexe_return? HTTP/1.1" 200 1038
201.186.226.3 - - [16/Dec/2025:15:52:41 -0300] "GET /cormun/servlet/trpermisosadjuntos?16493213,20251216154647,P, HTTP/1.1" 200 6735
201.186.226.3 - - [16/Dec/2025:15:52:45 -0300] "POST /cormun/servlet/trpermisosadjuntos?1d7bfc1a08790b27fc562f0ad57caad9,16493213,20251216154647,P,,gx-no-cache=1765911190037 HTTP/1.1" 200 90
201.186.226.3 - - [16/Dec/2025:15:52:45 -0300] "GET /cormun/servlet/hpexe_link HTTP/1.1" 200 984
201.186.226.3 - - [16/Dec/2025:15:52:45 -0300] "GET /cormun/servlet/trpermisosgoce HTTP/1.1" 200 16653
201.186.226.3 - - [16/Dec/2025:15:53:02 -0300] "POST /cormun/servlet/trpermisosgoce?1d7bfc1a08790b27fc562f0ad57caad9,gx-no-cache=1765911207145 HTTP/1.1" 200 13990
201.186.226.3 - - [16/Dec/2025:15:53:02 -0300] "GET /cormun/static/Shared/jqueryui/images/ui-bg_highlight-soft_100_c6c2c8_1x100.png HTTP/1.1" 404 1117
201.186.226.3 - - [16/Dec/2025:15:53:02 -0300] "GET /cormun/static/Shared/jqueryui/images/ui-icons_82798d_256x240.png HTTP/1.1" 404 1089
201.186.226.3 - - [16/Dec/2025:15:53:02 -0300] "GET /cormun/static/Shared/jqueryui/images/ui-bg_flat_55_fafafa_40x100.png HTTP/1.1" 404 1097
201.186.226.3 - - [16/Dec/2025:15:53:02 -0300] "GET /cormun/static/Shared/jqueryui/images/ui-icons_8d78a5_256x240.png HTTP/1.1" 404 1089
190.95.67.99 - - [16/Dec/2025:15:53:05 -0300] "GET /cormun/servlet/trpermisosgoce? HTTP/1.1" 200 16327
190.95.67.99 - - [16/Dec/2025:15:53:11 -0300] "GET /cormun/servlet/permisogoce?INS,0,,, HTTP/1.1" 200 7212
190.95.67.99 - - [16/Dec/2025:15:53:25 -0300] "GET /cormun/servlet/permisogoce?268f2d5936a89131f22c87cb2ba10bb16d93442b183cb35852262ee172e7ee77a871415f16f6fdf0b7d92648dd540e11d8b432f660e668b511f6b006ecb12eb3,gx-no-cache=1765911230364 HTTP/1.1" 200 73
201.186.226.3 - - [16/Dec/2025:15:53:30 -0300] "GET /cormun/servlet/hlogin HTTP/1.1" 200 1739
190.95.67.99 - - [16/Dec/2025:15:53:36 -0300] "POST /cormun/servlet/permisogoce?d58764a76b4c9a7a12e368e64e8a42f3,INS,0,,,,gx-no-cache=1765911241472 HTTP/1.1" 200 93
190.95.67.99 - - [16/Dec/2025:15:53:36 -0300] "GET /cormun/servlet/hpexe_return? HTTP/1.1" 200 1009
190.95.67.99 - - [16/Dec/2025:15:53:36 -0300] "GET /cormun/servlet/trpermisosgoce HTTP/1.1" 200 16332
190.95.67.99 - - [16/Dec/2025:15:53:39 -0300] "GET /cormun/servlet/trpermisosingoce? HTTP/1.1" 200 8110
179.57.78.9 - - [16/Dec/2025:15:53:39 -0300] "GET /cormun/servlet/trpermisosgoce? HTTP/1.1" 200 14497
190.95.67.99 - - [16/Dec/2025:15:53:41 -0300] "GET /cormun/servlet/permisosingoce?INS,0, HTTP/1.1" 200 7157
190.95.67.99 - - [16/Dec/2025:15:53:41 -0300] "GET /cormun/static/gxcfg.js?20201215145691 HTTP/1.1" 200 953
190.95.67.99 - - [16/Dec/2025:15:53:41 -0300] "GET /cormun/static/permisosingoce.js?2020121515014 HTTP/1.1" 200 25779
201.186.226.3 - - [16/Dec/2025:15:53:41 -0300] "POST /cormun/servlet/hlogin?1d7bfc1a08790b27fc562f0ad57caad9,gx-no-cache=1765911246656 HTTP/1.1" 200 90
201.186.226.3 - - [16/Dec/2025:15:53:41 -0300] "GET /cormun/servlet/hpexe_link HTTP/1.1" 200 951
201.186.226.3 - - [16/Dec/2025:15:53:42 -0300] "GET /cormun/servlet/hhome HTTP/1.1" 200 4319
179.57.78.9 - - [16/Dec/2025:15:53:48 -0300] "GET /cormun/servlet/permisogoce?INS,0,,, HTTP/1.1" 200 7237
74.244.107.161 - - [16/Dec/2025:15:53:52 -0300] "GET /cormun/servlet/hlogin HTTP/1.1" 200 1720
74.244.107.161 - - [16/Dec/2025:15:53:52 -0300] "GET /cormun/servlet/hlogin HTTP/1.1" 200 1731
74.244.107.161 - - [16/Dec/2025:15:53:54 -0300] "POST /cormun/servlet/hlogin?97b5a4a385a281a0b1cbd995697b8ad3,gx-no-cache=1765911149691 HTTP/1.1" 200 90
74.244.107.161 - - [16/Dec/2025:15:53:54 -0300] "GET /cormun/servlet/hpexe_link HTTP/1.1" 200 950
74.244.107.161 - - [16/Dec/2025:15:53:54 -0300] "GET /cormun/servlet/hhome HTTP/1.1" 200 4333
190.95.15.31 - - [16/Dec/2025:15:53:55 -0300] "GET /cormun/servlet/solicitudotadjuntos?INS,2025,23159,,1, HTTP/1.1" 200 6411
190.95.15.31 - - [16/Dec/2025:15:53:55 -0300] "GET /cormun/static/about:blank HTTP/1.1" 404 1011
179.57.78.9 - - [16/Dec/2025:15:53:56 -0300] "GET /cormun/servlet/permisogoce?378eb068c170971d8867fec15071021c31479b2f3cd872e9485190bdec376253a01c31c73d9888898fae44012d1e7440b71e64faf5224dcd1859c3ca44da13ed,gx-no-cache=1765911263125 HTTP/1.1" 200 76
179.57.78.9 - - [16/Dec/2025:15:53:56 -0300] "GET /cormun/static/menuarrow.gif HTTP/1.1" 404 1015
190.95.67.99 - - [16/Dec/2025:15:53:56 -0300] "GET /cormun/servlet/permisosingoce?eb5f7800fe3199e265405773e617140fd1221c98ea061a117b0ec9e271232c111afc7d6cc2bcd25cb911e131bb77d7b38badc872eee80b8d1f9baa1fa064ec28,gx-no-cache=1765911261333 HTTP/1.1" 200 71
190.95.15.31 - - [16/Dec/2025:15:53:56 -0300] "GET /cormun/servlet/solicitudotadjuntos?bfee4e983d5369a3b22b62bf23b0384db12dc6212f88f48af382f2df650fbd441700c7da1170ab4a33597eb2c5759b0e,gx-no-cache=1765911259546 HTTP/1.1" 200 30
190.95.15.31 - - [16/Dec/2025:15:53:56 -0300] "POST /cormun/servlet/solicitudotadjuntos?88ab1b5a3631d727a542073fd4be8b6d,INS,2025,23159,,1,,gx-no-cache=1765911259560 HTTP/1.1" 200 4156
190.95.15.31 - - [16/Dec/2025:15:53:59 -0300] "POST /cormun/servlet/solicitudotadjuntos?gx-no-cache=1765911262723 HTTP/1.1" 200 26
179.57.78.9 - - [16/Dec/2025:15:53:59 -0300] "GET /cormun/servlet/permisogoce?378eb068c170971d8867fec15071021cf4dd49af43262e28246623e8d5ed60433262bd2a1b9ca3805cda64ccd9cbbb892eaa39e680db9a59a5d1ccdb2de61ae3,gx-no-cache=1765911266834 HTTP/1.1" 200 48
179.57.78.9 - - [16/Dec/2025:15:54:02 -0300] "POST /cormun/servlet/permisogoce?931e4fc05f26efd3c58dd9dfa0fbc3c6,INS,0,,,,gx-no-cache=1765911268717 HTTP/1.1" 200 93
179.57.78.9 - - [16/Dec/2025:15:54:02 -0300] "GET /cormun/servlet/hpexe_return? HTTP/1.1" 200 1005
179.57.78.9 - - [16/Dec/2025:15:54:02 -0300] "GET /cormun/servlet/trpermisosgoce HTTP/1.1" 200 14746
190.95.67.99 - - [16/Dec/2025:15:54:06 -0300] "GET /cormun/servlet/permisosingoce?eb5f7800fe3199e265405773e617140f7be8b80abbd24e2511bc648dd21906d4c2ed2250b9b238c692a88251d774c40c,gx-no-cache=1765911271710 HTTP/1.1" 200 33
190.95.15.31 - - [16/Dec/2025:15:54:06 -0300] "GET /cormun/servlet/solicitudotadjuntos?bfee4e983d5369a3b22b62bf23b0384dbad4574a62e7ea350e0b5cf612b04434,gx-no-cache=1765911269849 HTTP/1.1" 200 30
190.95.15.31 - - [16/Dec/2025:15:54:06 -0300] "GET /cormun/servlet/solicitudotadjuntos?bfee4e983d5369a3b22b62bf23b0384dbad4574a62e7ea350e0b5cf612b04434,gx-no-cache=1765911269912 HTTP/1.1" 200 30
190.95.15.31 - - [16/Dec/2025:15:54:06 -0300] "POST /cormun/servlet/solicitudotadjuntos?88ab1b5a3631d727a542073fd4be8b6d,INS,2025,23159,,1, HTTP/1.1" 200 116
190.95.15.31 - - [16/Dec/2025:15:54:07 -0300] "GET /cormun/servlet/hpexe_return? HTTP/1.1" 200 1026
190.95.15.31 - - [16/Dec/2025:15:54:07 -0300] "GET /cormun/servlet/trsolicitudadjuntos?2025,23159, HTTP/1.1" 200 10849
190.95.67.99 - - [16/Dec/2025:15:54:08 -0300] "GET /cormun/servlet/permisosingoce?eb5f7800fe3199e265405773e617140fd46009e101ef73067620dc10019d8340a6fc9f733bdcb5c8d2bf2c28648213e999908cebad606338ce2c6db6b19bfacd44cfb39edf61e3a622f172a5f390b431f8ab186bf85bcd97f4b9431ba8a97aaf216fc1568d73efd396beed40bf6128989858b58744d07c271ac5996151a15bdc2077ff9424f318b76041d0033b3c9d59,gx-no-cache=1765911273681 HTTP/1.1" 200 41
179.57.78.9 - - [16/Dec/2025:15:54:08 -0300] "GET /cormun/servlet/permisogoce?INS,0,,, HTTP/1.1" 200 7237
190.95.15.31 - - [16/Dec/2025:15:54:11 -0300] "GET /cormun/servlet/trsolicitudot? HTTP/1.1" 200 8995
179.57.78.9 - - [16/Dec/2025:15:54:15 -0300] "GET /cormun/servlet/permisogoce?378eb068c170971d8867fec15071021c76d334ae77224983431d4be0734f5bb1a01c31c73d9888898fae44012d1e7440b71e64faf5224dcd1859c3ca44da13ed,gx-no-cache=1765911282348 HTTP/1.1" 200 82
179.57.78.9 - - [16/Dec/2025:15:54:19 -0300] "GET /cormun/servlet/permisogoce?378eb068c170971d8867fec15071021c8645d5ecbe7acecbd6bcdc07f164def224117948f999e6dbbb50b94d5bc1fb782eaa39e680db9a59a5d1ccdb2de61ae3,gx-no-cache=1765911286626 HTTP/1.1" 200 47
190.95.67.99 - - [16/Dec/2025:15:54:21 -0300] "POST /cormun/servlet/permisosingoce?d58764a76b4c9a7a12e368e64e8a42f3,INS,0,,gx-no-cache=1765911286547 HTTP/1.1" 200 93
190.95.67.99 - - [16/Dec/2025:15:54:21 -0300] "GET /cormun/servlet/hpexe_return? HTTP/1.1" 200 1007
179.57.78.9 - - [16/Dec/2025:15:54:21 -0300] "POST /cormun/servlet/permisogoce?931e4fc05f26efd3c58dd9dfa0fbc3c6,INS,0,,,,gx-no-cache=1765911288380 HTTP/1.1" 200 93
190.95.67.99 - - [16/Dec/2025:15:54:21 -0300] "GET /cormun/servlet/trpermisosingoce HTTP/1.1" 200 8385
179.57.78.9 - - [16/Dec/2025:15:54:21 -0300] "GET /cormun/servlet/hpexe_return? HTTP/1.1" 200 1005
179.57.78.9 - - [16/Dec/2025:15:54:21 -0300] "GET /cormun/servlet/trpermisosgoce HTTP/1.1" 200 14955
201.186.226.3 - - [16/Dec/2025:15:54:23 -0300] "GET /cormun/servlet/trautorizarpermisogoce? HTTP/1.1" 200 8014
179.57.78.9 - - [16/Dec/2025:15:54:27 -0300] "GET /cormun/servlet/permisogoce?INS,0,,, HTTP/1.1" 200 7237
190.95.67.99 - - [16/Dec/2025:15:54:28 -0300] "GET /cormun/servlet/apermisosingoceprn?695,PU HTTP/1.1" 200 1641
190.95.15.31 - - [16/Dec/2025:15:54:29 -0300] "POST /cormun/servlet/trsolicitudot?88ab1b5a3631d727a542073fd4be8b6d,,gx-no-cache=1765911292989 HTTP/1.1" 200 113
190.95.15.31 - - [16/Dec/2025:15:54:29 -0300] "GET /cormun/servlet/solicitudot?UPD,2025,23159,false, HTTP/1.1" 200 17033
190.95.15.31 - - [16/Dec/2025:15:54:30 -0300] "POST /cormun/servlet/solicitudot?gx-no-cache=1765911293875 HTTP/1.1" 200 4126
190.95.15.31 - - [16/Dec/2025:15:54:30 -0300] "POST /cormun/servlet/solicitudot?88ab1b5a3631d727a542073fd4be8b6d,UPD,2025,23159,false,,gx-no-cache=1765911293988 HTTP/1.1" 200 13036
190.95.15.31 - - [16/Dec/2025:15:54:30 -0300] "GET /cormun/servlet/solicitudot?bfee4e983d5369a3b22b62bf23b0384da21c8d32545bb1387c1044db1f622e877fb2cfa79c12c69e62e5a57950f109b4,gx-no-cache=1765911294094 HTTP/1.1" 200 30
190.95.15.31 - - [16/Dec/2025:15:54:30 -0300] "GET /cormun/servlet/solicitudot?bfee4e983d5369a3b22b62bf23b0384d792c7fb0710240e9b817678ec066aa57a7744ef88610a5033d0d51096d623ba4,gx-no-cache=1765911294127 HTTP/1.1" 200 30
190.95.15.31 - - [16/Dec/2025:15:54:30 -0300] "GET /cormun/servlet/solicitudot?bfee4e983d5369a3b22b62bf23b0384d980c31f8f0a7b9cc8dd04cd1cc20b9927508a9b31f07c962793e076f1e49f4025ed1b37dac7192989c84fc6e40f7d746,gx-no-cache=1765911294143 HTTP/1.1" 200 53
190.95.15.31 - - [16/Dec/2025:15:54:30 -0300] "POST /cormun/servlet/solicitudot?gx-no-cache=1765911294159 HTTP/1.1" 200 238
190.95.15.31 - - [16/Dec/2025:15:54:30 -0300] "GET /cormun/servlet/solicitudot?bfee4e983d5369a3b22b62bf23b0384d325abd5f1481f202144976e330a513381c96e0072af0f7e66a4c6815ec56ad3bc7b0482439a4d29e8359c017943f365f69880f5e054fa423e26ad7ede2d97fc912ba8cdb439cfd3a820dd7c970bc91bd1f2fe308f4bde246a3d614fcaae4db8fbb97032dcde909a02a51c8f1012a82aa8540ff9b2d08e768beb9281eca9f3d4427532e44dc980012dede8b1d7f64e66522b3a6402abf7e4394dfaef71fc6ac86c9477bce5f15c1e48bdbbe124ad781efd9e2fc3646d7c53f60e261056f41ba7358ef15512270dbcea9d6abbb836f8bc3213a0bb578e5da5abdc88d474fec42820fc891271a419111c3a4783524840b523e471717fa109da4c38fbedfa54a659820e4b0cbd1fafebb0583b5e2eaab69034f6130ffa1bf56fda9b1754cf1d82b46012c780de3d6afb7cf159a1f558b1d2b5edd5f4051149676f1505059c1d444b7aac5c57fe3e7db8d33a59dd39fd076820d1ef526bfbe8c7313c72744f3c5fce6010e3c4cc83202eb3ec0da50db05e4dc,gx-no-cache=1765911294181 HTTP/1.1" 200 30
190.95.15.31 - - [16/Dec/2025:15:54:30 -0300] "POST /cormun/servlet/solicitudot?gx-no-cache=1765911294197 HTTP/1.1" 200 30
190.95.15.31 - - [16/Dec/2025:15:54:30 -0300] "POST /cormun/servlet/solicitudot?gx-no-cache=1765911294220 HTTP/1.1" 200 1483
190.95.15.31 - - [16/Dec/2025:15:54:31 -0300] "POST /cormun/servlet/solicitudot?gx-no-cache=1765911294286 HTTP/1.1" 200 41
201.186.226.3 - - [16/Dec/2025:15:54:32 -0300] "POST /cormun/servlet/trautorizarpermisogoce?1d7bfc1a08790b27fc562f0ad57caad9,,gx-no-cache=1765911297180 HTTP/1.1" 200 4521
179.57.78.9 - - [16/Dec/2025:15:54:33 -0300] "GET /cormun/servlet/permisogoce?378eb068c170971d8867fec15071021cc5fd21779809e3516b983f9a6c0795e1482fdb4ceb47d597f177fc2637e2c75ef17ad07db0710e7a01f914c28a27a135,gx-no-cache=1765911300164 HTTP/1.1" 200 76
74.244.107.161 - - [16/Dec/2025:15:54:34 -0300] "GET /cormun/servlet/trlicencias? HTTP/1.1" 200 10537
74.244.107.161 - - [16/Dec/2025:15:54:34 -0300] "GET /cormun/static/gxcfg.js?202211298463625 HTTP/1.1" 200 953
74.244.107.161 - - [16/Dec/2025:15:54:34 -0300] "GET /cormun/static/trlicencias.js?202211298463889 HTTP/1.1" 200 41883
74.244.107.161 - - [16/Dec/2025:15:54:36 -0300] "GET /cormun/static/menuarrow.gif HTTP/1.1" 404 1015
190.95.15.31 - - [16/Dec/2025:15:54:37 -0300] "GET /cormun/servlet/solicitudot?bfee4e983d5369a3b22b62bf23b0384d75ee2882c57542120e92b8554d5433018f5f2e9630987f4f9c310a7bbcdc72b7fa0de89bf2841b9fb3e12991ed1172a74d3da8271ddd0d96f393c80d913669f9d9e8d80888e0b2ccfde587088f82cc97bb3329dd7b43331e4fb40c0046071ab0,gx-no-cache=1765911300512 HTTP/1.1" 200 110
179.57.78.9 - - [16/Dec/2025:15:54:37 -0300] "GET /cormun/servlet/permisogoce?378eb068c170971d8867fec15071021ca92323decb899c6072a2a5a01058eeecf770856a41d25d32e567c0d285cd475e5d844fbf82f4f2a8b9dcc2e29e8f6772,gx-no-cache=1765911304474 HTTP/1.1" 200 48
179.57.78.9 - - [16/Dec/2025:15:54:39 -0300] "POST /cormun/servlet/permisogoce?931e4fc05f26efd3c58dd9dfa0fbc3c6,INS,0,,,,gx-no-cache=1765911306308 HTTP/1.1" 200 93
179.57.78.9 - - [16/Dec/2025:15:54:39 -0300] "GET /cormun/servlet/hpexe_return? HTTP/1.1" 200 1005
179.57.78.9 - - [16/Dec/2025:15:54:39 -0300] "GET /cormun/servlet/trpermisosgoce HTTP/1.1" 200 15125
190.95.15.31 - - [16/Dec/2025:15:54:42 -0300] "POST /cormun/servlet/solicitudot?gx-no-cache=1765911305893 HTTP/1.1" 200 79
201.186.226.3 - - [16/Dec/2025:15:54:44 -0300] "GET /cormun/static/Shared/jqueryui/images/ui-bg_highlight-soft_100_eae6ea_1x100.png HTTP/1.1" 404 1117
179.57.78.9 - - [16/Dec/2025:15:54:45 -0300] "GET /cormun/servlet/permisogoce?INS,0,,, HTTP/1.1" 200 7238
201.186.226.3 - - [16/Dec/2025:15:54:45 -0300] "GET /cormun/servlet/hlogin HTTP/1.1" 200 1745
190.95.15.31 - - [16/Dec/2025:15:54:48 -0300] "GET /cormun/servlet/solicitudot?bfee4e983d5369a3b22b62bf23b0384d074f3e877961ea4e7bcbdaa41b0027330c533d66f3baa302dcc1053d3c3efdd2ec0efc84136f8f3f75ad36967436613ec32bb0a4396c083dbc5bf5bb65b3b58acd508d0a1c97b490876cc19e3b0d287c8f2b12bda6a675693ce9331513d7be06,gx-no-cache=1765911311571 HTTP/1.1" 200 29
190.95.15.31 - - [16/Dec/2025:15:54:48 -0300] "GET /cormun/servlet/solicitudot?bfee4e983d5369a3b22b62bf23b0384d3429b06bb18e9a7c8185217d6e05e1abe4305856bd1d7f2bdb1233f40b8d73b4,gx-no-cache=1765911311587 HTTP/1.1" 200 30
190.95.15.31 - - [16/Dec/2025:15:54:48 -0300] "POST /cormun/servlet/solicitudot?gx-no-cache=1765911311605 HTTP/1.1" 200 34
190.95.15.31 - - [16/Dec/2025:15:54:48 -0300] "POST /cormun/servlet/solicitudot?88ab1b5a3631d727a542073fd4be8b6d,UPD,2025,23159,false,,gx-no-cache=1765911311627 HTTP/1.1" 200 93
190.95.15.31 - - [16/Dec/2025:15:54:48 -0300] "GET /cormun/servlet/hpexe_return? HTTP/1.1" 200 1014
190.95.15.31 - - [16/Dec/2025:15:54:48 -0300] "GET /cormun/servlet/trsolicitudot HTTP/1.1" 200 8987
179.57.78.9 - - [16/Dec/2025:15:54:52 -0300] "GET /cormun/servlet/permisogoce?378eb068c170971d8867fec15071021c6598e1338dc4aaa9b0a5937a275c6e5ea01c31c73d9888898fae44012d1e7440b71e64faf5224dcd1859c3ca44da13ed,gx-no-cache=1765911319163 HTTP/1.1" 200 78
201.186.226.3 - - [16/Dec/2025:15:54:56 -0300] "POST /cormun/servlet/hlogin?1d7bfc1a08790b27fc562f0ad57caad9,gx-no-cache=1765911320881 HTTP/1.1" 200 90
201.186.226.3 - - [16/Dec/2025:15:54:56 -0300] "GET /cormun/servlet/hpexe_link HTTP/1.1" 200 951
201.186.226.3 - - [16/Dec/2025:15:54:56 -0300] "GET /cormun/servlet/hhome HTTP/1.1" 200 3935
201.186.226.3 - - [16/Dec/2025:15:54:59 -0300] "GET /cormun/servlet/trpermisosgoce? HTTP/1.1" 200 16651
74.244.107.161 - - [16/Dec/2025:15:54:59 -0300] "POST /cormun/servlet/trlicencias?97b5a4a385a281a0b1cbd995697b8ad3,,gx-no-cache=1765911214613 HTTP/1.1" 200 7913
179.57.78.9 - - [16/Dec/2025:15:54:59 -0300] "GET /cormun/servlet/permisogoce?378eb068c170971d8867fec15071021cabcf8b689bcdd122dd6fc620f7e17b2b64318448a5e5f8f98aa96f922261b90fe3cb82cdb677a5fc35d4ca0961fd26af,gx-no-cache=1765911327059 HTTP/1.1" 200 48
179.57.78.9 - - [16/Dec/2025:15:55:01 -0300] "POST /cormun/servlet/permisogoce?931e4fc05f26efd3c58dd9dfa0fbc3c6,INS,0,,,,gx-no-cache=1765911328661 HTTP/1.1" 200 93
179.57.78.9 - - [16/Dec/2025:15:55:01 -0300] "GET /cormun/servlet/hpexe_return? HTTP/1.1" 200 1005
179.57.78.9 - - [16/Dec/2025:15:55:02 -0300] "GET /cormun/servlet/trpermisosgoce HTTP/1.1" 200 15312
190.95.15.15 - - [16/Dec/2025:15:55:05 -0300] "GET /cormun/servlet/permisogoce?INS,0,,, HTTP/1.1" 200 6853
179.57.78.9 - - [16/Dec/2025:15:55:07 -0300] "GET /cormun/servlet/permisogoce?INS,0,,, HTTP/1.1" 200 7238
179.57.78.9 - - [16/Dec/2025:15:55:16 -0300] "GET /cormun/servlet/permisogoce?378eb068c170971d8867fec15071021c9b1598bbe59bc7bb7b95834c49c873aea01c31c73d9888898fae44012d1e7440b71e64faf5224dcd1859c3ca44da13ed,gx-no-cache=1765911343051 HTTP/1.1" 200 82
179.57.78.9 - - [16/Dec/2025:15:55:20 -0300] "GET /cormun/servlet/permisogoce?378eb068c170971d8867fec15071021c01596366d4769a94f42850757c1be94eed4a2c4f8fe60dc2d72b6f4cd23afb172eaa39e680db9a59a5d1ccdb2de61ae3,gx-no-cache=1765911347315 HTTP/1.1" 200 48
179.57.78.9 - - [16/Dec/2025:15:55:22 -0300] "POST /cormun/servlet/permisogoce?931e4fc05f26efd3c58dd9dfa0fbc3c6,INS,0,,,,gx-no-cache=1765911348996 HTTP/1.1" 200 93
179.57.78.9 - - [16/Dec/2025:15:55:22 -0300] "GET /cormun/servlet/hpexe_return? HTTP/1.1" 200 1005
179.57.78.9 - - [16/Dec/2025:15:55:22 -0300] "GET /cormun/servlet/trpermisosgoce HTTP/1.1" 200 15543
74.244.107.161 - - [16/Dec/2025:15:55:23 -0300] "POST /cormun/servlet/trlicencias?97b5a4a385a281a0b1cbd995697b8ad3,,gx-no-cache=1765911238068 HTTP/1.1" 200 10938
190.95.15.15 - - [16/Dec/2025:15:55:28 -0300] "GET /cormun/servlet/permisogoce?fd5b4875eaa2ee3fa291962dd4ecd0d0211afb8b7862239274b4226dcd7909087bbc0302400f5a24ce981cf13fec126a92defd2a66a7b78d7cd044a793631431,gx-no-cache=1765911351979 HTTP/1.1" 200 78
179.57.78.9 - - [16/Dec/2025:15:55:28 -0300] "GET /cormun/servlet/permisogoce?INS,0,,, HTTP/1.1" 200 7237
190.95.15.15 - - [16/Dec/2025:15:55:32 -0300] "GET /cormun/servlet/permisogoce?fd5b4875eaa2ee3fa291962dd4ecd0d05348ac7889e4d965cf28b419b7722f33e38291d8aea6f3f048a6a306255f03eb3da08efa465ec7f8f8409ac7f8b15629,gx-no-cache=1765911356693 HTTP/1.1" 200 47
179.57.78.9 - - [16/Dec/2025:15:55:34 -0300] "GET /cormun/servlet/permisogoce?378eb068c170971d8867fec15071021c1d2939536fe01696c867a13c1bdb7e09a01c31c73d9888898fae44012d1e7440b71e64faf5224dcd1859c3ca44da13ed,gx-no-cache=1765911361740 HTTP/1.1" 200 84
190.95.15.15 - - [16/Dec/2025:15:55:35 -0300] "POST /cormun/servlet/permisogoce?152d0815b31d23e651f4d09ac04772e5,INS,0,,,,gx-no-cache=1765911358786 HTTP/1.1" 200 93
190.95.15.15 - - [16/Dec/2025:15:55:35 -0300] "GET /cormun/servlet/hpexe_return? HTTP/1.1" 200 1004
190.95.15.15 - - [16/Dec/2025:15:55:35 -0300] "GET /cormun/servlet/trpermisosgoce HTTP/1.1" 200 18616
179.57.78.9 - - [16/Dec/2025:15:55:39 -0300] "GET /cormun/servlet/permisogoce?378eb068c170971d8867fec15071021c6e213d06e2728c623121e6e8b650630ae5e9ff71c5fc3730a220f0d67a231da02eaa39e680db9a59a5d1ccdb2de61ae3,gx-no-cache=1765911366915 HTTP/1.1" 200 48
179.57.78.9 - - [16/Dec/2025:15:55:41 -0300] "POST /cormun/servlet/permisogoce?931e4fc05f26efd3c58dd9dfa0fbc3c6,INS,0,,,,gx-no-cache=1765911368381 HTTP/1.1" 200 93
179.57.78.9 - - [16/Dec/2025:15:55:41 -0300] "GET /cormun/servlet/hpexe_return? HTTP/1.1" 200 1005
179.57.78.9 - - [16/Dec/2025:15:55:41 -0300] "GET /cormun/servlet/trpermisosgoce HTTP/1.1" 200 15769
190.95.15.15 - - [16/Dec/2025:15:55:42 -0300] "GET /cormun/servlet/apermisogoceprn?17651482,P,20251216155622,PU HTTP/1.1" 200 1663
190.95.15.31 - - [16/Dec/2025:15:55:43 -0300] "POST /cormun/servlet/trsolicitudot?88ab1b5a3631d727a542073fd4be8b6d,gx-no-cache=1765911366261 HTTP/1.1" 200 4868
190.95.15.31 - - [16/Dec/2025:15:55:43 -0300] "GET /cormun/static/Shared/jqueryui/images/ui-icons_82798d_256x240.png HTTP/1.1" 404 1089
190.95.15.31 - - [16/Dec/2025:15:55:43 -0300] "GET /cormun/static/Shared/jqueryui/images/ui-bg_flat_55_fafafa_40x100.png HTTP/1.1" 404 1097
190.95.15.31 - - [16/Dec/2025:15:55:43 -0300] "GET /cormun/static/Shared/jqueryui/images/ui-icons_8d78a5_256x240.png HTTP/1.1" 404 1089
190.95.15.31 - - [16/Dec/2025:15:55:43 -0300] "GET /cormun/static/Shared/jqueryui/images/ui-bg_highlight-soft_100_c6c2c8_1x100.png HTTP/1.1" 404 1117
190.95.15.31 - - [16/Dec/2025:15:55:43 -0300] "POST /cormun/servlet/trsolicitudot?88ab1b5a3631d727a542073fd4be8b6d,gx-no-cache=1765911366496 HTTP/1.1" 200 4611
190.95.15.31 - - [16/Dec/2025:15:55:46 -0300] "GET /cormun/servlet/trautorizarsolicitud? HTTP/1.1" 200 8880
190.95.15.31 - - [16/Dec/2025:15:55:46 -0300] "GET /cormun/static/trautorizarsolicitud.js?202211298474588 HTTP/1.1" 304 -
190.95.15.31 - - [16/Dec/2025:15:55:46 -0300] "GET /cormun/static/gxcfg.js?202211298474254 HTTP/1.1" 304 -
179.57.78.9 - - [16/Dec/2025:15:55:46 -0300] "GET /cormun/servlet/permisogoce?INS,0,,, HTTP/1.1" 200 7238
179.57.78.9 - - [16/Dec/2025:15:55:55 -0300] "GET /cormun/servlet/permisogoce?378eb068c170971d8867fec15071021cb79070926f1bbe92161f7c9f453d56a8a01c31c73d9888898fae44012d1e7440b71e64faf5224dcd1859c3ca44da13ed,gx-no-cache=1765911382515 HTTP/1.1" 200 73
179.57.78.9 - - [16/Dec/2025:15:56:02 -0300] "GET /cormun/servlet/permisogoce?378eb068c170971d8867fec15071021c32e1c5bda68bd7351534685898eca13546f9e5083deddf7a51c162b7ea6037bc2eaa39e680db9a59a5d1ccdb2de61ae3,gx-no-cache=1765911389322 HTTP/1.1" 200 47
179.57.78.9 - - [16/Dec/2025:15:56:04 -0300] "POST /cormun/servlet/permisogoce?931e4fc05f26efd3c58dd9dfa0fbc3c6,INS,0,,,,gx-no-cache=1765911391013 HTTP/1.1" 200 93
179.57.78.9 - - [16/Dec/2025:15:56:04 -0300] "GET /cormun/servlet/hpexe_return? HTTP/1.1" 200 1005
179.57.78.9 - - [16/Dec/2025:15:56:04 -0300] "GET /cormun/servlet/trpermisosgoce HTTP/1.1" 200 15988
190.95.15.31 - - [16/Dec/2025:15:56:08 -0300] "POST /cormun/servlet/trautorizarsolicitud?88ab1b5a3631d727a542073fd4be8b6d,,gx-no-cache=1765911391836 HTTP/1.1" 200 4799
190.95.15.31 - - [16/Dec/2025:15:56:08 -0300] "POST /cormun/servlet/trautorizarsolicitud?88ab1b5a3631d727a542073fd4be8b6d,,gx-no-cache=1765911391983 HTTP/1.1" 200 4544
179.57.78.9 - - [16/Dec/2025:15:56:17 -0300] "GET /cormun/servlet/permisogoce?INS,0,,, HTTP/1.1" 200 7238
179.57.78.9 - - [16/Dec/2025:15:56:25 -0300] "GET /cormun/servlet/permisogoce?378eb068c170971d8867fec15071021cfd1cb55601cf9c8f4d5f5d629ff2750aa01c31c73d9888898fae44012d1e7440b71e64faf5224dcd1859c3ca44da13ed,gx-no-cache=1765911412084 HTTP/1.1" 200 80
179.57.78.9 - - [16/Dec/2025:15:56:29 -0300] "GET /cormun/servlet/permisogoce?378eb068c170971d8867fec15071021c99eb7075319ad27aed20e585a6416998fba5c6b47f29392bc176f38ca51766e92eaa39e680db9a59a5d1ccdb2de61ae3,gx-no-cache=1765911416570 HTTP/1.1" 200 48
179.57.78.9 - - [16/Dec/2025:15:56:31 -0300] "POST /cormun/servlet/permisogoce?931e4fc05f26efd3c58dd9dfa0fbc3c6,INS,0,,,,gx-no-cache=1765911418517 HTTP/1.1" 200 93
179.57.78.9 - - [16/Dec/2025:15:56:31 -0300] "GET /cormun/servlet/hpexe_return? HTTP/1.1" 200 1005
179.57.78.9 - - [16/Dec/2025:15:56:31 -0300] "GET /cormun/servlet/trpermisosgoce HTTP/1.1" 200 16211
179.57.78.9 - - [16/Dec/2025:15:56:37 -0300] "GET /cormun/servlet/permisogoce?INS,0,,, HTTP/1.1" 200 7237
179.57.78.9 - - [16/Dec/2025:15:56:49 -0300] "GET /cormun/servlet/permisogoce?378eb068c170971d8867fec15071021c2d979c5f83aaaff0d82d146163c08ca5a01c31c73d9888898fae44012d1e7440b71e64faf5224dcd1859c3ca44da13ed,gx-no-cache=1765911436355 HTTP/1.1" 200 80
190.95.15.15 - - [16/Dec/2025:15:56:50 -0300] "GET /cormun/servlet/permisogoce?INS,0,,, HTTP/1.1" 200 6853
179.57.78.9 - - [16/Dec/2025:15:56:55 -0300] "GET /cormun/servlet/permisogoce?378eb068c170971d8867fec15071021cbb74e8c54c0efb156872b9a8c1a0421abc554c0c0db124d85c9796a180e93ddb2eaa39e680db9a59a5d1ccdb2de61ae3,gx-no-cache=1765911442338 HTTP/1.1" 200 48
179.57.78.9 - - [16/Dec/2025:15:56:57 -0300] "POST /cormun/servlet/permisogoce?931e4fc05f26efd3c58dd9dfa0fbc3c6,INS,0,,,,gx-no-cache=1765911444308 HTTP/1.1" 200 93
179.57.78.9 - - [16/Dec/2025:15:56:57 -0300] "GET /cormun/servlet/hpexe_return? HTTP/1.1" 200 1005
179.57.78.9 - - [16/Dec/2025:15:56:57 -0300] "GET /cormun/servlet/trpermisosgoce HTTP/1.1" 200 16400
190.95.67.99 - - [16/Dec/2025:15:56:59 -0300] "POST /cormun/servlet/trpermisosingoce?d58764a76b4c9a7a12e368e64e8a42f3,gx-no-cache=1765911445007 HTTP/1.1" 200 7509
190.95.15.15 - - [16/Dec/2025:15:57:10 -0300] "GET /cormun/servlet/permisogoce?fd5b4875eaa2ee3fa291962dd4ecd0d09d67b7ef5ac58bed40ed0ef9b957a66c7bbc0302400f5a24ce981cf13fec126a92defd2a66a7b78d7cd044a793631431,gx-no-cache=1765911454282 HTTP/1.1" 200 83
179.57.78.9 - - [16/Dec/2025:15:57:15 -0300] "GET /cormun/servlet/permisogoce?INS,0,,, HTTP/1.1" 200 7236
190.95.15.15 - - [16/Dec/2025:15:57:22 -0300] "GET /cormun/servlet/permisogoce?fd5b4875eaa2ee3fa291962dd4ecd0d083ee58a009ecbaeab805461bbef682370822d099b41dd97ff4fc312b933669cf8e2579eace80e576279ac58055836948,gx-no-cache=1765911466389 HTTP/1.1" 200 47
179.57.78.9 - - [16/Dec/2025:15:57:22 -0300] "GET /cormun/servlet/permisogoce?378eb068c170971d8867fec15071021ca433fb7ff76955e0291ca35a187b9765a01c31c73d9888898fae44012d1e7440b71e64faf5224dcd1859c3ca44da13ed,gx-no-cache=1765911469684 HTTP/1.1" 200 68
190.95.15.15 - - [16/Dec/2025:15:57:24 -0300] "POST /cormun/servlet/permisogoce?152d0815b31d23e651f4d09ac04772e5,INS,0,,,,gx-no-cache=1765911467996 HTTP/1.1" 200 93
190.95.15.15 - - [16/Dec/2025:15:57:24 -0300] "GET /cormun/servlet/hpexe_return? HTTP/1.1" 200 1004
190.95.15.15 - - [16/Dec/2025:15:57:24 -0300] "GET /cormun/servlet/trpermisosgoce HTTP/1.1" 200 18556
179.57.78.9 - - [16/Dec/2025:15:57:29 -0300] "GET /cormun/servlet/permisogoce?378eb068c170971d8867fec15071021c9064115fd83a966adf6fc9bfd07e3a7a2e8d83c2ef7c7d9db2c61bfa2352a8722eaa39e680db9a59a5d1ccdb2de61ae3,gx-no-cache=1765911477082 HTTP/1.1" 200 48
179.57.78.9 - - [16/Dec/2025:15:57:32 -0300] "POST /cormun/servlet/permisogoce?931e4fc05f26efd3c58dd9dfa0fbc3c6,INS,0,,,,gx-no-cache=1765911479437 HTTP/1.1" 200 93
179.57.78.9 - - [16/Dec/2025:15:57:32 -0300] "GET /cormun/servlet/hpexe_return? HTTP/1.1" 200 1005
179.57.78.9 - - [16/Dec/2025:15:57:32 -0300] "GET /cormun/servlet/trpermisosgoce HTTP/1.1" 200 16591
179.57.78.9 - - [16/Dec/2025:15:57:39 -0300] "GET /cormun/servlet/permisogoce?INS,0,,, HTTP/1.1" 200 7237
179.57.78.9 - - [16/Dec/2025:15:57:57 -0300] "GET /cormun/servlet/permisogoce?378eb068c170971d8867fec15071021cd4ed2b6dbd80caf135a1438ef8134d7aa01c31c73d9888898fae44012d1e7440b71e64faf5224dcd1859c3ca44da13ed,gx-no-cache=1765911504522 HTTP/1.1" 200 84
179.57.78.9 - - [16/Dec/2025:15:58:01 -0300] "GET /cormun/servlet/permisogoce?378eb068c170971d8867fec15071021cbcc9146bf7d41764e398355a641a8bb7de840636ac37aa08fb411900ad20a8e02eaa39e680db9a59a5d1ccdb2de61ae3,gx-no-cache=1765911508658 HTTP/1.1" 200 48
179.57.78.9 - - [16/Dec/2025:15:58:03 -0300] "POST /cormun/servlet/permisogoce?931e4fc05f26efd3c58dd9dfa0fbc3c6,INS,0,,,,gx-no-cache=1765911510195 HTTP/1.1" 200 93
179.57.78.9 - - [16/Dec/2025:15:58:03 -0300] "GET /cormun/servlet/hpexe_return? HTTP/1.1" 200 1005
179.57.78.9 - - [16/Dec/2025:15:58:03 -0300] "GET /cormun/servlet/trpermisosgoce HTTP/1.1" 200 16793
179.57.78.9 - - [16/Dec/2025:15:58:09 -0300] "GET /cormun/servlet/permisogoce?INS,0,,, HTTP/1.1" 200 7237
179.57.78.9 - - [16/Dec/2025:15:58:16 -0300] "GET /cormun/servlet/permisogoce?378eb068c170971d8867fec15071021c421ec7f8e91d459cef3451cafbfb9431a01c31c73d9888898fae44012d1e7440b71e64faf5224dcd1859c3ca44da13ed,gx-no-cache=1765911523491 HTTP/1.1" 200 80
179.57.78.9 - - [16/Dec/2025:15:58:22 -0300] "GET /cormun/servlet/permisogoce?378eb068c170971d8867fec15071021c9f61d853baa588e1d6823321bc58c9bbfbfc6ff76550e6959f85c0b3c1ea0f022eaa39e680db9a59a5d1ccdb2de61ae3,gx-no-cache=1765911529290 HTTP/1.1" 200 48
179.57.78.9 - - [16/Dec/2025:15:58:24 -0300] "POST /cormun/servlet/permisogoce?931e4fc05f26efd3c58dd9dfa0fbc3c6,INS,0,,,,gx-no-cache=1765911531412 HTTP/1.1" 200 93
179.57.78.9 - - [16/Dec/2025:15:58:24 -0300] "GET /cormun/servlet/hpexe_return? HTTP/1.1" 200 1005
179.57.78.9 - - [16/Dec/2025:15:58:24 -0300] "GET /cormun/servlet/trpermisosgoce HTTP/1.1" 200 17000
179.57.78.9 - - [16/Dec/2025:15:58:30 -0300] "GET /cormun/servlet/permisogoce?INS,0,,, HTTP/1.1" 200 7237
179.57.78.9 - - [16/Dec/2025:15:58:40 -0300] "GET /cormun/servlet/permisogoce?378eb068c170971d8867fec15071021ccc2ddb16413c7bbf16c9a96fa42a91a8a01c31c73d9888898fae44012d1e7440b71e64faf5224dcd1859c3ca44da13ed,gx-no-cache=1765911547083 HTTP/1.1" 200 78
179.57.78.9 - - [16/Dec/2025:15:58:44 -0300] "GET /cormun/servlet/permisogoce?378eb068c170971d8867fec15071021c51225fbee48b48961dcf010c880c29e34978f5934248c5a9e3895c75f43f53682eaa39e680db9a59a5d1ccdb2de61ae3,gx-no-cache=1765911551714 HTTP/1.1" 200 48
179.57.78.9 - - [16/Dec/2025:15:58:46 -0300] "POST /cormun/servlet/permisogoce?931e4fc05f26efd3c58dd9dfa0fbc3c6,INS,0,,,,gx-no-cache=1765911553197 HTTP/1.1" 200 93
179.57.78.9 - - [16/Dec/2025:15:58:46 -0300] "GET /cormun/servlet/hpexe_return? HTTP/1.1" 200 1005
179.57.78.9 - - [16/Dec/2025:15:58:46 -0300] "GET /cormun/servlet/trpermisosgoce HTTP/1.1" 200 17160
179.57.78.9 - - [16/Dec/2025:15:58:51 -0300] "GET /cormun/servlet/permisogoce?INS,0,,, HTTP/1.1" 200 7237
190.95.15.15 - - [16/Dec/2025:15:59:02 -0300] "GET /cormun/servlet/apermisogoceprn?16115814,P,20251216155807,PU HTTP/1.1" 200 1663
179.57.78.9 - - [16/Dec/2025:15:59:35 -0300] "GET /cormun/servlet/permisogoce?378eb068c170971d8867fec15071021c2e48951d1b765fe916e8db61a6fd822e482fdb4ceb47d597f177fc2637e2c75ef17ad07db0710e7a01f914c28a27a135,gx-no-cache=1765911602540 HTTP/1.1" 200 81
179.57.78.9 - - [16/Dec/2025:15:59:40 -0300] "GET /cormun/servlet/permisogoce?378eb068c170971d8867fec15071021c6434ed77ac82aadbd6c186f622aa1c652cb07be0853dc562975dcf46e42b2eff5d844fbf82f4f2a8b9dcc2e29e8f6772,gx-no-cache=1765911607338 HTTP/1.1" 200 48
179.57.78.9 - - [16/Dec/2025:15:59:42 -0300] "POST /cormun/servlet/permisogoce?931e4fc05f26efd3c58dd9dfa0fbc3c6,INS,0,,,,gx-no-cache=1765911609069 HTTP/1.1" 200 93
179.57.78.9 - - [16/Dec/2025:15:59:42 -0300] "GET /cormun/servlet/hpexe_return? HTTP/1.1" 200 1005
179.57.78.9 - - [16/Dec/2025:15:59:42 -0300] "GET /cormun/servlet/trpermisosgoce HTTP/1.1" 200 17381
179.57.78.9 - - [16/Dec/2025:15:59:47 -0300] "GET /cormun/servlet/permisogoce?INS,0,,, HTTP/1.1" 200 7237
179.57.78.9 - - [16/Dec/2025:15:59:53 -0300] "GET /cormun/servlet/permisogoce?378eb068c170971d8867fec15071021c407df5724e132cef699e0b43190c64f5a01c31c73d9888898fae44012d1e7440b71e64faf5224dcd1859c3ca44da13ed,gx-no-cache=1765911620308 HTTP/1.1" 200 81
179.57.78.9 - - [16/Dec/2025:15:59:58 -0300] "GET /cormun/servlet/permisogoce?378eb068c170971d8867fec15071021c78d63e14f3f4f28f58f1d14154f664e7c8d70096b5fa9583983f4262757567b12eaa39e680db9a59a5d1ccdb2de61ae3,gx-no-cache=1765911625850 HTTP/1.1" 200 48
179.57.78.9 - - [16/Dec/2025:16:00:00 -0300] "POST /cormun/servlet/permisogoce?931e4fc05f26efd3c58dd9dfa0fbc3c6,INS,0,,,,gx-no-cache=1765911627516 HTTP/1.1" 200 93
179.57.78.9 - - [16/Dec/2025:16:00:00 -0300] "GET /cormun/servlet/hpexe_return? HTTP/1.1" 200 1005
179.57.78.9 - - [16/Dec/2025:16:00:00 -0300] "GET /cormun/servlet/trpermisosgoce HTTP/1.1" 200 17534
179.57.78.9 - - [16/Dec/2025:16:00:11 -0300] "GET /cormun/servlet/permisogoce?INS,0,,, HTTP/1.1" 200 7238
179.57.78.9 - - [16/Dec/2025:16:00:17 -0300] "GET /cormun/servlet/permisogoce?378eb068c170971d8867fec15071021cfbb6318a7d46873f123d8b5d13ee2f8ca01c31c73d9888898fae44012d1e7440b71e64faf5224dcd1859c3ca44da13ed,gx-no-cache=1765911644803 HTTP/1.1" 200 87
179.57.78.9 - - [16/Dec/2025:16:00:23 -0300] "GET /cormun/servlet/permisogoce?378eb068c170971d8867fec15071021cf83cf687f991b9b1676150739bc20fa1cf7cdad9629d1a1771bc2c5e06bfd2d42eaa39e680db9a59a5d1ccdb2de61ae3,gx-no-cache=1765911650362 HTTP/1.1" 200 47
179.57.78.9 - - [16/Dec/2025:16:00:25 -0300] "POST /cormun/servlet/permisogoce?931e4fc05f26efd3c58dd9dfa0fbc3c6,INS,0,,,,gx-no-cache=1765911651918 HTTP/1.1" 200 93
179.57.78.9 - - [16/Dec/2025:16:00:25 -0300] "GET /cormun/servlet/hpexe_return? HTTP/1.1" 200 1005
179.57.78.9 - - [16/Dec/2025:16:00:25 -0300] "GET /cormun/servlet/trpermisosgoce HTTP/1.1" 200 17763
179.57.78.9 - - [16/Dec/2025:16:00:30 -0300] "GET /cormun/servlet/permisogoce?INS,0,,, HTTP/1.1" 200 7238
179.57.78.9 - - [16/Dec/2025:16:00:35 -0300] "GET /cormun/servlet/permisogoce?378eb068c170971d8867fec15071021c83348c0bee5092de9c96401d76f605ac482fdb4ceb47d597f177fc2637e2c75ef17ad07db0710e7a01f914c28a27a135,gx-no-cache=1765911662860 HTTP/1.1" 200 83
179.57.78.9 - - [16/Dec/2025:16:00:40 -0300] "GET /cormun/servlet/permisogoce?378eb068c170971d8867fec15071021cc5c9d99c55314f968521a2224a2a34f49b11340fd2f7ba86bd37ef0f4ebbcacd5d844fbf82f4f2a8b9dcc2e29e8f6772,gx-no-cache=1765911667658 HTTP/1.1" 200 48
179.57.78.9 - - [16/Dec/2025:16:00:42 -0300] "POST /cormun/servlet/permisogoce?931e4fc05f26efd3c58dd9dfa0fbc3c6,INS,0,,,,gx-no-cache=1765911669604 HTTP/1.1" 200 93
179.57.78.9 - - [16/Dec/2025:16:00:42 -0300] "GET /cormun/servlet/hpexe_return? HTTP/1.1" 200 1005
179.57.78.9 - - [16/Dec/2025:16:00:43 -0300] "GET /cormun/servlet/trpermisosgoce HTTP/1.1" 200 17991
179.57.78.9 - - [16/Dec/2025:16:00:51 -0300] "GET /cormun/servlet/permisogoce?INS,0,,, HTTP/1.1" 200 7238
179.57.78.9 - - [16/Dec/2025:16:00:59 -0300] "GET /cormun/servlet/permisogoce?378eb068c170971d8867fec15071021c908829c3b358dbc30c6af510f25d8cb0a01c31c73d9888898fae44012d1e7440b71e64faf5224dcd1859c3ca44da13ed,gx-no-cache=1765911686460 HTTP/1.1" 200 75
179.57.78.9 - - [16/Dec/2025:16:01:03 -0300] "GET /cormun/servlet/permisogoce?378eb068c170971d8867fec15071021cf9d9bf4daca4c76d8761451783453addf2870ca41e987a62fda5fda3d33e69862eaa39e680db9a59a5d1ccdb2de61ae3,gx-no-cache=1765911690954 HTTP/1.1" 200 48
179.57.78.9 - - [16/Dec/2025:16:01:06 -0300] "POST /cormun/servlet/permisogoce?931e4fc05f26efd3c58dd9dfa0fbc3c6,INS,0,,,,gx-no-cache=1765911692749 HTTP/1.1" 200 93
179.57.78.9 - - [16/Dec/2025:16:01:06 -0300] "GET /cormun/servlet/hpexe_return? HTTP/1.1" 200 1005
179.57.78.9 - - [16/Dec/2025:16:01:06 -0300] "GET /cormun/servlet/trpermisosgoce HTTP/1.1" 200 18197
179.57.78.9 - - [16/Dec/2025:16:01:11 -0300] "GET /cormun/servlet/permisogoce?INS,0,,, HTTP/1.1" 200 7238
179.57.78.9 - - [16/Dec/2025:16:01:17 -0300] "GET /cormun/servlet/permisogoce?378eb068c170971d8867fec15071021c5fd7c935fb9467ba6dedd1dda3dc32d0482fdb4ceb47d597f177fc2637e2c75ef17ad07db0710e7a01f914c28a27a135,gx-no-cache=1765911704804 HTTP/1.1" 200 76
179.57.78.9 - - [16/Dec/2025:16:01:23 -0300] "GET /cormun/servlet/permisogoce?378eb068c170971d8867fec15071021cb40037e45272676ba1887d0dd5323de63d2769c0bd7936db9b851d75668e0e265d844fbf82f4f2a8b9dcc2e29e8f6772,gx-no-cache=1765911710250 HTTP/1.1" 200 48
179.57.78.9 - - [16/Dec/2025:16:01:26 -0300] "POST /cormun/servlet/permisogoce?931e4fc05f26efd3c58dd9dfa0fbc3c6,INS,0,,,,gx-no-cache=1765911713357 HTTP/1.1" 200 93
179.57.78.9 - - [16/Dec/2025:16:01:26 -0300] "GET /cormun/servlet/hpexe_return? HTTP/1.1" 200 1005
179.57.78.9 - - [16/Dec/2025:16:01:26 -0300] "GET /cormun/servlet/trpermisosgoce HTTP/1.1" 200 18393
179.57.78.9 - - [16/Dec/2025:16:01:31 -0300] "GET /cormun/servlet/permisogoce?INS,0,,, HTTP/1.1" 200 7238
179.57.78.9 - - [16/Dec/2025:16:01:38 -0300] "GET /cormun/servlet/permisogoce?378eb068c170971d8867fec15071021c7113342ad3a35542407c0ee403acb50a482fdb4ceb47d597f177fc2637e2c75ef17ad07db0710e7a01f914c28a27a135,gx-no-cache=1765911725403 HTTP/1.1" 200 86
179.57.78.9 - - [16/Dec/2025:16:01:44 -0300] "GET /cormun/servlet/permisogoce?378eb068c170971d8867fec15071021c19925072b658bbc447893c3a7f242dbfe13afd2f2ef934cfb8e375337cb9003c5d844fbf82f4f2a8b9dcc2e29e8f6772,gx-no-cache=1765911731314 HTTP/1.1" 200 48
