201.186.225.183 - - [11/Dec/2025:11:45:01 -0300] "POST /cormun/servlet/permisosadjuntos?7596a4afc11f72771d8a62fc8d6d6d77,INS,11888496,P,20251118095958,, HTTP/1.1" 200 116
201.186.225.183 - - [11/Dec/2025:11:45:01 -0300] "GET /cormun/servlet/hpexe_return? HTTP/1.1" 200 1036
201.186.225.183 - - [11/Dec/2025:11:45:01 -0300] "GET /cormun/servlet/trpermisosadjuntos?11888496,20251118095958,P, HTTP/1.1" 200 6753
201.186.225.183 - - [11/Dec/2025:11:45:03 -0300] "GET /cormun/servlet/trpermisosgoce? HTTP/1.1" 200 9439
201.186.225.183 - - [11/Dec/2025:11:45:05 -0300] "POST /cormun/servlet/trpermisosgoce?7596a4afc11f72771d8a62fc8d6d6d77,,gx-no-cache=1765464337881 HTTP/1.1" 200 6662
201.186.225.183 - - [11/Dec/2025:11:45:10 -0300] "GET /cormun/servlet/trpermisosadjuntos?15107975,20251117085128,P, HTTP/1.1" 200 6286
201.186.225.183 - - [11/Dec/2025:11:45:11 -0300] "GET /cormun/servlet/permisosadjuntos?INS,15107975,P,20251117085128,, HTTP/1.1" 200 5606
201.186.225.183 - - [11/Dec/2025:11:45:11 -0300] "GET /cormun/static/about:blank HTTP/1.1" 404 1011
201.186.225.183 - - [11/Dec/2025:11:45:16 -0300] "POST /cormun/servlet/permisosadjuntos?7596a4afc11f72771d8a62fc8d6d6d77,INS,15107975,P,20251117085128,, HTTP/1.1" 200 116
201.186.225.183 - - [11/Dec/2025:11:45:17 -0300] "GET /cormun/servlet/hpexe_return? HTTP/1.1" 200 1036
201.186.225.183 - - [11/Dec/2025:11:45:17 -0300] "GET /cormun/servlet/trpermisosadjuntos?15107975,20251117085128,P, HTTP/1.1" 200 6748
201.186.225.183 - - [11/Dec/2025:11:45:19 -0300] "GET /cormun/servlet/trpermisosgoce? HTTP/1.1" 200 9431
201.186.225.183 - - [11/Dec/2025:11:45:21 -0300] "POST /cormun/servlet/trpermisosgoce?7596a4afc11f72771d8a62fc8d6d6d77,,gx-no-cache=1765464353701 HTTP/1.1" 200 6654
201.186.225.183 - - [11/Dec/2025:11:45:26 -0300] "POST /cormun/servlet/trpermisosgoce?7596a4afc11f72771d8a62fc8d6d6d77,,gx-no-cache=1765464358540 HTTP/1.1" 200 5653
201.186.225.183 - - [11/Dec/2025:11:45:28 -0300] "GET /cormun/servlet/trpermisosadjuntos?18143626,20251113145139,P, HTTP/1.1" 200 6289
201.186.225.183 - - [11/Dec/2025:11:45:30 -0300] "GET /cormun/servlet/permisosadjuntos?INS,18143626,P,20251113145139,, HTTP/1.1" 200 5611
201.186.225.183 - - [11/Dec/2025:11:45:30 -0300] "GET /cormun/static/about:blank HTTP/1.1" 404 1011
190.95.67.93 - - [11/Dec/2025:11:45:34 -0300] "POST /cormun/servlet/trpermisosgoce?ec03e29a7899d3610880244f0abc0402,gx-no-cache=1765464362946 HTTP/1.1" 200 15772
201.186.225.183 - - [11/Dec/2025:11:45:35 -0300] "POST /cormun/servlet/permisosadjuntos?7596a4afc11f72771d8a62fc8d6d6d77,INS,18143626,P,20251113145139,, HTTP/1.1" 200 116
201.186.225.183 - - [11/Dec/2025:11:45:35 -0300] "GET /cormun/servlet/hpexe_return? HTTP/1.1" 200 1037
201.186.225.183 - - [11/Dec/2025:11:45:35 -0300] "GET /cormun/servlet/trpermisosadjuntos?18143626,20251113145139,P, HTTP/1.1" 200 6750
201.186.225.183 - - [11/Dec/2025:11:45:37 -0300] "GET /cormun/servlet/trpermisosgoce? HTTP/1.1" 200 8463
201.186.225.183 - - [11/Dec/2025:11:45:40 -0300] "POST /cormun/servlet/trpermisosgoce?7596a4afc11f72771d8a62fc8d6d6d77,,gx-no-cache=1765464372925 HTTP/1.1" 200 5667
201.186.225.183 - - [11/Dec/2025:11:45:47 -0300] "POST /cormun/servlet/trpermisosgoce?7596a4afc11f72771d8a62fc8d6d6d77,,gx-no-cache=1765464379476 HTTP/1.1" 200 5917
201.186.225.183 - - [11/Dec/2025:11:45:52 -0300] "GET /cormun/servlet/trpermisosadjuntos?10637809,20251113144455,P, HTTP/1.1" 200 6286
201.186.225.183 - - [11/Dec/2025:11:45:53 -0300] "GET /cormun/servlet/permisosadjuntos?INS,10637809,P,20251113144455,, HTTP/1.1" 200 5607
201.186.225.183 - - [11/Dec/2025:11:45:53 -0300] "GET /cormun/static/about:blank HTTP/1.1" 404 1011
201.186.225.183 - - [11/Dec/2025:11:45:59 -0300] "POST /cormun/servlet/permisosadjuntos?7596a4afc11f72771d8a62fc8d6d6d77,INS,10637809,P,20251113144455,, HTTP/1.1" 200 116
201.186.225.183 - - [11/Dec/2025:11:45:59 -0300] "GET /cormun/servlet/hpexe_return? HTTP/1.1" 200 1038
201.186.225.183 - - [11/Dec/2025:11:45:59 -0300] "GET /cormun/servlet/trpermisosadjuntos?10637809,20251113144455,P, HTTP/1.1" 200 6748
201.186.225.183 - - [11/Dec/2025:11:46:00 -0300] "GET /cormun/servlet/trpermisosgoce? HTTP/1.1" 200 8716
201.186.225.183 - - [11/Dec/2025:11:46:04 -0300] "POST /cormun/servlet/trpermisosgoce?7596a4afc11f72771d8a62fc8d6d6d77,,gx-no-cache=1765464396973 HTTP/1.1" 200 5923
201.186.225.183 - - [11/Dec/2025:11:46:11 -0300] "POST /cormun/servlet/trpermisosgoce?7596a4afc11f72771d8a62fc8d6d6d77,,gx-no-cache=1765464404252 HTTP/1.1" 200 4858
201.186.225.183 - - [11/Dec/2025:11:46:16 -0300] "GET /cormun/servlet/trpermisosadjuntos?12291516,20251113144347,P, HTTP/1.1" 200 6292
201.186.225.183 - - [11/Dec/2025:11:46:17 -0300] "GET /cormun/servlet/permisosadjuntos?INS,12291516,P,20251113144347,, HTTP/1.1" 200 5614
201.186.225.183 - - [11/Dec/2025:11:46:17 -0300] "GET /cormun/static/about:blank HTTP/1.1" 404 1011
201.186.225.183 - - [11/Dec/2025:11:46:23 -0300] "POST /cormun/servlet/permisosadjuntos?7596a4afc11f72771d8a62fc8d6d6d77,INS,12291516,P,20251113144347,, HTTP/1.1" 200 116
201.186.225.183 - - [11/Dec/2025:11:46:23 -0300] "GET /cormun/servlet/hpexe_return? HTTP/1.1" 200 1038
201.186.225.183 - - [11/Dec/2025:11:46:23 -0300] "GET /cormun/servlet/trpermisosadjuntos?12291516,20251113144347,P, HTTP/1.1" 200 6755
201.186.225.183 - - [11/Dec/2025:11:46:26 -0300] "GET /cormun/servlet/trpermisosgoce? HTTP/1.1" 200 7649
201.186.225.183 - - [11/Dec/2025:11:46:30 -0300] "POST /cormun/servlet/trpermisosgoce?7596a4afc11f72771d8a62fc8d6d6d77,,gx-no-cache=1765464423205 HTTP/1.1" 200 4850
201.186.225.183 - - [11/Dec/2025:11:46:35 -0300] "POST /cormun/servlet/trpermisosgoce?7596a4afc11f72771d8a62fc8d6d6d77,,gx-no-cache=1765464428044 HTTP/1.1" 200 5657
201.186.225.183 - - [11/Dec/2025:11:46:54 -0300] "POST /cormun/servlet/trpermisosgoce?7596a4afc11f72771d8a62fc8d6d6d77,,gx-no-cache=1765464446981 HTTP/1.1" 200 6560
201.186.225.183 - - [11/Dec/2025:11:46:58 -0300] "GET /cormun/servlet/trpermisosadjuntos?9242785,20250718101212,P, HTTP/1.1" 200 6290
201.186.225.183 - - [11/Dec/2025:11:46:59 -0300] "GET /cormun/servlet/permisosadjuntos?INS,9242785,P,20250718101212,, HTTP/1.1" 200 5612
201.186.225.183 - - [11/Dec/2025:11:46:59 -0300] "GET /cormun/static/about:blank HTTP/1.1" 404 1011
201.186.225.183 - - [11/Dec/2025:11:47:05 -0300] "POST /cormun/servlet/permisosadjuntos?7596a4afc11f72771d8a62fc8d6d6d77,INS,9242785,P,20250718101212,, HTTP/1.1" 200 116
201.186.225.183 - - [11/Dec/2025:11:47:05 -0300] "GET /cormun/servlet/hpexe_return? HTTP/1.1" 200 1037
201.186.225.183 - - [11/Dec/2025:11:47:05 -0300] "GET /cormun/servlet/trpermisosadjuntos?9242785,20250718101212,P, HTTP/1.1" 200 6754
201.186.225.183 - - [11/Dec/2025:11:47:07 -0300] "GET /cormun/servlet/trpermisosgoce? HTTP/1.1" 200 9355
201.186.225.183 - - [11/Dec/2025:11:47:11 -0300] "GET /cormun/servlet/trpermisosadjuntos?9242785,20250522104011,P, HTTP/1.1" 200 6290
201.186.225.183 - - [11/Dec/2025:11:47:12 -0300] "GET /cormun/servlet/permisosadjuntos?INS,9242785,P,20250522104011,, HTTP/1.1" 200 5613
201.186.225.183 - - [11/Dec/2025:11:47:12 -0300] "GET /cormun/static/about:blank HTTP/1.1" 404 1011
201.186.225.183 - - [11/Dec/2025:11:47:18 -0300] "POST /cormun/servlet/permisosadjuntos?7596a4afc11f72771d8a62fc8d6d6d77,INS,9242785,P,20250522104011,, HTTP/1.1" 200 116
201.186.225.183 - - [11/Dec/2025:11:47:18 -0300] "GET /cormun/servlet/hpexe_return? HTTP/1.1" 200 1035
201.186.225.183 - - [11/Dec/2025:11:47:18 -0300] "GET /cormun/servlet/trpermisosadjuntos?9242785,20250522104011,P, HTTP/1.1" 200 6755
201.186.225.183 - - [11/Dec/2025:11:47:20 -0300] "GET /cormun/servlet/trpermisosgoce? HTTP/1.1" 200 9355
201.186.225.183 - - [11/Dec/2025:11:47:24 -0300] "POST /cormun/servlet/trpermisosgoce?7596a4afc11f72771d8a62fc8d6d6d77,,gx-no-cache=1765464476621 HTTP/1.1" 200 6576
201.186.225.183 - - [11/Dec/2025:11:47:26 -0300] "POST /cormun/servlet/trpermisosgoce?7596a4afc11f72771d8a62fc8d6d6d77,,gx-no-cache=1765464478517 HTTP/1.1" 200 6561
201.186.225.183 - - [11/Dec/2025:11:47:36 -0300] "POST /cormun/servlet/trpermisosgoce?7596a4afc11f72771d8a62fc8d6d6d77,,gx-no-cache=1765464489236 HTTP/1.1" 200 14740
201.186.225.183 - - [11/Dec/2025:11:47:40 -0300] "GET /cormun/servlet/permisogoce?UPD,11287416,P,20251117091334, HTTP/1.1" 200 6888
201.186.225.183 - - [11/Dec/2025:11:47:41 -0300] "GET /cormun/servlet/permisogoce?f80bde89e3e52cd3b72202f9320f81fa90a2ab6bac8716cab25773940274bd82d186b376cbb47a1713817f245dc9b108c8725388844af7fe5ee4b1748b93dd21,gx-no-cache=1765464493939 HTTP/1.1" 200 83
201.186.225.183 - - [11/Dec/2025:11:47:45 -0300] "GET /cormun/servlet/permisogoce?f80bde89e3e52cd3b72202f9320f81fa206b8989dbbf1fd5bff3b863c7ee318d333ce0f8cc3c15f1b911c665cd258b07000cf4e9f5127c38439eb97db316d535a7d93a38d68cb5593f3417c742ab92f9,gx-no-cache=1765464498441 HTTP/1.1" 200 47
201.186.225.183 - - [11/Dec/2025:11:47:48 -0300] "POST /cormun/servlet/permisogoce?7596a4afc11f72771d8a62fc8d6d6d77,UPD,11287416,P,20251117091334,,gx-no-cache=1765464499252 HTTP/1.1" 200 93
201.186.225.183 - - [11/Dec/2025:11:47:48 -0300] "GET /cormun/servlet/hpexe_return? HTTP/1.1" 200 1027
201.186.225.183 - - [11/Dec/2025:11:47:48 -0300] "GET /cormun/servlet/trpermisosgoce? HTTP/1.1" 200 17600
201.186.225.183 - - [11/Dec/2025:11:47:53 -0300] "GET /cormun/servlet/apermisogoceprn?11287416,P,20251117091334,PU HTTP/1.1" 200 1654
201.186.225.183 - - [11/Dec/2025:11:48:15 -0300] "POST /cormun/servlet/trpermisosgoce?7596a4afc11f72771d8a62fc8d6d6d77,,gx-no-cache=1765464527686 HTTP/1.1" 200 15305
201.186.225.183 - - [11/Dec/2025:11:48:17 -0300] "GET /cormun/servlet/trpermisosgoce? HTTP/1.1" 200 18210
201.186.225.183 - - [11/Dec/2025:11:48:19 -0300] "GET /cormun/servlet/permisogoce?INS,0,,, HTTP/1.1" 200 6827
179.57.78.55 - - [11/Dec/2025:11:48:40 -0300] "GET /cormun/servlet/trpermisosadjuntos?9517647,20251013154629,P, HTTP/1.1" 200 5467
179.57.78.55 - - [11/Dec/2025:11:48:40 -0300] "GET /cormun/servlet/hlogin HTTP/1.1" 200 1765
201.186.225.183 - - [11/Dec/2025:11:48:46 -0300] "GET /cormun/servlet/permisogoce?f80bde89e3e52cd3b72202f9320f81fa7dfb086345c061edf4b42be201eb3927081e759b26d68b1064fd741ad5257969e01c33987a93fb16ce3996a94faef8f8,gx-no-cache=1765464558580 HTTP/1.1" 200 80
179.57.78.55 - - [11/Dec/2025:11:48:47 -0300] "POST /cormun/servlet/hlogin?203f8bd8c56b2396ff5a0bb98d131a3d,gx-no-cache=1765464558761 HTTP/1.1" 200 90
179.57.78.55 - - [11/Dec/2025:11:48:47 -0300] "GET /cormun/servlet/hpexe_link HTTP/1.1" 200 983
179.57.78.55 - - [11/Dec/2025:11:48:47 -0300] "GET /cormun/servlet/trpermisosadjuntos?9517647,20251013154629,P, HTTP/1.1" 200 6135
201.186.225.183 - - [11/Dec/2025:11:48:50 -0300] "GET /cormun/servlet/permisogoce?f80bde89e3e52cd3b72202f9320f81fa8060f8363a19498ec7abef1dbe744e3d790bde8d04822055cc75102466cb35c4ffb6463f6b2cdf01b0806ea6294e01d3,gx-no-cache=1765464563133 HTTP/1.1" 200 48
201.186.225.183 - - [11/Dec/2025:11:48:51 -0300] "POST /cormun/servlet/permisogoce?7596a4afc11f72771d8a62fc8d6d6d77,INS,0,,,,gx-no-cache=1765464564036 HTTP/1.1" 200 93
201.186.225.183 - - [11/Dec/2025:11:48:52 -0300] "GET /cormun/servlet/hpexe_return? HTTP/1.1" 200 1009
179.57.78.55 - - [11/Dec/2025:11:48:52 -0300] "GET /cormun/servlet/permisosadjuntos?INS,9517647,P,20251013154629,, HTTP/1.1" 200 5637
179.57.78.55 - - [11/Dec/2025:11:48:52 -0300] "GET /cormun/static/about:blank HTTP/1.1" 404 1011
201.186.225.183 - - [11/Dec/2025:11:48:52 -0300] "GET /cormun/servlet/trpermisosgoce HTTP/1.1" 200 18211
201.186.225.183 - - [11/Dec/2025:11:48:55 -0300] "GET /cormun/servlet/apermisogoceprn?13598462,P,20251211114848,PU HTTP/1.1" 200 1661
179.57.78.55 - - [11/Dec/2025:11:49:07 -0300] "POST /cormun/servlet/permisosadjuntos?203f8bd8c56b2396ff5a0bb98d131a3d,INS,9517647,P,20251013154629,, HTTP/1.1" 200 116
179.57.78.55 - - [11/Dec/2025:11:49:07 -0300] "GET /cormun/servlet/hpexe_return? HTTP/1.1" 200 1035
179.57.78.55 - - [11/Dec/2025:11:49:07 -0300] "GET /cormun/servlet/trpermisosadjuntos?9517647,20251013154629,P, HTTP/1.1" 200 6724
201.186.225.183 - - [11/Dec/2025:11:49:08 -0300] "GET /cormun/servlet/permisogoce?INS,0,,, HTTP/1.1" 200 6827
179.57.78.55 - - [11/Dec/2025:11:49:09 -0300] "GET /cormun/servlet/trpermisosgoce? HTTP/1.1" 200 18824
190.95.2.157 - - [11/Dec/2025:11:49:13 -0300] "GET /cormun/servlet/hlogin HTTP/1.1" 200 1717
190.95.2.157 - - [11/Dec/2025:11:49:13 -0300] "GET /cormun/servlet/hlogin HTTP/1.1" 200 1727
179.57.78.55 - - [11/Dec/2025:11:50:02 -0300] "GET /cormun/static/menuarrow.gif HTTP/1.1" 404 1015
201.186.225.183 - - [11/Dec/2025:11:50:02 -0300] "GET /cormun/servlet/permisogoce?f80bde89e3e52cd3b72202f9320f81fa4c976fa06792c2eb9ab751889f8078a8081e759b26d68b1064fd741ad5257969e01c33987a93fb16ce3996a94faef8f8,gx-no-cache=1765464635097 HTTP/1.1" 200 82
201.186.225.183 - - [11/Dec/2025:11:50:07 -0300] "GET /cormun/servlet/permisogoce?f80bde89e3e52cd3b72202f9320f81fa6911cfba3e32b4a3d7f6a99abdc8e2972b22d3ecdb6b3d344a55d5117aadbac78c8dafac291263053a2267e62349944e,gx-no-cache=1765464640230 HTTP/1.1" 200 47
201.186.225.183 - - [11/Dec/2025:11:50:13 -0300] "POST /cormun/servlet/permisogoce?7596a4afc11f72771d8a62fc8d6d6d77,INS,0,,,,gx-no-cache=1765464645160 HTTP/1.1" 200 93
201.186.225.183 - - [11/Dec/2025:11:50:13 -0300] "GET /cormun/servlet/hpexe_return? HTTP/1.1" 200 1009
201.186.225.183 - - [11/Dec/2025:11:50:13 -0300] "GET /cormun/servlet/trpermisosgoce HTTP/1.1" 200 18233
179.57.78.55 - - [11/Dec/2025:11:50:15 -0300] "POST /cormun/servlet/trpermisosgoce?203f8bd8c56b2396ff5a0bb98d131a3d,,gx-no-cache=1765464645947 HTTP/1.1" 200 16158
201.186.225.183 - - [11/Dec/2025:11:50:18 -0300] "GET /cormun/servlet/apermisogoceprn?20661687,P,20251211114937,PU HTTP/1.1" 200 1659
179.57.78.55 - - [11/Dec/2025:11:50:18 -0300] "POST /cormun/servlet/trpermisosgoce?203f8bd8c56b2396ff5a0bb98d131a3d,,gx-no-cache=1765464649161 HTTP/1.1" 200 16251
179.57.78.55 - - [11/Dec/2025:11:50:24 -0300] "POST /cormun/servlet/trpermisosgoce?203f8bd8c56b2396ff5a0bb98d131a3d,,gx-no-cache=1765464655145 HTTP/1.1" 200 16618
190.95.67.93 - - [11/Dec/2025:11:50:28 -0300] "GET /cormun/servlet/trlicencias? HTTP/1.1" 200 13318
179.57.78.55 - - [11/Dec/2025:11:50:29 -0300] "POST /cormun/servlet/trpermisosgoce?203f8bd8c56b2396ff5a0bb98d131a3d,,gx-no-cache=1765464660659 HTTP/1.1" 200 16643
179.57.78.55 - - [11/Dec/2025:11:50:29 -0300] "GET /cormun/static/Shared/jqueryui/images/ui-bg_highlight-soft_100_c6c2c8_1x100.png HTTP/1.1" 404 1117
179.57.78.55 - - [11/Dec/2025:11:50:29 -0300] "GET /cormun/static/Shared/jqueryui/images/ui-icons_8d78a5_256x240.png HTTP/1.1" 404 1089
179.57.78.55 - - [11/Dec/2025:11:50:29 -0300] "GET /cormun/static/Shared/jqueryui/images/ui-bg_flat_55_fafafa_40x100.png HTTP/1.1" 404 1097
179.57.78.55 - - [11/Dec/2025:11:50:29 -0300] "GET /cormun/static/Shared/jqueryui/images/ui-icons_82798d_256x240.png HTTP/1.1" 404 1089
190.95.67.93 - - [11/Dec/2025:11:50:32 -0300] "GET /cormun/static/menuarrow.gif HTTP/1.1" 404 1015
201.186.225.183 - - [11/Dec/2025:11:50:34 -0300] "GET /cormun/servlet/permisogoce?INS,0,,, HTTP/1.1" 200 6827
179.57.78.55 - - [11/Dec/2025:11:50:36 -0300] "GET /cormun/servlet/trpermisosadjuntos?19083979,20251013144542,P, HTTP/1.1" 200 6116
179.57.78.55 - - [11/Dec/2025:11:50:37 -0300] "GET /cormun/servlet/permisosadjuntos?INS,19083979,P,20251013144542,, HTTP/1.1" 200 5619
179.57.78.55 - - [11/Dec/2025:11:50:37 -0300] "GET /cormun/static/about:blank HTTP/1.1" 404 1011
201.186.225.183 - - [11/Dec/2025:11:50:45 -0300] "GET /cormun/servlet/permisogoce?f80bde89e3e52cd3b72202f9320f81fae77523f17d61e069be43078d5056af23081e759b26d68b1064fd741ad5257969e01c33987a93fb16ce3996a94faef8f8,gx-no-cache=1765464677983 HTTP/1.1" 200 86
190.95.67.93 - - [11/Dec/2025:11:50:47 -0300] "POST /cormun/servlet/trlicencias?ec03e29a7899d3610880244f0abc0402,,gx-no-cache=1765464678972 HTTP/1.1" 200 5978
201.186.225.183 - - [11/Dec/2025:11:50:49 -0300] "GET /cormun/servlet/permisogoce?f80bde89e3e52cd3b72202f9320f81fad78d32a40904282dc6f983cefbef91999f1fc1c0b430c32ce9fd06cf039638a8ffb6463f6b2cdf01b0806ea6294e01d3,gx-no-cache=1765464682373 HTTP/1.1" 200 46
201.186.225.183 - - [11/Dec/2025:11:50:51 -0300] "POST /cormun/servlet/permisogoce?7596a4afc11f72771d8a62fc8d6d6d77,INS,0,,,,gx-no-cache=1765464683224 HTTP/1.1" 200 93
201.186.225.183 - - [11/Dec/2025:11:50:51 -0300] "GET /cormun/servlet/hpexe_return? HTTP/1.1" 200 1009
201.186.225.183 - - [11/Dec/2025:11:50:51 -0300] "GET /cormun/servlet/trpermisosgoce HTTP/1.1" 200 18219
201.186.225.183 - - [11/Dec/2025:11:50:54 -0300] "GET /cormun/servlet/apermisogoceprn?16348726,P,20251211115103,PU HTTP/1.1" 200 1655
190.95.67.93 - - [11/Dec/2025:11:51:00 -0300] "GET /cormun/servlet/trpermisosgoce? HTTP/1.1" 200 18702
201.186.225.183 - - [11/Dec/2025:11:51:07 -0300] "GET /cormun/servlet/permisogoce?INS,0,,, HTTP/1.1" 200 6827
190.95.67.93 - - [11/Dec/2025:11:51:15 -0300] "POST /cormun/servlet/trpermisosgoce?ec03e29a7899d3610880244f0abc0402,,gx-no-cache=1765464706683 HTTP/1.1" 200 4209
201.186.225.183 - - [11/Dec/2025:11:51:16 -0300] "GET /cormun/servlet/permisogoce?f80bde89e3e52cd3b72202f9320f81faff597bbcc5f9c2edeae985a4a1a30cb188730ece5eb561e99d8639e6be91c0892970d6813fbe26884345f8e47a578150,gx-no-cache=1765464708647 HTTP/1.1" 200 90
201.186.225.183 - - [11/Dec/2025:11:51:20 -0300] "GET /cormun/servlet/permisogoce?f80bde89e3e52cd3b72202f9320f81fa6fe0c0056c13460b342dc10cd5f7375d6d80a4961fd9add0467b8e5890963df3699c4f61a4c1da638592c9481efe5552,gx-no-cache=1765464712952 HTTP/1.1" 200 47
201.186.225.183 - - [11/Dec/2025:11:51:21 -0300] "POST /cormun/servlet/permisogoce?7596a4afc11f72771d8a62fc8d6d6d77,INS,0,,,,gx-no-cache=1765464714008 HTTP/1.1" 200 93
201.186.225.183 - - [11/Dec/2025:11:51:21 -0300] "GET /cormun/servlet/hpexe_return? HTTP/1.1" 200 1009
201.186.225.183 - - [11/Dec/2025:11:51:22 -0300] "GET /cormun/servlet/trpermisosgoce HTTP/1.1" 200 18197
190.95.67.93 - - [11/Dec/2025:11:51:24 -0300] "GET /cormun/servlet/trpermisosgoce? HTTP/1.1" 200 7101
201.186.225.183 - - [11/Dec/2025:11:51:25 -0300] "GET /cormun/servlet/apermisogoceprn?6152035,P,20251211115136,PU HTTP/1.1" 200 1652
179.57.78.55 - - [11/Dec/2025:11:51:26 -0300] "POST /cormun/servlet/permisosadjuntos?203f8bd8c56b2396ff5a0bb98d131a3d,INS,19083979,P,20251013144542,, HTTP/1.1" 200 116
179.57.78.55 - - [11/Dec/2025:11:51:26 -0300] "GET /cormun/servlet/hpexe_return? HTTP/1.1" 200 1037
179.57.78.55 - - [11/Dec/2025:11:51:26 -0300] "GET /cormun/servlet/trpermisosadjuntos?19083979,20251013144542,P, HTTP/1.1" 200 6693
179.57.78.55 - - [11/Dec/2025:11:51:33 -0300] "GET /cormun/servlet/trpermisosgoce? HTTP/1.1" 200 19274
190.95.67.93 - - [11/Dec/2025:11:51:38 -0300] "POST /cormun/servlet/trpermisosgoce?ec03e29a7899d3610880244f0abc0402,,gx-no-cache=1765464730377 HTTP/1.1" 200 4210
190.95.67.93 - - [11/Dec/2025:11:51:40 -0300] "POST /cormun/servlet/trpermisosgoce?ec03e29a7899d3610880244f0abc0402,,gx-no-cache=1765464731736 HTTP/1.1" 200 4210
179.57.78.55 - - [11/Dec/2025:11:51:46 -0300] "POST /cormun/servlet/trpermisosgoce?203f8bd8c56b2396ff5a0bb98d131a3d,,gx-no-cache=1765464737379 HTTP/1.1" 200 16652
190.95.67.93 - - [11/Dec/2025:11:51:50 -0300] "GET /cormun/servlet/trpermisosgoce? HTTP/1.1" 200 7100
201.186.225.183 - - [11/Dec/2025:11:51:54 -0300] "GET /cormun/servlet/permisogoce?INS,0,,, HTTP/1.1" 200 6827
201.186.225.183 - - [11/Dec/2025:11:52:07 -0300] "GET /cormun/servlet/permisogoce?f80bde89e3e52cd3b72202f9320f81fa566fdacc0d4fce7785bb6676cc9dc736081e759b26d68b1064fd741ad5257969e01c33987a93fb16ce3996a94faef8f8,gx-no-cache=1765464759920 HTTP/1.1" 200 80
201.186.225.183 - - [11/Dec/2025:11:52:13 -0300] "GET /cormun/servlet/permisogoce?f80bde89e3e52cd3b72202f9320f81fa812ac4a11e8caa08cd76c06d218b1b003fca949a75d24bb729682b242a55fce8ffb6463f6b2cdf01b0806ea6294e01d3,gx-no-cache=1765464765552 HTTP/1.1" 200 48
201.186.225.183 - - [11/Dec/2025:11:52:14 -0300] "POST /cormun/servlet/permisogoce?7596a4afc11f72771d8a62fc8d6d6d77,INS,0,,,,gx-no-cache=1765464766456 HTTP/1.1" 200 93
201.186.225.183 - - [11/Dec/2025:11:52:14 -0300] "GET /cormun/servlet/hpexe_return? HTTP/1.1" 200 1009
201.186.225.183 - - [11/Dec/2025:11:52:14 -0300] "GET /cormun/servlet/trpermisosgoce HTTP/1.1" 200 18206
201.186.225.183 - - [11/Dec/2025:11:52:17 -0300] "GET /cormun/servlet/apermisogoceprn?11364484,P,20251211115223,PU HTTP/1.1" 200 1654
179.57.78.55 - - [11/Dec/2025:11:53:29 -0300] "GET /cormun/servlet/trpermisosadjuntos?19263316,20251013144334,P, HTTP/1.1" 200 6121
179.57.78.55 - - [11/Dec/2025:11:53:31 -0300] "GET /cormun/servlet/permisosadjuntos?INS,19263316,P,20251013144334,, HTTP/1.1" 200 5621
179.57.78.55 - - [11/Dec/2025:11:53:31 -0300] "GET /cormun/static/about:blank HTTP/1.1" 404 1011
179.57.78.55 - - [11/Dec/2025:11:53:42 -0300] "POST /cormun/servlet/permisosadjuntos?203f8bd8c56b2396ff5a0bb98d131a3d,INS,19263316,P,20251013144334,, HTTP/1.1" 200 116
179.57.78.55 - - [11/Dec/2025:11:53:42 -0300] "GET /cormun/servlet/hpexe_return? HTTP/1.1" 200 1035
179.57.78.55 - - [11/Dec/2025:11:53:42 -0300] "GET /cormun/servlet/trpermisosadjuntos?19263316,20251013144334,P, HTTP/1.1" 200 6698
179.57.78.55 - - [11/Dec/2025:11:53:44 -0300] "GET /cormun/servlet/trpermisosgoce? HTTP/1.1" 200 19276
201.186.225.183 - - [11/Dec/2025:11:53:47 -0300] "GET /cormun/servlet/permisogoce?INS,0,,, HTTP/1.1" 200 6827
179.57.78.55 - - [11/Dec/2025:11:53:47 -0300] "POST /cormun/servlet/trpermisosgoce?203f8bd8c56b2396ff5a0bb98d131a3d,,gx-no-cache=1765464858818 HTTP/1.1" 200 16641
190.95.67.93 - - [11/Dec/2025:11:53:51 -0300] "GET /cormun/servlet/trpermisosgoce? HTTP/1.1" 200 7100
201.186.225.183 - - [11/Dec/2025:11:53:52 -0300] "GET /cormun/servlet/permisogoce?f80bde89e3e52cd3b72202f9320f81faf91fa9a7d86ad86402205b661a308767081e759b26d68b1064fd741ad5257969e01c33987a93fb16ce3996a94faef8f8,gx-no-cache=1765464865260 HTTP/1.1" 200 79
179.57.78.55 - - [11/Dec/2025:11:53:53 -0300] "GET /cormun/servlet/trpermisosadjuntos?16494010,20251010134215,P, HTTP/1.1" 200 6119
190.95.67.93 - - [11/Dec/2025:11:53:55 -0300] "POST /cormun/servlet/trpermisosgoce?ec03e29a7899d3610880244f0abc0402,,gx-no-cache=1765464866992 HTTP/1.1" 200 4210
179.57.78.55 - - [11/Dec/2025:11:53:56 -0300] "GET /cormun/servlet/permisosadjuntos?INS,16494010,P,20251010134215,, HTTP/1.1" 200 5619
179.57.78.55 - - [11/Dec/2025:11:53:56 -0300] "GET /cormun/static/about:blank HTTP/1.1" 404 1011
201.186.225.183 - - [11/Dec/2025:11:53:59 -0300] "GET /cormun/servlet/permisogoce?f80bde89e3e52cd3b72202f9320f81fa72bc9be3282d591be688746cca80c8a06dd3179827be405a7790055d93a41ee9ffb6463f6b2cdf01b0806ea6294e01d3,gx-no-cache=1765464872359 HTTP/1.1" 200 47
201.186.225.183 - - [11/Dec/2025:11:54:01 -0300] "POST /cormun/servlet/permisogoce?7596a4afc11f72771d8a62fc8d6d6d77,INS,0,,,,gx-no-cache=1765464873704 HTTP/1.1" 200 93
201.186.225.183 - - [11/Dec/2025:11:54:01 -0300] "GET /cormun/servlet/hpexe_return? HTTP/1.1" 200 1009
201.186.225.183 - - [11/Dec/2025:11:54:02 -0300] "GET /cormun/servlet/trpermisosgoce HTTP/1.1" 200 18202
190.95.1.129 - - [11/Dec/2025:11:54:03 -0300] "GET /cormun/servlet/hlogin HTTP/1.1" 200 1717
190.95.1.129 - - [11/Dec/2025:11:54:03 -0300] "GET /cormun/static/gxtimezone.js?85251 HTTP/1.1" 200 5781
190.95.1.129 - - [11/Dec/2025:11:54:03 -0300] "GET /cormun/static/gxcfg.js?2022112219184450 HTTP/1.1" 200 953
190.95.1.129 - - [11/Dec/2025:11:54:03 -0300] "GET /cormun/static/messages.spa.js?85251 HTTP/1.1" 200 30736
190.95.1.129 - - [11/Dec/2025:11:54:03 -0300] "GET /cormun/static/Resources/CormunLogin.png HTTP/1.1" 200 19132
190.95.1.129 - - [11/Dec/2025:11:54:03 -0300] "GET /cormun/static/Resources/Spanish/PXTools.css?1759030 HTTP/1.1" 200 100853
190.95.1.129 - - [11/Dec/2025:11:54:03 -0300] "GET /cormun/static/hlogin.js?2022112219184458 HTTP/1.1" 200 2156
190.95.1.129 - - [11/Dec/2025:11:54:03 -0300] "GET /cormun/static/gxgral.js?85251 HTTP/1.1" 200 384558
190.95.1.129 - - [11/Dec/2025:11:54:03 -0300] "GET /cormun/static/Resources/PXToolsLoginTop.png HTTP/1.1" 200 1337
190.95.1.129 - - [11/Dec/2025:11:54:03 -0300] "GET /cormun/static/Resources/PXToolsButtonRight.png HTTP/1.1" 200 1294
190.95.1.129 - - [11/Dec/2025:11:54:03 -0300] "GET /cormun/static/Resources/PXToolsLoginBackground.png HTTP/1.1" 200 1164
190.95.1.129 - - [11/Dec/2025:11:54:03 -0300] "GET /cormun/static/Resources/PXToolsButtonBackground.png HTTP/1.1" 200 1176
190.95.1.129 - - [11/Dec/2025:11:54:03 -0300] "GET /cormun/static/Resources/PXToolsButtonLeft.png HTTP/1.1" 200 1310
190.95.1.129 - - [11/Dec/2025:11:54:03 -0300] "GET /cormun/static/Resources/PXToolsLoginBottom.png HTTP/1.1" 200 1389
190.95.1.129 - - [11/Dec/2025:11:54:03 -0300] "GET /cormun/static/Resources/indicator.gif HTTP/1.1" 200 1553
190.95.1.129 - - [11/Dec/2025:11:54:03 -0300] "GET /cormun/servlet/hlogin HTTP/1.1" 200 1727
190.95.1.129 - - [11/Dec/2025:11:54:03 -0300] "GET /favicon.ico HTTP/1.1" 200 21630
201.186.225.183 - - [11/Dec/2025:11:54:10 -0300] "GET /cormun/servlet/apermisogoceprn?18521954,P,20251211115416,PU HTTP/1.1" 200 1655
201.186.225.183 - - [11/Dec/2025:11:54:13 -0300] "GET /cormun/servlet/permisogoce?INS,0,,, HTTP/1.1" 200 6827
201.186.225.183 - - [11/Dec/2025:11:54:17 -0300] "GET /cormun/servlet/permisogoce?f80bde89e3e52cd3b72202f9320f81faf91fa9a7d86ad86402205b661a308767081e759b26d68b1064fd741ad5257969e01c33987a93fb16ce3996a94faef8f8,gx-no-cache=1765464890235 HTTP/1.1" 200 81
190.95.1.129 - - [11/Dec/2025:11:54:20 -0300] "POST /cormun/servlet/hlogin?6add58a189db9cc5f3d913f23e76f54a,gx-no-cache=1765464891960 HTTP/1.1" 200 446
179.57.78.55 - - [11/Dec/2025:11:54:21 -0300] "POST /cormun/servlet/permisosadjuntos?203f8bd8c56b2396ff5a0bb98d131a3d,INS,16494010,P,20251010134215,, HTTP/1.1" 200 116
179.57.78.55 - - [11/Dec/2025:11:54:21 -0300] "GET /cormun/servlet/hpexe_return? HTTP/1.1" 200 1037
179.57.78.55 - - [11/Dec/2025:11:54:21 -0300] "GET /cormun/servlet/trpermisosadjuntos?16494010,20251010134215,P, HTTP/1.1" 200 6692
201.186.225.183 - - [11/Dec/2025:11:54:22 -0300] "GET /cormun/servlet/permisogoce?f80bde89e3e52cd3b72202f9320f81fa72bc9be3282d591be688746cca80c8a04204b74d031b9897b6a7bd807d416722ffb6463f6b2cdf01b0806ea6294e01d3,gx-no-cache=1765464895163 HTTP/1.1" 200 47
201.186.225.183 - - [11/Dec/2025:11:54:24 -0300] "POST /cormun/servlet/permisogoce?7596a4afc11f72771d8a62fc8d6d6d77,INS,0,,,,gx-no-cache=1765464896260 HTTP/1.1" 200 93
201.186.225.183 - - [11/Dec/2025:11:54:24 -0300] "GET /cormun/servlet/hpexe_return? HTTP/1.1" 200 1009
179.57.78.55 - - [11/Dec/2025:11:54:24 -0300] "GET /cormun/servlet/trpermisosgoce? HTTP/1.1" 200 19267
201.186.225.183 - - [11/Dec/2025:11:54:24 -0300] "GET /cormun/servlet/trpermisosgoce HTTP/1.1" 200 18133
190.95.1.129 - - [11/Dec/2025:11:54:25 -0300] "POST /cormun/servlet/hlogin?6add58a189db9cc5f3d913f23e76f54a,gx-no-cache=1765464896813 HTTP/1.1" 200 90
190.95.1.129 - - [11/Dec/2025:11:54:25 -0300] "GET /cormun/servlet/hpexe_link HTTP/1.1" 200 949
190.95.1.129 - - [11/Dec/2025:11:54:25 -0300] "GET /cormun/static/gxcfg.js?20221129847421 HTTP/1.1" 200 953
190.95.1.129 - - [11/Dec/2025:11:54:25 -0300] "GET /cormun/static/hpexe_link.js?20221129847423 HTTP/1.1" 200 625
190.95.1.129 - - [11/Dec/2025:11:54:25 -0300] "GET /cormun/static/Resources/Spanish/PXTools.css?8354383 HTTP/1.1" 200 100853
190.95.1.129 - - [11/Dec/2025:11:54:25 -0300] "GET /cormun/servlet/hhome HTTP/1.1" 200 4300
190.95.1.129 - - [11/Dec/2025:11:54:25 -0300] "GET /cormun/static/SmoothNavMenu/resources/ddsmoothmenu.css?1112540 HTTP/1.1" 200 2223
190.95.1.129 - - [11/Dec/2025:11:54:25 -0300] "GET /cormun/static/Shared/jqueryui/jquery-ui.min.css?1345370 HTTP/1.1" 200 30288
190.95.1.129 - - [11/Dec/2025:11:54:25 -0300] "GET /cormun/static/Resources/Spanish/PXTools.css?14345360 HTTP/1.1" 200 100853
190.95.1.129 - - [11/Dec/2025:11:54:25 -0300] "GET /cormun/static/SmoothNavMenu/resources/ddsmoothmenu-v.css?1112540 HTTP/1.1" 200 1188
190.95.1.129 - - [11/Dec/2025:11:54:25 -0300] "GET /cormun/static/gxcfg.js?20201215495537 HTTP/1.1" 200 953
190.95.1.129 - - [11/Dec/2025:11:54:25 -0300] "GET /cormun/static/scaMessage/css/jquery.pnotify.default.css?1816380 HTTP/1.1" 200 1707
190.95.1.129 - - [11/Dec/2025:11:54:25 -0300] "GET /cormun/static/PXToolsJavascripts/pexe_autoreload.js HTTP/1.1" 200 1762
190.95.1.129 - - [11/Dec/2025:11:54:25 -0300] "GET /cormun/static/PXToolsJavascripts/pexe_cookies.js HTTP/1.1" 200 792
190.95.1.129 - - [11/Dec/2025:11:54:25 -0300] "GET /cormun/static/PXToolsJavascripts/pexe_grid.js HTTP/1.1" 200 7559
190.95.1.129 - - [11/Dec/2025:11:54:25 -0300] "GET /cormun/static/PXToolsJavascripts/pexe_griddivfix.js HTTP/1.1" 200 6946
190.95.1.129 - - [11/Dec/2025:11:54:25 -0300] "GET /cormun/static/PXToolsJavascripts/pexe_link.js HTTP/1.1" 200 5671
190.95.1.129 - - [11/Dec/2025:11:54:25 -0300] "GET /cormun/static/PXToolsJavascripts/pexe_windows.js HTTP/1.1" 200 15249
190.95.1.129 - - [11/Dec/2025:11:54:25 -0300] "GET /cormun/static/PXToolsJavascripts/pexe_menudivfix.js HTTP/1.1" 200 333
190.95.1.129 - - [11/Dec/2025:11:54:25 -0300] "GET /cormun/static/PXToolsJavascripts/pexe_menus.js HTTP/1.1" 200 1286
190.95.1.129 - - [11/Dec/2025:11:54:25 -0300] "GET /cormun/static/PXToolsJavascripts/pexe_layers.js HTTP/1.1" 200 4114
190.95.1.129 - - [11/Dec/2025:11:54:25 -0300] "GET /cormun/static/PXToolsJavascripts/pexe_oav.js HTTP/1.1" 200 645
190.95.1.129 - - [11/Dec/2025:11:54:25 -0300] "GET /cormun/static/PXToolsJavascripts/pexe_oavdivfix.js HTTP/1.1" 200 639
190.95.1.129 - - [11/Dec/2025:11:54:25 -0300] "GET /cormun/static/PXToolsJavascripts/pexe_picture.js HTTP/1.1" 200 689
190.95.1.129 - - [11/Dec/2025:11:54:25 -0300] "GET /cormun/static/PXToolsJavascripts/pexe_scrolldiv.js HTTP/1.1" 200 4138
190.95.1.129 - - [11/Dec/2025:11:54:25 -0300] "GET /cormun/static/PXToolsJavascripts/pexe_popup.js HTTP/1.1" 200 15149
190.95.1.129 - - [11/Dec/2025:11:54:25 -0300] "GET /cormun/static/PXToolsJavascripts/pexe_tabdivfix.js HTTP/1.1" 200 898
190.95.1.129 - - [11/Dec/2025:11:54:25 -0300] "GET /cormun/static/PXToolsJavascripts/pexe_tabs.js HTTP/1.1" 200 3748
190.95.1.129 - - [11/Dec/2025:11:54:25 -0300] "GET /cormun/static/PXToolsJavascripts/pexe_upload.js HTTP/1.1" 200 1423
190.95.1.129 - - [11/Dec/2025:11:54:25 -0300] "GET /cormun/static/PXToolsJavascripts/PXToolsJavascriptsRender.js HTTP/1.1" 200 367
190.95.1.129 - - [11/Dec/2025:11:54:25 -0300] "GET /cormun/static/Resources/CormunMP2.png HTTP/1.1" 200 6878
190.95.1.129 - - [11/Dec/2025:11:54:25 -0300] "GET /cormun/static/Resources/ImgHome.png HTTP/1.1" 200 1364
190.95.1.129 - - [11/Dec/2025:11:54:25 -0300] "GET /cormun/static/Resources/ImgLogin.png HTTP/1.1" 200 1432
190.95.1.129 - - [11/Dec/2025:11:54:25 -0300] "GET /cormun/static/Resources/Llave.png HTTP/1.1" 200 1395
190.95.1.129 - - [11/Dec/2025:11:54:25 -0300] "GET /cormun/static/RunJS/RunJS.js HTTP/1.1" 200 288
190.95.1.129 - - [11/Dec/2025:11:54:25 -0300] "GET /cormun/static/Shared/ext/locale/ext-lang-en.js HTTP/1.1" 200 10940
190.95.1.129 - - [11/Dec/2025:11:54:25 -0300] "GET /cormun/static/Resources/PXToolsDataTitle.png HTTP/1.1" 200 1173
190.95.1.129 - - [11/Dec/2025:11:54:25 -0300] "GET /cormun/static/hhome.js?20201215495544 HTTP/1.1" 200 777
190.95.1.129 - - [11/Dec/2025:11:54:25 -0300] "GET /cormun/static/hwchdr01.js?2022112219251119 HTTP/1.1" 200 996
190.95.1.129 - - [11/Dec/2025:11:54:25 -0300] "GET /cormun/static/hpexe_recentlink.js?20201214471090 HTTP/1.1" 200 2144
190.95.1.129 - - [11/Dec/2025:11:54:25 -0300] "GET /cormun/static/hpexe_scripts.js?20201214471411 HTTP/1.1" 200 1544
190.95.1.129 - - [11/Dec/2025:11:54:25 -0300] "GET /cormun/static/hpexe_messagecontroller.js?202211298371222 HTTP/1.1" 200 870
190.95.1.129 - - [11/Dec/2025:11:54:25 -0300] "GET /cormun/static/hpexe_messagepopupcomponent.js?2020121447232 HTTP/1.1" 200 605
190.95.1.129 - - [11/Dec/2025:11:54:25 -0300] "GET /cormun/static/gxui/gxui-all.js HTTP/1.1" 200 107772
190.95.1.129 - - [11/Dec/2025:11:54:25 -0300] "GET /cormun/static/hpexe_messagegenexuscomponent.js?20221129836373 HTTP/1.1" 200 587
190.95.1.129 - - [11/Dec/2025:11:54:25 -0300] "GET /cormun/static/cmcontrolpreferences.js?20199141926336 HTTP/1.1" 200 1375
190.95.1.129 - - [11/Dec/2025:11:54:25 -0300] "GET /cormun/static/SmoothNavMenu/resources/ddsmoothmenu.js HTTP/1.1" 200 12712
190.95.1.129 - - [11/Dec/2025:11:54:25 -0300] "GET /cormun/static/SmoothNavMenu/resources/SmoothNavMenuRender.js HTTP/1.1" 200 5951
190.95.1.129 - - [11/Dec/2025:11:54:25 -0300] "GET /cormun/static/Shared/jquery/jquery-1.4.2.min.js HTTP/1.1" 200 72174
190.95.1.129 - - [11/Dec/2025:11:54:25 -0300] "GET /cormun/static/scaMessage/js/jquery.pnotify.min.js HTTP/1.1" 200 13038
190.95.1.129 - - [11/Dec/2025:11:54:25 -0300] "GET /cormun/static/scaMessage/scaMessageRender.js HTTP/1.1" 200 11977
190.95.1.129 - - [11/Dec/2025:11:54:25 -0300] "GET /cormun/static/hmpwkw03.js?20221129844354 HTTP/1.1" 200 3971
190.95.1.129 - - [11/Dec/2025:11:54:25 -0300] "GET /cormun/static/Shared/jqueryui/jquery-ui.min.js HTTP/1.1" 200 240427
190.95.1.129 - - [11/Dec/2025:11:54:26 -0300] "GET /cormun/static/Shared/jquery/jquery-1.10.2.min.js HTTP/1.1" 200 273199
190.95.1.129 - - [11/Dec/2025:11:54:26 -0300] "GET /cormun/static/Shared/ext/ext-all.js HTTP/1.1" 200 1289687
190.95.1.129 - - [11/Dec/2025:11:54:26 -0300] "GET /cormun/static/SmoothNavMenu/resources/images/down.gif HTTP/1.1" 200 854
190.95.1.129 - - [11/Dec/2025:11:54:26 -0300] "GET /cormun/static/SmoothNavMenu/resources/images/right.gif HTTP/1.1" 200 860
201.186.225.183 - - [11/Dec/2025:11:54:27 -0300] "GET /cormun/servlet/apermisogoceprn?18521954,P,20251211115442,PU HTTP/1.1" 200 1659
190.95.1.129 - - [11/Dec/2025:11:54:29 -0300] "GET /cormun/servlet/trpermisosgoce? HTTP/1.1" 200 17093
190.95.1.129 - - [11/Dec/2025:11:54:29 -0300] "GET /cormun/static/calendar.js?85251 HTTP/1.1" 200 26246
190.95.1.129 - - [11/Dec/2025:11:54:29 -0300] "GET /cormun/static/gxcfg.js?2020121631564 HTTP/1.1" 200 953
190.95.1.129 - - [11/Dec/2025:11:54:29 -0300] "GET /cormun/static/gxui/gxui-all.css?120300 HTTP/1.1" 200 2179
190.95.1.129 - - [11/Dec/2025:11:54:29 -0300] "GET /cormun/static/calendar-system.css?85620 HTTP/1.1" 200 5572
190.95.1.129 - - [11/Dec/2025:11:54:29 -0300] "GET /cormun/static/calendar-setup.js?85251 HTTP/1.1" 200 2588
190.95.1.129 - - [11/Dec/2025:11:54:29 -0300] "GET /cormun/static/Resources/PXTools/calendar.png HTTP/1.1" 200 1306
190.95.1.129 - - [11/Dec/2025:11:54:29 -0300] "GET /cormun/static/calendar-es.js?85251 HTTP/1.1" 200 1901
190.95.1.129 - - [11/Dec/2025:11:54:29 -0300] "GET /cormun/static/gxdec.js?85251 HTTP/1.1" 200 19579
190.95.1.129 - - [11/Dec/2025:11:54:29 -0300] "GET /cormun/static/trpermisosgoce.js?2020121633681 HTTP/1.1" 200 35904
190.95.1.129 - - [11/Dec/2025:11:54:29 -0300] "GET /cormun/static/Resources/PXToolsDataSearch.png HTTP/1.1" 200 435
190.95.1.129 - - [11/Dec/2025:11:54:29 -0300] "GET /cormun/static/Resources/PXToolsGridFirstDisabled.gif HTTP/1.1" 200 100
190.95.1.129 - - [11/Dec/2025:11:54:29 -0300] "GET /cormun/static/Resources/PXToolsGridPreviousDisabled.gif HTTP/1.1" 200 90
190.95.1.129 - - [11/Dec/2025:11:54:29 -0300] "GET /cormun/static/Resources/PXToolsGridNextDisabled.gif HTTP/1.1" 200 90
190.95.1.129 - - [11/Dec/2025:11:54:29 -0300] "GET /cormun/static/Resources/PXToolsGridLastDisabled.gif HTTP/1.1" 200 98
190.95.1.129 - - [11/Dec/2025:11:54:29 -0300] "GET /cormun/static/Resources/PXToolsGridPage.gif HTTP/1.1" 200 725
190.95.1.129 - - [11/Dec/2025:11:54:29 -0300] "GET /cormun/static/Resources/PXToolsActionExcel.png HTTP/1.1" 200 727
190.95.1.129 - - [11/Dec/2025:11:54:29 -0300] "GET /cormun/static/Resources/PXToolsAddAllAction.png HTTP/1.1" 200 495
190.95.1.129 - - [11/Dec/2025:11:54:29 -0300] "GET /cormun/static/Shared/ext/resources/css/ext-all.css?215870 HTTP/1.1" 200 416045
190.95.1.129 - - [11/Dec/2025:11:54:30 -0300] "GET /cormun/static/Resources/asc.gif HTTP/1.1" 200 67
190.95.1.129 - - [11/Dec/2025:11:54:30 -0300] "GET /cormun/static/Resources/desc.gif HTTP/1.1" 200 65
190.95.1.129 - - [11/Dec/2025:11:54:30 -0300] "GET /cormun//static/Resources/PXTools/ActionInsert.png HTTP/1.1" 200 1482
190.95.1.129 - - [11/Dec/2025:11:54:30 -0300] "GET /cormun//static/Resources/PXToolsActionPrint.png HTTP/1.1" 200 404
190.95.1.129 - - [11/Dec/2025:11:54:30 -0300] "GET /cormun//static/Resources/PXToolsGridUpdate.png HTTP/1.1" 200 470
190.95.1.129 - - [11/Dec/2025:11:54:30 -0300] "GET /cormun//static/Resources/PXToolsGridDisplay.png HTTP/1.1" 200 525
190.95.1.129 - - [11/Dec/2025:11:54:30 -0300] "GET /cormun//static/Resources/PXToolsHeaderFavorites.png HTTP/1.1" 200 1414
190.95.1.129 - - [11/Dec/2025:11:54:30 -0300] "GET /cormun//static/Resources/PXToolsHeaderHelp.png HTTP/1.1" 200 1333
190.95.1.129 - - [11/Dec/2025:11:54:30 -0300] "GET /cormun//static/Resources/PXToolsGridDelete.png HTTP/1.1" 200 538
190.95.1.129 - - [11/Dec/2025:11:54:30 -0300] "GET /cormun/static/Shared/ext/resources/themes/images/default/panel/bg-headersPanel.png HTTP/1.1" 200 255
190.95.1.129 - - [11/Dec/2025:11:54:30 -0300] "GET /cormun/static/Shared/ext/resources/themes/images/default/tools/tool-sprites.gif HTTP/1.1" 200 5434
179.57.78.55 - - [11/Dec/2025:11:54:30 -0300] "POST /cormun/servlet/trpermisosgoce?203f8bd8c56b2396ff5a0bb98d131a3d,,gx-no-cache=1765464901458 HTTP/1.1" 200 16635
190.95.1.129 - - [11/Dec/2025:11:54:36 -0300] "GET /cormun/servlet/permisogoce?INS,0,,, HTTP/1.1" 200 7188
190.95.1.129 - - [11/Dec/2025:11:54:36 -0300] "GET /cormun/static/Resources/prompt.gif HTTP/1.1" 200 902
190.95.1.129 - - [11/Dec/2025:11:54:36 -0300] "GET /cormun/static/permisogoce.js?20201215124939 HTTP/1.1" 200 27790
190.95.1.129 - - [11/Dec/2025:11:54:36 -0300] "GET /cormun/static/gxcfg.js?20201215124560 HTTP/1.1" 200 953
179.57.78.55 - - [11/Dec/2025:11:54:38 -0300] "GET /cormun/servlet/trpermisosadjuntos?15126301,20251006164804,P, HTTP/1.1" 200 6119
179.57.78.55 - - [11/Dec/2025:11:54:40 -0300] "GET /cormun/servlet/permisosadjuntos?INS,15126301,P,20251006164804,, HTTP/1.1" 200 5624
179.57.78.55 - - [11/Dec/2025:11:54:40 -0300] "GET /cormun/static/about:blank HTTP/1.1" 404 1011
190.95.1.129 - - [11/Dec/2025:11:54:49 -0300] "GET /cormun/servlet/permisogoce?9279e8a3e43319ffd3a1badffa10c042eb6cc9adbe499af025eb5ae1aeea07ab789f82b58565cae4caffd9e0c077dca117028954f00c89cc53b5820ffc6d7194,gx-no-cache=1765464921091 HTTP/1.1" 200 76
190.95.1.129 - - [11/Dec/2025:11:54:49 -0300] "GET /cormun/static/menuarrow.gif HTTP/1.1" 404 1015
179.57.78.55 - - [11/Dec/2025:11:54:50 -0300] "POST /cormun/servlet/permisosadjuntos?203f8bd8c56b2396ff5a0bb98d131a3d,INS,15126301,P,20251006164804,, HTTP/1.1" 200 116
179.57.78.55 - - [11/Dec/2025:11:54:50 -0300] "GET /cormun/servlet/hpexe_return? HTTP/1.1" 200 1035
179.57.78.55 - - [11/Dec/2025:11:54:50 -0300] "GET /cormun/servlet/trpermisosadjuntos?15126301,20251006164804,P, HTTP/1.1" 200 6692
179.57.78.55 - - [11/Dec/2025:11:54:52 -0300] "GET /cormun/servlet/trpermisosgoce? HTTP/1.1" 200 19252
179.57.78.55 - - [11/Dec/2025:11:54:56 -0300] "POST /cormun/servlet/trpermisosgoce?203f8bd8c56b2396ff5a0bb98d131a3d,,gx-no-cache=1765464927274 HTTP/1.1" 200 16663
179.57.78.55 - - [11/Dec/2025:11:55:16 -0300] "GET /cormun/servlet/trpermisosadjuntos?13109954,20251006132231,P, HTTP/1.1" 200 6124
179.57.78.55 - - [11/Dec/2025:11:55:18 -0300] "GET /cormun/servlet/permisosadjuntos?INS,13109954,P,20251006132231,, HTTP/1.1" 200 5627
179.57.78.55 - - [11/Dec/2025:11:55:18 -0300] "GET /cormun/static/about:blank HTTP/1.1" 404 1011
179.57.78.55 - - [11/Dec/2025:11:55:29 -0300] "POST /cormun/servlet/permisosadjuntos?203f8bd8c56b2396ff5a0bb98d131a3d,INS,13109954,P,20251006132231,, HTTP/1.1" 200 116
179.57.78.55 - - [11/Dec/2025:11:55:29 -0300] "GET /cormun/servlet/hpexe_return? HTTP/1.1" 200 1036
179.57.78.55 - - [11/Dec/2025:11:55:30 -0300] "GET /cormun/servlet/trpermisosadjuntos?13109954,20251006132231,P, HTTP/1.1" 200 6701
179.57.78.55 - - [11/Dec/2025:11:55:32 -0300] "GET /cormun/servlet/trpermisosgoce? HTTP/1.1" 200 19258
179.57.78.55 - - [11/Dec/2025:11:55:38 -0300] "POST /cormun/servlet/trpermisosgoce?203f8bd8c56b2396ff5a0bb98d131a3d,,gx-no-cache=1765464969627 HTTP/1.1" 200 16657
179.57.78.55 - - [11/Dec/2025:11:55:44 -0300] "GET /cormun/servlet/trpermisosadjuntos?13945167,20251006080758,P, HTTP/1.1" 200 6119
179.57.78.55 - - [11/Dec/2025:11:55:46 -0300] "GET /cormun/servlet/permisosadjuntos?INS,13945167,P,20251006080758,, HTTP/1.1" 200 5627
179.57.78.55 - - [11/Dec/2025:11:55:46 -0300] "GET /cormun/static/about:blank HTTP/1.1" 404 1011
201.186.225.183 - - [11/Dec/2025:11:56:26 -0300] "POST /cormun/servlet/trpermisosgoce?7596a4afc11f72771d8a62fc8d6d6d77,gx-no-cache=1765465018853 HTTP/1.1" 200 10338
201.186.225.183 - - [11/Dec/2025:11:56:30 -0300] "GET /cormun/servlet/trpermisosadjuntos?16494479,20251209121555,P, HTTP/1.1" 200 6742
201.186.225.183 - - [11/Dec/2025:11:56:36 -0300] "GET /cormun/servlet/trpermisosgoce? HTTP/1.1" 200 13215
201.186.225.183 - - [11/Dec/2025:11:56:47 -0300] "POST /cormun/servlet/trpermisosgoce?7596a4afc11f72771d8a62fc8d6d6d77,,gx-no-cache=1765465040198 HTTP/1.1" 200 10337
190.95.67.91 - - [11/Dec/2025:11:57:06 -0300] "GET /cormun/servlet/permisogoce?INS,0,,, HTTP/1.1" 200 7152
190.95.67.91 - - [11/Dec/2025:11:57:52 -0300] "GET /cormun/servlet/permisogoce?6a04a19781ea4ae055dbca7cce8752cb36b30c38f892397ef291c147ca2aeb4f408e31c0f66eb0e25e93ca79514de90d798cac4f08c607e46d94db2c32f54688,gx-no-cache=1765465104370 HTTP/1.1" 200 78
190.95.67.91 - - [11/Dec/2025:11:57:58 -0300] "GET /cormun/static/menuarrow.gif HTTP/1.1" 404 1015
190.95.67.91 - - [11/Dec/2025:11:58:06 -0300] "GET /cormun/servlet/permisogoce?6a04a19781ea4ae055dbca7cce8752cba07b1429c9bf37fb991cba59a62fd6972825c19f9bb53c8a97b91d9281f36ae4b0810584ae02af4b88ce5f3062101d32,gx-no-cache=1765465118088 HTTP/1.1" 200 47
190.95.67.91 - - [11/Dec/2025:11:58:10 -0300] "POST /cormun/servlet/permisogoce?96030124b2cee66db6755d414031e227,INS,0,,,,gx-no-cache=1765465122111 HTTP/1.1" 200 93
190.95.67.91 - - [11/Dec/2025:11:58:10 -0300] "GET /cormun/servlet/hpexe_return? HTTP/1.1" 200 1035
190.95.67.91 - - [11/Dec/2025:11:58:12 -0300] "GET /cormun/servlet/trpermisosgoce?gx-no-cache=1765463849993 HTTP/1.1" 200 17912
190.95.67.91 - - [11/Dec/2025:11:58:46 -0300] "GET /cormun/servlet/permisogoce?INS,0,,, HTTP/1.1" 200 7152
190.95.67.91 - - [11/Dec/2025:11:58:57 -0300] "POST /cormun/servlet/permisogoce?96030124b2cee66db6755d414031e227,INS,0,,,,gx-no-cache=1765465168566 HTTP/1.1" 200 93
190.95.67.91 - - [11/Dec/2025:11:58:57 -0300] "GET /cormun/servlet/hpexe_return? HTTP/1.1" 200 1035
190.95.67.91 - - [11/Dec/2025:11:58:57 -0300] "GET /cormun/servlet/trpermisosgoce?gx-no-cache=1765463849993 HTTP/1.1" 200 17919
190.95.67.91 - - [11/Dec/2025:11:59:06 -0300] "POST /cormun/servlet/trpermisosgoce?96030124b2cee66db6755d414031e227,gx-no-cache=1765463849993,gx-no-cache=1765465177937 HTTP/1.1" 200 15236
190.95.67.91 - - [11/Dec/2025:11:59:06 -0300] "GET /cormun/static/Shared/jqueryui/images/ui-bg_highlight-soft_100_c6c2c8_1x100.png HTTP/1.1" 404 1117
190.95.67.91 - - [11/Dec/2025:11:59:06 -0300] "GET /cormun/static/Shared/jqueryui/images/ui-icons_82798d_256x240.png HTTP/1.1" 404 1089
190.95.67.91 - - [11/Dec/2025:11:59:06 -0300] "GET /cormun/static/Shared/jqueryui/images/ui-bg_flat_55_fafafa_40x100.png HTTP/1.1" 404 1097
190.95.67.91 - - [11/Dec/2025:11:59:06 -0300] "GET /cormun/static/Shared/jqueryui/images/ui-icons_8d78a5_256x240.png HTTP/1.1" 404 1089
190.95.67.91 - - [11/Dec/2025:11:59:09 -0300] "GET /cormun/servlet/trpermisosadjuntos?15523329,20251211115735,P, HTTP/1.1" 200 6578
190.95.67.91 - - [11/Dec/2025:11:59:11 -0300] "GET /cormun/servlet/permisosadjuntos?INS,15523329,P,20251211115735,, HTTP/1.1" 200 5878
190.95.67.91 - - [11/Dec/2025:11:59:11 -0300] "GET /cormun/static/about:blank HTTP/1.1" 404 1011
190.95.67.91 - - [11/Dec/2025:11:59:21 -0300] "POST /cormun/servlet/permisosadjuntos?96030124b2cee66db6755d414031e227,INS,15523329,P,20251211115735,, HTTP/1.1" 200 116
190.95.67.91 - - [11/Dec/2025:11:59:21 -0300] "GET /cormun/servlet/hpexe_return? HTTP/1.1" 200 1039
190.95.67.91 - - [11/Dec/2025:11:59:21 -0300] "GET /cormun/servlet/trpermisosadjuntos?15523329,20251211115735,P, HTTP/1.1" 200 7073
190.95.2.157 - - [11/Dec/2025:11:59:24 -0300] "GET /cormun/servlet/hlogin HTTP/1.1" 200 1717
190.95.67.91 - - [11/Dec/2025:11:59:24 -0300] "POST /cormun/servlet/trpermisosadjuntos?96030124b2cee66db6755d414031e227,15523329,20251211115735,P,,gx-no-cache=1765465196102 HTTP/1.1" 200 90
190.95.67.91 - - [11/Dec/2025:11:59:24 -0300] "GET /cormun/servlet/hpexe_link HTTP/1.1" 200 1006
190.95.67.91 - - [11/Dec/2025:11:59:24 -0300] "GET /cormun/servlet/trpermisosgoce?gx-no-cache=1765463849993 HTTP/1.1" 200 17913
190.95.2.157 - - [11/Dec/2025:11:59:30 -0300] "POST /cormun/servlet/hlogin?b6ebdddbfc633d9b40160b8b7d318dc4,gx-no-cache=1765465203162 HTTP/1.1" 200 90
190.95.2.157 - - [11/Dec/2025:11:59:30 -0300] "GET /cormun/servlet/hpexe_link HTTP/1.1" 200 946
190.95.2.157 - - [11/Dec/2025:11:59:30 -0300] "GET /cormun/servlet/hhome HTTP/1.1" 200 4311
190.95.2.157 - - [11/Dec/2025:11:59:37 -0300] "GET /cormun/servlet/trlicencias? HTTP/1.1" 200 11715
190.95.67.99 - - [11/Dec/2025:11:59:45 -0300] "POST /cormun/servlet/hlogin?575c02682b9f80097a87edb8ccea0f85,gx-no-cache=1765465216839 HTTP/1.1" 200 90
190.95.67.99 - - [11/Dec/2025:11:59:46 -0300] "GET /cormun/servlet/hpexe_link HTTP/1.1" 200 954
190.95.67.99 - - [11/Dec/2025:11:59:47 -0300] "GET /cormun/servlet/hhome HTTP/1.1" 200 4320
179.57.78.55 - - [11/Dec/2025:11:59:59 -0300] "POST /cormun/servlet/permisosadjuntos?203f8bd8c56b2396ff5a0bb98d131a3d,INS,13945167,P,20251006080758,, HTTP/1.1" 200 116
179.57.78.55 - - [11/Dec/2025:12:00:00 -0300] "GET /cormun/servlet/hpexe_return? HTTP/1.1" 200 1036
179.57.78.55 - - [11/Dec/2025:12:00:00 -0300] "GET /cormun/servlet/trpermisosadjuntos?13945167,20251006080758,P, HTTP/1.1" 200 6707
179.57.78.55 - - [11/Dec/2025:12:00:02 -0300] "GET /cormun/servlet/trpermisosgoce? HTTP/1.1" 200 19269
190.95.67.99 - - [11/Dec/2025:12:00:03 -0300] "GET /cormun/servlet/trpermisosgoce? HTTP/1.1" 200 14580
179.57.78.55 - - [11/Dec/2025:12:00:06 -0300] "POST /cormun/servlet/trpermisosgoce?203f8bd8c56b2396ff5a0bb98d131a3d,,gx-no-cache=1765465237890 HTTP/1.1" 200 16651
179.57.78.55 - - [11/Dec/2025:12:00:07 -0300] "GET /cormun/static/Shared/jqueryui/images/ui-icons_82798d_256x240.png HTTP/1.1" 404 1089
179.57.78.55 - - [11/Dec/2025:12:00:07 -0300] "GET /cormun/static/Shared/jqueryui/images/ui-bg_highlight-soft_100_c6c2c8_1x100.png HTTP/1.1" 404 1117
179.57.78.55 - - [11/Dec/2025:12:00:07 -0300] "GET /cormun/static/Shared/jqueryui/images/ui-bg_flat_55_fafafa_40x100.png HTTP/1.1" 404 1097
179.57.78.55 - - [11/Dec/2025:12:00:07 -0300] "GET /cormun/static/Shared/jqueryui/images/ui-icons_8d78a5_256x240.png HTTP/1.1" 404 1089
190.95.67.91 - - [11/Dec/2025:12:00:07 -0300] "GET /cormun/servlet/permisogoce?INS,0,,, HTTP/1.1" 200 7152
190.95.2.157 - - [11/Dec/2025:12:00:07 -0300] "GET /cormun/servlet/trpermisosgoce? HTTP/1.1" 200 13952
190.95.67.91 - - [11/Dec/2025:12:00:12 -0300] "GET /cormun/servlet/permisogoce?6a04a19781ea4ae055dbca7cce8752cb36b30c38f892397ef291c147ca2aeb4f408e31c0f66eb0e25e93ca79514de90d798cac4f08c607e46d94db2c32f54688,gx-no-cache=1765465244190 HTTP/1.1" 200 76
179.57.78.55 - - [11/Dec/2025:12:00:13 -0300] "GET /cormun/servlet/trpermisosadjuntos?18337350,20251001104008,P, HTTP/1.1" 200 6125
179.57.78.55 - - [11/Dec/2025:12:00:15 -0300] "GET /cormun/servlet/permisosadjuntos?INS,18337350,P,20251001104008,, HTTP/1.1" 200 5626
179.57.78.55 - - [11/Dec/2025:12:00:15 -0300] "GET /cormun/static/about:blank HTTP/1.1" 404 1011
190.95.67.91 - - [11/Dec/2025:12:00:19 -0300] "GET /cormun/servlet/permisogoce?6a04a19781ea4ae055dbca7cce8752cba07b1429c9bf37fb991cba59a62fd69701e4b824ab9b44486e98d99171128380b0810584ae02af4b88ce5f3062101d32,gx-no-cache=1765465251527 HTTP/1.1" 200 48
190.95.67.91 - - [11/Dec/2025:12:00:23 -0300] "POST /cormun/servlet/permisogoce?96030124b2cee66db6755d414031e227,INS,0,,,,gx-no-cache=1765465254590 HTTP/1.1" 200 93
190.95.67.91 - - [11/Dec/2025:12:00:23 -0300] "GET /cormun/servlet/hpexe_return? HTTP/1.1" 200 1035
190.95.67.91 - - [11/Dec/2025:12:00:23 -0300] "GET /cormun/servlet/trpermisosgoce?gx-no-cache=1765463849993 HTTP/1.1" 200 17892
179.57.78.55 - - [11/Dec/2025:12:00:28 -0300] "POST /cormun/servlet/permisosadjuntos?203f8bd8c56b2396ff5a0bb98d131a3d,INS,18337350,P,20251001104008,, HTTP/1.1" 200 116
179.57.78.55 - - [11/Dec/2025:12:00:28 -0300] "GET /cormun/servlet/hpexe_return? HTTP/1.1" 200 1036
179.57.78.55 - - [11/Dec/2025:12:00:28 -0300] "GET /cormun/servlet/trpermisosadjuntos?18337350,20251001104008,P, HTTP/1.1" 200 6702
190.95.67.91 - - [11/Dec/2025:12:00:30 -0300] "POST /cormun/servlet/trpermisosgoce?96030124b2cee66db6755d414031e227,gx-no-cache=1765463849993,gx-no-cache=1765465262112 HTTP/1.1" 200 15197
179.57.78.55 - - [11/Dec/2025:12:00:31 -0300] "GET /cormun/servlet/trpermisosgoce? HTTP/1.1" 200 19265
179.57.78.55 - - [11/Dec/2025:12:00:42 -0300] "POST /cormun/servlet/trpermisosgoce?203f8bd8c56b2396ff5a0bb98d131a3d,,gx-no-cache=1765465273217 HTTP/1.1" 200 16653
179.57.78.55 - - [11/Dec/2025:12:00:48 -0300] "GET /cormun/servlet/trpermisosadjuntos?18337350,20251001103945,P, HTTP/1.1" 200 6125
179.57.78.55 - - [11/Dec/2025:12:00:51 -0300] "GET /cormun/servlet/permisosadjuntos?INS,18337350,P,20251001103945,, HTTP/1.1" 200 5627
179.57.78.55 - - [11/Dec/2025:12:00:52 -0300] "GET /cormun/static/about:blank HTTP/1.1" 404 1011
190.95.67.91 - - [11/Dec/2025:12:01:01 -0300] "GET /cormun/servlet/permisogoce?INS,0,,, HTTP/1.1" 200 7152
179.57.78.55 - - [11/Dec/2025:12:01:02 -0300] "POST /cormun/servlet/permisosadjuntos?203f8bd8c56b2396ff5a0bb98d131a3d,INS,18337350,P,20251001103945,, HTTP/1.1" 200 116
179.57.78.55 - - [11/Dec/2025:12:01:02 -0300] "GET /cormun/servlet/hpexe_return? HTTP/1.1" 200 1036
179.57.78.55 - - [11/Dec/2025:12:01:03 -0300] "GET /cormun/servlet/trpermisosadjuntos?18337350,20251001103945,P, HTTP/1.1" 200 6703
179.57.78.55 - - [11/Dec/2025:12:01:05 -0300] "GET /cormun/servlet/trpermisosgoce? HTTP/1.1" 200 19260
