190.95.67.91 - - [11/Dec/2025:11:28:34 -0300] "GET /cormun/servlet/hpexe_return? HTTP/1.1" 200 1034
190.95.67.91 - - [11/Dec/2025:11:28:34 -0300] "GET /cormun/servlet/trpermisosgoce?gx-no-cache=1765456951196 HTTP/1.1" 200 17903
190.95.67.91 - - [11/Dec/2025:11:28:43 -0300] "GET /cormun/servlet/trpermisosadjuntos?6862513,20251211112847,P, HTTP/1.1" 200 6583
190.95.67.91 - - [11/Dec/2025:11:28:45 -0300] "GET /cormun/servlet/permisosadjuntos?INS,6862513,P,20251211112847,, HTTP/1.1" 200 5886
190.95.67.91 - - [11/Dec/2025:11:28:45 -0300] "GET /cormun/static/about:blank HTTP/1.1" 404 1011
201.186.226.3 - - [11/Dec/2025:11:28:45 -0300] "GET /cormun/servlet/permisogoce?279ae3d869bb44d7064270703b64dff073d4aca046125f4013308d2c3087c48988c65037e4c576653c75a80660044e2bcf08134c1603280e53f3bf25d7fe90b8,gx-no-cache=1765463358046 HTTP/1.1" 200 84
190.95.67.91 - - [11/Dec/2025:11:28:56 -0300] "POST /cormun/servlet/permisosadjuntos?96030124b2cee66db6755d414031e227,INS,6862513,P,20251211112847,, HTTP/1.1" 200 116
190.95.67.91 - - [11/Dec/2025:11:28:56 -0300] "GET /cormun/servlet/hpexe_return? HTTP/1.1" 200 1038
190.95.67.91 - - [11/Dec/2025:11:28:56 -0300] "GET /cormun/servlet/trpermisosadjuntos?6862513,20251211112847,P, HTTP/1.1" 200 7123
190.95.67.91 - - [11/Dec/2025:11:28:58 -0300] "POST /cormun/servlet/trpermisosadjuntos?96030124b2cee66db6755d414031e227,6862513,20251211112847,P,,gx-no-cache=1765463370104 HTTP/1.1" 200 90
190.95.67.91 - - [11/Dec/2025:11:28:58 -0300] "GET /cormun/servlet/hpexe_link HTTP/1.1" 200 1005
190.95.67.91 - - [11/Dec/2025:11:28:58 -0300] "GET /cormun/servlet/trpermisosgoce?gx-no-cache=1765456951196 HTTP/1.1" 200 17954
190.95.67.91 - - [11/Dec/2025:11:29:00 -0300] "POST /cormun/servlet/trpermisosgoce?96030124b2cee66db6755d414031e227,gx-no-cache=1765456951196,gx-no-cache=1765463372267 HTTP/1.1" 200 15231
201.186.226.3 - - [11/Dec/2025:11:29:08 -0300] "GET /cormun/servlet/permisogoce?279ae3d869bb44d7064270703b64dff0ae4afe9eae44c18e3e1d84b2c1798ad68921bbbea74ed6ea33bf523599b9803a2e4804b5fb2b035be5971456df56c4f3,gx-no-cache=1765463381315 HTTP/1.1" 200 48
201.186.226.3 - - [11/Dec/2025:11:29:14 -0300] "POST /cormun/servlet/permisogoce?e495883ac3c3455a27783f4445b1aa6a,INS,0,,,,gx-no-cache=1765463386531 HTTP/1.1" 200 93
201.186.226.3 - - [11/Dec/2025:11:29:14 -0300] "GET /cormun/servlet/hpexe_return? HTTP/1.1" 200 1009
201.186.226.3 - - [11/Dec/2025:11:29:14 -0300] "GET /cormun/servlet/trpermisosgoce HTTP/1.1" 200 14919
190.95.67.91 - - [11/Dec/2025:11:29:17 -0300] "GET /cormun/servlet/permisogoce?INS,0,,, HTTP/1.1" 200 7154
190.95.67.91 - - [11/Dec/2025:11:29:23 -0300] "GET /cormun/servlet/permisogoce?6a04a19781ea4ae055dbca7cce8752cb1c875fec1f2ef950114713554bc43ab9d67bc1b80e70d116fe386d3f0f872fa1a1fa4b92651d1f1f3a639867e0b524e3,gx-no-cache=1765463395331 HTTP/1.1" 200 84
190.95.67.91 - - [11/Dec/2025:11:29:32 -0300] "GET /cormun/servlet/permisogoce?6a04a19781ea4ae055dbca7cce8752cbd04c9232b963f83aca614b9292303c367823916046c0cd99dd532d30218e178de36f106a68aaabb65ae0bbf1026d6d46,gx-no-cache=1765463404283 HTTP/1.1" 200 48
201.186.226.3 - - [11/Dec/2025:11:29:36 -0300] "GET /cormun/servlet/apermisogoceprn?18043654,P,20251211112754,PU HTTP/1.1" 200 1664
190.95.67.91 - - [11/Dec/2025:11:30:15 -0300] "POST /cormun/servlet/permisogoce?96030124b2cee66db6755d414031e227,INS,0,,,,gx-no-cache=1765463446864 HTTP/1.1" 200 93
190.95.67.91 - - [11/Dec/2025:11:30:15 -0300] "GET /cormun/servlet/hpexe_return? HTTP/1.1" 200 1034
190.95.67.91 - - [11/Dec/2025:11:30:15 -0300] "GET /cormun/servlet/trpermisosgoce?gx-no-cache=1765456951196 HTTP/1.1" 200 17907
190.95.67.91 - - [11/Dec/2025:11:30:17 -0300] "GET /cormun/servlet/trpermisosadjuntos?6862513,20251211112946,P, HTTP/1.1" 200 6583
190.95.67.91 - - [11/Dec/2025:11:30:22 -0300] "GET /cormun/servlet/permisosadjuntos?INS,6862513,P,20251211112946,, HTTP/1.1" 200 5888
190.95.67.91 - - [11/Dec/2025:11:30:23 -0300] "GET /cormun/static/about:blank HTTP/1.1" 404 1011
190.95.67.91 - - [11/Dec/2025:11:30:35 -0300] "POST /cormun/servlet/permisosadjuntos?96030124b2cee66db6755d414031e227,INS,6862513,P,20251211112946,, HTTP/1.1" 200 116
190.95.67.91 - - [11/Dec/2025:11:30:35 -0300] "GET /cormun/servlet/hpexe_return? HTTP/1.1" 200 1037
190.95.67.91 - - [11/Dec/2025:11:30:35 -0300] "GET /cormun/servlet/trpermisosadjuntos?6862513,20251211112946,P, HTTP/1.1" 200 7104
201.186.226.3 - - [11/Dec/2025:11:30:46 -0300] "GET /cormun/servlet/permisogoce?INS,0,,, HTTP/1.1" 200 6792
190.95.67.91 - - [11/Dec/2025:11:30:46 -0300] "POST /cormun/servlet/trpermisosadjuntos?96030124b2cee66db6755d414031e227,6862513,20251211112946,P,,gx-no-cache=1765463478328 HTTP/1.1" 200 90
190.95.67.91 - - [11/Dec/2025:11:30:46 -0300] "GET /cormun/servlet/hpexe_link HTTP/1.1" 200 1004
190.95.67.91 - - [11/Dec/2025:11:30:46 -0300] "GET /cormun/servlet/trpermisosgoce?gx-no-cache=1765456951196 HTTP/1.1" 200 17863
190.95.67.91 - - [11/Dec/2025:11:30:50 -0300] "POST /cormun/servlet/trpermisosgoce?96030124b2cee66db6755d414031e227,gx-no-cache=1765456951196,gx-no-cache=1765463481699 HTTP/1.1" 200 15181
190.95.67.91 - - [11/Dec/2025:11:30:52 -0300] "GET /cormun/servlet/permisogoce?INS,0,,, HTTP/1.1" 200 7153
190.95.67.91 - - [11/Dec/2025:11:30:59 -0300] "GET /cormun/servlet/permisogoce?6a04a19781ea4ae055dbca7cce8752cbd25fb065a5ded60b7fadfee713d9e1d3408e31c0f66eb0e25e93ca79514de90d798cac4f08c607e46d94db2c32f54688,gx-no-cache=1765463490683 HTTP/1.1" 200 82
190.95.67.91 - - [11/Dec/2025:11:31:10 -0300] "GET /cormun/servlet/permisogoce?6a04a19781ea4ae055dbca7cce8752cb1071dc4375816412c3bc39ac4a1952e5ca2bb0e70fa6f9137719f17c341084fbb0810584ae02af4b88ce5f3062101d32,gx-no-cache=1765463502322 HTTP/1.1" 200 47
190.95.67.91 - - [11/Dec/2025:11:31:17 -0300] "POST /cormun/servlet/permisogoce?96030124b2cee66db6755d414031e227,INS,0,,,,gx-no-cache=1765463508680 HTTP/1.1" 200 93
190.95.67.91 - - [11/Dec/2025:11:31:17 -0300] "GET /cormun/servlet/hpexe_return? HTTP/1.1" 200 1034
190.95.67.91 - - [11/Dec/2025:11:31:17 -0300] "GET /cormun/servlet/trpermisosgoce?gx-no-cache=1765456951196 HTTP/1.1" 200 17968
190.95.67.91 - - [11/Dec/2025:11:31:19 -0300] "GET /cormun/servlet/trpermisosadjuntos?19017119,20251211113121,P, HTTP/1.1" 200 6581
190.95.67.91 - - [11/Dec/2025:11:31:21 -0300] "GET /cormun/servlet/permisosadjuntos?INS,19017119,P,20251211113121,, HTTP/1.1" 200 5878
190.95.67.91 - - [11/Dec/2025:11:31:21 -0300] "GET /cormun/static/about:blank HTTP/1.1" 404 1011
190.95.67.91 - - [11/Dec/2025:11:31:30 -0300] "POST /cormun/servlet/permisosadjuntos?96030124b2cee66db6755d414031e227,INS,19017119,P,20251211113121,, HTTP/1.1" 200 116
190.95.67.91 - - [11/Dec/2025:11:31:30 -0300] "GET /cormun/servlet/hpexe_return? HTTP/1.1" 200 1039
190.95.67.91 - - [11/Dec/2025:11:31:30 -0300] "GET /cormun/servlet/trpermisosadjuntos?19017119,20251211113121,P, HTTP/1.1" 200 7090
190.95.67.91 - - [11/Dec/2025:11:31:32 -0300] "POST /cormun/servlet/trpermisosadjuntos?96030124b2cee66db6755d414031e227,19017119,20251211113121,P,,gx-no-cache=1765463523952 HTTP/1.1" 200 90
190.95.67.91 - - [11/Dec/2025:11:31:32 -0300] "GET /cormun/servlet/hpexe_link HTTP/1.1" 200 1005
190.95.67.91 - - [11/Dec/2025:11:31:32 -0300] "GET /cormun/servlet/trpermisosgoce?gx-no-cache=1765456951196 HTTP/1.1" 200 17913
190.95.67.91 - - [11/Dec/2025:11:31:35 -0300] "POST /cormun/servlet/trpermisosgoce?96030124b2cee66db6755d414031e227,gx-no-cache=1765456951196,gx-no-cache=1765463526994 HTTP/1.1" 200 15210
190.95.67.91 - - [11/Dec/2025:11:33:04 -0300] "GET /cormun/servlet/permisogoce?INS,0,,, HTTP/1.1" 200 7152
190.95.67.91 - - [11/Dec/2025:11:33:12 -0300] "GET /cormun/servlet/permisogoce?6a04a19781ea4ae055dbca7cce8752cb772197315378cf42f532fd2b68324767408e31c0f66eb0e25e93ca79514de90d798cac4f08c607e46d94db2c32f54688,gx-no-cache=1765463623896 HTTP/1.1" 200 76
190.95.67.91 - - [11/Dec/2025:11:33:19 -0300] "GET /cormun/servlet/permisogoce?6a04a19781ea4ae055dbca7cce8752cbbfe6ec07f2f90294264d337679b5a73e83b1d074b4101e37be3a5df0381ba20db0810584ae02af4b88ce5f3062101d32,gx-no-cache=1765463630986 HTTP/1.1" 200 48
190.95.67.91 - - [11/Dec/2025:11:33:22 -0300] "POST /cormun/servlet/permisogoce?96030124b2cee66db6755d414031e227,INS,0,,,,gx-no-cache=1765463633696 HTTP/1.1" 200 93
190.95.67.91 - - [11/Dec/2025:11:33:22 -0300] "GET /cormun/servlet/hpexe_return? HTTP/1.1" 200 1034
190.95.67.91 - - [11/Dec/2025:11:33:22 -0300] "GET /cormun/servlet/trpermisosgoce?gx-no-cache=1765456951196 HTTP/1.1" 200 17987
190.95.67.91 - - [11/Dec/2025:11:33:26 -0300] "GET /cormun/servlet/trpermisosadjuntos?26926082,20251211113333,P, HTTP/1.1" 200 6577
190.95.67.91 - - [11/Dec/2025:11:33:28 -0300] "GET /cormun/servlet/permisosadjuntos?INS,26926082,P,20251211113333,, HTTP/1.1" 200 5877
190.95.67.91 - - [11/Dec/2025:11:33:28 -0300] "GET /cormun/static/about:blank HTTP/1.1" 404 1011
190.95.67.91 - - [11/Dec/2025:11:33:38 -0300] "POST /cormun/servlet/permisosadjuntos?96030124b2cee66db6755d414031e227,INS,26926082,P,20251211113333,, HTTP/1.1" 200 116
190.95.67.91 - - [11/Dec/2025:11:33:38 -0300] "GET /cormun/servlet/hpexe_return? HTTP/1.1" 200 1039
190.95.67.91 - - [11/Dec/2025:11:33:38 -0300] "GET /cormun/servlet/trpermisosadjuntos?26926082,20251211113333,P, HTTP/1.1" 200 7077
190.95.67.91 - - [11/Dec/2025:11:33:48 -0300] "POST /cormun/servlet/trpermisosadjuntos?96030124b2cee66db6755d414031e227,26926082,20251211113333,P,,gx-no-cache=1765463660344 HTTP/1.1" 200 90
190.95.67.91 - - [11/Dec/2025:11:33:48 -0300] "GET /cormun/servlet/hpexe_link HTTP/1.1" 200 1005
190.95.67.91 - - [11/Dec/2025:11:33:48 -0300] "GET /cormun/servlet/trpermisosgoce?gx-no-cache=1765456951196 HTTP/1.1" 200 18017
190.95.67.91 - - [11/Dec/2025:11:33:51 -0300] "POST /cormun/servlet/trpermisosgoce?96030124b2cee66db6755d414031e227,gx-no-cache=1765456951196,gx-no-cache=1765463662466 HTTP/1.1" 200 15292
190.95.67.91 - - [11/Dec/2025:11:33:52 -0300] "GET /cormun/servlet/permisogoce?INS,0,,, HTTP/1.1" 200 7153
190.95.67.91 - - [11/Dec/2025:11:33:59 -0300] "GET /cormun/servlet/permisogoce?6a04a19781ea4ae055dbca7cce8752cb8416e7cf124927be9c50af9000e84b43408e31c0f66eb0e25e93ca79514de90d798cac4f08c607e46d94db2c32f54688,gx-no-cache=1765463671487 HTTP/1.1" 200 75
190.95.67.91 - - [11/Dec/2025:11:34:06 -0300] "GET /cormun/servlet/permisogoce?6a04a19781ea4ae055dbca7cce8752cbaedf43a7c783d1390947b76465a9d9f76b1c485fc9103cae1ae3e09dbd2026c8b0810584ae02af4b88ce5f3062101d32,gx-no-cache=1765463678329 HTTP/1.1" 200 47
190.95.67.91 - - [11/Dec/2025:11:34:16 -0300] "POST /cormun/servlet/permisogoce?96030124b2cee66db6755d414031e227,INS,0,,,,gx-no-cache=1765463688080 HTTP/1.1" 200 93
190.95.67.91 - - [11/Dec/2025:11:34:16 -0300] "GET /cormun/servlet/hpexe_return? HTTP/1.1" 200 1034
190.95.67.91 - - [11/Dec/2025:11:34:17 -0300] "GET /cormun/servlet/trpermisosgoce?gx-no-cache=1765456951196 HTTP/1.1" 200 18036
190.95.67.91 - - [11/Dec/2025:11:34:19 -0300] "GET /cormun/servlet/trpermisosadjuntos?17526557,20251211113421,P, HTTP/1.1" 200 6580
190.95.67.91 - - [11/Dec/2025:11:34:21 -0300] "GET /cormun/servlet/permisosadjuntos?INS,17526557,P,20251211113421,, HTTP/1.1" 200 5880
190.95.67.91 - - [11/Dec/2025:11:34:21 -0300] "GET /cormun/static/about:blank HTTP/1.1" 404 1011
190.95.67.91 - - [11/Dec/2025:11:34:35 -0300] "POST /cormun/servlet/permisosadjuntos?96030124b2cee66db6755d414031e227,INS,17526557,P,20251211113421,, HTTP/1.1" 200 116
190.95.67.91 - - [11/Dec/2025:11:34:35 -0300] "GET /cormun/servlet/hpexe_return? HTTP/1.1" 200 1040
190.95.67.91 - - [11/Dec/2025:11:34:35 -0300] "GET /cormun/servlet/trpermisosadjuntos?17526557,20251211113421,P, HTTP/1.1" 200 7103
190.95.67.91 - - [11/Dec/2025:11:34:38 -0300] "POST /cormun/servlet/trpermisosadjuntos?96030124b2cee66db6755d414031e227,17526557,20251211113421,P,,gx-no-cache=1765463709905 HTTP/1.1" 200 90
190.95.67.91 - - [11/Dec/2025:11:34:38 -0300] "GET /cormun/servlet/hpexe_link HTTP/1.1" 200 1007
190.95.67.91 - - [11/Dec/2025:11:34:38 -0300] "GET /cormun/servlet/trpermisosgoce?gx-no-cache=1765456951196 HTTP/1.1" 200 18021
190.95.67.91 - - [11/Dec/2025:11:34:40 -0300] "POST /cormun/servlet/trpermisosgoce?96030124b2cee66db6755d414031e227,gx-no-cache=1765456951196,gx-no-cache=1765463712002 HTTP/1.1" 200 15322
190.95.67.91 - - [11/Dec/2025:11:34:51 -0300] "GET /cormun/servlet/permisogoce?INS,0,,, HTTP/1.1" 200 7152
190.95.67.91 - - [11/Dec/2025:11:34:56 -0300] "GET /cormun/servlet/permisogoce?6a04a19781ea4ae055dbca7cce8752cb8416e7cf124927be9c50af9000e84b43408e31c0f66eb0e25e93ca79514de90d798cac4f08c607e46d94db2c32f54688,gx-no-cache=1765463728159 HTTP/1.1" 200 76
190.95.67.91 - - [11/Dec/2025:11:35:05 -0300] "GET /cormun/servlet/permisogoce?6a04a19781ea4ae055dbca7cce8752cbaedf43a7c783d1390947b76465a9d9f78f4672c3bf665d8d2ac8d5d2e39a5edeee92632dcdf0fc4b7391402a04463c1b,gx-no-cache=1765463736794 HTTP/1.1" 200 48
190.95.67.91 - - [11/Dec/2025:11:35:07 -0300] "POST /cormun/servlet/permisogoce?96030124b2cee66db6755d414031e227,INS,0,,,,gx-no-cache=1765463738847 HTTP/1.1" 200 93
190.95.67.91 - - [11/Dec/2025:11:35:07 -0300] "GET /cormun/servlet/hpexe_return? HTTP/1.1" 200 1034
190.95.67.91 - - [11/Dec/2025:11:35:07 -0300] "GET /cormun/servlet/trpermisosgoce?gx-no-cache=1765456951196 HTTP/1.1" 200 18073
190.95.67.91 - - [11/Dec/2025:11:35:10 -0300] "GET /cormun/servlet/trpermisosadjuntos?17526557,20251211113520,P, HTTP/1.1" 200 6579
190.95.67.91 - - [11/Dec/2025:11:35:11 -0300] "GET /cormun/servlet/permisosadjuntos?INS,17526557,P,20251211113520,, HTTP/1.1" 200 5881
190.95.67.91 - - [11/Dec/2025:11:35:11 -0300] "GET /cormun/static/about:blank HTTP/1.1" 404 1011
190.95.67.91 - - [11/Dec/2025:11:35:21 -0300] "POST /cormun/servlet/permisosadjuntos?96030124b2cee66db6755d414031e227,INS,17526557,P,20251211113520,, HTTP/1.1" 200 116
190.95.67.91 - - [11/Dec/2025:11:35:21 -0300] "GET /cormun/servlet/hpexe_return? HTTP/1.1" 200 1040
190.95.67.91 - - [11/Dec/2025:11:35:21 -0300] "GET /cormun/servlet/trpermisosadjuntos?17526557,20251211113520,P, HTTP/1.1" 200 7100
190.95.67.91 - - [11/Dec/2025:11:35:24 -0300] "POST /cormun/servlet/trpermisosadjuntos?96030124b2cee66db6755d414031e227,17526557,20251211113520,P,,gx-no-cache=1765463756104 HTTP/1.1" 200 90
190.95.67.91 - - [11/Dec/2025:11:35:24 -0300] "GET /cormun/servlet/hpexe_link HTTP/1.1" 200 1007
190.95.67.91 - - [11/Dec/2025:11:35:24 -0300] "GET /cormun/servlet/trpermisosgoce?gx-no-cache=1765456951196 HTTP/1.1" 200 17953
190.95.67.91 - - [11/Dec/2025:11:35:26 -0300] "GET /cormun/servlet/trpermisosadjuntos?17526557,20251211113520,P, HTTP/1.1" 200 7119
190.95.67.91 - - [11/Dec/2025:11:35:30 -0300] "POST /cormun/servlet/trpermisosadjuntos?96030124b2cee66db6755d414031e227,17526557,20251211113520,P,,gx-no-cache=1765463762430 HTTP/1.1" 200 90
190.95.67.91 - - [11/Dec/2025:11:35:30 -0300] "GET /cormun/servlet/hpexe_link HTTP/1.1" 200 1007
190.95.67.91 - - [11/Dec/2025:11:35:31 -0300] "GET /cormun/servlet/trpermisosgoce?gx-no-cache=1765456951196 HTTP/1.1" 200 18070
190.95.67.91 - - [11/Dec/2025:11:35:35 -0300] "POST /cormun/servlet/trpermisosgoce?96030124b2cee66db6755d414031e227,gx-no-cache=1765456951196,gx-no-cache=1765463766346 HTTP/1.1" 200 15321
201.186.226.3 - - [11/Dec/2025:11:35:51 -0300] "GET /cormun/servlet/permisogoce?279ae3d869bb44d7064270703b64dff01403255b951c772eb87a922394fc110fe094a26852bd25b1466ffea1969c7a283ace2e711826a924d59c3b8d49611040,gx-no-cache=1765463784228 HTTP/1.1" 200 75
190.95.67.91 - - [11/Dec/2025:11:35:57 -0300] "GET /cormun/servlet/trautorizarpermisogoce? HTTP/1.1" 200 13247
190.95.67.91 - - [11/Dec/2025:11:35:59 -0300] "POST /cormun/servlet/trautorizarpermisogoce?96030124b2cee66db6755d414031e227,,gx-no-cache=1765463790585 HTTP/1.1" 200 10170
190.95.67.91 - - [11/Dec/2025:11:35:59 -0300] "POST /cormun/servlet/trautorizarpermisogoce?96030124b2cee66db6755d414031e227,,gx-no-cache=1765463791079 HTTP/1.1" 200 9907
190.95.67.91 - - [11/Dec/2025:11:36:00 -0300] "POST /cormun/servlet/trautorizarpermisogoce?96030124b2cee66db6755d414031e227,,gx-no-cache=1765463791455 HTTP/1.1" 200 9684
190.95.67.91 - - [11/Dec/2025:11:36:00 -0300] "POST /cormun/servlet/trautorizarpermisogoce?96030124b2cee66db6755d414031e227,,gx-no-cache=1765463791975 HTTP/1.1" 200 9324
190.95.67.91 - - [11/Dec/2025:11:36:01 -0300] "POST /cormun/servlet/trautorizarpermisogoce?96030124b2cee66db6755d414031e227,,gx-no-cache=1765463792607 HTTP/1.1" 200 8946
201.186.225.183 - - [11/Dec/2025:11:36:01 -0300] "GET /favicon.ico HTTP/1.1" 200 21630
190.95.67.91 - - [11/Dec/2025:11:36:01 -0300] "POST /cormun/servlet/trautorizarpermisogoce?96030124b2cee66db6755d414031e227,,gx-no-cache=1765463793295 HTTP/1.1" 200 8729
201.186.225.183 - - [11/Dec/2025:11:36:01 -0300] "GET /cormun/servlet/trpermisosgoce? HTTP/1.1" 200 6029
201.186.225.183 - - [11/Dec/2025:11:36:02 -0300] "GET /cormun/servlet/hlogin HTTP/1.1" 200 1739
201.186.225.183 - - [11/Dec/2025:11:36:02 -0300] "GET /cormun/servlet/trpermisosgoce? HTTP/1.1" 200 6025
190.95.67.91 - - [11/Dec/2025:11:36:02 -0300] "POST /cormun/servlet/trautorizarpermisogoce?96030124b2cee66db6755d414031e227,,gx-no-cache=1765463793911 HTTP/1.1" 200 8364
190.95.67.91 - - [11/Dec/2025:11:36:03 -0300] "POST /cormun/servlet/trautorizarpermisogoce?96030124b2cee66db6755d414031e227,,gx-no-cache=1765463794551 HTTP/1.1" 200 8042
190.95.67.91 - - [11/Dec/2025:11:36:03 -0300] "POST /cormun/servlet/trautorizarpermisogoce?96030124b2cee66db6755d414031e227,,gx-no-cache=1765463795175 HTTP/1.1" 200 7368
190.95.67.91 - - [11/Dec/2025:11:36:04 -0300] "POST /cormun/servlet/trautorizarpermisogoce?96030124b2cee66db6755d414031e227,,gx-no-cache=1765463795911 HTTP/1.1" 200 7128
190.95.67.91 - - [11/Dec/2025:11:36:05 -0300] "POST /cormun/servlet/trautorizarpermisogoce?96030124b2cee66db6755d414031e227,,gx-no-cache=1765463796598 HTTP/1.1" 200 6879
190.95.67.91 - - [11/Dec/2025:11:36:05 -0300] "POST /cormun/servlet/trautorizarpermisogoce?96030124b2cee66db6755d414031e227,,gx-no-cache=1765463797207 HTTP/1.1" 200 6521
190.95.67.91 - - [11/Dec/2025:11:36:06 -0300] "POST /cormun/servlet/trautorizarpermisogoce?96030124b2cee66db6755d414031e227,,gx-no-cache=1765463797855 HTTP/1.1" 200 6131
190.95.67.91 - - [11/Dec/2025:11:36:07 -0300] "POST /cormun/servlet/trautorizarpermisogoce?96030124b2cee66db6755d414031e227,,gx-no-cache=1765463798526 HTTP/1.1" 200 5597
201.186.225.183 - - [11/Dec/2025:11:36:07 -0300] "POST /cormun/servlet/hlogin?7596a4afc11f72771d8a62fc8d6d6d77,gx-no-cache=1765463799969 HTTP/1.1" 200 90
201.186.225.183 - - [11/Dec/2025:11:36:07 -0300] "GET /cormun/servlet/hpexe_link HTTP/1.1" 200 956
190.95.67.91 - - [11/Dec/2025:11:36:07 -0300] "POST /cormun/servlet/trautorizarpermisogoce?96030124b2cee66db6755d414031e227,,gx-no-cache=1765463799158 HTTP/1.1" 200 5304
201.186.225.183 - - [11/Dec/2025:11:36:07 -0300] "GET /cormun/servlet/trpermisosgoce HTTP/1.1" 200 18315
190.95.67.91 - - [11/Dec/2025:11:36:08 -0300] "POST /cormun/servlet/trautorizarpermisogoce?96030124b2cee66db6755d414031e227,,gx-no-cache=1765463799846 HTTP/1.1" 200 4544
190.95.67.91 - - [11/Dec/2025:11:36:10 -0300] "GET /cormun/servlet/trpermisosgoce? HTTP/1.1" 200 17968
190.95.67.91 - - [11/Dec/2025:11:36:14 -0300] "GET /cormun/servlet/permisogoce?INS,0,,, HTTP/1.1" 200 7131
201.186.226.3 - - [11/Dec/2025:11:36:15 -0300] "GET /cormun/servlet/permisogoce?279ae3d869bb44d7064270703b64dff0a3e67238894ce6df1b7f86c154b72b14db655e3aa035abed9969174976185fecd224bf4b8d2565347845fbc119834a5e,gx-no-cache=1765463807852 HTTP/1.1" 200 48
201.186.225.183 - - [11/Dec/2025:11:36:16 -0300] "POST /cormun/servlet/trpermisosgoce?7596a4afc11f72771d8a62fc8d6d6d77,gx-no-cache=1765463809087 HTTP/1.1" 200 4851
201.186.225.183 - - [11/Dec/2025:11:36:18 -0300] "GET /cormun/servlet/trpermisosadjuntos?18776477,20251209121638,P, HTTP/1.1" 200 6288
201.186.225.183 - - [11/Dec/2025:11:36:18 -0300] "GET /cormun/static/gxcfg.js?2020121641683 HTTP/1.1" 200 953
201.186.225.183 - - [11/Dec/2025:11:36:18 -0300] "GET /cormun/static/trpermisosadjuntos.js?2020121642996 HTTP/1.1" 200 20158
201.186.225.183 - - [11/Dec/2025:11:36:20 -0300] "GET /cormun/servlet/permisosadjuntos?INS,18776477,P,20251209121638,, HTTP/1.1" 200 5611
190.95.67.91 - - [11/Dec/2025:11:36:20 -0300] "GET /cormun/servlet/permisogoce?6a04a19781ea4ae055dbca7cce8752cb8416e7cf124927be9c50af9000e84b43408e31c0f66eb0e25e93ca79514de90d798cac4f08c607e46d94db2c32f54688,gx-no-cache=1765463812170 HTTP/1.1" 200 77
201.186.225.183 - - [11/Dec/2025:11:36:20 -0300] "GET /cormun/static/permisosadjuntos.js?20201215134285 HTTP/1.1" 200 8724
201.186.225.183 - - [11/Dec/2025:11:36:20 -0300] "GET /cormun/static/gxcfg.js?20201215134212 HTTP/1.1" 200 953
201.186.225.183 - - [11/Dec/2025:11:36:20 -0300] "GET /cormun/static/about:blank HTTP/1.1" 404 1011
201.186.225.183 - - [11/Dec/2025:11:36:26 -0300] "POST /cormun/servlet/permisosadjuntos?7596a4afc11f72771d8a62fc8d6d6d77,INS,18776477,P,20251209121638,, HTTP/1.1" 200 116
201.186.225.183 - - [11/Dec/2025:11:36:26 -0300] "GET /cormun/servlet/hpexe_return? HTTP/1.1" 200 1037
201.186.225.183 - - [11/Dec/2025:11:36:27 -0300] "GET /cormun/servlet/trpermisosadjuntos?18776477,20251209121638,P, HTTP/1.1" 200 6746
201.186.226.3 - - [11/Dec/2025:11:36:28 -0300] "POST /cormun/servlet/permisogoce?e495883ac3c3455a27783f4445b1aa6a,INS,0,,,,gx-no-cache=1765463820874 HTTP/1.1" 200 93
201.186.226.3 - - [11/Dec/2025:11:36:28 -0300] "GET /cormun/servlet/hpexe_return? HTTP/1.1" 200 1009
201.186.226.3 - - [11/Dec/2025:11:36:29 -0300] "GET /cormun/servlet/trpermisosgoce HTTP/1.1" 200 15087
201.186.225.183 - - [11/Dec/2025:11:36:30 -0300] "GET /cormun/servlet/trpermisosgoce? HTTP/1.1" 200 7657
190.95.67.91 - - [11/Dec/2025:11:36:30 -0300] "GET /cormun/servlet/permisogoce?6a04a19781ea4ae055dbca7cce8752cbaedf43a7c783d1390947b76465a9d9f7d3f334edc8cd14697b6eea06c4fa107cb0810584ae02af4b88ce5f3062101d32,gx-no-cache=1765463822617 HTTP/1.1" 200 48
201.186.225.183 - - [11/Dec/2025:11:36:32 -0300] "POST /cormun/servlet/trpermisosgoce?7596a4afc11f72771d8a62fc8d6d6d77,,gx-no-cache=1765463825255 HTTP/1.1" 200 4859
190.95.67.91 - - [11/Dec/2025:11:36:34 -0300] "POST /cormun/servlet/permisogoce?96030124b2cee66db6755d414031e227,INS,0,,,,gx-no-cache=1765463826079 HTTP/1.1" 200 93
190.95.67.91 - - [11/Dec/2025:11:36:34 -0300] "GET /cormun/servlet/hpexe_return? HTTP/1.1" 200 1012
190.95.67.91 - - [11/Dec/2025:11:36:35 -0300] "GET /cormun/servlet/trpermisosgoce HTTP/1.1" 200 17956
201.186.225.183 - - [11/Dec/2025:11:36:38 -0300] "POST /cormun/servlet/trpermisosgoce?7596a4afc11f72771d8a62fc8d6d6d77,,gx-no-cache=1765463830493 HTTP/1.1" 200 5127
190.95.67.91 - - [11/Dec/2025:11:36:39 -0300] "GET /cormun/servlet/trpermisosadjuntos?17526557,20251211113643,P, HTTP/1.1" 200 6559
190.95.67.91 - - [11/Dec/2025:11:36:41 -0300] "GET /cormun/servlet/permisosadjuntos?INS,17526557,P,20251211113643,, HTTP/1.1" 200 5883
190.95.67.91 - - [11/Dec/2025:11:36:41 -0300] "GET /cormun/static/about:blank HTTP/1.1" 404 1011
201.186.225.183 - - [11/Dec/2025:11:36:42 -0300] "GET /cormun/servlet/trpermisosadjuntos?16494479,20251209121555,P, HTTP/1.1" 200 6286
201.186.225.183 - - [11/Dec/2025:11:36:44 -0300] "GET /cormun/servlet/permisosadjuntos?INS,16494479,P,20251209121555,, HTTP/1.1" 200 5605
201.186.225.183 - - [11/Dec/2025:11:36:44 -0300] "GET /cormun/static/about:blank HTTP/1.1" 404 1011
190.95.67.91 - - [11/Dec/2025:11:36:54 -0300] "POST /cormun/servlet/permisosadjuntos?96030124b2cee66db6755d414031e227,INS,17526557,P,20251211113643,, HTTP/1.1" 200 116
190.95.67.91 - - [11/Dec/2025:11:36:54 -0300] "GET /cormun/servlet/hpexe_return? HTTP/1.1" 200 1040
201.186.225.183 - - [11/Dec/2025:11:36:54 -0300] "POST /cormun/servlet/permisosadjuntos?7596a4afc11f72771d8a62fc8d6d6d77,INS,16494479,P,20251209121555,, HTTP/1.1" 200 116
201.186.225.183 - - [11/Dec/2025:11:36:54 -0300] "GET /cormun/servlet/hpexe_return? HTTP/1.1" 200 1038
190.95.67.91 - - [11/Dec/2025:11:36:54 -0300] "GET /cormun/servlet/trpermisosadjuntos?17526557,20251211113643,P, HTTP/1.1" 200 7104
201.186.225.183 - - [11/Dec/2025:11:36:54 -0300] "GET /cormun/servlet/trpermisosadjuntos?16494479,20251209121555,P, HTTP/1.1" 200 6745
190.95.67.91 - - [11/Dec/2025:11:36:55 -0300] "POST /cormun/servlet/trpermisosadjuntos?96030124b2cee66db6755d414031e227,17526557,20251211113643,P,,gx-no-cache=1765463847344 HTTP/1.1" 200 90
190.95.67.91 - - [11/Dec/2025:11:36:55 -0300] "GET /cormun/servlet/hpexe_link HTTP/1.1" 200 985
190.95.67.91 - - [11/Dec/2025:11:36:55 -0300] "GET /cormun/servlet/trpermisosgoce HTTP/1.1" 200 17939
201.186.225.183 - - [11/Dec/2025:11:36:56 -0300] "GET /cormun/servlet/trpermisosgoce? HTTP/1.1" 200 7912
190.95.67.91 - - [11/Dec/2025:11:36:58 -0300] "POST /cormun/servlet/trpermisosgoce?96030124b2cee66db6755d414031e227,gx-no-cache=1765463849993 HTTP/1.1" 200 15257
201.186.226.3 - - [11/Dec/2025:11:37:00 -0300] "GET /cormun/servlet/apermisogoceprn?8248266,P,20251211113115,PU HTTP/1.1" 200 1645
190.95.67.91 - - [11/Dec/2025:11:37:12 -0300] "GET /cormun/servlet/permisogoce?INS,0,,, HTTP/1.1" 200 7131
201.186.225.183 - - [11/Dec/2025:11:37:14 -0300] "POST /cormun/servlet/trpermisosgoce?7596a4afc11f72771d8a62fc8d6d6d77,,gx-no-cache=1765463866206 HTTP/1.1" 200 5234
201.186.225.183 - - [11/Dec/2025:11:37:17 -0300] "GET /cormun/servlet/trpermisosadjuntos?16554422,20251209121443,P, HTTP/1.1" 200 6288
190.95.67.91 - - [11/Dec/2025:11:37:18 -0300] "GET /cormun/servlet/permisogoce?6a04a19781ea4ae055dbca7cce8752cb8416e7cf124927be9c50af9000e84b43408e31c0f66eb0e25e93ca79514de90d798cac4f08c607e46d94db2c32f54688,gx-no-cache=1765463869651 HTTP/1.1" 200 77
201.186.225.183 - - [11/Dec/2025:11:37:19 -0300] "GET /cormun/servlet/permisosadjuntos?INS,16554422,P,20251209121443,, HTTP/1.1" 200 5607
201.186.225.183 - - [11/Dec/2025:11:37:19 -0300] "GET /cormun/static/about:blank HTTP/1.1" 404 1011
201.186.225.183 - - [11/Dec/2025:11:37:24 -0300] "POST /cormun/servlet/permisosadjuntos?7596a4afc11f72771d8a62fc8d6d6d77,INS,16554422,P,20251209121443,, HTTP/1.1" 200 116
201.186.225.183 - - [11/Dec/2025:11:37:24 -0300] "GET /cormun/servlet/hpexe_return? HTTP/1.1" 200 1038
201.186.225.183 - - [11/Dec/2025:11:37:24 -0300] "GET /cormun/servlet/trpermisosadjuntos?16554422,20251209121443,P, HTTP/1.1" 200 6747
201.186.225.183 - - [11/Dec/2025:11:37:26 -0300] "GET /cormun/servlet/permisosadjuntos?INS,16554422,P,20251209121443,, HTTP/1.1" 200 5607
201.186.225.183 - - [11/Dec/2025:11:37:26 -0300] "GET /cormun/static/about:blank HTTP/1.1" 404 1011
190.95.67.91 - - [11/Dec/2025:11:37:28 -0300] "GET /cormun/servlet/permisogoce?6a04a19781ea4ae055dbca7cce8752cbaedf43a7c783d1390947b76465a9d9f7f0a81e30c23cfc9afdc69300fd85fe88b0810584ae02af4b88ce5f3062101d32,gx-no-cache=1765463880055 HTTP/1.1" 200 48
201.186.225.183 - - [11/Dec/2025:11:37:28 -0300] "POST /cormun/servlet/permisosadjuntos?7596a4afc11f72771d8a62fc8d6d6d77,INS,16554422,P,20251209121443,,,gx-no-cache=1765463880925 HTTP/1.1" 200 93
201.186.225.183 - - [11/Dec/2025:11:37:28 -0300] "GET /cormun/servlet/hpexe_return? HTTP/1.1" 200 1038
201.186.225.183 - - [11/Dec/2025:11:37:28 -0300] "GET /cormun/servlet/trpermisosadjuntos?16554422,20251209121443,P, HTTP/1.1" 200 6746
201.186.225.183 - - [11/Dec/2025:11:37:29 -0300] "GET /cormun/servlet/trpermisosgoce? HTTP/1.1" 200 8025
190.95.67.91 - - [11/Dec/2025:11:37:31 -0300] "POST /cormun/servlet/permisogoce?96030124b2cee66db6755d414031e227,INS,0,,,,gx-no-cache=1765463883111 HTTP/1.1" 200 93
190.95.67.91 - - [11/Dec/2025:11:37:31 -0300] "GET /cormun/servlet/hpexe_return? HTTP/1.1" 200 1035
190.95.67.91 - - [11/Dec/2025:11:37:32 -0300] "GET /cormun/servlet/trpermisosgoce?gx-no-cache=1765463849993 HTTP/1.1" 200 17963
201.186.225.183 - - [11/Dec/2025:11:37:33 -0300] "GET /cormun/servlet/trpermisosadjuntos?16554422,20251209121419,P, HTTP/1.1" 200 6288
201.186.225.183 - - [11/Dec/2025:11:37:34 -0300] "GET /cormun/servlet/permisosadjuntos?INS,16554422,P,20251209121419,, HTTP/1.1" 200 5607
201.186.225.183 - - [11/Dec/2025:11:37:35 -0300] "GET /cormun/static/about:blank HTTP/1.1" 404 1011
190.95.67.91 - - [11/Dec/2025:11:37:37 -0300] "GET /cormun/servlet/trpermisosadjuntos?17526557,20251211113741,P, HTTP/1.1" 200 6580
190.95.67.91 - - [11/Dec/2025:11:37:38 -0300] "GET /cormun/servlet/permisosadjuntos?INS,17526557,P,20251211113741,, HTTP/1.1" 200 5884
190.95.67.91 - - [11/Dec/2025:11:37:38 -0300] "GET /cormun/static/about:blank HTTP/1.1" 404 1011
201.186.225.183 - - [11/Dec/2025:11:37:40 -0300] "POST /cormun/servlet/permisosadjuntos?7596a4afc11f72771d8a62fc8d6d6d77,INS,16554422,P,20251209121419,, HTTP/1.1" 200 116
201.186.225.183 - - [11/Dec/2025:11:37:40 -0300] "GET /cormun/servlet/hpexe_return? HTTP/1.1" 200 1038
201.186.225.183 - - [11/Dec/2025:11:37:40 -0300] "GET /cormun/servlet/trpermisosadjuntos?16554422,20251209121419,P, HTTP/1.1" 200 6746
201.186.225.183 - - [11/Dec/2025:11:37:41 -0300] "GET /cormun/servlet/trpermisosgoce? HTTP/1.1" 200 8025
201.186.225.183 - - [11/Dec/2025:11:37:43 -0300] "GET /cormun/servlet/trpermisosadjuntos?16554422,20251209121357,P, HTTP/1.1" 200 6288
201.186.225.183 - - [11/Dec/2025:11:37:45 -0300] "GET /cormun/servlet/permisosadjuntos?INS,16554422,P,20251209121357,, HTTP/1.1" 200 5607
201.186.225.183 - - [11/Dec/2025:11:37:45 -0300] "GET /cormun/static/about:blank HTTP/1.1" 404 1011
190.95.67.91 - - [11/Dec/2025:11:37:47 -0300] "POST /cormun/servlet/permisosadjuntos?96030124b2cee66db6755d414031e227,INS,17526557,P,20251211113741,, HTTP/1.1" 200 116
190.95.67.91 - - [11/Dec/2025:11:37:47 -0300] "GET /cormun/servlet/hpexe_return? HTTP/1.1" 200 1040
190.95.67.91 - - [11/Dec/2025:11:37:47 -0300] "GET /cormun/servlet/trpermisosadjuntos?17526557,20251211113741,P, HTTP/1.1" 200 7104
190.95.67.91 - - [11/Dec/2025:11:37:50 -0300] "POST /cormun/servlet/trpermisosadjuntos?96030124b2cee66db6755d414031e227,17526557,20251211113741,P,,gx-no-cache=1765463901904 HTTP/1.1" 200 90
190.95.67.91 - - [11/Dec/2025:11:37:50 -0300] "GET /cormun/servlet/hpexe_link HTTP/1.1" 200 1007
190.95.67.91 - - [11/Dec/2025:11:37:50 -0300] "GET /cormun/servlet/trpermisosgoce?gx-no-cache=1765463849993 HTTP/1.1" 200 17960
190.95.67.91 - - [11/Dec/2025:11:37:52 -0300] "POST /cormun/servlet/trpermisosgoce?96030124b2cee66db6755d414031e227,gx-no-cache=1765463849993,gx-no-cache=1765463904122 HTTP/1.1" 200 15219
201.186.225.183 - - [11/Dec/2025:11:37:53 -0300] "POST /cormun/servlet/permisosadjuntos?7596a4afc11f72771d8a62fc8d6d6d77,INS,16554422,P,20251209121357,, HTTP/1.1" 200 116
201.186.225.183 - - [11/Dec/2025:11:37:53 -0300] "GET /cormun/servlet/hpexe_return? HTTP/1.1" 200 1038
201.186.225.183 - - [11/Dec/2025:11:37:53 -0300] "GET /cormun/servlet/trpermisosadjuntos?16554422,20251209121357,P, HTTP/1.1" 200 6747
201.186.225.183 - - [11/Dec/2025:11:37:55 -0300] "GET /cormun/servlet/trpermisosgoce? HTTP/1.1" 200 8025
201.186.225.183 - - [11/Dec/2025:11:37:57 -0300] "POST /cormun/servlet/trpermisosgoce?7596a4afc11f72771d8a62fc8d6d6d77,,gx-no-cache=1765463909951 HTTP/1.1" 200 5223
201.186.225.183 - - [11/Dec/2025:11:38:09 -0300] "POST /cormun/servlet/trpermisosgoce?7596a4afc11f72771d8a62fc8d6d6d77,,gx-no-cache=1765463921758 HTTP/1.1" 200 5261
201.186.225.183 - - [11/Dec/2025:11:38:12 -0300] "GET /cormun/servlet/trpermisosadjuntos?10637809,20251209121315,P, HTTP/1.1" 200 6286
201.186.225.183 - - [11/Dec/2025:11:38:13 -0300] "GET /cormun/servlet/permisosadjuntos?INS,10637809,P,20251209121315,, HTTP/1.1" 200 5606
201.186.225.183 - - [11/Dec/2025:11:38:13 -0300] "GET /cormun/static/about:blank HTTP/1.1" 404 1011
190.95.67.91 - - [11/Dec/2025:11:38:14 -0300] "GET /cormun/servlet/permisogoce?INS,0,,, HTTP/1.1" 200 7153
190.95.67.91 - - [11/Dec/2025:11:38:19 -0300] "GET /cormun/servlet/permisogoce?6a04a19781ea4ae055dbca7cce8752cb8416e7cf124927be9c50af9000e84b43408e31c0f66eb0e25e93ca79514de90d798cac4f08c607e46d94db2c32f54688,gx-no-cache=1765463931242 HTTP/1.1" 200 77
201.186.225.183 - - [11/Dec/2025:11:38:20 -0300] "POST /cormun/servlet/permisosadjuntos?7596a4afc11f72771d8a62fc8d6d6d77,INS,10637809,P,20251209121315,, HTTP/1.1" 200 116
201.186.225.183 - - [11/Dec/2025:11:38:20 -0300] "GET /cormun/servlet/hpexe_return? HTTP/1.1" 200 1037
201.186.225.183 - - [11/Dec/2025:11:38:20 -0300] "GET /cormun/servlet/trpermisosadjuntos?10637809,20251209121315,P, HTTP/1.1" 200 6745
190.95.67.91 - - [11/Dec/2025:11:38:28 -0300] "GET /cormun/servlet/permisogoce?6a04a19781ea4ae055dbca7cce8752cbaedf43a7c783d1390947b76465a9d9f78e332654fb5ec3e1c72535da70162a16ee92632dcdf0fc4b7391402a04463c1b,gx-no-cache=1765463940241 HTTP/1.1" 200 48
190.95.67.91 - - [11/Dec/2025:11:38:34 -0300] "POST /cormun/servlet/permisogoce?96030124b2cee66db6755d414031e227,INS,0,,,,gx-no-cache=1765463945535 HTTP/1.1" 200 93
190.95.67.91 - - [11/Dec/2025:11:38:34 -0300] "GET /cormun/servlet/hpexe_return? HTTP/1.1" 200 1035
190.95.67.91 - - [11/Dec/2025:11:38:34 -0300] "GET /cormun/servlet/trpermisosgoce?gx-no-cache=1765463849993 HTTP/1.1" 200 17916
190.95.67.91 - - [11/Dec/2025:11:38:39 -0300] "GET /cormun/servlet/trpermisosadjuntos?17526557,20251211113843,P, HTTP/1.1" 200 6580
190.95.67.91 - - [11/Dec/2025:11:38:40 -0300] "GET /cormun/servlet/permisosadjuntos?INS,17526557,P,20251211113843,, HTTP/1.1" 200 5884
190.95.67.91 - - [11/Dec/2025:11:38:40 -0300] "GET /cormun/static/about:blank HTTP/1.1" 404 1011
201.186.225.183 - - [11/Dec/2025:11:39:00 -0300] "GET /cormun/servlet/trpermisosgoce? HTTP/1.1" 200 8049
201.186.225.183 - - [11/Dec/2025:11:39:02 -0300] "GET /cormun/servlet/trpermisosadjuntos?10637809,20251209121241,P, HTTP/1.1" 200 6285
201.186.225.183 - - [11/Dec/2025:11:39:03 -0300] "GET /cormun/servlet/permisosadjuntos?INS,10637809,P,20251209121241,, HTTP/1.1" 200 5605
201.186.225.183 - - [11/Dec/2025:11:39:03 -0300] "GET /cormun/static/about:blank HTTP/1.1" 404 1011
201.186.225.183 - - [11/Dec/2025:11:39:09 -0300] "POST /cormun/servlet/permisosadjuntos?7596a4afc11f72771d8a62fc8d6d6d77,INS,10637809,P,20251209121241,, HTTP/1.1" 200 116
201.186.225.183 - - [11/Dec/2025:11:39:09 -0300] "GET /cormun/servlet/hpexe_return? HTTP/1.1" 200 1038
201.186.225.183 - - [11/Dec/2025:11:39:09 -0300] "GET /cormun/servlet/trpermisosadjuntos?10637809,20251209121241,P, HTTP/1.1" 200 6743
201.186.225.183 - - [11/Dec/2025:11:39:11 -0300] "GET /cormun/servlet/trpermisosgoce? HTTP/1.1" 200 8049
201.186.225.183 - - [11/Dec/2025:11:39:13 -0300] "POST /cormun/servlet/trpermisosgoce?7596a4afc11f72771d8a62fc8d6d6d77,,gx-no-cache=1765463986230 HTTP/1.1" 200 5284
201.186.225.183 - - [11/Dec/2025:11:39:22 -0300] "POST /cormun/servlet/trpermisosgoce?7596a4afc11f72771d8a62fc8d6d6d77,,gx-no-cache=1765463994257 HTTP/1.1" 200 4862
201.186.225.183 - - [11/Dec/2025:11:39:23 -0300] "GET /cormun/servlet/trpermisosadjuntos?7455558,20251209121040,P, HTTP/1.1" 200 6288
201.186.225.183 - - [11/Dec/2025:11:39:24 -0300] "GET /cormun/servlet/permisosadjuntos?INS,7455558,P,20251209121040,, HTTP/1.1" 200 5609
201.186.225.183 - - [11/Dec/2025:11:39:24 -0300] "GET /cormun/static/about:blank HTTP/1.1" 404 1011
201.186.225.183 - - [11/Dec/2025:11:39:29 -0300] "POST /cormun/servlet/permisosadjuntos?7596a4afc11f72771d8a62fc8d6d6d77,INS,7455558,P,20251209121040,, HTTP/1.1" 200 116
201.186.225.183 - - [11/Dec/2025:11:39:29 -0300] "GET /cormun/servlet/hpexe_return? HTTP/1.1" 200 1034
201.186.225.183 - - [11/Dec/2025:11:39:30 -0300] "GET /cormun/servlet/trpermisosadjuntos?7455558,20251209121040,P, HTTP/1.1" 200 6747
201.186.225.183 - - [11/Dec/2025:11:39:31 -0300] "GET /cormun/servlet/trpermisosgoce? HTTP/1.1" 200 7654
201.186.225.183 - - [11/Dec/2025:11:39:33 -0300] "POST /cormun/servlet/trpermisosgoce?7596a4afc11f72771d8a62fc8d6d6d77,,gx-no-cache=1765464005578 HTTP/1.1" 200 4855
201.186.225.183 - - [11/Dec/2025:11:39:38 -0300] "POST /cormun/servlet/trpermisosgoce?7596a4afc11f72771d8a62fc8d6d6d77,,gx-no-cache=1765464010953 HTTP/1.1" 200 5554
201.186.225.183 - - [11/Dec/2025:11:39:42 -0300] "GET /cormun/servlet/trpermisosadjuntos?15123974,20251209120959,P, HTTP/1.1" 200 6281
201.186.225.183 - - [11/Dec/2025:11:39:44 -0300] "GET /cormun/servlet/permisosadjuntos?INS,15123974,P,20251209120959,, HTTP/1.1" 200 5602
201.186.225.183 - - [11/Dec/2025:11:39:44 -0300] "GET /cormun/static/about:blank HTTP/1.1" 404 1011
201.186.225.183 - - [11/Dec/2025:11:39:50 -0300] "POST /cormun/servlet/permisosadjuntos?7596a4afc11f72771d8a62fc8d6d6d77,INS,15123974,P,20251209120959,, HTTP/1.1" 200 116
201.186.225.183 - - [11/Dec/2025:11:39:50 -0300] "GET /cormun/servlet/hpexe_return? HTTP/1.1" 200 1035
201.186.225.183 - - [11/Dec/2025:11:39:50 -0300] "GET /cormun/servlet/trpermisosadjuntos?15123974,20251209120959,P, HTTP/1.1" 200 6741
201.186.225.183 - - [11/Dec/2025:11:39:52 -0300] "GET /cormun/servlet/trpermisosgoce? HTTP/1.1" 200 8362
201.186.225.183 - - [11/Dec/2025:11:39:54 -0300] "GET /cormun/servlet/trpermisosadjuntos?15123974,20251209120935,P, HTTP/1.1" 200 6281
201.186.225.183 - - [11/Dec/2025:11:39:56 -0300] "GET /cormun/servlet/permisosadjuntos?INS,15123974,P,20251209120935,, HTTP/1.1" 200 5603
201.186.225.183 - - [11/Dec/2025:11:39:56 -0300] "GET /cormun/static/about:blank HTTP/1.1" 404 1011
201.186.225.183 - - [11/Dec/2025:11:40:02 -0300] "POST /cormun/servlet/permisosadjuntos?7596a4afc11f72771d8a62fc8d6d6d77,INS,15123974,P,20251209120935,, HTTP/1.1" 200 116
201.186.225.183 - - [11/Dec/2025:11:40:02 -0300] "GET /cormun/servlet/hpexe_return? HTTP/1.1" 200 1035
201.186.225.183 - - [11/Dec/2025:11:40:02 -0300] "GET /cormun/servlet/trpermisosadjuntos?15123974,20251209120935,P, HTTP/1.1" 200 6740
201.186.225.183 - - [11/Dec/2025:11:40:04 -0300] "GET /cormun/servlet/trpermisosgoce? HTTP/1.1" 200 8363
201.186.225.183 - - [11/Dec/2025:11:40:10 -0300] "GET /cormun/servlet/trpermisosadjuntos?9040511,20251127163907,P, HTTP/1.1" 200 6289
201.186.225.183 - - [11/Dec/2025:11:40:11 -0300] "GET /cormun/servlet/permisosadjuntos?INS,9040511,P,20251127163907,, HTTP/1.1" 200 5611
201.186.225.183 - - [11/Dec/2025:11:40:11 -0300] "GET /cormun/static/about:blank HTTP/1.1" 404 1011
190.95.67.99 - - [11/Dec/2025:11:40:17 -0300] "GET /cormun/servlet/hlogin HTTP/1.1" 200 1744
201.186.225.183 - - [11/Dec/2025:11:40:17 -0300] "POST /cormun/servlet/permisosadjuntos?7596a4afc11f72771d8a62fc8d6d6d77,INS,9040511,P,20251127163907,,,gx-no-cache=1765464050017 HTTP/1.1" 200 93
201.186.225.183 - - [11/Dec/2025:11:40:18 -0300] "GET /cormun/servlet/hpexe_return? HTTP/1.1" 200 1034
201.186.225.183 - - [11/Dec/2025:11:40:18 -0300] "GET /cormun/servlet/trpermisosadjuntos?9040511,20251127163907,P, HTTP/1.1" 200 6293
201.186.225.183 - - [11/Dec/2025:11:40:20 -0300] "GET /cormun/servlet/trpermisosgoce? HTTP/1.1" 200 8362
201.186.225.183 - - [11/Dec/2025:11:40:22 -0300] "POST /cormun/servlet/trpermisosgoce?7596a4afc11f72771d8a62fc8d6d6d77,,gx-no-cache=1765464054994 HTTP/1.1" 200 5559
201.186.225.183 - - [11/Dec/2025:11:40:30 -0300] "POST /cormun/servlet/trpermisosgoce?7596a4afc11f72771d8a62fc8d6d6d77,,gx-no-cache=1765464063105 HTTP/1.1" 200 5786
201.186.225.183 - - [11/Dec/2025:11:40:33 -0300] "GET /cormun/servlet/trpermisosadjuntos?10731207,20251209120902,P, HTTP/1.1" 200 6285
201.186.225.183 - - [11/Dec/2025:11:40:35 -0300] "GET /cormun/servlet/permisosadjuntos?INS,10731207,P,20251209120902,, HTTP/1.1" 200 5604
201.186.225.183 - - [11/Dec/2025:11:40:35 -0300] "GET /cormun/static/about:blank HTTP/1.1" 404 1011
201.186.225.183 - - [11/Dec/2025:11:40:41 -0300] "POST /cormun/servlet/permisosadjuntos?7596a4afc11f72771d8a62fc8d6d6d77,INS,10731207,P,20251209120902,, HTTP/1.1" 200 116
201.186.225.183 - - [11/Dec/2025:11:40:41 -0300] "GET /cormun/servlet/hpexe_return? HTTP/1.1" 200 1034
201.186.225.183 - - [11/Dec/2025:11:40:41 -0300] "GET /cormun/servlet/trpermisosadjuntos?10731207,20251209120902,P, HTTP/1.1" 200 6743
201.186.225.183 - - [11/Dec/2025:11:40:44 -0300] "GET /cormun/servlet/trpermisosgoce? HTTP/1.1" 200 8605
201.186.225.183 - - [11/Dec/2025:11:40:46 -0300] "POST /cormun/servlet/trpermisosgoce?7596a4afc11f72771d8a62fc8d6d6d77,,gx-no-cache=1765464078418 HTTP/1.1" 200 5754
201.186.225.183 - - [11/Dec/2025:11:40:48 -0300] "POST /cormun/servlet/trpermisosgoce?7596a4afc11f72771d8a62fc8d6d6d77,,gx-no-cache=1765464081217 HTTP/1.1" 200 5631
201.186.225.183 - - [11/Dec/2025:11:40:50 -0300] "GET /cormun/servlet/trpermisosadjuntos?12914099,20251209120813,P, HTTP/1.1" 200 6283
201.186.225.183 - - [11/Dec/2025:11:40:52 -0300] "GET /cormun/servlet/permisosadjuntos?INS,12914099,P,20251209120813,, HTTP/1.1" 200 5606
201.186.225.183 - - [11/Dec/2025:11:40:52 -0300] "GET /cormun/static/about:blank HTTP/1.1" 404 1011
201.186.225.183 - - [11/Dec/2025:11:40:58 -0300] "POST /cormun/servlet/permisosadjuntos?7596a4afc11f72771d8a62fc8d6d6d77,INS,12914099,P,20251209120813,, HTTP/1.1" 200 116
201.186.225.183 - - [11/Dec/2025:11:40:58 -0300] "GET /cormun/servlet/hpexe_return? HTTP/1.1" 200 1036
201.186.225.183 - - [11/Dec/2025:11:40:58 -0300] "GET /cormun/servlet/trpermisosadjuntos?12914099,20251209120813,P, HTTP/1.1" 200 6740
201.186.225.183 - - [11/Dec/2025:11:40:59 -0300] "GET /cormun/servlet/trpermisosgoce? HTTP/1.1" 200 8455
201.186.225.183 - - [11/Dec/2025:11:41:01 -0300] "POST /cormun/servlet/trpermisosgoce?7596a4afc11f72771d8a62fc8d6d6d77,,gx-no-cache=1765464093786 HTTP/1.1" 200 5602
201.186.225.183 - - [11/Dec/2025:11:41:05 -0300] "POST /cormun/servlet/trpermisosgoce?7596a4afc11f72771d8a62fc8d6d6d77,,gx-no-cache=1765464097513 HTTP/1.1" 200 6709
201.186.225.183 - - [11/Dec/2025:11:41:06 -0300] "GET /cormun/servlet/trpermisosadjuntos?16492811,20251209120739,P, HTTP/1.1" 200 6286
201.186.225.183 - - [11/Dec/2025:11:41:08 -0300] "GET /cormun/servlet/permisosadjuntos?INS,16492811,P,20251209120739,, HTTP/1.1" 200 5607
201.186.225.183 - - [11/Dec/2025:11:41:08 -0300] "GET /cormun/static/about:blank HTTP/1.1" 404 1011
201.186.225.183 - - [11/Dec/2025:11:41:13 -0300] "POST /cormun/servlet/permisosadjuntos?7596a4afc11f72771d8a62fc8d6d6d77,INS,16492811,P,20251209120739,, HTTP/1.1" 200 116
201.186.225.183 - - [11/Dec/2025:11:41:13 -0300] "GET /cormun/servlet/hpexe_return? HTTP/1.1" 200 1037
201.186.225.183 - - [11/Dec/2025:11:41:13 -0300] "GET /cormun/servlet/trpermisosadjuntos?16492811,20251209120739,P, HTTP/1.1" 200 6744
201.186.225.183 - - [11/Dec/2025:11:41:14 -0300] "GET /cormun/servlet/trpermisosgoce? HTTP/1.1" 200 9511
201.186.225.183 - - [11/Dec/2025:11:41:17 -0300] "POST /cormun/servlet/trpermisosgoce?7596a4afc11f72771d8a62fc8d6d6d77,,gx-no-cache=1765464110274 HTTP/1.1" 200 6699
201.186.225.183 - - [11/Dec/2025:11:41:22 -0300] "GET /cormun/servlet/trpermisosadjuntos?10204581,20251209120710,P, HTTP/1.1" 200 6280
201.186.225.183 - - [11/Dec/2025:11:41:23 -0300] "GET /cormun/servlet/permisosadjuntos?INS,10204581,P,20251209120710,, HTTP/1.1" 200 5602
201.186.225.183 - - [11/Dec/2025:11:41:23 -0300] "GET /cormun/static/about:blank HTTP/1.1" 404 1011
201.186.225.183 - - [11/Dec/2025:11:41:29 -0300] "POST /cormun/servlet/permisosadjuntos?7596a4afc11f72771d8a62fc8d6d6d77,INS,10204581,P,20251209120710,, HTTP/1.1" 200 116
201.186.225.183 - - [11/Dec/2025:11:41:29 -0300] "GET /cormun/servlet/hpexe_return? HTTP/1.1" 200 1035
201.186.225.183 - - [11/Dec/2025:11:41:29 -0300] "GET /cormun/servlet/trpermisosadjuntos?10204581,20251209120710,P, HTTP/1.1" 200 6736
201.186.225.183 - - [11/Dec/2025:11:41:31 -0300] "GET /cormun/servlet/trpermisosgoce? HTTP/1.1" 200 9487
201.186.225.183 - - [11/Dec/2025:11:41:33 -0300] "POST /cormun/servlet/trpermisosgoce?7596a4afc11f72771d8a62fc8d6d6d77,,gx-no-cache=1765464125546 HTTP/1.1" 200 6668
190.95.67.91 - - [11/Dec/2025:11:41:35 -0300] "POST /cormun/servlet/permisosadjuntos?96030124b2cee66db6755d414031e227,INS,17526557,P,20251211113843,, HTTP/1.1" 200 116
190.95.67.91 - - [11/Dec/2025:11:41:35 -0300] "GET /cormun/servlet/hpexe_return? HTTP/1.1" 200 1040
190.95.67.91 - - [11/Dec/2025:11:41:35 -0300] "GET /cormun/servlet/trpermisosadjuntos?17526557,20251211113843,P, HTTP/1.1" 200 7105
201.186.225.183 - - [11/Dec/2025:11:41:38 -0300] "POST /cormun/servlet/trpermisosgoce?7596a4afc11f72771d8a62fc8d6d6d77,,gx-no-cache=1765464131353 HTTP/1.1" 200 5127
190.95.67.91 - - [11/Dec/2025:11:41:39 -0300] "POST /cormun/servlet/trpermisosadjuntos?96030124b2cee66db6755d414031e227,17526557,20251211113843,P,,gx-no-cache=1765464131312 HTTP/1.1" 200 90
190.95.67.91 - - [11/Dec/2025:11:41:39 -0300] "GET /cormun/servlet/hpexe_link HTTP/1.1" 200 1007
190.95.67.91 - - [11/Dec/2025:11:41:39 -0300] "GET /cormun/servlet/trpermisosgoce?gx-no-cache=1765463849993 HTTP/1.1" 200 17912
190.95.67.91 - - [11/Dec/2025:11:41:44 -0300] "GET /cormun/servlet/trpermisosadjuntos?17526557,20251211113843,P, HTTP/1.1" 200 7123
201.186.225.183 - - [11/Dec/2025:11:41:46 -0300] "GET /cormun/servlet/trpermisosadjuntos?19479219,20251127164756,P, HTTP/1.1" 200 6285
201.186.225.183 - - [11/Dec/2025:11:41:47 -0300] "GET /cormun/servlet/permisosadjuntos?INS,19479219,P,20251127164756,, HTTP/1.1" 200 5607
201.186.225.183 - - [11/Dec/2025:11:41:47 -0300] "GET /cormun/static/about:blank HTTP/1.1" 404 1011
190.95.67.91 - - [11/Dec/2025:11:41:49 -0300] "POST /cormun/servlet/trpermisosadjuntos?96030124b2cee66db6755d414031e227,17526557,20251211113843,P,,gx-no-cache=1765464141295 HTTP/1.1" 200 90
190.95.67.91 - - [11/Dec/2025:11:41:49 -0300] "GET /cormun/servlet/hpexe_link HTTP/1.1" 200 1007
190.95.67.91 - - [11/Dec/2025:11:41:49 -0300] "GET /cormun/servlet/trpermisosgoce?gx-no-cache=1765463849993 HTTP/1.1" 200 17938
201.186.225.183 - - [11/Dec/2025:11:41:52 -0300] "POST /cormun/servlet/permisosadjuntos?7596a4afc11f72771d8a62fc8d6d6d77,INS,19479219,P,20251127164756,, HTTP/1.1" 200 116
201.186.225.183 - - [11/Dec/2025:11:41:52 -0300] "GET /cormun/servlet/hpexe_return? HTTP/1.1" 200 1038
201.186.225.183 - - [11/Dec/2025:11:41:52 -0300] "GET /cormun/servlet/trpermisosadjuntos?19479219,20251127164756,P, HTTP/1.1" 200 6745
190.95.67.91 - - [11/Dec/2025:11:41:54 -0300] "POST /cormun/servlet/trpermisosgoce?96030124b2cee66db6755d414031e227,gx-no-cache=1765463849993,gx-no-cache=1765464145745 HTTP/1.1" 200 15169
201.186.225.183 - - [11/Dec/2025:11:41:55 -0300] "GET /cormun/servlet/trpermisosgoce? HTTP/1.1" 200 7918
201.186.225.183 - - [11/Dec/2025:11:41:57 -0300] "POST /cormun/servlet/trpermisosgoce?7596a4afc11f72771d8a62fc8d6d6d77,,gx-no-cache=1765464150002 HTTP/1.1" 200 5105
201.186.225.183 - - [11/Dec/2025:11:42:02 -0300] "POST /cormun/servlet/trpermisosgoce?7596a4afc11f72771d8a62fc8d6d6d77,,gx-no-cache=1765464155161 HTTP/1.1" 200 6220
201.186.225.183 - - [11/Dec/2025:11:42:05 -0300] "GET /cormun/servlet/trpermisosadjuntos?16348726,20251127164136,P, HTTP/1.1" 200 6288
201.186.225.183 - - [11/Dec/2025:11:42:06 -0300] "GET /cormun/servlet/permisosadjuntos?INS,16348726,P,20251127164136,, HTTP/1.1" 200 5612
201.186.225.183 - - [11/Dec/2025:11:42:06 -0300] "GET /cormun/static/about:blank HTTP/1.1" 404 1011
201.186.225.183 - - [11/Dec/2025:11:42:18 -0300] "POST /cormun/servlet/permisosadjuntos?7596a4afc11f72771d8a62fc8d6d6d77,INS,16348726,P,20251127164136,, HTTP/1.1" 200 116
201.186.225.183 - - [11/Dec/2025:11:42:18 -0300] "GET /cormun/servlet/hpexe_return? HTTP/1.1" 200 1037
201.186.225.183 - - [11/Dec/2025:11:42:18 -0300] "GET /cormun/servlet/trpermisosadjuntos?16348726,20251127164136,P, HTTP/1.1" 200 6748
201.186.225.183 - - [11/Dec/2025:11:42:24 -0300] "GET /cormun/servlet/trpermisosgoce? HTTP/1.1" 200 9023
201.186.225.183 - - [11/Dec/2025:11:42:34 -0300] "POST /cormun/servlet/trpermisosgoce?7596a4afc11f72771d8a62fc8d6d6d77,,gx-no-cache=1765464187138 HTTP/1.1" 200 6236
201.186.226.3 - - [11/Dec/2025:11:43:12 -0300] "GET /cormun/servlet/hlogin HTTP/1.1" 200 1739
190.95.67.93 - - [11/Dec/2025:11:43:36 -0300] "GET /cormun/servlet/trpermisosgoce? HTTP/1.1" 200 6028
190.95.67.93 - - [11/Dec/2025:11:43:36 -0300] "GET /cormun/servlet/hlogin HTTP/1.1" 200 1741
190.95.67.93 - - [11/Dec/2025:11:43:39 -0300] "POST /cormun/servlet/hlogin?ec03e29a7899d3610880244f0abc0402,gx-no-cache=1765464250827 HTTP/1.1" 200 90
190.95.67.93 - - [11/Dec/2025:11:43:39 -0300] "GET /cormun/servlet/hpexe_link HTTP/1.1" 200 957
190.95.67.93 - - [11/Dec/2025:11:43:39 -0300] "GET /cormun/servlet/trpermisosgoce HTTP/1.1" 200 18718
190.95.67.93 - - [11/Dec/2025:11:43:42 -0300] "GET /cormun/static/menuarrow.gif HTTP/1.1" 404 1015
190.95.67.93 - - [11/Dec/2025:11:44:27 -0300] "POST /cormun/servlet/trpermisosgoce?ec03e29a7899d3610880244f0abc0402,gx-no-cache=1765464298750 HTTP/1.1" 200 5522
201.186.225.183 - - [11/Dec/2025:11:44:32 -0300] "POST /cormun/servlet/trpermisosgoce?7596a4afc11f72771d8a62fc8d6d6d77,,gx-no-cache=1765464304709 HTTP/1.1" 200 5280
201.186.225.183 - - [11/Dec/2025:11:44:35 -0300] "GET /cormun/servlet/trpermisosadjuntos?18598184,20251127163620,P, HTTP/1.1" 200 6285
201.186.225.183 - - [11/Dec/2025:11:44:36 -0300] "GET /cormun/servlet/permisosadjuntos?INS,18598184,P,20251127163620,, HTTP/1.1" 200 5610
201.186.225.183 - - [11/Dec/2025:11:44:36 -0300] "GET /cormun/static/about:blank HTTP/1.1" 404 1011
201.186.225.183 - - [11/Dec/2025:11:44:41 -0300] "POST /cormun/servlet/permisosadjuntos?7596a4afc11f72771d8a62fc8d6d6d77,INS,18598184,P,20251127163620,, HTTP/1.1" 200 116
201.186.225.183 - - [11/Dec/2025:11:44:41 -0300] "GET /cormun/servlet/hpexe_return? HTTP/1.1" 200 1036
201.186.225.183 - - [11/Dec/2025:11:44:41 -0300] "GET /cormun/servlet/trpermisosadjuntos?18598184,20251127163620,P, HTTP/1.1" 200 6745
201.186.225.183 - - [11/Dec/2025:11:44:42 -0300] "GET /cormun/servlet/trpermisosgoce? HTTP/1.1" 200 8063
201.186.225.183 - - [11/Dec/2025:11:44:44 -0300] "POST /cormun/servlet/trpermisosgoce?7596a4afc11f72771d8a62fc8d6d6d77,,gx-no-cache=1765464316906 HTTP/1.1" 200 5259
201.186.225.183 - - [11/Dec/2025:11:44:52 -0300] "POST /cormun/servlet/trpermisosgoce?7596a4afc11f72771d8a62fc8d6d6d77,,gx-no-cache=1765464324485 HTTP/1.1" 200 6639
201.186.225.183 - - [11/Dec/2025:11:44:54 -0300] "GET /cormun/servlet/trpermisosadjuntos?11888496,20251118095958,P, HTTP/1.1" 200 6290
201.186.225.183 - - [11/Dec/2025:11:44:55 -0300] "GET /cormun/servlet/permisosadjuntos?INS,11888496,P,20251118095958,, HTTP/1.1" 200 5611
201.186.225.183 - - [11/Dec/2025:11:44:56 -0300] "GET /cormun/static/about:blank HTTP/1.1" 404 1011
