190.95.67.93 - - [09/Dec/2025:08:18:14 -0300] "GET /cormun/static/Resources/PXToolsAddAllAction.png HTTP/1.1" 200 495
190.95.67.93 - - [09/Dec/2025:08:18:15 -0300] "GET /cormun//static/Resources/PXToolsGridUpdate.png HTTP/1.1" 200 470
190.95.67.93 - - [09/Dec/2025:08:18:15 -0300] "GET /cormun//static/Resources/PXToolsActionPrint.png HTTP/1.1" 200 404
190.95.67.93 - - [09/Dec/2025:08:18:15 -0300] "GET /cormun//static/Resources/PXTools/ActionInsert.png HTTP/1.1" 200 1482
190.95.67.93 - - [09/Dec/2025:08:18:15 -0300] "GET /cormun/static/Resources/asc.gif HTTP/1.1" 200 67
190.95.67.93 - - [09/Dec/2025:08:18:15 -0300] "GET /cormun//static/Resources/PXToolsGridDisplay.png HTTP/1.1" 200 525
190.95.67.93 - - [09/Dec/2025:08:18:15 -0300] "GET /cormun/static/Resources/desc.gif HTTP/1.1" 200 65
190.95.67.93 - - [09/Dec/2025:08:18:15 -0300] "GET /cormun//static/Resources/PXToolsGridDelete.png HTTP/1.1" 200 538
190.95.67.93 - - [09/Dec/2025:08:18:15 -0300] "GET /cormun//static/Resources/PXToolsActionDisabled.gif HTTP/1.1" 200 53
190.95.67.93 - - [09/Dec/2025:08:18:15 -0300] "GET /cormun//static/Resources/PXToolsHeaderFavorites.png HTTP/1.1" 200 1414
190.95.67.93 - - [09/Dec/2025:08:18:15 -0300] "GET /cormun//static/Resources/PXToolsHeaderHelp.png HTTP/1.1" 200 1333
190.95.67.93 - - [09/Dec/2025:08:18:15 -0300] "GET /cormun/static/Shared/ext/resources/themes/images/default/panel/bg-headersPanel.png HTTP/1.1" 200 255
190.95.67.93 - - [09/Dec/2025:08:18:15 -0300] "GET /cormun/static/Shared/ext/resources/themes/images/default/tools/tool-sprites.gif HTTP/1.1" 200 5434
200.126.116.145 - - [09/Dec/2025:08:18:24 -0300] "GET /cormun/servlet/permisogoce?ecb2dc020886ea6850370c8d3f064535956c4798a8afbc41a343542019b58dd3062a1d46dac8d6782965ba8e244e2e732f2d5ca8dd684ea78fce28106d914a14,gx-no-cache=1765279138733 HTTP/1.1" 200 82
200.126.116.145 - - [09/Dec/2025:08:18:25 -0300] "GET /cormun/static/menuarrow.gif HTTP/1.1" 404 1015
200.126.116.145 - - [09/Dec/2025:08:18:31 -0300] "GET /cormun/servlet/permisogoce?ecb2dc020886ea6850370c8d3f0645356c2707e1d45a1e5cff691431f48780beb35984d5801b15beb33e2cb4eb7ac7a22860cb64525566bd09e079a60b411b05,gx-no-cache=1765279146096 HTTP/1.1" 200 47
200.126.116.145 - - [09/Dec/2025:08:18:33 -0300] "POST /cormun/servlet/permisogoce?bd6347d519a8bb658143e4fceec80462,INS,0,,,,gx-no-cache=1765279147364 HTTP/1.1" 200 93
200.126.116.145 - - [09/Dec/2025:08:18:33 -0300] "GET /cormun/servlet/hpexe_return? HTTP/1.1" 200 1011
200.126.116.145 - - [09/Dec/2025:08:18:33 -0300] "GET /cormun/servlet/trpermisosgoce HTTP/1.1" 200 18004
190.95.67.93 - - [09/Dec/2025:08:18:36 -0300] "POST /cormun/servlet/trpermisosgoce?19130116d3696adb8073109ba7b2a6d4,,gx-no-cache=1765279151137 HTTP/1.1" 200 5940
200.126.116.145 - - [09/Dec/2025:08:18:39 -0300] "GET /cormun/servlet/apermisogoceprn?17651846,P,20251209081843,PU HTTP/1.1" 200 1677
190.95.2.163 - - [09/Dec/2025:08:19:29 -0300] "GET /cormun/servlet/trpermisosgoce? HTTP/1.1" 200 12035
190.95.2.163 - - [09/Dec/2025:08:19:37 -0300] "GET /cormun/servlet/permisogoce?INS,0,,, HTTP/1.1" 200 6858
190.95.2.163 - - [09/Dec/2025:08:19:48 -0300] "GET /cormun/servlet/permisogoce?22f1c9799083dfc99b3a5f41a608932f011e7125e094b0cf1bb98d14c28386094bd3169a9c0d9bad9b3e49d162ca3c9994ded01fedd0e1166adaec2c569f354e,gx-no-cache=1765279222743 HTTP/1.1" 200 78
190.95.2.163 - - [09/Dec/2025:08:19:48 -0300] "GET /cormun/static/menuarrow.gif HTTP/1.1" 404 1015
190.95.2.163 - - [09/Dec/2025:08:19:59 -0300] "GET /cormun/servlet/permisogoce?22f1c9799083dfc99b3a5f41a608932f51bc63cbab445633e8a552ca72ee53d95a48c6b89eba912e1e5585f37d1a66561abb3ec074c41cf37851b596a4429135,gx-no-cache=1765279233936 HTTP/1.1" 200 47
190.95.2.163 - - [09/Dec/2025:08:20:05 -0300] "POST /cormun/servlet/permisogoce?3c533d34eb80faca25fb6bb7a1bf5d99,INS,0,,,,gx-no-cache=1765279238642 HTTP/1.1" 200 93
190.95.2.163 - - [09/Dec/2025:08:20:05 -0300] "GET /cormun/servlet/hpexe_return? HTTP/1.1" 200 1009
190.95.2.163 - - [09/Dec/2025:08:20:05 -0300] "GET /cormun/servlet/trpermisosgoce HTTP/1.1" 200 12295
190.95.2.163 - - [09/Dec/2025:08:20:10 -0300] "GET /cormun/servlet/apermisogoceprn?16988200,P,20251209082010,PU HTTP/1.1" 200 1651
190.95.67.99 - - [09/Dec/2025:08:20:11 -0300] "POST /cormun/servlet/trlicencias?5c67915acbeae7df9729b8fc235285ac,,gx-no-cache=1765279254105 HTTP/1.1" 200 8013
190.95.2.163 - - [09/Dec/2025:08:20:53 -0300] "GET /cormun/servlet/permisogoce?INS,0,,, HTTP/1.1" 200 6858
190.95.2.163 - - [09/Dec/2025:08:21:07 -0300] "GET /cormun/servlet/permisogoce?22f1c9799083dfc99b3a5f41a608932fc620b961834ce331439f42578407e21f04d936e845c7dffb5f0577639a0cda7d62dc66cc45e6190bca531442cb5ebc57,gx-no-cache=1765279301643 HTTP/1.1" 200 226
190.95.2.163 - - [09/Dec/2025:08:21:07 -0300] "GET /cormun/static/Shared/jqueryui/images/ui-bg_flat_55_994d53_40x100.png HTTP/1.1" 404 1097
190.95.2.163 - - [09/Dec/2025:08:21:07 -0300] "GET /cormun/static/Shared/jqueryui/images/ui-bg_highlight-soft_100_c6c2c8_1x100.png HTTP/1.1" 404 1117
190.95.2.163 - - [09/Dec/2025:08:21:07 -0300] "GET /cormun/static/Shared/jqueryui/images/ui-icons_82798d_256x240.png HTTP/1.1" 404 1089
190.95.2.163 - - [09/Dec/2025:08:21:07 -0300] "GET /cormun/static/Shared/jqueryui/images/ui-icons_ebccce_256x240.png HTTP/1.1" 404 1089
190.95.2.163 - - [09/Dec/2025:08:21:32 -0300] "GET /cormun/servlet/permisogoce?22f1c9799083dfc99b3a5f41a608932f3b17b0e37b4acc1bc7bfac4e48ef453e4bd3169a9c0d9bad9b3e49d162ca3c9994ded01fedd0e1166adaec2c569f354e,gx-no-cache=1765279326162 HTTP/1.1" 200 80
190.95.2.163 - - [09/Dec/2025:08:21:48 -0300] "GET /cormun/servlet/permisogoce?22f1c9799083dfc99b3a5f41a608932feed634881dd46f2c8783d3943a7c92306f400a6041fcc6bab5de09d4c38044b1205c8427413354c28df5393e4aeb737c,gx-no-cache=1765279342850 HTTP/1.1" 200 47
190.95.2.163 - - [09/Dec/2025:08:21:53 -0300] "POST /cormun/servlet/permisogoce?3c533d34eb80faca25fb6bb7a1bf5d99,INS,0,,,,gx-no-cache=1765279347593 HTTP/1.1" 200 93
190.95.2.163 - - [09/Dec/2025:08:21:53 -0300] "GET /cormun/servlet/hpexe_return? HTTP/1.1" 200 1009
190.95.2.163 - - [09/Dec/2025:08:21:53 -0300] "GET /cormun/servlet/trpermisosgoce HTTP/1.1" 200 12549
190.95.2.163 - - [09/Dec/2025:08:21:57 -0300] "GET /cormun/servlet/apermisogoceprn?14332322,P,20251209082126,PU HTTP/1.1" 200 1660
190.95.2.163 - - [09/Dec/2025:08:22:13 -0300] "GET /cormun/servlet/permisogoce?INS,0,,, HTTP/1.1" 200 6858
190.95.2.163 - - [09/Dec/2025:08:22:27 -0300] "GET /cormun/servlet/permisogoce?22f1c9799083dfc99b3a5f41a608932f26c45bc158958c165141a0491b0e825a04d936e845c7dffb5f0577639a0cda7d62dc66cc45e6190bca531442cb5ebc57,gx-no-cache=1765279381735 HTTP/1.1" 200 226
190.95.2.163 - - [09/Dec/2025:08:22:43 -0300] "GET /cormun/servlet/permisogoce?22f1c9799083dfc99b3a5f41a608932f3b17b0e37b4acc1bc7bfac4e48ef453e4bd3169a9c0d9bad9b3e49d162ca3c9994ded01fedd0e1166adaec2c569f354e,gx-no-cache=1765279397392 HTTP/1.1" 200 80
190.95.67.95 - - [09/Dec/2025:08:22:51 -0300] "GET /cormun/servlet/hlogin HTTP/1.1" 200 1722
190.95.67.95 - - [09/Dec/2025:08:22:51 -0300] "GET /cormun/servlet/hlogin HTTP/1.1" 200 1732
190.95.67.95 - - [09/Dec/2025:08:22:51 -0300] "GET /favicon.ico HTTP/1.1" 200 21630
190.95.2.163 - - [09/Dec/2025:08:23:04 -0300] "GET /cormun/servlet/permisogoce?22f1c9799083dfc99b3a5f41a608932feed634881dd46f2c8783d3943a7c9230df774fe6e625b3d1a25ece787edfe1e4205c8427413354c28df5393e4aeb737c,gx-no-cache=1765279418618 HTTP/1.1" 200 47
190.95.2.163 - - [09/Dec/2025:08:23:09 -0300] "POST /cormun/servlet/permisogoce?3c533d34eb80faca25fb6bb7a1bf5d99,INS,0,,,,gx-no-cache=1765279423689 HTTP/1.1" 200 93
190.95.2.163 - - [09/Dec/2025:08:23:09 -0300] "GET /cormun/servlet/hpexe_return? HTTP/1.1" 200 1009
190.95.2.163 - - [09/Dec/2025:08:23:09 -0300] "GET /cormun/servlet/trpermisosgoce HTTP/1.1" 200 12735
190.95.67.95 - - [09/Dec/2025:08:23:11 -0300] "POST /cormun/servlet/hlogin?f186c70ef368d5d4d3104593e8e0f4dc,gx-no-cache=1765279425928 HTTP/1.1" 200 90
190.95.67.95 - - [09/Dec/2025:08:23:11 -0300] "GET /cormun/servlet/hpexe_link HTTP/1.1" 200 952
190.95.67.95 - - [09/Dec/2025:08:23:12 -0300] "GET /cormun/servlet/hhome HTTP/1.1" 200 4006
190.95.67.95 - - [09/Dec/2025:08:23:14 -0300] "GET /cormun/servlet/trpermisosgoce? HTTP/1.1" 200 15171
190.95.67.95 - - [09/Dec/2025:08:23:21 -0300] "GET /cormun/servlet/trpermisosgoce? HTTP/1.1" 200 15168
190.95.2.163 - - [09/Dec/2025:08:23:25 -0300] "GET /cormun/servlet/permisogoce?UPD,14332322,P,20251209082126, HTTP/1.1" 200 6919
190.95.2.163 - - [09/Dec/2025:08:23:26 -0300] "GET /cormun/servlet/permisogoce?22f1c9799083dfc99b3a5f41a608932f3b17b0e37b4acc1bc7bfac4e48ef453e5c1a14e1edce9334671051788c6219b7ddf369ce1ed6f672e7f5e3dd6897f10c,gx-no-cache=1765279440704 HTTP/1.1" 200 77
179.57.78.55 - - [09/Dec/2025:08:23:28 -0300] "GET /cormun/servlet/trlicencias? HTTP/1.1" 200 10371
190.95.2.163 - - [09/Dec/2025:08:23:32 -0300] "GET /cormun/servlet/permisogoce?22f1c9799083dfc99b3a5f41a608932feed634881dd46f2c8783d3943a7c9230f94e88e3bf61f24c88772f93c113d06ac092430ec5bd50159d48588ce4175733,gx-no-cache=1765279446556 HTTP/1.1" 200 47
190.95.2.163 - - [09/Dec/2025:08:23:32 -0300] "POST /cormun/servlet/permisogoce?3c533d34eb80faca25fb6bb7a1bf5d99,UPD,14332322,P,20251209082126,,gx-no-cache=1765279446604 HTTP/1.1" 200 93
190.95.2.163 - - [09/Dec/2025:08:23:32 -0300] "GET /cormun/servlet/hpexe_return? HTTP/1.1" 200 1026
190.95.2.163 - - [09/Dec/2025:08:23:32 -0300] "GET /cormun/servlet/trpermisosgoce HTTP/1.1" 200 12731
190.95.2.163 - - [09/Dec/2025:08:23:39 -0300] "GET /cormun/servlet/apermisogoceprn?14332322,P,20251209082126,PU HTTP/1.1" 200 1661
190.95.2.163 - - [09/Dec/2025:08:25:19 -0300] "GET /cormun/servlet/permisogoce?INS,0,,, HTTP/1.1" 200 6858
190.95.2.163 - - [09/Dec/2025:08:25:48 -0300] "GET /cormun/servlet/permisogoce?22f1c9799083dfc99b3a5f41a608932f9a216e026d1e2b51540b6512194957ec4bd3169a9c0d9bad9b3e49d162ca3c9994ded01fedd0e1166adaec2c569f354e,gx-no-cache=1765279582823 HTTP/1.1" 200 79
190.95.2.163 - - [09/Dec/2025:08:26:02 -0300] "GET /cormun/servlet/permisogoce?22f1c9799083dfc99b3a5f41a608932f6b2e7789a1617e11c09e1b2873de47a7873bb37361a094cf4f143c84f8fa1b861abb3ec074c41cf37851b596a4429135,gx-no-cache=1765279596477 HTTP/1.1" 200 48
190.95.2.163 - - [09/Dec/2025:08:26:06 -0300] "POST /cormun/servlet/permisogoce?3c533d34eb80faca25fb6bb7a1bf5d99,INS,0,,,,gx-no-cache=1765279600990 HTTP/1.1" 200 93
190.95.2.163 - - [09/Dec/2025:08:26:06 -0300] "GET /cormun/servlet/hpexe_return? HTTP/1.1" 200 1009
190.95.2.163 - - [09/Dec/2025:08:26:07 -0300] "GET /cormun/servlet/trpermisosgoce HTTP/1.1" 200 12925
190.95.2.163 - - [09/Dec/2025:08:26:11 -0300] "GET /cormun/servlet/apermisogoceprn?16251956,P,20251209082552,PU HTTP/1.1" 200 1662
179.57.78.71 - - [09/Dec/2025:08:26:26 -0300] "GET /cormun/servlet/hlogin HTTP/1.1" 200 1714
179.57.78.71 - - [09/Dec/2025:08:26:31 -0300] "POST /cormun/servlet/hlogin?420aa79ab6641b644e6c90a624eb4230,gx-no-cache=1765279625964 HTTP/1.1" 200 90
179.57.78.71 - - [09/Dec/2025:08:26:31 -0300] "GET /cormun/servlet/hpexe_link HTTP/1.1" 200 946
179.57.78.71 - - [09/Dec/2025:08:26:31 -0300] "GET /cormun/servlet/hhome HTTP/1.1" 200 4265
179.57.78.71 - - [09/Dec/2025:08:26:37 -0300] "GET /cormun/servlet/trsolicitudot? HTTP/1.1" 200 7479
179.57.78.71 - - [09/Dec/2025:08:26:37 -0300] "GET /cormun/static/gxcfg.js?20221129846531 HTTP/1.1" 200 953
179.57.78.71 - - [09/Dec/2025:08:26:37 -0300] "GET /cormun/static/trsolicitudot.js?202211298465651 HTTP/1.1" 200 54040
179.57.78.71 - - [09/Dec/2025:08:26:41 -0300] "GET /cormun/servlet/solicitudot?INS,0,0,false, HTTP/1.1" 200 16263
179.57.78.71 - - [09/Dec/2025:08:26:41 -0300] "GET /cormun/static/gxcfg.js?20221129840861 HTTP/1.1" 200 953
179.57.78.71 - - [09/Dec/2025:08:26:41 -0300] "GET /cormun/static/Resources/prompt.gif HTTP/1.1" 200 902
179.57.78.71 - - [09/Dec/2025:08:26:41 -0300] "GET /cormun/static/solicitudot.js?20221129840983 HTTP/1.1" 200 74072
190.95.2.163 - - [09/Dec/2025:08:26:54 -0300] "GET /cormun/servlet/permisogoce?INS,0,,, HTTP/1.1" 200 6857
190.95.2.163 - - [09/Dec/2025:08:27:06 -0300] "GET /cormun/servlet/permisogoce?22f1c9799083dfc99b3a5f41a608932f0bb89682564dab4aedc9a3148176cf5f4bd3169a9c0d9bad9b3e49d162ca3c9994ded01fedd0e1166adaec2c569f354e,gx-no-cache=1765279660348 HTTP/1.1" 200 90
190.95.2.163 - - [09/Dec/2025:08:27:23 -0300] "GET /cormun/servlet/permisogoce?22f1c9799083dfc99b3a5f41a608932f19c2250d6c2ee03b9c66b382ea3d8cf3c56d4a150b4a27c1c51eb492149292b01abb3ec074c41cf37851b596a4429135,gx-no-cache=1765279677396 HTTP/1.1" 200 47
190.95.2.163 - - [09/Dec/2025:08:27:27 -0300] "POST /cormun/servlet/permisogoce?3c533d34eb80faca25fb6bb7a1bf5d99,INS,0,,,,gx-no-cache=1765279681539 HTTP/1.1" 200 93
190.95.2.163 - - [09/Dec/2025:08:27:27 -0300] "GET /cormun/servlet/hpexe_return? HTTP/1.1" 200 1009
190.95.2.163 - - [09/Dec/2025:08:27:27 -0300] "GET /cormun/servlet/trpermisosgoce HTTP/1.1" 200 13109
190.95.2.163 - - [09/Dec/2025:08:27:39 -0300] "GET /cormun/servlet/apermisogoceprn?20442065,P,20251209082727,PU HTTP/1.1" 200 1662
190.95.67.95 - - [09/Dec/2025:08:27:39 -0300] "GET /cormun/servlet/trlicencias? HTTP/1.1" 200 11352
190.95.15.15 - - [09/Dec/2025:08:27:40 -0300] "GET /cormun/servlet/hlogin HTTP/1.1" 200 1719
190.95.15.15 - - [09/Dec/2025:08:27:40 -0300] "GET /cormun/servlet/hlogin HTTP/1.1" 200 1730
190.95.15.15 - - [09/Dec/2025:08:27:47 -0300] "POST /cormun/servlet/hlogin?75c9ec2558c5ad8699592b4d6faeaaa8,gx-no-cache=1765279702029 HTTP/1.1" 200 90
190.95.15.15 - - [09/Dec/2025:08:27:47 -0300] "GET /cormun/servlet/hpexe_link HTTP/1.1" 200 948
190.95.15.15 - - [09/Dec/2025:08:27:47 -0300] "GET /cormun/servlet/hhome HTTP/1.1" 200 3985
190.95.15.15 - - [09/Dec/2025:08:27:49 -0300] "GET /cormun/servlet/trlicencias? HTTP/1.1" 200 13422
190.95.2.163 - - [09/Dec/2025:08:27:59 -0300] "GET /cormun/servlet/permisogoce?INS,0,,, HTTP/1.1" 200 6857
190.95.2.163 - - [09/Dec/2025:08:28:13 -0300] "GET /cormun/servlet/permisogoce?22f1c9799083dfc99b3a5f41a608932f870f1bb537991915e4c07bd59d811d10b7c1b184b7644da81a4487b8111c9f9cacff4fe6104af2bcff963f4bbd8bc526,gx-no-cache=1765279728041 HTTP/1.1" 200 226
190.95.67.95 - - [09/Dec/2025:08:28:19 -0300] "GET /cormun/servlet/trpermisosgoce? HTTP/1.1" 200 15160
190.95.2.163 - - [09/Dec/2025:08:28:24 -0300] "GET /cormun/servlet/permisogoce?22f1c9799083dfc99b3a5f41a608932f16c7b0c6615605b86edd601b54ba67224bd3169a9c0d9bad9b3e49d162ca3c9994ded01fedd0e1166adaec2c569f354e,gx-no-cache=1765279739203 HTTP/1.1" 200 74
179.57.78.71 - - [09/Dec/2025:08:28:26 -0300] "POST /cormun/servlet/solicitudot?gx-no-cache=1765279741193 HTTP/1.1" 200 4171
179.57.78.71 - - [09/Dec/2025:08:28:26 -0300] "POST /cormun/servlet/solicitudot?420aa79ab6641b644e6c90a624eb4230,INS,0,0,false,,gx-no-cache=1765279741377 HTTP/1.1" 200 13018
190.95.2.163 - - [09/Dec/2025:08:28:35 -0300] "GET /cormun/servlet/permisogoce?22f1c9799083dfc99b3a5f41a608932f788ddd7898afe298c15826a305d16c8e2e81a00167421a00f2f93b63f0c7229f1abb3ec074c41cf37851b596a4429135,gx-no-cache=1765279750125 HTTP/1.1" 200 47
179.57.78.71 - - [09/Dec/2025:08:28:36 -0300] "GET /cormun/servlet/solicitudot?bb905401bbdf459be998abde04f88180c7b8f4620462541235e112cd2f5708bea31a33dd97e96d285a4c167c24248d43,gx-no-cache=1765279750831 HTTP/1.1" 200 30
190.95.2.163 - - [09/Dec/2025:08:28:41 -0300] "POST /cormun/servlet/permisogoce?3c533d34eb80faca25fb6bb7a1bf5d99,INS,0,,,,gx-no-cache=1765279755399 HTTP/1.1" 200 93
190.95.2.163 - - [09/Dec/2025:08:28:41 -0300] "GET /cormun/servlet/hpexe_return? HTTP/1.1" 200 1009
190.95.2.163 - - [09/Dec/2025:08:28:41 -0300] "GET /cormun/servlet/trpermisosgoce HTTP/1.1" 200 13358
190.95.2.163 - - [09/Dec/2025:08:28:45 -0300] "GET /cormun/servlet/apermisogoceprn?11672116,P,20251209082832,PU HTTP/1.1" 200 1658
190.95.2.163 - - [09/Dec/2025:08:28:58 -0300] "GET /cormun/servlet/permisogoce?INS,0,,, HTTP/1.1" 200 6857
190.95.2.163 - - [09/Dec/2025:08:29:20 -0300] "GET /cormun/servlet/permisogoce?22f1c9799083dfc99b3a5f41a608932f16c7b0c6615605b86edd601b54ba67224bd3169a9c0d9bad9b3e49d162ca3c9994ded01fedd0e1166adaec2c569f354e,gx-no-cache=1765279794541 HTTP/1.1" 200 77
190.95.2.163 - - [09/Dec/2025:08:29:31 -0300] "GET /cormun/servlet/permisogoce?22f1c9799083dfc99b3a5f41a608932f788ddd7898afe298c15826a305d16c8e17fdec6aa815e8b2997af20c353a45c31abb3ec074c41cf37851b596a4429135,gx-no-cache=1765279806119 HTTP/1.1" 200 48
179.57.78.9 - - [09/Dec/2025:08:29:35 -0300] "GET /cormun/servlet/hlogin HTTP/1.1" 200 1723
190.95.2.163 - - [09/Dec/2025:08:29:35 -0300] "POST /cormun/servlet/permisogoce?3c533d34eb80faca25fb6bb7a1bf5d99,INS,0,,,,gx-no-cache=1765279809597 HTTP/1.1" 200 93
190.95.2.163 - - [09/Dec/2025:08:29:35 -0300] "GET /cormun/servlet/hpexe_return? HTTP/1.1" 200 1009
190.95.2.163 - - [09/Dec/2025:08:29:35 -0300] "GET /cormun/servlet/trpermisosgoce HTTP/1.1" 200 13519
179.57.78.9 - - [09/Dec/2025:08:29:37 -0300] "POST /cormun/servlet/hlogin?cd406d7e7dbaf481a035e9b53959c90d,gx-no-cache=1765279812593 HTTP/1.1" 200 90
179.57.78.9 - - [09/Dec/2025:08:29:38 -0300] "GET /cormun/servlet/hpexe_link HTTP/1.1" 200 959
179.57.78.9 - - [09/Dec/2025:08:29:38 -0300] "GET /cormun/servlet/trlicencias HTTP/1.1" 200 11667
190.95.2.163 - - [09/Dec/2025:08:29:45 -0300] "GET /cormun/servlet/apermisogoceprn?11672116,P,20251209082930,PU HTTP/1.1" 200 1655
179.57.78.55 - - [09/Dec/2025:08:30:03 -0300] "GET /cormun/servlet/trpermisosgoce? HTTP/1.1" 200 18519
190.95.2.163 - - [09/Dec/2025:08:30:03 -0300] "GET /cormun/servlet/permisogoce?INS,0,,, HTTP/1.1" 200 6858
190.95.2.163 - - [09/Dec/2025:08:30:23 -0300] "GET /cormun/servlet/permisogoce?22f1c9799083dfc99b3a5f41a608932f2f850fb2309061f0a697637eb53b87844bd3169a9c0d9bad9b3e49d162ca3c9994ded01fedd0e1166adaec2c569f354e,gx-no-cache=1765279857308 HTTP/1.1" 200 76
179.57.78.55 - - [09/Dec/2025:08:30:23 -0300] "GET /cormun/static/menuarrow.gif HTTP/1.1" 404 1015
179.57.78.71 - - [09/Dec/2025:08:30:23 -0300] "GET /cormun/servlet/solicitudot?bb905401bbdf459be998abde04f88180527575236e344f49346dd8cca1fdcd58233f8ef87f9c22ba6bcfa10493336d1de5d3e7d781586a593d4a387fd92f9d82,gx-no-cache=1765279858466 HTTP/1.1" 200 30
179.57.78.71 - - [09/Dec/2025:08:30:23 -0300] "GET /cormun/servlet/solicitudot?bb905401bbdf459be998abde04f881803879586cab7170f22aee473d802cd908,gx-no-cache=1765279858522 HTTP/1.1" 200 53
190.95.2.163 - - [09/Dec/2025:08:30:34 -0300] "GET /cormun/servlet/permisogoce?22f1c9799083dfc99b3a5f41a608932fe5181ba2c9ca4eea048ff2e6f43550b0dc754505c9c2b0f1c9db3ab58eac45431abb3ec074c41cf37851b596a4429135,gx-no-cache=1765279868543 HTTP/1.1" 200 47
190.95.1.183 - - [09/Dec/2025:08:30:40 -0300] "POST /cormun/servlet/trlicencias?99965f7df7732908a4183ae8a3cf0325,,gx-no-cache=1765279874947 HTTP/1.1" 440 972
190.95.2.163 - - [09/Dec/2025:08:30:40 -0300] "POST /cormun/servlet/permisogoce?3c533d34eb80faca25fb6bb7a1bf5d99,INS,0,,,,gx-no-cache=1765279874531 HTTP/1.1" 200 93
190.95.2.163 - - [09/Dec/2025:08:30:40 -0300] "GET /cormun/servlet/hpexe_return? HTTP/1.1" 200 1009
190.95.2.163 - - [09/Dec/2025:08:30:40 -0300] "GET /cormun/servlet/trpermisosgoce HTTP/1.1" 200 13717
179.57.78.55 - - [09/Dec/2025:08:30:52 -0300] "POST /cormun/servlet/trpermisosgoce?cc1f0eba6f61d8a866ec0a7161885921,,gx-no-cache=1765279886799 HTTP/1.1" 200 5626
179.57.78.71 - - [09/Dec/2025:08:30:53 -0300] "POST /cormun/servlet/solicitudot?gx-no-cache=1765279888470 HTTP/1.1" 200 240
179.57.78.71 - - [09/Dec/2025:08:30:53 -0300] "GET /cormun/servlet/solicitudot?bb905401bbdf459be998abde04f88180883c9c5540b47418a1c62f0c58def08d61a504803b30bd36435a83215b645c6ee0343a5490afa414cd1f120a77c990b94f09e53391a15a410a824860838c4b5204cc684f908a6c6ca8ec062d69f620b4c24a0aaebdf66bdd51dc0d196f9059ffc6c27a205972575c6b31242bd496c5334e4929d800d57a572493b35fcba32bfc2c508e62bfffd30b094ebbb8012150405b36f62017e2c72b7e1fe069a44bb236d02b6f944cff62850b55883c7ce4144d49cd4acddde573af028ffe4587eee1451db26e17a7e9d9dc9da18c5f03b2aacf12bf8ce1077f3c716c8059cb8c509a42f41073ba19a2222f0290716ac59abb33d0ef8615647e5a8e2a37b93c923f7ad360250743e2478eade7f1a308d00169f235470462ddd5ae4d18bb3228ca0a4f04cc6d3b257ba5faa2ec1ae92975871fb77abab978d46552a01a3bfd9309aa5e421e9a2298753f80667978dd87050dfbce8cb0332193280812a5512a84870fc5a4a3b08948f9f03b644c42ce3b5505effd,gx-no-cache=1765279888527 HTTP/1.1" 200 30
179.57.78.71 - - [09/Dec/2025:08:30:53 -0300] "POST /cormun/servlet/solicitudot?gx-no-cache=1765279888559 HTTP/1.1" 200 30
179.57.78.71 - - [09/Dec/2025:08:30:53 -0300] "POST /cormun/servlet/solicitudot?gx-no-cache=1765279888594 HTTP/1.1" 200 1481
179.57.78.71 - - [09/Dec/2025:08:30:54 -0300] "POST /cormun/servlet/solicitudot?gx-no-cache=1765279888643 HTTP/1.1" 200 38
179.57.78.71 - - [09/Dec/2025:08:30:54 -0300] "GET /cormun/servlet/solicitudot?bb905401bbdf459be998abde04f88180d7e6c3d635aad80631969ae9aad4a863a7cad18494a75fe4910a2f4b48bc1dbdfe5616d7e36ffc1442d553b56f5904005fa75403cfa44be4ebe373b48957c9faab104c7b15cb457279043776bc9e7908a8fec393a0e74137a6e8188c33d03ff3,gx-no-cache=1765279888673 HTTP/1.1" 200 110
179.57.78.71 - - [09/Dec/2025:08:31:00 -0300] "POST /cormun/servlet/solicitudot?gx-no-cache=1765279895332 HTTP/1.1" 200 97
190.95.2.163 - - [09/Dec/2025:08:31:00 -0300] "GET /cormun/servlet/apermisogoceprn?15994353,P,20251209083036,PU HTTP/1.1" 200 1662
179.57.78.55 - - [09/Dec/2025:08:31:31 -0300] "GET /cormun/servlet/permisogoce?INS,0,,, HTTP/1.1" 200 6841
179.57.78.55 - - [09/Dec/2025:08:31:38 -0300] "GET /cormun/servlet/permisogoce?5dc74b3f25fd0b9920eb7490b79aa5106164786e0aeaa700770779e85469fa61c3cc6f36b1e431ff2b8cdbbc34398ffc5ea320df197c06ee55666fbf0bf9a5b8,gx-no-cache=1765279932883 HTTP/1.1" 200 75
179.57.78.55 - - [09/Dec/2025:08:31:42 -0300] "GET /cormun/servlet/permisogoce?5dc74b3f25fd0b9920eb7490b79aa5104bc1c91121274ac6087f1f6b026884d653e7fb8ca00d1e175e4d8ac51e782eb2bf89527fe56a5c758a7aa10fc8562bbc,gx-no-cache=1765279937604 HTTP/1.1" 200 48
179.57.78.55 - - [09/Dec/2025:08:31:46 -0300] "POST /cormun/servlet/permisogoce?cc1f0eba6f61d8a866ec0a7161885921,INS,0,,,,gx-no-cache=1765279941011 HTTP/1.1" 200 93
179.57.78.55 - - [09/Dec/2025:08:31:46 -0300] "GET /cormun/servlet/hpexe_return? HTTP/1.1" 200 1009
179.57.78.55 - - [09/Dec/2025:08:31:46 -0300] "GET /cormun/servlet/trpermisosgoce? HTTP/1.1" 200 8465
179.57.78.55 - - [09/Dec/2025:08:31:51 -0300] "POST /cormun/servlet/trpermisosgoce?cc1f0eba6f61d8a866ec0a7161885921,,gx-no-cache=1765279945923 HTTP/1.1" 200 15634
179.57.78.55 - - [09/Dec/2025:08:31:52 -0300] "GET /cormun/servlet/apermisogoceprn?13944631,P,20251209083203,PU HTTP/1.1" 200 1649
179.57.78.71 - - [09/Dec/2025:08:32:33 -0300] "POST /cormun/servlet/solicitudot?gx-no-cache=1765279988146 HTTP/1.1" 200 1481
179.57.78.71 - - [09/Dec/2025:08:32:33 -0300] "POST /cormun/servlet/solicitudot?gx-no-cache=1765279988268 HTTP/1.1" 200 38
179.57.78.71 - - [09/Dec/2025:08:32:33 -0300] "GET /cormun/servlet/solicitudot?bb905401bbdf459be998abde04f88180d7e6c3d635aad80631969ae9aad4a863a7cad18494a75fe4910a2f4b48bc1dbdfe5616d7e36ffc1442d553b56f5904005fa75403cfa44be4ebe373b48957c9faab104c7b15cb457279043776bc9e7908a8fec393a0e74137a6e8188c33d03ff3,gx-no-cache=1765279988304 HTTP/1.1" 200 110
179.57.78.71 - - [09/Dec/2025:08:32:33 -0300] "POST /cormun/servlet/solicitudot?gx-no-cache=1765279988344 HTTP/1.1" 200 97
179.57.78.71 - - [09/Dec/2025:08:33:02 -0300] "GET /cormun/servlet/hlogin HTTP/1.1" 200 1714
179.57.78.71 - - [09/Dec/2025:08:33:07 -0300] "POST /cormun/servlet/hlogin?420aa79ab6641b644e6c90a624eb4230,gx-no-cache=1765280021595 HTTP/1.1" 200 90
179.57.78.71 - - [09/Dec/2025:08:33:07 -0300] "GET /cormun/servlet/hpexe_link HTTP/1.1" 200 960
179.57.78.71 - - [09/Dec/2025:08:33:07 -0300] "GET /cormun/servlet/solicitudot?INS,0,0,false, HTTP/1.1" 200 16263
179.57.78.71 - - [09/Dec/2025:08:33:12 -0300] "GET /cormun/servlet/trlicencias? HTTP/1.1" 200 13898
179.57.78.71 - - [09/Dec/2025:08:35:03 -0300] "GET /cormun/servlet/solicitudot?bb905401bbdf459be998abde04f88180132ae77a92770dc767c93a0c60489f3d5b6868c9caa0c52db193845c4108c3a025054acefb765a68613b1da6ff0387d0a9c9fb16a11a316f5c8bd6e7a3fada8dc8647037f7029380fbb6b739adb2668e1c914967a495dc3b12d68367087d9e85f362bc27a7f5fbc3cba60fc89b87bd86fc20e67e06e4c1b3f58b6e6e7267580bffe986769dfda44217d946a79681c3d5,gx-no-cache=1765280138356 HTTP/1.1" 200 29
179.57.78.71 - - [09/Dec/2025:08:35:22 -0300] "GET /cormun/servlet/solicitudot?bb905401bbdf459be998abde04f881804c6e8d38ae9e93e1a00885fd16d04af0bcacab9d4d9d9662a93802e4a5585a48,gx-no-cache=1765280157193 HTTP/1.1" 200 30
190.95.2.163 - - [09/Dec/2025:08:35:53 -0300] "GET /cormun/servlet/hlogin HTTP/1.1" 200 1722
179.57.78.71 - - [09/Dec/2025:08:35:57 -0300] "POST /cormun/servlet/solicitudot?gx-no-cache=1765280174688 HTTP/1.1" 200 30
190.95.2.163 - - [09/Dec/2025:08:36:05 -0300] "POST /cormun/servlet/hlogin?3c533d34eb80faca25fb6bb7a1bf5d99,gx-no-cache=1765280199991 HTTP/1.1" 200 90
190.95.2.163 - - [09/Dec/2025:08:36:05 -0300] "GET /cormun/servlet/hpexe_link HTTP/1.1" 200 956
190.95.2.163 - - [09/Dec/2025:08:36:05 -0300] "GET /cormun/servlet/trpermisosgoce HTTP/1.1" 200 13714
190.95.2.163 - - [09/Dec/2025:08:36:10 -0300] "GET /cormun/static/menuarrow.gif HTTP/1.1" 404 1015
190.95.67.93 - - [09/Dec/2025:08:36:38 -0300] "GET /cormun/servlet/trpermisosgoce? HTTP/1.1" 200 18746
190.95.2.163 - - [09/Dec/2025:08:36:47 -0300] "POST /cormun/servlet/trpermisosgoce?3c533d34eb80faca25fb6bb7a1bf5d99,gx-no-cache=1765280242096 HTTP/1.1" 200 5988
190.95.67.93 - - [09/Dec/2025:08:36:51 -0300] "GET /cormun/servlet/permisogoce?INS,0,,, HTTP/1.1" 200 7236
190.95.67.93 - - [09/Dec/2025:08:37:05 -0300] "GET /cormun/servlet/permisogoce?e868523a12185c54241c6c74f9dc8905ea3bd0818fbd4fa45744ea06078f942e3f56f48069300cba1774723e6fa1d6bb8bb8754f201cdc2e05c42d129fc1f0e6,gx-no-cache=1765280260517 HTTP/1.1" 200 85
190.95.67.93 - - [09/Dec/2025:08:37:23 -0300] "GET /cormun/static/menuarrow.gif HTTP/1.1" 404 1015
190.95.67.93 - - [09/Dec/2025:08:37:29 -0300] "GET /cormun/servlet/permisogoce?e868523a12185c54241c6c74f9dc89055aa73447769ecd2988ad5fef1d043175bca1e9b5499fa62ac322f4ae2921b59bd456d0b7eeaf9682e72b49a13ff35f5b,gx-no-cache=1765280283742 HTTP/1.1" 200 48
190.95.67.93 - - [09/Dec/2025:08:37:49 -0300] "POST /cormun/servlet/permisogoce?7fee4292122c283add41ac4b8d75ac81,INS,0,,,,gx-no-cache=1765280303936 HTTP/1.1" 200 93
190.95.67.93 - - [09/Dec/2025:08:37:49 -0300] "GET /cormun/servlet/hpexe_return? HTTP/1.1" 200 1016
190.95.67.93 - - [09/Dec/2025:08:37:50 -0300] "GET /cormun/servlet/trpermisosgoce HTTP/1.1" 200 18799
190.95.67.93 - - [09/Dec/2025:08:37:53 -0300] "GET /cormun/servlet/apermisogoceprn?18379144,P,20251209083723,PU HTTP/1.1" 200 1662
179.57.78.71 - - [09/Dec/2025:08:38:07 -0300] "POST /cormun/servlet/solicitudot?gx-no-cache=1765280321730 HTTP/1.1" 200 240
179.57.78.71 - - [09/Dec/2025:08:38:07 -0300] "GET /cormun/servlet/solicitudot?bb905401bbdf459be998abde04f88180883c9c5540b47418a1c62f0c58def08d61a504803b30bd36435a83215b645c6ee0343a5490afa414cd1f120a77c990b94f09e53391a15a410a824860838c4b5204cc684f908a6c6ca8ec062d69f620b4c24a0aaebdf66bdd51dc0d196f9059ffc6c27a205972575c6b31242bd496c5334e4929d800d57a572493b35fcba32bfc2c508e62bfffd30b094ebbb8012150405b36f62017e2c72b7e1fe069a44bb236d02b6f944cff62850b55883c7ce4144d49cd4acddde573af028ffe4587eee1451db26e17a7e9d9dc9da18c5f03b2aacf12bf8ce1077f3c716c8059cb8c509a42f41073ba19a2222f0290716ac59abb33d0ef8615647e5a8e2a37b93c923f7ad360250743e2478eade7f1a308d00169f235470462ddd5ae4d18bb3228ca0a4f04cc6d3b257ba5faa2ec1ae92975871fb77abab978d46552a01a3bfd9309aa5e421e9a2298753f80667978dd87050dfbce8cb0332193280812a5512a84870fc5a423bc407337d64e0c44185df6201f66f6,gx-no-cache=1765280321822 HTTP/1.1" 200 30
179.57.78.71 - - [09/Dec/2025:08:38:07 -0300] "POST /cormun/servlet/solicitudot?gx-no-cache=1765280321859 HTTP/1.1" 200 30
179.57.78.71 - - [09/Dec/2025:08:38:07 -0300] "POST /cormun/servlet/solicitudot?gx-no-cache=1765280321907 HTTP/1.1" 200 1481
179.57.78.71 - - [09/Dec/2025:08:38:07 -0300] "POST /cormun/servlet/solicitudot?gx-no-cache=1765280321957 HTTP/1.1" 200 41
179.57.78.71 - - [09/Dec/2025:08:38:07 -0300] "GET /cormun/servlet/solicitudot?bb905401bbdf459be998abde04f88180d7e6c3d635aad80631969ae9aad4a863a7cad18494a75fe4910a2f4b48bc1dbdfe5616d7e36ffc1442d553b56f5904005fa75403cfa44be4ebe373b48957c9faab104c7b15cb457279043776bc9e7908a8fec393a0e74137a6e8188c33d03ff3,gx-no-cache=1765280321989 HTTP/1.1" 200 110
179.57.78.71 - - [09/Dec/2025:08:38:07 -0300] "POST /cormun/servlet/solicitudot?gx-no-cache=1765280322026 HTTP/1.1" 200 97
179.57.78.71 - - [09/Dec/2025:08:38:07 -0300] "GET /cormun/servlet/solicitudot?bb905401bbdf459be998abde04f881804c6e8d38ae9e93e1a00885fd16d04af0bcacab9d4d9d9662a93802e4a5585a48,gx-no-cache=1765280322169 HTTP/1.1" 200 30
179.57.78.71 - - [09/Dec/2025:08:38:07 -0300] "POST /cormun/servlet/solicitudot?gx-no-cache=1765280322206 HTTP/1.1" 200 30
179.57.78.71 - - [09/Dec/2025:08:38:07 -0300] "POST /cormun/servlet/solicitudot?420aa79ab6641b644e6c90a624eb4230,INS,0,0,false,,gx-no-cache=1765280322253 HTTP/1.1" 200 13427
179.57.78.71 - - [09/Dec/2025:08:38:07 -0300] "GET /cormun/static/Shared/jqueryui/images/ui-bg_highlight-soft_100_c6c2c8_1x100.png HTTP/1.1" 404 1117
179.57.78.71 - - [09/Dec/2025:08:38:07 -0300] "GET /cormun/static/Shared/jqueryui/images/ui-bg_flat_55_994d53_40x100.png HTTP/1.1" 404 1097
179.57.78.71 - - [09/Dec/2025:08:38:07 -0300] "GET /cormun/static/Shared/jqueryui/images/ui-icons_82798d_256x240.png HTTP/1.1" 404 1089
179.57.78.71 - - [09/Dec/2025:08:38:07 -0300] "GET /cormun/static/Shared/jqueryui/images/ui-icons_ebccce_256x240.png HTTP/1.1" 404 1089
190.95.67.95 - - [09/Dec/2025:08:38:24 -0300] "GET /cormun/servlet/hlogin HTTP/1.1" 200 1722
190.95.67.95 - - [09/Dec/2025:08:38:33 -0300] "POST /cormun/servlet/hlogin?f186c70ef368d5d4d3104593e8e0f4dc,gx-no-cache=1765280348031 HTTP/1.1" 200 90
190.95.67.95 - - [09/Dec/2025:08:38:33 -0300] "GET /cormun/servlet/hpexe_link HTTP/1.1" 200 958
190.95.67.95 - - [09/Dec/2025:08:38:33 -0300] "GET /cormun/servlet/trpermisosgoce HTTP/1.1" 200 15170
179.57.78.71 - - [09/Dec/2025:08:38:47 -0300] "POST /cormun/servlet/solicitudot?gx-no-cache=1765280341993 HTTP/1.1" 200 30
179.57.78.71 - - [09/Dec/2025:08:38:47 -0300] "POST /cormun/servlet/solicitudot?gx-no-cache=1765280362291 HTTP/1.1" 200 1480
179.57.78.71 - - [09/Dec/2025:08:38:47 -0300] "POST /cormun/servlet/solicitudot?gx-no-cache=1765280362348 HTTP/1.1" 200 41
179.57.78.71 - - [09/Dec/2025:08:38:47 -0300] "GET /cormun/servlet/solicitudot?bb905401bbdf459be998abde04f88180d7e6c3d635aad80631969ae9aad4a863a7cad18494a75fe4910a2f4b48bc1dbdfe5616d7e36ffc1442d553b56f5904005fa75403cfa44be4ebe373b48957c9faab104c7b15cb457279043776bc9e7908a8fec393a0e74137a6e8188c33d03ff3,gx-no-cache=1765280362388 HTTP/1.1" 200 110
179.57.78.71 - - [09/Dec/2025:08:38:48 -0300] "POST /cormun/servlet/solicitudot?gx-no-cache=1765280362430 HTTP/1.1" 200 67
179.57.78.71 - - [09/Dec/2025:08:38:48 -0300] "GET /cormun/servlet/solicitudot?bb905401bbdf459be998abde04f881804c6e8d38ae9e93e1a00885fd16d04af0bcacab9d4d9d9662a93802e4a5585a48,gx-no-cache=1765280362861 HTTP/1.1" 200 30
179.57.78.71 - - [09/Dec/2025:08:38:48 -0300] "POST /cormun/servlet/solicitudot?gx-no-cache=1765280362898 HTTP/1.1" 200 30
179.57.78.71 - - [09/Dec/2025:08:38:49 -0300] "POST /cormun/servlet/solicitudot?420aa79ab6641b644e6c90a624eb4230,INS,0,0,false,,gx-no-cache=1765280362937 HTTP/1.1" 200 93
179.57.78.71 - - [09/Dec/2025:08:38:49 -0300] "GET /cormun/servlet/hpexe_return? HTTP/1.1" 200 1004
179.57.78.71 - - [09/Dec/2025:08:38:49 -0300] "GET /cormun/static/gxcfg.js?20221129846035 HTTP/1.1" 200 953
179.57.78.71 - - [09/Dec/2025:08:38:49 -0300] "GET /cormun/static/hpexe_return.js?20221129846037 HTTP/1.1" 200 1633
179.57.78.71 - - [09/Dec/2025:08:38:49 -0300] "GET /cormun/servlet/trsolicitudot HTTP/1.1" 200 8917
179.57.78.71 - - [09/Dec/2025:08:38:49 -0300] "GET /cormun//static/Resources/PXToolsActionView.png HTTP/1.1" 200 398
179.57.78.71 - - [09/Dec/2025:08:38:49 -0300] "GET /cormun//static/Resources/PXToolsGridUpdate.png HTTP/1.1" 200 470
179.57.78.71 - - [09/Dec/2025:08:38:49 -0300] "GET /cormun//static/Resources/PXToolsGridDelete.png HTTP/1.1" 200 538
179.57.78.71 - - [09/Dec/2025:08:38:49 -0300] "GET /cormun//static/Resources/PXToolsRemoveAllAction.png HTTP/1.1" 200 487
201.186.226.3 - - [09/Dec/2025:08:40:01 -0300] "GET /cormun/servlet/hlogin HTTP/1.1" 200 1713
201.186.226.3 - - [09/Dec/2025:08:40:02 -0300] "GET /cormun/servlet/hlogin HTTP/1.1" 200 1724
201.186.226.3 - - [09/Dec/2025:08:40:13 -0300] "POST /cormun/servlet/hlogin?aa0de2841fc7ffc1d89d0ab03d49bac0,gx-no-cache=1765280448446 HTTP/1.1" 200 90
201.186.226.3 - - [09/Dec/2025:08:40:13 -0300] "GET /cormun/servlet/hpexe_link HTTP/1.1" 200 946
201.186.226.3 - - [09/Dec/2025:08:40:14 -0300] "GET /cormun/servlet/hhome HTTP/1.1" 200 3927
201.186.226.3 - - [09/Dec/2025:08:40:19 -0300] "GET /cormun/servlet/trlicencias? HTTP/1.1" 200 9875
201.186.226.3 - - [09/Dec/2025:08:40:55 -0300] "GET /cormun/servlet/trpermisosgoce? HTTP/1.1" 200 13781
190.95.67.93 - - [09/Dec/2025:08:40:56 -0300] "GET /cormun/servlet/permisogoce?INS,0,,, HTTP/1.1" 200 7237
190.95.67.93 - - [09/Dec/2025:08:41:05 -0300] "GET /cormun/servlet/permisogoce?e868523a12185c54241c6c74f9dc89058e3ede758afedec46356dbf2355e012b3f56f48069300cba1774723e6fa1d6bb8bb8754f201cdc2e05c42d129fc1f0e6,gx-no-cache=1765280500362 HTTP/1.1" 200 84
190.95.67.93 - - [09/Dec/2025:08:41:12 -0300] "GET /cormun/static/menuarrow.gif HTTP/1.1" 404 1015
190.95.67.93 - - [09/Dec/2025:08:41:28 -0300] "GET /cormun/servlet/permisogoce?e868523a12185c54241c6c74f9dc89052549479fb7ba666a6a5322481c268de6eba4e985fd1cf25731980ada4437a6b0d456d0b7eeaf9682e72b49a13ff35f5b,gx-no-cache=1765280523350 HTTP/1.1" 200 48
201.186.226.3 - - [09/Dec/2025:08:41:32 -0300] "GET /cormun/servlet/hlogin HTTP/1.1" 200 1732
190.95.67.93 - - [09/Dec/2025:08:41:33 -0300] "POST /cormun/servlet/permisogoce?7fee4292122c283add41ac4b8d75ac81,INS,0,,,,gx-no-cache=1765280527753 HTTP/1.1" 200 93
190.95.67.93 - - [09/Dec/2025:08:41:33 -0300] "GET /cormun/servlet/hpexe_return? HTTP/1.1" 200 1016
190.95.67.93 - - [09/Dec/2025:08:41:33 -0300] "GET /cormun/servlet/trpermisosgoce HTTP/1.1" 200 18783
190.95.67.93 - - [09/Dec/2025:08:41:58 -0300] "GET /cormun/servlet/apermisogoceprn?10507801,P,20251209084128,PU HTTP/1.1" 200 1654
148.222.218.189 - - [09/Dec/2025:08:46:48 -0300] "GET /cormun/servlet/hlogin HTTP/1.1" 200 1718
148.222.218.189 - - [09/Dec/2025:08:46:48 -0300] "GET /cormun/servlet/hlogin HTTP/1.1" 200 1728
148.222.218.189 - - [09/Dec/2025:08:46:51 -0300] "POST /cormun/servlet/hlogin?ad7cfea6e5f3e2f304a7dccf768243d3,gx-no-cache=1765280846089 HTTP/1.1" 200 90
148.222.218.189 - - [09/Dec/2025:08:46:51 -0300] "GET /cormun/servlet/hpexe_link HTTP/1.1" 200 948
148.222.218.189 - - [09/Dec/2025:08:46:51 -0300] "GET /cormun/servlet/hhome HTTP/1.1" 200 4329
148.222.218.189 - - [09/Dec/2025:08:46:53 -0300] "GET /cormun/servlet/trlicencias? HTTP/1.1" 200 9669
190.95.67.93 - - [09/Dec/2025:08:46:58 -0300] "GET /cormun/servlet/permisogoce?INS,0,,, HTTP/1.1" 200 7236
179.57.78.71 - - [09/Dec/2025:08:47:05 -0300] "GET /cormun/servlet/trsolicitudot? HTTP/1.1" 200 8914
179.57.78.71 - - [09/Dec/2025:08:47:09 -0300] "GET /cormun/servlet/trsolicitudot? HTTP/1.1" 200 8913
179.57.78.71 - - [09/Dec/2025:08:47:13 -0300] "GET /cormun/servlet/solicitudot?INS,0,0,false, HTTP/1.1" 200 16263
190.95.67.93 - - [09/Dec/2025:08:47:23 -0300] "GET /cormun/servlet/permisogoce?e868523a12185c54241c6c74f9dc8905a8de26dcea2ea5617ded3f4c938b9b5b3f56f48069300cba1774723e6fa1d6bb8bb8754f201cdc2e05c42d129fc1f0e6,gx-no-cache=1765280877658 HTTP/1.1" 200 81
190.95.67.93 - - [09/Dec/2025:08:47:26 -0300] "GET /cormun/static/menuarrow.gif HTTP/1.1" 404 1015
190.95.67.93 - - [09/Dec/2025:08:47:31 -0300] "GET /cormun/servlet/permisogoce?e868523a12185c54241c6c74f9dc89057f3991f668e215a659fe2aaecb1c06a4fd65882051b0436ab4f618b0d34adbf1d456d0b7eeaf9682e72b49a13ff35f5b,gx-no-cache=1765280885814 HTTP/1.1" 200 47
190.95.67.93 - - [09/Dec/2025:08:47:40 -0300] "POST /cormun/servlet/permisogoce?7fee4292122c283add41ac4b8d75ac81,INS,0,,,,gx-no-cache=1765280894881 HTTP/1.1" 200 93
190.95.67.93 - - [09/Dec/2025:08:47:40 -0300] "GET /cormun/servlet/hpexe_return? HTTP/1.1" 200 1016
190.95.67.93 - - [09/Dec/2025:08:47:41 -0300] "GET /cormun/servlet/trpermisosgoce HTTP/1.1" 200 18823
190.95.67.93 - - [09/Dec/2025:08:47:44 -0300] "GET /cormun/servlet/permisogoce?INS,0,,, HTTP/1.1" 200 7237
190.95.67.93 - - [09/Dec/2025:08:47:54 -0300] "GET /cormun/servlet/permisogoce?e868523a12185c54241c6c74f9dc8905a8de26dcea2ea5617ded3f4c938b9b5b3f56f48069300cba1774723e6fa1d6bb8bb8754f201cdc2e05c42d129fc1f0e6,gx-no-cache=1765280908634 HTTP/1.1" 200 79
190.95.67.93 - - [09/Dec/2025:08:48:01 -0300] "GET /cormun/servlet/permisogoce?e868523a12185c54241c6c74f9dc89057f3991f668e215a659fe2aaecb1c06a49653e3918e6f84394a71c8c0a427d4b5d456d0b7eeaf9682e72b49a13ff35f5b,gx-no-cache=1765280915733 HTTP/1.1" 200 48
190.95.67.93 - - [09/Dec/2025:08:48:07 -0300] "POST /cormun/servlet/permisogoce?7fee4292122c283add41ac4b8d75ac81,INS,0,,,,gx-no-cache=1765280921271 HTTP/1.1" 200 93
190.95.67.93 - - [09/Dec/2025:08:48:07 -0300] "GET /cormun/servlet/hpexe_return? HTTP/1.1" 200 1016
190.95.67.93 - - [09/Dec/2025:08:48:07 -0300] "GET /cormun/servlet/trpermisosgoce HTTP/1.1" 200 18750
190.95.67.93 - - [09/Dec/2025:08:48:11 -0300] "GET /cormun/servlet/apermisogoceprn?18647072,P,20251209084816,PU HTTP/1.1" 200 1659
190.95.67.93 - - [09/Dec/2025:08:48:20 -0300] "GET /cormun/servlet/apermisogoceprn?18647072,P,20251209084731,PU HTTP/1.1" 200 1659
190.95.67.93 - - [09/Dec/2025:08:48:45 -0300] "POST /cormun/servlet/trpermisosgoce?7fee4292122c283add41ac4b8d75ac81,gx-no-cache=1765280960459 HTTP/1.1" 200 5776
179.57.78.71 - - [09/Dec/2025:08:49:03 -0300] "POST /cormun/servlet/solicitudot?gx-no-cache=1765280977872 HTTP/1.1" 200 4046
179.57.78.71 - - [09/Dec/2025:08:49:03 -0300] "POST /cormun/servlet/solicitudot?420aa79ab6641b644e6c90a624eb4230,INS,0,0,false,,gx-no-cache=1765280978051 HTTP/1.1" 200 12897
190.95.67.93 - - [09/Dec/2025:08:49:30 -0300] "POST /cormun/servlet/trpermisosgoce?7fee4292122c283add41ac4b8d75ac81,gx-no-cache=1765281005063 HTTP/1.1" 200 15990
179.57.78.71 - - [09/Dec/2025:08:49:32 -0300] "GET /cormun/servlet/solicitudot?bb905401bbdf459be998abde04f8818007721867c0d21b65416a44d38cadd72ea31a33dd97e96d285a4c167c24248d43,gx-no-cache=1765281006583 HTTP/1.1" 200 30
190.95.67.93 - - [09/Dec/2025:08:49:42 -0300] "POST /cormun/servlet/trpermisosgoce?7fee4292122c283add41ac4b8d75ac81,gx-no-cache=1765281017272 HTTP/1.1" 200 15989
179.57.78.71 - - [09/Dec/2025:08:50:40 -0300] "GET /cormun/servlet/solicitudot?bb905401bbdf459be998abde04f88180cc1b8e93a29527997f121d52655ca9eee1b28fb4d5465803c7d371c69408d9f0a31a33dd97e96d285a4c167c24248d43,gx-no-cache=1765281074516 HTTP/1.1" 200 30
179.57.78.71 - - [09/Dec/2025:08:50:50 -0300] "GET /cormun/static/Resources/resize.gif HTTP/1.1" 200 77
179.57.78.71 - - [09/Dec/2025:08:50:50 -0300] "GET /cormun/static/Resources/PXTools/ClosePrompt.png HTTP/1.1" 200 1036
179.57.78.71 - - [09/Dec/2025:08:50:50 -0300] "GET /cormun/servlet/prbanco?,MD,,gxPopupLevel%3D0%3B HTTP/1.1" 200 6655
179.57.78.71 - - [09/Dec/2025:08:50:50 -0300] "GET /cormun/static/Resources/PXToolsMenuSearch.png HTTP/1.1" 200 336
179.57.78.71 - - [09/Dec/2025:08:50:50 -0300] "GET /cormun/static/gxcfg.js?20201216131581 HTTP/1.1" 200 953
179.57.78.71 - - [09/Dec/2025:08:50:50 -0300] "GET /cormun/static/prbanco.js?20201216132311 HTTP/1.1" 200 10693
179.57.78.71 - - [09/Dec/2025:08:50:50 -0300] "GET /cormun/static/menusearch.js?20201214473581 HTTP/1.1" 200 1424
179.57.78.71 - - [09/Dec/2025:08:50:50 -0300] "GET /cormun/static/hmpwkw011.js?202211298443482 HTTP/1.1" 200 1968
179.57.78.71 - - [09/Dec/2025:08:50:50 -0300] "GET /cormun/static/Resources/PXToolsMenuSearchCancel.png HTTP/1.1" 200 306
179.57.78.71 - - [09/Dec/2025:08:51:07 -0300] "GET /cormun/servlet/solicitudot?bb905401bbdf459be998abde04f881805f122bedaed3a40038f9b63ca9a1a930,gx-no-cache=1765281101733 HTTP/1.1" 200 45
179.57.78.71 - - [09/Dec/2025:08:51:43 -0300] "POST /cormun/servlet/solicitudot?gx-no-cache=1765281137673 HTTP/1.1" 200 255
179.57.78.71 - - [09/Dec/2025:08:51:47 -0300] "GET /cormun/servlet/solicitudot?bb905401bbdf459be998abde04f88180883c9c5540b47418a1c62f0c58def08d976847fb9757c82cb2b78bd77de2a2c7e0343a5490afa414cd1f120a77c990b94f09e53391a15a410a824860838c4b5204cc684f908a6c6ca8ec062d69f620b4c24a0aaebdf66bdd51dc0d196f9059ffc6c27a205972575c6b31242bd496c5334e4929d800d57a572493b35fcba32bfc2c508e62bfffd30b094ebbb8012150405b36f62017e2c72b7e1fe069a44bb236d02b6f944cff62850b55883c7ce4144d49cd4acddde573af028ffe4587eee1451db26e17a7e9d9dc9da18c5f03b2aacf12bf8ce1077f3c716c8059cb8c509a42f41073ba19a2222f0290716ac59abb33d0ef8615647e5a8e2a37b93c923f7ad385c78d9ff9dd63fdb24852b24b072afaefbd66339115066e9c36885a20a8d9691c413d466f721dae3bb743a64767f04616f8a6a344b0f6261b5cf6cd05648c11220c45514a377bc2cb687521caaae8b7fb794b0b3009c449507982797c90b58c82d83232488f798ea27384d2efe1addb,gx-no-cache=1765281142091 HTTP/1.1" 200 30
179.57.78.71 - - [09/Dec/2025:08:51:53 -0300] "POST /cormun/servlet/solicitudot?gx-no-cache=1765281147957 HTTP/1.1" 200 30
179.57.78.71 - - [09/Dec/2025:08:51:53 -0300] "POST /cormun/servlet/solicitudot?gx-no-cache=1765281148024 HTTP/1.1" 200 1481
179.57.78.71 - - [09/Dec/2025:08:51:53 -0300] "POST /cormun/servlet/solicitudot?gx-no-cache=1765281148102 HTTP/1.1" 200 38
179.57.78.71 - - [09/Dec/2025:08:52:45 -0300] "GET /cormun/servlet/solicitudot?bb905401bbdf459be998abde04f88180d7e6c3d635aad80631969ae9aad4a863a7cad18494a75fe4910a2f4b48bc1dbdfe5616d7e36ffc1442d553b56f5904005fa75403cfa44be4ebe373b48957c9faab104c7b15cb457279043776bc9e7908a8fec393a0e74137a6e8188c33d03ff3,gx-no-cache=1765281199701 HTTP/1.1" 200 110
179.57.78.71 - - [09/Dec/2025:08:52:45 -0300] "POST /cormun/servlet/solicitudot?gx-no-cache=1765281199806 HTTP/1.1" 200 97
179.57.78.71 - - [09/Dec/2025:08:52:54 -0300] "GET /cormun/servlet/solicitudot?bb905401bbdf459be998abde04f88180132ae77a92770dc767c93a0c60489f3d5b6868c9caa0c52db193845c4108c3a01a350e3463f141895be03b9515fa69a1b577ae55c66f50843619d2dd44dc4a2c715813d438714e341053bc3db7cf4fdcde4e3428d00853e4dc21813476645290,gx-no-cache=1765281209295 HTTP/1.1" 200 29
179.57.78.71 - - [09/Dec/2025:08:53:15 -0300] "GET /cormun/servlet/solicitudot?bb905401bbdf459be998abde04f881804c6e8d38ae9e93e1a00885fd16d04af0bcacab9d4d9d9662a93802e4a5585a48,gx-no-cache=1765281230014 HTTP/1.1" 200 30
179.57.78.71 - - [09/Dec/2025:08:53:39 -0300] "POST /cormun/servlet/solicitudot?gx-no-cache=1765281254359 HTTP/1.1" 200 30
179.57.78.71 - - [09/Dec/2025:08:54:56 -0300] "POST /cormun/servlet/solicitudot?gx-no-cache=1765281330920 HTTP/1.1" 200 1481
179.57.78.71 - - [09/Dec/2025:08:54:56 -0300] "POST /cormun/servlet/solicitudot?gx-no-cache=1765281330993 HTTP/1.1" 200 41
179.57.78.71 - - [09/Dec/2025:08:54:56 -0300] "GET /cormun/servlet/solicitudot?bb905401bbdf459be998abde04f88180d7e6c3d635aad80631969ae9aad4a863a7cad18494a75fe4910a2f4b48bc1dbdfe5616d7e36ffc1442d553b56f5904005fa75403cfa44be4ebe373b48957c9faab104c7b15cb457279043776bc9e7908a8fec393a0e74137a6e8188c33d03ff3,gx-no-cache=1765281331032 HTTP/1.1" 200 110
179.57.78.71 - - [09/Dec/2025:08:54:56 -0300] "POST /cormun/servlet/solicitudot?gx-no-cache=1765281331077 HTTP/1.1" 200 97
179.57.78.71 - - [09/Dec/2025:08:54:56 -0300] "GET /cormun/servlet/solicitudot?bb905401bbdf459be998abde04f881804c6e8d38ae9e93e1a00885fd16d04af0bcacab9d4d9d9662a93802e4a5585a48,gx-no-cache=1765281331124 HTTP/1.1" 200 30
179.57.78.71 - - [09/Dec/2025:08:54:56 -0300] "POST /cormun/servlet/solicitudot?gx-no-cache=1765281331161 HTTP/1.1" 200 30
179.57.78.71 - - [09/Dec/2025:08:54:56 -0300] "POST /cormun/servlet/solicitudot?420aa79ab6641b644e6c90a624eb4230,INS,0,0,false,,gx-no-cache=1765281331208 HTTP/1.1" 200 93
179.57.78.71 - - [09/Dec/2025:08:54:56 -0300] "GET /cormun/servlet/hpexe_return? HTTP/1.1" 200 1004
179.57.78.71 - - [09/Dec/2025:08:54:57 -0300] "GET /cormun/servlet/trsolicitudot HTTP/1.1" 200 9347
179.57.78.71 - - [09/Dec/2025:08:55:04 -0300] "POST /cormun/servlet/trsolicitudot?420aa79ab6641b644e6c90a624eb4230,gx-no-cache=1765281339074 HTTP/1.1" 200 6113
179.57.78.71 - - [09/Dec/2025:08:55:04 -0300] "GET /cormun/static/Shared/jqueryui/images/ui-bg_highlight-soft_100_c6c2c8_1x100.png HTTP/1.1" 404 1117
179.57.78.71 - - [09/Dec/2025:08:55:04 -0300] "GET /cormun/static/Shared/jqueryui/images/ui-icons_82798d_256x240.png HTTP/1.1" 404 1089
179.57.78.71 - - [09/Dec/2025:08:55:04 -0300] "GET /cormun/static/Shared/jqueryui/images/ui-bg_flat_55_fafafa_40x100.png HTTP/1.1" 404 1097
179.57.78.71 - - [09/Dec/2025:08:55:04 -0300] "GET /cormun/static/Shared/jqueryui/images/ui-icons_8d78a5_256x240.png HTTP/1.1" 404 1089
179.57.78.71 - - [09/Dec/2025:08:55:04 -0300] "POST /cormun/servlet/trsolicitudot?420aa79ab6641b644e6c90a624eb4230,gx-no-cache=1765281339231 HTTP/1.1" 200 6057
179.57.78.71 - - [09/Dec/2025:08:55:07 -0300] "POST /cormun/servlet/trsolicitudot?420aa79ab6641b644e6c90a624eb4230,gx-no-cache=1765281341559 HTTP/1.1" 200 4876
179.57.78.71 - - [09/Dec/2025:08:55:07 -0300] "POST /cormun/servlet/trsolicitudot?420aa79ab6641b644e6c90a624eb4230,gx-no-cache=1765281341711 HTTP/1.1" 200 4610
190.95.15.15 - - [09/Dec/2025:08:55:19 -0300] "GET /cormun/servlet/trpermisosgoce? HTTP/1.1" 200 16112
190.95.15.15 - - [09/Dec/2025:08:55:23 -0300] "GET /cormun/servlet/permisogoce?INS,0,,, HTTP/1.1" 200 6853
190.95.15.15 - - [09/Dec/2025:08:55:35 -0300] "GET /cormun/servlet/permisogoce?0d76cb970b42768d4873f512e3fe5b3f6b396760dd4827d3e77436fb721f15cc6ae3384bc41eb868780112ff129f794333ee9cdbfc055d38e2f55ff34da92ee9,gx-no-cache=1765281369843 HTTP/1.1" 200 81
190.95.15.15 - - [09/Dec/2025:08:55:35 -0300] "GET /cormun/static/menuarrow.gif HTTP/1.1" 404 1015
190.95.15.15 - - [09/Dec/2025:08:55:41 -0300] "GET /cormun/servlet/permisogoce?0d76cb970b42768d4873f512e3fe5b3f14274a05a5e9ba052aece0ed2c12ff19eb7b7ed6f64c53bb6b8708661d0e77b6a4224566ecb2fd344285a6c8a3b0de2e,gx-no-cache=1765281375989 HTTP/1.1" 200 48
190.95.15.15 - - [09/Dec/2025:08:55:44 -0300] "POST /cormun/servlet/permisogoce?75c9ec2558c5ad8699592b4d6faeaaa8,INS,0,,,,gx-no-cache=1765281378065 HTTP/1.1" 200 93
190.95.15.15 - - [09/Dec/2025:08:55:44 -0300] "GET /cormun/servlet/hpexe_return? HTTP/1.1" 200 1006
190.95.15.15 - - [09/Dec/2025:08:55:44 -0300] "GET /cormun/servlet/trpermisosgoce HTTP/1.1" 200 16413
190.95.15.15 - - [09/Dec/2025:08:55:47 -0300] "GET /cormun/servlet/apermisogoceprn?20652670,P,20251209085555,PU HTTP/1.1" 200 1659
122.97.68.51 - - [09/Dec/2025:08:56:35 -0300] "GET /docs/building.html HTTP/1.1" 200 21498
190.95.67.99 - - [09/Dec/2025:08:58:36 -0300] "POST /cormun/servlet/trlicencias?5c67915acbeae7df9729b8fc235285ac,,gx-no-cache=1765281559423 HTTP/1.1" 440 972
190.95.67.99 - - [09/Dec/2025:08:58:42 -0300] "GET /cormun/servlet/trlicencias? HTTP/1.1" 200 6049
190.95.67.99 - - [09/Dec/2025:08:58:51 -0300] "GET /cormun/servlet/hlogin HTTP/1.1" 200 1738
201.186.225.183 - - [09/Dec/2025:09:02:31 -0300] "GET /cormun/servlet/trlicencias? HTTP/1.1" 200 6060
201.186.225.183 - - [09/Dec/2025:09:02:32 -0300] "GET /cormun/static/Resources/Spanish/PXTools.css?8354383 HTTP/1.1" 200 100853
201.186.225.183 - - [09/Dec/2025:09:02:32 -0300] "GET /cormun/servlet/hlogin HTTP/1.1" 200 1742
201.186.225.183 - - [09/Dec/2025:09:02:32 -0300] "GET /cormun/servlet/trlicencias? HTTP/1.1" 200 6055
201.186.225.183 - - [09/Dec/2025:09:02:37 -0300] "POST /cormun/servlet/hlogin?1961b677a2bb25e2c1cf0deb3644088f,gx-no-cache=1765281792595 HTTP/1.1" 200 90
201.186.225.183 - - [09/Dec/2025:09:02:37 -0300] "GET /cormun/servlet/hpexe_link HTTP/1.1" 200 961
201.186.225.183 - - [09/Dec/2025:09:02:37 -0300] "GET /cormun/servlet/trlicencias HTTP/1.1" 200 15299
201.186.225.183 - - [09/Dec/2025:09:03:01 -0300] "POST /cormun/servlet/trlicencias?1961b677a2bb25e2c1cf0deb3644088f,gx-no-cache=1765281815153 HTTP/1.1" 200 17811
201.186.225.183 - - [09/Dec/2025:09:03:01 -0300] "GET /cormun/static/Resources/PXToolsGridNext.gif HTTP/1.1" 200 369
201.186.225.183 - - [09/Dec/2025:09:03:01 -0300] "GET /cormun/static/Resources/PXToolsGridLast.gif HTTP/1.1" 200 370
201.186.225.183 - - [09/Dec/2025:09:03:05 -0300] "POST /cormun/servlet/trlicencias?1961b677a2bb25e2c1cf0deb3644088f,gx-no-cache=1765281820848 HTTP/1.1" 200 16235
201.186.225.183 - - [09/Dec/2025:09:03:24 -0300] "POST /cormun/servlet/trlicencias?1961b677a2bb25e2c1cf0deb3644088f,gx-no-cache=1765281839680 HTTP/1.1" 200 16234
201.186.225.183 - - [09/Dec/2025:09:03:36 -0300] "POST /cormun/servlet/trlicencias?1961b677a2bb25e2c1cf0deb3644088f,gx-no-cache=1765281852072 HTTP/1.1" 200 101
201.186.225.183 - - [09/Dec/2025:09:03:36 -0300] "GET /cormun/Licencias-6543.xls HTTP/1.1" 200 20480
190.95.2.163 - - [09/Dec/2025:09:05:54 -0300] "GET /cormun/servlet/trpermisosgoce? HTTP/1.1" 200 8742
190.95.2.163 - - [09/Dec/2025:09:06:06 -0300] "POST /cormun/servlet/trpermisosgoce?3c533d34eb80faca25fb6bb7a1bf5d99,,gx-no-cache=1765282000396 HTTP/1.1" 200 5989
190.95.2.163 - - [09/Dec/2025:09:06:07 -0300] "POST /cormun/servlet/trpermisosgoce?3c533d34eb80faca25fb6bb7a1bf5d99,,gx-no-cache=1765282001811 HTTP/1.1" 200 5989
190.95.2.163 - - [09/Dec/2025:09:06:14 -0300] "GET /cormun/servlet/permisogoce?INS,0,,, HTTP/1.1" 200 6858
190.95.2.163 - - [09/Dec/2025:09:06:27 -0300] "GET /cormun/servlet/permisogoce?22f1c9799083dfc99b3a5f41a608932ff14e4e128e44590b5dbf1935a9aa2ca2b7c1b184b7644da81a4487b8111c9f9cacff4fe6104af2bcff963f4bbd8bc526,gx-no-cache=1765282021742 HTTP/1.1" 200 79
190.95.2.163 - - [09/Dec/2025:09:06:27 -0300] "GET /cormun/static/menuarrow.gif HTTP/1.1" 404 1015
190.95.2.163 - - [09/Dec/2025:09:06:40 -0300] "GET /cormun/servlet/permisogoce?22f1c9799083dfc99b3a5f41a608932f8779b8854e8cd101a6a32c1b5576fae3065c9b1b20d947909d42ef0c3735c1fcfce39afd56f3807f60c2ae331684b572,gx-no-cache=1765282034809 HTTP/1.1" 200 47
190.95.2.163 - - [09/Dec/2025:09:06:45 -0300] "POST /cormun/servlet/permisogoce?3c533d34eb80faca25fb6bb7a1bf5d99,INS,0,,,,gx-no-cache=1765282039257 HTTP/1.1" 200 93
190.95.2.163 - - [09/Dec/2025:09:06:45 -0300] "GET /cormun/servlet/hpexe_return? HTTP/1.1" 200 1009
