201.186.225.183 - - [09/Dec/2025:11:39:05 -0300] "GET /cormun/servlet/trpermisosadjuntos?10204581,20251127163154,P, HTTP/1.1" 200 6281
201.186.225.183 - - [09/Dec/2025:11:39:06 -0300] "GET /cormun/servlet/permisosadjuntos?INS,10204581,P,20251127163154,, HTTP/1.1" 200 5604
201.186.225.183 - - [09/Dec/2025:11:39:06 -0300] "GET /cormun/static/about:blank HTTP/1.1" 404 1011
201.186.225.183 - - [09/Dec/2025:11:39:12 -0300] "POST /cormun/servlet/permisosadjuntos?774fc1d92680d6355c408773cfe7f6b7,INS,10204581,P,20251127163154,, HTTP/1.1" 200 116
201.186.225.183 - - [09/Dec/2025:11:39:12 -0300] "GET /cormun/servlet/hpexe_return? HTTP/1.1" 200 1039
201.186.225.183 - - [09/Dec/2025:11:39:12 -0300] "GET /cormun/servlet/trpermisosadjuntos?10204581,20251127163154,P, HTTP/1.1" 200 6745
201.186.225.183 - - [09/Dec/2025:11:39:13 -0300] "GET /cormun/servlet/trpermisosgoce? HTTP/1.1" 200 18547
201.186.225.183 - - [09/Dec/2025:11:39:18 -0300] "GET /cormun/servlet/trpermisosadjuntos?10204581,20251127163228,P, HTTP/1.1" 200 6281
201.186.225.183 - - [09/Dec/2025:11:39:19 -0300] "GET /cormun/servlet/permisosadjuntos?INS,10204581,P,20251127163228,, HTTP/1.1" 200 5603
201.186.225.183 - - [09/Dec/2025:11:39:19 -0300] "GET /cormun/static/about:blank HTTP/1.1" 404 1011
201.186.225.183 - - [09/Dec/2025:11:39:24 -0300] "POST /cormun/servlet/permisosadjuntos?774fc1d92680d6355c408773cfe7f6b7,INS,10204581,P,20251127163228,, HTTP/1.1" 200 116
201.186.225.183 - - [09/Dec/2025:11:39:24 -0300] "GET /cormun/servlet/hpexe_return? HTTP/1.1" 200 1039
201.186.225.183 - - [09/Dec/2025:11:39:24 -0300] "GET /cormun/servlet/trpermisosadjuntos?10204581,20251127163228,P, HTTP/1.1" 200 6744
201.186.225.183 - - [09/Dec/2025:11:39:26 -0300] "GET /cormun/servlet/trpermisosgoce? HTTP/1.1" 200 18547
201.186.225.183 - - [09/Dec/2025:11:39:29 -0300] "POST /cormun/servlet/trpermisosgoce?774fc1d92680d6355c408773cfe7f6b7,,gx-no-cache=1765291204136 HTTP/1.1" 200 15946
201.186.225.183 - - [09/Dec/2025:11:39:31 -0300] "GET /cormun/servlet/trpermisosadjuntos?15106727,20251127163410,P, HTTP/1.1" 200 6292
201.186.225.183 - - [09/Dec/2025:11:39:33 -0300] "GET /cormun/servlet/permisosadjuntos?INS,15106727,P,20251127163410,, HTTP/1.1" 200 5611
201.186.225.183 - - [09/Dec/2025:11:39:33 -0300] "GET /cormun/static/about:blank HTTP/1.1" 404 1011
201.186.225.183 - - [09/Dec/2025:11:39:37 -0300] "POST /cormun/servlet/permisosadjuntos?774fc1d92680d6355c408773cfe7f6b7,INS,15106727,P,20251127163410,, HTTP/1.1" 200 116
201.186.225.183 - - [09/Dec/2025:11:39:37 -0300] "GET /cormun/servlet/hpexe_return? HTTP/1.1" 200 1040
201.186.225.183 - - [09/Dec/2025:11:39:38 -0300] "GET /cormun/servlet/trpermisosadjuntos?15106727,20251127163410,P, HTTP/1.1" 200 6755
201.186.225.183 - - [09/Dec/2025:11:39:40 -0300] "GET /cormun/servlet/trpermisosgoce? HTTP/1.1" 200 18544
201.186.225.183 - - [09/Dec/2025:11:39:43 -0300] "GET /cormun/servlet/trpermisosadjuntos?15106727,20251127163439,P, HTTP/1.1" 200 6293
179.57.78.71 - - [09/Dec/2025:11:39:44 -0300] "GET /cormun/servlet/solicitudot?207633731077db83f61402f35cf372a73a6044556c15de3665c259c72bc0353d0d79fa1f06ef4de2efe3e97265814f2f23600da77b321f933ad7146c628306553d23168b51cd8f207c0e99a643b00f3a,gx-no-cache=1765291219169 HTTP/1.1" 200 30
179.57.78.71 - - [09/Dec/2025:11:39:44 -0300] "POST /cormun/servlet/solicitudot?gx-no-cache=1765291219293 HTTP/1.1" 200 297
179.57.78.71 - - [09/Dec/2025:11:39:44 -0300] "GET /cormun/servlet/solicitudot?207633731077db83f61402f35cf372a7e77e9054217e626eb3e17ac2699d1fce789075aa31fed3c34eebe360bea98c7daa9b2aca758fcd10039228c475401e339df5c3a74e5da0e55ff3d190dc0634af515f85f3e3e996e7fbf7033ab64ca45c689c359ea8212bda1110eb1e9d139d50a843cd76de403fa88fde9c7e175ce1c633965e255faf2a4323d011cd20f5529de18210d7e913e03b897f89ae2cd7299dd5422b52d6d3b3c01abd9668e8b2f2907ff25f779357644ed19578efb9a595c32510bb94b2fce42f2ae3b820f622c064c54fe5cfdba004d7e579bccde2e2f2f6f042e88f4c7b8da2031d60300a5e20e7951fed9ef98051e9dd3865ce894e34e157777bab4b96b557158921923190bf86f0d986ba4b55679c8457693f1c947d6ac5d8358d93f3fc7c792a1ef27799172ea1840317629ea6e8b9e03ec179054b9816f3eab58130fe56a56ab06d2968bac64e401a928c743be9b6f8df58ba9cd28505642ead54dd0917cff9b3673180ebeecaa03fd5ebae20449bd598a87654bef0c05c1762f4e35900abb854f402a9ce56,gx-no-cache=1765291219335 HTTP/1.1" 200 30
201.186.225.183 - - [09/Dec/2025:11:39:45 -0300] "GET /cormun/servlet/permisosadjuntos?INS,15106727,P,20251127163439,, HTTP/1.1" 200 5612
201.186.225.183 - - [09/Dec/2025:11:39:45 -0300] "GET /cormun/static/about:blank HTTP/1.1" 404 1011
179.57.78.71 - - [09/Dec/2025:11:39:46 -0300] "POST /cormun/servlet/solicitudot?gx-no-cache=1765291221173 HTTP/1.1" 200 30
201.186.225.183 - - [09/Dec/2025:11:39:50 -0300] "POST /cormun/servlet/permisosadjuntos?774fc1d92680d6355c408773cfe7f6b7,INS,15106727,P,20251127163439,, HTTP/1.1" 200 116
201.186.225.183 - - [09/Dec/2025:11:39:50 -0300] "GET /cormun/servlet/hpexe_return? HTTP/1.1" 200 1040
201.186.225.183 - - [09/Dec/2025:11:39:50 -0300] "GET /cormun/servlet/trpermisosadjuntos?15106727,20251127163439,P, HTTP/1.1" 200 6755
201.186.225.183 - - [09/Dec/2025:11:39:53 -0300] "GET /cormun/servlet/trpermisosgoce? HTTP/1.1" 200 18543
201.186.225.183 - - [09/Dec/2025:11:39:57 -0300] "POST /cormun/servlet/trpermisosgoce?774fc1d92680d6355c408773cfe7f6b7,,gx-no-cache=1765291232139 HTTP/1.1" 200 15946
179.57.78.71 - - [09/Dec/2025:11:39:57 -0300] "POST /cormun/servlet/solicitudot?gx-no-cache=1765291232141 HTTP/1.1" 200 1479
179.57.78.71 - - [09/Dec/2025:11:39:57 -0300] "POST /cormun/servlet/solicitudot?gx-no-cache=1765291232205 HTTP/1.1" 200 38
179.57.78.71 - - [09/Dec/2025:11:39:57 -0300] "GET /cormun/servlet/solicitudot?207633731077db83f61402f35cf372a7029259a3d4c341234b324931e7c54e0d2d18301b5cbd234fd78ac5dfd0977e83a82db2c99aa3bc3479065177e197661ea74a2b5ea134f532bde57325d25cd1238e109f01981c9b7e0ac630453ae046dc4640e5b7729dc5105368de81d13186e6,gx-no-cache=1765291232249 HTTP/1.1" 200 110
201.186.225.183 - - [09/Dec/2025:11:40:01 -0300] "GET /cormun/servlet/trpermisosadjuntos?17522124,20251127163540,P, HTTP/1.1" 200 6293
201.186.225.183 - - [09/Dec/2025:11:40:02 -0300] "GET /cormun/servlet/permisosadjuntos?INS,17522124,P,20251127163540,, HTTP/1.1" 200 5616
201.186.225.183 - - [09/Dec/2025:11:40:03 -0300] "GET /cormun/static/about:blank HTTP/1.1" 404 1011
201.186.225.183 - - [09/Dec/2025:11:40:09 -0300] "POST /cormun/servlet/permisosadjuntos?774fc1d92680d6355c408773cfe7f6b7,INS,17522124,P,20251127163540,, HTTP/1.1" 200 116
201.186.225.183 - - [09/Dec/2025:11:40:09 -0300] "GET /cormun/servlet/hpexe_return? HTTP/1.1" 200 1038
201.186.225.183 - - [09/Dec/2025:11:40:09 -0300] "GET /cormun/servlet/trpermisosadjuntos?17522124,20251127163540,P, HTTP/1.1" 200 6756
201.186.225.183 - - [09/Dec/2025:11:40:11 -0300] "GET /cormun/servlet/trpermisosgoce? HTTP/1.1" 200 18543
201.186.225.183 - - [09/Dec/2025:11:40:14 -0300] "POST /cormun/servlet/trpermisosgoce?774fc1d92680d6355c408773cfe7f6b7,,gx-no-cache=1765291249116 HTTP/1.1" 200 15927
201.186.225.183 - - [09/Dec/2025:11:40:16 -0300] "GET /cormun/servlet/trpermisosadjuntos?18598184,20251127163645,P, HTTP/1.1" 200 6286
201.186.225.183 - - [09/Dec/2025:11:40:17 -0300] "GET /cormun/servlet/permisosadjuntos?INS,18598184,P,20251127163645,, HTTP/1.1" 200 5610
201.186.225.183 - - [09/Dec/2025:11:40:17 -0300] "GET /cormun/static/about:blank HTTP/1.1" 404 1011
201.186.225.183 - - [09/Dec/2025:11:40:22 -0300] "POST /cormun/servlet/permisosadjuntos?774fc1d92680d6355c408773cfe7f6b7,INS,18598184,P,20251127163645,, HTTP/1.1" 200 116
201.186.225.183 - - [09/Dec/2025:11:40:22 -0300] "GET /cormun/servlet/hpexe_return? HTTP/1.1" 200 1040
201.186.225.183 - - [09/Dec/2025:11:40:22 -0300] "GET /cormun/servlet/trpermisosadjuntos?18598184,20251127163645,P, HTTP/1.1" 200 6748
201.186.225.183 - - [09/Dec/2025:11:40:24 -0300] "GET /cormun/servlet/trpermisosgoce? HTTP/1.1" 200 18532
201.186.225.183 - - [09/Dec/2025:11:40:32 -0300] "GET /cormun/servlet/trpermisosadjuntos?8595097,20251127163738,P, HTTP/1.1" 200 6284
201.186.225.183 - - [09/Dec/2025:11:40:34 -0300] "GET /cormun/servlet/permisosadjuntos?INS,8595097,P,20251127163738,, HTTP/1.1" 200 5606
201.186.225.183 - - [09/Dec/2025:11:40:34 -0300] "GET /cormun/static/about:blank HTTP/1.1" 404 1011
190.95.67.91 - - [09/Dec/2025:11:40:38 -0300] "GET /cormun/servlet/permisogoce?INS,0,,, HTTP/1.1" 200 7154
190.95.67.91 - - [09/Dec/2025:11:40:47 -0300] "GET /cormun/servlet/permisogoce?90df0e9cd844de3203d505cd749507e6c928c6ce974012862962ef2543c49bfc2abf069f96f47fa1f25c3ba0f3ad36fd683dd98aa4a3c805c1ab43ceaeab9891,gx-no-cache=1765291281893 HTTP/1.1" 200 81
190.95.67.91 - - [09/Dec/2025:11:40:55 -0300] "GET /cormun/servlet/permisogoce?90df0e9cd844de3203d505cd749507e6482934ef925f57fd1eb94adb86b7bbd29be708522db607f33887ae0eaa1b830ae5ef20b6af75b57c534e712a9e5eb27d,gx-no-cache=1765291289802 HTTP/1.1" 200 48
190.95.67.91 - - [09/Dec/2025:11:40:59 -0300] "POST /cormun/servlet/permisogoce?2ad471cdbcb8c5262f5013e53bcace5f,INS,0,,,,gx-no-cache=1765291293259 HTTP/1.1" 200 93
190.95.67.91 - - [09/Dec/2025:11:40:59 -0300] "GET /cormun/servlet/hpexe_return? HTTP/1.1" 200 1034
190.95.67.91 - - [09/Dec/2025:11:40:59 -0300] "GET /cormun/servlet/trpermisosgoce?gx-no-cache=1765290009744 HTTP/1.1" 200 18125
190.95.67.91 - - [09/Dec/2025:11:41:08 -0300] "GET /cormun/servlet/trpermisosadjuntos?18936113,20251209114109,P, HTTP/1.1" 200 6582
190.95.67.91 - - [09/Dec/2025:11:41:10 -0300] "GET /cormun/servlet/permisosadjuntos?INS,18936113,P,20251209114109,, HTTP/1.1" 200 5886
190.95.67.91 - - [09/Dec/2025:11:41:10 -0300] "GET /cormun/static/about:blank HTTP/1.1" 404 1011
179.57.78.71 - - [09/Dec/2025:11:41:11 -0300] "POST /cormun/servlet/solicitudot?gx-no-cache=1765291305803 HTTP/1.1" 200 110
201.186.225.183 - - [09/Dec/2025:11:41:14 -0300] "POST /cormun/servlet/permisosadjuntos?774fc1d92680d6355c408773cfe7f6b7,INS,8595097,P,20251127163738,, HTTP/1.1" 200 116
201.186.225.183 - - [09/Dec/2025:11:41:14 -0300] "GET /cormun/servlet/hpexe_return? HTTP/1.1" 200 1038
201.186.225.183 - - [09/Dec/2025:11:41:14 -0300] "GET /cormun/servlet/trpermisosadjuntos?8595097,20251127163738,P, HTTP/1.1" 200 6748
201.186.225.183 - - [09/Dec/2025:11:41:16 -0300] "GET /cormun/servlet/trpermisosgoce? HTTP/1.1" 200 18476
201.186.225.183 - - [09/Dec/2025:11:41:21 -0300] "POST /cormun/servlet/trpermisosgoce?774fc1d92680d6355c408773cfe7f6b7,,gx-no-cache=1765291316292 HTTP/1.1" 200 15922
190.95.67.91 - - [09/Dec/2025:11:41:22 -0300] "POST /cormun/servlet/permisosadjuntos?2ad471cdbcb8c5262f5013e53bcace5f,INS,18936113,P,20251209114109,, HTTP/1.1" 200 116
190.95.67.91 - - [09/Dec/2025:11:41:22 -0300] "GET /cormun/servlet/hpexe_return? HTTP/1.1" 200 1040
190.95.67.91 - - [09/Dec/2025:11:41:22 -0300] "GET /cormun/servlet/trpermisosadjuntos?18936113,20251209114109,P, HTTP/1.1" 200 7082
201.186.225.183 - - [09/Dec/2025:11:41:23 -0300] "GET /cormun/servlet/trpermisosadjuntos?13598462,20251127163826,P, HTTP/1.1" 200 6287
179.57.78.71 - - [09/Dec/2025:11:41:24 -0300] "GET /cormun/servlet/solicitudot?207633731077db83f61402f35cf372a72580446db6921e0188ccd572e6b95831cc42732caa8aff6a87e1efc2afb6927ced61571958c70f111be2102c1dce9fcf982f29e1c043d706ccd2696c8a96c2387b8180d6ae7a3fae52e11f3a8ff40f36b5290e8bcf56dc2a69375a2e678d3140,gx-no-cache=1765291318365 HTTP/1.1" 200 29
190.95.67.91 - - [09/Dec/2025:11:41:24 -0300] "POST /cormun/servlet/trpermisosadjuntos?2ad471cdbcb8c5262f5013e53bcace5f,18936113,20251209114109,P,,gx-no-cache=1765291318908 HTTP/1.1" 200 90
190.95.67.91 - - [09/Dec/2025:11:41:24 -0300] "GET /cormun/servlet/hpexe_link HTTP/1.1" 200 1007
190.95.67.91 - - [09/Dec/2025:11:41:24 -0300] "GET /cormun/servlet/trpermisosgoce?gx-no-cache=1765290009744 HTTP/1.1" 200 18122
179.57.78.71 - - [09/Dec/2025:11:41:25 -0300] "POST /cormun/servlet/solicitudot?dad2037ac8d98e3eba5fb2fe29511438,INS,0,0,false,,gx-no-cache=1765291319661 HTTP/1.1" 200 13480
201.186.225.183 - - [09/Dec/2025:11:41:25 -0300] "GET /cormun/servlet/permisosadjuntos?INS,13598462,P,20251127163826,, HTTP/1.1" 200 5611
201.186.225.183 - - [09/Dec/2025:11:41:25 -0300] "GET /cormun/static/about:blank HTTP/1.1" 404 1011
190.95.67.91 - - [09/Dec/2025:11:41:28 -0300] "POST /cormun/servlet/trpermisosgoce?2ad471cdbcb8c5262f5013e53bcace5f,gx-no-cache=1765290009744,gx-no-cache=1765291322926 HTTP/1.1" 200 15367
201.186.225.183 - - [09/Dec/2025:11:41:30 -0300] "POST /cormun/servlet/permisosadjuntos?774fc1d92680d6355c408773cfe7f6b7,INS,13598462,P,20251127163826,, HTTP/1.1" 200 116
201.186.225.183 - - [09/Dec/2025:11:41:30 -0300] "GET /cormun/servlet/hpexe_return? HTTP/1.1" 200 1039
201.186.225.183 - - [09/Dec/2025:11:41:31 -0300] "GET /cormun/servlet/trpermisosadjuntos?13598462,20251127163826,P, HTTP/1.1" 200 6748
201.186.225.183 - - [09/Dec/2025:11:41:32 -0300] "GET /cormun/servlet/trpermisosgoce? HTTP/1.1" 200 18540
201.186.225.183 - - [09/Dec/2025:11:41:37 -0300] "GET /cormun/servlet/trpermisosadjuntos?18040976,20251127163939,P, HTTP/1.1" 200 6283
201.186.225.183 - - [09/Dec/2025:11:41:38 -0300] "GET /cormun/servlet/permisosadjuntos?INS,18040976,P,20251127163939,, HTTP/1.1" 200 5609
201.186.225.183 - - [09/Dec/2025:11:41:38 -0300] "GET /cormun/static/about:blank HTTP/1.1" 404 1011
179.57.78.71 - - [09/Dec/2025:11:41:44 -0300] "GET /cormun/servlet/solicitudot?207633731077db83f61402f35cf372a77da561b56a6b79c6d836c300122eb56649ee096136b30bb6355c4fc90994f820,gx-no-cache=1765291338340 HTTP/1.1" 200 30
201.186.225.183 - - [09/Dec/2025:11:41:44 -0300] "POST /cormun/servlet/permisosadjuntos?774fc1d92680d6355c408773cfe7f6b7,INS,18040976,P,20251127163939,, HTTP/1.1" 200 116
201.186.225.183 - - [09/Dec/2025:11:41:44 -0300] "GET /cormun/servlet/hpexe_return? HTTP/1.1" 200 1040
201.186.225.183 - - [09/Dec/2025:11:41:44 -0300] "GET /cormun/servlet/trpermisosadjuntos?18040976,20251127163939,P, HTTP/1.1" 200 6745
201.186.225.183 - - [09/Dec/2025:11:41:47 -0300] "GET /cormun/servlet/trpermisosgoce? HTTP/1.1" 200 18532
190.95.67.91 - - [09/Dec/2025:11:41:49 -0300] "GET /cormun/servlet/permisogoce?INS,0,,, HTTP/1.1" 200 7153
201.186.225.183 - - [09/Dec/2025:11:41:52 -0300] "POST /cormun/servlet/trpermisosgoce?774fc1d92680d6355c408773cfe7f6b7,,gx-no-cache=1765291348004 HTTP/1.1" 200 15894
201.186.225.183 - - [09/Dec/2025:11:41:54 -0300] "GET /cormun/servlet/trpermisosadjuntos?7067109,20251127164015,P, HTTP/1.1" 200 6286
201.186.225.183 - - [09/Dec/2025:11:41:55 -0300] "GET /cormun/servlet/permisosadjuntos?INS,7067109,P,20251127164015,, HTTP/1.1" 200 5608
201.186.225.183 - - [09/Dec/2025:11:41:55 -0300] "GET /cormun/static/about:blank HTTP/1.1" 404 1011
190.95.67.91 - - [09/Dec/2025:11:42:00 -0300] "GET /cormun/servlet/permisogoce?90df0e9cd844de3203d505cd749507e6c928c6ce974012862962ef2543c49bfc2abf069f96f47fa1f25c3ba0f3ad36fd683dd98aa4a3c805c1ab43ceaeab9891,gx-no-cache=1765291355054 HTTP/1.1" 200 79
201.186.225.183 - - [09/Dec/2025:11:42:01 -0300] "POST /cormun/servlet/permisosadjuntos?774fc1d92680d6355c408773cfe7f6b7,INS,7067109,P,20251127164015,, HTTP/1.1" 200 116
201.186.225.183 - - [09/Dec/2025:11:42:01 -0300] "GET /cormun/servlet/hpexe_return? HTTP/1.1" 200 1039
201.186.225.183 - - [09/Dec/2025:11:42:01 -0300] "GET /cormun/servlet/trpermisosadjuntos?7067109,20251127164015,P, HTTP/1.1" 200 6747
201.186.225.183 - - [09/Dec/2025:11:42:03 -0300] "GET /cormun/servlet/trpermisosgoce? HTTP/1.1" 200 18526
201.186.225.183 - - [09/Dec/2025:11:42:07 -0300] "POST /cormun/servlet/trpermisosgoce?774fc1d92680d6355c408773cfe7f6b7,,gx-no-cache=1765291362003 HTTP/1.1" 200 15887
201.186.225.183 - - [09/Dec/2025:11:42:09 -0300] "GET /cormun/servlet/trpermisosadjuntos?18872695,20251127164245,P, HTTP/1.1" 200 6290
201.186.225.183 - - [09/Dec/2025:11:42:10 -0300] "GET /cormun/servlet/permisosadjuntos?INS,18872695,P,20251127164245,, HTTP/1.1" 200 5612
201.186.225.183 - - [09/Dec/2025:11:42:10 -0300] "GET /cormun/static/about:blank HTTP/1.1" 404 1011
179.57.78.71 - - [09/Dec/2025:11:42:11 -0300] "POST /cormun/servlet/solicitudot?gx-no-cache=1765291351704 HTTP/1.1" 200 30
190.95.67.91 - - [09/Dec/2025:11:42:12 -0300] "GET /cormun/servlet/permisogoce?90df0e9cd844de3203d505cd749507e6482934ef925f57fd1eb94adb86b7bbd20c2999e4dbd4e9ef30d9c2fcfb4c18b6c49332c055a32400b3f5f237da163064,gx-no-cache=1765291367251 HTTP/1.1" 200 48
201.186.225.183 - - [09/Dec/2025:11:42:15 -0300] "POST /cormun/servlet/permisosadjuntos?774fc1d92680d6355c408773cfe7f6b7,INS,18872695,P,20251127164245,, HTTP/1.1" 200 116
201.186.225.183 - - [09/Dec/2025:11:42:15 -0300] "GET /cormun/servlet/hpexe_return? HTTP/1.1" 200 1040
201.186.225.183 - - [09/Dec/2025:11:42:15 -0300] "GET /cormun/servlet/trpermisosadjuntos?18872695,20251127164245,P, HTTP/1.1" 200 6752
201.186.225.183 - - [09/Dec/2025:11:42:17 -0300] "GET /cormun/servlet/trpermisosgoce? HTTP/1.1" 200 18524
190.95.67.91 - - [09/Dec/2025:11:42:18 -0300] "POST /cormun/servlet/permisogoce?2ad471cdbcb8c5262f5013e53bcace5f,INS,0,,,,gx-no-cache=1765291372515 HTTP/1.1" 200 93
190.95.67.91 - - [09/Dec/2025:11:42:18 -0300] "GET /cormun/servlet/hpexe_return? HTTP/1.1" 200 1034
190.95.67.91 - - [09/Dec/2025:11:42:18 -0300] "GET /cormun/servlet/trpermisosgoce?gx-no-cache=1765290009744 HTTP/1.1" 200 18068
201.186.225.183 - - [09/Dec/2025:11:42:21 -0300] "POST /cormun/servlet/trpermisosgoce?774fc1d92680d6355c408773cfe7f6b7,,gx-no-cache=1765291376875 HTTP/1.1" 200 15877
201.186.225.183 - - [09/Dec/2025:11:42:24 -0300] "GET /cormun/servlet/trpermisosadjuntos?17137412,20251127164314,P, HTTP/1.1" 200 6283
190.95.67.91 - - [09/Dec/2025:11:42:25 -0300] "GET /cormun/servlet/trpermisosadjuntos?18936113,20251209114220,P, HTTP/1.1" 200 6583
201.186.225.183 - - [09/Dec/2025:11:42:25 -0300] "GET /cormun/servlet/permisosadjuntos?INS,17137412,P,20251127164314,, HTTP/1.1" 200 5607
201.186.225.183 - - [09/Dec/2025:11:42:25 -0300] "GET /cormun/static/about:blank HTTP/1.1" 404 1011
190.95.67.91 - - [09/Dec/2025:11:42:27 -0300] "GET /cormun/servlet/permisosadjuntos?INS,18936113,P,20251209114220,, HTTP/1.1" 200 5889
190.95.67.91 - - [09/Dec/2025:11:42:27 -0300] "GET /cormun/static/about:blank HTTP/1.1" 404 1011
201.186.225.183 - - [09/Dec/2025:11:42:32 -0300] "POST /cormun/servlet/permisosadjuntos?774fc1d92680d6355c408773cfe7f6b7,INS,17137412,P,20251127164314,, HTTP/1.1" 200 116
201.186.225.183 - - [09/Dec/2025:11:42:32 -0300] "GET /cormun/servlet/hpexe_return? HTTP/1.1" 200 1040
201.186.225.183 - - [09/Dec/2025:11:42:32 -0300] "GET /cormun/servlet/trpermisosadjuntos?17137412,20251127164314,P, HTTP/1.1" 200 6746
201.186.225.183 - - [09/Dec/2025:11:42:34 -0300] "GET /cormun/servlet/trpermisosgoce? HTTP/1.1" 200 18522
190.95.67.91 - - [09/Dec/2025:11:42:34 -0300] "POST /cormun/servlet/permisosadjuntos?2ad471cdbcb8c5262f5013e53bcace5f,INS,18936113,P,20251209114220,, HTTP/1.1" 200 116
190.95.67.91 - - [09/Dec/2025:11:42:34 -0300] "GET /cormun/servlet/hpexe_return? HTTP/1.1" 200 1040
190.95.67.91 - - [09/Dec/2025:11:42:35 -0300] "GET /cormun/servlet/trpermisosadjuntos?18936113,20251209114220,P, HTTP/1.1" 200 7090
190.95.67.91 - - [09/Dec/2025:11:42:37 -0300] "POST /cormun/servlet/trpermisosadjuntos?2ad471cdbcb8c5262f5013e53bcace5f,18936113,20251209114220,P,,gx-no-cache=1765291391684 HTTP/1.1" 200 90
190.95.67.91 - - [09/Dec/2025:11:42:37 -0300] "GET /cormun/servlet/hpexe_link HTTP/1.1" 200 1007
190.95.67.91 - - [09/Dec/2025:11:42:37 -0300] "GET /cormun/servlet/trpermisosgoce?gx-no-cache=1765290009744 HTTP/1.1" 200 18065
201.186.225.183 - - [09/Dec/2025:11:42:37 -0300] "POST /cormun/servlet/trpermisosgoce?774fc1d92680d6355c408773cfe7f6b7,,gx-no-cache=1765291392820 HTTP/1.1" 200 15858
201.186.225.183 - - [09/Dec/2025:11:42:38 -0300] "GET /cormun/servlet/trpermisosadjuntos?19679065,20251127164414,P, HTTP/1.1" 200 6279
201.186.225.183 - - [09/Dec/2025:11:42:40 -0300] "GET /cormun/servlet/permisosadjuntos?INS,19679065,P,20251127164414,, HTTP/1.1" 200 5602
201.186.225.183 - - [09/Dec/2025:11:42:40 -0300] "GET /cormun/static/about:blank HTTP/1.1" 404 1011
190.95.67.91 - - [09/Dec/2025:11:42:41 -0300] "POST /cormun/servlet/trpermisosgoce?2ad471cdbcb8c5262f5013e53bcace5f,gx-no-cache=1765290009744,gx-no-cache=1765291395917 HTTP/1.1" 200 15310
201.186.225.183 - - [09/Dec/2025:11:42:45 -0300] "POST /cormun/servlet/permisosadjuntos?774fc1d92680d6355c408773cfe7f6b7,INS,19679065,P,20251127164414,, HTTP/1.1" 200 116
201.186.225.183 - - [09/Dec/2025:11:42:45 -0300] "GET /cormun/servlet/hpexe_return? HTTP/1.1" 200 1040
201.186.225.183 - - [09/Dec/2025:11:42:45 -0300] "GET /cormun/servlet/trpermisosadjuntos?19679065,20251127164414,P, HTTP/1.1" 200 6741
201.186.225.183 - - [09/Dec/2025:11:42:47 -0300] "GET /cormun/servlet/trpermisosgoce? HTTP/1.1" 200 18520
201.186.225.183 - - [09/Dec/2025:11:42:50 -0300] "POST /cormun/servlet/trpermisosgoce?774fc1d92680d6355c408773cfe7f6b7,,gx-no-cache=1765291405707 HTTP/1.1" 200 15856
201.186.225.183 - - [09/Dec/2025:11:42:53 -0300] "GET /cormun/servlet/trpermisosadjuntos?12368591,20251127164502,P, HTTP/1.1" 200 6277
201.186.225.183 - - [09/Dec/2025:11:42:54 -0300] "GET /cormun/servlet/permisosadjuntos?INS,12368591,P,20251127164502,, HTTP/1.1" 200 5599
201.186.225.183 - - [09/Dec/2025:11:42:54 -0300] "GET /cormun/static/about:blank HTTP/1.1" 404 1011
190.95.67.91 - - [09/Dec/2025:11:42:54 -0300] "GET /cormun/servlet/permisogoce?INS,0,,, HTTP/1.1" 200 7153
201.186.225.183 - - [09/Dec/2025:11:43:01 -0300] "POST /cormun/servlet/permisosadjuntos?774fc1d92680d6355c408773cfe7f6b7,INS,12368591,P,20251127164502,, HTTP/1.1" 200 116
201.186.225.183 - - [09/Dec/2025:11:43:01 -0300] "GET /cormun/servlet/hpexe_return? HTTP/1.1" 200 1040
201.186.225.183 - - [09/Dec/2025:11:43:01 -0300] "GET /cormun/servlet/trpermisosadjuntos?12368591,20251127164502,P, HTTP/1.1" 200 6737
190.95.67.91 - - [09/Dec/2025:11:43:02 -0300] "GET /cormun/servlet/permisogoce?90df0e9cd844de3203d505cd749507e6c928c6ce974012862962ef2543c49bfc2abf069f96f47fa1f25c3ba0f3ad36fd683dd98aa4a3c805c1ab43ceaeab9891,gx-no-cache=1765291416422 HTTP/1.1" 200 80
201.186.225.183 - - [09/Dec/2025:11:43:04 -0300] "GET /cormun/servlet/trpermisosgoce? HTTP/1.1" 200 18515
190.95.67.91 - - [09/Dec/2025:11:43:08 -0300] "GET /cormun/servlet/permisogoce?90df0e9cd844de3203d505cd749507e6482934ef925f57fd1eb94adb86b7bbd2acb09e02f4f252fe62d1814b42732f7ec49332c055a32400b3f5f237da163064,gx-no-cache=1765291422523 HTTP/1.1" 200 47
201.186.225.183 - - [09/Dec/2025:11:43:08 -0300] "POST /cormun/servlet/trpermisosgoce?774fc1d92680d6355c408773cfe7f6b7,,gx-no-cache=1765291423596 HTTP/1.1" 200 15864
201.186.225.183 - - [09/Dec/2025:11:43:11 -0300] "GET /cormun/servlet/trpermisosadjuntos?10525086,20251127164534,P, HTTP/1.1" 200 6286
201.186.225.183 - - [09/Dec/2025:11:43:12 -0300] "GET /cormun/servlet/permisosadjuntos?INS,10525086,P,20251127164534,, HTTP/1.1" 200 5609
201.186.225.183 - - [09/Dec/2025:11:43:13 -0300] "GET /cormun/static/about:blank HTTP/1.1" 404 1011
190.95.67.91 - - [09/Dec/2025:11:43:19 -0300] "POST /cormun/servlet/permisogoce?2ad471cdbcb8c5262f5013e53bcace5f,INS,0,,,,gx-no-cache=1765291433867 HTTP/1.1" 200 93
190.95.67.91 - - [09/Dec/2025:11:43:19 -0300] "GET /cormun/servlet/hpexe_return? HTTP/1.1" 200 1034
201.186.225.183 - - [09/Dec/2025:11:43:19 -0300] "POST /cormun/servlet/permisosadjuntos?774fc1d92680d6355c408773cfe7f6b7,INS,10525086,P,20251127164534,,,gx-no-cache=1765291435010 HTTP/1.1" 200 93
201.186.225.183 - - [09/Dec/2025:11:43:19 -0300] "GET /cormun/servlet/hpexe_return? HTTP/1.1" 200 1040
201.186.225.183 - - [09/Dec/2025:11:43:19 -0300] "GET /cormun/servlet/trpermisosadjuntos?10525086,20251127164534,P, HTTP/1.1" 200 6289
190.95.67.91 - - [09/Dec/2025:11:43:19 -0300] "GET /cormun/servlet/trpermisosgoce?gx-no-cache=1765290009744 HTTP/1.1" 200 18049
201.186.225.183 - - [09/Dec/2025:11:43:22 -0300] "GET /cormun/servlet/trpermisosgoce? HTTP/1.1" 200 18518
190.95.67.91 - - [09/Dec/2025:11:43:23 -0300] "GET /cormun/servlet/trpermisosadjuntos?18936113,20251209114326,P, HTTP/1.1" 200 6583
190.95.67.91 - - [09/Dec/2025:11:43:24 -0300] "GET /cormun/servlet/permisosadjuntos?INS,18936113,P,20251209114326,, HTTP/1.1" 200 5887
190.95.67.91 - - [09/Dec/2025:11:43:24 -0300] "GET /cormun/static/about:blank HTTP/1.1" 404 1011
201.186.225.183 - - [09/Dec/2025:11:43:28 -0300] "GET /cormun/servlet/trpermisosadjuntos?20371772,20251127164612,P, HTTP/1.1" 200 6283
201.186.225.183 - - [09/Dec/2025:11:43:29 -0300] "GET /cormun/servlet/permisosadjuntos?INS,20371772,P,20251127164612,, HTTP/1.1" 200 5602
201.186.225.183 - - [09/Dec/2025:11:43:29 -0300] "GET /cormun/static/about:blank HTTP/1.1" 404 1011
190.95.67.91 - - [09/Dec/2025:11:43:30 -0300] "POST /cormun/servlet/permisosadjuntos?2ad471cdbcb8c5262f5013e53bcace5f,INS,18936113,P,20251209114326,, HTTP/1.1" 200 116
190.95.67.91 - - [09/Dec/2025:11:43:30 -0300] "GET /cormun/servlet/hpexe_return? HTTP/1.1" 200 1040
190.95.67.91 - - [09/Dec/2025:11:43:31 -0300] "GET /cormun/servlet/trpermisosadjuntos?18936113,20251209114326,P, HTTP/1.1" 200 7091
190.95.67.91 - - [09/Dec/2025:11:43:33 -0300] "POST /cormun/servlet/trpermisosadjuntos?2ad471cdbcb8c5262f5013e53bcace5f,18936113,20251209114326,P,,gx-no-cache=1765291447868 HTTP/1.1" 200 90
190.95.67.91 - - [09/Dec/2025:11:43:33 -0300] "GET /cormun/servlet/hpexe_link HTTP/1.1" 200 1007
190.95.67.91 - - [09/Dec/2025:11:43:33 -0300] "GET /cormun/servlet/trpermisosgoce?gx-no-cache=1765290009744 HTTP/1.1" 200 18046
201.186.225.183 - - [09/Dec/2025:11:43:37 -0300] "POST /cormun/servlet/permisosadjuntos?774fc1d92680d6355c408773cfe7f6b7,INS,20371772,P,20251127164612,, HTTP/1.1" 200 116
201.186.225.183 - - [09/Dec/2025:11:43:37 -0300] "GET /cormun/servlet/hpexe_return? HTTP/1.1" 200 1039
201.186.225.183 - - [09/Dec/2025:11:43:37 -0300] "GET /cormun/servlet/trpermisosadjuntos?20371772,20251127164612,P, HTTP/1.1" 200 6745
190.95.67.91 - - [09/Dec/2025:11:43:38 -0300] "POST /cormun/servlet/trpermisosgoce?2ad471cdbcb8c5262f5013e53bcace5f,gx-no-cache=1765290009744,gx-no-cache=1765291452438 HTTP/1.1" 200 15311
201.186.225.183 - - [09/Dec/2025:11:43:41 -0300] "GET /cormun/servlet/trpermisosgoce? HTTP/1.1" 200 18520
201.186.225.183 - - [09/Dec/2025:11:43:46 -0300] "POST /cormun/servlet/trpermisosgoce?774fc1d92680d6355c408773cfe7f6b7,,gx-no-cache=1765291461231 HTTP/1.1" 200 15863
201.186.225.183 - - [09/Dec/2025:11:43:48 -0300] "GET /cormun/servlet/trpermisosadjuntos?19588811,20251127164647,P, HTTP/1.1" 200 6285
190.95.67.91 - - [09/Dec/2025:11:43:49 -0300] "GET /cormun/servlet/permisogoce?INS,0,,, HTTP/1.1" 200 7153
201.186.225.183 - - [09/Dec/2025:11:43:50 -0300] "GET /cormun/servlet/permisosadjuntos?INS,19588811,P,20251127164647,, HTTP/1.1" 200 5607
201.186.225.183 - - [09/Dec/2025:11:43:50 -0300] "GET /cormun/static/about:blank HTTP/1.1" 404 1011
190.95.67.91 - - [09/Dec/2025:11:43:55 -0300] "GET /cormun/servlet/permisogoce?90df0e9cd844de3203d505cd749507e6c928c6ce974012862962ef2543c49bfc2abf069f96f47fa1f25c3ba0f3ad36fd683dd98aa4a3c805c1ab43ceaeab9891,gx-no-cache=1765291469494 HTTP/1.1" 200 80
201.186.225.183 - - [09/Dec/2025:11:43:57 -0300] "POST /cormun/servlet/permisosadjuntos?774fc1d92680d6355c408773cfe7f6b7,INS,19588811,P,20251127164647,,,gx-no-cache=1765291472517 HTTP/1.1" 200 93
201.186.225.183 - - [09/Dec/2025:11:43:57 -0300] "GET /cormun/servlet/hpexe_return? HTTP/1.1" 200 1040
201.186.225.183 - - [09/Dec/2025:11:43:57 -0300] "GET /cormun/servlet/trpermisosadjuntos?19588811,20251127164647,P, HTTP/1.1" 200 6288
201.186.225.183 - - [09/Dec/2025:11:44:01 -0300] "GET /cormun/servlet/trpermisosgoce? HTTP/1.1" 200 18513
190.95.67.91 - - [09/Dec/2025:11:44:03 -0300] "GET /cormun/servlet/permisogoce?90df0e9cd844de3203d505cd749507e6482934ef925f57fd1eb94adb86b7bbd2b6a7cb077b74e210c303fc5fce0fd880c49332c055a32400b3f5f237da163064,gx-no-cache=1765291477581 HTTP/1.1" 200 48
201.186.225.183 - - [09/Dec/2025:11:44:04 -0300] "GET /cormun/servlet/trpermisosadjuntos?18154723,20251127164720,P, HTTP/1.1" 200 6285
201.186.225.183 - - [09/Dec/2025:11:44:06 -0300] "GET /cormun/servlet/permisosadjuntos?INS,18154723,P,20251127164720,, HTTP/1.1" 200 5610
201.186.225.183 - - [09/Dec/2025:11:44:06 -0300] "GET /cormun/static/about:blank HTTP/1.1" 404 1011
190.95.67.91 - - [09/Dec/2025:11:44:07 -0300] "POST /cormun/servlet/permisogoce?2ad471cdbcb8c5262f5013e53bcace5f,INS,0,,,,gx-no-cache=1765291481146 HTTP/1.1" 200 93
190.95.67.91 - - [09/Dec/2025:11:44:07 -0300] "GET /cormun/servlet/hpexe_return? HTTP/1.1" 200 1034
190.95.67.91 - - [09/Dec/2025:11:44:07 -0300] "GET /cormun/servlet/trpermisosgoce?gx-no-cache=1765290009744 HTTP/1.1" 200 17979
190.95.67.91 - - [09/Dec/2025:11:44:11 -0300] "GET /cormun/servlet/trpermisosadjuntos?18936113,20251209114420,P, HTTP/1.1" 200 6583
201.186.225.183 - - [09/Dec/2025:11:44:13 -0300] "POST /cormun/servlet/permisosadjuntos?774fc1d92680d6355c408773cfe7f6b7,INS,18154723,P,20251127164720,, HTTP/1.1" 200 116
201.186.225.183 - - [09/Dec/2025:11:44:13 -0300] "GET /cormun/servlet/hpexe_return? HTTP/1.1" 200 1039
201.186.225.183 - - [09/Dec/2025:11:44:13 -0300] "GET /cormun/servlet/trpermisosadjuntos?18154723,20251127164720,P, HTTP/1.1" 200 6747
190.95.67.91 - - [09/Dec/2025:11:44:13 -0300] "GET /cormun/servlet/permisosadjuntos?INS,18936113,P,20251209114420,, HTTP/1.1" 200 5888
190.95.67.91 - - [09/Dec/2025:11:44:13 -0300] "GET /cormun/static/about:blank HTTP/1.1" 404 1011
201.186.225.183 - - [09/Dec/2025:11:44:15 -0300] "GET /cormun/servlet/trpermisosgoce? HTTP/1.1" 200 18514
201.186.225.183 - - [09/Dec/2025:11:44:19 -0300] "POST /cormun/servlet/trpermisosgoce?774fc1d92680d6355c408773cfe7f6b7,,gx-no-cache=1765291494756 HTTP/1.1" 200 15855
190.95.67.91 - - [09/Dec/2025:11:44:22 -0300] "POST /cormun/servlet/permisosadjuntos?2ad471cdbcb8c5262f5013e53bcace5f,INS,18936113,P,20251209114420,, HTTP/1.1" 200 116
190.95.67.91 - - [09/Dec/2025:11:44:22 -0300] "GET /cormun/servlet/hpexe_return? HTTP/1.1" 200 1040
190.95.67.91 - - [09/Dec/2025:11:44:23 -0300] "GET /cormun/servlet/trpermisosadjuntos?18936113,20251209114420,P, HTTP/1.1" 200 7089
190.95.67.91 - - [09/Dec/2025:11:44:25 -0300] "POST /cormun/servlet/trpermisosadjuntos?2ad471cdbcb8c5262f5013e53bcace5f,18936113,20251209114420,P,,gx-no-cache=1765291499595 HTTP/1.1" 200 90
190.95.67.91 - - [09/Dec/2025:11:44:25 -0300] "GET /cormun/servlet/hpexe_link HTTP/1.1" 200 1007
190.95.67.91 - - [09/Dec/2025:11:44:25 -0300] "GET /cormun/servlet/trpermisosgoce?gx-no-cache=1765290009744 HTTP/1.1" 200 17976
201.186.225.183 - - [09/Dec/2025:11:44:29 -0300] "GET /cormun/servlet/trpermisosadjuntos?8332770,20251127164826,P, HTTP/1.1" 200 6282
190.95.67.91 - - [09/Dec/2025:11:44:29 -0300] "POST /cormun/servlet/trpermisosgoce?2ad471cdbcb8c5262f5013e53bcace5f,gx-no-cache=1765290009744,gx-no-cache=1765291503452 HTTP/1.1" 200 15231
201.186.225.183 - - [09/Dec/2025:11:44:30 -0300] "GET /cormun/servlet/permisosadjuntos?INS,8332770,P,20251127164826,, HTTP/1.1" 200 5605
201.186.225.183 - - [09/Dec/2025:11:44:30 -0300] "GET /cormun/static/about:blank HTTP/1.1" 404 1011
201.186.225.183 - - [09/Dec/2025:11:44:37 -0300] "POST /cormun/servlet/permisosadjuntos?774fc1d92680d6355c408773cfe7f6b7,INS,8332770,P,20251127164826,, HTTP/1.1" 200 116
201.186.225.183 - - [09/Dec/2025:11:44:37 -0300] "GET /cormun/servlet/hpexe_return? HTTP/1.1" 200 1037
201.186.225.183 - - [09/Dec/2025:11:44:37 -0300] "GET /cormun/servlet/trpermisosadjuntos?8332770,20251127164826,P, HTTP/1.1" 200 6743
201.186.225.183 - - [09/Dec/2025:11:44:39 -0300] "GET /cormun/servlet/trpermisosgoce? HTTP/1.1" 200 18514
201.186.225.183 - - [09/Dec/2025:11:44:43 -0300] "POST /cormun/servlet/trpermisosgoce?774fc1d92680d6355c408773cfe7f6b7,,gx-no-cache=1765291518939 HTTP/1.1" 200 15848
179.57.78.71 - - [09/Dec/2025:11:45:17 -0300] "GET /cormun/servlet/solicitudot?207633731077db83f61402f35cf372a77da561b56a6b79c6d836c300122eb56649ee096136b30bb6355c4fc90994f820,gx-no-cache=1765291551807 HTTP/1.1" 200 30
179.57.78.71 - - [09/Dec/2025:11:45:17 -0300] "POST /cormun/servlet/solicitudot?gx-no-cache=1765291551937 HTTP/1.1" 200 30
201.186.225.183 - - [09/Dec/2025:11:45:35 -0300] "GET /cormun/servlet/trpermisosadjuntos?17524022,20251121095604,P, HTTP/1.1" 200 6288
201.186.225.183 - - [09/Dec/2025:11:45:36 -0300] "GET /cormun/servlet/permisosadjuntos?INS,17524022,P,20251121095604,, HTTP/1.1" 200 5610
201.186.225.183 - - [09/Dec/2025:11:45:36 -0300] "GET /cormun/static/about:blank HTTP/1.1" 404 1011
201.186.225.183 - - [09/Dec/2025:11:45:42 -0300] "POST /cormun/servlet/permisosadjuntos?774fc1d92680d6355c408773cfe7f6b7,INS,17524022,P,20251121095604,, HTTP/1.1" 200 116
201.186.225.183 - - [09/Dec/2025:11:45:42 -0300] "GET /cormun/servlet/hpexe_return? HTTP/1.1" 200 1039
201.186.225.183 - - [09/Dec/2025:11:45:42 -0300] "GET /cormun/servlet/trpermisosadjuntos?17524022,20251121095604,P, HTTP/1.1" 200 6751
190.95.67.91 - - [09/Dec/2025:11:45:45 -0300] "GET /cormun/servlet/permisogoce?INS,0,,, HTTP/1.1" 200 7153
201.186.225.183 - - [09/Dec/2025:11:45:46 -0300] "GET /cormun/servlet/trpermisosgoce? HTTP/1.1" 200 18507
201.186.225.183 - - [09/Dec/2025:11:45:58 -0300] "POST /cormun/servlet/trpermisosgoce?774fc1d92680d6355c408773cfe7f6b7,,gx-no-cache=1765291593799 HTTP/1.1" 200 15846
201.186.225.183 - - [09/Dec/2025:11:46:11 -0300] "POST /cormun/servlet/trpermisosgoce?774fc1d92680d6355c408773cfe7f6b7,,gx-no-cache=1765291606926 HTTP/1.1" 200 5282
201.186.225.183 - - [09/Dec/2025:11:46:14 -0300] "GET /cormun/servlet/trpermisosadjuntos?20952164,20251113145441,P, HTTP/1.1" 200 6282
201.186.225.183 - - [09/Dec/2025:11:46:15 -0300] "GET /cormun/servlet/permisosadjuntos?INS,20952164,P,20251113145441,, HTTP/1.1" 200 5603
201.186.225.183 - - [09/Dec/2025:11:46:15 -0300] "GET /cormun/static/about:blank HTTP/1.1" 404 1011
201.186.225.183 - - [09/Dec/2025:11:46:21 -0300] "POST /cormun/servlet/permisosadjuntos?774fc1d92680d6355c408773cfe7f6b7,INS,20952164,P,20251113145441,, HTTP/1.1" 200 116
201.186.225.183 - - [09/Dec/2025:11:46:21 -0300] "GET /cormun/servlet/hpexe_return? HTTP/1.1" 200 1039
201.186.225.183 - - [09/Dec/2025:11:46:21 -0300] "GET /cormun/servlet/trpermisosadjuntos?20952164,20251113145441,P, HTTP/1.1" 200 6744
201.186.225.183 - - [09/Dec/2025:11:46:23 -0300] "GET /cormun/servlet/trpermisosgoce? HTTP/1.1" 200 7975
201.186.225.183 - - [09/Dec/2025:11:46:24 -0300] "GET /cormun/servlet/trpermisosadjuntos?20952164,20251113145411,P, HTTP/1.1" 200 6282
201.186.225.183 - - [09/Dec/2025:11:46:26 -0300] "GET /cormun/servlet/permisosadjuntos?INS,20952164,P,20251113145411,, HTTP/1.1" 200 5604
201.186.225.183 - - [09/Dec/2025:11:46:26 -0300] "GET /cormun/static/about:blank HTTP/1.1" 404 1011
201.186.225.183 - - [09/Dec/2025:11:46:30 -0300] "POST /cormun/servlet/permisosadjuntos?774fc1d92680d6355c408773cfe7f6b7,INS,20952164,P,20251113145411,, HTTP/1.1" 200 116
201.186.225.183 - - [09/Dec/2025:11:46:30 -0300] "GET /cormun/servlet/hpexe_return? HTTP/1.1" 200 1039
201.186.225.183 - - [09/Dec/2025:11:46:31 -0300] "GET /cormun/servlet/trpermisosadjuntos?20952164,20251113145411,P, HTTP/1.1" 200 6745
201.186.225.183 - - [09/Dec/2025:11:46:34 -0300] "GET /cormun/servlet/trpermisosgoce? HTTP/1.1" 200 7976
201.186.225.183 - - [09/Dec/2025:11:46:36 -0300] "POST /cormun/servlet/trpermisosgoce?774fc1d92680d6355c408773cfe7f6b7,,gx-no-cache=1765291631797 HTTP/1.1" 200 5272
201.186.225.183 - - [09/Dec/2025:11:46:44 -0300] "POST /cormun/servlet/trpermisosgoce?774fc1d92680d6355c408773cfe7f6b7,,gx-no-cache=1765291639780 HTTP/1.1" 200 5067
201.186.225.183 - - [09/Dec/2025:11:46:46 -0300] "GET /cormun/servlet/trpermisosadjuntos?14203927,20251113145210,P, HTTP/1.1" 200 6286
201.186.225.183 - - [09/Dec/2025:11:46:48 -0300] "GET /cormun/servlet/permisosadjuntos?INS,14203927,P,20251113145210,, HTTP/1.1" 200 5611
201.186.225.183 - - [09/Dec/2025:11:46:48 -0300] "GET /cormun/static/about:blank HTTP/1.1" 404 1011
201.186.225.183 - - [09/Dec/2025:11:46:53 -0300] "POST /cormun/servlet/permisosadjuntos?774fc1d92680d6355c408773cfe7f6b7,INS,14203927,P,20251113145210,, HTTP/1.1" 200 116
201.186.225.183 - - [09/Dec/2025:11:46:53 -0300] "GET /cormun/servlet/hpexe_return? HTTP/1.1" 200 1039
201.186.225.183 - - [09/Dec/2025:11:46:53 -0300] "GET /cormun/servlet/trpermisosadjuntos?14203927,20251113145210,P, HTTP/1.1" 200 6749
201.186.225.183 - - [09/Dec/2025:11:46:56 -0300] "GET /cormun/servlet/trpermisosgoce? HTTP/1.1" 200 7764
201.186.225.183 - - [09/Dec/2025:11:46:58 -0300] "POST /cormun/servlet/trpermisosgoce?774fc1d92680d6355c408773cfe7f6b7,,gx-no-cache=1765291653749 HTTP/1.1" 200 5057
201.186.225.183 - - [09/Dec/2025:11:47:05 -0300] "POST /cormun/servlet/trpermisosgoce?774fc1d92680d6355c408773cfe7f6b7,,gx-no-cache=1765291660580 HTTP/1.1" 200 5068
201.186.225.183 - - [09/Dec/2025:11:47:07 -0300] "GET /cormun/servlet/trpermisosadjuntos?17235429,20251113145109,P, HTTP/1.1" 200 6295
201.186.225.183 - - [09/Dec/2025:11:47:09 -0300] "GET /cormun/servlet/permisosadjuntos?INS,17235429,P,20251113145109,, HTTP/1.1" 200 5613
201.186.225.183 - - [09/Dec/2025:11:47:09 -0300] "GET /cormun/static/about:blank HTTP/1.1" 404 1011
201.186.225.183 - - [09/Dec/2025:11:47:16 -0300] "POST /cormun/servlet/permisosadjuntos?774fc1d92680d6355c408773cfe7f6b7,INS,17235429,P,20251113145109,, HTTP/1.1" 200 116
201.186.225.183 - - [09/Dec/2025:11:47:16 -0300] "GET /cormun/servlet/hpexe_return? HTTP/1.1" 200 1038
201.186.225.183 - - [09/Dec/2025:11:47:16 -0300] "GET /cormun/servlet/trpermisosadjuntos?17235429,20251113145109,P, HTTP/1.1" 200 6757
201.186.225.183 - - [09/Dec/2025:11:47:18 -0300] "GET /cormun/servlet/trpermisosgoce? HTTP/1.1" 200 7764
201.186.225.183 - - [09/Dec/2025:11:47:20 -0300] "POST /cormun/servlet/trpermisosgoce?774fc1d92680d6355c408773cfe7f6b7,,gx-no-cache=1765291675349 HTTP/1.1" 200 5059
201.186.225.183 - - [09/Dec/2025:11:47:27 -0300] "POST /cormun/servlet/trpermisosgoce?774fc1d92680d6355c408773cfe7f6b7,,gx-no-cache=1765291682556 HTTP/1.1" 200 5072
201.186.225.183 - - [09/Dec/2025:11:47:29 -0300] "GET /cormun/servlet/trpermisosadjuntos?20369147,20251113145043,P, HTTP/1.1" 200 6294
201.186.225.183 - - [09/Dec/2025:11:47:30 -0300] "GET /cormun/servlet/permisosadjuntos?INS,20369147,P,20251113145043,, HTTP/1.1" 200 5615
201.186.225.183 - - [09/Dec/2025:11:47:30 -0300] "GET /cormun/static/about:blank HTTP/1.1" 404 1011
201.186.225.183 - - [09/Dec/2025:11:47:36 -0300] "POST /cormun/servlet/permisosadjuntos?774fc1d92680d6355c408773cfe7f6b7,INS,20369147,P,20251113145043,, HTTP/1.1" 200 116
201.186.225.183 - - [09/Dec/2025:11:47:36 -0300] "GET /cormun/servlet/hpexe_return? HTTP/1.1" 200 1039
201.186.225.183 - - [09/Dec/2025:11:47:36 -0300] "GET /cormun/servlet/trpermisosadjuntos?20369147,20251113145043,P, HTTP/1.1" 200 6757
179.57.78.71 - - [09/Dec/2025:11:47:36 -0300] "POST /cormun/servlet/solicitudot?dad2037ac8d98e3eba5fb2fe29511438,INS,0,0,false,,gx-no-cache=1765291690700 HTTP/1.1" 200 93
179.57.78.71 - - [09/Dec/2025:11:47:36 -0300] "GET /cormun/servlet/hpexe_return? HTTP/1.1" 200 1006
179.57.78.71 - - [09/Dec/2025:11:47:36 -0300] "GET /cormun/servlet/trsolicitudot HTTP/1.1" 200 8871
201.186.225.183 - - [09/Dec/2025:11:47:37 -0300] "GET /cormun/servlet/trpermisosgoce? HTTP/1.1" 200 7772
201.186.225.183 - - [09/Dec/2025:11:47:39 -0300] "POST /cormun/servlet/trpermisosgoce?774fc1d92680d6355c408773cfe7f6b7,,gx-no-cache=1765291694397 HTTP/1.1" 200 5064
201.186.225.183 - - [09/Dec/2025:11:47:45 -0300] "POST /cormun/servlet/trpermisosgoce?774fc1d92680d6355c408773cfe7f6b7,,gx-no-cache=1765291700860 HTTP/1.1" 200 5063
201.186.225.183 - - [09/Dec/2025:11:47:47 -0300] "GET /cormun/servlet/trpermisosadjuntos?17525997,20251113143654,P, HTTP/1.1" 200 6285
201.186.225.183 - - [09/Dec/2025:11:47:48 -0300] "GET /cormun/servlet/permisosadjuntos?INS,17525997,P,20251113143654,, HTTP/1.1" 200 5608
201.186.225.183 - - [09/Dec/2025:11:47:48 -0300] "GET /cormun/static/about:blank HTTP/1.1" 404 1011
201.186.225.183 - - [09/Dec/2025:11:47:57 -0300] "POST /cormun/servlet/permisosadjuntos?774fc1d92680d6355c408773cfe7f6b7,INS,17525997,P,20251113143654,, HTTP/1.1" 200 116
201.186.225.183 - - [09/Dec/2025:11:47:57 -0300] "GET /cormun/servlet/hpexe_return? HTTP/1.1" 200 1040
201.186.225.183 - - [09/Dec/2025:11:47:57 -0300] "GET /cormun/servlet/trpermisosadjuntos?17525997,20251113143654,P, HTTP/1.1" 200 6750
201.186.225.183 - - [09/Dec/2025:11:47:59 -0300] "GET /cormun/servlet/trpermisosgoce? HTTP/1.1" 200 7760
201.186.225.183 - - [09/Dec/2025:11:48:00 -0300] "POST /cormun/servlet/trpermisosgoce?774fc1d92680d6355c408773cfe7f6b7,,gx-no-cache=1765291716093 HTTP/1.1" 200 5054
201.186.225.183 - - [09/Dec/2025:11:48:04 -0300] "GET /cormun/servlet/trpermisosgoce? HTTP/1.1" 200 7743
201.186.225.183 - - [09/Dec/2025:11:48:08 -0300] "POST /cormun/servlet/trpermisosgoce?774fc1d92680d6355c408773cfe7f6b7,,gx-no-cache=1765291723229 HTTP/1.1" 200 15808
201.186.225.183 - - [09/Dec/2025:11:48:30 -0300] "GET /cormun/servlet/trpermisosadjuntos?13598462,20251127163826,P, HTTP/1.1" 200 6745
201.186.225.183 - - [09/Dec/2025:11:48:33 -0300] "GET /cormun/servlet/trpermisosgoce? HTTP/1.1" 200 18507
201.186.225.183 - - [09/Dec/2025:11:48:38 -0300] "POST /cormun/servlet/trpermisosgoce?774fc1d92680d6355c408773cfe7f6b7,,gx-no-cache=1765291753551 HTTP/1.1" 200 15842
201.186.225.183 - - [09/Dec/2025:11:48:47 -0300] "GET /cormun/servlet/trpermisosadjuntos?19588811,20251127164647,P, HTTP/1.1" 200 6285
201.186.225.183 - - [09/Dec/2025:11:48:48 -0300] "GET /cormun/servlet/permisosadjuntos?INS,19588811,P,20251127164647,, HTTP/1.1" 200 5607
201.186.225.183 - - [09/Dec/2025:11:48:48 -0300] "GET /cormun/static/about:blank HTTP/1.1" 404 1011
201.186.225.183 - - [09/Dec/2025:11:48:55 -0300] "GET /cormun/servlet/trpermisosgoce? HTTP/1.1" 200 18522
190.95.67.91 - - [09/Dec/2025:11:49:33 -0300] "GET /cormun/servlet/permisogoce?90df0e9cd844de3203d505cd749507e6d642c8e48da0d7c8663f9391c7ec53dc2abf069f96f47fa1f25c3ba0f3ad36fd683dd98aa4a3c805c1ab43ceaeab9891,gx-no-cache=1765291807765 HTTP/1.1" 200 82
200.126.110.43 - - [09/Dec/2025:11:49:48 -0300] "GET /cormun/servlet/hlogin HTTP/1.1" 200 1710
200.126.110.43 - - [09/Dec/2025:11:49:49 -0300] "GET /cormun/static/Resources/PXToolsButtonBackground.png HTTP/1.1" 304 -
200.126.110.43 - - [09/Dec/2025:11:49:49 -0300] "GET /cormun/static/Resources/PXToolsLoginBottom.png HTTP/1.1" 304 -
200.126.110.43 - - [09/Dec/2025:11:49:49 -0300] "GET /cormun/servlet/hlogin HTTP/1.1" 200 1721
200.126.110.43 - - [09/Dec/2025:11:49:49 -0300] "GET /cormun/static/Resources/indicator.gif HTTP/1.1" 200 1553
200.126.110.43 - - [09/Dec/2025:11:49:49 -0300] "GET /cormun/static/Resources/indicator.gif HTTP/1.1" 200 1553
200.126.110.43 - - [09/Dec/2025:11:49:49 -0300] "GET /favicon.ico HTTP/1.1" 200 21630
200.126.110.43 - - [09/Dec/2025:11:49:56 -0300] "POST /cormun/servlet/hlogin?c37c0b588643d24910032a752551a6f1,gx-no-cache=1765291830395 HTTP/1.1" 200 90
200.126.110.43 - - [09/Dec/2025:11:49:56 -0300] "GET /cormun/servlet/hpexe_link HTTP/1.1" 200 939
200.126.110.43 - - [09/Dec/2025:11:49:56 -0300] "GET /cormun/servlet/hhome HTTP/1.1" 200 3955
200.126.110.43 - - [09/Dec/2025:11:49:58 -0300] "GET /cormun/servlet/hhome HTTP/1.1" 200 3951
200.126.110.43 - - [09/Dec/2025:11:50:07 -0300] "GET /cormun/servlet/trlicencias? HTTP/1.1" 200 10696
200.126.110.43 - - [09/Dec/2025:11:50:08 -0300] "GET /cormun/servlet/trlicencias? HTTP/1.1" 200 10693
201.186.225.183 - - [09/Dec/2025:11:50:45 -0300] "GET /cormun/servlet/trpermisosadjuntos?16879501,20251113144523,P, HTTP/1.1" 200 6286
201.186.225.183 - - [09/Dec/2025:11:50:46 -0300] "GET /cormun/servlet/permisosadjuntos?INS,16879501,P,20251113144523,, HTTP/1.1" 200 5609
201.186.225.183 - - [09/Dec/2025:11:50:47 -0300] "GET /cormun/static/about:blank HTTP/1.1" 404 1011
201.186.225.183 - - [09/Dec/2025:11:50:53 -0300] "POST /cormun/servlet/permisosadjuntos?774fc1d92680d6355c408773cfe7f6b7,INS,16879501,P,20251113144523,, HTTP/1.1" 200 116
201.186.225.183 - - [09/Dec/2025:11:50:53 -0300] "GET /cormun/servlet/hpexe_return? HTTP/1.1" 200 1039
201.186.225.183 - - [09/Dec/2025:11:50:53 -0300] "GET /cormun/servlet/trpermisosadjuntos?16879501,20251113144523,P, HTTP/1.1" 200 6750
201.186.225.183 - - [09/Dec/2025:11:50:55 -0300] "GET /cormun/servlet/trpermisosgoce? HTTP/1.1" 200 18502
201.186.225.183 - - [09/Dec/2025:11:51:03 -0300] "POST /cormun/servlet/trpermisosgoce?774fc1d92680d6355c408773cfe7f6b7,,gx-no-cache=1765291898267 HTTP/1.1" 200 15839
190.95.67.91 - - [09/Dec/2025:11:52:07 -0300] "GET /cormun/servlet/permisogoce?90df0e9cd844de3203d505cd749507e656ea836b93ac338e75a6b8aa5b2d50ae12d66614f597f0320e8ac7e4abb2ea1cc49332c055a32400b3f5f237da163064,gx-no-cache=1765291962012 HTTP/1.1" 200 130
190.95.67.91 - - [09/Dec/2025:11:52:07 -0300] "GET /cormun/static/Shared/jqueryui/images/ui-bg_flat_55_994d53_40x100.png HTTP/1.1" 404 1097
190.95.67.91 - - [09/Dec/2025:11:52:07 -0300] "GET /cormun/static/Shared/jqueryui/images/ui-icons_ebccce_256x240.png HTTP/1.1" 404 1089
190.95.67.91 - - [09/Dec/2025:11:52:14 -0300] "GET /cormun/servlet/permisogoce?90df0e9cd844de3203d505cd749507e656ea836b93ac338e75a6b8aa5b2d50aec0d72c75b76f72a697691e2bac09ec70e5ef20b6af75b57c534e712a9e5eb27d,gx-no-cache=1765291969020 HTTP/1.1" 200 48
190.95.67.91 - - [09/Dec/2025:11:52:17 -0300] "POST /cormun/servlet/permisogoce?2ad471cdbcb8c5262f5013e53bcace5f,INS,0,,,,gx-no-cache=1765291971492 HTTP/1.1" 200 93
190.95.67.91 - - [09/Dec/2025:11:52:17 -0300] "GET /cormun/servlet/hpexe_return? HTTP/1.1" 200 1034
190.95.67.91 - - [09/Dec/2025:11:52:17 -0300] "GET /cormun/servlet/trpermisosgoce?gx-no-cache=1765290009744 HTTP/1.1" 200 17953
190.95.67.91 - - [09/Dec/2025:11:52:24 -0300] "GET /cormun/servlet/trpermisosadjuntos?16817419,20251209114616,P, HTTP/1.1" 200 6584
190.95.67.91 - - [09/Dec/2025:11:52:25 -0300] "GET /cormun/servlet/permisosadjuntos?INS,16817419,P,20251209114616,, HTTP/1.1" 200 5889
190.95.67.91 - - [09/Dec/2025:11:52:26 -0300] "GET /cormun/static/about:blank HTTP/1.1" 404 1011
190.95.67.91 - - [09/Dec/2025:11:52:31 -0300] "POST /cormun/servlet/permisosadjuntos?2ad471cdbcb8c5262f5013e53bcace5f,INS,16817419,P,20251209114616,, HTTP/1.1" 200 116
190.95.67.91 - - [09/Dec/2025:11:52:31 -0300] "GET /cormun/servlet/hpexe_return? HTTP/1.1" 200 1041
190.95.67.91 - - [09/Dec/2025:11:52:31 -0300] "GET /cormun/servlet/trpermisosadjuntos?16817419,20251209114616,P, HTTP/1.1" 200 7101
190.95.67.91 - - [09/Dec/2025:11:52:34 -0300] "POST /cormun/servlet/trpermisosadjuntos?2ad471cdbcb8c5262f5013e53bcace5f,16817419,20251209114616,P,,gx-no-cache=1765291988547 HTTP/1.1" 200 90
190.95.67.91 - - [09/Dec/2025:11:52:34 -0300] "GET /cormun/servlet/hpexe_link HTTP/1.1" 200 1007
190.95.67.91 - - [09/Dec/2025:11:52:34 -0300] "GET /cormun/servlet/trpermisosgoce?gx-no-cache=1765290009744 HTTP/1.1" 200 17949
190.95.67.91 - - [09/Dec/2025:11:52:41 -0300] "POST /cormun/servlet/trpermisosgoce?2ad471cdbcb8c5262f5013e53bcace5f,gx-no-cache=1765290009744,gx-no-cache=1765291995149 HTTP/1.1" 200 15220
190.95.15.15 - - [09/Dec/2025:11:52:49 -0300] "GET /cormun/servlet/trpermisosgoce? HTTP/1.1" 200 17039
190.95.67.91 - - [09/Dec/2025:11:52:49 -0300] "GET /cormun/servlet/permisogoce?INS,0,,, HTTP/1.1" 200 7153
190.95.67.91 - - [09/Dec/2025:11:52:57 -0300] "GET /cormun/servlet/permisogoce?90df0e9cd844de3203d505cd749507e6d642c8e48da0d7c8663f9391c7ec53dc2abf069f96f47fa1f25c3ba0f3ad36fd683dd98aa4a3c805c1ab43ceaeab9891,gx-no-cache=1765292011723 HTTP/1.1" 200 82
190.95.15.15 - - [09/Dec/2025:11:52:58 -0300] "POST /cormun/servlet/trpermisosgoce?d8e8b3a6dc45d65425ce21be35664b12,,gx-no-cache=1765292012636 HTTP/1.1" 200 14075
190.95.15.15 - - [09/Dec/2025:11:52:58 -0300] "POST /cormun/servlet/trpermisosgoce?d8e8b3a6dc45d65425ce21be35664b12,,gx-no-cache=1765292012949 HTTP/1.1" 200 14052
190.95.15.15 - - [09/Dec/2025:11:53:03 -0300] "GET /cormun/servlet/permisogoce?INS,0,,, HTTP/1.1" 200 6860
190.95.67.91 - - [09/Dec/2025:11:53:04 -0300] "GET /cormun/servlet/permisogoce?90df0e9cd844de3203d505cd749507e656ea836b93ac338e75a6b8aa5b2d50aec7411e9bb61157e58d74e9275ac4828dc49332c055a32400b3f5f237da163064,gx-no-cache=1765292019236 HTTP/1.1" 200 48
190.95.67.91 - - [09/Dec/2025:11:53:08 -0300] "POST /cormun/servlet/permisogoce?2ad471cdbcb8c5262f5013e53bcace5f,INS,0,,,,gx-no-cache=1765292022874 HTTP/1.1" 200 93
190.95.67.91 - - [09/Dec/2025:11:53:08 -0300] "GET /cormun/servlet/hpexe_return? HTTP/1.1" 200 1034
190.95.67.91 - - [09/Dec/2025:11:53:09 -0300] "GET /cormun/servlet/trpermisosgoce?gx-no-cache=1765290009744 HTTP/1.1" 200 17975
190.95.67.91 - - [09/Dec/2025:11:53:11 -0300] "GET /cormun/servlet/trpermisosadjuntos?16817419,20251209115320,P, HTTP/1.1" 200 6583
190.95.67.91 - - [09/Dec/2025:11:53:13 -0300] "GET /cormun/servlet/permisosadjuntos?INS,16817419,P,20251209115320,, HTTP/1.1" 200 5887
190.95.67.91 - - [09/Dec/2025:11:53:13 -0300] "GET /cormun/static/about:blank HTTP/1.1" 404 1011
190.95.67.91 - - [09/Dec/2025:11:53:34 -0300] "POST /cormun/servlet/permisosadjuntos?2ad471cdbcb8c5262f5013e53bcace5f,INS,16817419,P,20251209115320,, HTTP/1.1" 200 116
190.95.67.91 - - [09/Dec/2025:11:53:34 -0300] "GET /cormun/servlet/hpexe_return? HTTP/1.1" 200 1040
190.95.67.91 - - [09/Dec/2025:11:53:34 -0300] "GET /cormun/servlet/trpermisosadjuntos?16817419,20251209115320,P, HTTP/1.1" 200 7098
190.95.67.91 - - [09/Dec/2025:11:53:36 -0300] "POST /cormun/servlet/trpermisosadjuntos?2ad471cdbcb8c5262f5013e53bcace5f,16817419,20251209115320,P,,gx-no-cache=1765292050971 HTTP/1.1" 200 90
190.95.67.91 - - [09/Dec/2025:11:53:36 -0300] "GET /cormun/servlet/hpexe_link HTTP/1.1" 200 1007
190.95.67.91 - - [09/Dec/2025:11:53:36 -0300] "GET /cormun/servlet/trpermisosgoce?gx-no-cache=1765290009744 HTTP/1.1" 200 17972
190.95.67.91 - - [09/Dec/2025:11:53:38 -0300] "GET /cormun/servlet/trpermisosadjuntos?16817419,20251209115320,P, HTTP/1.1" 200 7114
190.95.67.91 - - [09/Dec/2025:11:53:41 -0300] "GET /cormun/servlet/permisosadjuntos?INS,16817419,P,20251209115320,, HTTP/1.1" 200 5890
190.95.67.91 - - [09/Dec/2025:11:53:41 -0300] "GET /cormun/static/about:blank HTTP/1.1" 404 1011
