190.95.67.91 - - [09/Dec/2025:11:19:47 -0300] "GET /cormun/servlet/permisogoce?90df0e9cd844de3203d505cd749507e622735737ab558f1eaa8cdfb909f261562abf069f96f47fa1f25c3ba0f3ad36fd683dd98aa4a3c805c1ab43ceaeab9891,gx-no-cache=1765290021958 HTTP/1.1" 200 83
190.95.67.91 - - [09/Dec/2025:11:19:54 -0300] "GET /cormun/servlet/permisogoce?90df0e9cd844de3203d505cd749507e610da1b8d460e66a54e50cb489a8ba9394c30f2a42b277139ba7f595e3d3a858bc49332c055a32400b3f5f237da163064,gx-no-cache=1765290029106 HTTP/1.1" 200 48
190.95.67.91 - - [09/Dec/2025:11:19:57 -0300] "POST /cormun/servlet/permisogoce?2ad471cdbcb8c5262f5013e53bcace5f,INS,0,,,,gx-no-cache=1765290032072 HTTP/1.1" 200 93
190.95.67.91 - - [09/Dec/2025:11:19:57 -0300] "GET /cormun/servlet/hpexe_return? HTTP/1.1" 200 1034
190.95.67.91 - - [09/Dec/2025:11:19:58 -0300] "GET /cormun/servlet/trpermisosgoce?gx-no-cache=1765290009744 HTTP/1.1" 200 18694
190.95.67.91 - - [09/Dec/2025:11:20:00 -0300] "GET /cormun/servlet/trpermisosadjuntos?19021464,20251209112013,P, HTTP/1.1" 200 6585
190.95.67.91 - - [09/Dec/2025:11:20:01 -0300] "GET /cormun/servlet/permisosadjuntos?INS,19021464,P,20251209112013,, HTTP/1.1" 200 5890
190.95.67.91 - - [09/Dec/2025:11:20:01 -0300] "GET /cormun/static/about:blank HTTP/1.1" 404 1011
190.95.67.91 - - [09/Dec/2025:11:20:10 -0300] "POST /cormun/servlet/permisosadjuntos?2ad471cdbcb8c5262f5013e53bcace5f,INS,19021464,P,20251209112013,, HTTP/1.1" 200 116
190.95.67.91 - - [09/Dec/2025:11:20:10 -0300] "GET /cormun/servlet/hpexe_return? HTTP/1.1" 200 1040
190.95.67.91 - - [09/Dec/2025:11:20:11 -0300] "GET /cormun/servlet/trpermisosadjuntos?19021464,20251209112013,P, HTTP/1.1" 200 7087
190.95.67.91 - - [09/Dec/2025:11:20:13 -0300] "POST /cormun/servlet/trpermisosadjuntos?2ad471cdbcb8c5262f5013e53bcace5f,19021464,20251209112013,P,,gx-no-cache=1765290048013 HTTP/1.1" 200 90
190.95.67.91 - - [09/Dec/2025:11:20:13 -0300] "GET /cormun/servlet/hpexe_link HTTP/1.1" 200 1006
190.95.67.91 - - [09/Dec/2025:11:20:13 -0300] "GET /cormun/servlet/trpermisosgoce?gx-no-cache=1765290009744 HTTP/1.1" 200 18691
190.95.67.91 - - [09/Dec/2025:11:20:16 -0300] "GET /cormun/servlet/trpermisosadjuntos?19021464,20251209112013,P, HTTP/1.1" 200 7102
190.95.67.91 - - [09/Dec/2025:11:20:19 -0300] "POST /cormun/servlet/trpermisosadjuntos?2ad471cdbcb8c5262f5013e53bcace5f,19021464,20251209112013,P,,gx-no-cache=1765290053573 HTTP/1.1" 200 90
190.95.67.91 - - [09/Dec/2025:11:20:19 -0300] "GET /cormun/servlet/hpexe_link HTTP/1.1" 200 1006
190.95.67.91 - - [09/Dec/2025:11:20:19 -0300] "GET /cormun/servlet/trpermisosgoce?gx-no-cache=1765290009744 HTTP/1.1" 200 18691
190.95.67.91 - - [09/Dec/2025:11:20:21 -0300] "POST /cormun/servlet/trpermisosgoce?2ad471cdbcb8c5262f5013e53bcace5f,gx-no-cache=1765290009744,gx-no-cache=1765290055960 HTTP/1.1" 200 15985
190.95.67.91 - - [09/Dec/2025:11:20:36 -0300] "GET /cormun/servlet/permisogoce?INS,0,,, HTTP/1.1" 200 7153
190.95.67.91 - - [09/Dec/2025:11:20:45 -0300] "GET /cormun/servlet/permisogoce?90df0e9cd844de3203d505cd749507e6ef5054b9e699cb75f42ca645fc650fd42abf069f96f47fa1f25c3ba0f3ad36fd683dd98aa4a3c805c1ab43ceaeab9891,gx-no-cache=1765290079999 HTTP/1.1" 200 83
190.95.67.91 - - [09/Dec/2025:11:20:51 -0300] "GET /cormun/servlet/permisogoce?90df0e9cd844de3203d505cd749507e61a0809d9192598ba17ce32cc77861b21819c72fa0bef4fae826b3d3263a48695e5ef20b6af75b57c534e712a9e5eb27d,gx-no-cache=1765290086196 HTTP/1.1" 200 47
190.95.67.91 - - [09/Dec/2025:11:20:57 -0300] "POST /cormun/servlet/permisogoce?2ad471cdbcb8c5262f5013e53bcace5f,INS,0,,,,gx-no-cache=1765290091621 HTTP/1.1" 200 93
190.95.67.91 - - [09/Dec/2025:11:20:57 -0300] "GET /cormun/servlet/hpexe_return? HTTP/1.1" 200 1034
190.95.67.91 - - [09/Dec/2025:11:20:57 -0300] "GET /cormun/servlet/trpermisosgoce?gx-no-cache=1765290009744 HTTP/1.1" 200 18638
190.95.67.91 - - [09/Dec/2025:11:21:01 -0300] "GET /cormun/servlet/trpermisosadjuntos?18379244,20251209112108,P, HTTP/1.1" 200 6585
190.95.67.91 - - [09/Dec/2025:11:21:03 -0300] "GET /cormun/servlet/permisosadjuntos?INS,18379244,P,20251209112108,, HTTP/1.1" 200 5890
190.95.67.91 - - [09/Dec/2025:11:21:03 -0300] "GET /cormun/static/about:blank HTTP/1.1" 404 1011
190.95.67.91 - - [09/Dec/2025:11:21:13 -0300] "POST /cormun/servlet/permisosadjuntos?2ad471cdbcb8c5262f5013e53bcace5f,INS,18379244,P,20251209112108,, HTTP/1.1" 200 116
190.95.67.91 - - [09/Dec/2025:11:21:13 -0300] "GET /cormun/servlet/hpexe_return? HTTP/1.1" 200 1040
190.95.67.91 - - [09/Dec/2025:11:21:13 -0300] "GET /cormun/servlet/trpermisosadjuntos?18379244,20251209112108,P, HTTP/1.1" 200 7105
190.95.67.91 - - [09/Dec/2025:11:21:15 -0300] "POST /cormun/servlet/trpermisosadjuntos?2ad471cdbcb8c5262f5013e53bcace5f,18379244,20251209112108,P,,gx-no-cache=1765290110357 HTTP/1.1" 200 90
190.95.67.91 - - [09/Dec/2025:11:21:15 -0300] "GET /cormun/servlet/hpexe_link HTTP/1.1" 200 1007
190.95.67.91 - - [09/Dec/2025:11:21:16 -0300] "GET /cormun/servlet/trpermisosgoce?gx-no-cache=1765290009744 HTTP/1.1" 200 18635
190.95.67.91 - - [09/Dec/2025:11:21:20 -0300] "POST /cormun/servlet/trpermisosgoce?2ad471cdbcb8c5262f5013e53bcace5f,gx-no-cache=1765290009744,gx-no-cache=1765290114280 HTTP/1.1" 200 15947
190.95.67.91 - - [09/Dec/2025:11:21:33 -0300] "GET /cormun/servlet/permisogoce?INS,0,,, HTTP/1.1" 200 7153
190.95.67.91 - - [09/Dec/2025:11:21:40 -0300] "GET /cormun/servlet/permisogoce?90df0e9cd844de3203d505cd749507e6ef5054b9e699cb75f42ca645fc650fd42abf069f96f47fa1f25c3ba0f3ad36fd683dd98aa4a3c805c1ab43ceaeab9891,gx-no-cache=1765290134464 HTTP/1.1" 200 83
190.95.67.91 - - [09/Dec/2025:11:21:48 -0300] "GET /cormun/servlet/permisogoce?90df0e9cd844de3203d505cd749507e61a0809d9192598ba17ce32cc77861b217831f8c384c4b85dd833582341a1b08de5ef20b6af75b57c534e712a9e5eb27d,gx-no-cache=1765290143119 HTTP/1.1" 200 47
179.57.78.71 - - [09/Dec/2025:11:21:55 -0300] "GET /cormun/servlet/hlogin HTTP/1.1" 200 1718
179.57.78.71 - - [09/Dec/2025:11:21:58 -0300] "POST /cormun/servlet/hlogin?dad2037ac8d98e3eba5fb2fe29511438,gx-no-cache=1765290152592 HTTP/1.1" 200 90
179.57.78.71 - - [09/Dec/2025:11:21:58 -0300] "GET /cormun/servlet/hpexe_link HTTP/1.1" 200 948
179.57.78.71 - - [09/Dec/2025:11:21:58 -0300] "GET /cormun/servlet/hhome HTTP/1.1" 200 4266
190.95.67.91 - - [09/Dec/2025:11:21:58 -0300] "POST /cormun/servlet/permisogoce?2ad471cdbcb8c5262f5013e53bcace5f,INS,0,,,,gx-no-cache=1765290152789 HTTP/1.1" 200 93
190.95.67.91 - - [09/Dec/2025:11:21:58 -0300] "GET /cormun/servlet/hpexe_return? HTTP/1.1" 200 1034
190.95.67.91 - - [09/Dec/2025:11:21:58 -0300] "GET /cormun/servlet/trpermisosgoce?gx-no-cache=1765290009744 HTTP/1.1" 200 18556
190.95.67.91 - - [09/Dec/2025:11:22:01 -0300] "GET /cormun/servlet/trpermisosadjuntos?18379244,20251209112204,P, HTTP/1.1" 200 6585
190.95.67.91 - - [09/Dec/2025:11:22:03 -0300] "GET /cormun/servlet/permisosadjuntos?INS,18379244,P,20251209112204,, HTTP/1.1" 200 5888
190.95.67.91 - - [09/Dec/2025:11:22:03 -0300] "GET /cormun/static/about:blank HTTP/1.1" 404 1011
179.57.78.71 - - [09/Dec/2025:11:22:05 -0300] "GET /cormun/servlet/trlicencias? HTTP/1.1" 200 13885
190.95.67.91 - - [09/Dec/2025:11:22:14 -0300] "POST /cormun/servlet/permisosadjuntos?2ad471cdbcb8c5262f5013e53bcace5f,INS,18379244,P,20251209112204,, HTTP/1.1" 200 116
190.95.67.91 - - [09/Dec/2025:11:22:14 -0300] "GET /cormun/servlet/hpexe_return? HTTP/1.1" 200 1040
190.95.67.91 - - [09/Dec/2025:11:22:14 -0300] "GET /cormun/servlet/trpermisosadjuntos?18379244,20251209112204,P, HTTP/1.1" 200 7106
179.57.78.71 - - [09/Dec/2025:11:22:16 -0300] "GET /cormun/servlet/trsolicitudot? HTTP/1.1" 200 7476
190.95.67.91 - - [09/Dec/2025:11:22:17 -0300] "POST /cormun/servlet/trpermisosadjuntos?2ad471cdbcb8c5262f5013e53bcace5f,18379244,20251209112204,P,,gx-no-cache=1765290171565 HTTP/1.1" 200 90
190.95.67.91 - - [09/Dec/2025:11:22:17 -0300] "GET /cormun/servlet/hpexe_link HTTP/1.1" 200 1007
190.95.67.91 - - [09/Dec/2025:11:22:17 -0300] "GET /cormun/servlet/trpermisosgoce?gx-no-cache=1765290009744 HTTP/1.1" 200 18553
179.57.78.71 - - [09/Dec/2025:11:22:20 -0300] "GET /cormun/servlet/solicitudot?INS,0,0,false, HTTP/1.1" 200 16264
190.95.67.91 - - [09/Dec/2025:11:22:20 -0300] "POST /cormun/servlet/trpermisosgoce?2ad471cdbcb8c5262f5013e53bcace5f,gx-no-cache=1765290009744,gx-no-cache=1765290174785 HTTP/1.1" 200 15841
190.95.67.91 - - [09/Dec/2025:11:22:31 -0300] "GET /cormun/servlet/permisogoce?INS,0,,, HTTP/1.1" 200 7153
190.95.67.91 - - [09/Dec/2025:11:22:37 -0300] "GET /cormun/servlet/permisogoce?90df0e9cd844de3203d505cd749507e6ef5054b9e699cb75f42ca645fc650fd42abf069f96f47fa1f25c3ba0f3ad36fd683dd98aa4a3c805c1ab43ceaeab9891,gx-no-cache=1765290191982 HTTP/1.1" 200 85
190.95.67.91 - - [09/Dec/2025:11:22:46 -0300] "GET /cormun/servlet/permisogoce?90df0e9cd844de3203d505cd749507e61a0809d9192598ba17ce32cc77861b21a96a89a75008422d14b7ae7eba9e1fa6c49332c055a32400b3f5f237da163064,gx-no-cache=1765290200647 HTTP/1.1" 200 47
190.95.67.91 - - [09/Dec/2025:11:22:49 -0300] "POST /cormun/servlet/permisogoce?2ad471cdbcb8c5262f5013e53bcace5f,INS,0,,,,gx-no-cache=1765290203245 HTTP/1.1" 200 93
190.95.67.91 - - [09/Dec/2025:11:22:49 -0300] "GET /cormun/servlet/hpexe_return? HTTP/1.1" 200 1034
190.95.67.91 - - [09/Dec/2025:11:22:49 -0300] "GET /cormun/servlet/trpermisosgoce?gx-no-cache=1765290009744 HTTP/1.1" 200 18513
190.95.67.91 - - [09/Dec/2025:11:22:55 -0300] "GET /cormun/servlet/trpermisosadjuntos?18379244,20251209112302,P, HTTP/1.1" 200 6585
190.95.67.91 - - [09/Dec/2025:11:22:56 -0300] "GET /cormun/servlet/permisosadjuntos?INS,18379244,P,20251209112302,, HTTP/1.1" 200 5890
190.95.67.91 - - [09/Dec/2025:11:22:56 -0300] "GET /cormun/static/about:blank HTTP/1.1" 404 1011
190.95.67.91 - - [09/Dec/2025:11:23:05 -0300] "POST /cormun/servlet/permisosadjuntos?2ad471cdbcb8c5262f5013e53bcace5f,INS,18379244,P,20251209112302,, HTTP/1.1" 200 116
190.95.67.91 - - [09/Dec/2025:11:23:05 -0300] "GET /cormun/servlet/hpexe_return? HTTP/1.1" 200 1040
190.95.67.91 - - [09/Dec/2025:11:23:05 -0300] "GET /cormun/servlet/trpermisosadjuntos?18379244,20251209112302,P, HTTP/1.1" 200 7106
190.95.67.91 - - [09/Dec/2025:11:23:07 -0300] "POST /cormun/servlet/trpermisosadjuntos?2ad471cdbcb8c5262f5013e53bcace5f,18379244,20251209112302,P,,gx-no-cache=1765290222365 HTTP/1.1" 200 90
190.95.67.91 - - [09/Dec/2025:11:23:07 -0300] "GET /cormun/servlet/hpexe_link HTTP/1.1" 200 1007
190.95.67.91 - - [09/Dec/2025:11:23:08 -0300] "GET /cormun/servlet/trpermisosgoce?gx-no-cache=1765290009744 HTTP/1.1" 200 18510
190.95.67.91 - - [09/Dec/2025:11:23:11 -0300] "POST /cormun/servlet/trpermisosgoce?2ad471cdbcb8c5262f5013e53bcace5f,gx-no-cache=1765290009744,gx-no-cache=1765290225639 HTTP/1.1" 200 15784
190.95.67.91 - - [09/Dec/2025:11:23:21 -0300] "GET /cormun/servlet/permisogoce?INS,0,,, HTTP/1.1" 200 7153
190.95.67.91 - - [09/Dec/2025:11:23:27 -0300] "GET /cormun/servlet/permisogoce?90df0e9cd844de3203d505cd749507e6ef5054b9e699cb75f42ca645fc650fd42abf069f96f47fa1f25c3ba0f3ad36fd683dd98aa4a3c805c1ab43ceaeab9891,gx-no-cache=1765290241796 HTTP/1.1" 200 85
190.95.67.91 - - [09/Dec/2025:11:23:34 -0300] "GET /cormun/servlet/permisogoce?90df0e9cd844de3203d505cd749507e61a0809d9192598ba17ce32cc77861b21cc64f766b19c33c8543ac589d8f559a4c49332c055a32400b3f5f237da163064,gx-no-cache=1765290248495 HTTP/1.1" 200 48
190.95.67.91 - - [09/Dec/2025:11:23:39 -0300] "POST /cormun/servlet/permisogoce?2ad471cdbcb8c5262f5013e53bcace5f,INS,0,,,,gx-no-cache=1765290253149 HTTP/1.1" 200 93
190.95.67.91 - - [09/Dec/2025:11:23:39 -0300] "GET /cormun/servlet/hpexe_return? HTTP/1.1" 200 1034
190.95.67.91 - - [09/Dec/2025:11:23:39 -0300] "GET /cormun/servlet/trpermisosgoce?gx-no-cache=1765290009744 HTTP/1.1" 200 18518
190.95.67.91 - - [09/Dec/2025:11:23:47 -0300] "GET /cormun/servlet/trpermisosadjuntos?18379244,20251209112352,P, HTTP/1.1" 200 6585
190.95.67.91 - - [09/Dec/2025:11:23:50 -0300] "GET /cormun/servlet/permisosadjuntos?INS,18379244,P,20251209112352,, HTTP/1.1" 200 5891
190.95.67.91 - - [09/Dec/2025:11:23:50 -0300] "GET /cormun/static/about:blank HTTP/1.1" 404 1011
190.95.67.91 - - [09/Dec/2025:11:23:59 -0300] "POST /cormun/servlet/permisosadjuntos?2ad471cdbcb8c5262f5013e53bcace5f,INS,18379244,P,20251209112352,, HTTP/1.1" 200 116
190.95.67.91 - - [09/Dec/2025:11:23:59 -0300] "GET /cormun/servlet/hpexe_return? HTTP/1.1" 200 1040
190.95.67.91 - - [09/Dec/2025:11:23:59 -0300] "GET /cormun/servlet/trpermisosadjuntos?18379244,20251209112352,P, HTTP/1.1" 200 7108
190.95.67.91 - - [09/Dec/2025:11:24:01 -0300] "POST /cormun/servlet/trpermisosadjuntos?2ad471cdbcb8c5262f5013e53bcace5f,18379244,20251209112352,P,,gx-no-cache=1765290276149 HTTP/1.1" 200 90
190.95.67.91 - - [09/Dec/2025:11:24:01 -0300] "GET /cormun/servlet/hpexe_link HTTP/1.1" 200 1007
190.95.67.91 - - [09/Dec/2025:11:24:02 -0300] "GET /cormun/servlet/trpermisosgoce?gx-no-cache=1765290009744 HTTP/1.1" 200 18514
190.95.67.91 - - [09/Dec/2025:11:24:05 -0300] "POST /cormun/servlet/trpermisosgoce?2ad471cdbcb8c5262f5013e53bcace5f,gx-no-cache=1765290009744,gx-no-cache=1765290279199 HTTP/1.1" 200 15784
190.95.67.91 - - [09/Dec/2025:11:24:13 -0300] "GET /cormun/servlet/permisogoce?INS,0,,, HTTP/1.1" 200 7154
190.95.67.91 - - [09/Dec/2025:11:24:20 -0300] "GET /cormun/servlet/permisogoce?90df0e9cd844de3203d505cd749507e6ef5054b9e699cb75f42ca645fc650fd42abf069f96f47fa1f25c3ba0f3ad36fd683dd98aa4a3c805c1ab43ceaeab9891,gx-no-cache=1765290294805 HTTP/1.1" 200 85
190.95.67.91 - - [09/Dec/2025:11:24:26 -0300] "GET /cormun/servlet/permisogoce?90df0e9cd844de3203d505cd749507e61a0809d9192598ba17ce32cc77861b21ea4c8e8de9dbd60f69b269c76bfac193c49332c055a32400b3f5f237da163064,gx-no-cache=1765290300975 HTTP/1.1" 200 48
190.95.67.91 - - [09/Dec/2025:11:24:28 -0300] "POST /cormun/servlet/permisogoce?2ad471cdbcb8c5262f5013e53bcace5f,INS,0,,,,gx-no-cache=1765290303005 HTTP/1.1" 200 93
190.95.67.91 - - [09/Dec/2025:11:24:28 -0300] "GET /cormun/servlet/hpexe_return? HTTP/1.1" 200 1034
190.95.67.91 - - [09/Dec/2025:11:24:29 -0300] "GET /cormun/servlet/trpermisosgoce?gx-no-cache=1765290009744 HTTP/1.1" 200 18472
190.95.67.91 - - [09/Dec/2025:11:24:33 -0300] "GET /cormun/servlet/trpermisosadjuntos?18379244,20251209112444,P, HTTP/1.1" 200 6582
190.95.67.91 - - [09/Dec/2025:11:24:36 -0300] "GET /cormun/servlet/permisosadjuntos?INS,18379244,P,20251209112444,, HTTP/1.1" 200 5890
190.95.67.91 - - [09/Dec/2025:11:24:36 -0300] "GET /cormun/static/about:blank HTTP/1.1" 404 1011
190.95.67.91 - - [09/Dec/2025:11:24:45 -0300] "POST /cormun/servlet/permisosadjuntos?2ad471cdbcb8c5262f5013e53bcace5f,INS,18379244,P,20251209112444,, HTTP/1.1" 200 116
190.95.67.91 - - [09/Dec/2025:11:24:45 -0300] "GET /cormun/servlet/hpexe_return? HTTP/1.1" 200 1039
190.95.67.91 - - [09/Dec/2025:11:24:45 -0300] "GET /cormun/servlet/trpermisosadjuntos?18379244,20251209112444,P, HTTP/1.1" 200 7106
190.95.67.91 - - [09/Dec/2025:11:24:47 -0300] "POST /cormun/servlet/trpermisosadjuntos?2ad471cdbcb8c5262f5013e53bcace5f,18379244,20251209112444,P,,gx-no-cache=1765290322205 HTTP/1.1" 200 90
190.95.67.91 - - [09/Dec/2025:11:24:47 -0300] "GET /cormun/servlet/hpexe_link HTTP/1.1" 200 1006
190.95.67.91 - - [09/Dec/2025:11:24:47 -0300] "GET /cormun/servlet/trpermisosgoce?gx-no-cache=1765290009744 HTTP/1.1" 200 18469
190.95.67.91 - - [09/Dec/2025:11:24:53 -0300] "POST /cormun/servlet/trpermisosgoce?2ad471cdbcb8c5262f5013e53bcace5f,gx-no-cache=1765290009744,gx-no-cache=1765290327967 HTTP/1.1" 200 15729
179.57.78.55 - - [09/Dec/2025:11:24:55 -0300] "POST /cormun/servlet/trpermisosgoce?cc1f0eba6f61d8a866ec0a7161885921,,gx-no-cache=1765290329341 HTTP/1.1" 440 972
179.57.78.55 - - [09/Dec/2025:11:24:56 -0300] "GET /cormun/servlet/trpermisosgoce? HTTP/1.1" 200 6027
179.57.78.55 - - [09/Dec/2025:11:24:56 -0300] "GET /cormun/servlet/hlogin HTTP/1.1" 200 1740
179.57.78.71 - - [09/Dec/2025:11:24:59 -0300] "GET /cormun/servlet/trlicencias? HTTP/1.1" 200 13885
179.57.78.55 - - [09/Dec/2025:11:25:01 -0300] "POST /cormun/servlet/hlogin?86ffe9a2222f267fb6fe75ac15ca5ca0,gx-no-cache=1765290335851 HTTP/1.1" 200 90
179.57.78.55 - - [09/Dec/2025:11:25:01 -0300] "GET /cormun/servlet/hpexe_link HTTP/1.1" 200 956
179.57.78.55 - - [09/Dec/2025:11:25:01 -0300] "GET /cormun/servlet/trpermisosgoce HTTP/1.1" 200 18519
190.95.67.91 - - [09/Dec/2025:11:25:03 -0300] "GET /cormun/servlet/permisogoce?INS,0,,, HTTP/1.1" 200 7154
179.57.78.55 - - [09/Dec/2025:11:25:04 -0300] "GET /cormun/static/menuarrow.gif HTTP/1.1" 404 1015
190.95.67.91 - - [09/Dec/2025:11:25:09 -0300] "GET /cormun/servlet/permisogoce?90df0e9cd844de3203d505cd749507e6ef5054b9e699cb75f42ca645fc650fd42abf069f96f47fa1f25c3ba0f3ad36fd683dd98aa4a3c805c1ab43ceaeab9891,gx-no-cache=1765290344228 HTTP/1.1" 200 85
179.57.78.55 - - [09/Dec/2025:11:25:12 -0300] "POST /cormun/servlet/trpermisosgoce?86ffe9a2222f267fb6fe75ac15ca5ca0,gx-no-cache=1765290346669 HTTP/1.1" 200 5486
190.95.67.91 - - [09/Dec/2025:11:25:16 -0300] "GET /cormun/servlet/permisogoce?90df0e9cd844de3203d505cd749507e61a0809d9192598ba17ce32cc77861b21239b8ade25b77f732a2221043566d8abc49332c055a32400b3f5f237da163064,gx-no-cache=1765290350741 HTTP/1.1" 200 48
190.95.67.91 - - [09/Dec/2025:11:25:18 -0300] "POST /cormun/servlet/permisogoce?2ad471cdbcb8c5262f5013e53bcace5f,INS,0,,,,gx-no-cache=1765290352405 HTTP/1.1" 200 93
190.95.67.91 - - [09/Dec/2025:11:25:18 -0300] "GET /cormun/servlet/hpexe_return? HTTP/1.1" 200 1034
190.95.67.91 - - [09/Dec/2025:11:25:18 -0300] "GET /cormun/servlet/trpermisosgoce?gx-no-cache=1765290009744 HTTP/1.1" 200 18405
179.57.78.55 - - [09/Dec/2025:11:25:28 -0300] "POST /cormun/servlet/trpermisosgoce?86ffe9a2222f267fb6fe75ac15ca5ca0,gx-no-cache=1765290362330 HTTP/1.1" 200 15638
190.95.67.91 - - [09/Dec/2025:11:26:14 -0300] "GET /cormun/servlet/permisogoce?INS,0,,, HTTP/1.1" 200 7153
190.95.67.91 - - [09/Dec/2025:11:26:21 -0300] "GET /cormun/servlet/permisogoce?90df0e9cd844de3203d505cd749507e6ef5054b9e699cb75f42ca645fc650fd42abf069f96f47fa1f25c3ba0f3ad36fd683dd98aa4a3c805c1ab43ceaeab9891,gx-no-cache=1765290416208 HTTP/1.1" 200 83
190.95.67.91 - - [09/Dec/2025:11:26:30 -0300] "POST /cormun/servlet/permisogoce?2ad471cdbcb8c5262f5013e53bcace5f,INS,0,,,,gx-no-cache=1765290424604 HTTP/1.1" 200 93
190.95.67.91 - - [09/Dec/2025:11:26:30 -0300] "GET /cormun/servlet/hpexe_return? HTTP/1.1" 200 1034
190.95.67.91 - - [09/Dec/2025:11:26:30 -0300] "GET /cormun/servlet/trpermisosgoce?gx-no-cache=1765290009744 HTTP/1.1" 200 18405
190.95.67.91 - - [09/Dec/2025:11:26:46 -0300] "GET /cormun/servlet/trpermisosadjuntos?18379244,20251209112534,P, HTTP/1.1" 200 6584
190.95.67.91 - - [09/Dec/2025:11:26:50 -0300] "GET /cormun/servlet/permisosadjuntos?INS,18379244,P,20251209112534,, HTTP/1.1" 200 5891
190.95.67.91 - - [09/Dec/2025:11:26:50 -0300] "GET /cormun/static/about:blank HTTP/1.1" 404 1011
190.95.67.91 - - [09/Dec/2025:11:26:59 -0300] "POST /cormun/servlet/permisosadjuntos?2ad471cdbcb8c5262f5013e53bcace5f,INS,18379244,P,20251209112534,, HTTP/1.1" 200 116
190.95.67.91 - - [09/Dec/2025:11:26:59 -0300] "GET /cormun/servlet/hpexe_return? HTTP/1.1" 200 1040
190.95.67.91 - - [09/Dec/2025:11:26:59 -0300] "GET /cormun/servlet/trpermisosadjuntos?18379244,20251209112534,P, HTTP/1.1" 200 7107
179.57.78.71 - - [09/Dec/2025:11:27:00 -0300] "GET /cormun/servlet/trsolicitudot? HTTP/1.1" 200 7476
190.95.67.91 - - [09/Dec/2025:11:27:02 -0300] "POST /cormun/servlet/trpermisosadjuntos?2ad471cdbcb8c5262f5013e53bcace5f,18379244,20251209112534,P,,gx-no-cache=1765290456972 HTTP/1.1" 200 90
190.95.67.91 - - [09/Dec/2025:11:27:02 -0300] "GET /cormun/servlet/hpexe_link HTTP/1.1" 200 1007
190.95.67.91 - - [09/Dec/2025:11:27:02 -0300] "GET /cormun/servlet/trpermisosgoce?gx-no-cache=1765290009744 HTTP/1.1" 200 18401
179.57.78.71 - - [09/Dec/2025:11:27:04 -0300] "GET /cormun/servlet/solicitudot?INS,0,0,false, HTTP/1.1" 200 16264
190.95.67.91 - - [09/Dec/2025:11:27:05 -0300] "POST /cormun/servlet/trpermisosgoce?2ad471cdbcb8c5262f5013e53bcace5f,gx-no-cache=1765290009744,gx-no-cache=1765290459935 HTTP/1.1" 200 15671
190.95.67.91 - - [09/Dec/2025:11:27:20 -0300] "GET /cormun/servlet/permisogoce?INS,0,,, HTTP/1.1" 200 7153
190.95.67.91 - - [09/Dec/2025:11:27:26 -0300] "GET /cormun/servlet/permisogoce?90df0e9cd844de3203d505cd749507e6b50455c41e056d0eb23d7b9b163249702abf069f96f47fa1f25c3ba0f3ad36fd683dd98aa4a3c805c1ab43ceaeab9891,gx-no-cache=1765290480918 HTTP/1.1" 200 91
190.95.67.91 - - [09/Dec/2025:11:27:32 -0300] "GET /cormun/servlet/permisogoce?90df0e9cd844de3203d505cd749507e6a029f43e7ffeb3cdf495f474385dab7ff728070dff58e1c240ba7350a6ea7285e5ef20b6af75b57c534e712a9e5eb27d,gx-no-cache=1765290487215 HTTP/1.1" 200 48
190.95.67.91 - - [09/Dec/2025:11:27:49 -0300] "POST /cormun/servlet/permisogoce?2ad471cdbcb8c5262f5013e53bcace5f,INS,0,,,,gx-no-cache=1765290503997 HTTP/1.1" 200 93
190.95.67.91 - - [09/Dec/2025:11:27:49 -0300] "GET /cormun/servlet/hpexe_return? HTTP/1.1" 200 1034
190.95.67.91 - - [09/Dec/2025:11:27:50 -0300] "GET /cormun/servlet/trpermisosgoce?gx-no-cache=1765290009744 HTTP/1.1" 200 18408
190.95.67.91 - - [09/Dec/2025:11:29:52 -0300] "GET /cormun/servlet/trpermisosadjuntos?19360063,20251209112751,P, HTTP/1.1" 200 6590
190.95.67.91 - - [09/Dec/2025:11:29:55 -0300] "GET /cormun/servlet/permisosadjuntos?INS,19360063,P,20251209112751,, HTTP/1.1" 200 5898
190.95.67.91 - - [09/Dec/2025:11:29:55 -0300] "GET /cormun/static/about:blank HTTP/1.1" 404 1011
190.95.67.91 - - [09/Dec/2025:11:30:04 -0300] "POST /cormun/servlet/permisosadjuntos?2ad471cdbcb8c5262f5013e53bcace5f,INS,19360063,P,20251209112751,, HTTP/1.1" 200 116
190.95.67.91 - - [09/Dec/2025:11:30:04 -0300] "GET /cormun/servlet/hpexe_return? HTTP/1.1" 200 1041
190.95.67.91 - - [09/Dec/2025:11:30:05 -0300] "GET /cormun/servlet/trpermisosadjuntos?19360063,20251209112751,P, HTTP/1.1" 200 7108
190.95.67.91 - - [09/Dec/2025:11:30:13 -0300] "POST /cormun/servlet/trpermisosadjuntos?2ad471cdbcb8c5262f5013e53bcace5f,19360063,20251209112751,P,,gx-no-cache=1765290647621 HTTP/1.1" 200 90
190.95.67.91 - - [09/Dec/2025:11:30:13 -0300] "GET /cormun/servlet/hpexe_link HTTP/1.1" 200 1007
190.95.67.91 - - [09/Dec/2025:11:30:13 -0300] "GET /cormun/servlet/trpermisosgoce?gx-no-cache=1765290009744 HTTP/1.1" 200 18405
190.95.67.91 - - [09/Dec/2025:11:30:17 -0300] "POST /cormun/servlet/trpermisosgoce?2ad471cdbcb8c5262f5013e53bcace5f,gx-no-cache=1765290009744,gx-no-cache=1765290651711 HTTP/1.1" 200 15679
190.95.67.91 - - [09/Dec/2025:11:30:17 -0300] "GET /cormun/static/Shared/jqueryui/images/ui-bg_highlight-soft_100_c6c2c8_1x100.png HTTP/1.1" 404 1117
190.95.67.91 - - [09/Dec/2025:11:30:17 -0300] "GET /cormun/static/Shared/jqueryui/images/ui-icons_82798d_256x240.png HTTP/1.1" 404 1089
190.95.67.91 - - [09/Dec/2025:11:30:17 -0300] "GET /cormun/static/Shared/jqueryui/images/ui-bg_flat_55_fafafa_40x100.png HTTP/1.1" 404 1097
190.95.67.91 - - [09/Dec/2025:11:30:17 -0300] "GET /cormun/static/Shared/jqueryui/images/ui-icons_8d78a5_256x240.png HTTP/1.1" 404 1089
190.95.67.91 - - [09/Dec/2025:11:30:21 -0300] "GET /cormun/servlet/permisogoce?INS,0,,, HTTP/1.1" 200 7153
190.95.67.91 - - [09/Dec/2025:11:30:28 -0300] "GET /cormun/servlet/permisogoce?90df0e9cd844de3203d505cd749507e6b50455c41e056d0eb23d7b9b163249702abf069f96f47fa1f25c3ba0f3ad36fd683dd98aa4a3c805c1ab43ceaeab9891,gx-no-cache=1765290662535 HTTP/1.1" 200 91
190.95.67.91 - - [09/Dec/2025:11:30:30 -0300] "GET /cormun/static/menuarrow.gif HTTP/1.1" 404 1015
190.95.67.91 - - [09/Dec/2025:11:30:35 -0300] "GET /cormun/servlet/permisogoce?90df0e9cd844de3203d505cd749507e6a029f43e7ffeb3cdf495f474385dab7fa816d7c6c2f240b5ecdc554e0f0ce81ce5ef20b6af75b57c534e712a9e5eb27d,gx-no-cache=1765290670015 HTTP/1.1" 200 48
190.95.67.91 - - [09/Dec/2025:11:30:40 -0300] "POST /cormun/servlet/permisogoce?2ad471cdbcb8c5262f5013e53bcace5f,INS,0,,,,gx-no-cache=1765290674588 HTTP/1.1" 200 93
190.95.67.91 - - [09/Dec/2025:11:30:40 -0300] "GET /cormun/servlet/hpexe_return? HTTP/1.1" 200 1034
190.95.67.91 - - [09/Dec/2025:11:30:40 -0300] "GET /cormun/servlet/trpermisosgoce?gx-no-cache=1765290009744 HTTP/1.1" 200 18408
190.95.67.91 - - [09/Dec/2025:11:30:47 -0300] "GET /cormun/servlet/trpermisosadjuntos?19360063,20251209113052,P, HTTP/1.1" 200 6590
190.95.67.91 - - [09/Dec/2025:11:30:49 -0300] "GET /cormun/servlet/permisosadjuntos?INS,19360063,P,20251209113052,, HTTP/1.1" 200 5895
190.95.67.91 - - [09/Dec/2025:11:30:49 -0300] "GET /cormun/static/about:blank HTTP/1.1" 404 1011
190.95.67.91 - - [09/Dec/2025:11:30:56 -0300] "POST /cormun/servlet/permisosadjuntos?2ad471cdbcb8c5262f5013e53bcace5f,INS,19360063,P,20251209113052,, HTTP/1.1" 200 116
190.95.67.91 - - [09/Dec/2025:11:30:56 -0300] "GET /cormun/servlet/hpexe_return? HTTP/1.1" 200 1040
190.95.67.91 - - [09/Dec/2025:11:30:56 -0300] "GET /cormun/servlet/trpermisosadjuntos?19360063,20251209113052,P, HTTP/1.1" 200 7104
190.95.67.91 - - [09/Dec/2025:11:31:03 -0300] "POST /cormun/servlet/trpermisosadjuntos?2ad471cdbcb8c5262f5013e53bcace5f,19360063,20251209113052,P,,gx-no-cache=1765290697933 HTTP/1.1" 200 90
190.95.67.91 - - [09/Dec/2025:11:31:03 -0300] "GET /cormun/servlet/hpexe_link HTTP/1.1" 200 1007
190.95.67.91 - - [09/Dec/2025:11:31:03 -0300] "GET /cormun/servlet/trpermisosgoce?gx-no-cache=1765290009744 HTTP/1.1" 200 18405
190.95.67.91 - - [09/Dec/2025:11:31:09 -0300] "POST /cormun/servlet/trpermisosgoce?2ad471cdbcb8c5262f5013e53bcace5f,gx-no-cache=1765290009744,gx-no-cache=1765290703630 HTTP/1.1" 200 15666
190.95.15.15 - - [09/Dec/2025:11:31:17 -0300] "GET /cormun/servlet/trlicencias? HTTP/1.1" 200 13429
190.95.67.91 - - [09/Dec/2025:11:31:46 -0300] "GET /cormun/servlet/permisogoce?INS,0,,, HTTP/1.1" 200 7153
190.95.67.91 - - [09/Dec/2025:11:31:56 -0300] "GET /cormun/servlet/permisogoce?90df0e9cd844de3203d505cd749507e6b50455c41e056d0eb23d7b9b163249702abf069f96f47fa1f25c3ba0f3ad36fd683dd98aa4a3c805c1ab43ceaeab9891,gx-no-cache=1765290750488 HTTP/1.1" 200 90
190.95.67.91 - - [09/Dec/2025:11:32:06 -0300] "GET /cormun/servlet/permisogoce?90df0e9cd844de3203d505cd749507e6a029f43e7ffeb3cdf495f474385dab7faca653e3c060fd8bc3fc37f2ebc3dc42e5ef20b6af75b57c534e712a9e5eb27d,gx-no-cache=1765290761096 HTTP/1.1" 200 48
190.95.67.91 - - [09/Dec/2025:11:32:27 -0300] "POST /cormun/servlet/permisogoce?2ad471cdbcb8c5262f5013e53bcace5f,INS,0,,,,gx-no-cache=1765290782004 HTTP/1.1" 200 93
190.95.67.91 - - [09/Dec/2025:11:32:27 -0300] "GET /cormun/servlet/hpexe_return? HTTP/1.1" 200 1034
190.95.67.91 - - [09/Dec/2025:11:32:28 -0300] "GET /cormun/servlet/trpermisosgoce?gx-no-cache=1765290009744 HTTP/1.1" 200 18347
190.95.67.91 - - [09/Dec/2025:11:32:36 -0300] "GET /cormun/servlet/trpermisosadjuntos?19360063,20251209113217,P, HTTP/1.1" 200 6590
190.95.67.91 - - [09/Dec/2025:11:32:38 -0300] "GET /cormun/servlet/permisosadjuntos?INS,19360063,P,20251209113217,, HTTP/1.1" 200 5895
190.95.67.91 - - [09/Dec/2025:11:32:38 -0300] "GET /cormun/static/about:blank HTTP/1.1" 404 1011
190.95.67.91 - - [09/Dec/2025:11:32:48 -0300] "POST /cormun/servlet/permisosadjuntos?2ad471cdbcb8c5262f5013e53bcace5f,INS,19360063,P,20251209113217,, HTTP/1.1" 200 116
190.95.67.91 - - [09/Dec/2025:11:32:48 -0300] "GET /cormun/servlet/hpexe_return? HTTP/1.1" 200 1040
190.95.67.91 - - [09/Dec/2025:11:32:48 -0300] "GET /cormun/servlet/trpermisosadjuntos?19360063,20251209113217,P, HTTP/1.1" 200 7106
190.95.67.91 - - [09/Dec/2025:11:32:51 -0300] "POST /cormun/servlet/trpermisosadjuntos?2ad471cdbcb8c5262f5013e53bcace5f,19360063,20251209113217,P,,gx-no-cache=1765290805820 HTTP/1.1" 200 90
190.95.67.91 - - [09/Dec/2025:11:32:51 -0300] "GET /cormun/servlet/hpexe_link HTTP/1.1" 200 1007
190.95.67.91 - - [09/Dec/2025:11:32:51 -0300] "GET /cormun/servlet/trpermisosgoce?gx-no-cache=1765290009744 HTTP/1.1" 200 18344
190.95.67.91 - - [09/Dec/2025:11:32:55 -0300] "GET /cormun/servlet/trpermisosadjuntos?19360063,20251209113217,P, HTTP/1.1" 200 7121
190.95.67.91 - - [09/Dec/2025:11:32:58 -0300] "POST /cormun/servlet/trpermisosadjuntos?2ad471cdbcb8c5262f5013e53bcace5f,19360063,20251209113217,P,,gx-no-cache=1765290812868 HTTP/1.1" 200 90
190.95.67.91 - - [09/Dec/2025:11:32:58 -0300] "GET /cormun/servlet/hpexe_link HTTP/1.1" 200 1007
190.95.67.91 - - [09/Dec/2025:11:32:58 -0300] "GET /cormun/servlet/trpermisosgoce?gx-no-cache=1765290009744 HTTP/1.1" 200 18344
190.95.67.91 - - [09/Dec/2025:11:33:02 -0300] "POST /cormun/servlet/trpermisosgoce?2ad471cdbcb8c5262f5013e53bcace5f,gx-no-cache=1765290009744,gx-no-cache=1765290816278 HTTP/1.1" 200 15598
190.95.67.91 - - [09/Dec/2025:11:34:02 -0300] "GET /cormun/servlet/permisogoce?INS,0,,, HTTP/1.1" 200 7153
190.95.67.91 - - [09/Dec/2025:11:34:09 -0300] "GET /cormun/servlet/permisogoce?90df0e9cd844de3203d505cd749507e6b50455c41e056d0eb23d7b9b163249702abf069f96f47fa1f25c3ba0f3ad36fd683dd98aa4a3c805c1ab43ceaeab9891,gx-no-cache=1765290883693 HTTP/1.1" 200 91
190.95.67.91 - - [09/Dec/2025:11:34:15 -0300] "GET /cormun/servlet/permisogoce?90df0e9cd844de3203d505cd749507e6a029f43e7ffeb3cdf495f474385dab7f58902c364ef8581f96894112bf3df3c3e5ef20b6af75b57c534e712a9e5eb27d,gx-no-cache=1765290890351 HTTP/1.1" 200 48
190.95.67.91 - - [09/Dec/2025:11:34:18 -0300] "POST /cormun/servlet/permisogoce?2ad471cdbcb8c5262f5013e53bcace5f,INS,0,,,,gx-no-cache=1765290892492 HTTP/1.1" 200 93
190.95.67.91 - - [09/Dec/2025:11:34:18 -0300] "GET /cormun/servlet/hpexe_return? HTTP/1.1" 200 1034
190.95.67.91 - - [09/Dec/2025:11:34:18 -0300] "GET /cormun/servlet/trpermisosgoce?gx-no-cache=1765290009744 HTTP/1.1" 200 18283
190.95.67.91 - - [09/Dec/2025:11:34:23 -0300] "GET /cormun/servlet/trpermisosadjuntos?19360063,20251209113434,P, HTTP/1.1" 200 6590
190.95.67.91 - - [09/Dec/2025:11:34:24 -0300] "GET /cormun/servlet/permisosadjuntos?INS,19360063,P,20251209113434,, HTTP/1.1" 200 5892
190.95.67.91 - - [09/Dec/2025:11:34:24 -0300] "GET /cormun/static/about:blank HTTP/1.1" 404 1011
190.95.67.91 - - [09/Dec/2025:11:34:32 -0300] "POST /cormun/servlet/permisosadjuntos?2ad471cdbcb8c5262f5013e53bcace5f,INS,19360063,P,20251209113434,, HTTP/1.1" 200 116
190.95.67.91 - - [09/Dec/2025:11:34:32 -0300] "GET /cormun/servlet/hpexe_return? HTTP/1.1" 200 1040
190.95.67.91 - - [09/Dec/2025:11:34:32 -0300] "GET /cormun/servlet/trpermisosadjuntos?19360063,20251209113434,P, HTTP/1.1" 200 7102
190.95.67.91 - - [09/Dec/2025:11:34:34 -0300] "POST /cormun/servlet/trpermisosadjuntos?2ad471cdbcb8c5262f5013e53bcace5f,19360063,20251209113434,P,,gx-no-cache=1765290909100 HTTP/1.1" 200 90
190.95.67.91 - - [09/Dec/2025:11:34:34 -0300] "GET /cormun/servlet/hpexe_link HTTP/1.1" 200 1006
190.95.67.91 - - [09/Dec/2025:11:34:34 -0300] "GET /cormun/servlet/trpermisosgoce?gx-no-cache=1765290009744 HTTP/1.1" 200 18279
190.95.67.91 - - [09/Dec/2025:11:34:41 -0300] "GET /cormun/servlet/trpermisosadjuntos?19360063,20251209113434,P, HTTP/1.1" 200 7118
190.95.67.91 - - [09/Dec/2025:11:34:43 -0300] "GET /cormun/servlet/permisosadjuntos?INS,19360063,P,20251209113434,, HTTP/1.1" 200 5895
190.95.67.91 - - [09/Dec/2025:11:34:43 -0300] "GET /cormun/static/about:blank HTTP/1.1" 404 1011
190.95.67.91 - - [09/Dec/2025:11:34:44 -0300] "POST /cormun/servlet/permisosadjuntos?2ad471cdbcb8c5262f5013e53bcace5f,INS,19360063,P,20251209113434,,,gx-no-cache=1765290919156 HTTP/1.1" 200 93
190.95.67.91 - - [09/Dec/2025:11:34:44 -0300] "GET /cormun/servlet/hpexe_return? HTTP/1.1" 200 1040
190.95.67.91 - - [09/Dec/2025:11:34:44 -0300] "GET /cormun/servlet/trpermisosadjuntos?19360063,20251209113434,P, HTTP/1.1" 200 7169
179.57.78.71 - - [09/Dec/2025:11:34:47 -0300] "POST /cormun/servlet/solicitudot?gx-no-cache=1765290921293 HTTP/1.1" 200 4165
179.57.78.71 - - [09/Dec/2025:11:34:47 -0300] "POST /cormun/servlet/solicitudot?dad2037ac8d98e3eba5fb2fe29511438,INS,0,0,false,,gx-no-cache=1765290921569 HTTP/1.1" 200 13027
190.95.67.91 - - [09/Dec/2025:11:34:47 -0300] "GET /cormun/servlet/permisosadjuntos?DLT,19360063,P,20251209113434,20251209113514, HTTP/1.1" 200 5839
190.95.67.91 - - [09/Dec/2025:11:34:47 -0300] "GET /cormun/static/about:blank HTTP/1.1" 404 1011
186.40.54.154 - - [09/Dec/2025:11:34:48 -0300] "GET /cormun/servlet/hlogin HTTP/1.1" 200 1723
190.95.67.91 - - [09/Dec/2025:11:34:49 -0300] "POST /cormun/servlet/permisosadjuntos?2ad471cdbcb8c5262f5013e53bcace5f,DLT,19360063,P,20251209113434,20251209113514,,gx-no-cache=1765290923715 HTTP/1.1" 200 93
190.95.67.91 - - [09/Dec/2025:11:34:49 -0300] "GET /cormun/servlet/hpexe_return? HTTP/1.1" 200 1045
190.95.67.91 - - [09/Dec/2025:11:34:49 -0300] "GET /cormun/servlet/trpermisosadjuntos?19360063,20251209113434,P, HTTP/1.1" 200 7102
190.95.67.91 - - [09/Dec/2025:11:34:51 -0300] "POST /cormun/servlet/trpermisosadjuntos?2ad471cdbcb8c5262f5013e53bcace5f,19360063,20251209113434,P,,gx-no-cache=1765290925884 HTTP/1.1" 200 90
190.95.67.91 - - [09/Dec/2025:11:34:51 -0300] "GET /cormun/servlet/hpexe_link HTTP/1.1" 200 1006
190.95.67.91 - - [09/Dec/2025:11:34:51 -0300] "GET /cormun/servlet/trpermisosgoce?gx-no-cache=1765290009744 HTTP/1.1" 200 18279
190.95.67.91 - - [09/Dec/2025:11:34:55 -0300] "POST /cormun/servlet/trpermisosgoce?2ad471cdbcb8c5262f5013e53bcace5f,gx-no-cache=1765290009744,gx-no-cache=1765290929478 HTTP/1.1" 200 15539
190.95.67.91 - - [09/Dec/2025:11:35:04 -0300] "GET /cormun/servlet/permisogoce?INS,0,,, HTTP/1.1" 200 7151
186.40.54.154 - - [09/Dec/2025:11:35:04 -0300] "GET /cormun/servlet/hlogin HTTP/1.1" 200 1732
190.95.67.91 - - [09/Dec/2025:11:35:10 -0300] "GET /cormun/servlet/permisogoce?90df0e9cd844de3203d505cd749507e6c928c6ce974012862962ef2543c49bfc2abf069f96f47fa1f25c3ba0f3ad36fd683dd98aa4a3c805c1ab43ceaeab9891,gx-no-cache=1765290945056 HTTP/1.1" 200 76
186.40.54.154 - - [09/Dec/2025:11:35:15 -0300] "POST /cormun/servlet/hlogin?d5d1b8bef7aa95e41fb5069d34a08fe1,gx-no-cache=1765290950684 HTTP/1.1" 200 90
186.40.54.154 - - [09/Dec/2025:11:35:15 -0300] "GET /cormun/servlet/hpexe_link HTTP/1.1" 200 953
186.40.54.154 - - [09/Dec/2025:11:35:15 -0300] "GET /cormun/servlet/hhome HTTP/1.1" 200 3984
190.95.67.91 - - [09/Dec/2025:11:35:17 -0300] "GET /cormun/servlet/permisogoce?90df0e9cd844de3203d505cd749507e6482934ef925f57fd1eb94adb86b7bbd2bf1e029a999da033ae2b62892e9e01a4c49332c055a32400b3f5f237da163064,gx-no-cache=1765290952094 HTTP/1.1" 200 46
190.95.67.91 - - [09/Dec/2025:11:35:20 -0300] "POST /cormun/servlet/permisogoce?2ad471cdbcb8c5262f5013e53bcace5f,INS,0,,,,gx-no-cache=1765290954636 HTTP/1.1" 200 93
190.95.67.91 - - [09/Dec/2025:11:35:20 -0300] "GET /cormun/servlet/hpexe_return? HTTP/1.1" 200 1034
190.95.67.91 - - [09/Dec/2025:11:35:20 -0300] "GET /cormun/servlet/trpermisosgoce?gx-no-cache=1765290009744 HTTP/1.1" 200 18281
190.95.67.91 - - [09/Dec/2025:11:35:24 -0300] "GET /cormun/servlet/trpermisosadjuntos?18936113,20251209113535,P, HTTP/1.1" 200 6581
190.95.67.91 - - [09/Dec/2025:11:35:25 -0300] "GET /cormun/servlet/permisosadjuntos?INS,18936113,P,20251209113535,, HTTP/1.1" 200 5885
186.40.54.154 - - [09/Dec/2025:11:35:25 -0300] "GET /cormun/static/gxcfg.js?2020121631564 HTTP/1.1" 304 -
186.40.54.154 - - [09/Dec/2025:11:35:25 -0300] "GET /cormun/servlet/trpermisosgoce? HTTP/1.1" 200 18669
190.95.67.91 - - [09/Dec/2025:11:35:26 -0300] "GET /cormun/static/about:blank HTTP/1.1" 404 1011
186.40.54.154 - - [09/Dec/2025:11:35:26 -0300] "GET /cormun/static/trpermisosgoce.js?2020121633681 HTTP/1.1" 304 -
186.40.54.154 - - [09/Dec/2025:11:35:26 -0300] "GET /cormun//static/Resources/PXToolsGridDelete.png HTTP/1.1" 304 -
186.40.54.154 - - [09/Dec/2025:11:35:26 -0300] "GET /cormun//static/Resources/PXToolsGridUpdate.png HTTP/1.1" 304 -
186.40.54.154 - - [09/Dec/2025:11:35:29 -0300] "GET /cormun/static/menuarrow.gif HTTP/1.1" 404 1015
179.57.78.71 - - [09/Dec/2025:11:35:36 -0300] "GET /cormun/servlet/solicitudot?207633731077db83f61402f35cf372a7efbf77f0822b3de46834de159a50701d1a2a0a22b91dc784188851e482df7fe4,gx-no-cache=1765290970954 HTTP/1.1" 200 30
190.95.67.91 - - [09/Dec/2025:11:35:49 -0300] "POST /cormun/servlet/permisosadjuntos?2ad471cdbcb8c5262f5013e53bcace5f,INS,18936113,P,20251209113535,, HTTP/1.1" 200 116
190.95.67.91 - - [09/Dec/2025:11:35:49 -0300] "GET /cormun/servlet/hpexe_return? HTTP/1.1" 200 1039
190.95.67.91 - - [09/Dec/2025:11:35:49 -0300] "GET /cormun/servlet/trpermisosadjuntos?18936113,20251209113535,P, HTTP/1.1" 200 7087
186.40.54.154 - - [09/Dec/2025:11:35:52 -0300] "POST /cormun/servlet/trpermisosgoce?d5d1b8bef7aa95e41fb5069d34a08fe1,,gx-no-cache=1765290986266 HTTP/1.1" 200 5761
179.57.78.71 - - [09/Dec/2025:11:35:59 -0300] "GET /cormun/servlet/solicitudot?207633731077db83f61402f35cf372a73a6044556c15de3665c259c72bc0353d0d79fa1f06ef4de2efe3e97265814f2f6dffcf1acd060ea2aa1748e98924f845,gx-no-cache=1765290993554 HTTP/1.1" 200 103
179.57.78.71 - - [09/Dec/2025:11:35:59 -0300] "GET /cormun/static/Shared/jqueryui/images/ui-icons_82798d_256x240.png HTTP/1.1" 404 1089
179.57.78.71 - - [09/Dec/2025:11:35:59 -0300] "GET /cormun/static/Shared/jqueryui/images/ui-bg_highlight-soft_100_c6c2c8_1x100.png HTTP/1.1" 404 1117
179.57.78.71 - - [09/Dec/2025:11:35:59 -0300] "GET /cormun/static/Shared/jqueryui/images/ui-bg_flat_55_994d53_40x100.png HTTP/1.1" 404 1097
179.57.78.71 - - [09/Dec/2025:11:35:59 -0300] "GET /cormun/static/Shared/jqueryui/images/ui-icons_ebccce_256x240.png HTTP/1.1" 404 1089
179.57.78.71 - - [09/Dec/2025:11:35:59 -0300] "GET /cormun/servlet/solicitudot?207633731077db83f61402f35cf372a70368f63922f4dc8d836cfbde838fbc5b,gx-no-cache=1765290993657 HTTP/1.1" 200 53
190.95.67.91 - - [09/Dec/2025:11:36:10 -0300] "POST /cormun/servlet/trpermisosadjuntos?2ad471cdbcb8c5262f5013e53bcace5f,18936113,20251209113535,P,,gx-no-cache=1765291004948 HTTP/1.1" 200 90
190.95.67.91 - - [09/Dec/2025:11:36:10 -0300] "GET /cormun/servlet/hpexe_link HTTP/1.1" 200 1007
190.95.67.91 - - [09/Dec/2025:11:36:10 -0300] "GET /cormun/servlet/trpermisosgoce?gx-no-cache=1765290009744 HTTP/1.1" 200 18278
190.95.67.91 - - [09/Dec/2025:11:36:14 -0300] "POST /cormun/servlet/trpermisosgoce?2ad471cdbcb8c5262f5013e53bcace5f,gx-no-cache=1765290009744,gx-no-cache=1765291008262 HTTP/1.1" 200 15537
190.95.67.91 - - [09/Dec/2025:11:36:20 -0300] "GET /cormun/servlet/permisogoce?INS,0,,, HTTP/1.1" 200 7153
181.43.215.219 - - [09/Dec/2025:11:36:28 -0300] "GET /cormun/servlet/hlogin HTTP/1.1" 200 1723
190.95.67.91 - - [09/Dec/2025:11:36:29 -0300] "GET /cormun/servlet/permisogoce?90df0e9cd844de3203d505cd749507e6c928c6ce974012862962ef2543c49bfc2abf069f96f47fa1f25c3ba0f3ad36fd683dd98aa4a3c805c1ab43ceaeab9891,gx-no-cache=1765291023495 HTTP/1.1" 200 80
201.186.225.183 - - [09/Dec/2025:11:36:29 -0300] "POST /cormun/servlet/trlicencias?71bf400aa0bc16ca93af7641a6810fba,,gx-no-cache=1765291024984 HTTP/1.1" 440 972
201.186.225.183 - - [09/Dec/2025:11:36:30 -0300] "GET /cormun/servlet/trlicencias? HTTP/1.1" 200 6048
201.186.225.183 - - [09/Dec/2025:11:36:31 -0300] "GET /cormun/servlet/hlogin HTTP/1.1" 200 1737
190.95.67.91 - - [09/Dec/2025:11:36:35 -0300] "GET /cormun/servlet/permisogoce?90df0e9cd844de3203d505cd749507e6482934ef925f57fd1eb94adb86b7bbd248c1e4e2d0b6bd8c7f897ac414d21cf4e5ef20b6af75b57c534e712a9e5eb27d,gx-no-cache=1765291029860 HTTP/1.1" 200 47
181.43.215.219 - - [09/Dec/2025:11:36:35 -0300] "POST /cormun/servlet/hlogin?7ce84c0cbb36f8c6863ee39dc00483ce,gx-no-cache=1765291027234 HTTP/1.1" 200 90
181.43.215.219 - - [09/Dec/2025:11:36:35 -0300] "GET /cormun/servlet/hpexe_link HTTP/1.1" 200 952
181.43.215.219 - - [09/Dec/2025:11:36:35 -0300] "GET /cormun/servlet/hhome HTTP/1.1" 200 3945
201.186.225.183 - - [09/Dec/2025:11:36:36 -0300] "POST /cormun/servlet/hlogin?774fc1d92680d6355c408773cfe7f6b7,gx-no-cache=1765291031274 HTTP/1.1" 200 90
201.186.225.183 - - [09/Dec/2025:11:36:36 -0300] "GET /cormun/servlet/hpexe_link HTTP/1.1" 200 958
201.186.225.183 - - [09/Dec/2025:11:36:36 -0300] "GET /cormun/servlet/trlicencias HTTP/1.1" 200 15299
190.95.67.91 - - [09/Dec/2025:11:36:39 -0300] "POST /cormun/servlet/permisogoce?2ad471cdbcb8c5262f5013e53bcace5f,INS,0,,,,gx-no-cache=1765291033155 HTTP/1.1" 200 93
190.95.67.91 - - [09/Dec/2025:11:36:39 -0300] "GET /cormun/servlet/hpexe_return? HTTP/1.1" 200 1034
201.186.225.183 - - [09/Dec/2025:11:36:39 -0300] "GET /cormun/servlet/trpermisosgoce? HTTP/1.1" 200 18531
190.95.67.91 - - [09/Dec/2025:11:36:39 -0300] "GET /cormun/servlet/trpermisosgoce?gx-no-cache=1765290009744 HTTP/1.1" 200 18285
181.43.215.219 - - [09/Dec/2025:11:36:39 -0300] "GET /cormun/servlet/trpermisosgoce? HTTP/1.1" 200 11961
181.43.215.219 - - [09/Dec/2025:11:36:39 -0300] "GET /cormun/static/gxcfg.js?2020121631564 HTTP/1.1" 200 953
181.43.215.219 - - [09/Dec/2025:11:36:39 -0300] "GET /cormun/static/trpermisosgoce.js?2020121633681 HTTP/1.1" 200 35904
181.43.215.219 - - [09/Dec/2025:11:36:39 -0300] "GET /cormun//static/Resources/PXToolsGridUpdate.png HTTP/1.1" 200 470
181.43.215.219 - - [09/Dec/2025:11:36:39 -0300] "GET /cormun//static/Resources/PXToolsGridDelete.png HTTP/1.1" 200 538
190.95.67.91 - - [09/Dec/2025:11:36:43 -0300] "GET /cormun/servlet/trpermisosadjuntos?18936113,20251209113651,P, HTTP/1.1" 200 6582
190.95.67.91 - - [09/Dec/2025:11:36:45 -0300] "GET /cormun/servlet/permisosadjuntos?INS,18936113,P,20251209113651,, HTTP/1.1" 200 5888
190.95.67.91 - - [09/Dec/2025:11:36:45 -0300] "GET /cormun/static/about:blank HTTP/1.1" 404 1011
181.43.215.219 - - [09/Dec/2025:11:36:46 -0300] "GET /cormun/servlet/permisogoce?INS,0,,, HTTP/1.1" 200 6810
181.43.215.219 - - [09/Dec/2025:11:36:46 -0300] "GET /cormun/static/gxcfg.js?20201215124560 HTTP/1.1" 200 953
181.43.215.219 - - [09/Dec/2025:11:36:46 -0300] "GET /cormun/static/Resources/prompt.gif HTTP/1.1" 200 902
181.43.215.219 - - [09/Dec/2025:11:36:46 -0300] "GET /cormun/static/permisogoce.js?20201215124939 HTTP/1.1" 200 27790
201.186.225.183 - - [09/Dec/2025:11:36:53 -0300] "POST /cormun/servlet/trpermisosgoce?774fc1d92680d6355c408773cfe7f6b7,,gx-no-cache=1765291048575 HTTP/1.1" 200 5477
190.95.67.91 - - [09/Dec/2025:11:36:56 -0300] "POST /cormun/servlet/permisosadjuntos?2ad471cdbcb8c5262f5013e53bcace5f,INS,18936113,P,20251209113651,, HTTP/1.1" 200 116
190.95.67.91 - - [09/Dec/2025:11:36:56 -0300] "GET /cormun/servlet/hpexe_return? HTTP/1.1" 200 1040
190.95.67.91 - - [09/Dec/2025:11:36:56 -0300] "GET /cormun/servlet/trpermisosadjuntos?18936113,20251209113651,P, HTTP/1.1" 200 7092
181.43.215.219 - - [09/Dec/2025:11:36:58 -0300] "GET /cormun/servlet/permisogoce?43a6822d36c9847add035e039288798a4cb4eba85d6c83de10ea5c5b777d3d72c31fd8aa3d21531f4f7c5d04a67e20349f320ccbd62214c8be8861474d77cd1e,gx-no-cache=1765291049664 HTTP/1.1" 200 88
181.43.215.219 - - [09/Dec/2025:11:36:58 -0300] "GET /cormun/static/menuarrow.gif HTTP/1.1" 404 1015
201.186.225.183 - - [09/Dec/2025:11:37:17 -0300] "GET /cormun/servlet/permisogoce?UPD,18598184,P,20251127163620, HTTP/1.1" 200 6892
201.186.225.183 - - [09/Dec/2025:11:37:18 -0300] "GET /cormun/servlet/permisogoce?50b9aa0457e5053f9c8082f01163e468cdd2f7bf8a9445feb6b6cd4a41099193dfd0668f74ba11952c13fb2459142c0e4f9cb4527233e17e813b15d3c3cd12d9,gx-no-cache=1765291073875 HTTP/1.1" 200 81
201.186.225.183 - - [09/Dec/2025:11:37:22 -0300] "GET /cormun/servlet/permisogoce?50b9aa0457e5053f9c8082f01163e4681a1d16e7756c037c746e017c2ae682140f485753a71066e321c8e866938717f7473f20ee5eafc562559e93fb68cb4f17,gx-no-cache=1765291077437 HTTP/1.1" 200 48
190.95.67.91 - - [09/Dec/2025:11:37:22 -0300] "POST /cormun/servlet/trpermisosadjuntos?2ad471cdbcb8c5262f5013e53bcace5f,18936113,20251209113651,P,,gx-no-cache=1765291077212 HTTP/1.1" 200 90
190.95.67.91 - - [09/Dec/2025:11:37:22 -0300] "GET /cormun/servlet/hpexe_link HTTP/1.1" 200 1007
190.95.67.91 - - [09/Dec/2025:11:37:22 -0300] "GET /cormun/servlet/trpermisosgoce?gx-no-cache=1765290009744 HTTP/1.1" 200 18282
201.186.225.183 - - [09/Dec/2025:11:37:24 -0300] "POST /cormun/servlet/permisogoce?774fc1d92680d6355c408773cfe7f6b7,UPD,18598184,P,20251127163620,,gx-no-cache=1765291078878 HTTP/1.1" 200 93
201.186.225.183 - - [09/Dec/2025:11:37:24 -0300] "GET /cormun/servlet/hpexe_return? HTTP/1.1" 200 1030
201.186.225.183 - - [09/Dec/2025:11:37:24 -0300] "GET /cormun/servlet/trpermisosgoce? HTTP/1.1" 200 8221
201.186.225.183 - - [09/Dec/2025:11:37:26 -0300] "GET /cormun/servlet/apermisogoceprn?18598184,P,20251127163620,PU HTTP/1.1" 200 1660
190.95.67.91 - - [09/Dec/2025:11:37:27 -0300] "POST /cormun/servlet/trpermisosgoce?2ad471cdbcb8c5262f5013e53bcace5f,gx-no-cache=1765290009744,gx-no-cache=1765291081502 HTTP/1.1" 200 15520
190.95.67.91 - - [09/Dec/2025:11:37:41 -0300] "GET /cormun/servlet/permisogoce?INS,0,,, HTTP/1.1" 200 7153
190.95.67.91 - - [09/Dec/2025:11:37:48 -0300] "GET /cormun/servlet/permisogoce?90df0e9cd844de3203d505cd749507e6c928c6ce974012862962ef2543c49bfc2abf069f96f47fa1f25c3ba0f3ad36fd683dd98aa4a3c805c1ab43ceaeab9891,gx-no-cache=1765291103023 HTTP/1.1" 200 81
190.95.67.91 - - [09/Dec/2025:11:38:24 -0300] "GET /cormun/servlet/permisogoce?90df0e9cd844de3203d505cd749507e6482934ef925f57fd1eb94adb86b7bbd269a719582bc4b7dfa151c9d97bcef18ac49332c055a32400b3f5f237da163064,gx-no-cache=1765291138783 HTTP/1.1" 200 47
201.186.225.183 - - [09/Dec/2025:11:38:26 -0300] "POST /cormun/servlet/trpermisosgoce?774fc1d92680d6355c408773cfe7f6b7,,gx-no-cache=1765291141606 HTTP/1.1" 200 15827
201.186.225.183 - - [09/Dec/2025:11:38:30 -0300] "GET /cormun/servlet/trpermisosadjuntos?7321702,20251204160618,P, HTTP/1.1" 200 6281
201.186.225.183 - - [09/Dec/2025:11:38:31 -0300] "GET /cormun/static/gxcfg.js?2020121641683 HTTP/1.1" 200 953
201.186.225.183 - - [09/Dec/2025:11:38:31 -0300] "GET /cormun/static/trpermisosadjuntos.js?2020121642996 HTTP/1.1" 200 20158
190.95.67.91 - - [09/Dec/2025:11:38:31 -0300] "POST /cormun/servlet/permisogoce?2ad471cdbcb8c5262f5013e53bcace5f,INS,0,,,,gx-no-cache=1765291145636 HTTP/1.1" 200 93
190.95.67.91 - - [09/Dec/2025:11:38:31 -0300] "GET /cormun/servlet/hpexe_return? HTTP/1.1" 200 1034
190.95.67.91 - - [09/Dec/2025:11:38:31 -0300] "GET /cormun/servlet/trpermisosgoce?gx-no-cache=1765290009744 HTTP/1.1" 200 18199
201.186.225.183 - - [09/Dec/2025:11:38:32 -0300] "GET /cormun/servlet/permisosadjuntos?INS,7321702,P,20251204160618,, HTTP/1.1" 200 5601
201.186.225.183 - - [09/Dec/2025:11:38:32 -0300] "GET /cormun/static/gxcfg.js?20201215134212 HTTP/1.1" 200 953
201.186.225.183 - - [09/Dec/2025:11:38:32 -0300] "GET /cormun/static/permisosadjuntos.js?20201215134285 HTTP/1.1" 200 8724
201.186.225.183 - - [09/Dec/2025:11:38:32 -0300] "GET /cormun/static/about:blank HTTP/1.1" 404 1011
181.43.215.219 - - [09/Dec/2025:11:38:32 -0300] "GET /cormun/servlet/hlogin HTTP/1.1" 200 1746
190.95.67.91 - - [09/Dec/2025:11:38:38 -0300] "GET /cormun/servlet/trpermisosadjuntos?18936113,20251209113812,P, HTTP/1.1" 200 6582
190.95.67.91 - - [09/Dec/2025:11:38:40 -0300] "GET /cormun/servlet/permisosadjuntos?INS,18936113,P,20251209113812,, HTTP/1.1" 200 5888
190.95.67.91 - - [09/Dec/2025:11:38:40 -0300] "GET /cormun/static/about:blank HTTP/1.1" 404 1011
201.186.225.183 - - [09/Dec/2025:11:38:42 -0300] "POST /cormun/servlet/permisosadjuntos?774fc1d92680d6355c408773cfe7f6b7,INS,7321702,P,20251204160618,, HTTP/1.1" 200 116
201.186.225.183 - - [09/Dec/2025:11:38:42 -0300] "GET /cormun/servlet/hpexe_return? HTTP/1.1" 200 1037
201.186.225.183 - - [09/Dec/2025:11:38:42 -0300] "GET /cormun/servlet/trpermisosadjuntos?7321702,20251204160618,P, HTTP/1.1" 200 6741
201.186.225.183 - - [09/Dec/2025:11:38:45 -0300] "GET /cormun/servlet/trpermisosgoce? HTTP/1.1" 200 18533
201.186.225.183 - - [09/Dec/2025:11:38:47 -0300] "POST /cormun/servlet/trpermisosgoce?774fc1d92680d6355c408773cfe7f6b7,,gx-no-cache=1765291162832 HTTP/1.1" 200 15929
201.186.225.183 - - [09/Dec/2025:11:38:47 -0300] "GET /cormun/static/Shared/jqueryui/images/ui-icons_82798d_256x240.png HTTP/1.1" 404 1089
201.186.225.183 - - [09/Dec/2025:11:38:47 -0300] "GET /cormun/static/Shared/jqueryui/images/ui-bg_highlight-soft_100_c6c2c8_1x100.png HTTP/1.1" 404 1117
201.186.225.183 - - [09/Dec/2025:11:38:47 -0300] "GET /cormun/static/Shared/jqueryui/images/ui-bg_flat_55_fafafa_40x100.png HTTP/1.1" 404 1097
201.186.225.183 - - [09/Dec/2025:11:38:47 -0300] "GET /cormun/static/Shared/jqueryui/images/ui-icons_8d78a5_256x240.png HTTP/1.1" 404 1089
201.186.225.183 - - [09/Dec/2025:11:38:50 -0300] "GET /cormun/servlet/trpermisosadjuntos?8259312,20251127141113,P, HTTP/1.1" 200 6281
190.95.67.91 - - [09/Dec/2025:11:38:51 -0300] "POST /cormun/servlet/permisosadjuntos?2ad471cdbcb8c5262f5013e53bcace5f,INS,18936113,P,20251209113812,, HTTP/1.1" 200 116
190.95.67.91 - - [09/Dec/2025:11:38:51 -0300] "GET /cormun/servlet/hpexe_return? HTTP/1.1" 200 1039
190.95.67.91 - - [09/Dec/2025:11:38:51 -0300] "GET /cormun/servlet/trpermisosadjuntos?18936113,20251209113812,P, HTTP/1.1" 200 7091
201.186.225.183 - - [09/Dec/2025:11:38:52 -0300] "GET /cormun/servlet/permisosadjuntos?INS,8259312,P,20251127141113,, HTTP/1.1" 200 5605
201.186.225.183 - - [09/Dec/2025:11:38:52 -0300] "GET /cormun/static/about:blank HTTP/1.1" 404 1011
190.95.67.91 - - [09/Dec/2025:11:38:58 -0300] "POST /cormun/servlet/trpermisosadjuntos?2ad471cdbcb8c5262f5013e53bcace5f,18936113,20251209113812,P,,gx-no-cache=1765291172718 HTTP/1.1" 200 90
190.95.67.91 - - [09/Dec/2025:11:38:58 -0300] "GET /cormun/servlet/hpexe_link HTTP/1.1" 200 1007
190.95.67.91 - - [09/Dec/2025:11:38:58 -0300] "GET /cormun/servlet/trpermisosgoce?gx-no-cache=1765290009744 HTTP/1.1" 200 18195
201.186.225.183 - - [09/Dec/2025:11:38:58 -0300] "POST /cormun/servlet/permisosadjuntos?774fc1d92680d6355c408773cfe7f6b7,INS,8259312,P,20251127141113,, HTTP/1.1" 200 116
201.186.225.183 - - [09/Dec/2025:11:38:58 -0300] "GET /cormun/servlet/hpexe_return? HTTP/1.1" 200 1038
201.186.225.183 - - [09/Dec/2025:11:38:58 -0300] "GET /cormun/servlet/trpermisosadjuntos?8259312,20251127141113,P, HTTP/1.1" 200 6741
201.186.225.183 - - [09/Dec/2025:11:39:00 -0300] "GET /cormun/servlet/trpermisosgoce? HTTP/1.1" 200 18551
190.95.67.91 - - [09/Dec/2025:11:39:03 -0300] "POST /cormun/servlet/trpermisosgoce?2ad471cdbcb8c5262f5013e53bcace5f,gx-no-cache=1765290009744,gx-no-cache=1765291177254 HTTP/1.1" 200 15445
201.186.225.183 - - [09/Dec/2025:11:39:03 -0300] "POST /cormun/servlet/trpermisosgoce?774fc1d92680d6355c408773cfe7f6b7,,gx-no-cache=1765291178855 HTTP/1.1" 200 15930
