190.95.67.91 - - [09/Dec/2025:15:41:45 -0300] "GET /cormun/servlet/permisogoce?20fb24a48b2e674e8c448f81d126623dbce167cb042626ecd7e74821d233e246fd4b03454551def1917517389a65522349588d514dda6c2bc8a034478283fde0,gx-no-cache=1765305740064 HTTP/1.1" 200 226
190.95.67.91 - - [09/Dec/2025:15:41:45 -0300] "GET /cormun/static/Shared/jqueryui/images/ui-bg_flat_55_994d53_40x100.png HTTP/1.1" 404 1097
190.95.67.91 - - [09/Dec/2025:15:41:45 -0300] "GET /cormun/static/Shared/jqueryui/images/ui-icons_ebccce_256x240.png HTTP/1.1" 404 1089
190.95.67.91 - - [09/Dec/2025:15:41:51 -0300] "GET /cormun/servlet/permisogoce?20fb24a48b2e674e8c448f81d126623d6ed725ab424c8dfbbbbe071e62619947fd4b03454551def1917517389a65522349588d514dda6c2bc8a034478283fde0,gx-no-cache=1765305746958 HTTP/1.1" 200 90
190.95.67.91 - - [09/Dec/2025:15:41:59 -0300] "GET /cormun/servlet/permisogoce?20fb24a48b2e674e8c448f81d126623d134330267df04d882cb10b3fc0795c6d3f83405380f0994b8efe11e2ba4fa4ca1e8f2b48f9011aa5a04652abf9ac7b26,gx-no-cache=1765305754366 HTTP/1.1" 200 48
190.95.67.91 - - [09/Dec/2025:15:42:02 -0300] "POST /cormun/servlet/permisogoce?126feefd495d41ea4003499ffadb49df,INS,0,,,,gx-no-cache=1765305757588 HTTP/1.1" 200 93
190.95.67.91 - - [09/Dec/2025:15:42:02 -0300] "GET /cormun/servlet/hpexe_return? HTTP/1.1" 200 1036
190.95.67.91 - - [09/Dec/2025:15:42:03 -0300] "GET /cormun/servlet/trpermisosgoce?gx-no-cache=1765305619549 HTTP/1.1" 200 17850
201.186.225.193 - - [09/Dec/2025:15:42:20 -0300] "POST /cormun/servlet/trlicencias?b71caf05d0ced6367d23748a3cc1a7a0,,gx-no-cache=1765305774294 HTTP/1.1" 200 4469
190.95.67.91 - - [09/Dec/2025:15:42:32 -0300] "GET /cormun/servlet/trpermisosadjuntos?19020693,20251209154209,P, HTTP/1.1" 200 6591
190.95.67.91 - - [09/Dec/2025:15:42:34 -0300] "GET /cormun/servlet/permisosadjuntos?INS,19020693,P,20251209154209,, HTTP/1.1" 200 5895
190.95.67.91 - - [09/Dec/2025:15:42:34 -0300] "GET /cormun/static/about:blank HTTP/1.1" 404 1011
190.95.67.91 - - [09/Dec/2025:15:42:42 -0300] "POST /cormun/servlet/permisosadjuntos?126feefd495d41ea4003499ffadb49df,INS,19020693,P,20251209154209,, HTTP/1.1" 200 116
190.95.67.91 - - [09/Dec/2025:15:42:42 -0300] "GET /cormun/servlet/hpexe_return? HTTP/1.1" 200 1042
190.95.67.91 - - [09/Dec/2025:15:42:42 -0300] "GET /cormun/servlet/trpermisosadjuntos?19020693,20251209154209,P, HTTP/1.1" 200 7092
190.95.67.91 - - [09/Dec/2025:15:42:44 -0300] "POST /cormun/servlet/trpermisosadjuntos?126feefd495d41ea4003499ffadb49df,19020693,20251209154209,P,,gx-no-cache=1765305799453 HTTP/1.1" 200 90
190.95.67.91 - - [09/Dec/2025:15:42:44 -0300] "GET /cormun/servlet/hpexe_link HTTP/1.1" 200 1009
190.95.67.91 - - [09/Dec/2025:15:42:44 -0300] "GET /cormun/servlet/trpermisosgoce?gx-no-cache=1765305619549 HTTP/1.1" 200 17972
190.95.67.91 - - [09/Dec/2025:15:42:48 -0300] "POST /cormun/servlet/trpermisosgoce?126feefd495d41ea4003499ffadb49df,gx-no-cache=1765305619549,gx-no-cache=1765305802839 HTTP/1.1" 200 15126
201.186.225.193 - - [09/Dec/2025:15:42:57 -0300] "POST /cormun/servlet/trlicencias?b71caf05d0ced6367d23748a3cc1a7a0,,gx-no-cache=1765305811542 HTTP/1.1" 200 4467
190.95.67.91 - - [09/Dec/2025:15:43:01 -0300] "GET /cormun/servlet/permisogoce?INS,0,,, HTTP/1.1" 200 7156
179.57.78.55 - - [09/Dec/2025:15:43:03 -0300] "GET /cormun/servlet/trpermisosgoce? HTTP/1.1" 200 18731
179.57.78.55 - - [09/Dec/2025:15:43:07 -0300] "GET /cormun/servlet/trlicencias? HTTP/1.1" 200 10712
190.95.67.91 - - [09/Dec/2025:15:43:09 -0300] "GET /cormun/servlet/permisogoce?20fb24a48b2e674e8c448f81d126623d6ed725ab424c8dfbbbbe071e62619947fd4b03454551def1917517389a65522349588d514dda6c2bc8a034478283fde0,gx-no-cache=1765305824223 HTTP/1.1" 200 87
190.95.67.91 - - [09/Dec/2025:15:43:16 -0300] "GET /cormun/servlet/permisogoce?20fb24a48b2e674e8c448f81d126623d134330267df04d882cb10b3fc0795c6dc915b434ce4b370ab889fd5bd99d909543e37fe43d03f5c7cf8dbf53aac917b0,gx-no-cache=1765305831679 HTTP/1.1" 200 48
190.95.67.91 - - [09/Dec/2025:15:43:20 -0300] "POST /cormun/servlet/permisogoce?126feefd495d41ea4003499ffadb49df,INS,0,,,,gx-no-cache=1765305834884 HTTP/1.1" 200 93
190.95.67.91 - - [09/Dec/2025:15:43:20 -0300] "GET /cormun/servlet/hpexe_return? HTTP/1.1" 200 1036
190.95.67.91 - - [09/Dec/2025:15:43:20 -0300] "GET /cormun/servlet/trpermisosgoce?gx-no-cache=1765305619549 HTTP/1.1" 200 17788
201.186.225.193 - - [09/Dec/2025:15:43:26 -0300] "POST /cormun/servlet/trlicencias?b71caf05d0ced6367d23748a3cc1a7a0,,gx-no-cache=1765305840677 HTTP/1.1" 200 4461
190.95.67.91 - - [09/Dec/2025:15:43:27 -0300] "GET /cormun/servlet/trpermisosadjuntos?19020693,20251209154333,P, HTTP/1.1" 200 6592
201.186.225.193 - - [09/Dec/2025:15:43:28 -0300] "POST /cormun/servlet/trlicencias?b71caf05d0ced6367d23748a3cc1a7a0,,gx-no-cache=1765305842342 HTTP/1.1" 200 4462
190.95.67.91 - - [09/Dec/2025:15:43:34 -0300] "GET /cormun/servlet/permisosadjuntos?INS,19020693,P,20251209154333,, HTTP/1.1" 200 5895
190.95.67.91 - - [09/Dec/2025:15:43:34 -0300] "GET /cormun/static/about:blank HTTP/1.1" 404 1011
190.95.67.91 - - [09/Dec/2025:15:43:44 -0300] "POST /cormun/servlet/permisosadjuntos?126feefd495d41ea4003499ffadb49df,INS,19020693,P,20251209154333,, HTTP/1.1" 200 116
190.95.67.91 - - [09/Dec/2025:15:43:44 -0300] "GET /cormun/servlet/hpexe_return? HTTP/1.1" 200 1042
190.95.67.91 - - [09/Dec/2025:15:43:44 -0300] "GET /cormun/servlet/trpermisosadjuntos?19020693,20251209154333,P, HTTP/1.1" 200 7093
190.95.67.91 - - [09/Dec/2025:15:43:58 -0300] "POST /cormun/servlet/trpermisosadjuntos?126feefd495d41ea4003499ffadb49df,19020693,20251209154333,P,,gx-no-cache=1765305873740 HTTP/1.1" 200 90
190.95.67.91 - - [09/Dec/2025:15:43:58 -0300] "GET /cormun/servlet/hpexe_link HTTP/1.1" 200 1009
190.95.67.91 - - [09/Dec/2025:15:43:58 -0300] "GET /cormun/servlet/trpermisosgoce?gx-no-cache=1765305619549 HTTP/1.1" 200 17892
190.95.67.91 - - [09/Dec/2025:15:44:01 -0300] "GET /cormun/servlet/trpermisosadjuntos?19020693,20251209154333,P, HTTP/1.1" 200 7109
190.95.67.91 - - [09/Dec/2025:15:44:03 -0300] "POST /cormun/servlet/trpermisosadjuntos?126feefd495d41ea4003499ffadb49df,19020693,20251209154333,P,,gx-no-cache=1765305878693 HTTP/1.1" 200 90
190.95.67.91 - - [09/Dec/2025:15:44:03 -0300] "GET /cormun/servlet/hpexe_link HTTP/1.1" 200 1009
190.95.67.91 - - [09/Dec/2025:15:44:03 -0300] "GET /cormun/servlet/trpermisosgoce?gx-no-cache=1765305619549 HTTP/1.1" 200 17785
190.95.67.91 - - [09/Dec/2025:15:44:08 -0300] "POST /cormun/servlet/trpermisosgoce?126feefd495d41ea4003499ffadb49df,gx-no-cache=1765305619549,gx-no-cache=1765305883055 HTTP/1.1" 200 15053
201.186.225.193 - - [09/Dec/2025:15:44:12 -0300] "POST /cormun/servlet/trlicencias?b71caf05d0ced6367d23748a3cc1a7a0,,gx-no-cache=1765305886878 HTTP/1.1" 200 4467
190.95.67.91 - - [09/Dec/2025:15:44:18 -0300] "GET /cormun/servlet/permisogoce?INS,0,,, HTTP/1.1" 200 7156
190.95.67.91 - - [09/Dec/2025:15:44:24 -0300] "GET /cormun/servlet/permisogoce?20fb24a48b2e674e8c448f81d126623d6ed725ab424c8dfbbbbe071e62619947fd4b03454551def1917517389a65522349588d514dda6c2bc8a034478283fde0,gx-no-cache=1765305899597 HTTP/1.1" 200 88
201.186.225.193 - - [09/Dec/2025:15:44:31 -0300] "POST /cormun/servlet/trlicencias?b71caf05d0ced6367d23748a3cc1a7a0,,gx-no-cache=1765305905725 HTTP/1.1" 200 4573
201.186.225.193 - - [09/Dec/2025:15:44:33 -0300] "POST /cormun/servlet/trlicencias?b71caf05d0ced6367d23748a3cc1a7a0,,gx-no-cache=1765305907430 HTTP/1.1" 200 4573
201.186.225.193 - - [09/Dec/2025:15:44:34 -0300] "POST /cormun/servlet/trlicencias?b71caf05d0ced6367d23748a3cc1a7a0,,gx-no-cache=1765305909045 HTTP/1.1" 200 5998
190.95.67.91 - - [09/Dec/2025:15:44:35 -0300] "GET /cormun/servlet/permisogoce?20fb24a48b2e674e8c448f81d126623d134330267df04d882cb10b3fc0795c6dd3f6da4c85c1bc9277f470f0d4a983251e8f2b48f9011aa5a04652abf9ac7b26,gx-no-cache=1765305910430 HTTP/1.1" 200 48
190.95.67.91 - - [09/Dec/2025:15:44:43 -0300] "POST /cormun/servlet/permisogoce?126feefd495d41ea4003499ffadb49df,INS,0,,,,gx-no-cache=1765305917748 HTTP/1.1" 200 93
190.95.67.91 - - [09/Dec/2025:15:44:43 -0300] "GET /cormun/servlet/hpexe_return? HTTP/1.1" 200 1036
190.95.67.91 - - [09/Dec/2025:15:44:43 -0300] "GET /cormun/servlet/trpermisosgoce?gx-no-cache=1765305619549 HTTP/1.1" 200 17801
190.95.67.91 - - [09/Dec/2025:15:45:11 -0300] "GET /cormun/servlet/trpermisosadjuntos?19020693,20251209154451,P, HTTP/1.1" 200 6592
190.95.67.91 - - [09/Dec/2025:15:45:15 -0300] "GET /cormun/servlet/permisosadjuntos?INS,19020693,P,20251209154451,, HTTP/1.1" 200 5894
190.95.67.91 - - [09/Dec/2025:15:45:15 -0300] "GET /cormun/static/about:blank HTTP/1.1" 404 1011
201.186.225.193 - - [09/Dec/2025:15:45:16 -0300] "POST /cormun/servlet/trlicencias?b71caf05d0ced6367d23748a3cc1a7a0,,gx-no-cache=1765305950573 HTTP/1.1" 200 4465
201.186.225.193 - - [09/Dec/2025:15:45:18 -0300] "POST /cormun/servlet/trlicencias?b71caf05d0ced6367d23748a3cc1a7a0,,gx-no-cache=1765305952390 HTTP/1.1" 200 4465
201.186.225.193 - - [09/Dec/2025:15:45:20 -0300] "POST /cormun/servlet/trlicencias?b71caf05d0ced6367d23748a3cc1a7a0,,gx-no-cache=1765305954565 HTTP/1.1" 200 4462
201.186.225.193 - - [09/Dec/2025:15:45:21 -0300] "POST /cormun/servlet/trlicencias?b71caf05d0ced6367d23748a3cc1a7a0,,gx-no-cache=1765305955245 HTTP/1.1" 200 4462
190.95.67.91 - - [09/Dec/2025:15:45:22 -0300] "POST /cormun/servlet/permisosadjuntos?126feefd495d41ea4003499ffadb49df,INS,19020693,P,20251209154451,, HTTP/1.1" 200 116
190.95.67.91 - - [09/Dec/2025:15:45:23 -0300] "GET /cormun/servlet/hpexe_return? HTTP/1.1" 200 1043
190.95.67.91 - - [09/Dec/2025:15:45:23 -0300] "GET /cormun/servlet/trpermisosadjuntos?19020693,20251209154451,P, HTTP/1.1" 200 7093
201.186.225.193 - - [09/Dec/2025:15:45:24 -0300] "POST /cormun/servlet/trlicencias?b71caf05d0ced6367d23748a3cc1a7a0,,gx-no-cache=1765305958781 HTTP/1.1" 200 4462
190.95.67.91 - - [09/Dec/2025:15:45:25 -0300] "POST /cormun/servlet/trpermisosadjuntos?126feefd495d41ea4003499ffadb49df,19020693,20251209154451,P,,gx-no-cache=1765305960660 HTTP/1.1" 200 90
190.95.67.91 - - [09/Dec/2025:15:45:25 -0300] "GET /cormun/servlet/hpexe_link HTTP/1.1" 200 1009
190.95.67.91 - - [09/Dec/2025:15:45:25 -0300] "GET /cormun/servlet/trpermisosgoce?gx-no-cache=1765305619549 HTTP/1.1" 200 17725
190.95.67.91 - - [09/Dec/2025:15:45:32 -0300] "GET /cormun/servlet/trpermisosadjuntos?19020693,20251209154451,P, HTTP/1.1" 200 7111
190.95.67.91 - - [09/Dec/2025:15:45:34 -0300] "POST /cormun/servlet/trpermisosadjuntos?126feefd495d41ea4003499ffadb49df,19020693,20251209154451,P,,gx-no-cache=1765305969540 HTTP/1.1" 200 90
190.95.67.91 - - [09/Dec/2025:15:45:34 -0300] "GET /cormun/servlet/hpexe_link HTTP/1.1" 200 1009
190.95.67.91 - - [09/Dec/2025:15:45:34 -0300] "GET /cormun/servlet/trpermisosgoce?gx-no-cache=1765305619549 HTTP/1.1" 200 17798
190.95.67.91 - - [09/Dec/2025:15:45:37 -0300] "POST /cormun/servlet/trpermisosgoce?126feefd495d41ea4003499ffadb49df,gx-no-cache=1765305619549,gx-no-cache=1765305971918 HTTP/1.1" 200 14986
181.162.177.232 - - [09/Dec/2025:15:45:41 -0300] "GET /cormun/servlet/hlogin HTTP/1.1" 200 1722
181.162.177.232 - - [09/Dec/2025:15:45:41 -0300] "GET /cormun/static/gxtimezone.js?85251 HTTP/1.1" 200 5781
181.162.177.232 - - [09/Dec/2025:15:45:41 -0300] "GET /cormun/static/gxcfg.js?2022112219184450 HTTP/1.1" 200 953
181.162.177.232 - - [09/Dec/2025:15:45:41 -0300] "GET /cormun/static/hlogin.js?2022112219184458 HTTP/1.1" 200 2156
181.162.177.232 - - [09/Dec/2025:15:45:41 -0300] "GET /cormun/static/messages.spa.js?85251 HTTP/1.1" 200 30736
181.162.177.232 - - [09/Dec/2025:15:45:41 -0300] "GET /cormun/static/Resources/Spanish/PXTools.css?1759030 HTTP/1.1" 200 100853
181.162.177.232 - - [09/Dec/2025:15:45:41 -0300] "GET /cormun/static/gxgral.js?85251 HTTP/1.1" 200 384558
181.162.177.232 - - [09/Dec/2025:15:45:41 -0300] "GET /cormun/static/Resources/CormunLogin.png HTTP/1.1" 200 19132
181.162.177.232 - - [09/Dec/2025:15:45:42 -0300] "GET /cormun/static/Resources/PXToolsLoginTop.png HTTP/1.1" 200 1337
181.162.177.232 - - [09/Dec/2025:15:45:42 -0300] "GET /cormun/static/Resources/PXToolsLoginBackground.png HTTP/1.1" 200 1164
181.162.177.232 - - [09/Dec/2025:15:45:42 -0300] "GET /cormun/static/Resources/PXToolsButtonLeft.png HTTP/1.1" 200 1310
181.162.177.232 - - [09/Dec/2025:15:45:42 -0300] "GET /cormun/static/Resources/PXToolsButtonRight.png HTTP/1.1" 200 1294
181.162.177.232 - - [09/Dec/2025:15:45:42 -0300] "GET /cormun/static/Resources/PXToolsButtonBackground.png HTTP/1.1" 200 1176
181.162.177.232 - - [09/Dec/2025:15:45:42 -0300] "GET /cormun/static/Resources/PXToolsLoginBottom.png HTTP/1.1" 200 1389
181.162.177.232 - - [09/Dec/2025:15:45:42 -0300] "GET /cormun/static/Resources/indicator.gif HTTP/1.1" 200 1553
181.162.177.232 - - [09/Dec/2025:15:45:42 -0300] "GET /cormun/servlet/hlogin HTTP/1.1" 200 1733
190.95.67.91 - - [09/Dec/2025:15:45:46 -0300] "GET /cormun/servlet/permisogoce?INS,0,,, HTTP/1.1" 200 7158
190.95.67.91 - - [09/Dec/2025:15:45:52 -0300] "GET /cormun/servlet/permisogoce?20fb24a48b2e674e8c448f81d126623d69e13a11ac95b9463f5c1aeed1d663d971e01ef128bc7958d3bdb14541d6df06c1e554ce0bb26f7c4f0a80d170f76b99,gx-no-cache=1765305987007 HTTP/1.1" 200 82
190.95.67.91 - - [09/Dec/2025:15:45:58 -0300] "GET /cormun/servlet/permisogoce?20fb24a48b2e674e8c448f81d126623d6efeed26d2c7ec6bb1014b7a774f5d59fda49323943f7a631aecc32067c363fe2b4345153dd937572aac10752ee7408a,gx-no-cache=1765305993044 HTTP/1.1" 200 48
190.95.67.91 - - [09/Dec/2025:15:46:00 -0300] "POST /cormun/servlet/permisogoce?126feefd495d41ea4003499ffadb49df,INS,0,,,,gx-no-cache=1765305995604 HTTP/1.1" 200 93
190.95.67.91 - - [09/Dec/2025:15:46:00 -0300] "GET /cormun/servlet/hpexe_return? HTTP/1.1" 200 1036
190.95.67.91 - - [09/Dec/2025:15:46:01 -0300] "GET /cormun/servlet/trpermisosgoce?gx-no-cache=1765305619549 HTTP/1.1" 200 17724
190.95.67.91 - - [09/Dec/2025:15:46:07 -0300] "GET /cormun/servlet/trpermisosadjuntos?8309529,20251209154618,P, HTTP/1.1" 200 6586
190.95.67.91 - - [09/Dec/2025:15:46:09 -0300] "GET /cormun/servlet/permisosadjuntos?INS,8309529,P,20251209154618,, HTTP/1.1" 200 5887
190.95.67.91 - - [09/Dec/2025:15:46:10 -0300] "GET /cormun/static/about:blank HTTP/1.1" 404 1011
190.95.67.91 - - [09/Dec/2025:15:46:16 -0300] "POST /cormun/servlet/permisosadjuntos?126feefd495d41ea4003499ffadb49df,INS,8309529,P,20251209154618,, HTTP/1.1" 200 116
190.95.67.91 - - [09/Dec/2025:15:46:16 -0300] "GET /cormun/servlet/hpexe_return? HTTP/1.1" 200 1040
190.95.67.91 - - [09/Dec/2025:15:46:16 -0300] "GET /cormun/servlet/trpermisosadjuntos?8309529,20251209154618,P, HTTP/1.1" 200 7105
190.95.67.91 - - [09/Dec/2025:15:46:19 -0300] "POST /cormun/servlet/trpermisosadjuntos?126feefd495d41ea4003499ffadb49df,8309529,20251209154618,P,,gx-no-cache=1765306014068 HTTP/1.1" 200 90
190.95.67.91 - - [09/Dec/2025:15:46:19 -0300] "GET /cormun/servlet/hpexe_link HTTP/1.1" 200 1008
190.95.67.91 - - [09/Dec/2025:15:46:19 -0300] "GET /cormun/servlet/trpermisosgoce?gx-no-cache=1765305619549 HTTP/1.1" 200 17781
190.95.67.91 - - [09/Dec/2025:15:46:21 -0300] "POST /cormun/servlet/trpermisosgoce?126feefd495d41ea4003499ffadb49df,gx-no-cache=1765305619549,gx-no-cache=1765306016079 HTTP/1.1" 200 15049
190.95.67.91 - - [09/Dec/2025:15:46:30 -0300] "GET /cormun/servlet/permisogoce?INS,0,,, HTTP/1.1" 200 7157
190.95.67.91 - - [09/Dec/2025:15:46:36 -0300] "GET /cormun/servlet/permisogoce?20fb24a48b2e674e8c448f81d126623de6d3e68250ee61f044aac78e34d90d98fd4b03454551def1917517389a65522349588d514dda6c2bc8a034478283fde0,gx-no-cache=1765306031806 HTTP/1.1" 200 76
181.162.177.232 - - [09/Dec/2025:15:46:40 -0300] "POST /cormun/servlet/hlogin?2fb8ea6c54477f2e74f54e2620de9c41,gx-no-cache=1765306033943 HTTP/1.1" 200 449
190.95.67.91 - - [09/Dec/2025:15:46:43 -0300] "GET /cormun/servlet/permisogoce?20fb24a48b2e674e8c448f81d126623dc3f951d09c5a12a7910cc77f958f6394e3cb0b49ccb034de17ee1bdfe4bb18e61e8f2b48f9011aa5a04652abf9ac7b26,gx-no-cache=1765306039006 HTTP/1.1" 200 47
201.186.225.193 - - [09/Dec/2025:15:46:49 -0300] "POST /cormun/servlet/trlicencias?b71caf05d0ced6367d23748a3cc1a7a0,,gx-no-cache=1765306043790 HTTP/1.1" 200 4465
201.186.225.193 - - [09/Dec/2025:15:46:51 -0300] "POST /cormun/servlet/trlicencias?b71caf05d0ced6367d23748a3cc1a7a0,,gx-no-cache=1765306045357 HTTP/1.1" 200 4465
190.95.67.91 - - [09/Dec/2025:15:46:53 -0300] "POST /cormun/servlet/permisogoce?126feefd495d41ea4003499ffadb49df,INS,0,,,,gx-no-cache=1765306048139 HTTP/1.1" 200 93
190.95.67.91 - - [09/Dec/2025:15:46:53 -0300] "GET /cormun/servlet/hpexe_return? HTTP/1.1" 200 1036
190.95.67.91 - - [09/Dec/2025:15:46:53 -0300] "GET /cormun/servlet/trpermisosgoce?gx-no-cache=1765305619549 HTTP/1.1" 200 17737
190.95.67.91 - - [09/Dec/2025:15:47:03 -0300] "GET /cormun/servlet/trpermisosadjuntos?19083729,20251209154702,P, HTTP/1.1" 200 6579
190.95.67.91 - - [09/Dec/2025:15:47:05 -0300] "GET /cormun/servlet/permisosadjuntos?INS,19083729,P,20251209154702,, HTTP/1.1" 200 5881
190.95.67.91 - - [09/Dec/2025:15:47:05 -0300] "GET /cormun/static/about:blank HTTP/1.1" 404 1011
201.186.225.193 - - [09/Dec/2025:15:47:11 -0300] "POST /cormun/servlet/trlicencias?b71caf05d0ced6367d23748a3cc1a7a0,,gx-no-cache=1765306065261 HTTP/1.1" 200 4463
201.186.225.193 - - [09/Dec/2025:15:47:11 -0300] "POST /cormun/servlet/trlicencias?b71caf05d0ced6367d23748a3cc1a7a0,,gx-no-cache=1765306066061 HTTP/1.1" 200 4462
190.95.67.91 - - [09/Dec/2025:15:47:16 -0300] "POST /cormun/servlet/permisosadjuntos?126feefd495d41ea4003499ffadb49df,INS,19083729,P,20251209154702,, HTTP/1.1" 200 116
190.95.67.91 - - [09/Dec/2025:15:47:16 -0300] "GET /cormun/servlet/hpexe_return? HTTP/1.1" 200 1043
190.95.67.91 - - [09/Dec/2025:15:47:16 -0300] "GET /cormun/servlet/trpermisosadjuntos?19083729,20251209154702,P, HTTP/1.1" 200 7076
190.95.67.91 - - [09/Dec/2025:15:47:18 -0300] "POST /cormun/servlet/trpermisosadjuntos?126feefd495d41ea4003499ffadb49df,19083729,20251209154702,P,,gx-no-cache=1765306073356 HTTP/1.1" 200 90
190.95.67.91 - - [09/Dec/2025:15:47:18 -0300] "GET /cormun/servlet/hpexe_link HTTP/1.1" 200 1010
190.95.67.91 - - [09/Dec/2025:15:47:18 -0300] "GET /cormun/servlet/trpermisosgoce?gx-no-cache=1765305619549 HTTP/1.1" 200 17734
190.95.67.91 - - [09/Dec/2025:15:47:23 -0300] "GET /cormun/servlet/trpermisosadjuntos?19083729,20251209154702,P, HTTP/1.1" 200 7094
190.95.67.91 - - [09/Dec/2025:15:47:30 -0300] "POST /cormun/servlet/trpermisosadjuntos?126feefd495d41ea4003499ffadb49df,19083729,20251209154702,P,,gx-no-cache=1765306085883 HTTP/1.1" 200 90
190.95.67.91 - - [09/Dec/2025:15:47:30 -0300] "GET /cormun/servlet/hpexe_link HTTP/1.1" 200 1010
190.95.67.91 - - [09/Dec/2025:15:47:31 -0300] "GET /cormun/servlet/trpermisosgoce?gx-no-cache=1765305619549 HTTP/1.1" 200 17734
190.95.67.91 - - [09/Dec/2025:15:47:36 -0300] "POST /cormun/servlet/trpermisosgoce?126feefd495d41ea4003499ffadb49df,gx-no-cache=1765305619549,gx-no-cache=1765306091062 HTTP/1.1" 200 15011
201.186.225.193 - - [09/Dec/2025:15:47:41 -0300] "POST /cormun/servlet/trlicencias?b71caf05d0ced6367d23748a3cc1a7a0,,gx-no-cache=1765306095853 HTTP/1.1" 200 4459
201.186.225.193 - - [09/Dec/2025:15:47:44 -0300] "POST /cormun/servlet/trlicencias?b71caf05d0ced6367d23748a3cc1a7a0,,gx-no-cache=1765306098093 HTTP/1.1" 200 4462
201.186.225.193 - - [09/Dec/2025:15:47:45 -0300] "POST /cormun/servlet/trlicencias?b71caf05d0ced6367d23748a3cc1a7a0,,gx-no-cache=1765306099245 HTTP/1.1" 200 4459
190.95.67.91 - - [09/Dec/2025:15:47:47 -0300] "GET /cormun/servlet/permisogoce?INS,0,,, HTTP/1.1" 200 7156
190.95.67.91 - - [09/Dec/2025:15:47:54 -0300] "GET /cormun/servlet/permisogoce?20fb24a48b2e674e8c448f81d126623de6d3e68250ee61f044aac78e34d90d98fd4b03454551def1917517389a65522349588d514dda6c2bc8a034478283fde0,gx-no-cache=1765306109283 HTTP/1.1" 200 74
190.95.67.91 - - [09/Dec/2025:15:48:01 -0300] "GET /cormun/servlet/permisogoce?20fb24a48b2e674e8c448f81d126623dc3f951d09c5a12a7910cc77f958f639486da02c61de06391b7b1777715a03c871e8f2b48f9011aa5a04652abf9ac7b26,gx-no-cache=1765306116557 HTTP/1.1" 200 48
190.95.67.91 - - [09/Dec/2025:15:48:07 -0300] "POST /cormun/servlet/permisogoce?126feefd495d41ea4003499ffadb49df,INS,0,,,,gx-no-cache=1765306122516 HTTP/1.1" 200 93
190.95.67.91 - - [09/Dec/2025:15:48:07 -0300] "GET /cormun/servlet/hpexe_return? HTTP/1.1" 200 1036
190.95.67.91 - - [09/Dec/2025:15:48:08 -0300] "GET /cormun/servlet/trpermisosgoce?gx-no-cache=1765305619549 HTTP/1.1" 200 17749
201.186.225.193 - - [09/Dec/2025:15:48:11 -0300] "POST /cormun/servlet/trlicencias?b71caf05d0ced6367d23748a3cc1a7a0,,gx-no-cache=1765306125917 HTTP/1.1" 200 4462
201.186.225.193 - - [09/Dec/2025:15:48:12 -0300] "POST /cormun/servlet/trlicencias?b71caf05d0ced6367d23748a3cc1a7a0,,gx-no-cache=1765306126861 HTTP/1.1" 200 4462
190.95.67.91 - - [09/Dec/2025:15:48:14 -0300] "GET /cormun/servlet/trpermisosadjuntos?19083729,20251209154820,P, HTTP/1.1" 200 6579
190.95.67.91 - - [09/Dec/2025:15:48:16 -0300] "GET /cormun/servlet/permisosadjuntos?INS,19083729,P,20251209154820,, HTTP/1.1" 200 5882
201.186.225.193 - - [09/Dec/2025:15:48:16 -0300] "POST /cormun/servlet/trlicencias?b71caf05d0ced6367d23748a3cc1a7a0,,gx-no-cache=1765306130300 HTTP/1.1" 200 4464
190.95.67.91 - - [09/Dec/2025:15:48:16 -0300] "GET /cormun/static/about:blank HTTP/1.1" 404 1011
201.186.225.193 - - [09/Dec/2025:15:48:17 -0300] "POST /cormun/servlet/trlicencias?b71caf05d0ced6367d23748a3cc1a7a0,,gx-no-cache=1765306132045 HTTP/1.1" 200 4462
201.186.225.193 - - [09/Dec/2025:15:48:18 -0300] "POST /cormun/servlet/trlicencias?b71caf05d0ced6367d23748a3cc1a7a0,,gx-no-cache=1765306132781 HTTP/1.1" 200 4462
190.95.67.91 - - [09/Dec/2025:15:48:31 -0300] "POST /cormun/servlet/permisosadjuntos?126feefd495d41ea4003499ffadb49df,INS,19083729,P,20251209154820,, HTTP/1.1" 200 116
190.95.67.91 - - [09/Dec/2025:15:48:31 -0300] "GET /cormun/servlet/hpexe_return? HTTP/1.1" 200 1043
190.95.67.91 - - [09/Dec/2025:15:48:31 -0300] "GET /cormun/servlet/trpermisosadjuntos?19083729,20251209154820,P, HTTP/1.1" 200 7077
201.186.225.193 - - [09/Dec/2025:15:48:32 -0300] "POST /cormun/servlet/trlicencias?b71caf05d0ced6367d23748a3cc1a7a0,,gx-no-cache=1765306146493 HTTP/1.1" 200 4564
201.186.225.193 - - [09/Dec/2025:15:48:33 -0300] "POST /cormun/servlet/trlicencias?b71caf05d0ced6367d23748a3cc1a7a0,,gx-no-cache=1765306147285 HTTP/1.1" 200 4562
190.95.67.91 - - [09/Dec/2025:15:48:33 -0300] "POST /cormun/servlet/trpermisosadjuntos?126feefd495d41ea4003499ffadb49df,19083729,20251209154820,P,,gx-no-cache=1765306148692 HTTP/1.1" 200 90
190.95.67.91 - - [09/Dec/2025:15:48:33 -0300] "GET /cormun/servlet/hpexe_link HTTP/1.1" 200 1010
190.95.67.91 - - [09/Dec/2025:15:48:33 -0300] "GET /cormun/servlet/trpermisosgoce?gx-no-cache=1765305619549 HTTP/1.1" 200 17758
190.95.67.91 - - [09/Dec/2025:15:48:37 -0300] "POST /cormun/servlet/trpermisosgoce?126feefd495d41ea4003499ffadb49df,gx-no-cache=1765305619549,gx-no-cache=1765306152775 HTTP/1.1" 200 15019
201.186.225.193 - - [09/Dec/2025:15:48:39 -0300] "POST /cormun/servlet/trlicencias?b71caf05d0ced6367d23748a3cc1a7a0,,gx-no-cache=1765306153708 HTTP/1.1" 200 8451
190.95.67.91 - - [09/Dec/2025:15:48:40 -0300] "GET /cormun/servlet/permisogoce?INS,0,,, HTTP/1.1" 200 7157
190.95.67.91 - - [09/Dec/2025:15:48:47 -0300] "GET /cormun/servlet/permisogoce?20fb24a48b2e674e8c448f81d126623d49bb0e42b792e0403ff67886f6ae250ffd4b03454551def1917517389a65522349588d514dda6c2bc8a034478283fde0,gx-no-cache=1765306162607 HTTP/1.1" 200 84
181.162.177.232 - - [09/Dec/2025:15:48:54 -0300] "GET /cormun/servlet/hlogin HTTP/1.1" 200 1717
190.95.67.91 - - [09/Dec/2025:15:48:54 -0300] "GET /cormun/servlet/permisogoce?20fb24a48b2e674e8c448f81d126623d812b5170e9b0d44280263acbc60199594759ba2ffa9c7202e1ecb9289ff4e3241e8f2b48f9011aa5a04652abf9ac7b26,gx-no-cache=1765306169844 HTTP/1.1" 200 48
190.95.67.91 - - [09/Dec/2025:15:48:57 -0300] "POST /cormun/servlet/permisogoce?126feefd495d41ea4003499ffadb49df,INS,0,,,,gx-no-cache=1765306172043 HTTP/1.1" 200 93
190.95.67.91 - - [09/Dec/2025:15:48:57 -0300] "GET /cormun/servlet/hpexe_return? HTTP/1.1" 200 1036
190.95.67.91 - - [09/Dec/2025:15:48:57 -0300] "GET /cormun/servlet/trpermisosgoce?gx-no-cache=1765305619549 HTTP/1.1" 200 17780
190.95.67.91 - - [09/Dec/2025:15:49:02 -0300] "GET /cormun/servlet/trpermisosadjuntos?18039144,20251209154912,P, HTTP/1.1" 200 6588
190.95.67.91 - - [09/Dec/2025:15:49:04 -0300] "GET /cormun/servlet/permisosadjuntos?INS,18039144,P,20251209154912,, HTTP/1.1" 200 5894
190.95.67.91 - - [09/Dec/2025:15:49:04 -0300] "GET /cormun/static/about:blank HTTP/1.1" 404 1011
190.95.67.91 - - [09/Dec/2025:15:49:13 -0300] "POST /cormun/servlet/permisosadjuntos?126feefd495d41ea4003499ffadb49df,INS,18039144,P,20251209154912,, HTTP/1.1" 200 116
190.95.67.91 - - [09/Dec/2025:15:49:13 -0300] "GET /cormun/servlet/hpexe_return? HTTP/1.1" 200 1042
190.95.67.91 - - [09/Dec/2025:15:49:13 -0300] "GET /cormun/servlet/trpermisosadjuntos?18039144,20251209154912,P, HTTP/1.1" 200 7094
190.95.67.91 - - [09/Dec/2025:15:49:22 -0300] "POST /cormun/servlet/trpermisosadjuntos?126feefd495d41ea4003499ffadb49df,18039144,20251209154912,P,,gx-no-cache=1765306197532 HTTP/1.1" 200 90
190.95.67.91 - - [09/Dec/2025:15:49:22 -0300] "GET /cormun/servlet/hpexe_link HTTP/1.1" 200 1009
190.95.67.91 - - [09/Dec/2025:15:49:22 -0300] "GET /cormun/servlet/trpermisosgoce?gx-no-cache=1765305619549 HTTP/1.1" 200 17777
181.162.177.232 - - [09/Dec/2025:15:49:23 -0300] "POST /cormun/servlet/hlogin?a66f22de545103ee8e490882cb2f8f95,gx-no-cache=1765306196751 HTTP/1.1" 200 427
190.95.67.91 - - [09/Dec/2025:15:49:28 -0300] "POST /cormun/servlet/trpermisosgoce?126feefd495d41ea4003499ffadb49df,gx-no-cache=1765305619549,gx-no-cache=1765306203398 HTTP/1.1" 200 15048
190.95.67.91 - - [09/Dec/2025:15:49:39 -0300] "GET /cormun/servlet/permisogoce?INS,0,,, HTTP/1.1" 200 7156
181.162.177.232 - - [09/Dec/2025:15:49:40 -0300] "POST /cormun/servlet/hlogin?a66f22de545103ee8e490882cb2f8f95,gx-no-cache=1765306214230 HTTP/1.1" 200 427
190.95.67.91 - - [09/Dec/2025:15:49:48 -0300] "GET /cormun/servlet/permisogoce?20fb24a48b2e674e8c448f81d126623dc906350074ddd8f30b5ef2deffcc4e67fd4b03454551def1917517389a65522349588d514dda6c2bc8a034478283fde0,gx-no-cache=1765306223455 HTTP/1.1" 200 82
190.95.67.91 - - [09/Dec/2025:15:49:55 -0300] "GET /cormun/servlet/permisogoce?20fb24a48b2e674e8c448f81d126623dde4ba52a3382e445f58d3cdb68ca274a1b877cb057be09483210cf23df51062e1e8f2b48f9011aa5a04652abf9ac7b26,gx-no-cache=1765306230453 HTTP/1.1" 200 47
190.95.67.91 - - [09/Dec/2025:15:49:58 -0300] "POST /cormun/servlet/permisogoce?126feefd495d41ea4003499ffadb49df,INS,0,,,,gx-no-cache=1765306232683 HTTP/1.1" 200 93
190.95.67.91 - - [09/Dec/2025:15:49:58 -0300] "GET /cormun/servlet/hpexe_return? HTTP/1.1" 200 1036
190.95.67.91 - - [09/Dec/2025:15:49:58 -0300] "GET /cormun/servlet/trpermisosgoce?gx-no-cache=1765305619549 HTTP/1.1" 200 17791
190.95.67.91 - - [09/Dec/2025:15:50:02 -0300] "GET /cormun/servlet/trpermisosadjuntos?16737958,20251209155012,P, HTTP/1.1" 200 6588
190.95.67.91 - - [09/Dec/2025:15:50:04 -0300] "GET /cormun/servlet/permisosadjuntos?INS,16737958,P,20251209155012,, HTTP/1.1" 200 5890
190.95.67.91 - - [09/Dec/2025:15:50:04 -0300] "GET /cormun/static/about:blank HTTP/1.1" 404 1011
190.95.67.91 - - [09/Dec/2025:15:50:14 -0300] "POST /cormun/servlet/permisosadjuntos?126feefd495d41ea4003499ffadb49df,INS,16737958,P,20251209155012,, HTTP/1.1" 200 116
190.95.67.91 - - [09/Dec/2025:15:50:14 -0300] "GET /cormun/servlet/hpexe_return? HTTP/1.1" 200 1043
190.95.67.91 - - [09/Dec/2025:15:50:14 -0300] "GET /cormun/servlet/trpermisosadjuntos?16737958,20251209155012,P, HTTP/1.1" 200 7093
190.95.67.91 - - [09/Dec/2025:15:50:17 -0300] "POST /cormun/servlet/trpermisosadjuntos?126feefd495d41ea4003499ffadb49df,16737958,20251209155012,P,,gx-no-cache=1765306252068 HTTP/1.1" 200 90
190.95.67.91 - - [09/Dec/2025:15:50:17 -0300] "GET /cormun/servlet/hpexe_link HTTP/1.1" 200 1010
190.95.67.91 - - [09/Dec/2025:15:50:17 -0300] "GET /cormun/servlet/trpermisosgoce?gx-no-cache=1765305619549 HTTP/1.1" 200 17788
190.95.67.91 - - [09/Dec/2025:15:50:21 -0300] "GET /cormun/servlet/trpermisosadjuntos?16737958,20251209155012,P, HTTP/1.1" 200 7111
190.95.67.91 - - [09/Dec/2025:15:50:25 -0300] "POST /cormun/servlet/trpermisosadjuntos?126feefd495d41ea4003499ffadb49df,16737958,20251209155012,P,,gx-no-cache=1765306260652 HTTP/1.1" 200 90
190.95.67.91 - - [09/Dec/2025:15:50:25 -0300] "GET /cormun/servlet/hpexe_link HTTP/1.1" 200 1010
190.95.67.91 - - [09/Dec/2025:15:50:25 -0300] "GET /cormun/servlet/trpermisosgoce?gx-no-cache=1765305619549 HTTP/1.1" 200 17782
190.95.67.91 - - [09/Dec/2025:15:50:30 -0300] "POST /cormun/servlet/trpermisosgoce?126feefd495d41ea4003499ffadb49df,gx-no-cache=1765305619549,gx-no-cache=1765306265302 HTTP/1.1" 200 15056
190.95.67.91 - - [09/Dec/2025:15:50:45 -0300] "GET /cormun/servlet/permisogoce?INS,0,,, HTTP/1.1" 200 7156
190.95.67.91 - - [09/Dec/2025:15:50:52 -0300] "GET /cormun/servlet/permisogoce?20fb24a48b2e674e8c448f81d126623dd132d155d2bedb767ff6d03db196f6f0fd4b03454551def1917517389a65522349588d514dda6c2bc8a034478283fde0,gx-no-cache=1765306287879 HTTP/1.1" 200 78
190.95.67.91 - - [09/Dec/2025:15:51:01 -0300] "POST /cormun/servlet/permisogoce?126feefd495d41ea4003499ffadb49df,INS,0,,,,gx-no-cache=1765306296067 HTTP/1.1" 200 93
190.95.67.91 - - [09/Dec/2025:15:51:01 -0300] "GET /cormun/servlet/hpexe_return? HTTP/1.1" 200 1036
190.95.67.91 - - [09/Dec/2025:15:51:01 -0300] "GET /cormun/servlet/trpermisosgoce?gx-no-cache=1765305619549 HTTP/1.1" 200 17747
190.95.67.91 - - [09/Dec/2025:15:52:15 -0300] "GET /cormun/servlet/permisogoce?INS,0,,, HTTP/1.1" 200 7157
190.95.67.91 - - [09/Dec/2025:15:52:21 -0300] "GET /cormun/servlet/permisogoce?20fb24a48b2e674e8c448f81d126623dcd45c9c1498c081551d48837f947e524fd4b03454551def1917517389a65522349588d514dda6c2bc8a034478283fde0,gx-no-cache=1765306376779 HTTP/1.1" 200 86
190.95.67.91 - - [09/Dec/2025:15:52:28 -0300] "GET /cormun/servlet/permisogoce?20fb24a48b2e674e8c448f81d126623dc82d646db48957e1d4adf668dccb4533c741b17ec73b3bb3dbffd18dff0b384d43e37fe43d03f5c7cf8dbf53aac917b0,gx-no-cache=1765306383462 HTTP/1.1" 200 48
190.95.67.91 - - [09/Dec/2025:15:52:31 -0300] "POST /cormun/servlet/permisogoce?126feefd495d41ea4003499ffadb49df,INS,0,,,,gx-no-cache=1765306386107 HTTP/1.1" 200 93
190.95.67.91 - - [09/Dec/2025:15:52:31 -0300] "GET /cormun/servlet/hpexe_return? HTTP/1.1" 200 1036
190.95.67.91 - - [09/Dec/2025:15:52:31 -0300] "GET /cormun/servlet/trpermisosgoce?gx-no-cache=1765305619549 HTTP/1.1" 200 17810
190.95.67.91 - - [09/Dec/2025:15:52:35 -0300] "GET /cormun/servlet/trpermisosadjuntos?18799253,20251209155248,P, HTTP/1.1" 200 6590
190.95.67.91 - - [09/Dec/2025:15:52:36 -0300] "GET /cormun/servlet/permisosadjuntos?INS,18799253,P,20251209155248,, HTTP/1.1" 200 5897
190.95.67.91 - - [09/Dec/2025:15:52:36 -0300] "GET /cormun/static/about:blank HTTP/1.1" 404 1011
201.186.225.193 - - [09/Dec/2025:15:52:37 -0300] "POST /cormun/servlet/trlicencias?b71caf05d0ced6367d23748a3cc1a7a0,,gx-no-cache=1765306391893 HTTP/1.1" 200 4471
201.186.225.193 - - [09/Dec/2025:15:52:40 -0300] "POST /cormun/servlet/trlicencias?b71caf05d0ced6367d23748a3cc1a7a0,,gx-no-cache=1765306394877 HTTP/1.1" 200 4471
190.95.67.91 - - [09/Dec/2025:15:52:42 -0300] "POST /cormun/servlet/permisosadjuntos?126feefd495d41ea4003499ffadb49df,INS,18799253,P,20251209155248,, HTTP/1.1" 200 116
190.95.67.91 - - [09/Dec/2025:15:52:42 -0300] "GET /cormun/servlet/hpexe_return? HTTP/1.1" 200 1043
190.95.67.91 - - [09/Dec/2025:15:52:42 -0300] "GET /cormun/servlet/trpermisosadjuntos?18799253,20251209155248,P, HTTP/1.1" 200 7092
190.95.67.91 - - [09/Dec/2025:15:52:44 -0300] "POST /cormun/servlet/trpermisosadjuntos?126feefd495d41ea4003499ffadb49df,18799253,20251209155248,P,,gx-no-cache=1765306399964 HTTP/1.1" 200 90
190.95.67.91 - - [09/Dec/2025:15:52:44 -0300] "GET /cormun/servlet/hpexe_link HTTP/1.1" 200 1009
190.95.67.91 - - [09/Dec/2025:15:52:45 -0300] "GET /cormun/servlet/trpermisosgoce?gx-no-cache=1765305619549 HTTP/1.1" 200 17807
190.95.67.91 - - [09/Dec/2025:15:52:48 -0300] "GET /cormun/servlet/trpermisosadjuntos?18799253,20251209155248,P, HTTP/1.1" 200 7110
190.95.67.91 - - [09/Dec/2025:15:52:50 -0300] "POST /cormun/servlet/trpermisosadjuntos?126feefd495d41ea4003499ffadb49df,18799253,20251209155248,P,,gx-no-cache=1765306405540 HTTP/1.1" 200 90
190.95.67.91 - - [09/Dec/2025:15:52:50 -0300] "GET /cormun/servlet/hpexe_link HTTP/1.1" 200 1009
190.95.67.91 - - [09/Dec/2025:15:52:50 -0300] "GET /cormun/servlet/trpermisosgoce?gx-no-cache=1765305619549 HTTP/1.1" 200 17807
190.95.67.91 - - [09/Dec/2025:15:52:54 -0300] "POST /cormun/servlet/trpermisosgoce?126feefd495d41ea4003499ffadb49df,gx-no-cache=1765305619549,gx-no-cache=1765306408846 HTTP/1.1" 200 15079
201.186.225.193 - - [09/Dec/2025:15:53:32 -0300] "POST /cormun/servlet/trlicencias?b71caf05d0ced6367d23748a3cc1a7a0,,gx-no-cache=1765306446756 HTTP/1.1" 200 4580
201.186.225.193 - - [09/Dec/2025:15:53:35 -0300] "POST /cormun/servlet/trlicencias?b71caf05d0ced6367d23748a3cc1a7a0,,gx-no-cache=1765306449661 HTTP/1.1" 200 5991
190.95.67.91 - - [09/Dec/2025:15:53:37 -0300] "GET /cormun/servlet/permisogoce?INS,0,,, HTTP/1.1" 200 7156
201.186.225.193 - - [09/Dec/2025:15:55:27 -0300] "POST /cormun/servlet/trlicencias?b71caf05d0ced6367d23748a3cc1a7a0,,gx-no-cache=1765306561316 HTTP/1.1" 200 4466
201.186.225.193 - - [09/Dec/2025:15:55:28 -0300] "POST /cormun/servlet/trlicencias?b71caf05d0ced6367d23748a3cc1a7a0,,gx-no-cache=1765306562876 HTTP/1.1" 200 4466
190.95.67.91 - - [09/Dec/2025:15:56:20 -0300] "GET /cormun/servlet/permisogoce?20fb24a48b2e674e8c448f81d126623d0b73fbe7bce36463e3a049498779ce7bfd4b03454551def1917517389a65522349588d514dda6c2bc8a034478283fde0,gx-no-cache=1765306615927 HTTP/1.1" 200 85
190.95.67.91 - - [09/Dec/2025:15:56:37 -0300] "GET /cormun/servlet/permisogoce?20fb24a48b2e674e8c448f81d126623d9b3b744032599b0f7237fa582da10f7b05a3353d64fa5cab0838e8b409f315f91e8f2b48f9011aa5a04652abf9ac7b26,gx-no-cache=1765306632138 HTTP/1.1" 200 130
190.95.67.91 - - [09/Dec/2025:15:56:37 -0300] "POST /cormun/servlet/permisogoce?126feefd495d41ea4003499ffadb49df,INS,0,,,,gx-no-cache=1765306632155 HTTP/1.1" 200 4803
190.95.67.91 - - [09/Dec/2025:15:56:42 -0300] "GET /cormun/servlet/permisogoce?20fb24a48b2e674e8c448f81d126623d9b3b744032599b0f7237fa582da10f7bd3513bb3460845ea18e99ff10d949c6d43e37fe43d03f5c7cf8dbf53aac917b0,gx-no-cache=1765306637189 HTTP/1.1" 200 47
190.95.67.91 - - [09/Dec/2025:15:56:44 -0300] "POST /cormun/servlet/permisogoce?126feefd495d41ea4003499ffadb49df,INS,0,,,,gx-no-cache=1765306639619 HTTP/1.1" 200 93
190.95.67.91 - - [09/Dec/2025:15:56:44 -0300] "GET /cormun/servlet/hpexe_return? HTTP/1.1" 200 1036
190.95.67.91 - - [09/Dec/2025:15:56:45 -0300] "GET /cormun/servlet/trpermisosgoce?gx-no-cache=1765305619549 HTTP/1.1" 200 17876
190.95.67.91 - - [09/Dec/2025:15:56:50 -0300] "GET /cormun/servlet/trpermisosadjuntos?18648996,20251209155410,P, HTTP/1.1" 200 6589
190.95.67.91 - - [09/Dec/2025:15:56:51 -0300] "GET /cormun/servlet/permisosadjuntos?INS,18648996,P,20251209155410,, HTTP/1.1" 200 5897
190.95.67.91 - - [09/Dec/2025:15:56:51 -0300] "GET /cormun/static/about:blank HTTP/1.1" 404 1011
190.95.67.91 - - [09/Dec/2025:15:57:05 -0300] "POST /cormun/servlet/permisosadjuntos?126feefd495d41ea4003499ffadb49df,INS,18648996,P,20251209155410,, HTTP/1.1" 200 116
190.95.67.91 - - [09/Dec/2025:15:57:05 -0300] "GET /cormun/servlet/hpexe_return? HTTP/1.1" 200 1043
190.95.67.91 - - [09/Dec/2025:15:57:06 -0300] "GET /cormun/servlet/trpermisosadjuntos?18648996,20251209155410,P, HTTP/1.1" 200 6571
181.162.177.232 - - [09/Dec/2025:15:58:44 -0300] "POST /cormun/servlet/hlogin?a66f22de545103ee8e490882cb2f8f95,gx-no-cache=1765306758323 HTTP/1.1" 200 427
201.186.225.193 - - [09/Dec/2025:15:58:54 -0300] "POST /cormun/servlet/trlicencias?b71caf05d0ced6367d23748a3cc1a7a0,,gx-no-cache=1765306768732 HTTP/1.1" 200 4570
201.186.225.193 - - [09/Dec/2025:15:58:56 -0300] "POST /cormun/servlet/trlicencias?b71caf05d0ced6367d23748a3cc1a7a0,,gx-no-cache=1765306770403 HTTP/1.1" 200 6704
190.95.67.99 - - [09/Dec/2025:15:59:03 -0300] "GET /cormun/servlet/hhome HTTP/1.1" 200 3320
190.95.67.99 - - [09/Dec/2025:15:59:04 -0300] "GET /cormun/servlet/hlogin HTTP/1.1" 200 1728
201.186.225.193 - - [09/Dec/2025:16:00:37 -0300] "POST /cormun/servlet/trlicencias?b71caf05d0ced6367d23748a3cc1a7a0,,gx-no-cache=1765306871436 HTTP/1.1" 200 5695
10.40.40.2 - - [09/Dec/2025:16:00:51 -0300] "GET /cormun/servlet/hlogin HTTP/1.1" 200 1722
10.40.40.2 - - [09/Dec/2025:16:00:51 -0300] "GET /cormun/servlet/hlogin HTTP/1.1" 200 1732
10.40.40.2 - - [09/Dec/2025:16:00:51 -0300] "GET /favicon.ico HTTP/1.1" 200 21630
10.40.40.2 - - [09/Dec/2025:16:00:53 -0300] "POST /cormun/servlet/hlogin?5e9fe24040d84ab995c7863c2c30998f,gx-no-cache=1765306848779 HTTP/1.1" 200 90
10.40.40.2 - - [09/Dec/2025:16:00:53 -0300] "GET /cormun/servlet/hpexe_link HTTP/1.1" 200 954
10.40.40.2 - - [09/Dec/2025:16:00:54 -0300] "GET /cormun/servlet/hhome HTTP/1.1" 200 3197
10.40.40.2 - - [09/Dec/2025:16:00:59 -0300] "GET /cormun/servlet/trlicencias? HTTP/1.1" 200 19412
200.126.117.15 - - [09/Dec/2025:16:01:18 -0300] "GET /cormun/servlet/hlogin HTTP/1.1" 200 1720
200.126.117.15 - - [09/Dec/2025:16:01:19 -0300] "GET /cormun/static/gxtimezone.js?85251 HTTP/1.1" 200 5781
200.126.117.15 - - [09/Dec/2025:16:01:19 -0300] "GET /cormun/static/messages.spa.js?85251 HTTP/1.1" 200 30736
200.126.117.15 - - [09/Dec/2025:16:01:19 -0300] "GET /cormun/static/gxgral.js?85251 HTTP/1.1" 200 384558
200.126.117.15 - - [09/Dec/2025:16:01:19 -0300] "GET /cormun/static/Resources/PXToolsButtonRight.png HTTP/1.1" 200 1294
200.126.117.15 - - [09/Dec/2025:16:01:19 -0300] "GET /cormun/static/Resources/PXToolsButtonBackground.png HTTP/1.1" 200 1176
200.126.117.15 - - [09/Dec/2025:16:01:19 -0300] "GET /cormun/static/Resources/PXToolsButtonLeft.png HTTP/1.1" 200 1310
200.126.117.15 - - [09/Dec/2025:16:01:19 -0300] "GET /cormun/static/Resources/indicator.gif HTTP/1.1" 200 1553
200.126.117.15 - - [09/Dec/2025:16:01:19 -0300] "GET /cormun/servlet/hlogin HTTP/1.1" 200 1729
200.126.117.15 - - [09/Dec/2025:16:01:19 -0300] "GET /favicon.ico HTTP/1.1" 200 21630
200.126.117.15 - - [09/Dec/2025:16:01:23 -0300] "POST /cormun/servlet/hlogin?fcb95308b37e443859f979d6e096899f,gx-no-cache=1765306912424 HTTP/1.1" 200 90
200.126.117.15 - - [09/Dec/2025:16:01:23 -0300] "GET /cormun/servlet/hpexe_link HTTP/1.1" 200 951
200.126.117.15 - - [09/Dec/2025:16:01:23 -0300] "GET /cormun/servlet/hhome HTTP/1.1" 200 4323
200.126.117.15 - - [09/Dec/2025:16:01:23 -0300] "GET /cormun/static/SmoothNavMenu/resources/ddsmoothmenu.css?1112540 HTTP/1.1" 200 2223
200.126.117.15 - - [09/Dec/2025:16:01:23 -0300] "GET /cormun/static/Resources/Spanish/PXTools.css?14345360 HTTP/1.1" 200 100853
200.126.117.15 - - [09/Dec/2025:16:01:23 -0300] "GET /cormun/static/SmoothNavMenu/resources/ddsmoothmenu-v.css?1112540 HTTP/1.1" 200 1188
200.126.117.15 - - [09/Dec/2025:16:01:23 -0300] "GET /cormun/static/Shared/jqueryui/jquery-ui.min.css?1345370 HTTP/1.1" 200 30288
200.126.117.15 - - [09/Dec/2025:16:01:23 -0300] "GET /cormun/static/PXToolsJavascripts/pexe_autoreload.js HTTP/1.1" 200 1762
200.126.117.15 - - [09/Dec/2025:16:01:23 -0300] "GET /cormun/static/scaMessage/css/jquery.pnotify.default.css?1816380 HTTP/1.1" 200 1707
200.126.117.15 - - [09/Dec/2025:16:01:23 -0300] "GET /cormun/static/gxcfg.js?20201215495537 HTTP/1.1" 200 953
200.126.117.15 - - [09/Dec/2025:16:01:23 -0300] "GET /cormun/static/PXToolsJavascripts/pexe_cookies.js HTTP/1.1" 200 792
200.126.117.15 - - [09/Dec/2025:16:01:23 -0300] "GET /cormun/static/PXToolsJavascripts/pexe_windows.js HTTP/1.1" 200 15249
200.126.117.15 - - [09/Dec/2025:16:01:23 -0300] "GET /cormun/static/PXToolsJavascripts/pexe_griddivfix.js HTTP/1.1" 200 6946
200.126.117.15 - - [09/Dec/2025:16:01:23 -0300] "GET /cormun/static/PXToolsJavascripts/pexe_grid.js HTTP/1.1" 200 7559
200.126.117.15 - - [09/Dec/2025:16:01:23 -0300] "GET /cormun/static/PXToolsJavascripts/pexe_menudivfix.js HTTP/1.1" 200 333
200.126.117.15 - - [09/Dec/2025:16:01:23 -0300] "GET /cormun/static/PXToolsJavascripts/pexe_link.js HTTP/1.1" 200 5671
200.126.117.15 - - [09/Dec/2025:16:01:23 -0300] "GET /cormun/static/PXToolsJavascripts/pexe_menus.js HTTP/1.1" 200 1286
200.126.117.15 - - [09/Dec/2025:16:01:23 -0300] "GET /cormun/static/PXToolsJavascripts/pexe_layers.js HTTP/1.1" 200 4114
200.126.117.15 - - [09/Dec/2025:16:01:23 -0300] "GET /cormun/static/PXToolsJavascripts/pexe_oav.js HTTP/1.1" 200 645
200.126.117.15 - - [09/Dec/2025:16:01:23 -0300] "GET /cormun/static/PXToolsJavascripts/pexe_oavdivfix.js HTTP/1.1" 200 639
200.126.117.15 - - [09/Dec/2025:16:01:23 -0300] "GET /cormun/static/PXToolsJavascripts/pexe_picture.js HTTP/1.1" 200 689
200.126.117.15 - - [09/Dec/2025:16:01:23 -0300] "GET /cormun/static/PXToolsJavascripts/pexe_scrolldiv.js HTTP/1.1" 200 4138
200.126.117.15 - - [09/Dec/2025:16:01:23 -0300] "GET /cormun/static/PXToolsJavascripts/pexe_tabdivfix.js HTTP/1.1" 200 898
200.126.117.15 - - [09/Dec/2025:16:01:23 -0300] "GET /cormun/static/PXToolsJavascripts/pexe_tabs.js HTTP/1.1" 200 3748
200.126.117.15 - - [09/Dec/2025:16:01:23 -0300] "GET /cormun/static/PXToolsJavascripts/pexe_upload.js HTTP/1.1" 200 1423
200.126.117.15 - - [09/Dec/2025:16:01:23 -0300] "GET /cormun/static/PXToolsJavascripts/PXToolsJavascriptsRender.js HTTP/1.1" 200 367
200.126.117.15 - - [09/Dec/2025:16:01:23 -0300] "GET /cormun/static/PXToolsJavascripts/pexe_popup.js HTTP/1.1" 200 15149
200.126.117.15 - - [09/Dec/2025:16:01:23 -0300] "GET /cormun/static/Resources/CormunMP2.png HTTP/1.1" 200 6878
200.126.117.15 - - [09/Dec/2025:16:01:23 -0300] "GET /cormun/static/Resources/ImgHome.png HTTP/1.1" 200 1364
200.126.117.15 - - [09/Dec/2025:16:01:23 -0300] "GET /cormun/static/RunJS/RunJS.js HTTP/1.1" 200 288
200.126.117.15 - - [09/Dec/2025:16:01:23 -0300] "GET /cormun/static/Resources/Llave.png HTTP/1.1" 200 1395
200.126.117.15 - - [09/Dec/2025:16:01:23 -0300] "GET /cormun/static/Resources/ImgLogin.png HTTP/1.1" 200 1432
200.126.117.15 - - [09/Dec/2025:16:01:23 -0300] "GET /cormun/static/Shared/ext/locale/ext-lang-en.js HTTP/1.1" 200 10940
200.126.117.15 - - [09/Dec/2025:16:01:23 -0300] "GET /cormun/static/Resources/PXToolsDataTitle.png HTTP/1.1" 200 1173
200.126.117.15 - - [09/Dec/2025:16:01:23 -0300] "GET /cormun/static/hhome.js?20201215495544 HTTP/1.1" 200 777
200.126.117.15 - - [09/Dec/2025:16:01:23 -0300] "GET /cormun/static/hpexe_recentlink.js?20201214471090 HTTP/1.1" 200 2144
200.126.117.15 - - [09/Dec/2025:16:01:23 -0300] "GET /cormun/static/hwchdr01.js?2022112219251119 HTTP/1.1" 200 996
200.126.117.15 - - [09/Dec/2025:16:01:23 -0300] "GET /cormun/static/hpexe_scripts.js?20201214471411 HTTP/1.1" 200 1544
200.126.117.15 - - [09/Dec/2025:16:01:23 -0300] "GET /cormun/static/hpexe_messagepopupcomponent.js?2020121447232 HTTP/1.1" 200 605
200.126.117.15 - - [09/Dec/2025:16:01:23 -0300] "GET /cormun/static/hpexe_messagecontroller.js?202211298371222 HTTP/1.1" 200 870
200.126.117.15 - - [09/Dec/2025:16:01:23 -0300] "GET /cormun/static/hpexe_messagegenexuscomponent.js?20221129836373 HTTP/1.1" 200 587
200.126.117.15 - - [09/Dec/2025:16:01:23 -0300] "GET /cormun/static/cmcontrolpreferences.js?20199141926336 HTTP/1.1" 200 1375
200.126.117.15 - - [09/Dec/2025:16:01:23 -0300] "GET /cormun/static/SmoothNavMenu/resources/ddsmoothmenu.js HTTP/1.1" 200 12712
200.126.117.15 - - [09/Dec/2025:16:01:23 -0300] "GET /cormun/static/gxui/gxui-all.js HTTP/1.1" 200 107772
200.126.117.15 - - [09/Dec/2025:16:01:23 -0300] "GET /cormun/static/SmoothNavMenu/resources/SmoothNavMenuRender.js HTTP/1.1" 200 5951
200.126.117.15 - - [09/Dec/2025:16:01:23 -0300] "GET /cormun/static/scaMessage/js/jquery.pnotify.min.js HTTP/1.1" 200 13038
200.126.117.15 - - [09/Dec/2025:16:01:23 -0300] "GET /cormun/static/Shared/jquery/jquery-1.4.2.min.js HTTP/1.1" 200 72174
200.126.117.15 - - [09/Dec/2025:16:01:23 -0300] "GET /cormun/static/scaMessage/scaMessageRender.js HTTP/1.1" 200 11977
200.126.117.15 - - [09/Dec/2025:16:01:23 -0300] "GET /cormun/static/hmpwkw03.js?20221129844354 HTTP/1.1" 200 3971
200.126.117.15 - - [09/Dec/2025:16:01:23 -0300] "GET /cormun/static/Shared/jqueryui/jquery-ui.min.js HTTP/1.1" 200 240427
200.126.117.15 - - [09/Dec/2025:16:01:23 -0300] "GET /cormun/static/Shared/ext/ext-all.js HTTP/1.1" 200 1289687
200.126.117.15 - - [09/Dec/2025:16:01:23 -0300] "GET /cormun/static/Shared/jquery/jquery-1.10.2.min.js HTTP/1.1" 200 273199
200.126.117.15 - - [09/Dec/2025:16:01:24 -0300] "GET /cormun/static/SmoothNavMenu/resources/images/down.gif HTTP/1.1" 200 854
200.126.117.15 - - [09/Dec/2025:16:01:24 -0300] "GET /cormun/static/SmoothNavMenu/resources/images/right.gif HTTP/1.1" 200 860
190.95.67.91 - - [09/Dec/2025:16:01:26 -0300] "GET /cormun/servlet/permisosadjuntos?INS,18648996,P,20251209155410,, HTTP/1.1" 200 5898
190.95.67.91 - - [09/Dec/2025:16:01:26 -0300] "GET /cormun/static/about:blank HTTP/1.1" 404 1011
201.186.225.193 - - [09/Dec/2025:16:01:28 -0300] "POST /cormun/servlet/trlicencias?b71caf05d0ced6367d23748a3cc1a7a0,,gx-no-cache=1765306922924 HTTP/1.1" 200 6878
190.95.67.91 - - [09/Dec/2025:16:01:34 -0300] "POST /cormun/servlet/permisosadjuntos?126feefd495d41ea4003499ffadb49df,INS,18648996,P,20251209155410,, HTTP/1.1" 200 116
190.95.67.91 - - [09/Dec/2025:16:01:34 -0300] "GET /cormun/servlet/hpexe_return? HTTP/1.1" 200 1043
190.95.67.91 - - [09/Dec/2025:16:01:34 -0300] "GET /cormun/servlet/trpermisosadjuntos?18648996,20251209155410,P, HTTP/1.1" 200 7126
190.95.67.91 - - [09/Dec/2025:16:01:36 -0300] "POST /cormun/servlet/trpermisosadjuntos?126feefd495d41ea4003499ffadb49df,18648996,20251209155410,P,,gx-no-cache=1765306931483 HTTP/1.1" 200 90
190.95.67.91 - - [09/Dec/2025:16:01:36 -0300] "GET /cormun/servlet/hpexe_link HTTP/1.1" 200 1010
190.95.67.91 - - [09/Dec/2025:16:01:36 -0300] "GET /cormun/servlet/trpermisosgoce?gx-no-cache=1765305619549 HTTP/1.1" 200 17873
190.95.67.91 - - [09/Dec/2025:16:01:40 -0300] "POST /cormun/servlet/trpermisosgoce?126feefd495d41ea4003499ffadb49df,gx-no-cache=1765305619549,gx-no-cache=1765306935101 HTTP/1.1" 200 15133
190.95.67.91 - - [09/Dec/2025:16:01:40 -0300] "GET /cormun/static/Shared/jqueryui/images/ui-bg_highlight-soft_100_c6c2c8_1x100.png HTTP/1.1" 404 1117
190.95.67.91 - - [09/Dec/2025:16:01:40 -0300] "GET /cormun/static/Shared/jqueryui/images/ui-icons_82798d_256x240.png HTTP/1.1" 404 1089
190.95.67.91 - - [09/Dec/2025:16:01:40 -0300] "GET /cormun/static/Shared/jqueryui/images/ui-bg_flat_55_fafafa_40x100.png HTTP/1.1" 404 1097
190.95.67.91 - - [09/Dec/2025:16:01:40 -0300] "GET /cormun/static/Shared/jqueryui/images/ui-icons_8d78a5_256x240.png HTTP/1.1" 404 1089
190.95.67.91 - - [09/Dec/2025:16:02:35 -0300] "GET /cormun/servlet/permisogoce?INS,0,,, HTTP/1.1" 200 7157
190.95.67.91 - - [09/Dec/2025:16:02:42 -0300] "GET /cormun/servlet/permisogoce?20fb24a48b2e674e8c448f81d126623d485dfe677ef5aff1c3d395197641679ffd4b03454551def1917517389a65522349588d514dda6c2bc8a034478283fde0,gx-no-cache=1765306997206 HTTP/1.1" 200 76
200.126.117.15 - - [09/Dec/2025:16:02:43 -0300] "GET /cormun/servlet/trlicencias? HTTP/1.1" 200 9808
200.126.117.15 - - [09/Dec/2025:16:02:43 -0300] "GET /cormun/static/calendar-system.css?85620 HTTP/1.1" 200 5572
200.126.117.15 - - [09/Dec/2025:16:02:43 -0300] "GET /cormun/static/gxcfg.js?202211298463625 HTTP/1.1" 200 953
200.126.117.15 - - [09/Dec/2025:16:02:43 -0300] "GET /cormun/static/calendar-setup.js?85251 HTTP/1.1" 200 2588
200.126.117.15 - - [09/Dec/2025:16:02:43 -0300] "GET /cormun/static/Resources/PXTools/calendar.png HTTP/1.1" 200 1306
200.126.117.15 - - [09/Dec/2025:16:02:43 -0300] "GET /cormun/static/calendar-es.js?85251 HTTP/1.1" 200 1901
200.126.117.15 - - [09/Dec/2025:16:02:44 -0300] "GET /cormun/static/calendar.js?85251 HTTP/1.1" 200 26246
200.126.117.15 - - [09/Dec/2025:16:02:44 -0300] "GET /cormun/static/gxdec.js?85251 HTTP/1.1" 200 19579
200.126.117.15 - - [09/Dec/2025:16:02:44 -0300] "GET /cormun/static/trlicencias.js?202211298463889 HTTP/1.1" 200 41883
190.95.67.91 - - [09/Dec/2025:16:02:44 -0300] "GET /cormun/static/menuarrow.gif HTTP/1.1" 404 1015
190.95.67.91 - - [09/Dec/2025:16:02:49 -0300] "GET /cormun/servlet/permisogoce?20fb24a48b2e674e8c448f81d126623d3a5149dce3c70431de46d90ae96204818ca7990540c1a372d1a59d0cbe11f4671e8f2b48f9011aa5a04652abf9ac7b26,gx-no-cache=1765307004228 HTTP/1.1" 200 47
190.95.67.91 - - [09/Dec/2025:16:02:51 -0300] "POST /cormun/servlet/permisogoce?126feefd495d41ea4003499ffadb49df,INS,0,,,,gx-no-cache=1765307006314 HTTP/1.1" 200 93
190.95.67.91 - - [09/Dec/2025:16:02:51 -0300] "GET /cormun/servlet/hpexe_return? HTTP/1.1" 200 1036
190.95.67.91 - - [09/Dec/2025:16:02:51 -0300] "GET /cormun/servlet/trpermisosgoce?gx-no-cache=1765305619549 HTTP/1.1" 200 17854
190.95.67.91 - - [09/Dec/2025:16:02:57 -0300] "GET /cormun/servlet/trpermisosadjuntos?12693466,20251209160307,P, HTTP/1.1" 200 6583
190.95.67.91 - - [09/Dec/2025:16:03:00 -0300] "GET /cormun/servlet/permisosadjuntos?INS,12693466,P,20251209160307,, HTTP/1.1" 200 5883
190.95.67.91 - - [09/Dec/2025:16:03:00 -0300] "GET /cormun/static/about:blank HTTP/1.1" 404 1011
190.95.67.91 - - [09/Dec/2025:16:03:10 -0300] "POST /cormun/servlet/permisosadjuntos?126feefd495d41ea4003499ffadb49df,INS,12693466,P,20251209160307,, HTTP/1.1" 200 116
190.95.67.91 - - [09/Dec/2025:16:03:10 -0300] "GET /cormun/servlet/hpexe_return? HTTP/1.1" 200 1042
190.95.67.91 - - [09/Dec/2025:16:03:10 -0300] "GET /cormun/servlet/trpermisosadjuntos?12693466,20251209160307,P, HTTP/1.1" 200 7090
190.95.67.91 - - [09/Dec/2025:16:03:12 -0300] "POST /cormun/servlet/trpermisosadjuntos?126feefd495d41ea4003499ffadb49df,12693466,20251209160307,P,,gx-no-cache=1765307027835 HTTP/1.1" 200 90
190.95.67.91 - - [09/Dec/2025:16:03:12 -0300] "GET /cormun/servlet/hpexe_link HTTP/1.1" 200 1010
190.95.67.91 - - [09/Dec/2025:16:03:13 -0300] "GET /cormun/servlet/trpermisosgoce?gx-no-cache=1765305619549 HTTP/1.1" 200 17887
