201.186.225.191 - - [04/Dec/2025:12:39:09 -0300] "GET /cormun/servlet/trpermisosgoce? HTTP/1.1" 200 18206
201.186.225.191 - - [04/Dec/2025:12:39:12 -0300] "POST /cormun/servlet/trpermisosgoce?993d63689ff04a265a949e972e647748,,gx-no-cache=1764862793238 HTTP/1.1" 200 15535
201.186.225.191 - - [04/Dec/2025:12:39:12 -0300] "GET /cormun/static/Shared/jqueryui/images/ui-bg_highlight-soft_100_c6c2c8_1x100.png HTTP/1.1" 404 1117
201.186.225.191 - - [04/Dec/2025:12:39:12 -0300] "GET /cormun/static/Shared/jqueryui/images/ui-bg_flat_55_fafafa_40x100.png HTTP/1.1" 404 1097
201.186.225.191 - - [04/Dec/2025:12:39:12 -0300] "GET /cormun/static/Shared/jqueryui/images/ui-icons_8d78a5_256x240.png HTTP/1.1" 404 1089
201.186.225.191 - - [04/Dec/2025:12:39:12 -0300] "GET /cormun/static/Shared/jqueryui/images/ui-icons_82798d_256x240.png HTTP/1.1" 404 1089
201.186.225.191 - - [04/Dec/2025:12:39:14 -0300] "GET /cormun/servlet/permisogoce?INS,0,,, HTTP/1.1" 200 7058
201.186.225.191 - - [04/Dec/2025:12:39:18 -0300] "GET /cormun/servlet/prfichaempleado?,MD,,gxPopupLevel%3D0%3B HTTP/1.1" 200 9124
201.186.225.191 - - [04/Dec/2025:12:39:36 -0300] "POST /cormun/servlet/prfichaempleado?993d63689ff04a265a949e972e647748,,MD,,gxPopupLevel%3D0%3B,gx-no-cache=1764862817379 HTTP/1.1" 200 3421
201.186.225.191 - - [04/Dec/2025:12:39:39 -0300] "GET /cormun/servlet/permisogoce?3e8d0b0a92358277f8de5e4d6c3e3b31acee79fb6d71484c4a4bc7bc27e7d0175b4d8835463e7bb1f5f53ee8a65fdf1eb57d5f72ce6ca9ddb01920945fe5c0cb,gx-no-cache=1764862820954 HTTP/1.1" 200 91
201.186.225.191 - - [04/Dec/2025:12:39:50 -0300] "GET /cormun/servlet/permisogoce?3e8d0b0a92358277f8de5e4d6c3e3b31efeac23be38475ca5b57d09dcd8aeea327d7481d8d56782a3fd0e4a888573ecb5237e213e0a12e9f44f444c5d0428d97,gx-no-cache=1764862831300 HTTP/1.1" 200 48
201.186.225.191 - - [04/Dec/2025:12:39:52 -0300] "POST /cormun/servlet/permisogoce?993d63689ff04a265a949e972e647748,INS,0,,,,gx-no-cache=1764862833579 HTTP/1.1" 200 93
201.186.225.191 - - [04/Dec/2025:12:39:52 -0300] "GET /cormun/servlet/hpexe_return? HTTP/1.1" 200 1005
201.186.225.191 - - [04/Dec/2025:12:39:53 -0300] "GET /cormun/servlet/trpermisosgoce? HTTP/1.1" 200 18194
190.95.67.99 - - [04/Dec/2025:12:39:55 -0300] "POST /cormun/servlet/trpermisosgoce?47d6f2a4c4b49d3363c3e0cdf2b13c1f,gx-no-cache=1764862837004 HTTP/1.1" 200 6107
201.186.225.191 - - [04/Dec/2025:12:39:56 -0300] "GET /cormun/servlet/trpermisosadjuntos?20024721,20251204123958,P, HTTP/1.1" 200 6520
201.186.225.191 - - [04/Dec/2025:12:39:58 -0300] "GET /cormun/servlet/permisosadjuntos?INS,20024721,P,20251204123958,, HTTP/1.1" 200 5847
201.186.225.191 - - [04/Dec/2025:12:39:58 -0300] "GET /cormun/static/about:blank HTTP/1.1" 404 1011
201.186.225.191 - - [04/Dec/2025:12:40:09 -0300] "POST /cormun/servlet/permisosadjuntos?993d63689ff04a265a949e972e647748,INS,20024721,P,20251204123958,, HTTP/1.1" 200 116
201.186.225.191 - - [04/Dec/2025:12:40:09 -0300] "GET /cormun/servlet/hpexe_return? HTTP/1.1" 200 1032
201.186.225.191 - - [04/Dec/2025:12:40:09 -0300] "GET /cormun/servlet/trpermisosadjuntos?20024721,20251204123958,P, HTTP/1.1" 200 7010
201.186.225.191 - - [04/Dec/2025:12:40:12 -0300] "GET /cormun/servlet/trpermisosgoce? HTTP/1.1" 200 18201
201.186.225.191 - - [04/Dec/2025:12:40:15 -0300] "POST /cormun/servlet/trpermisosgoce?993d63689ff04a265a949e972e647748,,gx-no-cache=1764862856414 HTTP/1.1" 200 15530
201.186.225.191 - - [04/Dec/2025:12:40:15 -0300] "GET /cormun/static/Shared/jqueryui/images/ui-bg_highlight-soft_100_c6c2c8_1x100.png HTTP/1.1" 404 1117
201.186.225.191 - - [04/Dec/2025:12:40:15 -0300] "GET /cormun/static/Shared/jqueryui/images/ui-icons_82798d_256x240.png HTTP/1.1" 404 1089
201.186.225.191 - - [04/Dec/2025:12:40:15 -0300] "GET /cormun/static/Shared/jqueryui/images/ui-bg_flat_55_fafafa_40x100.png HTTP/1.1" 404 1097
201.186.225.191 - - [04/Dec/2025:12:40:15 -0300] "GET /cormun/static/Shared/jqueryui/images/ui-icons_8d78a5_256x240.png HTTP/1.1" 404 1089
201.186.225.191 - - [04/Dec/2025:12:40:18 -0300] "GET /cormun/servlet/permisogoce?INS,0,,, HTTP/1.1" 200 7060
190.95.67.99 - - [04/Dec/2025:12:40:27 -0300] "POST /cormun/servlet/trpermisosgoce?47d6f2a4c4b49d3363c3e0cdf2b13c1f,gx-no-cache=1764862868998 HTTP/1.1" 200 6403
201.186.225.191 - - [04/Dec/2025:12:40:37 -0300] "GET /cormun/servlet/prfichaempleado?,MD,,gxPopupLevel%3D0%3B HTTP/1.1" 200 9124
201.186.225.191 - - [04/Dec/2025:12:40:48 -0300] "POST /cormun/servlet/prfichaempleado?993d63689ff04a265a949e972e647748,,MD,,gxPopupLevel%3D0%3B,gx-no-cache=1764862889924 HTTP/1.1" 200 3421
201.186.225.191 - - [04/Dec/2025:12:40:56 -0300] "GET /cormun/servlet/permisogoce?3e8d0b0a92358277f8de5e4d6c3e3b31acee79fb6d71484c4a4bc7bc27e7d0175b4d8835463e7bb1f5f53ee8a65fdf1eb57d5f72ce6ca9ddb01920945fe5c0cb,gx-no-cache=1764862897443 HTTP/1.1" 200 91
201.186.225.191 - - [04/Dec/2025:12:41:02 -0300] "GET /cormun/servlet/permisogoce?3e8d0b0a92358277f8de5e4d6c3e3b31efeac23be38475ca5b57d09dcd8aeea3c3970a0f21548b2984168391d4df51765237e213e0a12e9f44f444c5d0428d97,gx-no-cache=1764862904181 HTTP/1.1" 200 48
201.186.225.191 - - [04/Dec/2025:12:41:05 -0300] "POST /cormun/servlet/permisogoce?993d63689ff04a265a949e972e647748,INS,0,,,,gx-no-cache=1764862905903 HTTP/1.1" 200 93
201.186.225.191 - - [04/Dec/2025:12:41:05 -0300] "GET /cormun/servlet/hpexe_return? HTTP/1.1" 200 1005
201.186.225.191 - - [04/Dec/2025:12:41:05 -0300] "GET /cormun/servlet/trpermisosgoce? HTTP/1.1" 200 18198
201.186.225.191 - - [04/Dec/2025:12:41:09 -0300] "GET /cormun/servlet/trpermisosadjuntos?20024721,20251204124102,P, HTTP/1.1" 200 6521
201.186.225.191 - - [04/Dec/2025:12:41:10 -0300] "GET /cormun/servlet/permisosadjuntos?INS,20024721,P,20251204124102,, HTTP/1.1" 200 5844
201.186.225.191 - - [04/Dec/2025:12:41:11 -0300] "GET /cormun/static/about:blank HTTP/1.1" 404 1011
190.95.67.99 - - [04/Dec/2025:12:41:12 -0300] "POST /cormun/servlet/trpermisosgoce?47d6f2a4c4b49d3363c3e0cdf2b13c1f,gx-no-cache=1764862914514 HTTP/1.1" 200 5503
201.186.225.191 - - [04/Dec/2025:12:41:19 -0300] "POST /cormun/servlet/permisosadjuntos?993d63689ff04a265a949e972e647748,INS,20024721,P,20251204124102,, HTTP/1.1" 200 116
201.186.225.191 - - [04/Dec/2025:12:41:19 -0300] "GET /cormun/servlet/hpexe_return? HTTP/1.1" 200 1032
201.186.225.191 - - [04/Dec/2025:12:41:19 -0300] "GET /cormun/servlet/trpermisosadjuntos?20024721,20251204124102,P, HTTP/1.1" 200 7007
201.186.225.191 - - [04/Dec/2025:12:41:23 -0300] "GET /cormun/servlet/trpermisosgoce? HTTP/1.1" 200 18207
201.186.225.191 - - [04/Dec/2025:12:41:26 -0300] "POST /cormun/servlet/trpermisosgoce?993d63689ff04a265a949e972e647748,,gx-no-cache=1764862927097 HTTP/1.1" 200 15546
201.186.225.191 - - [04/Dec/2025:12:41:26 -0300] "GET /cormun/static/Shared/jqueryui/images/ui-bg_highlight-soft_100_c6c2c8_1x100.png HTTP/1.1" 404 1117
201.186.225.191 - - [04/Dec/2025:12:41:26 -0300] "GET /cormun/static/Shared/jqueryui/images/ui-icons_82798d_256x240.png HTTP/1.1" 404 1089
201.186.225.191 - - [04/Dec/2025:12:41:26 -0300] "GET /cormun/static/Shared/jqueryui/images/ui-bg_flat_55_fafafa_40x100.png HTTP/1.1" 404 1097
201.186.225.191 - - [04/Dec/2025:12:41:26 -0300] "GET /cormun/static/Shared/jqueryui/images/ui-icons_8d78a5_256x240.png HTTP/1.1" 404 1089
201.186.225.191 - - [04/Dec/2025:12:41:37 -0300] "GET /cormun/servlet/permisogoce?INS,0,,, HTTP/1.1" 200 7059
190.95.67.99 - - [04/Dec/2025:12:41:38 -0300] "POST /cormun/servlet/trpermisosgoce?47d6f2a4c4b49d3363c3e0cdf2b13c1f,gx-no-cache=1764862940007 HTTP/1.1" 200 5721
201.186.225.191 - - [04/Dec/2025:12:41:40 -0300] "GET /cormun/servlet/prfichaempleado?,MD,,gxPopupLevel%3D0%3B HTTP/1.1" 200 9124
201.186.225.191 - - [04/Dec/2025:12:41:46 -0300] "POST /cormun/servlet/prfichaempleado?993d63689ff04a265a949e972e647748,,MD,,gxPopupLevel%3D0%3B,gx-no-cache=1764862947519 HTTP/1.1" 200 3421
201.186.225.191 - - [04/Dec/2025:12:41:49 -0300] "GET /cormun/servlet/permisogoce?3e8d0b0a92358277f8de5e4d6c3e3b31acee79fb6d71484c4a4bc7bc27e7d0175b4d8835463e7bb1f5f53ee8a65fdf1eb57d5f72ce6ca9ddb01920945fe5c0cb,gx-no-cache=1764862951134 HTTP/1.1" 200 86
190.95.67.99 - - [04/Dec/2025:12:41:55 -0300] "POST /cormun/servlet/trpermisosgoce?47d6f2a4c4b49d3363c3e0cdf2b13c1f,gx-no-cache=1764862957767 HTTP/1.1" 200 6245
201.186.225.191 - - [04/Dec/2025:12:41:55 -0300] "GET /cormun/servlet/permisogoce?3e8d0b0a92358277f8de5e4d6c3e3b31efeac23be38475ca5b57d09dcd8aeea3e0ee250bef65955a49868bffe99d9fc95237e213e0a12e9f44f444c5d0428d97,gx-no-cache=1764862956984 HTTP/1.1" 200 48
201.186.225.191 - - [04/Dec/2025:12:41:58 -0300] "POST /cormun/servlet/permisogoce?993d63689ff04a265a949e972e647748,INS,0,,,,gx-no-cache=1764862958823 HTTP/1.1" 200 93
201.186.225.191 - - [04/Dec/2025:12:41:58 -0300] "GET /cormun/servlet/hpexe_return? HTTP/1.1" 200 1005
201.186.225.191 - - [04/Dec/2025:12:41:58 -0300] "GET /cormun/servlet/trpermisosgoce? HTTP/1.1" 200 18160
201.186.225.191 - - [04/Dec/2025:12:42:01 -0300] "GET /cormun/servlet/trpermisosadjuntos?20024721,20251204124222,P, HTTP/1.1" 200 6520
201.186.225.191 - - [04/Dec/2025:12:42:03 -0300] "GET /cormun/servlet/permisosadjuntos?INS,20024721,P,20251204124222,, HTTP/1.1" 200 5843
201.186.225.191 - - [04/Dec/2025:12:42:03 -0300] "GET /cormun/static/about:blank HTTP/1.1" 404 1011
201.186.225.191 - - [04/Dec/2025:12:42:13 -0300] "POST /cormun/servlet/permisosadjuntos?993d63689ff04a265a949e972e647748,INS,20024721,P,20251204124222,, HTTP/1.1" 200 116
201.186.225.191 - - [04/Dec/2025:12:42:13 -0300] "GET /cormun/servlet/hpexe_return? HTTP/1.1" 200 1032
201.186.225.191 - - [04/Dec/2025:12:42:13 -0300] "GET /cormun/servlet/trpermisosadjuntos?20024721,20251204124222,P, HTTP/1.1" 200 7007
201.186.225.191 - - [04/Dec/2025:12:42:16 -0300] "GET /cormun/servlet/trpermisosgoce? HTTP/1.1" 200 18169
201.186.225.191 - - [04/Dec/2025:12:42:19 -0300] "POST /cormun/servlet/trpermisosgoce?993d63689ff04a265a949e972e647748,,gx-no-cache=1764862980899 HTTP/1.1" 200 15520
201.186.225.191 - - [04/Dec/2025:12:42:20 -0300] "GET /cormun/static/Shared/jqueryui/images/ui-bg_highlight-soft_100_c6c2c8_1x100.png HTTP/1.1" 404 1117
201.186.225.191 - - [04/Dec/2025:12:42:20 -0300] "GET /cormun/static/Shared/jqueryui/images/ui-icons_82798d_256x240.png HTTP/1.1" 404 1089
201.186.225.191 - - [04/Dec/2025:12:42:20 -0300] "GET /cormun/static/Shared/jqueryui/images/ui-bg_flat_55_fafafa_40x100.png HTTP/1.1" 404 1097
201.186.225.191 - - [04/Dec/2025:12:42:20 -0300] "GET /cormun/static/Shared/jqueryui/images/ui-icons_8d78a5_256x240.png HTTP/1.1" 404 1089
190.95.67.99 - - [04/Dec/2025:12:42:28 -0300] "POST /cormun/servlet/trpermisosgoce?47d6f2a4c4b49d3363c3e0cdf2b13c1f,gx-no-cache=1764862990779 HTTP/1.1" 200 6059
201.186.225.191 - - [04/Dec/2025:12:42:30 -0300] "GET /cormun/servlet/permisogoce?INS,0,,, HTTP/1.1" 200 7059
201.186.225.191 - - [04/Dec/2025:12:42:34 -0300] "GET /cormun/servlet/prfichaempleado?,MD,,gxPopupLevel%3D0%3B HTTP/1.1" 200 9124
201.186.225.191 - - [04/Dec/2025:12:42:40 -0300] "POST /cormun/servlet/prfichaempleado?993d63689ff04a265a949e972e647748,,MD,,gxPopupLevel%3D0%3B,gx-no-cache=1764863001831 HTTP/1.1" 200 3421
201.186.225.191 - - [04/Dec/2025:12:42:43 -0300] "GET /cormun/servlet/permisogoce?3e8d0b0a92358277f8de5e4d6c3e3b31acee79fb6d71484c4a4bc7bc27e7d0175b4d8835463e7bb1f5f53ee8a65fdf1eb57d5f72ce6ca9ddb01920945fe5c0cb,gx-no-cache=1764863004875 HTTP/1.1" 200 90
201.186.225.191 - - [04/Dec/2025:12:42:50 -0300] "GET /cormun/servlet/permisogoce?3e8d0b0a92358277f8de5e4d6c3e3b31efeac23be38475ca5b57d09dcd8aeea3a2174e0c07848bcaa472a58ec0c9a9f75237e213e0a12e9f44f444c5d0428d97,gx-no-cache=1764863011712 HTTP/1.1" 200 48
190.95.67.99 - - [04/Dec/2025:12:42:53 -0300] "POST /cormun/servlet/trpermisosgoce?47d6f2a4c4b49d3363c3e0cdf2b13c1f,gx-no-cache=1764863015142 HTTP/1.1" 200 6082
201.186.225.191 - - [04/Dec/2025:12:42:53 -0300] "POST /cormun/servlet/permisogoce?993d63689ff04a265a949e972e647748,INS,0,,,,gx-no-cache=1764863014027 HTTP/1.1" 200 93
201.186.225.191 - - [04/Dec/2025:12:42:53 -0300] "GET /cormun/servlet/hpexe_return? HTTP/1.1" 200 1005
201.186.225.191 - - [04/Dec/2025:12:42:53 -0300] "GET /cormun/servlet/trpermisosgoce? HTTP/1.1" 200 18137
201.186.225.191 - - [04/Dec/2025:12:42:56 -0300] "GET /cormun/servlet/trpermisosadjuntos?20024721,20251204124315,P, HTTP/1.1" 200 6521
201.186.225.191 - - [04/Dec/2025:12:42:58 -0300] "GET /cormun/servlet/permisosadjuntos?INS,20024721,P,20251204124315,, HTTP/1.1" 200 5844
201.186.225.191 - - [04/Dec/2025:12:42:58 -0300] "GET /cormun/static/about:blank HTTP/1.1" 404 1011
201.186.225.191 - - [04/Dec/2025:12:43:09 -0300] "POST /cormun/servlet/permisosadjuntos?993d63689ff04a265a949e972e647748,INS,20024721,P,20251204124315,, HTTP/1.1" 200 116
201.186.225.191 - - [04/Dec/2025:12:43:09 -0300] "GET /cormun/servlet/hpexe_return? HTTP/1.1" 200 1032
201.186.225.191 - - [04/Dec/2025:12:43:09 -0300] "GET /cormun/servlet/trpermisosadjuntos?20024721,20251204124315,P, HTTP/1.1" 200 7007
201.186.225.191 - - [04/Dec/2025:12:43:13 -0300] "GET /cormun/servlet/trpermisosgoce? HTTP/1.1" 200 18146
201.186.225.191 - - [04/Dec/2025:12:43:17 -0300] "POST /cormun/servlet/trpermisosgoce?993d63689ff04a265a949e972e647748,,gx-no-cache=1764863038174 HTTP/1.1" 200 15497
201.186.225.191 - - [04/Dec/2025:12:43:17 -0300] "GET /cormun/static/Shared/jqueryui/images/ui-icons_82798d_256x240.png HTTP/1.1" 404 1089
201.186.225.191 - - [04/Dec/2025:12:43:17 -0300] "GET /cormun/static/Shared/jqueryui/images/ui-bg_highlight-soft_100_c6c2c8_1x100.png HTTP/1.1" 404 1117
201.186.225.191 - - [04/Dec/2025:12:43:17 -0300] "GET /cormun/static/Shared/jqueryui/images/ui-icons_8d78a5_256x240.png HTTP/1.1" 404 1089
201.186.225.191 - - [04/Dec/2025:12:43:17 -0300] "GET /cormun/static/Shared/jqueryui/images/ui-bg_flat_55_fafafa_40x100.png HTTP/1.1" 404 1097
190.95.67.99 - - [04/Dec/2025:12:43:52 -0300] "POST /cormun/servlet/trpermisosgoce?47d6f2a4c4b49d3363c3e0cdf2b13c1f,gx-no-cache=1764863074013 HTTP/1.1" 200 6590
201.186.225.191 - - [04/Dec/2025:12:43:55 -0300] "GET /cormun/servlet/permisogoce?INS,0,,, HTTP/1.1" 200 7059
190.100.68.141 - - [04/Dec/2025:12:44:08 -0300] "GET /cormun/servlet/hlogin HTTP/1.1" 200 1771
190.100.68.141 - - [04/Dec/2025:12:44:08 -0300] "GET /cormun/static/gxtimezone.js?85251 HTTP/1.1" 200 5781
190.100.68.141 - - [04/Dec/2025:12:44:08 -0300] "GET /cormun/static/gxtypesSD.js?85251 HTTP/1.1" 200 24551
190.100.68.141 - - [04/Dec/2025:12:44:08 -0300] "GET /cormun/static/gxfxSD.js?85251 HTTP/1.1" 200 15384
190.100.68.141 - - [04/Dec/2025:12:44:08 -0300] "GET /cormun/static/Resources/Spanish/PXTools.css?1759030 HTTP/1.1" 200 100853
190.100.68.141 - - [04/Dec/2025:12:44:08 -0300] "GET /cormun/static/gxhtmlSD.js?85251 HTTP/1.1" 200 50424
190.100.68.141 - - [04/Dec/2025:12:44:08 -0300] "GET /cormun/static/gxapiSD.js?85251 HTTP/1.1" 200 78773
190.100.68.141 - - [04/Dec/2025:12:44:08 -0300] "GET /cormun/static/gxpopupSD.js?85251 HTTP/1.1" 200 22377
190.100.68.141 - - [04/Dec/2025:12:44:09 -0300] "GET /cormun/static/gxfrmutlSD.js?85251 HTTP/1.1" 200 89044
190.100.68.141 - - [04/Dec/2025:12:44:09 -0300] "GET /cormun/static/gxgridSD.js?85251 HTTP/1.1" 200 50735
190.100.68.141 - - [04/Dec/2025:12:44:09 -0300] "GET /cormun/static/JavaScripTableSD.js?85251 HTTP/1.1" 200 25100
190.100.68.141 - - [04/Dec/2025:12:44:09 -0300] "GET /cormun/static/gxgralSD.js?85251 HTTP/1.1" 200 20927
190.100.68.141 - - [04/Dec/2025:12:44:09 -0300] "GET /cormun/static/rijndaelSD.js?85251 HTTP/1.1" 200 6763
190.100.68.141 - - [04/Dec/2025:12:44:09 -0300] "GET /cormun/static/gxcfg.js?85251 HTTP/1.1" 200 953
190.100.68.141 - - [04/Dec/2025:12:44:09 -0300] "GET /cormun/static/hlogin.js?2022112219184458 HTTP/1.1" 200 2156
190.100.68.141 - - [04/Dec/2025:12:44:09 -0300] "GET /cormun/static/messages.spa.js?85251 HTTP/1.1" 200 30736
190.100.68.141 - - [04/Dec/2025:12:44:09 -0300] "GET /cormun/static/Resources/CormunLogin.png HTTP/1.1" 200 19132
190.100.68.141 - - [04/Dec/2025:12:44:09 -0300] "GET /cormun/static/Resources/PXToolsLoginTop.png HTTP/1.1" 200 1337
190.100.68.141 - - [04/Dec/2025:12:44:09 -0300] "GET /cormun/static/Resources/PXToolsLoginBackground.png HTTP/1.1" 200 1164
190.100.68.141 - - [04/Dec/2025:12:44:09 -0300] "GET /cormun/static/Resources/PXToolsLoginBottom.png HTTP/1.1" 200 1389
190.100.68.141 - - [04/Dec/2025:12:44:09 -0300] "GET /cormun/static/Resources/PXToolsButtonRight.png HTTP/1.1" 200 1294
190.100.68.141 - - [04/Dec/2025:12:44:09 -0300] "GET /cormun/static/Resources/PXToolsButtonBackground.png HTTP/1.1" 200 1176
190.100.68.141 - - [04/Dec/2025:12:44:09 -0300] "GET /cormun/servlet/hlogin HTTP/1.1" 200 1781
190.100.68.141 - - [04/Dec/2025:12:44:09 -0300] "GET /favicon.ico HTTP/1.1" 200 21630
190.100.68.141 - - [04/Dec/2025:12:44:09 -0300] "GET /cormun/static/Resources/indicator.gif HTTP/1.1" 200 1553
190.100.68.141 - - [04/Dec/2025:12:44:09 -0300] "GET /cormun/static/Resources/PXToolsLoginBackground.png HTTP/1.1" 200 1164
190.100.68.141 - - [04/Dec/2025:12:44:09 -0300] "GET /cormun/static/Resources/PXToolsButtonRight.png HTTP/1.1" 200 1294
190.100.68.141 - - [04/Dec/2025:12:44:09 -0300] "GET /cormun/static/Resources/PXToolsLoginBottom.png HTTP/1.1" 200 1389
190.100.68.141 - - [04/Dec/2025:12:44:09 -0300] "GET /cormun/static/Resources/PXToolsLoginTop.png HTTP/1.1" 200 1337
190.100.68.141 - - [04/Dec/2025:12:44:09 -0300] "GET /cormun/static/Resources/PXToolsButtonLeft.png HTTP/1.1" 200 1310
190.100.68.141 - - [04/Dec/2025:12:44:09 -0300] "GET /cormun/static/Resources/PXToolsButtonBackground.png HTTP/1.1" 200 1176
201.186.225.191 - - [04/Dec/2025:12:44:13 -0300] "GET /cormun/servlet/prfichaempleado?,MD,,gxPopupLevel%3D0%3B HTTP/1.1" 200 9124
201.186.225.191 - - [04/Dec/2025:12:44:26 -0300] "POST /cormun/servlet/prfichaempleado?993d63689ff04a265a949e972e647748,,MD,,gxPopupLevel%3D0%3B,gx-no-cache=1764863107871 HTTP/1.1" 200 3404
201.186.225.191 - - [04/Dec/2025:12:44:30 -0300] "GET /cormun/servlet/permisogoce?3e8d0b0a92358277f8de5e4d6c3e3b317561402150dcfff0362635c387a6dec85b4d8835463e7bb1f5f53ee8a65fdf1eb57d5f72ce6ca9ddb01920945fe5c0cb,gx-no-cache=1764863111679 HTTP/1.1" 200 80
190.95.67.99 - - [04/Dec/2025:12:44:31 -0300] "POST /cormun/servlet/trpermisosgoce?47d6f2a4c4b49d3363c3e0cdf2b13c1f,gx-no-cache=1764863113819 HTTP/1.1" 200 6062
201.186.225.191 - - [04/Dec/2025:12:44:39 -0300] "GET /cormun/servlet/permisogoce?3e8d0b0a92358277f8de5e4d6c3e3b31cc530117f1b3dca2d1ae9dabadff0baa583f5822683695e6e6089df96a6d063107112aad8b44b7e7c6d2af2a8dbc7da1,gx-no-cache=1764863120557 HTTP/1.1" 200 47
201.186.225.191 - - [04/Dec/2025:12:44:42 -0300] "POST /cormun/servlet/permisogoce?993d63689ff04a265a949e972e647748,INS,0,,,,gx-no-cache=1764863123247 HTTP/1.1" 200 93
201.186.225.191 - - [04/Dec/2025:12:44:42 -0300] "GET /cormun/servlet/hpexe_return? HTTP/1.1" 200 1005
201.186.225.191 - - [04/Dec/2025:12:44:42 -0300] "GET /cormun/servlet/trpermisosgoce? HTTP/1.1" 200 18150
201.186.225.191 - - [04/Dec/2025:12:44:46 -0300] "GET /cormun/servlet/trpermisosadjuntos?10697377,20251204124439,P, HTTP/1.1" 200 6507
201.186.225.191 - - [04/Dec/2025:12:44:48 -0300] "GET /cormun/servlet/permisosadjuntos?INS,10697377,P,20251204124439,, HTTP/1.1" 200 5834
201.186.225.191 - - [04/Dec/2025:12:44:48 -0300] "GET /cormun/static/about:blank HTTP/1.1" 404 1011
190.95.67.99 - - [04/Dec/2025:12:44:59 -0300] "POST /cormun/servlet/trpermisosgoce?47d6f2a4c4b49d3363c3e0cdf2b13c1f,gx-no-cache=1764863141151 HTTP/1.1" 200 6569
201.186.225.191 - - [04/Dec/2025:12:44:59 -0300] "POST /cormun/servlet/permisosadjuntos?993d63689ff04a265a949e972e647748,INS,10697377,P,20251204124439,, HTTP/1.1" 200 116
201.186.225.191 - - [04/Dec/2025:12:44:59 -0300] "GET /cormun/servlet/hpexe_return? HTTP/1.1" 200 1033
201.186.225.191 - - [04/Dec/2025:12:45:00 -0300] "GET /cormun/servlet/trpermisosadjuntos?10697377,20251204124439,P, HTTP/1.1" 200 6998
201.186.225.191 - - [04/Dec/2025:12:45:05 -0300] "GET /cormun/servlet/trpermisosgoce? HTTP/1.1" 200 18133
201.186.225.191 - - [04/Dec/2025:12:45:10 -0300] "POST /cormun/servlet/trpermisosgoce?993d63689ff04a265a949e972e647748,,gx-no-cache=1764863151274 HTTP/1.1" 200 15439
201.186.225.191 - - [04/Dec/2025:12:45:10 -0300] "GET /cormun/static/Shared/jqueryui/images/ui-icons_82798d_256x240.png HTTP/1.1" 404 1089
201.186.225.191 - - [04/Dec/2025:12:45:10 -0300] "GET /cormun/static/Shared/jqueryui/images/ui-bg_highlight-soft_100_c6c2c8_1x100.png HTTP/1.1" 404 1117
201.186.225.191 - - [04/Dec/2025:12:45:10 -0300] "GET /cormun/static/Shared/jqueryui/images/ui-bg_flat_55_fafafa_40x100.png HTTP/1.1" 404 1097
201.186.225.191 - - [04/Dec/2025:12:45:10 -0300] "GET /cormun/static/Shared/jqueryui/images/ui-icons_8d78a5_256x240.png HTTP/1.1" 404 1089
201.186.225.191 - - [04/Dec/2025:12:45:19 -0300] "GET /cormun/servlet/trpermisosadjuntos?17507767,20251104102512,P, HTTP/1.1" 200 6511
201.186.225.191 - - [04/Dec/2025:12:45:24 -0300] "GET /cormun/servlet/trpermisosgoce? HTTP/1.1" 200 18110
190.95.67.93 - - [04/Dec/2025:12:45:31 -0300] "GET /cormun/servlet/trpermisosgoce HTTP/1.1" 200 6033
201.186.225.191 - - [04/Dec/2025:12:45:31 -0300] "GET /cormun/servlet/trpermisosadjuntos?17507767,20251104102512,P, HTTP/1.1" 200 6511
190.95.67.93 - - [04/Dec/2025:12:45:31 -0300] "GET /cormun/servlet/hlogin HTTP/1.1" 200 1739
201.186.225.191 - - [04/Dec/2025:12:45:32 -0300] "GET /cormun/servlet/permisosadjuntos?INS,17507767,P,20251104102512,, HTTP/1.1" 200 5843
201.186.225.191 - - [04/Dec/2025:12:45:32 -0300] "GET /cormun/static/about:blank HTTP/1.1" 404 1011
190.95.67.93 - - [04/Dec/2025:12:45:34 -0300] "POST /cormun/servlet/hlogin?887cf4d5b90ae62db01308ee22636190,gx-no-cache=1764863175485 HTTP/1.1" 200 90
190.95.67.93 - - [04/Dec/2025:12:45:34 -0300] "GET /cormun/servlet/hpexe_link HTTP/1.1" 200 957
190.95.67.93 - - [04/Dec/2025:12:45:34 -0300] "GET /cormun/servlet/trpermisosgoce HTTP/1.1" 200 18653
190.95.67.93 - - [04/Dec/2025:12:45:36 -0300] "GET /cormun/servlet/trlicencias? HTTP/1.1" 200 13867
190.95.67.99 - - [04/Dec/2025:12:45:43 -0300] "POST /cormun/servlet/trpermisosgoce?47d6f2a4c4b49d3363c3e0cdf2b13c1f,gx-no-cache=1764863185908 HTTP/1.1" 200 5335
201.186.226.3 - - [04/Dec/2025:12:46:30 -0300] "GET /cormun/servlet/hlogin HTTP/1.1" 200 1717
201.186.226.3 - - [04/Dec/2025:12:46:44 -0300] "POST /cormun/servlet/hlogin?296298e2fa10672ff357a19fd5a8e202,gx-no-cache=1764863247312 HTTP/1.1" 200 90
201.186.226.3 - - [04/Dec/2025:12:46:45 -0300] "GET /cormun/servlet/hpexe_link HTTP/1.1" 200 947
201.186.226.3 - - [04/Dec/2025:12:46:45 -0300] "GET /cormun/servlet/hhome HTTP/1.1" 200 3930
190.95.67.99 - - [04/Dec/2025:12:46:54 -0300] "POST /cormun/servlet/trpermisosgoce?47d6f2a4c4b49d3363c3e0cdf2b13c1f,gx-no-cache=1764863256501 HTTP/1.1" 200 5696
201.186.226.3 - - [04/Dec/2025:12:46:56 -0300] "GET /cormun/servlet/trpermisosgoce? HTTP/1.1" 200 14948
201.186.226.3 - - [04/Dec/2025:12:47:02 -0300] "GET /cormun/servlet/trpermisosadjuntos?20297062,20251203153018,P, HTTP/1.1" 200 6246
201.186.226.3 - - [04/Dec/2025:12:47:05 -0300] "GET /cormun/servlet/permisosadjuntos?INS,20297062,P,20251203153018,, HTTP/1.1" 200 5566
201.186.226.3 - - [04/Dec/2025:12:47:05 -0300] "GET /cormun/static/about:blank HTTP/1.1" 404 1011
190.95.67.99 - - [04/Dec/2025:12:47:12 -0300] "POST /cormun/servlet/trpermisosgoce?47d6f2a4c4b49d3363c3e0cdf2b13c1f,gx-no-cache=1764863274022 HTTP/1.1" 200 5924
190.95.67.99 - - [04/Dec/2025:12:47:35 -0300] "POST /cormun/servlet/trpermisosgoce?47d6f2a4c4b49d3363c3e0cdf2b13c1f,gx-no-cache=1764863297212 HTTP/1.1" 200 4204
190.95.67.99 - - [04/Dec/2025:12:47:46 -0300] "POST /cormun/servlet/trpermisosgoce?47d6f2a4c4b49d3363c3e0cdf2b13c1f,gx-no-cache=1764863308287 HTTP/1.1" 200 5375
190.95.67.99 - - [04/Dec/2025:12:48:01 -0300] "POST /cormun/servlet/trpermisosgoce?47d6f2a4c4b49d3363c3e0cdf2b13c1f,gx-no-cache=1764863323136 HTTP/1.1" 200 7315
190.95.67.99 - - [04/Dec/2025:12:48:10 -0300] "POST /cormun/servlet/trpermisosgoce?47d6f2a4c4b49d3363c3e0cdf2b13c1f,gx-no-cache=1764863332612 HTTP/1.1" 200 5942
190.95.67.99 - - [04/Dec/2025:12:48:28 -0300] "POST /cormun/servlet/trpermisosgoce?47d6f2a4c4b49d3363c3e0cdf2b13c1f,gx-no-cache=1764863350572 HTTP/1.1" 200 5326
201.186.225.191 - - [04/Dec/2025:12:48:57 -0300] "GET /cormun/servlet/hlogin HTTP/1.1" 200 1757
190.95.67.99 - - [04/Dec/2025:12:49:36 -0300] "POST /cormun/servlet/trpermisosgoce?47d6f2a4c4b49d3363c3e0cdf2b13c1f,gx-no-cache=1764863418560 HTTP/1.1" 200 5497
190.95.67.99 - - [04/Dec/2025:12:50:02 -0300] "POST /cormun/servlet/trpermisosgoce?47d6f2a4c4b49d3363c3e0cdf2b13c1f,gx-no-cache=1764863444636 HTTP/1.1" 200 6115
190.95.67.99 - - [04/Dec/2025:12:50:33 -0300] "POST /cormun/servlet/trpermisosgoce?47d6f2a4c4b49d3363c3e0cdf2b13c1f,gx-no-cache=1764863474519 HTTP/1.1" 200 5717
190.95.67.99 - - [04/Dec/2025:12:50:50 -0300] "POST /cormun/servlet/trpermisosgoce?47d6f2a4c4b49d3363c3e0cdf2b13c1f,gx-no-cache=1764863492367 HTTP/1.1" 200 6114
20.150.200.254 - - [04/Dec/2025:12:51:12 -0300] "-" 400 -
190.95.67.99 - - [04/Dec/2025:12:51:14 -0300] "POST /cormun/servlet/trpermisosgoce?47d6f2a4c4b49d3363c3e0cdf2b13c1f,gx-no-cache=1764863516029 HTTP/1.1" 200 6302
190.95.67.93 - - [04/Dec/2025:12:51:22 -0300] "GET /cormun/servlet/trpermisosgoce? HTTP/1.1" 200 18652
190.95.67.99 - - [04/Dec/2025:12:51:34 -0300] "POST /cormun/servlet/trpermisosgoce?47d6f2a4c4b49d3363c3e0cdf2b13c1f,gx-no-cache=1764863536652 HTTP/1.1" 200 5873
190.95.67.99 - - [04/Dec/2025:12:51:56 -0300] "POST /cormun/servlet/trpermisosgoce?47d6f2a4c4b49d3363c3e0cdf2b13c1f,gx-no-cache=1764863558187 HTTP/1.1" 200 5709
190.95.67.99 - - [04/Dec/2025:12:52:56 -0300] "POST /cormun/servlet/trpermisosgoce?47d6f2a4c4b49d3363c3e0cdf2b13c1f,gx-no-cache=1764863618353 HTTP/1.1" 200 5080
190.95.67.99 - - [04/Dec/2025:12:53:13 -0300] "POST /cormun/servlet/trpermisosgoce?47d6f2a4c4b49d3363c3e0cdf2b13c1f,gx-no-cache=1764863635961 HTTP/1.1" 200 6310
190.95.67.99 - - [04/Dec/2025:12:53:54 -0300] "POST /cormun/servlet/trpermisosgoce?47d6f2a4c4b49d3363c3e0cdf2b13c1f,gx-no-cache=1764863676056 HTTP/1.1" 200 5120
190.95.67.99 - - [04/Dec/2025:12:54:07 -0300] "POST /cormun/servlet/trpermisosgoce?47d6f2a4c4b49d3363c3e0cdf2b13c1f,gx-no-cache=1764863689970 HTTP/1.1" 200 5703
190.95.67.99 - - [04/Dec/2025:12:54:21 -0300] "POST /cormun/servlet/trpermisosgoce?47d6f2a4c4b49d3363c3e0cdf2b13c1f,gx-no-cache=1764863703636 HTTP/1.1" 200 6216
190.95.67.99 - - [04/Dec/2025:12:54:42 -0300] "POST /cormun/servlet/trpermisosgoce?47d6f2a4c4b49d3363c3e0cdf2b13c1f,gx-no-cache=1764863724747 HTTP/1.1" 200 6218
201.186.225.191 - - [04/Dec/2025:12:55:54 -0300] "GET /cormun/servlet/trcontratosolicitud? HTTP/1.1" 200 5858
190.95.67.99 - - [04/Dec/2025:12:56:25 -0300] "POST /cormun/servlet/trpermisosgoce?47d6f2a4c4b49d3363c3e0cdf2b13c1f,gx-no-cache=1764863827470 HTTP/1.1" 200 5501
190.95.67.99 - - [04/Dec/2025:12:56:40 -0300] "POST /cormun/servlet/trpermisosgoce?47d6f2a4c4b49d3363c3e0cdf2b13c1f,gx-no-cache=1764863842615 HTTP/1.1" 200 5707
190.95.67.99 - - [04/Dec/2025:12:57:03 -0300] "POST /cormun/servlet/trpermisosgoce?47d6f2a4c4b49d3363c3e0cdf2b13c1f,gx-no-cache=1764863865270 HTTP/1.1" 200 5758
190.95.67.99 - - [04/Dec/2025:12:57:29 -0300] "POST /cormun/servlet/trpermisosgoce?47d6f2a4c4b49d3363c3e0cdf2b13c1f,gx-no-cache=1764863890946 HTTP/1.1" 200 5743
190.95.67.99 - - [04/Dec/2025:12:57:58 -0300] "POST /cormun/servlet/trpermisosgoce?47d6f2a4c4b49d3363c3e0cdf2b13c1f,gx-no-cache=1764863920829 HTTP/1.1" 200 5125
190.95.67.99 - - [04/Dec/2025:12:58:14 -0300] "POST /cormun/servlet/trpermisosgoce?47d6f2a4c4b49d3363c3e0cdf2b13c1f,gx-no-cache=1764863936966 HTTP/1.1" 200 5353
201.186.226.3 - - [04/Dec/2025:12:59:41 -0300] "POST /cormun/servlet/permisosadjuntos?296298e2fa10672ff357a19fd5a8e202,INS,20297062,P,20251203153018,, HTTP/1.1" 200 116
201.186.226.3 - - [04/Dec/2025:12:59:41 -0300] "GET /cormun/servlet/hpexe_return? HTTP/1.1" 200 1031
201.186.226.3 - - [04/Dec/2025:12:59:42 -0300] "GET /cormun/servlet/trpermisosadjuntos?20297062,20251203153018,P, HTTP/1.1" 200 6731
201.186.226.3 - - [04/Dec/2025:12:59:46 -0300] "POST /cormun/servlet/trpermisosadjuntos?296298e2fa10672ff357a19fd5a8e202,20297062,20251203153018,P,,gx-no-cache=1764864028476 HTTP/1.1" 200 90
201.186.226.3 - - [04/Dec/2025:12:59:46 -0300] "GET /cormun/servlet/hpexe_link HTTP/1.1" 200 976
201.186.226.3 - - [04/Dec/2025:12:59:46 -0300] "GET /cormun/servlet/trpermisosgoce HTTP/1.1" 200 14932
190.95.67.99 - - [04/Dec/2025:12:59:51 -0300] "POST /cormun/servlet/trpermisosgoce?47d6f2a4c4b49d3363c3e0cdf2b13c1f,gx-no-cache=1764864033724 HTTP/1.1" 200 6265
201.186.226.3 - - [04/Dec/2025:12:59:53 -0300] "POST /cormun/servlet/trpermisosgoce?296298e2fa10672ff357a19fd5a8e202,gx-no-cache=1764864035128 HTTP/1.1" 200 12244
201.186.226.3 - - [04/Dec/2025:12:59:53 -0300] "GET /cormun/static/Shared/jqueryui/images/ui-icons_82798d_256x240.png HTTP/1.1" 404 1089
201.186.226.3 - - [04/Dec/2025:12:59:53 -0300] "GET /cormun/static/Shared/jqueryui/images/ui-bg_highlight-soft_100_c6c2c8_1x100.png HTTP/1.1" 404 1117
201.186.226.3 - - [04/Dec/2025:12:59:53 -0300] "GET /cormun/static/Shared/jqueryui/images/ui-icons_8d78a5_256x240.png HTTP/1.1" 404 1089
201.186.226.3 - - [04/Dec/2025:12:59:53 -0300] "GET /cormun/static/Shared/jqueryui/images/ui-bg_flat_55_fafafa_40x100.png HTTP/1.1" 404 1097
201.186.226.3 - - [04/Dec/2025:13:00:03 -0300] "GET /cormun/servlet/hlogin HTTP/1.1" 200 1737
190.95.67.99 - - [04/Dec/2025:13:00:14 -0300] "POST /cormun/servlet/trpermisosgoce?47d6f2a4c4b49d3363c3e0cdf2b13c1f,gx-no-cache=1764864056570 HTTP/1.1" 200 6238
201.186.226.3 - - [04/Dec/2025:13:00:15 -0300] "POST /cormun/servlet/hlogin?296298e2fa10672ff357a19fd5a8e202,gx-no-cache=1764864058152 HTTP/1.1" 200 90
201.186.226.3 - - [04/Dec/2025:13:00:15 -0300] "GET /cormun/servlet/hpexe_link HTTP/1.1" 200 973
201.186.226.3 - - [04/Dec/2025:13:00:16 -0300] "GET /cormun/servlet/trpermisosgoce?gx-no-cache=1764864035128 HTTP/1.1" 200 14890
190.95.67.99 - - [04/Dec/2025:13:00:58 -0300] "POST /cormun/servlet/trpermisosgoce?47d6f2a4c4b49d3363c3e0cdf2b13c1f,gx-no-cache=1764864100639 HTTP/1.1" 200 6233
190.95.67.99 - - [04/Dec/2025:13:01:25 -0300] "POST /cormun/servlet/trpermisosgoce?47d6f2a4c4b49d3363c3e0cdf2b13c1f,gx-no-cache=1764864127029 HTTP/1.1" 200 4204
190.95.67.99 - - [04/Dec/2025:13:01:40 -0300] "POST /cormun/servlet/trpermisosgoce?47d6f2a4c4b49d3363c3e0cdf2b13c1f,gx-no-cache=1764864142365 HTTP/1.1" 200 5599
190.95.67.99 - - [04/Dec/2025:13:02:15 -0300] "POST /cormun/servlet/trpermisosgoce?47d6f2a4c4b49d3363c3e0cdf2b13c1f,gx-no-cache=1764864177118 HTTP/1.1" 200 5315
190.95.67.99 - - [04/Dec/2025:13:02:35 -0300] "POST /cormun/servlet/trpermisosgoce?47d6f2a4c4b49d3363c3e0cdf2b13c1f,gx-no-cache=1764864197062 HTTP/1.1" 200 5537
201.186.226.3 - - [04/Dec/2025:13:04:06 -0300] "GET /cormun/servlet/hlogin HTTP/1.1" 200 1758
201.186.226.3 - - [04/Dec/2025:13:04:24 -0300] "POST /cormun/servlet/hlogin?296298e2fa10672ff357a19fd5a8e202,gx-no-cache=1764864307048 HTTP/1.1" 200 90
201.186.226.3 - - [04/Dec/2025:13:04:24 -0300] "GET /cormun/servlet/hpexe_link HTTP/1.1" 200 947
201.186.226.3 - - [04/Dec/2025:13:04:24 -0300] "GET /cormun/servlet/hhome HTTP/1.1" 200 4314
201.186.226.3 - - [04/Dec/2025:13:04:32 -0300] "GET /cormun/servlet/trautorizarpermisogoce? HTTP/1.1" 200 8007
201.186.226.3 - - [04/Dec/2025:13:04:44 -0300] "POST /cormun/servlet/trautorizarpermisogoce?296298e2fa10672ff357a19fd5a8e202,,gx-no-cache=1764864327092 HTTP/1.1" 200 4516
201.186.226.3 - - [04/Dec/2025:13:04:55 -0300] "GET /cormun/servlet/hlogin HTTP/1.1" 200 1743
201.186.226.3 - - [04/Dec/2025:13:05:06 -0300] "POST /cormun/servlet/hlogin?296298e2fa10672ff357a19fd5a8e202,gx-no-cache=1764864348561 HTTP/1.1" 200 90
201.186.226.3 - - [04/Dec/2025:13:05:06 -0300] "GET /cormun/servlet/hpexe_link HTTP/1.1" 200 947
201.186.226.3 - - [04/Dec/2025:13:05:06 -0300] "GET /cormun/servlet/hhome HTTP/1.1" 200 3930
201.186.226.3 - - [04/Dec/2025:13:05:11 -0300] "GET /cormun/servlet/trpermisosgoce? HTTP/1.1" 200 14907
201.186.226.3 - - [04/Dec/2025:13:05:23 -0300] "GET /cormun/servlet/hlogin HTTP/1.1" 200 1738
190.95.67.97 - - [04/Dec/2025:13:05:35 -0300] "GET /cormun/servlet/permisogoce?INS,0,,, HTTP/1.1" 200 6053
190.95.67.97 - - [04/Dec/2025:13:05:36 -0300] "GET /cormun/servlet/hlogin HTTP/1.1" 200 1744
190.95.67.97 - - [04/Dec/2025:13:05:44 -0300] "POST /cormun/servlet/hlogin?af9b73c417faf2a1c2354ee605646390,gx-no-cache=1764864384431 HTTP/1.1" 200 90
190.95.67.97 - - [04/Dec/2025:13:05:44 -0300] "GET /cormun/servlet/hpexe_link HTTP/1.1" 200 964
190.95.67.97 - - [04/Dec/2025:13:05:44 -0300] "GET /cormun/servlet/permisogoce?INS,0,,, HTTP/1.1" 200 6584
190.95.67.97 - - [04/Dec/2025:13:06:08 -0300] "GET /cormun/servlet/permisogoce?437f1caaa739fccd3f3f9139d26428a083844eae047f937b95957c0c317836739241646a37a8ef73e09482d398e5cc85a4823160d9aa41186a4be0139651316e,gx-no-cache=1764864407840 HTTP/1.1" 200 78
190.95.67.97 - - [04/Dec/2025:13:06:09 -0300] "GET /cormun/static/menuarrow.gif HTTP/1.1" 404 1015
190.95.67.97 - - [04/Dec/2025:13:06:13 -0300] "GET /cormun/servlet/permisogoce?437f1caaa739fccd3f3f9139d26428a09da2abaa72dd9259f55d97956069793c0b5fafc637e6bd0bf3dde4356ee7292d8aceb069e5e6682380dd0102e413a52f,gx-no-cache=1764864413110 HTTP/1.1" 200 47
190.95.67.97 - - [04/Dec/2025:13:06:15 -0300] "POST /cormun/servlet/permisogoce?af9b73c417faf2a1c2354ee605646390,INS,0,,,,gx-no-cache=1764864415130 HTTP/1.1" 200 93
190.95.67.97 - - [04/Dec/2025:13:06:15 -0300] "GET /cormun/servlet/hpexe_return? HTTP/1.1" 200 1007
190.95.67.97 - - [04/Dec/2025:13:06:15 -0300] "GET /cormun/servlet/hhome HTTP/1.1" 200 3890
190.95.67.97 - - [04/Dec/2025:13:06:15 -0300] "GET /cormun/static/gxcfg.js?20201215495537 HTTP/1.1" 200 953
190.95.67.97 - - [04/Dec/2025:13:06:15 -0300] "GET /cormun/static/hhome.js?20201215495544 HTTP/1.1" 200 777
190.95.67.97 - - [04/Dec/2025:13:06:18 -0300] "GET /cormun/servlet/trpermisosgoce? HTTP/1.1" 200 12639
190.95.67.97 - - [04/Dec/2025:13:06:20 -0300] "GET /cormun/servlet/apermisogoceprn?10054303,P,20251204130629,PU HTTP/1.1" 200 1654
201.186.225.187 - - [04/Dec/2025:13:23:26 -0300] "GET /cormun/servlet/trpermisosgoce? HTTP/1.1" 200 6027
201.186.225.187 - - [04/Dec/2025:13:23:26 -0300] "GET /cormun/servlet/hlogin HTTP/1.1" 200 1735
201.186.225.187 - - [04/Dec/2025:13:23:32 -0300] "POST /cormun/servlet/hlogin?021350f3000c7cfe6c96d5a72d8622f2,gx-no-cache=1764869088118 HTTP/1.1" 200 90
201.186.225.187 - - [04/Dec/2025:13:23:32 -0300] "GET /cormun/servlet/hpexe_link HTTP/1.1" 200 954
201.186.225.187 - - [04/Dec/2025:13:23:32 -0300] "GET /cormun/servlet/trpermisosgoce HTTP/1.1" 200 12581
201.186.225.187 - - [04/Dec/2025:13:23:36 -0300] "GET /cormun/servlet/permisogoce?INS,0,,, HTTP/1.1" 200 6822
201.186.225.187 - - [04/Dec/2025:13:23:42 -0300] "GET /cormun/servlet/permisogoce?c1ed61f8f63ceac41baaf7396446ddecdf78a01fe6f82da20c9e1ec9d66e11eacb9b562ca0370237e6deeb40ee4f25d8351161d39b07be7b0c7d8ec0c8a70e98,gx-no-cache=1764869097615 HTTP/1.1" 200 86
201.186.225.187 - - [04/Dec/2025:13:23:46 -0300] "GET /cormun/static/menuarrow.gif HTTP/1.1" 404 1015
201.186.225.187 - - [04/Dec/2025:13:23:48 -0300] "GET /cormun/servlet/permisogoce?c1ed61f8f63ceac41baaf7396446ddecd355e6a8924acffa9d2dafea73c087d9c1386621800eef28fc8d067ca69d37e03589fdd2ed5302a4546ec03564871f3a,gx-no-cache=1764869104416 HTTP/1.1" 200 47
201.186.225.187 - - [04/Dec/2025:13:23:53 -0300] "POST /cormun/servlet/permisogoce?021350f3000c7cfe6c96d5a72d8622f2,INS,0,,,,gx-no-cache=1764869107777 HTTP/1.1" 200 93
201.186.225.187 - - [04/Dec/2025:13:23:53 -0300] "GET /cormun/servlet/hpexe_return? HTTP/1.1" 200 1007
201.186.225.187 - - [04/Dec/2025:13:23:53 -0300] "GET /cormun/servlet/trpermisosgoce HTTP/1.1" 200 12858
201.186.225.187 - - [04/Dec/2025:13:24:02 -0300] "GET /cormun/servlet/apermisogoceprn?9195037,P,20251204132421,PU HTTP/1.1" 200 1660
190.95.15.31 - - [04/Dec/2025:13:24:32 -0300] "GET /cormun/servlet/hlogin HTTP/1.1" 200 1722
190.95.15.31 - - [04/Dec/2025:13:24:35 -0300] "GET /cormun/static/Resources/Spanish/PXTools.css?1759030 HTTP/1.1" 304 -
190.95.15.31 - - [04/Dec/2025:13:24:35 -0300] "GET /cormun/static/gxcfg.js?2022112219184450 HTTP/1.1" 304 -
190.95.15.31 - - [04/Dec/2025:13:24:35 -0300] "GET /cormun/static/messages.spa.js?85251 HTTP/1.1" 304 -
190.95.15.31 - - [04/Dec/2025:13:24:36 -0300] "GET /cormun/static/hlogin.js?2022112219184458 HTTP/1.1" 304 -
190.95.15.31 - - [04/Dec/2025:13:24:38 -0300] "GET /cormun/servlet/hlogin HTTP/1.1" 200 1733
190.95.15.31 - - [04/Dec/2025:13:24:38 -0300] "GET /favicon.ico HTTP/1.1" 200 21630
190.95.15.31 - - [04/Dec/2025:13:24:42 -0300] "POST /cormun/servlet/hlogin?bf33a373678112af4af02e501acfa833,gx-no-cache=1764865521734 HTTP/1.1" 200 90
190.95.15.31 - - [04/Dec/2025:13:24:42 -0300] "GET /cormun/servlet/hpexe_link HTTP/1.1" 200 954
190.95.15.31 - - [04/Dec/2025:13:24:42 -0300] "GET /cormun/static/Resources/Spanish/PXTools.css?8354383 HTTP/1.1" 304 -
190.95.15.31 - - [04/Dec/2025:13:24:42 -0300] "GET /cormun/static/hpexe_link.js?20221129847423 HTTP/1.1" 304 -
190.95.15.31 - - [04/Dec/2025:13:24:42 -0300] "GET /cormun/static/gxcfg.js?20221129847421 HTTP/1.1" 304 -
190.95.15.31 - - [04/Dec/2025:13:24:49 -0300] "GET /cormun/servlet/hhome HTTP/1.1" 200 4358
190.95.15.31 - - [04/Dec/2025:13:24:49 -0300] "GET /cormun/static/Resources/Spanish/PXTools.css?14345360 HTTP/1.1" 304 -
190.95.15.31 - - [04/Dec/2025:13:24:50 -0300] "GET /cormun/static/gxcfg.js?20201215495537 HTTP/1.1" 304 -
190.95.15.31 - - [04/Dec/2025:13:24:50 -0300] "GET /cormun/static/hwchdr01.js?2022112219251119 HTTP/1.1" 304 -
190.95.15.31 - - [04/Dec/2025:13:24:50 -0300] "GET /cormun/static/hhome.js?20201215495544 HTTP/1.1" 304 -
190.95.15.31 - - [04/Dec/2025:13:24:50 -0300] "GET /cormun/static/hpexe_recentlink.js?20201214471090 HTTP/1.1" 304 -
190.95.15.31 - - [04/Dec/2025:13:24:50 -0300] "GET /cormun/static/hpexe_scripts.js?20201214471411 HTTP/1.1" 304 -
190.95.15.31 - - [04/Dec/2025:13:24:50 -0300] "GET /cormun/static/hpexe_messagegenexuscomponent.js?20221129836373 HTTP/1.1" 304 -
190.95.15.31 - - [04/Dec/2025:13:24:50 -0300] "GET /cormun/static/hpexe_messagepopupcomponent.js?2020121447232 HTTP/1.1" 304 -
190.95.15.31 - - [04/Dec/2025:13:24:50 -0300] "GET /cormun/static/hpexe_messagecontroller.js?202211298371222 HTTP/1.1" 304 -
190.95.15.31 - - [04/Dec/2025:13:24:50 -0300] "GET /cormun/static/cmcontrolpreferences.js?20199141926336 HTTP/1.1" 304 -
190.95.15.31 - - [04/Dec/2025:13:24:50 -0300] "GET /cormun/static/hmpwkw03.js?20221129844354 HTTP/1.1" 304 -
190.95.15.31 - - [04/Dec/2025:13:24:59 -0300] "GET /cormun/servlet/trpermisosgoce? HTTP/1.1" 200 16724
190.95.15.31 - - [04/Dec/2025:13:25:03 -0300] "GET /cormun/servlet/permisogoce?INS,0,,, HTTP/1.1" 200 7257
190.95.15.31 - - [04/Dec/2025:13:25:15 -0300] "GET /cormun/servlet/permisogoce?7df2da72bc87b24d318b27969a8ca36973009eee40293783c4052da90ed29095fe9971528cff6da636e0b470b07cba53c4578495db787985ab36c9eba0366ad8,gx-no-cache=1764865554637 HTTP/1.1" 200 73
190.95.15.31 - - [04/Dec/2025:13:25:15 -0300] "GET /cormun/static/menuarrow.gif HTTP/1.1" 404 1015
190.95.15.31 - - [04/Dec/2025:13:25:24 -0300] "GET /cormun/servlet/permisogoce?7df2da72bc87b24d318b27969a8ca3691c0c3974570d59b97dceb77254fc67a342e043e2f6513a37cdbcee34cc71bef5fb90b700d1ff2cfe4e406d136b988135,gx-no-cache=1764865564252 HTTP/1.1" 200 47
190.95.15.31 - - [04/Dec/2025:13:25:38 -0300] "POST /cormun/servlet/permisogoce?bf33a373678112af4af02e501acfa833,INS,0,,,,gx-no-cache=1764865576854 HTTP/1.1" 200 93
190.95.15.31 - - [04/Dec/2025:13:25:38 -0300] "GET /cormun/servlet/hpexe_return? HTTP/1.1" 200 1012
190.95.15.31 - - [04/Dec/2025:13:25:39 -0300] "GET /cormun/servlet/trpermisosgoce HTTP/1.1" 200 16912
190.95.15.31 - - [04/Dec/2025:13:25:42 -0300] "GET /cormun/servlet/apermisogoceprn?17507861,P,20251204132548,PU HTTP/1.1" 200 1657
201.186.225.191 - - [04/Dec/2025:13:25:47 -0300] "GET /cormun/servlet/hlogin HTTP/1.1" 200 1757
201.186.225.191 - - [04/Dec/2025:13:25:48 -0300] "GET /cormun/servlet/hlogin HTTP/1.1" 200 1716
201.186.225.191 - - [04/Dec/2025:13:25:56 -0300] "POST /cormun/servlet/hlogin?993d63689ff04a265a949e972e647748,gx-no-cache=1764865597794 HTTP/1.1" 200 90
201.186.225.191 - - [04/Dec/2025:13:25:56 -0300] "GET /cormun/servlet/hpexe_link HTTP/1.1" 200 955
201.186.225.191 - - [04/Dec/2025:13:25:56 -0300] "GET /cormun/servlet/trcontratosolicitud HTTP/1.1" 200 14733
201.186.225.191 - - [04/Dec/2025:13:27:07 -0300] "GET /cormun/servlet/trpermisosgoce? HTTP/1.1" 200 18102
201.186.225.191 - - [04/Dec/2025:13:27:11 -0300] "GET /cormun/servlet/permisogoce?INS,0,,, HTTP/1.1" 200 7059
201.186.225.191 - - [04/Dec/2025:13:27:15 -0300] "GET /cormun/servlet/prfichaempleado?,MD,,gxPopupLevel%3D0%3B HTTP/1.1" 200 9124
201.186.225.191 - - [04/Dec/2025:13:36:02 -0300] "GET /cormun/servlet/prfichaempleado?,MD,,gxPopupLevel%3D0%3B HTTP/1.1" 200 9124
201.186.225.191 - - [04/Dec/2025:13:36:12 -0300] "POST /cormun/servlet/prfichaempleado?993d63689ff04a265a949e972e647748,,MD,,gxPopupLevel%3D0%3B,gx-no-cache=1764866213226 HTTP/1.1" 200 3412
201.186.225.191 - - [04/Dec/2025:13:36:39 -0300] "GET /cormun/servlet/permisogoce?3e8d0b0a92358277f8de5e4d6c3e3b310657c8db2192f177d0d9244dbce7c7185b4d8835463e7bb1f5f53ee8a65fdf1eb57d5f72ce6ca9ddb01920945fe5c0cb,gx-no-cache=1764866241032 HTTP/1.1" 200 84
201.186.225.191 - - [04/Dec/2025:13:36:40 -0300] "GET /cormun/static/menuarrow.gif HTTP/1.1" 404 1015
201.186.225.191 - - [04/Dec/2025:13:36:49 -0300] "GET /cormun/servlet/permisogoce?3e8d0b0a92358277f8de5e4d6c3e3b312e59b15de2f5175f0925ff9d19428b2cd6219304ee0364df47bb9ff6fabf786707112aad8b44b7e7c6d2af2a8dbc7da1,gx-no-cache=1764866251046 HTTP/1.1" 200 48
201.186.225.191 - - [04/Dec/2025:13:36:53 -0300] "POST /cormun/servlet/permisogoce?993d63689ff04a265a949e972e647748,INS,0,,,,gx-no-cache=1764866254350 HTTP/1.1" 200 93
201.186.225.191 - - [04/Dec/2025:13:36:53 -0300] "GET /cormun/servlet/hpexe_return? HTTP/1.1" 200 1005
201.186.225.191 - - [04/Dec/2025:13:36:54 -0300] "GET /cormun/servlet/trpermisosgoce HTTP/1.1" 200 18086
201.186.225.191 - - [04/Dec/2025:13:37:16 -0300] "POST /cormun/servlet/trpermisosgoce?993d63689ff04a265a949e972e647748,gx-no-cache=1764866277003 HTTP/1.1" 200 6146
201.186.225.191 - - [04/Dec/2025:13:37:26 -0300] "POST /cormun/servlet/trpermisosgoce?993d63689ff04a265a949e972e647748,gx-no-cache=1764866287344 HTTP/1.1" 200 5932
201.186.225.191 - - [04/Dec/2025:13:37:26 -0300] "POST /cormun/servlet/trpermisosgoce?993d63689ff04a265a949e972e647748,gx-no-cache=1764866287678 HTTP/1.1" 200 5912
201.186.225.191 - - [04/Dec/2025:13:37:39 -0300] "POST /cormun/servlet/trpermisosgoce?993d63689ff04a265a949e972e647748,gx-no-cache=1764866300081 HTTP/1.1" 200 6125
201.186.225.191 - - [04/Dec/2025:13:38:46 -0300] "POST /cormun/servlet/trpermisosgoce?993d63689ff04a265a949e972e647748,gx-no-cache=1764866367541 HTTP/1.1" 200 5766
201.186.225.187 - - [04/Dec/2025:13:39:17 -0300] "POST /cormun/servlet/trpermisosgoce?021350f3000c7cfe6c96d5a72d8622f2,gx-no-cache=1764870032411 HTTP/1.1" 200 9614
201.186.225.187 - - [04/Dec/2025:13:39:17 -0300] "POST /cormun/servlet/trpermisosgoce?021350f3000c7cfe6c96d5a72d8622f2,gx-no-cache=1764870032827 HTTP/1.1" 200 9594
201.186.225.191 - - [04/Dec/2025:13:39:43 -0300] "POST /cormun/servlet/trpermisosgoce?993d63689ff04a265a949e972e647748,gx-no-cache=1764866424252 HTTP/1.1" 200 5960
190.95.67.97 - - [04/Dec/2025:13:40:20 -0300] "GET /cormun/servlet/permisogoce?INS,0,,, HTTP/1.1" 200 6032
190.95.67.97 - - [04/Dec/2025:13:40:21 -0300] "GET /cormun/servlet/hlogin HTTP/1.1" 200 1748
190.95.67.97 - - [04/Dec/2025:13:40:26 -0300] "POST /cormun/servlet/hlogin?fec6aa21ccff96c4e64f90184a23e605,gx-no-cache=1764866466210 HTTP/1.1" 200 90
190.95.67.97 - - [04/Dec/2025:13:40:26 -0300] "GET /cormun/servlet/hpexe_link HTTP/1.1" 200 967
190.95.67.97 - - [04/Dec/2025:13:40:26 -0300] "GET /cormun/servlet/permisogoce?INS,0,,, HTTP/1.1" 200 6584
190.95.67.97 - - [04/Dec/2025:13:40:31 -0300] "GET /cormun/servlet/permisogoce?76f5f4384fe19e2718a2066f0992a24c325a2afe0e4fc55aff653b649b3321b69a869a1c24f5ecbea371d1764e812895d4da3be75e29594e45f50a00046cc6b9,gx-no-cache=1764866471608 HTTP/1.1" 200 80
201.186.225.191 - - [04/Dec/2025:13:40:38 -0300] "POST /cormun/servlet/trpermisosgoce?993d63689ff04a265a949e972e647748,gx-no-cache=1764866479265 HTTP/1.1" 200 15418
201.186.225.191 - - [04/Dec/2025:13:40:45 -0300] "GET /cormun/servlet/hlogin HTTP/1.1" 200 1734
40.77.167.61 - - [04/Dec/2025:13:46:32 -0300] "GET /cormun/servlet/hlogin HTTP/1.1" 200 1720
179.57.78.55 - - [04/Dec/2025:13:48:55 -0300] "GET /cormun/servlet/trpermisosgoce? HTTP/1.1" 200 6024
179.57.78.55 - - [04/Dec/2025:13:48:56 -0300] "GET /cormun/servlet/hlogin HTTP/1.1" 200 1735
179.57.78.55 - - [04/Dec/2025:13:49:03 -0300] "POST /cormun/servlet/hlogin?b9513073b6e8176cc744892f9c5168e6,gx-no-cache=1764866979687 HTTP/1.1" 200 90
179.57.78.55 - - [04/Dec/2025:13:49:03 -0300] "GET /cormun/servlet/hpexe_link HTTP/1.1" 200 954
179.57.78.55 - - [04/Dec/2025:13:49:03 -0300] "GET /cormun/servlet/trpermisosgoce HTTP/1.1" 200 18441
179.57.78.55 - - [04/Dec/2025:13:49:06 -0300] "GET /cormun/servlet/permisogoce?INS,0,,, HTTP/1.1" 200 6839
179.57.78.55 - - [04/Dec/2025:13:49:22 -0300] "GET /cormun/servlet/permisogoce?c42b6d2d3f2439364a83b561e7e9d7615053ae083616d5008240e74556513eae226bdd33a3d7ef9444b37c49b49d9a228a7783a700d01e94e96154f6bf54330d,gx-no-cache=1764866998863 HTTP/1.1" 200 79
179.57.78.55 - - [04/Dec/2025:13:49:24 -0300] "GET /cormun/static/menuarrow.gif HTTP/1.1" 404 1015
179.57.78.55 - - [04/Dec/2025:13:49:28 -0300] "GET /cormun/servlet/permisogoce?c42b6d2d3f2439364a83b561e7e9d7618723c2a5bd11e3875893f3b2c545eeabe0d9a742074d47e19d69780006d3ba1e0212a14b65ab0b841335da24de5c18cc,gx-no-cache=1764867005232 HTTP/1.1" 200 48
179.57.78.55 - - [04/Dec/2025:13:49:30 -0300] "POST /cormun/servlet/permisogoce?b9513073b6e8176cc744892f9c5168e6,INS,0,,,,gx-no-cache=1764867006583 HTTP/1.1" 200 93
179.57.78.55 - - [04/Dec/2025:13:49:30 -0300] "GET /cormun/servlet/hpexe_return? HTTP/1.1" 200 1006
179.57.78.55 - - [04/Dec/2025:13:49:30 -0300] "GET /cormun/servlet/trpermisosgoce HTTP/1.1" 200 18445
179.57.78.55 - - [04/Dec/2025:13:49:37 -0300] "GET /cormun/servlet/apermisogoceprn?11981479,P,20251204134951,PU HTTP/1.1" 200 1644
190.95.15.31 - - [04/Dec/2025:13:50:28 -0300] "GET /cormun/servlet/permisogoce?INS,0,,, HTTP/1.1" 200 7255
190.95.15.31 - - [04/Dec/2025:13:50:41 -0300] "GET /cormun/servlet/permisogoce?7df2da72bc87b24d318b27969a8ca369576352aae6aacec9b6f52dc2a6eeea40fe9971528cff6da636e0b470b07cba53c4578495db787985ab36c9eba0366ad8,gx-no-cache=1764867078150 HTTP/1.1" 200 81
190.95.15.31 - - [04/Dec/2025:13:50:41 -0300] "GET /cormun/static/menuarrow.gif HTTP/1.1" 404 1015
190.95.15.31 - - [04/Dec/2025:13:50:50 -0300] "GET /cormun/servlet/permisogoce?7df2da72bc87b24d318b27969a8ca3698a031c46f6d7d48911c44154429cae820a7577fb50fd4ac79569204b94ea85d7fb90b700d1ff2cfe4e406d136b988135,gx-no-cache=1764867089906 HTTP/1.1" 200 47
190.95.15.31 - - [04/Dec/2025:13:50:55 -0300] "POST /cormun/servlet/permisogoce?bf33a373678112af4af02e501acfa833,INS,0,,,,gx-no-cache=1764867094526 HTTP/1.1" 200 93
190.95.15.31 - - [04/Dec/2025:13:50:56 -0300] "GET /cormun/servlet/hpexe_return? HTTP/1.1" 200 1012
190.95.15.31 - - [04/Dec/2025:13:50:56 -0300] "GET /cormun/servlet/trpermisosgoce HTTP/1.1" 200 17094
190.95.15.31 - - [04/Dec/2025:13:51:08 -0300] "GET /cormun/servlet/apermisogoceprn?16883038,P,20251204135113,PU HTTP/1.1" 200 1677
206.168.34.55 - - [04/Dec/2025:13:59:12 -0300] "GET / HTTP/1.1" 200 11217
206.168.34.55 - - [04/Dec/2025:13:59:14 -0300] "PRI * HTTP/2.0" 505 -
206.168.34.55 - - [04/Dec/2025:13:59:17 -0300] "GET /favicon.ico HTTP/1.1" 200 21630
206.168.34.55 - - [04/Dec/2025:14:00:08 -0300] "GET /robots.txt HTTP/1.1" 404 981
148.222.218.189 - - [04/Dec/2025:14:05:09 -0300] "GET /cormun/servlet/hlogin HTTP/1.1" 200 1716
148.222.218.189 - - [04/Dec/2025:14:05:12 -0300] "POST /cormun/servlet/hlogin?144062ea1b59dcba8a58c40f5c30ac3f,gx-no-cache=1764867954310 HTTP/1.1" 200 90
148.222.218.189 - - [04/Dec/2025:14:05:12 -0300] "GET /cormun/servlet/hpexe_link HTTP/1.1" 200 947
148.222.218.189 - - [04/Dec/2025:14:05:12 -0300] "GET /cormun/servlet/hhome HTTP/1.1" 200 4326
148.222.218.189 - - [04/Dec/2025:14:05:15 -0300] "GET /cormun/servlet/trlicencias? HTTP/1.1" 200 9912
10.40.40.2 - - [04/Dec/2025:14:05:44 -0300] "GET /cormun/servlet/hlogin HTTP/1.1" 200 1714
10.40.40.2 - - [04/Dec/2025:14:05:44 -0300] "GET /cormun/static/gxcfg.js?2022112219184450 HTTP/1.1" 200 953
10.40.40.2 - - [04/Dec/2025:14:05:44 -0300] "GET /cormun/static/Resources/CormunLogin.png HTTP/1.1" 200 19132
10.40.40.2 - - [04/Dec/2025:14:05:45 -0300] "GET /cormun/static/Resources/PXToolsLoginTop.png HTTP/1.1" 200 1337
10.40.40.2 - - [04/Dec/2025:14:05:45 -0300] "GET /cormun/static/Resources/PXToolsLoginBackground.png HTTP/1.1" 200 1164
10.40.40.2 - - [04/Dec/2025:14:05:45 -0300] "GET /cormun/static/Resources/PXToolsButtonLeft.png HTTP/1.1" 200 1310
10.40.40.2 - - [04/Dec/2025:14:05:45 -0300] "GET /cormun/static/Resources/PXToolsLoginBottom.png HTTP/1.1" 200 1389
10.40.40.2 - - [04/Dec/2025:14:05:45 -0300] "GET /cormun/static/Resources/PXToolsButtonRight.png HTTP/1.1" 200 1294
10.40.40.2 - - [04/Dec/2025:14:05:45 -0300] "GET /cormun/static/Resources/PXToolsButtonBackground.png HTTP/1.1" 200 1176
10.40.40.2 - - [04/Dec/2025:14:05:45 -0300] "GET /cormun/static/Resources/indicator.gif HTTP/1.1" 200 1553
10.40.40.2 - - [04/Dec/2025:14:05:45 -0300] "GET /cormun/servlet/hlogin HTTP/1.1" 200 1724
10.40.40.2 - - [04/Dec/2025:14:05:50 -0300] "POST /cormun/servlet/hlogin?766da2095aad7a80e1a7f05d71a5de32,gx-no-cache=1764867966014 HTTP/1.1" 200 90
10.40.40.2 - - [04/Dec/2025:14:05:50 -0300] "GET /cormun/servlet/hpexe_link HTTP/1.1" 200 946
10.40.40.2 - - [04/Dec/2025:14:05:50 -0300] "GET /cormun/servlet/hhome HTTP/1.1" 200 3198
10.40.40.2 - - [04/Dec/2025:14:05:51 -0300] "GET /cormun/static/hhome.js?20201215495544 HTTP/1.1" 200 777
10.40.40.2 - - [04/Dec/2025:14:05:51 -0300] "GET /cormun/static/hwchdr01.js?2022112219251119 HTTP/1.1" 200 996
