190.95.15.9 - - [02/Dec/2025:08:19:21 -0300] "POST /cormun/servlet/trlicencias?34580cb234493e4a814c34d4ccacb297,,gx-no-cache=1764674406627 HTTP/1.1" 440 972
190.95.67.95 - - [02/Dec/2025:08:19:23 -0300] "GET /cormun/servlet/permisogoce?6e8d0834120e393fc9c36ec5c690d7e592720cbbdfd8b57dcab4f38b1487abb587c784cd2d88996685a29c42755dac97fe2776230b3dd1ab7db63304d9d3e764,gx-no-cache=1764674407056 HTTP/1.1" 200 47
190.95.15.9 - - [02/Dec/2025:08:19:23 -0300] "GET /cormun/servlet/trlicencias? HTTP/1.1" 200 6048
190.95.15.9 - - [02/Dec/2025:08:19:24 -0300] "GET /cormun/servlet/hlogin HTTP/1.1" 200 1737
190.95.15.9 - - [02/Dec/2025:08:19:28 -0300] "POST /cormun/servlet/hlogin?98e098348475d5b84a6bf73b72465de2,gx-no-cache=1764674413519 HTTP/1.1" 200 90
190.95.15.9 - - [02/Dec/2025:08:19:28 -0300] "GET /cormun/servlet/hpexe_link HTTP/1.1" 200 957
190.95.15.9 - - [02/Dec/2025:08:19:29 -0300] "GET /cormun/servlet/trlicencias HTTP/1.1" 200 12259
190.95.67.95 - - [02/Dec/2025:08:19:29 -0300] "POST /cormun/servlet/permisogoce?b37dc1528f38c86912d6a7205745fb70,INS,0,,,,gx-no-cache=1764674410032 HTTP/1.1" 200 93
190.95.67.95 - - [02/Dec/2025:08:19:29 -0300] "GET /cormun/servlet/hpexe_return? HTTP/1.1" 200 1014
190.95.67.95 - - [02/Dec/2025:08:19:29 -0300] "GET /cormun/servlet/trpermisosgoce HTTP/1.1" 200 16281
190.95.67.95 - - [02/Dec/2025:08:19:32 -0300] "GET /cormun/servlet/apermisogoceprn?7778577,P,20251202081958,PU HTTP/1.1" 200 1651
190.95.15.9 - - [02/Dec/2025:08:19:36 -0300] "POST /cormun/servlet/trlicencias?98e098348475d5b84a6bf73b72465de2,gx-no-cache=1764674421659 HTTP/1.1" 200 9734
190.95.15.31 - - [02/Dec/2025:08:19:42 -0300] "GET /cormun/servlet/trpermisosgoce? HTTP/1.1" 200 6034
190.95.15.31 - - [02/Dec/2025:08:19:43 -0300] "GET /cormun/servlet/hlogin HTTP/1.1" 200 1741
190.95.15.31 - - [02/Dec/2025:08:19:43 -0300] "GET /cormun/servlet/trpermisosgoce? HTTP/1.1" 200 6030
190.95.15.31 - - [02/Dec/2025:08:19:46 -0300] "POST /cormun/servlet/hlogin?3f65e60045962f35deaa23886add5f67,gx-no-cache=1764674430152 HTTP/1.1" 200 90
190.95.15.31 - - [02/Dec/2025:08:19:46 -0300] "GET /cormun/servlet/hpexe_link HTTP/1.1" 200 959
190.95.15.31 - - [02/Dec/2025:08:19:46 -0300] "GET /cormun/servlet/trpermisosgoce HTTP/1.1" 200 16309
190.95.15.31 - - [02/Dec/2025:08:19:51 -0300] "GET /cormun/servlet/permisogoce?INS,0,,, HTTP/1.1" 200 7257
179.57.78.71 - - [02/Dec/2025:08:19:55 -0300] "GET /cormun/servlet/hhome HTTP/1.1" 200 3327
179.57.78.71 - - [02/Dec/2025:08:19:56 -0300] "GET /cormun/servlet/hlogin HTTP/1.1" 200 1736
179.57.78.71 - - [02/Dec/2025:08:19:59 -0300] "POST /cormun/servlet/hlogin?ff0f43da80de5969da02b07f1bddc29a,gx-no-cache=1764674445357 HTTP/1.1" 200 90
179.57.78.71 - - [02/Dec/2025:08:20:00 -0300] "GET /cormun/servlet/hpexe_link HTTP/1.1" 200 954
179.57.78.71 - - [02/Dec/2025:08:20:02 -0300] "GET /cormun/servlet/hhome HTTP/1.1" 200 4273
190.95.15.31 - - [02/Dec/2025:08:20:03 -0300] "GET /cormun/servlet/permisogoce?237703f1ae6c33628311682e4311a384784222ff2d311bd3edb322b649c3bac85a88df6fe32ea0d4014a34d0f5dc5a5f1f2b9cc8b9af87ff1120151efd0a5fc3,gx-no-cache=1764674447049 HTTP/1.1" 200 80
190.95.15.31 - - [02/Dec/2025:08:20:03 -0300] "GET /cormun/static/menuarrow.gif HTTP/1.1" 404 1015
179.57.78.71 - - [02/Dec/2025:08:20:11 -0300] "GET /cormun/servlet/trlicencias? HTTP/1.1" 200 13606
190.95.15.31 - - [02/Dec/2025:08:20:14 -0300] "GET /cormun/servlet/permisogoce?237703f1ae6c33628311682e4311a384b6c8be6caa9edad678b892602f72c6c95fc329dfc8a36c839e0e462d8a32603a418f9830faec2b4396a9f14eae08cde4,gx-no-cache=1764674458566 HTTP/1.1" 200 48
190.95.15.31 - - [02/Dec/2025:08:20:34 -0300] "POST /cormun/servlet/permisogoce?3f65e60045962f35deaa23886add5f67,INS,0,,,,gx-no-cache=1764674478074 HTTP/1.1" 200 93
190.95.15.31 - - [02/Dec/2025:08:20:34 -0300] "GET /cormun/servlet/hpexe_return? HTTP/1.1" 200 1011
190.95.15.31 - - [02/Dec/2025:08:20:35 -0300] "GET /cormun/servlet/trpermisosgoce HTTP/1.1" 200 16550
190.95.15.31 - - [02/Dec/2025:08:20:37 -0300] "GET /cormun/servlet/apermisogoceprn?19299141,P,20251202082041,PU HTTP/1.1" 200 1657
179.57.78.71 - - [02/Dec/2025:08:21:05 -0300] "GET /cormun/servlet/hlogin HTTP/1.1" 200 1719
179.57.78.71 - - [02/Dec/2025:08:21:05 -0300] "GET /cormun/servlet/hlogin HTTP/1.1" 200 1730
179.57.78.71 - - [02/Dec/2025:08:21:10 -0300] "POST /cormun/servlet/hlogin?bb4f25c1c8856064e7aa55fad31ccfe5,gx-no-cache=1764674515087 HTTP/1.1" 200 90
179.57.78.71 - - [02/Dec/2025:08:21:10 -0300] "GET /cormun/servlet/hpexe_link HTTP/1.1" 200 951
179.57.78.71 - - [02/Dec/2025:08:21:10 -0300] "GET /cormun/servlet/hhome HTTP/1.1" 200 4269
190.95.15.31 - - [02/Dec/2025:08:21:14 -0300] "GET /cormun/servlet/permisogoce?INS,0,,, HTTP/1.1" 200 7257
179.57.78.71 - - [02/Dec/2025:08:21:17 -0300] "GET /cormun/servlet/trlicencias? HTTP/1.1" 200 13611
190.95.15.31 - - [02/Dec/2025:08:21:22 -0300] "GET /cormun/servlet/permisogoce?237703f1ae6c33628311682e4311a384784222ff2d311bd3edb322b649c3bac85a88df6fe32ea0d4014a34d0f5dc5a5f1f2b9cc8b9af87ff1120151efd0a5fc3,gx-no-cache=1764674526671 HTTP/1.1" 200 82
190.95.15.9 - - [02/Dec/2025:08:21:29 -0300] "POST /cormun/servlet/trlicencias?98e098348475d5b84a6bf73b72465de2,gx-no-cache=1764674534808 HTTP/1.1" 200 9735
190.95.15.31 - - [02/Dec/2025:08:21:32 -0300] "GET /cormun/servlet/permisogoce?237703f1ae6c33628311682e4311a384b6c8be6caa9edad678b892602f72c6c96292b069e9bc2c28f0a9ab894d4887356f45b9a73a8c015f650ccbb257c42d89,gx-no-cache=1764674535870 HTTP/1.1" 200 47
190.95.15.31 - - [02/Dec/2025:08:21:35 -0300] "POST /cormun/servlet/permisogoce?3f65e60045962f35deaa23886add5f67,INS,0,,,,gx-no-cache=1764674539168 HTTP/1.1" 200 93
190.95.15.31 - - [02/Dec/2025:08:21:35 -0300] "GET /cormun/servlet/hpexe_return? HTTP/1.1" 200 1011
190.95.15.31 - - [02/Dec/2025:08:21:36 -0300] "GET /cormun/servlet/trpermisosgoce HTTP/1.1" 200 16718
190.95.15.31 - - [02/Dec/2025:08:21:41 -0300] "GET /cormun/servlet/apermisogoceprn?19299141,P,20251202082203,PU HTTP/1.1" 200 1666
190.95.15.9 - - [02/Dec/2025:08:21:43 -0300] "POST /cormun/servlet/trlicencias?98e098348475d5b84a6bf73b72465de2,gx-no-cache=1764674548703 HTTP/1.1" 200 9732
190.95.1.185 - - [02/Dec/2025:08:21:55 -0300] "GET /cormun/servlet/permisogoce?INS,0,,, HTTP/1.1" 200 6029
190.95.1.185 - - [02/Dec/2025:08:21:56 -0300] "GET /cormun/servlet/hlogin HTTP/1.1" 200 1748
190.95.15.9 - - [02/Dec/2025:08:22:16 -0300] "POST /cormun/servlet/trlicencias?98e098348475d5b84a6bf73b72465de2,gx-no-cache=1764674581486 HTTP/1.1" 200 9734
190.95.15.31 - - [02/Dec/2025:08:22:24 -0300] "POST /cormun/servlet/trpermisosgoce?3f65e60045962f35deaa23886add5f67,gx-no-cache=1764674588425 HTTP/1.1" 200 5947
190.95.15.9 - - [02/Dec/2025:08:24:02 -0300] "POST /cormun/servlet/trlicencias?98e098348475d5b84a6bf73b72465de2,gx-no-cache=1764674687567 HTTP/1.1" 200 9734
190.95.15.9 - - [02/Dec/2025:08:24:05 -0300] "POST /cormun/servlet/trlicencias?98e098348475d5b84a6bf73b72465de2,gx-no-cache=1764674690278 HTTP/1.1" 200 9732
190.95.67.99 - - [02/Dec/2025:08:26:09 -0300] "GET /cormun/servlet/trlicencias? HTTP/1.1" 200 10594
192.168.10.19 - - [02/Dec/2025:08:30:52 -0300] "GET /cormun/servlet/trsolicitudgral? HTTP/1.1" 200 8309
129.222.173.48 - - [02/Dec/2025:08:35:51 -0300] "GET /cormun/servlet/hlogin HTTP/1.1" 200 1713
129.222.173.48 - - [02/Dec/2025:08:35:53 -0300] "POST /cormun/servlet/hlogin?f3b4d33301aa0bce49a860d5fb410088,gx-no-cache=1764675397749 HTTP/1.1" 200 90
129.222.173.48 - - [02/Dec/2025:08:35:53 -0300] "GET /cormun/servlet/hpexe_link HTTP/1.1" 200 951
129.222.173.48 - - [02/Dec/2025:08:35:54 -0300] "GET /cormun/servlet/trlicencias? HTTP/1.1" 200 9108
129.222.173.48 - - [02/Dec/2025:08:35:57 -0300] "POST /cormun/servlet/trlicencias?f3b4d33301aa0bce49a860d5fb410088,,gx-no-cache=1764675401070 HTTP/1.1" 200 6588
129.222.173.48 - - [02/Dec/2025:08:35:57 -0300] "POST /cormun/servlet/trlicencias?f3b4d33301aa0bce49a860d5fb410088,,gx-no-cache=1764675401341 HTTP/1.1" 200 6587
190.95.67.97 - - [02/Dec/2025:08:38:40 -0300] "GET /cormun/servlet/trpermisosgoce? HTTP/1.1" 200 6023
190.95.67.97 - - [02/Dec/2025:08:38:42 -0300] "GET /cormun/servlet/hlogin HTTP/1.1" 200 1733
190.95.1.185 - - [02/Dec/2025:08:40:16 -0300] "POST /cormun/servlet/hlogin?4cb6607647969188d5c0ef760640da53,gx-no-cache=1764675662085 HTTP/1.1" 200 90
190.95.1.185 - - [02/Dec/2025:08:40:16 -0300] "GET /cormun/servlet/hpexe_link HTTP/1.1" 200 967
190.95.1.185 - - [02/Dec/2025:08:40:17 -0300] "GET /cormun/servlet/permisogoce?INS,0,,, HTTP/1.1" 200 7218
190.95.1.185 - - [02/Dec/2025:08:40:18 -0300] "GET /cormun/servlet/trlicencias? HTTP/1.1" 200 11529
190.95.67.97 - - [02/Dec/2025:08:40:52 -0300] "POST /cormun/servlet/hlogin?ce263406d3f4658fcadaf15791ce021a,gx-no-cache=1764675694555 HTTP/1.1" 200 90
190.95.67.97 - - [02/Dec/2025:08:40:52 -0300] "GET /cormun/servlet/hpexe_link HTTP/1.1" 200 951
190.95.67.97 - - [02/Dec/2025:08:40:53 -0300] "GET /cormun/servlet/trpermisosgoce HTTP/1.1" 200 12564
190.95.67.97 - - [02/Dec/2025:08:41:00 -0300] "GET /cormun/servlet/apermisogoceprn?13777045,P,20251202075622,PU HTTP/1.1" 200 1677
190.95.67.97 - - [02/Dec/2025:08:41:45 -0300] "GET /cormun/servlet/apermisogoceprn?11672175,P,20251201094031,PU HTTP/1.1" 200 1667
190.95.67.97 - - [02/Dec/2025:08:43:37 -0300] "GET /cormun/servlet/permisogoce?INS,0,,, HTTP/1.1" 200 6745
190.95.67.97 - - [02/Dec/2025:08:43:50 -0300] "GET /cormun/servlet/permisogoce?ed22a210a46e69095a6aabccff7e054bb68e0934a431f1046461e097e57b8590b6029b0214b83ebf94522ecb97f6d3e376a1c3f7d580432bc2f3f5a397728c36,gx-no-cache=1764675872968 HTTP/1.1" 200 78
190.95.67.97 - - [02/Dec/2025:08:43:50 -0300] "GET /cormun/servlet/permisogoce?ed22a210a46e69095a6aabccff7e054b2436eac2c10178fabd74e7394bb3ed2d21d7d49cbca6dd4d43aeed4689bde436,gx-no-cache=1764675873135 HTTP/1.1" 200 130
190.95.67.97 - - [02/Dec/2025:08:43:50 -0300] "GET /cormun/static/Shared/jqueryui/images/ui-bg_highlight-soft_100_c6c2c8_1x100.png HTTP/1.1" 404 1117
190.95.67.97 - - [02/Dec/2025:08:43:50 -0300] "GET /cormun/static/Shared/jqueryui/images/ui-icons_82798d_256x240.png HTTP/1.1" 404 1089
190.95.67.97 - - [02/Dec/2025:08:43:51 -0300] "GET /cormun/static/Shared/jqueryui/images/ui-icons_ebccce_256x240.png HTTP/1.1" 404 1089
190.95.67.97 - - [02/Dec/2025:08:43:51 -0300] "GET /cormun/static/Shared/jqueryui/images/ui-bg_flat_55_994d53_40x100.png HTTP/1.1" 404 1097
190.95.67.97 - - [02/Dec/2025:08:43:51 -0300] "POST /cormun/servlet/permisogoce?ce263406d3f4658fcadaf15791ce021a,INS,0,,,,gx-no-cache=1764675873278 HTTP/1.1" 200 4493
190.95.1.129 - - [02/Dec/2025:08:43:53 -0300] "GET /cormun/servlet/hlogin HTTP/1.1" 200 1715
190.95.1.129 - - [02/Dec/2025:08:43:53 -0300] "GET /cormun/servlet/hlogin HTTP/1.1" 200 1725
190.95.67.97 - - [02/Dec/2025:08:43:56 -0300] "GET /cormun/static/menuarrow.gif HTTP/1.1" 404 1015
190.95.1.129 - - [02/Dec/2025:08:43:59 -0300] "POST /cormun/servlet/hlogin?dd1a4e9032f998a46ed6b0a4b8bb97de,gx-no-cache=1764675884729 HTTP/1.1" 200 90
190.95.1.129 - - [02/Dec/2025:08:43:59 -0300] "GET /cormun/servlet/hpexe_link HTTP/1.1" 200 947
190.95.1.129 - - [02/Dec/2025:08:43:59 -0300] "GET /cormun/servlet/hhome HTTP/1.1" 200 4299
190.95.67.97 - - [02/Dec/2025:08:44:00 -0300] "GET /cormun/servlet/permisogoce?ed22a210a46e69095a6aabccff7e054b2436eac2c10178fabd74e7394bb3ed2df1e37505cb0b8533b47e715255af1b88305bb9073f4eff8a8249a00ae046fe25,gx-no-cache=1764675883136 HTTP/1.1" 200 47
190.95.67.97 - - [02/Dec/2025:08:44:02 -0300] "POST /cormun/servlet/permisogoce?ce263406d3f4658fcadaf15791ce021a,INS,0,,,,gx-no-cache=1764675884702 HTTP/1.1" 200 93
190.95.67.97 - - [02/Dec/2025:08:44:03 -0300] "GET /cormun/servlet/hpexe_return? HTTP/1.1" 200 1003
190.95.67.97 - - [02/Dec/2025:08:44:03 -0300] "GET /cormun/servlet/trpermisosgoce HTTP/1.1" 200 12759
190.95.1.129 - - [02/Dec/2025:08:44:04 -0300] "GET /cormun/servlet/trpermisosgoce? HTTP/1.1" 200 17306
190.95.1.129 - - [02/Dec/2025:08:44:07 -0300] "GET /cormun/static/menuarrow.gif HTTP/1.1" 404 1015
190.95.67.97 - - [02/Dec/2025:08:44:08 -0300] "GET /cormun/servlet/apermisogoceprn?18015367,P,20251202084427,PU HTTP/1.1" 200 1669
190.95.1.129 - - [02/Dec/2025:08:44:39 -0300] "POST /cormun/servlet/trpermisosgoce?dd1a4e9032f998a46ed6b0a4b8bb97de,,gx-no-cache=1764675924538 HTTP/1.1" 200 6151
190.95.67.97 - - [02/Dec/2025:08:44:45 -0300] "GET /cormun/servlet/permisogoce?INS,0,,, HTTP/1.1" 200 6745
190.95.67.97 - - [02/Dec/2025:08:44:55 -0300] "GET /cormun/servlet/permisogoce?ed22a210a46e69095a6aabccff7e054b96e822d5ede2a2120ccbd31d6279cb31b6029b0214b83ebf94522ecb97f6d3e376a1c3f7d580432bc2f3f5a397728c36,gx-no-cache=1764675937759 HTTP/1.1" 200 80
190.95.1.129 - - [02/Dec/2025:08:44:58 -0300] "POST /cormun/servlet/trpermisosgoce?dd1a4e9032f998a46ed6b0a4b8bb97de,,gx-no-cache=1764675943735 HTTP/1.1" 200 5762
190.95.67.97 - - [02/Dec/2025:08:45:04 -0300] "GET /cormun/servlet/permisogoce?ed22a210a46e69095a6aabccff7e054b718c10fc6bbcdc1b032aedd63af8cdbb99c9652b082452859353fc87ab7a5c42305bb9073f4eff8a8249a00ae046fe25,gx-no-cache=1764675946547 HTTP/1.1" 200 47
190.95.67.97 - - [02/Dec/2025:08:45:06 -0300] "POST /cormun/servlet/permisogoce?ce263406d3f4658fcadaf15791ce021a,INS,0,,,,gx-no-cache=1764675948231 HTTP/1.1" 200 93
190.95.67.97 - - [02/Dec/2025:08:45:06 -0300] "GET /cormun/servlet/hpexe_return? HTTP/1.1" 200 1003
190.95.67.97 - - [02/Dec/2025:08:45:07 -0300] "GET /cormun/servlet/trpermisosgoce HTTP/1.1" 200 12961
190.95.1.129 - - [02/Dec/2025:08:45:09 -0300] "POST /cormun/servlet/trpermisosgoce?dd1a4e9032f998a46ed6b0a4b8bb97de,,gx-no-cache=1764675954935 HTTP/1.1" 200 16185
190.95.67.97 - - [02/Dec/2025:08:45:12 -0300] "GET /cormun/servlet/apermisogoceprn?17040575,P,20251202084534,PU HTTP/1.1" 200 1664
148.222.218.189 - - [02/Dec/2025:08:46:37 -0300] "GET /cormun/servlet/hlogin HTTP/1.1" 200 1725
148.222.218.189 - - [02/Dec/2025:08:46:40 -0300] "POST /cormun/servlet/hlogin?b0c176769bc5021d6c30c1d96b806c0e,gx-no-cache=1764676043538 HTTP/1.1" 200 90
148.222.218.189 - - [02/Dec/2025:08:46:40 -0300] "GET /cormun/servlet/hpexe_link HTTP/1.1" 200 956
148.222.218.189 - - [02/Dec/2025:08:46:41 -0300] "GET /cormun/servlet/hhome HTTP/1.1" 200 4337
148.222.218.189 - - [02/Dec/2025:08:46:57 -0300] "GET /cormun/servlet/trlicencias? HTTP/1.1" 200 10203
129.222.173.48 - - [02/Dec/2025:08:48:53 -0300] "GET /cormun/servlet/hlogin HTTP/1.1" 200 1713
129.222.173.48 - - [02/Dec/2025:08:48:56 -0300] "POST /cormun/servlet/hlogin?f3b4d33301aa0bce49a860d5fb410088,gx-no-cache=1764676180366 HTTP/1.1" 200 90
129.222.173.48 - - [02/Dec/2025:08:48:56 -0300] "GET /cormun/servlet/hpexe_link HTTP/1.1" 200 951
129.222.173.48 - - [02/Dec/2025:08:48:56 -0300] "GET /cormun/servlet/trlicencias? HTTP/1.1" 200 9108
190.95.67.97 - - [02/Dec/2025:08:49:28 -0300] "GET /cormun/servlet/permisogoce?INS,0,,, HTTP/1.1" 200 6745
190.95.15.31 - - [02/Dec/2025:08:49:28 -0300] "GET /cormun/servlet/permisogoce?INS,0,,, HTTP/1.1" 200 7258
148.222.218.189 - - [02/Dec/2025:08:49:29 -0300] "GET /cormun/servlet/hlogin HTTP/1.1" 200 1719
148.222.218.189 - - [02/Dec/2025:08:49:32 -0300] "POST /cormun/servlet/hlogin?4128eabad7eaab1ab363335e6686ac81,gx-no-cache=1764676218186 HTTP/1.1" 200 90
148.222.218.189 - - [02/Dec/2025:08:49:32 -0300] "GET /cormun/servlet/hpexe_link HTTP/1.1" 200 950
148.222.218.189 - - [02/Dec/2025:08:49:32 -0300] "GET /cormun/servlet/hhome HTTP/1.1" 200 4328
148.222.218.189 - - [02/Dec/2025:08:49:37 -0300] "GET /cormun/servlet/trlicencias? HTTP/1.1" 200 10198
129.222.173.48 - - [02/Dec/2025:08:49:39 -0300] "GET /cormun/servlet/hlogin HTTP/1.1" 200 1713
190.95.15.31 - - [02/Dec/2025:08:49:40 -0300] "POST /cormun/servlet/trpermisosgoce?3f65e60045962f35deaa23886add5f67,gx-no-cache=1764676214830 HTTP/1.1" 200 15766
129.222.173.48 - - [02/Dec/2025:08:49:41 -0300] "POST /cormun/servlet/hlogin?f3b4d33301aa0bce49a860d5fb410088,gx-no-cache=1764676225750 HTTP/1.1" 200 90
129.222.173.48 - - [02/Dec/2025:08:49:41 -0300] "GET /cormun/servlet/hpexe_link HTTP/1.1" 200 950
129.222.173.48 - - [02/Dec/2025:08:49:42 -0300] "GET /cormun/servlet/trlicencias HTTP/1.1" 200 9108
129.222.173.48 - - [02/Dec/2025:08:49:45 -0300] "POST /cormun/servlet/trlicencias?f3b4d33301aa0bce49a860d5fb410088,gx-no-cache=1764676229374 HTTP/1.1" 200 6587
190.95.67.97 - - [02/Dec/2025:08:49:47 -0300] "GET /cormun/servlet/permisogoce?ed22a210a46e69095a6aabccff7e054befaaf2f1f535fe8bd1db3c851cd1c10eb6029b0214b83ebf94522ecb97f6d3e376a1c3f7d580432bc2f3f5a397728c36,gx-no-cache=1764676229276 HTTP/1.1" 200 88
190.95.67.97 - - [02/Dec/2025:08:49:51 -0300] "GET /cormun/static/menuarrow.gif HTTP/1.1" 404 1015
190.95.15.31 - - [02/Dec/2025:08:49:52 -0300] "GET /cormun/servlet/permisogoce?237703f1ae6c33628311682e4311a38434ec6d96ecb6042c46817295f750bf215a88df6fe32ea0d4014a34d0f5dc5a5f1f2b9cc8b9af87ff1120151efd0a5fc3,gx-no-cache=1764676235976 HTTP/1.1" 200 82
190.95.15.31 - - [02/Dec/2025:08:49:52 -0300] "GET /cormun/static/menuarrow.gif HTTP/1.1" 404 1015
190.95.67.97 - - [02/Dec/2025:08:49:56 -0300] "GET /cormun/servlet/permisogoce?ed22a210a46e69095a6aabccff7e054b3b1d6697df1a5c4ad3a3f78fe625f355b530c43ca384c647a83b3f6f0525fba6305bb9073f4eff8a8249a00ae046fe25,gx-no-cache=1764676238367 HTTP/1.1" 200 47
190.95.67.97 - - [02/Dec/2025:08:49:58 -0300] "POST /cormun/servlet/permisogoce?ce263406d3f4658fcadaf15791ce021a,INS,0,,,,gx-no-cache=1764676240238 HTTP/1.1" 200 93
190.95.67.97 - - [02/Dec/2025:08:49:58 -0300] "GET /cormun/servlet/hpexe_return? HTTP/1.1" 200 1003
190.95.15.31 - - [02/Dec/2025:08:49:58 -0300] "GET /cormun/servlet/permisogoce?237703f1ae6c33628311682e4311a38493bdece4018a442006873f6d66bc25dd3919c23fe230c76e4848b03fd28c64266f45b9a73a8c015f650ccbb257c42d89,gx-no-cache=1764676242340 HTTP/1.1" 200 47
190.95.67.97 - - [02/Dec/2025:08:49:58 -0300] "GET /cormun/servlet/trpermisosgoce HTTP/1.1" 200 13165
190.95.15.31 - - [02/Dec/2025:08:50:01 -0300] "POST /cormun/servlet/permisogoce?3f65e60045962f35deaa23886add5f67,INS,0,,,,gx-no-cache=1764676244800 HTTP/1.1" 200 93
190.95.15.31 - - [02/Dec/2025:08:50:01 -0300] "GET /cormun/servlet/hpexe_return? HTTP/1.1" 200 1009
190.95.15.31 - - [02/Dec/2025:08:50:01 -0300] "GET /cormun/servlet/hhome HTTP/1.1" 200 4362
190.95.67.97 - - [02/Dec/2025:08:50:06 -0300] "GET /cormun/servlet/apermisogoceprn?19589572,P,20251202085018,PU HTTP/1.1" 200 1655
190.95.15.31 - - [02/Dec/2025:08:50:11 -0300] "GET /cormun/servlet/trpermisosgoce? HTTP/1.1" 200 18864
190.95.15.31 - - [02/Dec/2025:08:50:16 -0300] "GET /cormun/servlet/apermisogoceprn?16792427,P,20251202085018,PU HTTP/1.1" 200 1662
40.77.167.46 - - [02/Dec/2025:08:53:06 -0300] "GET /cormun/servlet/hlogin HTTP/1.1" 200 1722
190.95.15.9 - - [02/Dec/2025:08:53:54 -0300] "POST /cormun/servlet/trlicencias?98e098348475d5b84a6bf73b72465de2,gx-no-cache=1764676479124 HTTP/1.1" 200 9734
190.95.15.9 - - [02/Dec/2025:08:53:59 -0300] "POST /cormun/servlet/trlicencias?98e098348475d5b84a6bf73b72465de2,gx-no-cache=1764676484171 HTTP/1.1" 200 9734
190.95.15.27 - - [02/Dec/2025:08:54:18 -0300] "GET /cormun/servlet/hlogin HTTP/1.1" 200 1714
190.95.15.27 - - [02/Dec/2025:08:54:19 -0300] "GET /cormun/servlet/hlogin HTTP/1.1" 200 1725
190.95.15.27 - - [02/Dec/2025:08:54:31 -0300] "POST /cormun/servlet/hlogin?fb368a79dd269e17d3e12da8700e3936,gx-no-cache=1764676516621 HTTP/1.1" 200 90
190.95.15.27 - - [02/Dec/2025:08:54:31 -0300] "GET /cormun/servlet/hpexe_link HTTP/1.1" 200 946
190.95.15.27 - - [02/Dec/2025:08:54:31 -0300] "GET /cormun/servlet/hhome HTTP/1.1" 200 3938
148.222.218.189 - - [02/Dec/2025:08:54:35 -0300] "GET /cormun/servlet/trpermisosgoce? HTTP/1.1" 200 11544
190.95.15.27 - - [02/Dec/2025:08:54:39 -0300] "GET /cormun/servlet/trpermisosgoce? HTTP/1.1" 200 14389
148.222.218.189 - - [02/Dec/2025:08:54:41 -0300] "GET /cormun/servlet/permisogoce?INS,0,,, HTTP/1.1" 200 7222
190.95.15.27 - - [02/Dec/2025:08:54:43 -0300] "GET /cormun/servlet/permisogoce?INS,0,,, HTTP/1.1" 200 6800
148.222.218.189 - - [02/Dec/2025:08:54:54 -0300] "GET /cormun/servlet/permisogoce?f65aa8a3dbcd326055167c8ed9f808cead1071f2bcffff0dc513f9fde58e9be64d582de765a5e37610de05e5aff24947463a2e82eab55f69ee9430b0647d7d5b,gx-no-cache=1764676540418 HTTP/1.1" 200 78
148.222.218.189 - - [02/Dec/2025:08:54:54 -0300] "GET /cormun/static/menuarrow.gif HTTP/1.1" 404 1015
190.95.15.27 - - [02/Dec/2025:08:54:54 -0300] "GET /cormun/servlet/permisogoce?58c836f1cd287267bcbf36d5a6d31f09229300a42f475869a84549aff4b4986a820c0abe49a0ac266e3e723b91c9b6219d0150c8e9db61525ec518ddc034563f,gx-no-cache=1764676539905 HTTP/1.1" 200 88
190.95.15.27 - - [02/Dec/2025:08:54:57 -0300] "GET /cormun/static/menuarrow.gif HTTP/1.1" 404 1015
190.95.15.27 - - [02/Dec/2025:08:55:03 -0300] "GET /cormun/servlet/permisogoce?58c836f1cd287267bcbf36d5a6d31f09244ea932257eab09fb2922d1820cd7170cede3292377544341aa056c0d998046da2b2667933721c79247a26bf7292f51,gx-no-cache=1764676548441 HTTP/1.1" 200 48
148.222.218.189 - - [02/Dec/2025:08:55:05 -0300] "GET /cormun/servlet/permisogoce?f65aa8a3dbcd326055167c8ed9f808ce15d9508e983ac6059db36ef8d4ca576a3cbd404f68b94221ca0d2307d1ae1bf67f4f2ccc21cf5dd54e08c021aef3a72e,gx-no-cache=1764676551344 HTTP/1.1" 200 47
190.95.15.27 - - [02/Dec/2025:08:55:05 -0300] "POST /cormun/servlet/permisogoce?fb368a79dd269e17d3e12da8700e3936,INS,0,,,,gx-no-cache=1764676550265 HTTP/1.1" 200 93
190.95.15.27 - - [02/Dec/2025:08:55:05 -0300] "GET /cormun/servlet/hpexe_return? HTTP/1.1" 200 1004
190.95.15.27 - - [02/Dec/2025:08:55:05 -0300] "GET /cormun/servlet/trpermisosgoce HTTP/1.1" 200 14691
190.95.15.27 - - [02/Dec/2025:08:55:08 -0300] "GET /cormun/servlet/permisogoce?INS,0,,, HTTP/1.1" 200 6800
148.222.218.189 - - [02/Dec/2025:08:55:09 -0300] "POST /cormun/servlet/permisogoce?4128eabad7eaab1ab363335e6686ac81,INS,0,,,,gx-no-cache=1764676555522 HTTP/1.1" 200 93
148.222.218.189 - - [02/Dec/2025:08:55:09 -0300] "GET /cormun/servlet/hpexe_return? HTTP/1.1" 200 1008
148.222.218.189 - - [02/Dec/2025:08:55:10 -0300] "GET /cormun/servlet/trpermisosgoce HTTP/1.1" 200 11913
148.222.218.189 - - [02/Dec/2025:08:55:12 -0300] "GET /cormun/servlet/trpermisosadjuntos?17322077,20251202085530,P, HTTP/1.1" 200 6645
148.222.218.189 - - [02/Dec/2025:08:55:15 -0300] "GET /cormun/servlet/permisosadjuntos?INS,17322077,P,20251202085530,, HTTP/1.1" 200 5973
148.222.218.189 - - [02/Dec/2025:08:55:15 -0300] "GET /cormun/static/about:blank HTTP/1.1" 404 1011
190.95.15.27 - - [02/Dec/2025:08:55:19 -0300] "GET /cormun/servlet/permisogoce?58c836f1cd287267bcbf36d5a6d31f09229300a42f475869a84549aff4b4986a820c0abe49a0ac266e3e723b91c9b6219d0150c8e9db61525ec518ddc034563f,gx-no-cache=1764676564814 HTTP/1.1" 200 93
148.222.218.189 - - [02/Dec/2025:08:55:28 -0300] "POST /cormun/servlet/permisosadjuntos?4128eabad7eaab1ab363335e6686ac81,INS,17322077,P,20251202085530,, HTTP/1.1" 200 116
148.222.218.189 - - [02/Dec/2025:08:55:28 -0300] "GET /cormun/servlet/hpexe_return? HTTP/1.1" 200 1036
148.222.218.189 - - [02/Dec/2025:08:55:29 -0300] "GET /cormun/servlet/trpermisosadjuntos?17322077,20251202085530,P, HTTP/1.1" 200 7146
190.95.15.27 - - [02/Dec/2025:08:55:29 -0300] "GET /cormun/servlet/permisogoce?58c836f1cd287267bcbf36d5a6d31f09244ea932257eab09fb2922d1820cd7178b74dce2437af0c40380b41405e7beb484b0052c4ac42fd58c1d30d808817173,gx-no-cache=1764676574613 HTTP/1.1" 200 48
190.95.15.27 - - [02/Dec/2025:08:55:31 -0300] "POST /cormun/servlet/permisogoce?fb368a79dd269e17d3e12da8700e3936,INS,0,,,,gx-no-cache=1764676576470 HTTP/1.1" 200 93
190.95.15.27 - - [02/Dec/2025:08:55:31 -0300] "GET /cormun/servlet/hpexe_return? HTTP/1.1" 200 1004
190.95.15.27 - - [02/Dec/2025:08:55:31 -0300] "GET /cormun/servlet/trpermisosgoce HTTP/1.1" 200 14854
148.222.218.189 - - [02/Dec/2025:08:55:31 -0300] "GET /cormun/servlet/trpermisosgoce? HTTP/1.1" 200 11908
148.222.218.189 - - [02/Dec/2025:08:55:37 -0300] "POST /cormun/servlet/trpermisosgoce?4128eabad7eaab1ab363335e6686ac81,,gx-no-cache=1764676583012 HTTP/1.1" 200 9096
148.222.218.189 - - [02/Dec/2025:08:55:37 -0300] "GET /cormun/static/Shared/jqueryui/images/ui-bg_highlight-soft_100_c6c2c8_1x100.png HTTP/1.1" 404 1117
148.222.218.189 - - [02/Dec/2025:08:55:37 -0300] "GET /cormun/static/Shared/jqueryui/images/ui-icons_82798d_256x240.png HTTP/1.1" 404 1089
148.222.218.189 - - [02/Dec/2025:08:55:37 -0300] "GET /cormun/static/Shared/jqueryui/images/ui-bg_flat_55_fafafa_40x100.png HTTP/1.1" 404 1097
148.222.218.189 - - [02/Dec/2025:08:55:37 -0300] "GET /cormun/static/Shared/jqueryui/images/ui-icons_8d78a5_256x240.png HTTP/1.1" 404 1089
148.222.218.189 - - [02/Dec/2025:08:55:41 -0300] "GET /cormun/servlet/trautorizarpermisogoce? HTTP/1.1" 200 8007
148.222.218.189 - - [02/Dec/2025:08:55:43 -0300] "POST /cormun/servlet/trautorizarpermisogoce?4128eabad7eaab1ab363335e6686ac81,,gx-no-cache=1764676589819 HTTP/1.1" 200 4518
190.95.1.185 - - [02/Dec/2025:08:55:55 -0300] "GET /cormun/servlet/trpermisosgoce? HTTP/1.1" 200 19484
190.95.15.17 - - [02/Dec/2025:08:57:12 -0300] "GET /cormun/static/menuarrow.gif HTTP/1.1" 404 1015
190.95.15.17 - - [02/Dec/2025:08:57:41 -0300] "POST /cormun/servlet/trlicencias?a1b66cb09c546b02a3fd7a5949414c72,,gx-no-cache=1764676705573 HTTP/1.1" 440 972
190.95.15.17 - - [02/Dec/2025:08:57:42 -0300] "GET /cormun/servlet/trlicencias? HTTP/1.1" 200 6045
190.95.15.17 - - [02/Dec/2025:08:57:42 -0300] "GET /cormun/servlet/hlogin HTTP/1.1" 200 1733
190.95.15.17 - - [02/Dec/2025:08:57:46 -0300] "POST /cormun/servlet/hlogin?e83dcd302a9f17258e84befd44167b6b,gx-no-cache=1764676710443 HTTP/1.1" 200 90
190.95.15.17 - - [02/Dec/2025:08:57:46 -0300] "GET /cormun/servlet/hpexe_link HTTP/1.1" 200 954
190.95.15.17 - - [02/Dec/2025:08:57:46 -0300] "GET /cormun/servlet/trlicencias HTTP/1.1" 200 11608
190.95.15.17 - - [02/Dec/2025:08:57:56 -0300] "GET /cormun/static/menuarrow.gif HTTP/1.1" 404 1015
190.95.15.31 - - [02/Dec/2025:08:57:59 -0300] "POST /cormun/servlet/trpermisosgoce?3f65e60045962f35deaa23886add5f67,,gx-no-cache=1764676722608 HTTP/1.1" 200 5773
190.95.1.185 - - [02/Dec/2025:08:58:00 -0300] "GET /cormun/servlet/permisogoce?INS,0,,, HTTP/1.1" 200 7215
190.95.15.17 - - [02/Dec/2025:08:58:01 -0300] "POST /cormun/servlet/trlicencias?e83dcd302a9f17258e84befd44167b6b,gx-no-cache=1764676726182 HTTP/1.1" 200 8937
190.95.1.185 - - [02/Dec/2025:08:58:03 -0300] "GET /cormun/servlet/prfichaempleado?,MD,,gxPopupLevel%3D0%3B HTTP/1.1" 200 9456
190.95.1.185 - - [02/Dec/2025:08:58:08 -0300] "POST /cormun/servlet/prfichaempleado?4cb6607647969188d5c0ef760640da53,,MD,,gxPopupLevel%3D0%3B,gx-no-cache=1764676733675 HTTP/1.1" 200 3421
190.95.1.185 - - [02/Dec/2025:08:58:11 -0300] "GET /cormun/servlet/permisogoce?35eefa3ac36ad406a3fd070b98c950075e4e0e15b59ac52cc2a82ee32e74c059556c238b4f9e574495432384582700abc617be6a5f2038f5173b1acaf22c5d2a,gx-no-cache=1764676736474 HTTP/1.1" 200 80
190.95.1.185 - - [02/Dec/2025:08:58:12 -0300] "GET /cormun/static/menuarrow.gif HTTP/1.1" 404 1015
190.95.1.185 - - [02/Dec/2025:08:58:15 -0300] "GET /cormun/servlet/permisogoce?35eefa3ac36ad406a3fd070b98c95007c1451ee3e3fc0c2835dd3b6f090f4b88bba6eb1c783315508b5ec1a973c839ed9c2dea51a53bf6d5c69567d074e422c4,gx-no-cache=1764676740859 HTTP/1.1" 200 47
190.95.1.185 - - [02/Dec/2025:08:58:22 -0300] "POST /cormun/servlet/permisogoce?4cb6607647969188d5c0ef760640da53,INS,0,,,,gx-no-cache=1764676746736 HTTP/1.1" 200 93
190.95.1.185 - - [02/Dec/2025:08:58:22 -0300] "GET /cormun/servlet/hpexe_return? HTTP/1.1" 200 1010
190.95.1.185 - - [02/Dec/2025:08:58:22 -0300] "GET /cormun/servlet/hhome HTTP/1.1" 200 4489
190.95.1.185 - - [02/Dec/2025:08:58:27 -0300] "GET /cormun/servlet/trpermisosgoce? HTTP/1.1" 200 19524
190.95.1.185 - - [02/Dec/2025:08:58:30 -0300] "GET /cormun/servlet/apermisogoceprn?13097736,P,20251202085850,PU HTTP/1.1" 200 1664
129.222.173.48 - - [02/Dec/2025:08:59:03 -0300] "POST /cormun/servlet/trlicencias?f3b4d33301aa0bce49a860d5fb410088,gx-no-cache=1764676787021 HTTP/1.1" 200 6587
129.222.173.48 - - [02/Dec/2025:08:59:04 -0300] "POST /cormun/servlet/trlicencias?f3b4d33301aa0bce49a860d5fb410088,gx-no-cache=1764676788325 HTTP/1.1" 200 6587
129.222.173.48 - - [02/Dec/2025:08:59:22 -0300] "POST /cormun/servlet/trlicencias?f3b4d33301aa0bce49a860d5fb410088,gx-no-cache=1764676806212 HTTP/1.1" 200 6587
201.186.225.185 - - [02/Dec/2025:08:59:58 -0300] "GET /cormun/servlet/hlogin HTTP/1.1" 200 1717
201.186.225.185 - - [02/Dec/2025:08:59:58 -0300] "GET /cormun/static/gxgral.js?85251 HTTP/1.1" 200 384558
201.186.225.185 - - [02/Dec/2025:08:59:58 -0300] "GET /cormun/servlet/hlogin HTTP/1.1" 200 1727
201.186.225.185 - - [02/Dec/2025:09:00:03 -0300] "POST /cormun/servlet/hlogin?3792ffe313325c2ce217d704e33897ae,gx-no-cache=1764676847962 HTTP/1.1" 200 90
201.186.225.185 - - [02/Dec/2025:09:00:03 -0300] "GET /cormun/servlet/hpexe_link HTTP/1.1" 200 948
201.186.225.185 - - [02/Dec/2025:09:00:03 -0300] "GET /cormun/servlet/hhome HTTP/1.1" 200 4123
201.186.225.185 - - [02/Dec/2025:09:00:03 -0300] "GET /cormun/static/Shared/jqueryui/jquery-ui.min.js HTTP/1.1" 200 240427
201.186.225.185 - - [02/Dec/2025:09:00:03 -0300] "GET /cormun/static/Shared/jquery/jquery-1.10.2.min.js HTTP/1.1" 200 273199
201.186.225.185 - - [02/Dec/2025:09:00:04 -0300] "GET /cormun/static/Shared/ext/ext-all.js HTTP/1.1" 200 1289687
201.186.225.185 - - [02/Dec/2025:09:00:11 -0300] "GET /cormun/servlet/trlicencias? HTTP/1.1" 200 15355
201.186.225.185 - - [02/Dec/2025:09:00:11 -0300] "GET /cormun/static/Shared/ext/resources/css/ext-all.css?215870 HTTP/1.1" 200 416045
201.186.225.185 - - [02/Dec/2025:09:00:16 -0300] "POST /cormun/servlet/trlicencias?3792ffe313325c2ce217d704e33897ae,,gx-no-cache=1764676860630 HTTP/1.1" 200 5957
201.186.225.185 - - [02/Dec/2025:09:00:21 -0300] "GET /cormun/static/menuarrow.gif HTTP/1.1" 404 1015
201.186.225.185 - - [02/Dec/2025:09:00:28 -0300] "POST /cormun/servlet/trlicencias?3792ffe313325c2ce217d704e33897ae,,gx-no-cache=1764676872544 HTTP/1.1" 200 6442
201.186.225.185 - - [02/Dec/2025:09:00:33 -0300] "POST /cormun/servlet/trlicencias?3792ffe313325c2ce217d704e33897ae,,gx-no-cache=1764676877379 HTTP/1.1" 200 101
201.186.225.185 - - [02/Dec/2025:09:00:33 -0300] "POST /cormun/servlet/trlicencias?3792ffe313325c2ce217d704e33897ae,,gx-no-cache=1764676877470 HTTP/1.1" 200 6421
201.186.225.185 - - [02/Dec/2025:09:00:33 -0300] "GET /cormun/Licencias-6021.xls HTTP/1.1" 200 5632
201.186.225.185 - - [02/Dec/2025:09:00:49 -0300] "POST /cormun/servlet/trlicencias?3792ffe313325c2ce217d704e33897ae,,gx-no-cache=1764676893262 HTTP/1.1" 200 101
201.186.225.185 - - [02/Dec/2025:09:00:49 -0300] "POST /cormun/servlet/trlicencias?3792ffe313325c2ce217d704e33897ae,,gx-no-cache=1764676893409 HTTP/1.1" 200 6420
201.186.225.185 - - [02/Dec/2025:09:00:49 -0300] "GET /cormun/Licencias-4128.xls HTTP/1.1" 200 5632
129.222.173.48 - - [02/Dec/2025:09:00:52 -0300] "POST /cormun/servlet/hlogin?089bd481aa1517c11d3a3eac7d572baa,gx-no-cache=1764676896578 HTTP/1.1" 440 972
129.222.173.48 - - [02/Dec/2025:09:00:53 -0300] "GET /cormun/servlet/hlogin HTTP/1.1" 200 1730
129.222.173.48 - - [02/Dec/2025:09:00:53 -0300] "GET /cormun/servlet/hlogin HTTP/1.1" 200 1730
129.222.173.48 - - [02/Dec/2025:09:00:55 -0300] "POST /cormun/servlet/hlogin?590549eb100737052026e4a51d9be312,gx-no-cache=1764676900322 HTTP/1.1" 200 90
129.222.173.48 - - [02/Dec/2025:09:00:55 -0300] "GET /cormun/servlet/hpexe_link HTTP/1.1" 200 950
129.222.173.48 - - [02/Dec/2025:09:00:56 -0300] "GET /cormun/servlet/hhome HTTP/1.1" 200 3944
129.222.173.48 - - [02/Dec/2025:09:01:00 -0300] "GET /cormun/servlet/trlicencias? HTTP/1.1" 200 9112
129.222.173.48 - - [02/Dec/2025:09:01:06 -0300] "GET /cormun/servlet/hlogin HTTP/1.1" 200 1736
190.95.67.97 - - [02/Dec/2025:09:08:33 -0300] "GET /cormun/servlet/permisogoce?INS,0,,, HTTP/1.1" 200 6743
190.95.67.97 - - [02/Dec/2025:09:08:45 -0300] "GET /cormun/servlet/permisogoce?ed22a210a46e69095a6aabccff7e054b766a059ddb5799a5665b42735eb1d07ab6029b0214b83ebf94522ecb97f6d3e376a1c3f7d580432bc2f3f5a397728c36,gx-no-cache=1764677367954 HTTP/1.1" 200 88
129.222.173.48 - - [02/Dec/2025:09:09:22 -0300] "GET /cormun/servlet/hlogin HTTP/1.1" 200 1719
129.222.173.48 - - [02/Dec/2025:09:09:25 -0300] "POST /cormun/servlet/hlogin?590549eb100737052026e4a51d9be312,gx-no-cache=1764677409667 HTTP/1.1" 200 90
129.222.173.48 - - [02/Dec/2025:09:09:25 -0300] "GET /cormun/servlet/hpexe_link HTTP/1.1" 200 954
129.222.173.48 - - [02/Dec/2025:09:09:25 -0300] "GET /cormun/servlet/trlicencias HTTP/1.1" 200 9111
129.222.173.48 - - [02/Dec/2025:09:09:31 -0300] "GET /cormun/servlet/trpermisosgoce? HTTP/1.1" 200 12324
129.222.173.48 - - [02/Dec/2025:09:09:34 -0300] "GET /cormun/servlet/permisogoce?INS,0,,, HTTP/1.1" 200 6804
129.222.173.48 - - [02/Dec/2025:09:09:43 -0300] "GET /cormun/servlet/permisogoce?66ba1d4cfba545179ef961b41889d616777eea5f2a044a712319f7e627b254f026c338a82e1d1529529dc726164eea025f2b71b2dbb41ea04b277c11e4d0c212,gx-no-cache=1764677427897 HTTP/1.1" 200 83
129.222.173.48 - - [02/Dec/2025:09:10:05 -0300] "GET /cormun/servlet/hlogin HTTP/1.1" 200 1743
201.186.225.193 - - [02/Dec/2025:09:13:11 -0300] "GET /cormun/servlet/hhome HTTP/1.1" 200 3322
201.186.225.193 - - [02/Dec/2025:09:13:11 -0300] "GET /cormun/servlet/hlogin HTTP/1.1" 200 1732
201.186.225.193 - - [02/Dec/2025:09:13:13 -0300] "POST /cormun/servlet/hlogin?2af0dca60d2fc4569f94c4b5ccabead7,gx-no-cache=1764677638254 HTTP/1.1" 200 90
201.186.225.193 - - [02/Dec/2025:09:13:13 -0300] "GET /cormun/servlet/hpexe_link HTTP/1.1" 200 949
201.186.225.193 - - [02/Dec/2025:09:13:13 -0300] "GET /cormun/servlet/hhome HTTP/1.1" 200 4296
201.186.225.193 - - [02/Dec/2025:09:13:17 -0300] "GET /cormun/servlet/trlicencias? HTTP/1.1" 200 13184
190.95.67.97 - - [02/Dec/2025:09:15:36 -0300] "GET /cormun/static/menuarrow.gif HTTP/1.1" 404 1015
190.95.67.97 - - [02/Dec/2025:09:15:40 -0300] "GET /cormun/servlet/permisogoce?ed22a210a46e69095a6aabccff7e054b68ffc8bff71239ffa5d2e8765cd67bf52b2603c53ed801a017bdf116ffb491e2d4106bb253a83cc965c859e4f88ba00c,gx-no-cache=1764677782244 HTTP/1.1" 200 47
190.95.67.97 - - [02/Dec/2025:09:15:42 -0300] "POST /cormun/servlet/permisogoce?ce263406d3f4658fcadaf15791ce021a,INS,0,,,,gx-no-cache=1764677783857 HTTP/1.1" 200 93
190.95.67.97 - - [02/Dec/2025:09:15:42 -0300] "GET /cormun/servlet/hpexe_return? HTTP/1.1" 200 1003
190.95.67.97 - - [02/Dec/2025:09:15:42 -0300] "GET /cormun/servlet/trpermisosgoce HTTP/1.1" 200 13341
190.95.67.97 - - [02/Dec/2025:09:15:47 -0300] "GET /cormun/servlet/apermisogoceprn?12158284,P,20251202090923,PU HTTP/1.1" 200 1669
190.95.15.17 - - [02/Dec/2025:09:19:33 -0300] "POST /cormun/servlet/trlicencias?e83dcd302a9f17258e84befd44167b6b,gx-no-cache=1764678017087 HTTP/1.1" 200 6456
190.95.15.17 - - [02/Dec/2025:09:20:16 -0300] "GET /cormun/servlet/hlogin HTTP/1.1" 200 1733
190.95.15.17 - - [02/Dec/2025:09:20:25 -0300] "GET /cormun/servlet/hlogin HTTP/1.1" 200 1717
190.95.15.17 - - [02/Dec/2025:09:20:31 -0300] "POST /cormun/servlet/hlogin?e83dcd302a9f17258e84befd44167b6b,gx-no-cache=1764678075678 HTTP/1.1" 200 90
190.95.15.17 - - [02/Dec/2025:09:20:31 -0300] "GET /cormun/servlet/hpexe_link HTTP/1.1" 200 974
190.95.15.17 - - [02/Dec/2025:09:20:31 -0300] "GET /cormun/servlet/trlicencias?gx-no-cache=1764678017087 HTTP/1.1" 200 9232
190.95.15.17 - - [02/Dec/2025:09:20:47 -0300] "GET /cormun/static/menuarrow.gif HTTP/1.1" 404 1015
190.95.15.17 - - [02/Dec/2025:09:20:57 -0300] "POST /cormun/servlet/trlicencias?e83dcd302a9f17258e84befd44167b6b,gx-no-cache=1764678017087,gx-no-cache=1764678101471 HTTP/1.1" 200 7387
201.186.226.3 - - [02/Dec/2025:09:20:57 -0300] "GET /cormun/servlet/hlogin HTTP/1.1" 200 1726
190.95.15.17 - - [02/Dec/2025:09:21:00 -0300] "GET /cormun/servlet/hlogin HTTP/1.1" 200 1725
190.95.15.17 - - [02/Dec/2025:09:21:00 -0300] "GET /cormun/servlet/hlogin HTTP/1.1" 200 1735
190.95.15.17 - - [02/Dec/2025:09:21:03 -0300] "POST /cormun/servlet/hlogin?4472050b6efccad6fe13d5f4a59b021a,gx-no-cache=1764678274536 HTTP/1.1" 200 90
190.95.15.17 - - [02/Dec/2025:09:21:03 -0300] "GET /cormun/servlet/hpexe_link HTTP/1.1" 200 956
190.95.15.17 - - [02/Dec/2025:09:21:03 -0300] "GET /cormun/servlet/hhome HTTP/1.1" 200 4379
190.95.15.17 - - [02/Dec/2025:09:21:08 -0300] "GET /cormun/servlet/trfichaempleadohoras? HTTP/1.1" 500 10
201.186.226.3 - - [02/Dec/2025:09:21:08 -0300] "POST /cormun/servlet/hlogin?a28c2c9c425e8fd594c4b22ebcc3c23e,gx-no-cache=1764678113044 HTTP/1.1" 200 90
201.186.226.3 - - [02/Dec/2025:09:21:08 -0300] "GET /cormun/servlet/hpexe_link HTTP/1.1" 200 956
201.186.226.3 - - [02/Dec/2025:09:21:09 -0300] "GET /cormun/servlet/hhome HTTP/1.1" 200 3939
190.95.15.17 - - [02/Dec/2025:09:21:09 -0300] "GET /cormun/servlet/hhome HTTP/1.1" 200 4379
190.95.15.17 - - [02/Dec/2025:09:21:14 -0300] "GET /cormun/servlet/trlicencias? HTTP/1.1" 200 11759
201.186.226.3 - - [02/Dec/2025:09:21:14 -0300] "GET /cormun/servlet/trpermisosgoce? HTTP/1.1" 200 14421
201.186.226.3 - - [02/Dec/2025:09:21:18 -0300] "GET /cormun/servlet/permisogoce?INS,0,,, HTTP/1.1" 200 6800
201.186.226.3 - - [02/Dec/2025:09:21:19 -0300] "GET /cormun/static/gxcfg.js?20201215124560 HTTP/1.1" 200 953
201.186.226.3 - - [02/Dec/2025:09:21:19 -0300] "GET /cormun/static/Resources/prompt.gif HTTP/1.1" 200 902
201.186.226.3 - - [02/Dec/2025:09:21:19 -0300] "GET /cormun/static/permisogoce.js?20201215124939 HTTP/1.1" 200 27790
201.186.226.3 - - [02/Dec/2025:09:21:48 -0300] "GET /cormun/servlet/permisogoce?7c1a1498e2aaf7146c62f829bb06c062868e3325a9a41dde310b2e0675d9e0c00f9cf260524bd321d5a0bc6c652ded5442793fa55ebc0d01f8b7c197d53d5d8c,gx-no-cache=1764678153092 HTTP/1.1" 200 86
190.95.15.17 - - [02/Dec/2025:09:21:51 -0300] "GET /cormun/servlet/licenciaspermisos?DSP,19019277,L,20251119000000, HTTP/1.1" 200 7500
190.95.15.17 - - [02/Dec/2025:09:21:51 -0300] "POST /cormun/servlet/trlicencias?e83dcd302a9f17258e84befd44167b6b,gx-no-cache=1764678017087,gx-no-cache=1764678155718 HTTP/1.1" 200 7391
190.95.15.17 - - [02/Dec/2025:09:21:51 -0300] "GET /cormun/static/gxcfg.js?202012153173 HTTP/1.1" 200 953
190.95.15.17 - - [02/Dec/2025:09:21:51 -0300] "GET /cormun/static/licenciaspermisos.js?2020121532136 HTTP/1.1" 200 38753
201.186.226.3 - - [02/Dec/2025:09:21:52 -0300] "GET /cormun/static/menuarrow.gif HTTP/1.1" 404 1015
190.95.15.17 - - [02/Dec/2025:09:21:58 -0300] "GET /cormun/servlet/trlicencias? HTTP/1.1" 200 11759
201.186.226.3 - - [02/Dec/2025:09:22:01 -0300] "GET /cormun/servlet/permisogoce?7c1a1498e2aaf7146c62f829bb06c0628fb0ab9c6a9de45eebe2110bb6b8f53e480857bd6a31421593cb8928931fbb5e7bbee4cfbfce984740910cc54f2576aa,gx-no-cache=1764678165808 HTTP/1.1" 200 47
201.186.226.3 - - [02/Dec/2025:09:22:06 -0300] "POST /cormun/servlet/permisogoce?a28c2c9c425e8fd594c4b22ebcc3c23e,INS,0,,,,gx-no-cache=1764678170565 HTTP/1.1" 200 93
201.186.226.3 - - [02/Dec/2025:09:22:07 -0300] "GET /cormun/servlet/hpexe_return? HTTP/1.1" 200 1015
201.186.226.3 - - [02/Dec/2025:09:22:07 -0300] "GET /cormun/static/gxcfg.js?20221129846035 HTTP/1.1" 200 953
201.186.226.3 - - [02/Dec/2025:09:22:07 -0300] "GET /cormun/static/hpexe_return.js?20221129846037 HTTP/1.1" 200 1633
201.186.226.3 - - [02/Dec/2025:09:22:07 -0300] "GET /cormun/servlet/trpermisosgoce HTTP/1.1" 200 14750
201.186.226.3 - - [02/Dec/2025:09:22:08 -0300] "GET /cormun//static/Resources/PXToolsGridUpdate.png HTTP/1.1" 200 470
201.186.226.3 - - [02/Dec/2025:09:22:13 -0300] "GET /cormun/servlet/apermisogoceprn?10846902,P,20251202092208,PU HTTP/1.1" 200 1655
223.109.207.44 - - [02/Dec/2025:09:22:17 -0300] "GET /docs/deployer-howto.html HTTP/1.1" 200 26558
190.95.15.17 - - [02/Dec/2025:09:22:24 -0300] "POST /cormun/servlet/trlicencias?4472050b6efccad6fe13d5f4a59b021a,,gx-no-cache=1764678354946 HTTP/1.1" 200 4446
190.95.15.31 - - [02/Dec/2025:09:22:26 -0300] "GET /cormun/servlet/permisogoce?INS,0,,, HTTP/1.1" 200 7258
190.95.15.17 - - [02/Dec/2025:09:22:26 -0300] "GET /cormun/servlet/hhome HTTP/1.1" 200 4375
190.95.15.17 - - [02/Dec/2025:09:22:28 -0300] "GET /cormun/servlet/trlicencias? HTTP/1.1" 200 7340
190.95.15.17 - - [02/Dec/2025:09:22:32 -0300] "POST /cormun/servlet/trlicencias?4472050b6efccad6fe13d5f4a59b021a,,gx-no-cache=1764678363801 HTTP/1.1" 200 4445
190.95.15.31 - - [02/Dec/2025:09:22:34 -0300] "GET /cormun/servlet/permisogoce?237703f1ae6c33628311682e4311a384eaa7d82f336cd7627c664b6bb0f68e395a88df6fe32ea0d4014a34d0f5dc5a5f1f2b9cc8b9af87ff1120151efd0a5fc3,gx-no-cache=1764678197926 HTTP/1.1" 200 76
190.95.15.17 - - [02/Dec/2025:09:22:38 -0300] "GET /cormun/servlet/trreportecargahoraria? HTTP/1.1" 200 6960
190.95.15.17 - - [02/Dec/2025:09:22:39 -0300] "GET /cormun/static/gxcfg.js?202211298504121 HTTP/1.1" 200 953
190.95.15.17 - - [02/Dec/2025:09:22:39 -0300] "GET /cormun/static/trreportecargahoraria.js?20221129850435 HTTP/1.1" 200 29376
190.95.15.31 - - [02/Dec/2025:09:22:42 -0300] "GET /cormun/static/menuarrow.gif HTTP/1.1" 404 1015
190.95.15.17 - - [02/Dec/2025:09:22:47 -0300] "POST /cormun/servlet/trreportecargahoraria?4472050b6efccad6fe13d5f4a59b021a,,gx-no-cache=1764678378753 HTTP/1.1" 200 4216
190.95.15.17 - - [02/Dec/2025:09:22:51 -0300] "GET /cormun/servlet/hlogin HTTP/1.1" 200 1725
190.95.15.17 - - [02/Dec/2025:09:22:53 -0300] "POST /cormun/servlet/hlogin?4472050b6efccad6fe13d5f4a59b021a,gx-no-cache=1764678385024 HTTP/1.1" 200 90
190.95.15.17 - - [02/Dec/2025:09:22:53 -0300] "GET /cormun/servlet/hpexe_link HTTP/1.1" 200 967
190.95.15.17 - - [02/Dec/2025:09:22:54 -0300] "GET /cormun/servlet/trreportecargahoraria? HTTP/1.1" 200 6961
190.95.15.17 - - [02/Dec/2025:09:23:01 -0300] "POST /cormun/servlet/trreportecargahoraria?4472050b6efccad6fe13d5f4a59b021a,,gx-no-cache=1764678392417 HTTP/1.1" 200 4214
190.95.15.31 - - [02/Dec/2025:09:23:06 -0300] "GET /cormun/servlet/permisogoce?237703f1ae6c33628311682e4311a3848446bd41373fd277e8bec4d1db9bd7ad89d6f6e89fe9458c5c3b1ca9b9fa25ad6f45b9a73a8c015f650ccbb257c42d89,gx-no-cache=1764678222755 HTTP/1.1" 200 48
190.95.15.17 - - [02/Dec/2025:09:23:08 -0300] "GET /cormun/servlet/trlicencias? HTTP/1.1" 200 7340
190.95.15.31 - - [02/Dec/2025:09:23:11 -0300] "POST /cormun/servlet/permisogoce?3f65e60045962f35deaa23886add5f67,INS,0,,,,gx-no-cache=1764678234550 HTTP/1.1" 200 93
190.95.15.31 - - [02/Dec/2025:09:23:11 -0300] "GET /cormun/servlet/hpexe_return? HTTP/1.1" 200 1012
190.95.15.31 - - [02/Dec/2025:09:23:11 -0300] "GET /cormun/servlet/trpermisosgoce? HTTP/1.1" 200 8818
190.95.15.17 - - [02/Dec/2025:09:23:14 -0300] "POST /cormun/servlet/trlicencias?4472050b6efccad6fe13d5f4a59b021a,,gx-no-cache=1764678405097 HTTP/1.1" 200 9202
201.186.226.3 - - [02/Dec/2025:09:23:15 -0300] "GET /cormun/servlet/hlogin HTTP/1.1" 200 1743
190.95.15.31 - - [02/Dec/2025:09:23:23 -0300] "GET /cormun/servlet/apermisogoceprn?18645639,P,20251202092315,PU HTTP/1.1" 200 1664
129.222.173.48 - - [02/Dec/2025:09:23:25 -0300] "POST /cormun/servlet/trlicencias?f3b4d33301aa0bce49a860d5fb410088,gx-no-cache=1764678249053 HTTP/1.1" 200 6587
129.222.173.48 - - [02/Dec/2025:09:23:26 -0300] "POST /cormun/servlet/trlicencias?f3b4d33301aa0bce49a860d5fb410088,gx-no-cache=1764678249901 HTTP/1.1" 200 6586
129.222.173.48 - - [02/Dec/2025:09:23:26 -0300] "POST /cormun/servlet/trlicencias?f3b4d33301aa0bce49a860d5fb410088,gx-no-cache=1764678250653 HTTP/1.1" 200 6587
129.222.173.48 - - [02/Dec/2025:09:23:27 -0300] "POST /cormun/servlet/trlicencias?f3b4d33301aa0bce49a860d5fb410088,gx-no-cache=1764678251485 HTTP/1.1" 200 6586
190.95.15.17 - - [02/Dec/2025:09:23:27 -0300] "POST /cormun/servlet/trlicencias?4472050b6efccad6fe13d5f4a59b021a,,gx-no-cache=1764678419105 HTTP/1.1" 200 5687
190.95.15.31 - - [02/Dec/2025:09:23:38 -0300] "GET /cormun/servlet/permisogoce?UPD,18645639,P,20251202092315, HTTP/1.1" 200 7325
190.95.15.31 - - [02/Dec/2025:09:23:38 -0300] "GET /cormun/servlet/permisogoce?237703f1ae6c33628311682e4311a384eaa7d82f336cd7627c664b6bb0f68e396cdd9645dc4308908d5cef38003421716aaf941268ff907c1918d3ebad555a50,gx-no-cache=1764678262448 HTTP/1.1" 200 76
190.95.15.17 - - [02/Dec/2025:09:23:43 -0300] "POST /cormun/servlet/trlicencias?4472050b6efccad6fe13d5f4a59b021a,,gx-no-cache=1764678434201 HTTP/1.1" 200 9203
190.95.15.31 - - [02/Dec/2025:09:23:49 -0300] "GET /cormun/servlet/permisogoce?237703f1ae6c33628311682e4311a3848446bd41373fd277e8bec4d1db9bd7ade25e19591c08667c09603cf8ef94fa7e1c5dfe688afe16035b451a536f09c0f7,gx-no-cache=1764678269875 HTTP/1.1" 200 48
190.95.15.31 - - [02/Dec/2025:09:23:49 -0300] "POST /cormun/servlet/permisogoce?3f65e60045962f35deaa23886add5f67,UPD,18645639,P,20251202092315,,gx-no-cache=1764678273194 HTTP/1.1" 200 93
190.95.15.31 - - [02/Dec/2025:09:23:49 -0300] "GET /cormun/servlet/hpexe_return? HTTP/1.1" 200 1029
190.95.15.31 - - [02/Dec/2025:09:23:50 -0300] "GET /cormun/servlet/trpermisosgoce HTTP/1.1" 200 8819
190.95.15.17 - - [02/Dec/2025:09:23:52 -0300] "GET /cormun/servlet/trreportecargahoraria? HTTP/1.1" 200 6960
190.95.15.31 - - [02/Dec/2025:09:23:53 -0300] "GET /cormun/servlet/apermisogoceprn?18645639,P,20251202092315,PU HTTP/1.1" 200 1663
190.95.15.17 - - [02/Dec/2025:09:24:07 -0300] "GET /cormun/servlet/trcontratosolicitud? HTTP/1.1" 200 14808
190.95.15.17 - - [02/Dec/2025:09:24:07 -0300] "GET /cormun/static/gxcfg.js?202211298514361 HTTP/1.1" 200 953
190.95.15.17 - - [02/Dec/2025:09:24:07 -0300] "GET /cormun/static/trcontratosolicitud.js?202211298514531 HTTP/1.1" 200 28237
190.95.15.17 - - [02/Dec/2025:09:24:07 -0300] "GET /cormun//static/Resources/PXToolsGridNew.png HTTP/1.1" 200 427
190.95.15.17 - - [02/Dec/2025:09:24:35 -0300] "GET /cormun/servlet/trcontratounov2? HTTP/1.1" 200 17934
190.95.15.17 - - [02/Dec/2025:09:24:35 -0300] "GET /cormun/static/gxcfg.js?2020121614367 HTTP/1.1" 200 953
190.95.15.17 - - [02/Dec/2025:09:24:35 -0300] "GET /cormun/static/trcontratounov2.js?20201216143065 HTTP/1.1" 200 38486
190.95.15.17 - - [02/Dec/2025:09:24:35 -0300] "GET /cormun/static/Resources/PXToolsAddSelectedAction.png HTTP/1.1" 200 523
190.95.15.17 - - [02/Dec/2025:09:24:55 -0300] "GET /cormun/servlet/trcontratosolicitud? HTTP/1.1" 200 14815
190.95.15.17 - - [02/Dec/2025:09:25:14 -0300] "GET /cormun/servlet/trreportecargahoraria? HTTP/1.1" 200 6961
190.95.15.17 - - [02/Dec/2025:09:25:18 -0300] "GET /cormun/servlet/trcontratoobservaciondir? HTTP/1.1" 200 7626
190.95.15.17 - - [02/Dec/2025:09:25:18 -0300] "GET /cormun/static/gxcfg.js?20221129848537 HTTP/1.1" 200 953
190.95.15.17 - - [02/Dec/2025:09:25:18 -0300] "GET /cormun/static/trcontratoobservaciondir.js?20221129848696 HTTP/1.1" 200 27185
190.95.15.17 - - [02/Dec/2025:09:25:23 -0300] "GET /cormun/servlet/trlicencias? HTTP/1.1" 200 11758
129.222.173.48 - - [02/Dec/2025:09:25:56 -0300] "POST /cormun/servlet/trlicencias?f3b4d33301aa0bce49a860d5fb410088,gx-no-cache=1764678400470 HTTP/1.1" 200 6587
190.95.15.17 - - [02/Dec/2025:09:26:07 -0300] "POST /cormun/servlet/trlicencias?4472050b6efccad6fe13d5f4a59b021a,,gx-no-cache=1764678578930 HTTP/1.1" 200 5694
190.95.15.17 - - [02/Dec/2025:09:26:14 -0300] "GET /cormun/servlet/licenciaspermisos?DSP,19019277,L,20251119000000, HTTP/1.1" 200 7500
190.95.15.17 - - [02/Dec/2025:09:26:20 -0300] "GET /cormun/servlet/trlicencias? HTTP/1.1" 200 8471
190.95.15.17 - - [02/Dec/2025:09:26:25 -0300] "POST /cormun/servlet/trlicencias?4472050b6efccad6fe13d5f4a59b021a,,gx-no-cache=1764678596890 HTTP/1.1" 200 9206
201.186.225.185 - - [02/Dec/2025:09:28:50 -0300] "POST /cormun/servlet/trlicencias?3792ffe313325c2ce217d704e33897ae,,gx-no-cache=1764678573757 HTTP/1.1" 200 8474
201.186.225.185 - - [02/Dec/2025:09:30:54 -0300] "GET /cormun/servlet/hlogin HTTP/1.1" 200 1717
201.186.225.185 - - [02/Dec/2025:09:30:58 -0300] "POST /cormun/servlet/hlogin?3792ffe313325c2ce217d704e33897ae,gx-no-cache=1764678702856 HTTP/1.1" 200 90
201.186.225.185 - - [02/Dec/2025:09:30:58 -0300] "GET /cormun/servlet/hpexe_link HTTP/1.1" 200 954
201.186.225.185 - - [02/Dec/2025:09:30:58 -0300] "GET /cormun/servlet/trlicencias? HTTP/1.1" 200 10784
201.186.225.185 - - [02/Dec/2025:09:31:09 -0300] "GET /cormun/servlet/trcontratoobservaciondir? HTTP/1.1" 200 6949
201.186.225.185 - - [02/Dec/2025:09:31:09 -0300] "GET /cormun/static/gxcfg.js?20221129848537 HTTP/1.1" 200 953
201.186.225.185 - - [02/Dec/2025:09:31:09 -0300] "GET /cormun/static/trcontratoobservaciondir.js?20221129848696 HTTP/1.1" 200 27185
201.186.225.185 - - [02/Dec/2025:09:31:13 -0300] "POST /cormun/servlet/trcontratoobservaciondir?3792ffe313325c2ce217d704e33897ae,,gx-no-cache=1764678718190 HTTP/1.1" 200 4122
201.186.225.185 - - [02/Dec/2025:09:31:16 -0300] "GET /cormun/servlet/trcontratosolicitud? HTTP/1.1" 200 14679
201.186.225.185 - - [02/Dec/2025:09:31:22 -0300] "POST /cormun/servlet/trcontratosolicitud?3792ffe313325c2ce217d704e33897ae,,gx-no-cache=1764678726189 HTTP/1.1" 200 5353
201.186.225.185 - - [02/Dec/2025:09:31:31 -0300] "POST /cormun/servlet/trcontratosolicitud?3792ffe313325c2ce217d704e33897ae,,gx-no-cache=1764678735072 HTTP/1.1" 200 5065
201.186.225.249 - - [02/Dec/2025:09:31:40 -0300] "GET /cormun/servlet/hlogin HTTP/1.1" 200 1723
201.186.225.249 - - [02/Dec/2025:09:31:40 -0300] "GET /cormun/servlet/hlogin HTTP/1.1" 200 1733
201.186.225.249 - - [02/Dec/2025:09:31:46 -0300] "POST /cormun/servlet/hlogin?04d274014832c02fcd07d5e8ea83063f,gx-no-cache=1764678751446 HTTP/1.1" 200 90
201.186.225.249 - - [02/Dec/2025:09:31:46 -0300] "GET /cormun/servlet/hpexe_link HTTP/1.1" 200 952
201.186.225.249 - - [02/Dec/2025:09:31:46 -0300] "GET /cormun/servlet/hhome HTTP/1.1" 200 4304
201.186.225.249 - - [02/Dec/2025:09:31:49 -0300] "GET /cormun/servlet/trlicencias? HTTP/1.1" 200 13761
201.186.225.185 - - [02/Dec/2025:09:31:50 -0300] "POST /cormun/servlet/trlicencias?3792ffe313325c2ce217d704e33897ae,,gx-no-cache=1764678753706 HTTP/1.1" 200 4437
201.186.225.191 - - [02/Dec/2025:09:32:45 -0300] "GET /cormun/servlet/hlogin HTTP/1.1" 200 1720
201.186.225.191 - - [02/Dec/2025:09:32:45 -0300] "GET /cormun/servlet/hlogin HTTP/1.1" 200 1731
201.186.225.191 - - [02/Dec/2025:09:32:45 -0300] "GET /favicon.ico HTTP/1.1" 200 21630
201.186.225.191 - - [02/Dec/2025:09:32:54 -0300] "POST /cormun/servlet/hlogin?2d4764f12c41a746b5c3957e9403016a,gx-no-cache=1764678818723 HTTP/1.1" 200 90
201.186.225.191 - - [02/Dec/2025:09:32:54 -0300] "GET /cormun/servlet/hpexe_link HTTP/1.1" 200 950
