190.95.1.187 - - [26/Nov/2025:10:35:12 -0300] "GET /cormun/servlet/hpexe_return? HTTP/1.1" 200 1039
190.95.1.187 - - [26/Nov/2025:10:35:12 -0300] "GET /cormun/servlet/trpermisosadjuntos?17138580,20251126103452,P, HTTP/1.1" 200 6835
190.95.15.31 - - [26/Nov/2025:10:35:19 -0300] "GET /cormun/servlet/solicitudot?cf947c72b4a03dc3e2fb0969762f03bccbb489e56216fa43f8da4f48db6ad08d343cddc3e2ace5dd2ee4c45de12c4a37,gx-no-cache=1764164172312 HTTP/1.1" 200 30
190.95.15.9 - - [26/Nov/2025:10:35:27 -0300] "POST /cormun/servlet/trlicencias?2f1f8dd997638d45f72b5d79b8130662,gx-no-cache=1764164180906 HTTP/1.1" 440 972
190.95.15.9 - - [26/Nov/2025:10:35:28 -0300] "GET /cormun/servlet/trlicencias HTTP/1.1" 200 6052
190.95.15.9 - - [26/Nov/2025:10:35:29 -0300] "GET /cormun/servlet/hlogin HTTP/1.1" 200 1736
190.95.15.9 - - [26/Nov/2025:10:35:32 -0300] "POST /cormun/servlet/hlogin?8038112086cb37cc3186b0fe6915b702,gx-no-cache=1764164186317 HTTP/1.1" 200 90
190.95.15.9 - - [26/Nov/2025:10:35:32 -0300] "GET /cormun/servlet/hpexe_link HTTP/1.1" 200 957
190.95.15.9 - - [26/Nov/2025:10:35:32 -0300] "GET /cormun/servlet/trlicencias HTTP/1.1" 200 12892
190.95.15.9 - - [26/Nov/2025:10:35:37 -0300] "POST /cormun/servlet/trlicencias?8038112086cb37cc3186b0fe6915b702,gx-no-cache=1764164190864 HTTP/1.1" 200 10481
190.95.15.31 - - [26/Nov/2025:10:35:56 -0300] "GET /cormun/servlet/solicitudot?cf947c72b4a03dc3e2fb0969762f03bcd634d0f90191d184d13feca0f6dc81b56d04aea474e34f2724b271559186476b09491ba629193390d36ecaba5c5b7bf6,gx-no-cache=1764164209028 HTTP/1.1" 200 30
190.95.15.31 - - [26/Nov/2025:10:35:56 -0300] "GET /cormun/servlet/solicitudot?cf947c72b4a03dc3e2fb0969762f03bc67e99ea65d533d4565a4318b819082ee,gx-no-cache=1764164209118 HTTP/1.1" 200 53
190.95.15.15 - - [26/Nov/2025:10:36:12 -0300] "POST /cormun/servlet/trlicencias?e0c1a646ba1f37651c18c2d9b2f07de3,,gx-no-cache=1764164225370 HTTP/1.1" 200 5987
190.95.15.31 - - [26/Nov/2025:10:36:14 -0300] "POST /cormun/servlet/solicitudot?gx-no-cache=1764164226607 HTTP/1.1" 200 240
190.95.15.31 - - [26/Nov/2025:10:36:14 -0300] "GET /cormun/servlet/solicitudot?cf947c72b4a03dc3e2fb0969762f03bcd67bbe1fd30c82f166dfeb132e8a7bfe20eaa5e6e4bc31db35b7bfc320445690bb1c4fb3538ff03253305fe3432d18618f93d3eebb6a8548e6622a9679196c28505e6c939c7806c86905f1e2f502eae2d91e1fe537adef6a56d7e1d33379a57b37d73f21874b647af7fd494655a808732786ab013edf8277037385c101680ba5ca91334fd4aea3ad345d2d34b0112022d50fa49c0010623c7870345601c06c2255c163b22f99e9252115ef8e9ecb3511c511d452d9e7719b1f2d55b531cd84eba17cf0241fc0dd8d8b9bfb4c421d808fb04bc5aae7ec1a6a525bbd5f90bf3f91d8fb611222c7e9b526a7dca4357bc26b3e86b4654185f4a1708d4f9b85d84e5a084f80ea632ecead028eecdc9a68cf82b001dfe8b0b7728fc21032268f3802c1e40bf6edfeb8aba11b635e38415518725c6e44b202dbc838756246ae9398cb4effe6eece21a66270dceea34c4e3d5afd6ced93867d04e3d6564f8ab5d093e82391abea9eed3ce8139ef57e2de3ad3dd4,gx-no-cache=1764164226708 HTTP/1.1" 200 30
190.95.15.31 - - [26/Nov/2025:10:36:14 -0300] "POST /cormun/servlet/solicitudot?gx-no-cache=1764164226795 HTTP/1.1" 200 30
190.95.15.31 - - [26/Nov/2025:10:36:14 -0300] "POST /cormun/servlet/solicitudot?gx-no-cache=1764164226872 HTTP/1.1" 200 1481
190.95.15.31 - - [26/Nov/2025:10:36:14 -0300] "POST /cormun/servlet/solicitudot?gx-no-cache=1764164226932 HTTP/1.1" 200 38
190.95.15.31 - - [26/Nov/2025:10:36:14 -0300] "GET /cormun/servlet/solicitudot?cf947c72b4a03dc3e2fb0969762f03bc65b7ae3089fe67e0a54f0acd565455168abe92da79a49d05eb4bc146039fd90bb03e9ec2641851ddbea4a93fd73e27b220fc98b9a691c7442f24697a98f9e043e631712d8ac35055a993718f8ee3908a4b53715604eb18115fd0a0d1bbfd0e53,gx-no-cache=1764164226981 HTTP/1.1" 200 110
190.95.67.91 - - [26/Nov/2025:10:36:15 -0300] "GET /cormun/servlet/permisogoce?INS,0,,, HTTP/1.1" 200 7148
192.168.10.19 - - [26/Nov/2025:10:36:21 -0300] "GET /cormun/servlet/trsolicitudgral? HTTP/1.1" 200 9733
190.95.67.91 - - [26/Nov/2025:10:36:23 -0300] "GET /cormun/servlet/permisogoce?479d789f895a12ac60a9114f2bc85c9332ff15396da3664f71c8a7b02e518289cf1896f989bb80de9a55bd7aa7801b6905c6fc901db4aae5793aa3d5e621509b,gx-no-cache=1764164235665 HTTP/1.1" 200 89
192.168.10.19 - - [26/Nov/2025:10:36:23 -0300] "POST /cormun/servlet/trsolicitudgral?1660f8dca4e925144731bf8cfec7cd9d,,gx-no-cache=1764164245982 HTTP/1.1" 200 5490
192.168.10.19 - - [26/Nov/2025:10:36:23 -0300] "GET /cormun/static/Shared/jqueryui/images/ui-icons_82798d_256x240.png HTTP/1.1" 404 1089
192.168.10.19 - - [26/Nov/2025:10:36:23 -0300] "GET /cormun/static/Shared/jqueryui/images/ui-bg_highlight-soft_100_c6c2c8_1x100.png HTTP/1.1" 404 1117
192.168.10.19 - - [26/Nov/2025:10:36:23 -0300] "GET /cormun/static/Shared/jqueryui/images/ui-bg_flat_55_fafafa_40x100.png HTTP/1.1" 404 1097
192.168.10.19 - - [26/Nov/2025:10:36:23 -0300] "GET /cormun/static/Shared/jqueryui/images/ui-icons_8d78a5_256x240.png HTTP/1.1" 404 1089
192.168.10.19 - - [26/Nov/2025:10:36:24 -0300] "GET /cormun/servlet/trautorizarot? HTTP/1.1" 200 10513
192.168.10.19 - - [26/Nov/2025:10:36:29 -0300] "POST /cormun/servlet/trautorizarot?1660f8dca4e925144731bf8cfec7cd9d,,gx-no-cache=1764164251499 HTTP/1.1" 200 5355
192.168.10.19 - - [26/Nov/2025:10:36:30 -0300] "GET /cormun/servlet/trsolicitudgral? HTTP/1.1" 200 8311
190.95.15.31 - - [26/Nov/2025:10:36:36 -0300] "POST /cormun/servlet/solicitudot?gx-no-cache=1764164248964 HTTP/1.1" 200 1481
190.95.15.31 - - [26/Nov/2025:10:36:36 -0300] "POST /cormun/servlet/solicitudot?gx-no-cache=1764164249051 HTTP/1.1" 200 38
190.95.15.31 - - [26/Nov/2025:10:36:36 -0300] "GET /cormun/servlet/solicitudot?cf947c72b4a03dc3e2fb0969762f03bc65b7ae3089fe67e0a54f0acd565455168abe92da79a49d05eb4bc146039fd90bb03e9ec2641851ddbea4a93fd73e27b220fc98b9a691c7442f24697a98f9e043e631712d8ac35055a993718f8ee3908a4b53715604eb18115fd0a0d1bbfd0e53,gx-no-cache=1764164249099 HTTP/1.1" 200 110
190.95.15.31 - - [26/Nov/2025:10:36:36 -0300] "POST /cormun/servlet/solicitudot?gx-no-cache=1764164249148 HTTP/1.1" 200 83
190.95.67.91 - - [26/Nov/2025:10:36:44 -0300] "GET /cormun/servlet/permisogoce?479d789f895a12ac60a9114f2bc85c9390b46d9d057cbeeb68403e61ff620821b915f6712e463d0c440c0b13a87f34dbcab20fe51b7da814d2ed4e3058cf5cfd,gx-no-cache=1764164256720 HTTP/1.1" 200 47
190.95.15.31 - - [26/Nov/2025:10:37:06 -0300] "GET /cormun/servlet/solicitudot?cf947c72b4a03dc3e2fb0969762f03bc4411c4cd9b8a0cf6586eec9f72f61df825bfe16931f594abefdfaed892fab2a6aa9dc3c399240490aa6cbfeb18742c47b74a72ee8f039b9c679ad46f7f418426ae014523364e714082f8780d1d8d99e1d9518755f74a81282de2a1395c7e3850,gx-no-cache=1764164278892 HTTP/1.1" 200 29
190.95.15.31 - - [26/Nov/2025:10:37:06 -0300] "GET /cormun/static/menuarrow.gif HTTP/1.1" 404 1015
186.40.64.120 - - [26/Nov/2025:10:37:15 -0300] "GET /cormun/servlet/permisogoce?INS,0,,, HTTP/1.1" 200 6775
186.40.64.120 - - [26/Nov/2025:10:37:16 -0300] "GET /cormun/static/gxcfg.js?20201215124560 HTTP/1.1" 200 953
186.40.64.120 - - [26/Nov/2025:10:37:16 -0300] "GET /cormun/static/Resources/prompt.gif HTTP/1.1" 200 902
186.40.64.120 - - [26/Nov/2025:10:37:16 -0300] "GET /cormun/static/permisogoce.js?20201215124939 HTTP/1.1" 200 27790
190.95.15.31 - - [26/Nov/2025:10:37:28 -0300] "GET /cormun/servlet/solicitudot?cf947c72b4a03dc3e2fb0969762f03bc3105d6fe6cbbeafc66941004fa05900af85e9b47e9a0068e213637f073b7bd94,gx-no-cache=1764164301082 HTTP/1.1" 200 30
186.40.64.120 - - [26/Nov/2025:10:37:31 -0300] "GET /cormun/servlet/permisogoce?7eb8198dda9d5388bdff1c827c943ce769694253140c92878d3dccba94f8dabcc4ccb4cedd93d731c44cc3d408817bebec6cbe297ed971f935bfb3f387495307,gx-no-cache=1764164307074 HTTP/1.1" 200 79
190.95.15.31 - - [26/Nov/2025:10:37:35 -0300] "POST /cormun/servlet/solicitudot?gx-no-cache=1764164307863 HTTP/1.1" 200 30
186.40.64.120 - - [26/Nov/2025:10:37:40 -0300] "GET /cormun/servlet/permisogoce?7eb8198dda9d5388bdff1c827c943ce7d3bf682179026ef38399d34a2abfb9561fcda8d8ab3c23df216406a8467ee2bc6fd4a074fa05142ecea4d276d81e9144,gx-no-cache=1764164315873 HTTP/1.1" 200 48
186.40.64.120 - - [26/Nov/2025:10:37:44 -0300] "POST /cormun/servlet/permisogoce?1be9f838cc9c1a0bd63d23e864281771,INS,0,,,,gx-no-cache=1764164318915 HTTP/1.1" 200 93
186.40.64.120 - - [26/Nov/2025:10:37:44 -0300] "GET /cormun/servlet/hpexe_return? HTTP/1.1" 200 1006
186.40.64.120 - - [26/Nov/2025:10:37:44 -0300] "GET /cormun/static/hpexe_return.js?20221129846037 HTTP/1.1" 200 1633
186.40.64.120 - - [26/Nov/2025:10:37:44 -0300] "GET /cormun/static/gxcfg.js?20221129846035 HTTP/1.1" 200 953
186.40.64.120 - - [26/Nov/2025:10:37:44 -0300] "GET /cormun/servlet/trpermisosgoce HTTP/1.1" 200 11851
186.40.64.120 - - [26/Nov/2025:10:37:47 -0300] "GET /cormun/servlet/apermisogoceprn?16879896,P,20251126103817,PU HTTP/1.1" 200 1668
190.95.15.31 - - [26/Nov/2025:10:38:01 -0300] "POST /cormun/servlet/solicitudot?ee1f8492e3ce25c24cc5a423281d9cca,INS,0,0,false,,gx-no-cache=1764164333220 HTTP/1.1" 200 93
190.95.15.31 - - [26/Nov/2025:10:38:01 -0300] "GET /cormun/servlet/hpexe_return? HTTP/1.1" 200 1007
190.95.15.31 - - [26/Nov/2025:10:38:02 -0300] "GET /cormun/servlet/trsolicitudot HTTP/1.1" 200 8985
186.40.64.120 - - [26/Nov/2025:10:38:15 -0300] "GET /cormun/servlet/permisogoce?INS,0,,, HTTP/1.1" 200 6775
186.40.64.120 - - [26/Nov/2025:10:38:37 -0300] "GET /cormun/servlet/permisogoce?7eb8198dda9d5388bdff1c827c943ce7796080e2142b0c19232334f0de342fddc4ccb4cedd93d731c44cc3d408817bebec6cbe297ed971f935bfb3f387495307,gx-no-cache=1764164372476 HTTP/1.1" 200 82
186.40.64.120 - - [26/Nov/2025:10:38:48 -0300] "GET /cormun/servlet/permisogoce?7eb8198dda9d5388bdff1c827c943ce71e962fb2163ae8b26d550bd142ffaff9df41b160e55ab61e9d16b6319f0a47316fd4a074fa05142ecea4d276d81e9144,gx-no-cache=1764164383707 HTTP/1.1" 200 48
186.40.64.120 - - [26/Nov/2025:10:38:51 -0300] "POST /cormun/servlet/permisogoce?1be9f838cc9c1a0bd63d23e864281771,INS,0,,,,gx-no-cache=1764164386724 HTTP/1.1" 200 93
186.40.64.120 - - [26/Nov/2025:10:38:52 -0300] "GET /cormun/servlet/hpexe_return? HTTP/1.1" 200 1006
186.40.64.120 - - [26/Nov/2025:10:38:52 -0300] "GET /cormun/servlet/trpermisosgoce HTTP/1.1" 200 12091
186.40.64.120 - - [26/Nov/2025:10:39:05 -0300] "GET /cormun/servlet/apermisogoceprn?14011465,P,20251126103917,PU HTTP/1.1" 200 1662
192.168.10.19 - - [26/Nov/2025:10:39:13 -0300] "POST /cormun/servlet/trsolicitudgral?1660f8dca4e925144731bf8cfec7cd9d,,gx-no-cache=1764164416425 HTTP/1.1" 200 6633
192.168.10.19 - - [26/Nov/2025:10:39:15 -0300] "GET /cormun/servlet/vesolicitudgral?2025,23126,, HTTP/1.1" 200 8389
192.168.10.19 - - [26/Nov/2025:10:39:15 -0300] "GET /cormun/pexe_scrolldiv.js HTTP/1.1" 404 1009
192.168.10.19 - - [26/Nov/2025:10:39:43 -0300] "GET /cormun/servlet/vesolicitudgral?2025,23126,,SolicitudOTAdjuntos HTTP/1.1" 200 7092
192.168.10.19 - - [26/Nov/2025:10:39:43 -0300] "GET /cormun/pexe_scrolldiv.js HTTP/1.1" 404 1009
192.168.10.19 - - [26/Nov/2025:10:39:44 -0300] "POST /cormun/servlet/acontrolpreferencessavestate?None,RRHH+DANIELA,true HTTP/1.1" 200 35
192.168.10.19 - - [26/Nov/2025:10:39:45 -0300] "GET /cormun/servlet/vesolicitudgral?2025,23126,,General HTTP/1.1" 200 8392
192.168.10.19 - - [26/Nov/2025:10:39:45 -0300] "GET /cormun/pexe_scrolldiv.js HTTP/1.1" 404 1009
192.168.10.19 - - [26/Nov/2025:10:39:59 -0300] "GET /cormun/servlet/vesolicitudgral?2025,23126,,SolicitudOTAdjuntos HTTP/1.1" 200 7092
192.168.10.19 - - [26/Nov/2025:10:39:59 -0300] "GET /cormun/pexe_scrolldiv.js HTTP/1.1" 404 1009
192.168.10.19 - - [26/Nov/2025:10:40:00 -0300] "POST /cormun/servlet/acontrolpreferencessavestate?None,RRHH+DANIELA,true HTTP/1.1" 200 35
192.168.10.19 - - [26/Nov/2025:10:40:00 -0300] "GET /cormun/servlet/vesolicitudgral?2025,23126,,General HTTP/1.1" 200 8392
192.168.10.19 - - [26/Nov/2025:10:40:00 -0300] "GET /cormun/pexe_scrolldiv.js HTTP/1.1" 404 1009
192.168.10.19 - - [26/Nov/2025:10:40:12 -0300] "GET /cormun/servlet/trsolicitudgral? HTTP/1.1" 200 9705
190.95.15.15 - - [26/Nov/2025:10:40:14 -0300] "POST /cormun/servlet/trlicencias?e0c1a646ba1f37651c18c2d9b2f07de3,,gx-no-cache=1764164467024 HTTP/1.1" 200 4180
192.168.10.19 - - [26/Nov/2025:10:40:22 -0300] "POST /cormun/servlet/trsolicitudgral?1660f8dca4e925144731bf8cfec7cd9d,,gx-no-cache=1764164484643 HTTP/1.1" 200 5271
190.95.15.31 - - [26/Nov/2025:10:41:08 -0300] "POST /cormun/servlet/trsolicitudot?ee1f8492e3ce25c24cc5a423281d9cca,gx-no-cache=1764164520781 HTTP/1.1" 200 4875
190.95.15.31 - - [26/Nov/2025:10:41:08 -0300] "GET /cormun/static/Shared/jqueryui/images/ui-bg_highlight-soft_100_c6c2c8_1x100.png HTTP/1.1" 404 1117
190.95.15.31 - - [26/Nov/2025:10:41:08 -0300] "GET /cormun/static/Shared/jqueryui/images/ui-icons_82798d_256x240.png HTTP/1.1" 404 1089
190.95.15.31 - - [26/Nov/2025:10:41:08 -0300] "GET /cormun/static/Shared/jqueryui/images/ui-bg_flat_55_fafafa_40x100.png HTTP/1.1" 404 1097
190.95.15.31 - - [26/Nov/2025:10:41:08 -0300] "GET /cormun/static/Shared/jqueryui/images/ui-icons_8d78a5_256x240.png HTTP/1.1" 404 1089
190.95.15.31 - - [26/Nov/2025:10:41:08 -0300] "POST /cormun/servlet/trsolicitudot?ee1f8492e3ce25c24cc5a423281d9cca,gx-no-cache=1764164521142 HTTP/1.1" 200 4613
192.168.10.19 - - [26/Nov/2025:10:41:10 -0300] "GET /cormun/servlet/trsolicitudgral? HTTP/1.1" 200 8323
190.95.15.31 - - [26/Nov/2025:10:41:11 -0300] "GET /cormun/servlet/trautorizarsolicitud? HTTP/1.1" 200 8882
190.95.15.31 - - [26/Nov/2025:10:41:15 -0300] "POST /cormun/servlet/trautorizarsolicitud?ee1f8492e3ce25c24cc5a423281d9cca,,gx-no-cache=1764164527415 HTTP/1.1" 200 4806
190.95.15.31 - - [26/Nov/2025:10:41:15 -0300] "GET /cormun/static/Shared/jqueryui/images/ui-icons_82798d_256x240.png HTTP/1.1" 404 1089
190.95.15.31 - - [26/Nov/2025:10:41:15 -0300] "GET /cormun/static/Shared/jqueryui/images/ui-icons_8d78a5_256x240.png HTTP/1.1" 404 1089
190.95.15.31 - - [26/Nov/2025:10:41:15 -0300] "GET /cormun/static/Shared/jqueryui/images/ui-bg_highlight-soft_100_c6c2c8_1x100.png HTTP/1.1" 404 1117
190.95.15.31 - - [26/Nov/2025:10:41:15 -0300] "GET /cormun/static/Shared/jqueryui/images/ui-bg_flat_55_fafafa_40x100.png HTTP/1.1" 404 1097
190.95.15.31 - - [26/Nov/2025:10:41:15 -0300] "POST /cormun/servlet/trautorizarsolicitud?ee1f8492e3ce25c24cc5a423281d9cca,,gx-no-cache=1764164527563 HTTP/1.1" 200 4547
192.168.10.19 - - [26/Nov/2025:10:41:16 -0300] "POST /cormun/servlet/trsolicitudgral?1660f8dca4e925144731bf8cfec7cd9d,,gx-no-cache=1764164538849 HTTP/1.1" 200 27306
192.168.10.19 - - [26/Nov/2025:10:41:16 -0300] "GET /cormun/static/Resources/PXToolsGridLast.gif HTTP/1.1" 200 370
192.168.10.19 - - [26/Nov/2025:10:41:16 -0300] "GET /cormun/static/Resources/PXToolsGridNext.gif HTTP/1.1" 200 369
186.40.64.120 - - [26/Nov/2025:10:41:38 -0300] "GET /cormun/servlet/permisogoce?INS,0,,, HTTP/1.1" 200 6774
201.186.225.183 - - [26/Nov/2025:10:41:38 -0300] "GET /cormun/servlet/licenciaspermisos?DSP,15755918,L,20251119000000, HTTP/1.1" 200 6248
201.186.225.183 - - [26/Nov/2025:10:41:38 -0300] "GET /cormun/servlet/hlogin HTTP/1.1" 200 1759
190.95.15.15 - - [26/Nov/2025:10:41:44 -0300] "POST /cormun/servlet/trlicencias?e0c1a646ba1f37651c18c2d9b2f07de3,,gx-no-cache=1764164556854 HTTP/1.1" 200 4177
201.186.225.183 - - [26/Nov/2025:10:41:46 -0300] "POST /cormun/servlet/hlogin?b4f7e4950c8f1726766cde9af0644425,gx-no-cache=1764164560310 HTTP/1.1" 200 468
192.168.10.19 - - [26/Nov/2025:10:41:52 -0300] "POST /cormun/servlet/trsolicitudgral?1660f8dca4e925144731bf8cfec7cd9d,,gx-no-cache=1764164574692 HTTP/1.1" 200 5259
201.186.225.183 - - [26/Nov/2025:10:41:53 -0300] "POST /cormun/servlet/hlogin?b4f7e4950c8f1726766cde9af0644425,gx-no-cache=1764164567612 HTTP/1.1" 200 90
201.186.225.183 - - [26/Nov/2025:10:41:53 -0300] "GET /cormun/servlet/hpexe_link HTTP/1.1" 200 977
201.186.225.183 - - [26/Nov/2025:10:41:53 -0300] "GET /cormun/servlet/licenciaspermisos?DSP,15755918,L,20251119000000, HTTP/1.1" 200 6878
201.186.225.183 - - [26/Nov/2025:10:41:55 -0300] "POST /cormun/servlet/licenciaspermisos?b4f7e4950c8f1726766cde9af0644425,DSP,15755918,L,20251119000000,,gx-no-cache=1764164569959 HTTP/1.1" 200 93
201.186.225.183 - - [26/Nov/2025:10:41:55 -0300] "GET /cormun/servlet/hpexe_return? HTTP/1.1" 200 1021
201.186.225.183 - - [26/Nov/2025:10:41:55 -0300] "GET /cormun/servlet/hhome HTTP/1.1" 200 3958
201.186.225.183 - - [26/Nov/2025:10:41:56 -0300] "GET /cormun/static/hhome.js?20201215495544 HTTP/1.1" 200 777
201.186.225.183 - - [26/Nov/2025:10:41:56 -0300] "GET /cormun/static/gxcfg.js?20201215495537 HTTP/1.1" 200 953
190.95.2.163 - - [26/Nov/2025:10:42:02 -0300] "GET /cormun/servlet/trpermisosadjuntos?13343621,20251118091750,P, HTTP/1.1" 200 5454
190.95.2.163 - - [26/Nov/2025:10:42:02 -0300] "GET /cormun/servlet/hlogin HTTP/1.1" 200 1766
192.168.10.19 - - [26/Nov/2025:10:42:05 -0300] "POST /cormun/servlet/trsolicitudgral?1660f8dca4e925144731bf8cfec7cd9d,,gx-no-cache=1764164587976 HTTP/1.1" 200 5254
190.95.2.163 - - [26/Nov/2025:10:42:09 -0300] "POST /cormun/servlet/hlogin?d31f66af914ff42e881a8d03ed001f1a,gx-no-cache=1764164582427 HTTP/1.1" 200 90
190.95.2.163 - - [26/Nov/2025:10:42:09 -0300] "GET /cormun/servlet/hpexe_link HTTP/1.1" 200 984
190.95.2.163 - - [26/Nov/2025:10:42:09 -0300] "GET /cormun/servlet/trpermisosadjuntos?13343621,20251118091750,P, HTTP/1.1" 200 6138
190.95.2.163 - - [26/Nov/2025:10:42:14 -0300] "GET /cormun/servlet/permisosadjuntos?INS,13343621,P,20251118091750,, HTTP/1.1" 200 5640
190.95.2.163 - - [26/Nov/2025:10:42:14 -0300] "GET /cormun/static/about:blank HTTP/1.1" 404 1011
190.95.2.163 - - [26/Nov/2025:10:42:35 -0300] "POST /cormun/servlet/permisosadjuntos?d31f66af914ff42e881a8d03ed001f1a,INS,13343621,P,20251118091750,, HTTP/1.1" 200 116
190.95.2.163 - - [26/Nov/2025:10:42:35 -0300] "GET /cormun/servlet/hpexe_return? HTTP/1.1" 200 1039
190.95.2.163 - - [26/Nov/2025:10:42:35 -0300] "GET /cormun/servlet/trpermisosadjuntos?13343621,20251118091750,P, HTTP/1.1" 200 6661
190.95.2.163 - - [26/Nov/2025:10:42:39 -0300] "GET /cormun/servlet/trpermisosgoce? HTTP/1.1" 200 12823
190.95.2.163 - - [26/Nov/2025:10:42:46 -0300] "POST /cormun/servlet/trpermisosgoce?d31f66af914ff42e881a8d03ed001f1a,,gx-no-cache=1764164620099 HTTP/1.1" 200 9984
190.95.2.163 - - [26/Nov/2025:10:42:47 -0300] "GET /cormun/static/Shared/jqueryui/images/ui-bg_highlight-soft_100_c6c2c8_1x100.png HTTP/1.1" 404 1117
190.95.2.163 - - [26/Nov/2025:10:42:47 -0300] "GET /cormun/static/Shared/jqueryui/images/ui-icons_82798d_256x240.png HTTP/1.1" 404 1089
190.95.2.163 - - [26/Nov/2025:10:42:47 -0300] "GET /cormun/static/Shared/jqueryui/images/ui-bg_flat_55_fafafa_40x100.png HTTP/1.1" 404 1097
190.95.2.163 - - [26/Nov/2025:10:42:47 -0300] "GET /cormun/static/Shared/jqueryui/images/ui-icons_8d78a5_256x240.png HTTP/1.1" 404 1089
190.95.2.163 - - [26/Nov/2025:10:43:09 -0300] "GET /cormun/servlet/trpermisosadjuntos?19820483,20251120154810,P, HTTP/1.1" 200 6131
186.40.64.120 - - [26/Nov/2025:10:43:10 -0300] "GET /cormun/servlet/permisogoce?7eb8198dda9d5388bdff1c827c943ce7fcf2d18d9415fbe327623ea0076dc7d1c4ccb4cedd93d731c44cc3d408817bebec6cbe297ed971f935bfb3f387495307,gx-no-cache=1764164645444 HTTP/1.1" 200 80
190.95.2.163 - - [26/Nov/2025:10:43:15 -0300] "GET /cormun/servlet/permisosadjuntos?INS,19820483,P,20251120154810,, HTTP/1.1" 200 5637
190.95.2.163 - - [26/Nov/2025:10:43:15 -0300] "GET /cormun/static/about:blank HTTP/1.1" 404 1011
190.95.67.95 - - [26/Nov/2025:10:43:15 -0300] "GET /cormun/servlet/hlogin HTTP/1.1" 200 1714
190.95.67.95 - - [26/Nov/2025:10:43:16 -0300] "GET /cormun/servlet/hlogin HTTP/1.1" 200 1725
190.95.67.95 - - [26/Nov/2025:10:43:18 -0300] "POST /cormun/servlet/hlogin?4b7e8a659e234cbd0787974b1c7cadae,gx-no-cache=1764164652284 HTTP/1.1" 200 90
190.95.67.95 - - [26/Nov/2025:10:43:18 -0300] "GET /cormun/servlet/hpexe_link HTTP/1.1" 200 945
190.95.67.95 - - [26/Nov/2025:10:43:18 -0300] "GET /cormun/servlet/hhome HTTP/1.1" 200 3999
190.95.15.15 - - [26/Nov/2025:10:43:20 -0300] "POST /cormun/servlet/trlicencias?e0c1a646ba1f37651c18c2d9b2f07de3,,gx-no-cache=1764164652907 HTTP/1.1" 200 6894
190.95.67.95 - - [26/Nov/2025:10:43:25 -0300] "GET /cormun/servlet/trpermisosgoce? HTTP/1.1" 200 14765
190.95.67.95 - - [26/Nov/2025:10:43:29 -0300] "GET /cormun/servlet/permisogoce?INS,0,,, HTTP/1.1" 200 6869
190.95.67.95 - - [26/Nov/2025:10:43:32 -0300] "GET /cormun/static/Resources/resize.gif HTTP/1.1" 200 77
190.95.67.95 - - [26/Nov/2025:10:43:32 -0300] "GET /cormun/static/Resources/PXTools/ClosePrompt.png HTTP/1.1" 200 1036
190.95.67.95 - - [26/Nov/2025:10:43:33 -0300] "GET /cormun/servlet/prfichaempleado?,MD,,gxPopupLevel%3D0%3B HTTP/1.1" 200 9229
190.95.67.95 - - [26/Nov/2025:10:43:33 -0300] "GET /cormun/static/gxcfg.js?20201215571085 HTTP/1.1" 200 953
190.95.67.95 - - [26/Nov/2025:10:43:33 -0300] "GET /cormun/static/Resources/PXToolsMenuSearch.png HTTP/1.1" 200 336
190.95.67.95 - - [26/Nov/2025:10:43:33 -0300] "GET /cormun/static/prfichaempleado.js?20201215572193 HTTP/1.1" 200 16005
190.95.67.95 - - [26/Nov/2025:10:43:33 -0300] "GET /cormun/static/Resources/PXToolsMenuSearchCancel.png HTTP/1.1" 200 306
190.95.67.95 - - [26/Nov/2025:10:43:33 -0300] "GET /cormun/static/hmpwkw011.js?202211298443482 HTTP/1.1" 200 1968
190.95.67.95 - - [26/Nov/2025:10:43:33 -0300] "GET /cormun/static/menusearch.js?20201214473581 HTTP/1.1" 200 1424
186.40.64.120 - - [26/Nov/2025:10:43:38 -0300] "GET /cormun/servlet/permisogoce?7eb8198dda9d5388bdff1c827c943ce742020e06a74c9dd4532cc8a16b62ad067f9a412a6cb6f19c9ebc1f924c8d9e361e2ec85500635a0b14cf4ea982b982e5,gx-no-cache=1764164674084 HTTP/1.1" 200 48
186.40.64.120 - - [26/Nov/2025:10:43:41 -0300] "POST /cormun/servlet/permisogoce?1be9f838cc9c1a0bd63d23e864281771,INS,0,,,,gx-no-cache=1764164676118 HTTP/1.1" 200 93
186.40.64.120 - - [26/Nov/2025:10:43:41 -0300] "GET /cormun/servlet/hpexe_return? HTTP/1.1" 200 1006
186.40.64.120 - - [26/Nov/2025:10:43:41 -0300] "GET /cormun/servlet/trpermisosgoce HTTP/1.1" 200 12343
190.95.67.95 - - [26/Nov/2025:10:43:44 -0300] "POST /cormun/servlet/prfichaempleado?4b7e8a659e234cbd0787974b1c7cadae,,MD,,gxPopupLevel%3D0%3B,gx-no-cache=1764164678627 HTTP/1.1" 200 3401
186.40.64.120 - - [26/Nov/2025:10:43:46 -0300] "GET /cormun/servlet/apermisogoceprn?17250068,P,20251126104240,PU HTTP/1.1" 200 1650
190.95.2.163 - - [26/Nov/2025:10:43:46 -0300] "POST /cormun/servlet/permisosadjuntos?d31f66af914ff42e881a8d03ed001f1a,INS,19820483,P,20251120154810,, HTTP/1.1" 200 116
190.95.2.163 - - [26/Nov/2025:10:43:46 -0300] "GET /cormun/servlet/hpexe_return? HTTP/1.1" 200 1038
190.95.2.163 - - [26/Nov/2025:10:43:46 -0300] "GET /cormun/servlet/trpermisosadjuntos?19820483,20251120154810,P, HTTP/1.1" 200 6653
190.95.67.95 - - [26/Nov/2025:10:43:50 -0300] "GET /cormun/servlet/permisogoce?746a9a841a9a4b265f29ab19179cf80b5804544fb99c94f8c54882c73cb476c8a79eabc67e597791a724c2c2124b70842881c54f5f829ad50ec68edf847e9f69,gx-no-cache=1764164684431 HTTP/1.1" 200 82
190.95.67.95 - - [26/Nov/2025:10:43:50 -0300] "GET /cormun/static/menuarrow.gif HTTP/1.1" 404 1015
190.95.2.163 - - [26/Nov/2025:10:43:51 -0300] "GET /cormun/servlet/trpermisosgoce? HTTP/1.1" 200 12830
190.95.67.95 - - [26/Nov/2025:10:43:58 -0300] "GET /cormun/servlet/permisogoce?746a9a841a9a4b265f29ab19179cf80bf02f48eb161fa2be1b9cf2c325abff9b61304bd781b8b1a06664cf1759805fe00613b7efe02a409bc136dc2b127eaf79,gx-no-cache=1764164691940 HTTP/1.1" 200 47
190.95.2.163 - - [26/Nov/2025:10:44:01 -0300] "POST /cormun/servlet/trpermisosgoce?d31f66af914ff42e881a8d03ed001f1a,,gx-no-cache=1764164694460 HTTP/1.1" 200 9977
190.95.67.95 - - [26/Nov/2025:10:44:03 -0300] "POST /cormun/servlet/permisogoce?4b7e8a659e234cbd0787974b1c7cadae,INS,0,,,,gx-no-cache=1764164696067 HTTP/1.1" 200 93
190.95.67.95 - - [26/Nov/2025:10:44:03 -0300] "GET /cormun/servlet/hpexe_return? HTTP/1.1" 200 1004
190.95.67.95 - - [26/Nov/2025:10:44:03 -0300] "GET /cormun/servlet/trpermisosgoce HTTP/1.1" 200 14967
190.95.67.95 - - [26/Nov/2025:10:44:11 -0300] "GET /cormun/servlet/apermisogoceprn?25876395,P,20251126104430,PU HTTP/1.1" 200 1659
190.95.2.163 - - [26/Nov/2025:10:44:17 -0300] "GET /cormun/servlet/trpermisosadjuntos?13694232,20251120155101,P, HTTP/1.1" 200 6134
190.95.2.163 - - [26/Nov/2025:10:44:20 -0300] "GET /cormun/servlet/permisosadjuntos?INS,13694232,P,20251120155101,, HTTP/1.1" 200 5639
190.95.2.163 - - [26/Nov/2025:10:44:20 -0300] "GET /cormun/static/about:blank HTTP/1.1" 404 1011
190.95.2.163 - - [26/Nov/2025:10:44:35 -0300] "POST /cormun/servlet/permisosadjuntos?d31f66af914ff42e881a8d03ed001f1a,INS,13694232,P,20251120155101,, HTTP/1.1" 200 116
190.95.2.163 - - [26/Nov/2025:10:44:35 -0300] "GET /cormun/servlet/hpexe_return? HTTP/1.1" 200 1038
190.95.2.163 - - [26/Nov/2025:10:44:35 -0300] "GET /cormun/servlet/trpermisosadjuntos?13694232,20251120155101,P, HTTP/1.1" 200 6657
190.95.2.163 - - [26/Nov/2025:10:44:38 -0300] "GET /cormun/servlet/trpermisosgoce? HTTP/1.1" 200 12827
190.95.2.163 - - [26/Nov/2025:10:44:45 -0300] "POST /cormun/servlet/trpermisosgoce?d31f66af914ff42e881a8d03ed001f1a,,gx-no-cache=1764164738156 HTTP/1.1" 200 9976
190.95.2.163 - - [26/Nov/2025:10:44:55 -0300] "GET /cormun/servlet/trpermisosadjuntos?13945792,20251124094641,P, HTTP/1.1" 200 6137
190.95.2.163 - - [26/Nov/2025:10:44:59 -0300] "GET /cormun/servlet/permisosadjuntos?INS,13945792,P,20251124094641,, HTTP/1.1" 200 5640
190.95.2.163 - - [26/Nov/2025:10:44:59 -0300] "GET /cormun/static/about:blank HTTP/1.1" 404 1011
190.95.2.163 - - [26/Nov/2025:10:45:15 -0300] "POST /cormun/servlet/permisosadjuntos?d31f66af914ff42e881a8d03ed001f1a,INS,13945792,P,20251124094641,, HTTP/1.1" 200 116
190.95.2.163 - - [26/Nov/2025:10:45:15 -0300] "GET /cormun/servlet/hpexe_return? HTTP/1.1" 200 1039
190.95.2.163 - - [26/Nov/2025:10:45:15 -0300] "GET /cormun/servlet/trpermisosadjuntos?13945792,20251124094641,P, HTTP/1.1" 200 6657
190.95.67.91 - - [26/Nov/2025:10:45:15 -0300] "POST /cormun/servlet/permisogoce?828ef6d99cb50fdc0caea6bc02b4663d,INS,0,,,,gx-no-cache=1764164767647 HTTP/1.1" 200 93
190.95.67.91 - - [26/Nov/2025:10:45:15 -0300] "GET /cormun/servlet/hpexe_return? HTTP/1.1" 200 1028
190.95.67.91 - - [26/Nov/2025:10:45:15 -0300] "GET /cormun/servlet/trpermisosgoce?gx-no-cache=1764162186036 HTTP/1.1" 200 19103
190.95.67.91 - - [26/Nov/2025:10:45:19 -0300] "GET /cormun/servlet/trpermisosadjuntos?18648216,20251126103717,P, HTTP/1.1" 200 6585
190.95.2.163 - - [26/Nov/2025:10:45:20 -0300] "GET /cormun/servlet/trpermisosgoce? HTTP/1.1" 200 12812
190.95.67.91 - - [26/Nov/2025:10:45:21 -0300] "GET /cormun/servlet/permisosadjuntos?INS,18648216,P,20251126103717,, HTTP/1.1" 200 5894
190.95.67.91 - - [26/Nov/2025:10:45:21 -0300] "GET /cormun/static/about:blank HTTP/1.1" 404 1011
190.95.2.163 - - [26/Nov/2025:10:45:25 -0300] "POST /cormun/servlet/trpermisosgoce?d31f66af914ff42e881a8d03ed001f1a,,gx-no-cache=1764164778494 HTTP/1.1" 200 9970
190.95.2.163 - - [26/Nov/2025:10:45:36 -0300] "GET /cormun/servlet/trpermisosadjuntos?19017235,20251117160824,P, HTTP/1.1" 200 6136
190.95.2.163 - - [26/Nov/2025:10:45:39 -0300] "GET /cormun/servlet/permisosadjuntos?INS,19017235,P,20251117160824,, HTTP/1.1" 200 5638
190.95.2.163 - - [26/Nov/2025:10:45:39 -0300] "GET /cormun/static/about:blank HTTP/1.1" 404 1011
192.168.10.19 - - [26/Nov/2025:10:45:52 -0300] "POST /cormun/servlet/trsolicitudgral?1660f8dca4e925144731bf8cfec7cd9d,,gx-no-cache=1764164815328 HTTP/1.1" 200 6994
190.95.2.163 - - [26/Nov/2025:10:45:56 -0300] "POST /cormun/servlet/permisosadjuntos?d31f66af914ff42e881a8d03ed001f1a,INS,19017235,P,20251117160824,, HTTP/1.1" 200 116
190.95.2.163 - - [26/Nov/2025:10:45:56 -0300] "GET /cormun/servlet/hpexe_return? HTTP/1.1" 200 1038
190.95.2.163 - - [26/Nov/2025:10:45:56 -0300] "GET /cormun/servlet/trpermisosadjuntos?19017235,20251117160824,P, HTTP/1.1" 200 6659
190.95.2.163 - - [26/Nov/2025:10:46:01 -0300] "GET /cormun/servlet/trpermisosgoce? HTTP/1.1" 200 12808
190.95.2.163 - - [26/Nov/2025:10:46:07 -0300] "POST /cormun/servlet/trpermisosgoce?d31f66af914ff42e881a8d03ed001f1a,,gx-no-cache=1764164820824 HTTP/1.1" 200 9971
190.95.2.163 - - [26/Nov/2025:10:46:14 -0300] "GET /cormun/servlet/trpermisosadjuntos?16251956,20251117160716,P, HTTP/1.1" 200 6133
190.95.2.163 - - [26/Nov/2025:10:46:18 -0300] "GET /cormun/servlet/permisosadjuntos?INS,16251956,P,20251117160716,, HTTP/1.1" 200 5634
190.95.2.163 - - [26/Nov/2025:10:46:18 -0300] "GET /cormun/static/about:blank HTTP/1.1" 404 1011
190.95.2.163 - - [26/Nov/2025:10:46:35 -0300] "POST /cormun/servlet/permisosadjuntos?d31f66af914ff42e881a8d03ed001f1a,INS,16251956,P,20251117160716,, HTTP/1.1" 200 116
190.95.2.163 - - [26/Nov/2025:10:46:35 -0300] "GET /cormun/servlet/hpexe_return? HTTP/1.1" 200 1037
190.95.2.163 - - [26/Nov/2025:10:46:35 -0300] "GET /cormun/servlet/trpermisosadjuntos?16251956,20251117160716,P, HTTP/1.1" 200 6655
190.95.2.163 - - [26/Nov/2025:10:46:41 -0300] "GET /cormun/servlet/trpermisosgoce? HTTP/1.1" 200 12807
190.95.15.15 - - [26/Nov/2025:10:46:48 -0300] "POST /cormun/servlet/trlicencias?e0c1a646ba1f37651c18c2d9b2f07de3,,gx-no-cache=1764164861275 HTTP/1.1" 200 5712
190.95.2.163 - - [26/Nov/2025:10:46:52 -0300] "POST /cormun/servlet/trpermisosgoce?d31f66af914ff42e881a8d03ed001f1a,,gx-no-cache=1764164865732 HTTP/1.1" 200 9970
190.95.2.163 - - [26/Nov/2025:10:47:03 -0300] "GET /cormun/servlet/trpermisosadjuntos?15113789,20251110130554,P, HTTP/1.1" 200 6133
190.95.2.163 - - [26/Nov/2025:10:47:06 -0300] "GET /cormun/servlet/permisosadjuntos?INS,15113789,P,20251110130554,, HTTP/1.1" 200 5636
190.95.2.163 - - [26/Nov/2025:10:47:06 -0300] "GET /cormun/static/about:blank HTTP/1.1" 404 1011
190.95.2.163 - - [26/Nov/2025:10:47:24 -0300] "POST /cormun/servlet/permisosadjuntos?d31f66af914ff42e881a8d03ed001f1a,INS,15113789,P,20251110130554,, HTTP/1.1" 200 116
190.95.2.163 - - [26/Nov/2025:10:47:24 -0300] "GET /cormun/servlet/hpexe_return? HTTP/1.1" 200 1038
190.95.2.163 - - [26/Nov/2025:10:47:24 -0300] "GET /cormun/servlet/trpermisosadjuntos?15113789,20251110130554,P, HTTP/1.1" 200 6657
190.95.2.163 - - [26/Nov/2025:10:47:29 -0300] "GET /cormun/servlet/trpermisosgoce? HTTP/1.1" 200 12807
190.95.2.163 - - [26/Nov/2025:10:47:39 -0300] "POST /cormun/servlet/trpermisosgoce?d31f66af914ff42e881a8d03ed001f1a,,gx-no-cache=1764164912718 HTTP/1.1" 200 9961
190.95.2.163 - - [26/Nov/2025:10:47:48 -0300] "GET /cormun/servlet/trpermisosadjuntos?14202567,20251111142526,P, HTTP/1.1" 200 6132
190.95.2.163 - - [26/Nov/2025:10:47:52 -0300] "GET /cormun/servlet/permisosadjuntos?INS,14202567,P,20251111142526,, HTTP/1.1" 200 5631
190.95.2.163 - - [26/Nov/2025:10:47:52 -0300] "GET /cormun/static/about:blank HTTP/1.1" 404 1011
190.95.2.163 - - [26/Nov/2025:10:48:10 -0300] "POST /cormun/servlet/permisosadjuntos?d31f66af914ff42e881a8d03ed001f1a,INS,14202567,P,20251111142526,, HTTP/1.1" 200 116
190.95.2.163 - - [26/Nov/2025:10:48:10 -0300] "GET /cormun/servlet/hpexe_return? HTTP/1.1" 200 1035
190.95.2.163 - - [26/Nov/2025:10:48:10 -0300] "GET /cormun/servlet/trpermisosadjuntos?14202567,20251111142526,P, HTTP/1.1" 200 6654
190.95.2.163 - - [26/Nov/2025:10:48:14 -0300] "GET /cormun/servlet/trpermisosgoce? HTTP/1.1" 200 12801
190.95.2.163 - - [26/Nov/2025:10:48:24 -0300] "POST /cormun/servlet/trpermisosgoce?d31f66af914ff42e881a8d03ed001f1a,,gx-no-cache=1764164957086 HTTP/1.1" 200 9956
192.168.10.19 - - [26/Nov/2025:10:48:42 -0300] "POST /cormun/servlet/trsolicitudgral?1660f8dca4e925144731bf8cfec7cd9d,,gx-no-cache=1764164985014 HTTP/1.1" 200 7175
190.95.2.163 - - [26/Nov/2025:10:48:48 -0300] "GET /cormun/servlet/hlogin HTTP/1.1" 200 1720
190.95.2.163 - - [26/Nov/2025:10:48:54 -0300] "POST /cormun/servlet/hlogin?d31f66af914ff42e881a8d03ed001f1a,gx-no-cache=1764164987489 HTTP/1.1" 200 90
190.95.2.163 - - [26/Nov/2025:10:48:54 -0300] "GET /cormun/servlet/hpexe_link HTTP/1.1" 200 952
190.95.2.163 - - [26/Nov/2025:10:48:55 -0300] "GET /cormun/servlet/hhome HTTP/1.1" 200 4192
192.168.10.19 - - [26/Nov/2025:10:48:55 -0300] "POST /cormun/servlet/trsolicitudgral?1660f8dca4e925144731bf8cfec7cd9d,,gx-no-cache=1764164998022 HTTP/1.1" 200 6640
190.95.2.163 - - [26/Nov/2025:10:49:01 -0300] "GET /cormun/servlet/trautorizarpermisogoce? HTTP/1.1" 200 9469
192.168.10.19 - - [26/Nov/2025:10:49:07 -0300] "GET /cormun/servlet/vesolicitudgral?2025,23121,, HTTP/1.1" 200 8429
192.168.10.19 - - [26/Nov/2025:10:49:07 -0300] "GET /cormun/pexe_scrolldiv.js HTTP/1.1" 404 1009
190.95.2.163 - - [26/Nov/2025:10:49:18 -0300] "POST /cormun/servlet/trautorizarpermisogoce?d31f66af914ff42e881a8d03ed001f1a,,gx-no-cache=1764165011770 HTTP/1.1" 200 6654
190.95.2.163 - - [26/Nov/2025:10:49:18 -0300] "GET /cormun/static/Shared/jqueryui/images/ui-bg_highlight-soft_100_c6c2c8_1x100.png HTTP/1.1" 404 1117
190.95.2.163 - - [26/Nov/2025:10:49:18 -0300] "GET /cormun/static/Shared/jqueryui/images/ui-icons_82798d_256x240.png HTTP/1.1" 404 1089
190.95.2.163 - - [26/Nov/2025:10:49:18 -0300] "GET /cormun/static/Shared/jqueryui/images/ui-bg_flat_55_fafafa_40x100.png HTTP/1.1" 404 1097
190.95.2.163 - - [26/Nov/2025:10:49:18 -0300] "GET /cormun/static/Shared/jqueryui/images/ui-icons_8d78a5_256x240.png HTTP/1.1" 404 1089
190.95.2.163 - - [26/Nov/2025:10:49:19 -0300] "POST /cormun/servlet/trautorizarpermisogoce?d31f66af914ff42e881a8d03ed001f1a,,gx-no-cache=1764165012891 HTTP/1.1" 200 6437
190.95.2.163 - - [26/Nov/2025:10:49:20 -0300] "POST /cormun/servlet/trautorizarpermisogoce?d31f66af914ff42e881a8d03ed001f1a,,gx-no-cache=1764165013660 HTTP/1.1" 200 6234
190.95.2.163 - - [26/Nov/2025:10:49:21 -0300] "POST /cormun/servlet/trautorizarpermisogoce?d31f66af914ff42e881a8d03ed001f1a,,gx-no-cache=1764165014478 HTTP/1.1" 200 6017
190.95.2.163 - - [26/Nov/2025:10:49:21 -0300] "POST /cormun/servlet/trautorizarpermisogoce?d31f66af914ff42e881a8d03ed001f1a,,gx-no-cache=1764165015254 HTTP/1.1" 200 5791
190.95.2.163 - - [26/Nov/2025:10:49:22 -0300] "POST /cormun/servlet/trautorizarpermisogoce?d31f66af914ff42e881a8d03ed001f1a,,gx-no-cache=1764165016096 HTTP/1.1" 200 5557
190.95.2.163 - - [26/Nov/2025:10:49:23 -0300] "POST /cormun/servlet/trautorizarpermisogoce?d31f66af914ff42e881a8d03ed001f1a,,gx-no-cache=1764165016952 HTTP/1.1" 200 5282
190.95.2.163 - - [26/Nov/2025:10:49:24 -0300] "POST /cormun/servlet/trautorizarpermisogoce?d31f66af914ff42e881a8d03ed001f1a,,gx-no-cache=1764165017770 HTTP/1.1" 200 4526
190.95.2.163 - - [26/Nov/2025:10:49:32 -0300] "GET /cormun/servlet/hlogin HTTP/1.1" 200 1720
190.95.2.163 - - [26/Nov/2025:10:49:38 -0300] "POST /cormun/servlet/hlogin?d31f66af914ff42e881a8d03ed001f1a,gx-no-cache=1764165032161 HTTP/1.1" 200 90
190.95.2.163 - - [26/Nov/2025:10:49:38 -0300] "GET /cormun/servlet/hpexe_link HTTP/1.1" 200 952
190.95.2.163 - - [26/Nov/2025:10:49:38 -0300] "GET /cormun/servlet/hhome HTTP/1.1" 200 3997
190.95.2.163 - - [26/Nov/2025:10:49:43 -0300] "GET /cormun/servlet/trpermisosgoce? HTTP/1.1" 200 12783
186.40.64.120 - - [26/Nov/2025:10:50:21 -0300] "GET /cormun/servlet/permisogoce?INS,0,,, HTTP/1.1" 200 6775
186.40.64.120 - - [26/Nov/2025:10:50:36 -0300] "GET /cormun/servlet/permisogoce?7eb8198dda9d5388bdff1c827c943ce752a4bd114efa44ccf63c2591965944a2c4ccb4cedd93d731c44cc3d408817bebec6cbe297ed971f935bfb3f387495307,gx-no-cache=1764165091267 HTTP/1.1" 200 86
186.40.64.120 - - [26/Nov/2025:10:50:45 -0300] "GET /cormun/servlet/permisogoce?7eb8198dda9d5388bdff1c827c943ce7bb11fbbcfccefdb07355e46952fab3648004449e228fa9883aa5036e2d0832266fd4a074fa05142ecea4d276d81e9144,gx-no-cache=1764165100698 HTTP/1.1" 200 48
186.40.64.120 - - [26/Nov/2025:10:50:49 -0300] "POST /cormun/servlet/permisogoce?1be9f838cc9c1a0bd63d23e864281771,INS,0,,,,gx-no-cache=1764165104204 HTTP/1.1" 200 93
186.40.64.120 - - [26/Nov/2025:10:50:49 -0300] "GET /cormun/servlet/hpexe_return? HTTP/1.1" 200 1006
186.40.64.120 - - [26/Nov/2025:10:50:49 -0300] "GET /cormun/servlet/trpermisosgoce HTTP/1.1" 200 12561
186.40.64.120 - - [26/Nov/2025:10:51:11 -0300] "GET /cormun/servlet/apermisogoceprn?15979725,P,20251126105123,PU HTTP/1.1" 200 1657
190.95.15.23 - - [26/Nov/2025:10:52:48 -0300] "GET /cormun/servlet/hlogin HTTP/1.1" 200 1721
190.95.15.23 - - [26/Nov/2025:10:52:49 -0300] "GET /cormun/servlet/hlogin HTTP/1.1" 200 1731
190.95.15.23 - - [26/Nov/2025:10:52:49 -0300] "GET /favicon.ico HTTP/1.1" 200 21630
190.95.15.23 - - [26/Nov/2025:10:52:52 -0300] "POST /cormun/servlet/hlogin?367a6d652d3817e5fdb5770a65403432,gx-no-cache=1764165225284 HTTP/1.1" 200 90
190.95.15.23 - - [26/Nov/2025:10:52:52 -0300] "GET /cormun/servlet/hpexe_link HTTP/1.1" 200 949
190.95.15.23 - - [26/Nov/2025:10:52:52 -0300] "GET /cormun/servlet/hhome HTTP/1.1" 200 4327
190.95.15.23 - - [26/Nov/2025:10:52:58 -0300] "GET /cormun/servlet/trlicencias? HTTP/1.1" 200 12085
190.95.15.15 - - [26/Nov/2025:10:53:49 -0300] "POST /cormun/servlet/trlicencias?e0c1a646ba1f37651c18c2d9b2f07de3,,gx-no-cache=1764165281793 HTTP/1.1" 200 5712
201.186.225.185 - - [26/Nov/2025:10:53:49 -0300] "GET /cormun/servlet/hlogin HTTP/1.1" 200 1719
201.186.225.185 - - [26/Nov/2025:10:53:53 -0300] "POST /cormun/servlet/hlogin?f485ee8bc1b25d1cede8fa4ed8d85456,gx-no-cache=1764165286524 HTTP/1.1" 200 90
201.186.225.185 - - [26/Nov/2025:10:53:53 -0300] "GET /cormun/servlet/hpexe_link HTTP/1.1" 200 950
201.186.225.185 - - [26/Nov/2025:10:53:53 -0300] "GET /cormun/servlet/hhome HTTP/1.1" 200 4226
201.186.225.185 - - [26/Nov/2025:10:53:56 -0300] "GET /cormun/servlet/trlicencias? HTTP/1.1" 200 13721
190.95.67.91 - - [26/Nov/2025:10:54:37 -0300] "POST /cormun/servlet/permisosadjuntos?828ef6d99cb50fdc0caea6bc02b4663d,INS,18648216,P,20251126103717,, HTTP/1.1" 200 116
190.95.67.91 - - [26/Nov/2025:10:54:37 -0300] "GET /cormun/servlet/hpexe_return? HTTP/1.1" 200 1034
190.95.67.91 - - [26/Nov/2025:10:54:37 -0300] "GET /cormun/servlet/trpermisosadjuntos?18648216,20251126103717,P, HTTP/1.1" 200 7100
190.95.67.91 - - [26/Nov/2025:10:54:46 -0300] "POST /cormun/servlet/trpermisosadjuntos?828ef6d99cb50fdc0caea6bc02b4663d,18648216,20251126103717,P,,gx-no-cache=1764165339342 HTTP/1.1" 200 90
190.95.67.91 - - [26/Nov/2025:10:54:46 -0300] "GET /cormun/servlet/hpexe_link HTTP/1.1" 200 1002
190.95.67.91 - - [26/Nov/2025:10:54:47 -0300] "GET /cormun/servlet/trpermisosgoce?gx-no-cache=1764162186036 HTTP/1.1" 200 19100
190.95.67.91 - - [26/Nov/2025:10:54:51 -0300] "POST /cormun/servlet/trpermisosgoce?828ef6d99cb50fdc0caea6bc02b4663d,gx-no-cache=1764162186036,gx-no-cache=1764165343128 HTTP/1.1" 200 16252
190.95.15.17 - - [26/Nov/2025:10:55:10 -0300] "GET /cormun/servlet/hlogin HTTP/1.1" 200 1716
190.95.15.17 - - [26/Nov/2025:10:55:10 -0300] "GET /cormun/servlet/hlogin HTTP/1.1" 200 1727
190.95.15.17 - - [26/Nov/2025:10:55:10 -0300] "GET /favicon.ico HTTP/1.1" 200 21630
190.95.15.17 - - [26/Nov/2025:10:55:12 -0300] "POST /cormun/servlet/hlogin?946c24d1b65ad43d2e96360d71bafa86,gx-no-cache=1764165522477 HTTP/1.1" 200 90
190.95.15.17 - - [26/Nov/2025:10:55:13 -0300] "GET /cormun/servlet/hpexe_link HTTP/1.1" 200 945
190.95.15.17 - - [26/Nov/2025:10:55:13 -0300] "GET /cormun/servlet/hhome HTTP/1.1" 200 4369
190.95.15.17 - - [26/Nov/2025:10:55:16 -0300] "GET /cormun/servlet/trlicencias? HTTP/1.1" 200 12461
190.95.15.15 - - [26/Nov/2025:10:55:25 -0300] "POST /cormun/servlet/trlicencias?e0c1a646ba1f37651c18c2d9b2f07de3,,gx-no-cache=1764165378392 HTTP/1.1" 200 5941
190.95.1.129 - - [26/Nov/2025:10:55:49 -0300] "POST /cormun/servlet/trlicencias?b1f6e5c54c533879d39e53617453a1c7,,gx-no-cache=1764165403592 HTTP/1.1" 440 972
190.95.1.129 - - [26/Nov/2025:10:55:50 -0300] "GET /cormun/servlet/trlicencias? HTTP/1.1" 200 6055
190.95.1.129 - - [26/Nov/2025:10:55:50 -0300] "GET /cormun/servlet/hlogin HTTP/1.1" 200 1742
222.216.230.26 - - [26/Nov/2025:10:55:53 -0300] "GET /examples/jsp/error/er.html HTTP/1.1" 200 1287
222.216.230.26 - - [26/Nov/2025:10:55:53 -0300] "GET /examples/jsp/images/return.gif HTTP/1.1" 200 1231
222.216.230.26 - - [26/Nov/2025:10:55:53 -0300] "GET /examples/jsp/images/execute.gif HTTP/1.1" 200 1242
222.216.230.26 - - [26/Nov/2025:10:55:54 -0300] "GET /favicon.ico HTTP/1.1" 200 21630
190.95.1.129 - - [26/Nov/2025:10:55:58 -0300] "POST /cormun/servlet/hlogin?eb4abd2445fe2c5c0af8d32f904ad2a8,gx-no-cache=1764165412396 HTTP/1.1" 200 90
190.95.1.129 - - [26/Nov/2025:10:55:58 -0300] "GET /cormun/servlet/hpexe_link HTTP/1.1" 200 960
190.95.1.129 - - [26/Nov/2025:10:55:58 -0300] "GET /cormun/servlet/trlicencias HTTP/1.1" 200 13001
190.95.15.17 - - [26/Nov/2025:10:56:20 -0300] "GET /cormun/servlet/trpermisosgoce? HTTP/1.1" 200 14068
190.95.15.17 - - [26/Nov/2025:10:56:20 -0300] "GET /cormun/static/gxcfg.js?2020121631564 HTTP/1.1" 200 953
190.95.15.17 - - [26/Nov/2025:10:56:20 -0300] "GET /cormun/static/trpermisosgoce.js?2020121633681 HTTP/1.1" 200 35904
190.95.1.187 - - [26/Nov/2025:10:57:14 -0300] "POST /cormun/servlet/trpermisosadjuntos?93d81f4984cdfbf8647e1e277441a435,17138580,20251126103452,P,,gx-no-cache=1764165486534 HTTP/1.1" 200 90
190.95.1.187 - - [26/Nov/2025:10:57:14 -0300] "GET /cormun/servlet/hpexe_link HTTP/1.1" 200 985
190.95.1.187 - - [26/Nov/2025:10:57:14 -0300] "GET /cormun/servlet/trpermisosgoce HTTP/1.1" 200 18594
192.168.10.19 - - [26/Nov/2025:10:57:16 -0300] "GET /cormun/servlet/trsolicitudgral? HTTP/1.1" 200 9707
190.95.1.187 - - [26/Nov/2025:10:57:17 -0300] "POST /cormun/servlet/trpermisosgoce?93d81f4984cdfbf8647e1e277441a435,gx-no-cache=1764165490094 HTTP/1.1" 200 15817
190.95.1.187 - - [26/Nov/2025:10:57:17 -0300] "GET /cormun/static/Shared/jqueryui/images/ui-bg_highlight-soft_100_c6c2c8_1x100.png HTTP/1.1" 404 1117
190.95.1.187 - - [26/Nov/2025:10:57:17 -0300] "GET /cormun/static/Shared/jqueryui/images/ui-icons_82798d_256x240.png HTTP/1.1" 404 1089
190.95.1.187 - - [26/Nov/2025:10:57:17 -0300] "GET /cormun/static/Shared/jqueryui/images/ui-bg_flat_55_fafafa_40x100.png HTTP/1.1" 404 1097
190.95.1.187 - - [26/Nov/2025:10:57:17 -0300] "GET /cormun/static/Shared/jqueryui/images/ui-icons_8d78a5_256x240.png HTTP/1.1" 404 1089
192.168.10.19 - - [26/Nov/2025:10:57:30 -0300] "POST /cormun/servlet/trsolicitudgral?1660f8dca4e925144731bf8cfec7cd9d,,gx-no-cache=1764165512969 HTTP/1.1" 200 6679
190.95.15.15 - - [26/Nov/2025:10:57:31 -0300] "POST /cormun/servlet/trlicencias?e0c1a646ba1f37651c18c2d9b2f07de3,,gx-no-cache=1764165504003 HTTP/1.1" 200 5964
190.95.1.187 - - [26/Nov/2025:10:58:23 -0300] "GET /cormun/servlet/permisogoce?INS,0,,, HTTP/1.1" 200 6883
190.95.1.187 - - [26/Nov/2025:10:58:28 -0300] "GET /cormun/servlet/permisogoce?de227bc0776271b981c99290024d1f37ae57fa8ee172dfdf33f5a183e5068b1613f543e3474f05e69465545d6743aa2654a467e2de5c5722c7ea1597362dff74,gx-no-cache=1764165560512 HTTP/1.1" 200 83
190.95.1.187 - - [26/Nov/2025:10:58:30 -0300] "GET /cormun/static/menuarrow.gif HTTP/1.1" 404 1015
190.95.1.187 - - [26/Nov/2025:10:58:40 -0300] "GET /cormun/servlet/permisogoce?de227bc0776271b981c99290024d1f3710790a7fecba2722cc188f0262073468b9cc6576702831cc1fd82fbd662d43aaf842e7ffaf84ed2b69fb285a9cf92451,gx-no-cache=1764165572930 HTTP/1.1" 200 48
190.95.1.187 - - [26/Nov/2025:10:58:46 -0300] "POST /cormun/servlet/permisogoce?93d81f4984cdfbf8647e1e277441a435,INS,0,,,,gx-no-cache=1764165578490 HTTP/1.1" 200 93
190.95.1.187 - - [26/Nov/2025:10:58:46 -0300] "GET /cormun/servlet/hpexe_return? HTTP/1.1" 200 1033
190.95.1.187 - - [26/Nov/2025:10:58:46 -0300] "GET /cormun/servlet/trpermisosgoce?gx-no-cache=1764165490094 HTTP/1.1" 200 18494
190.95.1.187 - - [26/Nov/2025:10:58:53 -0300] "GET /cormun/servlet/trpermisosadjuntos?17138580,20251126105925,P, HTTP/1.1" 200 6364
190.95.1.187 - - [26/Nov/2025:10:58:55 -0300] "GET /cormun/servlet/permisosadjuntos?INS,17138580,P,20251126105925,, HTTP/1.1" 200 5658
190.95.1.187 - - [26/Nov/2025:10:58:55 -0300] "GET /cormun/static/about:blank HTTP/1.1" 404 1011
190.95.1.187 - - [26/Nov/2025:10:59:10 -0300] "POST /cormun/servlet/permisosadjuntos?93d81f4984cdfbf8647e1e277441a435,INS,17138580,P,20251126105925,, HTTP/1.1" 200 116
190.95.1.187 - - [26/Nov/2025:10:59:10 -0300] "GET /cormun/servlet/hpexe_return? HTTP/1.1" 200 1039
190.95.1.187 - - [26/Nov/2025:10:59:10 -0300] "GET /cormun/servlet/trpermisosadjuntos?17138580,20251126105925,P, HTTP/1.1" 200 6833
190.95.1.187 - - [26/Nov/2025:10:59:12 -0300] "POST /cormun/servlet/trpermisosadjuntos?93d81f4984cdfbf8647e1e277441a435,17138580,20251126105925,P,,gx-no-cache=1764165605179 HTTP/1.1" 200 90
190.95.1.187 - - [26/Nov/2025:10:59:12 -0300] "GET /cormun/servlet/hpexe_link HTTP/1.1" 200 1007
190.95.1.187 - - [26/Nov/2025:10:59:12 -0300] "GET /cormun/servlet/trpermisosgoce?gx-no-cache=1764165490094 HTTP/1.1" 200 18479
190.95.1.187 - - [26/Nov/2025:10:59:28 -0300] "POST /cormun/servlet/trpermisosgoce?93d81f4984cdfbf8647e1e277441a435,gx-no-cache=1764165490094,gx-no-cache=1764165620621 HTTP/1.1" 200 15774
190.95.1.187 - - [26/Nov/2025:10:59:31 -0300] "GET /cormun/servlet/permisogoce?INS,0,,, HTTP/1.1" 200 6903
190.95.1.187 - - [26/Nov/2025:10:59:35 -0300] "GET /cormun/servlet/permisogoce?de227bc0776271b981c99290024d1f372a852f1551801307453b42bc86c81daf13f543e3474f05e69465545d6743aa2654a467e2de5c5722c7ea1597362dff74,gx-no-cache=1764165628360 HTTP/1.1" 200 78
190.95.1.187 - - [26/Nov/2025:10:59:44 -0300] "GET /cormun/servlet/permisogoce?de227bc0776271b981c99290024d1f37a779262caeecf4d62c209de85176e67e71ef6489b860d22c7d8a412cebe43cfcf842e7ffaf84ed2b69fb285a9cf92451,gx-no-cache=1764165636841 HTTP/1.1" 200 48
190.95.1.187 - - [26/Nov/2025:10:59:47 -0300] "POST /cormun/servlet/permisogoce?93d81f4984cdfbf8647e1e277441a435,INS,0,,,,gx-no-cache=1764165639744 HTTP/1.1" 200 93
190.95.1.187 - - [26/Nov/2025:10:59:47 -0300] "GET /cormun/servlet/hpexe_return? HTTP/1.1" 200 1033
190.95.1.187 - - [26/Nov/2025:10:59:47 -0300] "GET /cormun/servlet/trpermisosgoce?gx-no-cache=1764165490094 HTTP/1.1" 200 18565
190.95.67.91 - - [26/Nov/2025:11:01:10 -0300] "GET /cormun/servlet/permisogoce?INS,0,,, HTTP/1.1" 200 7148
190.95.67.91 - - [26/Nov/2025:11:01:22 -0300] "GET /cormun/servlet/permisogoce?479d789f895a12ac60a9114f2bc85c9332ff15396da3664f71c8a7b02e518289cf1896f989bb80de9a55bd7aa7801b6905c6fc901db4aae5793aa3d5e621509b,gx-no-cache=1764165734393 HTTP/1.1" 200 88
190.95.67.91 - - [26/Nov/2025:11:01:23 -0300] "GET /cormun/static/menuarrow.gif HTTP/1.1" 404 1015
190.95.1.187 - - [26/Nov/2025:11:01:25 -0300] "POST /cormun/servlet/trpermisosgoce?93d81f4984cdfbf8647e1e277441a435,gx-no-cache=1764165490094,gx-no-cache=1764165738045 HTTP/1.1" 200 15866
190.95.1.187 - - [26/Nov/2025:11:01:27 -0300] "GET /cormun/servlet/trpermisosadjuntos?16494338,20251126110033,P, HTTP/1.1" 200 6357
190.95.1.187 - - [26/Nov/2025:11:01:29 -0300] "GET /cormun/servlet/permisosadjuntos?INS,16494338,P,20251126110033,, HTTP/1.1" 200 5656
190.95.1.187 - - [26/Nov/2025:11:01:29 -0300] "GET /cormun/static/about:blank HTTP/1.1" 404 1011
190.95.15.31 - - [26/Nov/2025:11:01:57 -0300] "GET /cormun/servlet/trlicencias? HTTP/1.1" 200 11306
190.95.1.187 - - [26/Nov/2025:11:02:05 -0300] "POST /cormun/servlet/permisosadjuntos?93d81f4984cdfbf8647e1e277441a435,INS,16494338,P,20251126110033,, HTTP/1.1" 200 116
190.95.1.187 - - [26/Nov/2025:11:02:05 -0300] "GET /cormun/servlet/hpexe_return? HTTP/1.1" 200 1039
190.95.1.187 - - [26/Nov/2025:11:02:05 -0300] "GET /cormun/servlet/trpermisosadjuntos?16494338,20251126110033,P, HTTP/1.1" 200 6833
190.95.1.187 - - [26/Nov/2025:11:02:07 -0300] "POST /cormun/servlet/trpermisosadjuntos?93d81f4984cdfbf8647e1e277441a435,16494338,20251126110033,P,,gx-no-cache=1764165779561 HTTP/1.1" 200 90
190.95.1.187 - - [26/Nov/2025:11:02:07 -0300] "GET /cormun/servlet/hpexe_link HTTP/1.1" 200 1006
190.95.1.187 - - [26/Nov/2025:11:02:07 -0300] "GET /cormun/servlet/trpermisosgoce?gx-no-cache=1764165490094 HTTP/1.1" 200 18493
190.95.67.91 - - [26/Nov/2025:11:02:11 -0300] "GET /cormun/servlet/permisogoce?479d789f895a12ac60a9114f2bc85c9390b46d9d057cbeeb68403e61ff6208212b069d74362f3d9ff4211f6b3f8e8e37b5e0b5598ea31bd396f8f6b0f405a564,gx-no-cache=1764165783725 HTTP/1.1" 200 48
190.95.1.187 - - [26/Nov/2025:11:02:20 -0300] "POST /cormun/servlet/trpermisosgoce?93d81f4984cdfbf8647e1e277441a435,gx-no-cache=1764165490094,gx-no-cache=1764165792592 HTTP/1.1" 200 15777
190.95.67.91 - - [26/Nov/2025:11:02:20 -0300] "POST /cormun/servlet/permisogoce?828ef6d99cb50fdc0caea6bc02b4663d,INS,0,,,,gx-no-cache=1764165792997 HTTP/1.1" 200 93
190.95.67.91 - - [26/Nov/2025:11:02:20 -0300] "GET /cormun/servlet/hpexe_return? HTTP/1.1" 200 1028
190.95.67.91 - - [26/Nov/2025:11:02:21 -0300] "GET /cormun/servlet/trpermisosgoce?gx-no-cache=1764162186036 HTTP/1.1" 200 19081
200.126.117.15 - - [26/Nov/2025:11:02:22 -0300] "GET /cormun/servlet/hlogin HTTP/1.1" 200 1724
200.126.117.15 - - [26/Nov/2025:11:02:22 -0300] "GET /cormun/static/gxtimezone.js?85251 HTTP/1.1" 200 5781
200.126.117.15 - - [26/Nov/2025:11:02:22 -0300] "GET /cormun/static/gxcfg.js?2022112219184450 HTTP/1.1" 200 953
200.126.117.15 - - [26/Nov/2025:11:02:22 -0300] "GET /cormun/static/messages.spa.js?85251 HTTP/1.1" 200 30736
200.126.117.15 - - [26/Nov/2025:11:02:22 -0300] "GET /cormun/static/Resources/CormunLogin.png HTTP/1.1" 200 19132
200.126.117.15 - - [26/Nov/2025:11:02:22 -0300] "GET /cormun/static/hlogin.js?2022112219184458 HTTP/1.1" 200 2156
200.126.117.15 - - [26/Nov/2025:11:02:22 -0300] "GET /cormun/static/Resources/Spanish/PXTools.css?1759030 HTTP/1.1" 200 100853
200.126.117.15 - - [26/Nov/2025:11:02:22 -0300] "GET /cormun/static/gxgral.js?85251 HTTP/1.1" 200 384558
200.126.117.15 - - [26/Nov/2025:11:02:22 -0300] "GET /cormun/static/Resources/PXToolsLoginBackground.png HTTP/1.1" 200 1164
200.126.117.15 - - [26/Nov/2025:11:02:22 -0300] "GET /cormun/static/Resources/PXToolsLoginTop.png HTTP/1.1" 200 1337
200.126.117.15 - - [26/Nov/2025:11:02:22 -0300] "GET /cormun/static/Resources/PXToolsButtonRight.png HTTP/1.1" 200 1294
200.126.117.15 - - [26/Nov/2025:11:02:22 -0300] "GET /cormun/static/Resources/PXToolsLoginBottom.png HTTP/1.1" 200 1389
200.126.117.15 - - [26/Nov/2025:11:02:22 -0300] "GET /cormun/static/Resources/PXToolsButtonLeft.png HTTP/1.1" 200 1310
200.126.117.15 - - [26/Nov/2025:11:02:22 -0300] "GET /cormun/static/Resources/PXToolsButtonBackground.png HTTP/1.1" 200 1176
200.126.117.15 - - [26/Nov/2025:11:02:22 -0300] "GET /cormun/static/Resources/indicator.gif HTTP/1.1" 200 1553
190.95.1.187 - - [26/Nov/2025:11:02:23 -0300] "GET /cormun/servlet/permisogoce?INS,0,,, HTTP/1.1" 200 6904
