200.126.117.15 - - [26/Nov/2025:11:02:24 -0300] "POST /cormun/servlet/hlogin?6d93ded59f062db1d4c590adf5886f5b,gx-no-cache=1764165796562 HTTP/1.1" 200 90
200.126.117.15 - - [26/Nov/2025:11:02:24 -0300] "GET /cormun/servlet/hpexe_link HTTP/1.1" 200 954
200.126.117.15 - - [26/Nov/2025:11:02:24 -0300] "GET /cormun/static/gxcfg.js?20221129847421 HTTP/1.1" 200 953
200.126.117.15 - - [26/Nov/2025:11:02:24 -0300] "GET /cormun/static/Resources/Spanish/PXTools.css?8354383 HTTP/1.1" 200 100853
200.126.117.15 - - [26/Nov/2025:11:02:25 -0300] "GET /cormun/servlet/hhome HTTP/1.1" 200 4329
200.126.117.15 - - [26/Nov/2025:11:02:25 -0300] "GET /cormun/static/scaMessage/css/jquery.pnotify.default.css?1816380 HTTP/1.1" 200 1707
200.126.117.15 - - [26/Nov/2025:11:02:25 -0300] "GET /cormun/static/gxcfg.js?20201215495537 HTTP/1.1" 200 953
200.126.117.15 - - [26/Nov/2025:11:02:25 -0300] "GET /cormun/static/SmoothNavMenu/resources/ddsmoothmenu-v.css?1112540 HTTP/1.1" 200 1188
200.126.117.15 - - [26/Nov/2025:11:02:25 -0300] "GET /cormun/static/Shared/jqueryui/jquery-ui.min.css?1345370 HTTP/1.1" 200 30288
200.126.117.15 - - [26/Nov/2025:11:02:25 -0300] "GET /cormun/static/SmoothNavMenu/resources/ddsmoothmenu.css?1112540 HTTP/1.1" 200 2223
200.126.117.15 - - [26/Nov/2025:11:02:25 -0300] "GET /cormun/static/PXToolsJavascripts/pexe_cookies.js HTTP/1.1" 200 792
200.126.117.15 - - [26/Nov/2025:11:02:25 -0300] "GET /cormun/static/PXToolsJavascripts/pexe_windows.js HTTP/1.1" 200 15249
200.126.117.15 - - [26/Nov/2025:11:02:25 -0300] "GET /cormun/static/PXToolsJavascripts/pexe_autoreload.js HTTP/1.1" 200 1762
200.126.117.15 - - [26/Nov/2025:11:02:25 -0300] "GET /cormun/static/PXToolsJavascripts/pexe_grid.js HTTP/1.1" 200 7559
200.126.117.15 - - [26/Nov/2025:11:02:25 -0300] "GET /cormun/static/Resources/Spanish/PXTools.css?14345360 HTTP/1.1" 200 100853
200.126.117.15 - - [26/Nov/2025:11:02:25 -0300] "GET /cormun/static/PXToolsJavascripts/pexe_griddivfix.js HTTP/1.1" 200 6946
200.126.117.15 - - [26/Nov/2025:11:02:25 -0300] "GET /cormun/static/PXToolsJavascripts/pexe_link.js HTTP/1.1" 200 5671
200.126.117.15 - - [26/Nov/2025:11:02:25 -0300] "GET /cormun/static/PXToolsJavascripts/pexe_menudivfix.js HTTP/1.1" 200 333
200.126.117.15 - - [26/Nov/2025:11:02:25 -0300] "GET /cormun/static/PXToolsJavascripts/pexe_menus.js HTTP/1.1" 200 1286
200.126.117.15 - - [26/Nov/2025:11:02:25 -0300] "GET /cormun/static/PXToolsJavascripts/pexe_layers.js HTTP/1.1" 200 4114
200.126.117.15 - - [26/Nov/2025:11:02:25 -0300] "GET /cormun/static/PXToolsJavascripts/pexe_oav.js HTTP/1.1" 200 645
200.126.117.15 - - [26/Nov/2025:11:02:25 -0300] "GET /cormun/static/PXToolsJavascripts/pexe_oavdivfix.js HTTP/1.1" 200 639
200.126.117.15 - - [26/Nov/2025:11:02:25 -0300] "GET /cormun/static/PXToolsJavascripts/pexe_popup.js HTTP/1.1" 200 15149
200.126.117.15 - - [26/Nov/2025:11:02:25 -0300] "GET /cormun/static/PXToolsJavascripts/pexe_picture.js HTTP/1.1" 200 689
200.126.117.15 - - [26/Nov/2025:11:02:25 -0300] "GET /cormun/static/PXToolsJavascripts/pexe_scrolldiv.js HTTP/1.1" 200 4138
200.126.117.15 - - [26/Nov/2025:11:02:25 -0300] "GET /cormun/static/PXToolsJavascripts/pexe_tabs.js HTTP/1.1" 200 3748
200.126.117.15 - - [26/Nov/2025:11:02:25 -0300] "GET /cormun/static/PXToolsJavascripts/pexe_tabdivfix.js HTTP/1.1" 200 898
200.126.117.15 - - [26/Nov/2025:11:02:25 -0300] "GET /cormun/static/PXToolsJavascripts/pexe_upload.js HTTP/1.1" 200 1423
200.126.117.15 - - [26/Nov/2025:11:02:25 -0300] "GET /cormun/static/PXToolsJavascripts/PXToolsJavascriptsRender.js HTTP/1.1" 200 367
200.126.117.15 - - [26/Nov/2025:11:02:25 -0300] "GET /cormun/static/Resources/CormunMP2.png HTTP/1.1" 200 6878
200.126.117.15 - - [26/Nov/2025:11:02:25 -0300] "GET /cormun/static/Resources/ImgHome.png HTTP/1.1" 200 1364
200.126.117.15 - - [26/Nov/2025:11:02:25 -0300] "GET /cormun/static/RunJS/RunJS.js HTTP/1.1" 200 288
200.126.117.15 - - [26/Nov/2025:11:02:25 -0300] "GET /cormun/static/Resources/Llave.png HTTP/1.1" 200 1395
200.126.117.15 - - [26/Nov/2025:11:02:25 -0300] "GET /cormun/static/Resources/ImgLogin.png HTTP/1.1" 200 1432
200.126.117.15 - - [26/Nov/2025:11:02:25 -0300] "GET /cormun/static/Shared/ext/locale/ext-lang-en.js HTTP/1.1" 200 10940
200.126.117.15 - - [26/Nov/2025:11:02:25 -0300] "GET /cormun/static/Resources/PXToolsDataTitle.png HTTP/1.1" 200 1173
200.126.117.15 - - [26/Nov/2025:11:02:25 -0300] "GET /cormun/static/hhome.js?20201215495544 HTTP/1.1" 200 777
200.126.117.15 - - [26/Nov/2025:11:02:25 -0300] "GET /cormun/static/hwchdr01.js?2022112219251119 HTTP/1.1" 200 996
200.126.117.15 - - [26/Nov/2025:11:02:25 -0300] "GET /cormun/static/hpexe_recentlink.js?20201214471090 HTTP/1.1" 200 2144
200.126.117.15 - - [26/Nov/2025:11:02:25 -0300] "GET /cormun/static/hpexe_scripts.js?20201214471411 HTTP/1.1" 200 1544
200.126.117.15 - - [26/Nov/2025:11:02:25 -0300] "GET /cormun/static/hpexe_messagecontroller.js?202211298371222 HTTP/1.1" 200 870
200.126.117.15 - - [26/Nov/2025:11:02:25 -0300] "GET /cormun/static/hpexe_messagegenexuscomponent.js?20221129836373 HTTP/1.1" 200 587
200.126.117.15 - - [26/Nov/2025:11:02:25 -0300] "GET /cormun/static/hpexe_messagepopupcomponent.js?2020121447232 HTTP/1.1" 200 605
200.126.117.15 - - [26/Nov/2025:11:02:25 -0300] "GET /cormun/static/cmcontrolpreferences.js?20199141926336 HTTP/1.1" 200 1375
200.126.117.15 - - [26/Nov/2025:11:02:25 -0300] "GET /cormun/static/gxui/gxui-all.js HTTP/1.1" 200 107772
200.126.117.15 - - [26/Nov/2025:11:02:25 -0300] "GET /cormun/static/SmoothNavMenu/resources/ddsmoothmenu.js HTTP/1.1" 200 12712
200.126.117.15 - - [26/Nov/2025:11:02:25 -0300] "GET /cormun/static/SmoothNavMenu/resources/SmoothNavMenuRender.js HTTP/1.1" 200 5951
200.126.117.15 - - [26/Nov/2025:11:02:25 -0300] "GET /cormun/static/scaMessage/js/jquery.pnotify.min.js HTTP/1.1" 200 13038
200.126.117.15 - - [26/Nov/2025:11:02:25 -0300] "GET /cormun/static/scaMessage/scaMessageRender.js HTTP/1.1" 200 11977
200.126.117.15 - - [26/Nov/2025:11:02:25 -0300] "GET /cormun/static/Shared/jquery/jquery-1.10.2.min.js HTTP/1.1" 200 273199
200.126.117.15 - - [26/Nov/2025:11:02:25 -0300] "GET /cormun/static/Shared/jquery/jquery-1.4.2.min.js HTTP/1.1" 200 72174
200.126.117.15 - - [26/Nov/2025:11:02:25 -0300] "GET /cormun/static/hmpwkw03.js?20221129844354 HTTP/1.1" 200 3971
200.126.117.15 - - [26/Nov/2025:11:02:25 -0300] "GET /cormun/static/Shared/ext/ext-all.js HTTP/1.1" 200 1289687
200.126.117.15 - - [26/Nov/2025:11:02:25 -0300] "GET /cormun/static/Shared/jqueryui/jquery-ui.min.js HTTP/1.1" 200 240427
200.126.117.15 - - [26/Nov/2025:11:02:25 -0300] "GET /cormun/static/SmoothNavMenu/resources/images/down.gif HTTP/1.1" 200 854
200.126.117.15 - - [26/Nov/2025:11:02:25 -0300] "GET /cormun/static/SmoothNavMenu/resources/images/right.gif HTTP/1.1" 200 860
190.95.1.187 - - [26/Nov/2025:11:02:29 -0300] "GET /cormun/servlet/permisogoce?de227bc0776271b981c99290024d1f37926dbe4420474041d02ebddbd1c79e1f13f543e3474f05e69465545d6743aa2654a467e2de5c5722c7ea1597362dff74,gx-no-cache=1764165802441 HTTP/1.1" 200 75
190.95.67.91 - - [26/Nov/2025:11:02:33 -0300] "GET /cormun/servlet/permisogoce?INS,0,,, HTTP/1.1" 200 7148
190.95.67.91 - - [26/Nov/2025:11:02:39 -0300] "GET /cormun/servlet/permisogoce?479d789f895a12ac60a9114f2bc85c9316ac3d14257c1f491aa38df20ede31f9cf1896f989bb80de9a55bd7aa7801b6905c6fc901db4aae5793aa3d5e621509b,gx-no-cache=1764165811894 HTTP/1.1" 200 83
190.95.1.187 - - [26/Nov/2025:11:02:40 -0300] "GET /cormun/servlet/permisogoce?de227bc0776271b981c99290024d1f37a8fb2e9b8be7d69c0baf095b3275d328565347cd00bc485b7b89f23a633f2e0afb452646c7501b807bff6d5b14c2ebe2,gx-no-cache=1764165813289 HTTP/1.1" 200 47
190.95.1.187 - - [26/Nov/2025:11:02:45 -0300] "POST /cormun/servlet/permisogoce?93d81f4984cdfbf8647e1e277441a435,INS,0,,,,gx-no-cache=1764165817571 HTTP/1.1" 200 93
190.95.1.187 - - [26/Nov/2025:11:02:45 -0300] "GET /cormun/servlet/hpexe_return? HTTP/1.1" 200 1033
190.95.1.187 - - [26/Nov/2025:11:02:45 -0300] "GET /cormun/servlet/trpermisosgoce?gx-no-cache=1764165490094 HTTP/1.1" 200 18513
190.95.67.91 - - [26/Nov/2025:11:02:52 -0300] "GET /cormun/servlet/permisogoce?479d789f895a12ac60a9114f2bc85c93872f4169f88b25d2ad9e74e26308c0488210ef609fdd684da5b81bcd3122e6d5b5e0b5598ea31bd396f8f6b0f405a564,gx-no-cache=1764165825277 HTTP/1.1" 200 48
190.95.67.91 - - [26/Nov/2025:11:03:03 -0300] "POST /cormun/servlet/permisogoce?828ef6d99cb50fdc0caea6bc02b4663d,INS,0,,,,gx-no-cache=1764165835948 HTTP/1.1" 200 93
190.95.67.91 - - [26/Nov/2025:11:03:03 -0300] "GET /cormun/servlet/hpexe_return? HTTP/1.1" 200 1028
190.95.67.91 - - [26/Nov/2025:11:03:04 -0300] "GET /cormun/servlet/trpermisosgoce?gx-no-cache=1764162186036 HTTP/1.1" 200 19129
200.126.117.15 - - [26/Nov/2025:11:03:07 -0300] "GET /cormun/servlet/trpermisosgoce? HTTP/1.1" 200 9759
200.126.117.15 - - [26/Nov/2025:11:03:07 -0300] "GET /cormun/static/gxui/gxui-all.css?120300 HTTP/1.1" 200 2179
200.126.117.15 - - [26/Nov/2025:11:03:07 -0300] "GET /cormun/static/calendar-system.css?85620 HTTP/1.1" 200 5572
200.126.117.15 - - [26/Nov/2025:11:03:07 -0300] "GET /cormun/static/gxcfg.js?2020121631564 HTTP/1.1" 200 953
200.126.117.15 - - [26/Nov/2025:11:03:07 -0300] "GET /cormun/static/calendar-es.js?85251 HTTP/1.1" 200 1901
200.126.117.15 - - [26/Nov/2025:11:03:07 -0300] "GET /cormun/static/calendar-setup.js?85251 HTTP/1.1" 200 2588
200.126.117.15 - - [26/Nov/2025:11:03:07 -0300] "GET /cormun/static/Resources/PXTools/calendar.png HTTP/1.1" 200 1306
200.126.117.15 - - [26/Nov/2025:11:03:07 -0300] "GET /cormun/static/calendar.js?85251 HTTP/1.1" 200 26246
200.126.117.15 - - [26/Nov/2025:11:03:07 -0300] "GET /cormun/static/gxdec.js?85251 HTTP/1.1" 200 19579
200.126.117.15 - - [26/Nov/2025:11:03:07 -0300] "GET /cormun/static/trpermisosgoce.js?2020121633681 HTTP/1.1" 200 35904
200.126.117.15 - - [26/Nov/2025:11:03:07 -0300] "GET /cormun/static/Shared/ext/resources/css/ext-all.css?215870 HTTP/1.1" 200 416045
200.126.117.15 - - [26/Nov/2025:11:03:07 -0300] "GET /cormun/static/Shared/ext/resources/themes/images/default/tools/tool-sprites.gif HTTP/1.1" 200 5434
200.126.117.15 - - [26/Nov/2025:11:03:07 -0300] "GET /cormun/static/Shared/ext/resources/themes/images/default/panel/bg-headersPanel.png HTTP/1.1" 200 255
190.95.67.91 - - [26/Nov/2025:11:03:10 -0300] "GET /cormun/servlet/trpermisosadjuntos?15992653,20251126110335,P, HTTP/1.1" 200 6581
190.95.67.91 - - [26/Nov/2025:11:03:12 -0300] "GET /cormun/servlet/permisosadjuntos?INS,15992653,P,20251126110335,, HTTP/1.1" 200 5884
190.95.67.91 - - [26/Nov/2025:11:03:12 -0300] "GET /cormun/static/about:blank HTTP/1.1" 404 1011
200.126.117.15 - - [26/Nov/2025:11:03:13 -0300] "GET /cormun/static/menuarrow.gif HTTP/1.1" 404 1015
190.95.67.91 - - [26/Nov/2025:11:03:24 -0300] "POST /cormun/servlet/permisosadjuntos?828ef6d99cb50fdc0caea6bc02b4663d,INS,15992653,P,20251126110335,, HTTP/1.1" 200 116
190.95.67.91 - - [26/Nov/2025:11:03:24 -0300] "GET /cormun/servlet/hpexe_return? HTTP/1.1" 200 1034
190.95.67.91 - - [26/Nov/2025:11:03:24 -0300] "GET /cormun/servlet/trpermisosadjuntos?15992653,20251126110335,P, HTTP/1.1" 200 7080
190.95.67.91 - - [26/Nov/2025:11:03:40 -0300] "POST /cormun/servlet/trpermisosadjuntos?828ef6d99cb50fdc0caea6bc02b4663d,15992653,20251126110335,P,,gx-no-cache=1764165872500 HTTP/1.1" 200 90
190.95.67.91 - - [26/Nov/2025:11:03:40 -0300] "GET /cormun/servlet/hpexe_link HTTP/1.1" 200 1003
190.95.67.91 - - [26/Nov/2025:11:03:40 -0300] "GET /cormun/servlet/trpermisosgoce?gx-no-cache=1764162186036 HTTP/1.1" 200 19126
190.95.67.91 - - [26/Nov/2025:11:03:46 -0300] "POST /cormun/servlet/trpermisosgoce?828ef6d99cb50fdc0caea6bc02b4663d,gx-no-cache=1764162186036,gx-no-cache=1764165878383 HTTP/1.1" 200 16314
190.95.67.91 - - [26/Nov/2025:11:03:46 -0300] "GET /cormun/static/Shared/jqueryui/images/ui-bg_highlight-soft_100_c6c2c8_1x100.png HTTP/1.1" 404 1117
190.95.67.91 - - [26/Nov/2025:11:03:46 -0300] "GET /cormun/static/Shared/jqueryui/images/ui-icons_82798d_256x240.png HTTP/1.1" 404 1089
190.95.67.91 - - [26/Nov/2025:11:03:46 -0300] "GET /cormun/static/Shared/jqueryui/images/ui-icons_8d78a5_256x240.png HTTP/1.1" 404 1089
190.95.67.91 - - [26/Nov/2025:11:03:46 -0300] "GET /cormun/static/Shared/jqueryui/images/ui-bg_flat_55_fafafa_40x100.png HTTP/1.1" 404 1097
200.126.117.15 - - [26/Nov/2025:11:03:50 -0300] "POST /cormun/servlet/trpermisosgoce?6d93ded59f062db1d4c590adf5886f5b,,gx-no-cache=1764165882179 HTTP/1.1" 200 5345
190.95.67.91 - - [26/Nov/2025:11:03:52 -0300] "GET /cormun/servlet/trpermisosadjuntos?18648216,20251126110212,P, HTTP/1.1" 200 6585
190.95.67.91 - - [26/Nov/2025:11:03:57 -0300] "GET /cormun/servlet/permisosadjuntos?INS,18648216,P,20251126110212,, HTTP/1.1" 200 5891
190.95.67.91 - - [26/Nov/2025:11:03:57 -0300] "GET /cormun/static/about:blank HTTP/1.1" 404 1011
190.95.15.15 - - [26/Nov/2025:11:04:00 -0300] "POST /cormun/servlet/trlicencias?e0c1a646ba1f37651c18c2d9b2f07de3,,gx-no-cache=1764165892959 HTTP/1.1" 200 5956
200.126.117.15 - - [26/Nov/2025:11:04:22 -0300] "POST /cormun/servlet/trpermisosgoce?6d93ded59f062db1d4c590adf5886f5b,,gx-no-cache=1764165913834 HTTP/1.1" 200 6329
190.95.1.187 - - [26/Nov/2025:11:04:24 -0300] "GET /cormun/servlet/trpermisosadjuntos?13778353,20251126110325,P, HTTP/1.1" 200 6357
186.40.64.120 - - [26/Nov/2025:11:04:24 -0300] "GET /cormun/servlet/permisogoce?INS,0,,, HTTP/1.1" 200 6775
190.95.1.187 - - [26/Nov/2025:11:04:26 -0300] "GET /cormun/servlet/permisosadjuntos?INS,13778353,P,20251126110325,, HTTP/1.1" 200 5654
190.95.1.187 - - [26/Nov/2025:11:04:26 -0300] "GET /cormun/static/about:blank HTTP/1.1" 404 1011
190.95.67.91 - - [26/Nov/2025:11:04:28 -0300] "POST /cormun/servlet/permisosadjuntos?828ef6d99cb50fdc0caea6bc02b4663d,INS,18648216,P,20251126110212,, HTTP/1.1" 200 116
190.95.67.91 - - [26/Nov/2025:11:04:28 -0300] "GET /cormun/servlet/hpexe_return? HTTP/1.1" 200 1034
190.95.67.91 - - [26/Nov/2025:11:04:28 -0300] "GET /cormun/servlet/trpermisosadjuntos?18648216,20251126110212,P, HTTP/1.1" 200 7096
190.95.67.91 - - [26/Nov/2025:11:04:31 -0300] "POST /cormun/servlet/trpermisosadjuntos?828ef6d99cb50fdc0caea6bc02b4663d,18648216,20251126110212,P,,gx-no-cache=1764165923733 HTTP/1.1" 200 90
190.95.67.91 - - [26/Nov/2025:11:04:31 -0300] "GET /cormun/servlet/hpexe_link HTTP/1.1" 200 1002
190.95.67.91 - - [26/Nov/2025:11:04:31 -0300] "GET /cormun/servlet/trpermisosgoce?gx-no-cache=1764162186036 HTTP/1.1" 200 19123
186.40.64.120 - - [26/Nov/2025:11:04:34 -0300] "GET /cormun/servlet/permisogoce?7eb8198dda9d5388bdff1c827c943ce772fa54673edd2930416c4b3f432e2e55c4ccb4cedd93d731c44cc3d408817bebec6cbe297ed971f935bfb3f387495307,gx-no-cache=1764165930055 HTTP/1.1" 200 84
190.95.67.91 - - [26/Nov/2025:11:04:35 -0300] "POST /cormun/servlet/trpermisosgoce?828ef6d99cb50fdc0caea6bc02b4663d,gx-no-cache=1764162186036,gx-no-cache=1764165927886 HTTP/1.1" 200 16278
190.95.1.187 - - [26/Nov/2025:11:04:38 -0300] "POST /cormun/servlet/permisosadjuntos?93d81f4984cdfbf8647e1e277441a435,INS,13778353,P,20251126110325,, HTTP/1.1" 200 116
190.95.1.187 - - [26/Nov/2025:11:04:38 -0300] "GET /cormun/servlet/hpexe_return? HTTP/1.1" 200 1037
190.95.1.187 - - [26/Nov/2025:11:04:39 -0300] "GET /cormun/servlet/trpermisosadjuntos?13778353,20251126110325,P, HTTP/1.1" 200 6831
190.95.1.187 - - [26/Nov/2025:11:04:40 -0300] "POST /cormun/servlet/trpermisosadjuntos?93d81f4984cdfbf8647e1e277441a435,13778353,20251126110325,P,,gx-no-cache=1764165933473 HTTP/1.1" 200 90
190.95.1.187 - - [26/Nov/2025:11:04:40 -0300] "GET /cormun/servlet/hpexe_link HTTP/1.1" 200 1006
190.95.67.91 - - [26/Nov/2025:11:04:41 -0300] "GET /cormun/servlet/permisogoce?INS,0,,, HTTP/1.1" 200 7148
190.95.1.187 - - [26/Nov/2025:11:04:41 -0300] "GET /cormun/servlet/trpermisosgoce?gx-no-cache=1764165490094 HTTP/1.1" 200 18510
190.95.1.187 - - [26/Nov/2025:11:04:43 -0300] "POST /cormun/servlet/trpermisosgoce?93d81f4984cdfbf8647e1e277441a435,gx-no-cache=1764165490094,gx-no-cache=1764165935405 HTTP/1.1" 200 15760
186.40.64.120 - - [26/Nov/2025:11:04:47 -0300] "GET /cormun/servlet/permisogoce?7eb8198dda9d5388bdff1c827c943ce79ae884b575170e35bb7d80c3ab927e7f5704d42640937cb90196e819e52a4fbf1e2ec85500635a0b14cf4ea982b982e5,gx-no-cache=1764165942789 HTTP/1.1" 200 47
186.40.64.120 - - [26/Nov/2025:11:04:52 -0300] "POST /cormun/servlet/permisogoce?1be9f838cc9c1a0bd63d23e864281771,INS,0,,,,gx-no-cache=1764165947650 HTTP/1.1" 200 93
186.40.64.120 - - [26/Nov/2025:11:04:52 -0300] "GET /cormun/servlet/hpexe_return? HTTP/1.1" 200 1006
186.40.64.120 - - [26/Nov/2025:11:04:53 -0300] "GET /cormun/servlet/trpermisosgoce HTTP/1.1" 200 12784
186.40.64.120 - - [26/Nov/2025:11:04:57 -0300] "GET /cormun/servlet/apermisogoceprn?17505704,P,20251126110526,PU HTTP/1.1" 200 1661
190.95.1.187 - - [26/Nov/2025:11:05:11 -0300] "GET /cormun/servlet/permisogoce?INS,0,,, HTTP/1.1" 200 6904
190.95.1.187 - - [26/Nov/2025:11:05:16 -0300] "GET /cormun/servlet/permisogoce?de227bc0776271b981c99290024d1f37453062d78a28e69c03986ac463dc25a413f543e3474f05e69465545d6743aa2654a467e2de5c5722c7ea1597362dff74,gx-no-cache=1764165968697 HTTP/1.1" 200 80
190.95.1.187 - - [26/Nov/2025:11:05:23 -0300] "GET /cormun/servlet/permisogoce?de227bc0776271b981c99290024d1f3754cda6458b2c43e6e5b3c9fa2b040f5984ff7b41b9d2e2435ef3432065a0cbe0fb452646c7501b807bff6d5b14c2ebe2,gx-no-cache=1764165975882 HTTP/1.1" 200 47
190.95.15.31 - - [26/Nov/2025:11:05:23 -0300] "GET /cormun/servlet/trsolicitudot? HTTP/1.1" 200 7570
190.95.1.187 - - [26/Nov/2025:11:05:25 -0300] "POST /cormun/servlet/permisogoce?93d81f4984cdfbf8647e1e277441a435,INS,0,,,,gx-no-cache=1764165978156 HTTP/1.1" 200 93
190.95.1.187 - - [26/Nov/2025:11:05:26 -0300] "GET /cormun/servlet/hpexe_return? HTTP/1.1" 200 1033
190.95.1.187 - - [26/Nov/2025:11:05:26 -0300] "GET /cormun/servlet/trpermisosgoce?gx-no-cache=1764165490094 HTTP/1.1" 200 18489
190.95.15.31 - - [26/Nov/2025:11:05:29 -0300] "GET /cormun/servlet/solicitudot?INS,0,0,false, HTTP/1.1" 200 16363
190.95.1.187 - - [26/Nov/2025:11:05:36 -0300] "GET /cormun/servlet/trpermisosadjuntos?12516793,20251126110613,P, HTTP/1.1" 200 6363
190.95.1.187 - - [26/Nov/2025:11:05:38 -0300] "GET /cormun/servlet/permisosadjuntos?INS,12516793,P,20251126110613,, HTTP/1.1" 200 5656
190.95.1.187 - - [26/Nov/2025:11:05:38 -0300] "GET /cormun/static/about:blank HTTP/1.1" 404 1011
190.95.1.187 - - [26/Nov/2025:11:05:55 -0300] "POST /cormun/servlet/permisosadjuntos?93d81f4984cdfbf8647e1e277441a435,INS,12516793,P,20251126110613,, HTTP/1.1" 200 116
190.95.1.187 - - [26/Nov/2025:11:05:56 -0300] "GET /cormun/servlet/hpexe_return? HTTP/1.1" 200 1038
190.95.1.187 - - [26/Nov/2025:11:05:56 -0300] "GET /cormun/servlet/trpermisosadjuntos?12516793,20251126110613,P, HTTP/1.1" 200 6837
190.95.1.187 - - [26/Nov/2025:11:05:58 -0300] "POST /cormun/servlet/trpermisosadjuntos?93d81f4984cdfbf8647e1e277441a435,12516793,20251126110613,P,,gx-no-cache=1764166011231 HTTP/1.1" 200 90
190.95.1.187 - - [26/Nov/2025:11:05:58 -0300] "GET /cormun/servlet/hpexe_link HTTP/1.1" 200 1006
190.95.1.187 - - [26/Nov/2025:11:05:58 -0300] "GET /cormun/servlet/trpermisosgoce?gx-no-cache=1764165490094 HTTP/1.1" 200 18520
190.95.1.187 - - [26/Nov/2025:11:06:03 -0300] "POST /cormun/servlet/trpermisosgoce?93d81f4984cdfbf8647e1e277441a435,gx-no-cache=1764165490094,gx-no-cache=1764166015295 HTTP/1.1" 200 15823
190.95.1.187 - - [26/Nov/2025:11:06:17 -0300] "GET /cormun/servlet/permisogoce?INS,0,,, HTTP/1.1" 200 6904
190.95.1.187 - - [26/Nov/2025:11:06:22 -0300] "GET /cormun/servlet/permisogoce?de227bc0776271b981c99290024d1f377d1005249b47573c4cb39ef798d1c23313f543e3474f05e69465545d6743aa2654a467e2de5c5722c7ea1597362dff74,gx-no-cache=1764166035049 HTTP/1.1" 200 79
200.126.116.145 - - [26/Nov/2025:11:07:17 -0300] "GET /cormun/servlet/trlicencias? HTTP/1.1" 200 6047
200.126.116.145 - - [26/Nov/2025:11:07:17 -0300] "GET /cormun/servlet/hlogin HTTP/1.1" 200 1734
200.126.116.145 - - [26/Nov/2025:11:07:32 -0300] "POST /cormun/servlet/hlogin?e1cc5179238da636921ce6f075c9afd9,gx-no-cache=1764166106115 HTTP/1.1" 200 90
200.126.116.145 - - [26/Nov/2025:11:07:32 -0300] "GET /cormun/servlet/hpexe_link HTTP/1.1" 200 954
200.126.116.145 - - [26/Nov/2025:11:07:32 -0300] "GET /cormun/servlet/trlicencias HTTP/1.1" 200 14410
190.95.1.187 - - [26/Nov/2025:11:07:40 -0300] "GET /cormun/servlet/permisogoce?de227bc0776271b981c99290024d1f37f1cde8fad57b3b8e78964e9f56c3a4cad32cadff433cb7ffa4fe3f0134a819a1a23b28fe7b285e1463023522a28120b4bf920df99a34dfa306eb619a231c7735b713915222d9117e6aef592426ae2065,gx-no-cache=1764166112576 HTTP/1.1" 200 83
190.95.1.187 - - [26/Nov/2025:11:07:48 -0300] "GET /cormun/servlet/permisogoce?de227bc0776271b981c99290024d1f372c9ca2b2b69f9707352b5e9316efc3a7f01769b3e422ebed3caf9880c1092a8dfb452646c7501b807bff6d5b14c2ebe2,gx-no-cache=1764166120753 HTTP/1.1" 200 48
190.95.1.187 - - [26/Nov/2025:11:07:50 -0300] "POST /cormun/servlet/permisogoce?93d81f4984cdfbf8647e1e277441a435,INS,0,,,,gx-no-cache=1764166122392 HTTP/1.1" 200 93
190.95.1.187 - - [26/Nov/2025:11:07:50 -0300] "GET /cormun/servlet/hpexe_return? HTTP/1.1" 200 1033
190.95.1.187 - - [26/Nov/2025:11:07:50 -0300] "GET /cormun/servlet/trpermisosgoce?gx-no-cache=1764165490094 HTTP/1.1" 200 18540
190.95.1.187 - - [26/Nov/2025:11:07:59 -0300] "GET /cormun/servlet/trpermisosadjuntos?11888151,20251126110719,P, HTTP/1.1" 200 6365
190.95.1.187 - - [26/Nov/2025:11:08:01 -0300] "GET /cormun/servlet/permisosadjuntos?INS,11888151,P,20251126110719,, HTTP/1.1" 200 5663
190.95.1.187 - - [26/Nov/2025:11:08:01 -0300] "GET /cormun/static/about:blank HTTP/1.1" 404 1011
190.95.67.93 - - [26/Nov/2025:11:08:09 -0300] "GET /cormun/servlet/hlogin HTTP/1.1" 200 1722
190.95.67.93 - - [26/Nov/2025:11:08:12 -0300] "POST /cormun/servlet/hlogin?ffd7c0edb05b9106dad4c323ff669793,gx-no-cache=1764166146902 HTTP/1.1" 200 90
190.95.67.93 - - [26/Nov/2025:11:08:12 -0300] "GET /cormun/servlet/hpexe_link HTTP/1.1" 200 953
190.95.67.93 - - [26/Nov/2025:11:08:12 -0300] "GET /cormun/servlet/hhome HTTP/1.1" 200 4340
190.95.67.93 - - [26/Nov/2025:11:08:20 -0300] "GET /cormun/servlet/trlicencias? HTTP/1.1" 200 13857
192.168.10.19 - - [26/Nov/2025:11:08:51 -0300] "POST /cormun/servlet/trsolicitudgral?1660f8dca4e925144731bf8cfec7cd9d,,gx-no-cache=1764166193469 HTTP/1.1" 200 6641
192.168.10.19 - - [26/Nov/2025:11:08:53 -0300] "GET /cormun/servlet/vesolicitudgral?2025,23126,, HTTP/1.1" 200 8389
192.168.10.19 - - [26/Nov/2025:11:08:53 -0300] "GET /cormun/pexe_scrolldiv.js HTTP/1.1" 404 1009
190.95.15.15 - - [26/Nov/2025:11:10:20 -0300] "POST /cormun/servlet/trlicencias?e0c1a646ba1f37651c18c2d9b2f07de3,,gx-no-cache=1764166272644 HTTP/1.1" 200 6186
190.95.15.15 - - [26/Nov/2025:11:12:39 -0300] "POST /cormun/servlet/trlicencias?e0c1a646ba1f37651c18c2d9b2f07de3,,gx-no-cache=1764166412357 HTTP/1.1" 200 6866
190.95.1.187 - - [26/Nov/2025:11:14:40 -0300] "POST /cormun/servlet/permisosadjuntos?93d81f4984cdfbf8647e1e277441a435,INS,11888151,P,20251126110719,,,gx-no-cache=1764166533242 HTTP/1.1" 200 93
190.95.1.187 - - [26/Nov/2025:11:14:40 -0300] "GET /cormun/servlet/hpexe_return? HTTP/1.1" 200 1039
190.95.1.187 - - [26/Nov/2025:11:14:40 -0300] "GET /cormun/servlet/trpermisosadjuntos?11888151,20251126110719,P, HTTP/1.1" 200 6677
190.95.1.187 - - [26/Nov/2025:11:14:43 -0300] "GET /cormun/servlet/permisosadjuntos?DLT,11888151,P,20251126110719,20251126110902, HTTP/1.1" 200 5608
190.95.1.187 - - [26/Nov/2025:11:14:43 -0300] "GET /cormun/static/about:blank HTTP/1.1" 404 1011
190.95.1.187 - - [26/Nov/2025:11:14:45 -0300] "POST /cormun/servlet/permisosadjuntos?93d81f4984cdfbf8647e1e277441a435,DLT,11888151,P,20251126110719,20251126110902,,gx-no-cache=1764166537552 HTTP/1.1" 200 93
190.95.1.187 - - [26/Nov/2025:11:14:45 -0300] "GET /cormun/servlet/hpexe_return? HTTP/1.1" 200 1043
190.95.1.187 - - [26/Nov/2025:11:14:45 -0300] "GET /cormun/servlet/trpermisosadjuntos?11888151,20251126110719,P, HTTP/1.1" 200 6349
190.95.1.187 - - [26/Nov/2025:11:14:47 -0300] "GET /cormun/servlet/permisosadjuntos?INS,11888151,P,20251126110719,, HTTP/1.1" 200 5663
190.95.1.187 - - [26/Nov/2025:11:14:47 -0300] "GET /cormun/static/about:blank HTTP/1.1" 404 1011
190.95.1.187 - - [26/Nov/2025:11:15:12 -0300] "POST /cormun/servlet/permisosadjuntos?93d81f4984cdfbf8647e1e277441a435,INS,11888151,P,20251126110719,, HTTP/1.1" 200 116
190.95.1.187 - - [26/Nov/2025:11:15:12 -0300] "GET /cormun/servlet/hpexe_return? HTTP/1.1" 200 1039
190.95.1.187 - - [26/Nov/2025:11:15:12 -0300] "GET /cormun/servlet/trpermisosadjuntos?11888151,20251126110719,P, HTTP/1.1" 200 6842
190.95.1.187 - - [26/Nov/2025:11:15:15 -0300] "POST /cormun/servlet/trpermisosadjuntos?93d81f4984cdfbf8647e1e277441a435,11888151,20251126110719,P,,gx-no-cache=1764166568453 HTTP/1.1" 200 90
190.95.1.187 - - [26/Nov/2025:11:15:15 -0300] "GET /cormun/servlet/hpexe_link HTTP/1.1" 200 1006
190.95.1.187 - - [26/Nov/2025:11:15:16 -0300] "GET /cormun/servlet/trpermisosgoce?gx-no-cache=1764165490094 HTTP/1.1" 200 18541
190.95.1.187 - - [26/Nov/2025:11:15:19 -0300] "POST /cormun/servlet/trpermisosgoce?93d81f4984cdfbf8647e1e277441a435,gx-no-cache=1764165490094,gx-no-cache=1764166571962 HTTP/1.1" 200 15791
190.95.1.187 - - [26/Nov/2025:11:15:25 -0300] "GET /cormun/servlet/permisogoce?INS,0,,, HTTP/1.1" 200 6904
190.95.1.187 - - [26/Nov/2025:11:15:30 -0300] "GET /cormun/servlet/permisogoce?de227bc0776271b981c99290024d1f3775e413258cf35b5b48f70da6f9a77d0113f543e3474f05e69465545d6743aa2654a467e2de5c5722c7ea1597362dff74,gx-no-cache=1764166582888 HTTP/1.1" 200 79
190.95.1.187 - - [26/Nov/2025:11:15:37 -0300] "GET /cormun/servlet/permisogoce?de227bc0776271b981c99290024d1f37eb70f3796c3af4bd72acea45fb67ed7c30e6abf3919f303e1bcb5aeea0b7b71afb452646c7501b807bff6d5b14c2ebe2,gx-no-cache=1764166589969 HTTP/1.1" 200 48
190.95.1.187 - - [26/Nov/2025:11:15:40 -0300] "POST /cormun/servlet/permisogoce?93d81f4984cdfbf8647e1e277441a435,INS,0,,,,gx-no-cache=1764166592383 HTTP/1.1" 200 93
190.95.1.187 - - [26/Nov/2025:11:15:40 -0300] "GET /cormun/servlet/hpexe_return? HTTP/1.1" 200 1033
190.95.1.187 - - [26/Nov/2025:11:15:40 -0300] "GET /cormun/servlet/trpermisosgoce?gx-no-cache=1764165490094 HTTP/1.1" 200 18549
190.95.15.15 - - [26/Nov/2025:11:15:43 -0300] "POST /cormun/servlet/trlicencias?e0c1a646ba1f37651c18c2d9b2f07de3,,gx-no-cache=1764166595538 HTTP/1.1" 200 5705
190.95.1.187 - - [26/Nov/2025:11:16:35 -0300] "GET /cormun/servlet/trpermisosadjuntos?16598111,20251126111627,P, HTTP/1.1" 200 6362
190.95.1.187 - - [26/Nov/2025:11:16:37 -0300] "GET /cormun/servlet/permisosadjuntos?INS,16598111,P,20251126111627,, HTTP/1.1" 200 5658
190.95.1.187 - - [26/Nov/2025:11:16:37 -0300] "GET /cormun/static/about:blank HTTP/1.1" 404 1011
190.95.1.187 - - [26/Nov/2025:11:16:50 -0300] "POST /cormun/servlet/permisosadjuntos?93d81f4984cdfbf8647e1e277441a435,INS,16598111,P,20251126111627,, HTTP/1.1" 200 116
190.95.1.187 - - [26/Nov/2025:11:16:50 -0300] "GET /cormun/servlet/hpexe_return? HTTP/1.1" 200 1038
190.95.1.187 - - [26/Nov/2025:11:16:50 -0300] "GET /cormun/servlet/trpermisosadjuntos?16598111,20251126111627,P, HTTP/1.1" 200 6835
190.95.1.187 - - [26/Nov/2025:11:16:54 -0300] "POST /cormun/servlet/trpermisosadjuntos?93d81f4984cdfbf8647e1e277441a435,16598111,20251126111627,P,,gx-no-cache=1764166667335 HTTP/1.1" 200 90
190.95.1.187 - - [26/Nov/2025:11:16:54 -0300] "GET /cormun/servlet/hpexe_link HTTP/1.1" 200 1005
190.95.1.187 - - [26/Nov/2025:11:16:55 -0300] "GET /cormun/servlet/trpermisosgoce?gx-no-cache=1764165490094 HTTP/1.1" 200 18529
190.95.1.187 - - [26/Nov/2025:11:16:58 -0300] "POST /cormun/servlet/trpermisosgoce?93d81f4984cdfbf8647e1e277441a435,gx-no-cache=1764165490094,gx-no-cache=1764166670429 HTTP/1.1" 200 15832
190.95.1.187 - - [26/Nov/2025:11:16:58 -0300] "POST /cormun/servlet/trpermisosgoce?93d81f4984cdfbf8647e1e277441a435,gx-no-cache=1764165490094,gx-no-cache=1764166670989 HTTP/1.1" 200 15817
190.95.1.187 - - [26/Nov/2025:11:17:01 -0300] "GET /cormun/servlet/permisogoce?INS,0,,, HTTP/1.1" 200 6905
190.95.1.187 - - [26/Nov/2025:11:17:06 -0300] "GET /cormun/servlet/permisogoce?de227bc0776271b981c99290024d1f37f004aa7850e0278cabfb83639365cda7940eebf77616c4318228ba4e24a0ff33662754208e78157d006a7c9f521a33e0,gx-no-cache=1764166679313 HTTP/1.1" 200 87
190.95.1.187 - - [26/Nov/2025:11:17:20 -0300] "GET /cormun/servlet/permisogoce?de227bc0776271b981c99290024d1f37304caf662b63b45ea36800160a2633dfbe7e191356d9084b8830d19ad10bafdc1e83e51caea756e7b12f483edbe24181,gx-no-cache=1764166693225 HTTP/1.1" 200 48
190.95.1.187 - - [26/Nov/2025:11:17:23 -0300] "POST /cormun/servlet/permisogoce?93d81f4984cdfbf8647e1e277441a435,INS,0,,,,gx-no-cache=1764166695401 HTTP/1.1" 200 93
190.95.1.187 - - [26/Nov/2025:11:17:23 -0300] "GET /cormun/servlet/hpexe_return? HTTP/1.1" 200 1033
190.95.1.187 - - [26/Nov/2025:11:17:23 -0300] "GET /cormun/servlet/trpermisosgoce?gx-no-cache=1764165490094 HTTP/1.1" 200 18548
190.95.15.15 - - [26/Nov/2025:11:17:24 -0300] "POST /cormun/servlet/trlicencias?e0c1a646ba1f37651c18c2d9b2f07de3,,gx-no-cache=1764166697286 HTTP/1.1" 200 4177
190.95.15.15 - - [26/Nov/2025:11:17:28 -0300] "GET /cormun/servlet/trlicencias? HTTP/1.1" 200 6940
190.95.15.15 - - [26/Nov/2025:11:17:31 -0300] "GET /cormun/servlet/trpermisosgoce? HTTP/1.1" 200 18659
190.95.15.15 - - [26/Nov/2025:11:17:34 -0300] "GET /cormun/servlet/trlicencias? HTTP/1.1" 200 6941
190.95.1.187 - - [26/Nov/2025:11:17:35 -0300] "GET /cormun/servlet/trpermisosadjuntos?7630674,20251126111802,P, HTTP/1.1" 200 6366
190.95.1.187 - - [26/Nov/2025:11:17:36 -0300] "GET /cormun/servlet/permisosadjuntos?INS,7630674,P,20251126111802,, HTTP/1.1" 200 5659
190.95.1.187 - - [26/Nov/2025:11:17:36 -0300] "GET /cormun/static/about:blank HTTP/1.1" 404 1011
190.95.15.15 - - [26/Nov/2025:11:17:40 -0300] "POST /cormun/servlet/trlicencias?e0c1a646ba1f37651c18c2d9b2f07de3,,gx-no-cache=1764166713020 HTTP/1.1" 200 18309
190.95.1.187 - - [26/Nov/2025:11:17:51 -0300] "POST /cormun/servlet/permisosadjuntos?93d81f4984cdfbf8647e1e277441a435,INS,7630674,P,20251126111802,, HTTP/1.1" 200 116
190.95.1.187 - - [26/Nov/2025:11:17:51 -0300] "GET /cormun/servlet/hpexe_return? HTTP/1.1" 200 1038
190.95.1.187 - - [26/Nov/2025:11:17:51 -0300] "GET /cormun/servlet/trpermisosadjuntos?7630674,20251126111802,P, HTTP/1.1" 200 6841
190.95.1.187 - - [26/Nov/2025:11:17:54 -0300] "POST /cormun/servlet/trpermisosadjuntos?93d81f4984cdfbf8647e1e277441a435,7630674,20251126111802,P,,gx-no-cache=1764166727072 HTTP/1.1" 200 90
190.95.1.187 - - [26/Nov/2025:11:17:54 -0300] "GET /cormun/servlet/hpexe_link HTTP/1.1" 200 1006
190.95.1.187 - - [26/Nov/2025:11:17:54 -0300] "GET /cormun/servlet/trpermisosgoce?gx-no-cache=1764165490094 HTTP/1.1" 200 18526
190.95.1.187 - - [26/Nov/2025:11:17:57 -0300] "POST /cormun/servlet/trpermisosgoce?93d81f4984cdfbf8647e1e277441a435,gx-no-cache=1764165490094,gx-no-cache=1764166729300 HTTP/1.1" 200 15828
190.95.1.187 - - [26/Nov/2025:11:18:10 -0300] "GET /cormun/servlet/permisogoce?INS,0,,, HTTP/1.1" 200 6904
190.95.1.187 - - [26/Nov/2025:11:18:16 -0300] "GET /cormun/servlet/permisogoce?de227bc0776271b981c99290024d1f37e834c698f72dc0ac53ec9bd5baefd5ef13f543e3474f05e69465545d6743aa2654a467e2de5c5722c7ea1597362dff74,gx-no-cache=1764166748609 HTTP/1.1" 200 73
190.95.1.187 - - [26/Nov/2025:11:18:25 -0300] "GET /cormun/servlet/permisogoce?de227bc0776271b981c99290024d1f37aac4335784065e3ec039c225a5d242e9a983895c08469f9ed664040dabd7f027f842e7ffaf84ed2b69fb285a9cf92451,gx-no-cache=1764166758097 HTTP/1.1" 200 48
190.95.1.187 - - [26/Nov/2025:11:18:28 -0300] "POST /cormun/servlet/permisogoce?93d81f4984cdfbf8647e1e277441a435,INS,0,,,,gx-no-cache=1764166760819 HTTP/1.1" 200 93
190.95.1.187 - - [26/Nov/2025:11:18:28 -0300] "GET /cormun/servlet/hpexe_return? HTTP/1.1" 200 1033
190.95.1.187 - - [26/Nov/2025:11:18:28 -0300] "GET /cormun/servlet/trpermisosgoce?gx-no-cache=1764165490094 HTTP/1.1" 200 18470
190.95.1.187 - - [26/Nov/2025:11:18:40 -0300] "GET /cormun/servlet/trpermisosadjuntos?18646838,20251126111912,P, HTTP/1.1" 200 6358
190.95.1.187 - - [26/Nov/2025:11:18:43 -0300] "GET /cormun/servlet/permisosadjuntos?INS,18646838,P,20251126111912,, HTTP/1.1" 200 5653
190.95.1.187 - - [26/Nov/2025:11:18:43 -0300] "GET /cormun/static/about:blank HTTP/1.1" 404 1011
190.95.1.187 - - [26/Nov/2025:11:19:04 -0300] "POST /cormun/servlet/permisosadjuntos?93d81f4984cdfbf8647e1e277441a435,INS,18646838,P,20251126111912,, HTTP/1.1" 200 116
190.95.1.187 - - [26/Nov/2025:11:19:04 -0300] "GET /cormun/servlet/hpexe_return? HTTP/1.1" 200 1038
190.95.1.187 - - [26/Nov/2025:11:19:04 -0300] "GET /cormun/servlet/trpermisosadjuntos?18646838,20251126111912,P, HTTP/1.1" 200 6829
190.95.1.187 - - [26/Nov/2025:11:19:07 -0300] "POST /cormun/servlet/trpermisosadjuntos?93d81f4984cdfbf8647e1e277441a435,18646838,20251126111912,P,,gx-no-cache=1764166799697 HTTP/1.1" 200 90
190.95.1.187 - - [26/Nov/2025:11:19:07 -0300] "GET /cormun/servlet/hpexe_link HTTP/1.1" 200 1006
190.95.1.187 - - [26/Nov/2025:11:19:07 -0300] "GET /cormun/servlet/trpermisosgoce?gx-no-cache=1764165490094 HTTP/1.1" 200 18533
190.95.1.187 - - [26/Nov/2025:11:19:10 -0300] "POST /cormun/servlet/trpermisosgoce?93d81f4984cdfbf8647e1e277441a435,gx-no-cache=1764165490094,gx-no-cache=1764166802462 HTTP/1.1" 200 15747
190.95.67.99 - - [26/Nov/2025:11:19:26 -0300] "GET /cormun/servlet/trpermisosgoce? HTTP/1.1" 200 6026
190.95.67.99 - - [26/Nov/2025:11:19:28 -0300] "GET /cormun/servlet/hlogin HTTP/1.1" 200 1737
190.95.67.99 - - [26/Nov/2025:11:19:31 -0300] "POST /cormun/servlet/hlogin?910632c5c441ea05f8bb4e133d1a8c64,gx-no-cache=1764166824917 HTTP/1.1" 200 90
190.95.67.99 - - [26/Nov/2025:11:19:31 -0300] "GET /cormun/servlet/hpexe_link HTTP/1.1" 200 952
190.95.67.99 - - [26/Nov/2025:11:19:32 -0300] "GET /cormun/servlet/trpermisosgoce HTTP/1.1" 200 13112
190.95.67.99 - - [26/Nov/2025:11:19:37 -0300] "GET /cormun/servlet/trlicencias? HTTP/1.1" 200 10353
190.95.67.99 - - [26/Nov/2025:11:19:41 -0300] "POST /cormun/servlet/trlicencias?910632c5c441ea05f8bb4e133d1a8c64,,gx-no-cache=1764166835243 HTTP/1.1" 200 7799
190.95.67.91 - - [26/Nov/2025:11:19:50 -0300] "GET /cormun/servlet/permisogoce?479d789f895a12ac60a9114f2bc85c93068edc7a53406fad1bafe1701285b73b882c7ece5dc0494a4d84c50766612f5795f909b06649aa73e479c7e993b517d3,gx-no-cache=1764166842995 HTTP/1.1" 200 79
190.95.67.91 - - [26/Nov/2025:11:20:01 -0300] "GET /cormun/servlet/permisogoce?479d789f895a12ac60a9114f2bc85c93919813b8ab69342ba786fc896a9c61d8847fe98009ec73ba1f51d06478b3e98b34119a76fcfc40c80a6f0fc989ee2c4c,gx-no-cache=1764166853708 HTTP/1.1" 200 46
190.95.67.91 - - [26/Nov/2025:11:20:11 -0300] "POST /cormun/servlet/permisogoce?828ef6d99cb50fdc0caea6bc02b4663d,INS,0,,,,gx-no-cache=1764166863298 HTTP/1.1" 200 93
190.95.67.91 - - [26/Nov/2025:11:20:11 -0300] "GET /cormun/servlet/hpexe_return? HTTP/1.1" 200 1028
190.95.67.91 - - [26/Nov/2025:11:20:11 -0300] "GET /cormun/servlet/trpermisosgoce?gx-no-cache=1764162186036 HTTP/1.1" 200 19145
190.95.67.91 - - [26/Nov/2025:11:20:15 -0300] "GET /cormun/servlet/trpermisosadjuntos?8997537,20251126110542,P, HTTP/1.1" 200 6576
190.95.67.91 - - [26/Nov/2025:11:20:16 -0300] "GET /cormun/servlet/permisosadjuntos?INS,8997537,P,20251126110542,, HTTP/1.1" 200 5882
190.95.67.91 - - [26/Nov/2025:11:20:17 -0300] "GET /cormun/static/about:blank HTTP/1.1" 404 1011
190.95.67.99 - - [26/Nov/2025:11:20:19 -0300] "GET /cormun/servlet/trlicencias? HTTP/1.1" 200 10352
190.95.15.31 - - [26/Nov/2025:11:20:19 -0300] "GET /cormun/servlet/trpermisosgoce? HTTP/1.1" 200 16648
190.95.67.91 - - [26/Nov/2025:11:20:21 -0300] "POST /cormun/servlet/permisosadjuntos?828ef6d99cb50fdc0caea6bc02b4663d,INS,8997537,P,20251126110542,, HTTP/1.1" 200 116
190.95.67.91 - - [26/Nov/2025:11:20:21 -0300] "GET /cormun/servlet/hpexe_return? HTTP/1.1" 200 1034
190.95.67.91 - - [26/Nov/2025:11:20:21 -0300] "GET /cormun/servlet/trpermisosadjuntos?8997537,20251126110542,P, HTTP/1.1" 200 7103
190.95.15.31 - - [26/Nov/2025:11:20:25 -0300] "GET /cormun/servlet/permisogoce?INS,0,,, HTTP/1.1" 200 7252
190.95.67.91 - - [26/Nov/2025:11:20:29 -0300] "POST /cormun/servlet/trpermisosadjuntos?828ef6d99cb50fdc0caea6bc02b4663d,8997537,20251126110542,P,,gx-no-cache=1764166881739 HTTP/1.1" 200 90
190.95.67.91 - - [26/Nov/2025:11:20:29 -0300] "GET /cormun/servlet/hpexe_link HTTP/1.1" 200 1002
190.95.67.91 - - [26/Nov/2025:11:20:29 -0300] "GET /cormun/servlet/trpermisosgoce?gx-no-cache=1764162186036 HTTP/1.1" 200 19141
190.95.67.91 - - [26/Nov/2025:11:20:31 -0300] "GET /cormun/servlet/permisogoce?INS,0,,, HTTP/1.1" 200 7148
190.95.15.31 - - [26/Nov/2025:11:20:35 -0300] "GET /cormun/servlet/permisogoce?52bd7192fc9bee16f83376b2c49d86b9344e7353cd98f265ba4f2824573055e39597861e1542b29811d87a68c24ad671493f438a41d4c22d8176311266a65254,gx-no-cache=1764166887899 HTTP/1.1" 200 87
190.95.15.31 - - [26/Nov/2025:11:20:35 -0300] "GET /cormun/static/menuarrow.gif HTTP/1.1" 404 1015
190.95.67.91 - - [26/Nov/2025:11:20:37 -0300] "GET /cormun/servlet/permisogoce?479d789f895a12ac60a9114f2bc85c934a04df21dc3d1d541f2c5379a41ceb51cf1896f989bb80de9a55bd7aa7801b6905c6fc901db4aae5793aa3d5e621509b,gx-no-cache=1764166890207 HTTP/1.1" 200 86
190.95.15.31 - - [26/Nov/2025:11:20:41 -0300] "GET /cormun/servlet/permisogoce?52bd7192fc9bee16f83376b2c49d86b9d583697c03d016c49b9c54395e5ed5767df4f31739e15cc1a3300886850b45278798879c12a73be242ec3c95c0f6e652,gx-no-cache=1764166893873 HTTP/1.1" 200 48
190.95.67.91 - - [26/Nov/2025:11:20:42 -0300] "GET /cormun/static/menuarrow.gif HTTP/1.1" 404 1015
190.95.67.99 - - [26/Nov/2025:11:20:44 -0300] "POST /cormun/servlet/trlicencias?910632c5c441ea05f8bb4e133d1a8c64,,gx-no-cache=1764166897727 HTTP/1.1" 200 7796
190.95.15.31 - - [26/Nov/2025:11:20:44 -0300] "POST /cormun/servlet/permisogoce?ee1f8492e3ce25c24cc5a423281d9cca,INS,0,,,,gx-no-cache=1764166896859 HTTP/1.1" 200 93
190.95.15.31 - - [26/Nov/2025:11:20:44 -0300] "GET /cormun/servlet/hpexe_return? HTTP/1.1" 200 1007
190.95.15.31 - - [26/Nov/2025:11:20:45 -0300] "GET /cormun/servlet/trpermisosgoce HTTP/1.1" 200 16808
190.95.67.91 - - [26/Nov/2025:11:20:48 -0300] "GET /cormun/servlet/permisogoce?479d789f895a12ac60a9114f2bc85c93db63eb42fa204a528dc90e3481ba353625e330f453c93eb0024fae02e5d4f242cab20fe51b7da814d2ed4e3058cf5cfd,gx-no-cache=1764166900498 HTTP/1.1" 200 47
190.95.15.31 - - [26/Nov/2025:11:20:48 -0300] "GET /cormun/servlet/apermisogoceprn?17449609,P,20251126112126,PU HTTP/1.1" 200 1672
190.95.67.91 - - [26/Nov/2025:11:20:52 -0300] "POST /cormun/servlet/permisogoce?828ef6d99cb50fdc0caea6bc02b4663d,INS,0,,,,gx-no-cache=1764166904587 HTTP/1.1" 200 93
190.95.67.91 - - [26/Nov/2025:11:20:52 -0300] "GET /cormun/servlet/hpexe_return? HTTP/1.1" 200 1028
190.95.67.91 - - [26/Nov/2025:11:20:52 -0300] "GET /cormun/servlet/trpermisosgoce?gx-no-cache=1764162186036 HTTP/1.1" 200 19166
190.95.67.91 - - [26/Nov/2025:11:20:57 -0300] "GET /cormun/servlet/trpermisosadjuntos?8997537,20251126110542,P, HTTP/1.1" 200 7122
190.95.67.91 - - [26/Nov/2025:11:21:01 -0300] "POST /cormun/servlet/trpermisosadjuntos?828ef6d99cb50fdc0caea6bc02b4663d,8997537,20251126110542,P,,gx-no-cache=1764166913914 HTTP/1.1" 200 90
190.95.67.91 - - [26/Nov/2025:11:21:01 -0300] "GET /cormun/servlet/hpexe_link HTTP/1.1" 200 1002
190.95.67.91 - - [26/Nov/2025:11:21:01 -0300] "GET /cormun/servlet/trpermisosgoce?gx-no-cache=1764162186036 HTTP/1.1" 200 19163
190.95.67.91 - - [26/Nov/2025:11:21:05 -0300] "POST /cormun/servlet/trpermisosgoce?828ef6d99cb50fdc0caea6bc02b4663d,gx-no-cache=1764162186036,gx-no-cache=1764166917854 HTTP/1.1" 200 16338
190.95.67.91 - - [26/Nov/2025:11:21:05 -0300] "GET /cormun/static/Shared/jqueryui/images/ui-bg_highlight-soft_100_c6c2c8_1x100.png HTTP/1.1" 404 1117
190.95.67.91 - - [26/Nov/2025:11:21:05 -0300] "GET /cormun/static/Shared/jqueryui/images/ui-icons_82798d_256x240.png HTTP/1.1" 404 1089
190.95.67.91 - - [26/Nov/2025:11:21:05 -0300] "GET /cormun/static/Shared/jqueryui/images/ui-bg_flat_55_fafafa_40x100.png HTTP/1.1" 404 1097
190.95.67.91 - - [26/Nov/2025:11:21:05 -0300] "GET /cormun/static/Shared/jqueryui/images/ui-icons_8d78a5_256x240.png HTTP/1.1" 404 1089
190.95.67.91 - - [26/Nov/2025:11:21:07 -0300] "GET /cormun/servlet/trpermisosadjuntos?20071017,20251126112133,P, HTTP/1.1" 200 6576
190.95.67.91 - - [26/Nov/2025:11:21:08 -0300] "GET /cormun/servlet/permisosadjuntos?INS,20071017,P,20251126112133,, HTTP/1.1" 200 5879
190.95.67.91 - - [26/Nov/2025:11:21:08 -0300] "GET /cormun/static/about:blank HTTP/1.1" 404 1011
190.95.67.91 - - [26/Nov/2025:11:21:15 -0300] "POST /cormun/servlet/permisosadjuntos?828ef6d99cb50fdc0caea6bc02b4663d,INS,20071017,P,20251126112133,, HTTP/1.1" 200 116
190.95.67.91 - - [26/Nov/2025:11:21:15 -0300] "GET /cormun/servlet/hpexe_return? HTTP/1.1" 200 1033
190.95.67.91 - - [26/Nov/2025:11:21:15 -0300] "GET /cormun/servlet/trpermisosadjuntos?20071017,20251126112133,P, HTTP/1.1" 200 7115
190.95.67.91 - - [26/Nov/2025:11:21:24 -0300] "POST /cormun/servlet/trpermisosadjuntos?828ef6d99cb50fdc0caea6bc02b4663d,20071017,20251126112133,P,,gx-no-cache=1764166936547 HTTP/1.1" 200 90
190.95.67.91 - - [26/Nov/2025:11:21:24 -0300] "GET /cormun/servlet/hpexe_link HTTP/1.1" 200 1000
190.95.67.91 - - [26/Nov/2025:11:21:24 -0300] "GET /cormun/servlet/trpermisosgoce?gx-no-cache=1764162186036 HTTP/1.1" 200 19151
190.95.1.187 - - [26/Nov/2025:11:21:26 -0300] "GET /cormun/servlet/permisogoce?INS,0,,, HTTP/1.1" 200 6904
190.95.67.91 - - [26/Nov/2025:11:21:30 -0300] "GET /cormun/servlet/trpermisosadjuntos?20071017,20251126112133,P, HTTP/1.1" 200 7132
190.95.67.91 - - [26/Nov/2025:11:21:33 -0300] "POST /cormun/servlet/trpermisosadjuntos?828ef6d99cb50fdc0caea6bc02b4663d,20071017,20251126112133,P,,gx-no-cache=1764166946026 HTTP/1.1" 200 90
190.95.67.91 - - [26/Nov/2025:11:21:33 -0300] "GET /cormun/servlet/hpexe_link HTTP/1.1" 200 1000
190.95.67.91 - - [26/Nov/2025:11:21:33 -0300] "GET /cormun/servlet/trpermisosgoce?gx-no-cache=1764162186036 HTTP/1.1" 200 19151
190.95.1.187 - - [26/Nov/2025:11:21:34 -0300] "GET /cormun/servlet/permisogoce?de227bc0776271b981c99290024d1f3708341f87c3d6decd56fae7ce999370ab68c20aa69823836e5cac11f06586b5d4e8beb85e748a259dddec9068f691e0e0,gx-no-cache=1764166946985 HTTP/1.1" 200 226
190.95.1.187 - - [26/Nov/2025:11:21:34 -0300] "GET /cormun/static/Shared/jqueryui/images/ui-icons_ebccce_256x240.png HTTP/1.1" 404 1089
190.95.1.187 - - [26/Nov/2025:11:21:34 -0300] "GET /cormun/static/Shared/jqueryui/images/ui-bg_flat_55_994d53_40x100.png HTTP/1.1" 404 1097
190.95.67.91 - - [26/Nov/2025:11:21:37 -0300] "POST /cormun/servlet/trpermisosgoce?828ef6d99cb50fdc0caea6bc02b4663d,gx-no-cache=1764162186036,gx-no-cache=1764166949677 HTTP/1.1" 200 16300
190.95.67.91 - - [26/Nov/2025:11:21:40 -0300] "GET /cormun/servlet/permisogoce?INS,0,,, HTTP/1.1" 200 7150
190.95.1.187 - - [26/Nov/2025:11:21:42 -0300] "GET /cormun/servlet/permisogoce?de227bc0776271b981c99290024d1f37a741dafb11482e8d2ceaef3030cfbadd13f543e3474f05e69465545d6743aa2654a467e2de5c5722c7ea1597362dff74,gx-no-cache=1764166954983 HTTP/1.1" 200 86
190.95.67.91 - - [26/Nov/2025:11:21:46 -0300] "GET /cormun/servlet/permisogoce?479d789f895a12ac60a9114f2bc85c93500685cb7bccf18e6932f10e0b7cd624cf1896f989bb80de9a55bd7aa7801b6905c6fc901db4aae5793aa3d5e621509b,gx-no-cache=1764166958395 HTTP/1.1" 200 75
190.95.1.187 - - [26/Nov/2025:11:21:51 -0300] "GET /cormun/servlet/permisogoce?de227bc0776271b981c99290024d1f37471aabc692c4a5e841b8bbbee31e416cac32beade87eaab176e467fb62d26c03fb452646c7501b807bff6d5b14c2ebe2,gx-no-cache=1764166963504 HTTP/1.1" 200 48
190.95.67.91 - - [26/Nov/2025:11:21:53 -0300] "GET /cormun/servlet/permisogoce?479d789f895a12ac60a9114f2bc85c93734e5d4a7ada4a025f7c35f5edc13feef0db32962b3b41633e2bae7b49ce0855cab20fe51b7da814d2ed4e3058cf5cfd,gx-no-cache=1764166965591 HTTP/1.1" 200 47
190.95.1.187 - - [26/Nov/2025:11:21:53 -0300] "POST /cormun/servlet/permisogoce?93d81f4984cdfbf8647e1e277441a435,INS,0,,,,gx-no-cache=1764166965768 HTTP/1.1" 200 93
190.95.1.187 - - [26/Nov/2025:11:21:53 -0300] "GET /cormun/servlet/hpexe_return? HTTP/1.1" 200 1033
190.95.1.187 - - [26/Nov/2025:11:21:53 -0300] "GET /cormun/servlet/trpermisosgoce?gx-no-cache=1764165490094 HTTP/1.1" 200 18448
190.95.67.91 - - [26/Nov/2025:11:21:57 -0300] "POST /cormun/servlet/permisogoce?828ef6d99cb50fdc0caea6bc02b4663d,INS,0,,,,gx-no-cache=1764166969554 HTTP/1.1" 200 93
190.95.67.91 - - [26/Nov/2025:11:21:57 -0300] "GET /cormun/servlet/hpexe_return? HTTP/1.1" 200 1028
190.95.67.91 - - [26/Nov/2025:11:21:57 -0300] "GET /cormun/servlet/trpermisosgoce?gx-no-cache=1764162186036 HTTP/1.1" 200 19120
190.95.67.91 - - [26/Nov/2025:11:22:02 -0300] "GET /cormun/servlet/trpermisosadjuntos?17521402,20251126112242,P, HTTP/1.1" 200 6575
190.95.1.187 - - [26/Nov/2025:11:22:03 -0300] "GET /cormun/servlet/trpermisosadjuntos?20371223,20251126112228,P, HTTP/1.1" 200 6365
190.95.67.91 - - [26/Nov/2025:11:22:05 -0300] "GET /cormun/servlet/permisosadjuntos?INS,17521402,P,20251126112242,, HTTP/1.1" 200 5875
190.95.1.187 - - [26/Nov/2025:11:22:05 -0300] "GET /cormun/servlet/permisosadjuntos?INS,20371223,P,20251126112228,, HTTP/1.1" 200 5660
190.95.1.187 - - [26/Nov/2025:11:22:05 -0300] "GET /cormun/static/about:blank HTTP/1.1" 404 1011
190.95.67.91 - - [26/Nov/2025:11:22:05 -0300] "GET /cormun/static/about:blank HTTP/1.1" 404 1011
190.95.67.91 - - [26/Nov/2025:11:22:17 -0300] "POST /cormun/servlet/permisosadjuntos?828ef6d99cb50fdc0caea6bc02b4663d,INS,17521402,P,20251126112242,, HTTP/1.1" 200 116
190.95.67.91 - - [26/Nov/2025:11:22:17 -0300] "GET /cormun/servlet/hpexe_return? HTTP/1.1" 200 1033
190.95.67.91 - - [26/Nov/2025:11:22:17 -0300] "GET /cormun/servlet/trpermisosadjuntos?17521402,20251126112242,P, HTTP/1.1" 200 7093
190.95.1.187 - - [26/Nov/2025:11:22:19 -0300] "POST /cormun/servlet/permisosadjuntos?93d81f4984cdfbf8647e1e277441a435,INS,20371223,P,20251126112228,, HTTP/1.1" 200 116
190.95.1.187 - - [26/Nov/2025:11:22:19 -0300] "GET /cormun/servlet/hpexe_return? HTTP/1.1" 200 1037
190.95.1.187 - - [26/Nov/2025:11:22:19 -0300] "GET /cormun/servlet/trpermisosadjuntos?20371223,20251126112228,P, HTTP/1.1" 200 6841
190.95.1.187 - - [26/Nov/2025:11:22:21 -0300] "POST /cormun/servlet/trpermisosadjuntos?93d81f4984cdfbf8647e1e277441a435,20371223,20251126112228,P,,gx-no-cache=1764166993955 HTTP/1.1" 200 90
190.95.1.187 - - [26/Nov/2025:11:22:21 -0300] "GET /cormun/servlet/hpexe_link HTTP/1.1" 200 1004
190.95.1.187 - - [26/Nov/2025:11:22:21 -0300] "GET /cormun/servlet/trpermisosgoce?gx-no-cache=1764165490094 HTTP/1.1" 200 18532
190.95.67.91 - - [26/Nov/2025:11:22:23 -0300] "POST /cormun/servlet/trpermisosadjuntos?828ef6d99cb50fdc0caea6bc02b4663d,17521402,20251126112242,P,,gx-no-cache=1764166995899 HTTP/1.1" 200 90
190.95.67.91 - - [26/Nov/2025:11:22:23 -0300] "GET /cormun/servlet/hpexe_link HTTP/1.1" 200 1000
190.95.67.91 - - [26/Nov/2025:11:22:23 -0300] "GET /cormun/servlet/trpermisosgoce?gx-no-cache=1764162186036 HTTP/1.1" 200 19117
190.95.1.187 - - [26/Nov/2025:11:22:25 -0300] "POST /cormun/servlet/trpermisosgoce?93d81f4984cdfbf8647e1e277441a435,gx-no-cache=1764165490094,gx-no-cache=1764166997391 HTTP/1.1" 200 15840
190.95.67.91 - - [26/Nov/2025:11:22:27 -0300] "POST /cormun/servlet/trpermisosgoce?828ef6d99cb50fdc0caea6bc02b4663d,gx-no-cache=1764162186036,gx-no-cache=1764166999269 HTTP/1.1" 200 16258
190.95.1.187 - - [26/Nov/2025:11:22:34 -0300] "GET /cormun/servlet/permisogoce?INS,0,,, HTTP/1.1" 200 6904
190.95.1.187 - - [26/Nov/2025:11:22:40 -0300] "GET /cormun/servlet/permisogoce?de227bc0776271b981c99290024d1f37945eca600afe3b8bb2227176459f509f940eebf77616c4318228ba4e24a0ff33662754208e78157d006a7c9f521a33e0,gx-no-cache=1764167012673 HTTP/1.1" 200 86
190.95.1.187 - - [26/Nov/2025:11:22:50 -0300] "GET /cormun/servlet/permisogoce?de227bc0776271b981c99290024d1f37586e5bdf04744653b16c899c408f73b72cfb9229e2b80c84a21b0c3db11ef6528406c5eaf9870204f239b409f803b0cb,gx-no-cache=1764167022689 HTTP/1.1" 200 47
190.95.1.187 - - [26/Nov/2025:11:22:53 -0300] "POST /cormun/servlet/permisogoce?93d81f4984cdfbf8647e1e277441a435,INS,0,,,,gx-no-cache=1764167025682 HTTP/1.1" 200 93
190.95.1.187 - - [26/Nov/2025:11:22:53 -0300] "GET /cormun/servlet/hpexe_return? HTTP/1.1" 200 1033
190.95.1.187 - - [26/Nov/2025:11:22:53 -0300] "GET /cormun/servlet/trpermisosgoce?gx-no-cache=1764165490094 HTTP/1.1" 200 18463
190.95.67.91 - - [26/Nov/2025:11:23:04 -0300] "GET /cormun/servlet/permisogoce?INS,0,,, HTTP/1.1" 200 7148
190.95.1.187 - - [26/Nov/2025:11:23:04 -0300] "GET /cormun/servlet/trpermisosadjuntos?7701196,20251126112335,P, HTTP/1.1" 200 6366
190.95.1.187 - - [26/Nov/2025:11:23:06 -0300] "GET /cormun/servlet/permisosadjuntos?INS,7701196,P,20251126112335,, HTTP/1.1" 200 5662
190.95.1.187 - - [26/Nov/2025:11:23:06 -0300] "GET /cormun/static/about:blank HTTP/1.1" 404 1011
190.95.67.91 - - [26/Nov/2025:11:23:11 -0300] "GET /cormun/servlet/permisogoce?479d789f895a12ac60a9114f2bc85c93500685cb7bccf18e6932f10e0b7cd624cf1896f989bb80de9a55bd7aa7801b6905c6fc901db4aae5793aa3d5e621509b,gx-no-cache=1764167043560 HTTP/1.1" 200 77
190.95.67.91 - - [26/Nov/2025:11:23:19 -0300] "GET /cormun/servlet/permisogoce?479d789f895a12ac60a9114f2bc85c93734e5d4a7ada4a025f7c35f5edc13feecc1e93e8a1ed9fe42c243dea625937b0cab20fe51b7da814d2ed4e3058cf5cfd,gx-no-cache=1764167052068 HTTP/1.1" 200 47
190.95.1.187 - - [26/Nov/2025:11:23:19 -0300] "POST /cormun/servlet/permisosadjuntos?93d81f4984cdfbf8647e1e277441a435,INS,7701196,P,20251126112335,, HTTP/1.1" 200 116
190.95.1.187 - - [26/Nov/2025:11:23:19 -0300] "GET /cormun/servlet/hpexe_return? HTTP/1.1" 200 1037
190.95.1.187 - - [26/Nov/2025:11:23:19 -0300] "GET /cormun/servlet/trpermisosadjuntos?7701196,20251126112335,P, HTTP/1.1" 200 6838
190.95.1.187 - - [26/Nov/2025:11:23:23 -0300] "POST /cormun/servlet/trpermisosadjuntos?93d81f4984cdfbf8647e1e277441a435,7701196,20251126112335,P,,gx-no-cache=1764167056083 HTTP/1.1" 200 90
190.95.1.187 - - [26/Nov/2025:11:23:23 -0300] "GET /cormun/servlet/hpexe_link HTTP/1.1" 200 1005
190.95.1.187 - - [26/Nov/2025:11:23:23 -0300] "GET /cormun/servlet/trpermisosgoce?gx-no-cache=1764165490094 HTTP/1.1" 200 18570
