190.95.67.91 - - [26/Nov/2025:11:23:26 -0300] "POST /cormun/servlet/permisogoce?828ef6d99cb50fdc0caea6bc02b4663d,INS,0,,,,gx-no-cache=1764167058546 HTTP/1.1" 200 93
190.95.67.91 - - [26/Nov/2025:11:23:26 -0300] "GET /cormun/servlet/hpexe_return? HTTP/1.1" 200 1028
190.95.67.91 - - [26/Nov/2025:11:23:26 -0300] "GET /cormun/servlet/trpermisosgoce?gx-no-cache=1764162186036 HTTP/1.1" 200 19087
190.95.1.187 - - [26/Nov/2025:11:23:27 -0300] "POST /cormun/servlet/trpermisosgoce?93d81f4984cdfbf8647e1e277441a435,gx-no-cache=1764165490094,gx-no-cache=1764167059212 HTTP/1.1" 200 15850
190.95.1.187 - - [26/Nov/2025:11:23:30 -0300] "GET /cormun/servlet/permisogoce?INS,0,,, HTTP/1.1" 200 6904
190.95.67.91 - - [26/Nov/2025:11:23:33 -0300] "GET /cormun/servlet/trpermisosadjuntos?17521402,20251126112405,P, HTTP/1.1" 200 6574
190.95.67.91 - - [26/Nov/2025:11:23:35 -0300] "GET /cormun/servlet/permisosadjuntos?INS,17521402,P,20251126112405,, HTTP/1.1" 200 5875
190.95.67.91 - - [26/Nov/2025:11:23:35 -0300] "GET /cormun/static/about:blank HTTP/1.1" 404 1011
190.95.15.15 - - [26/Nov/2025:11:23:36 -0300] "POST /cormun/servlet/trlicencias?e0c1a646ba1f37651c18c2d9b2f07de3,,gx-no-cache=1764167068917 HTTP/1.1" 200 6704
190.95.1.187 - - [26/Nov/2025:11:23:39 -0300] "GET /cormun/servlet/permisogoce?de227bc0776271b981c99290024d1f37bd1ca7c2bfe96a17752ba85589f1879513f543e3474f05e69465545d6743aa2654a467e2de5c5722c7ea1597362dff74,gx-no-cache=1764167072232 HTTP/1.1" 200 84
190.95.67.91 - - [26/Nov/2025:11:23:47 -0300] "POST /cormun/servlet/permisosadjuntos?828ef6d99cb50fdc0caea6bc02b4663d,INS,17521402,P,20251126112405,, HTTP/1.1" 200 116
190.95.67.91 - - [26/Nov/2025:11:23:47 -0300] "GET /cormun/servlet/hpexe_return? HTTP/1.1" 200 1033
190.95.67.91 - - [26/Nov/2025:11:23:47 -0300] "GET /cormun/servlet/trpermisosadjuntos?17521402,20251126112405,P, HTTP/1.1" 200 7093
190.95.1.187 - - [26/Nov/2025:11:23:51 -0300] "GET /cormun/servlet/permisogoce?de227bc0776271b981c99290024d1f376e8beb25c0d98a0b0883472f8f2fa0bbb6ed7b9588a08ca2f84f520e4be80d24fb452646c7501b807bff6d5b14c2ebe2,gx-no-cache=1764167083729 HTTP/1.1" 200 48
190.95.1.187 - - [26/Nov/2025:11:23:54 -0300] "POST /cormun/servlet/permisogoce?93d81f4984cdfbf8647e1e277441a435,INS,0,,,,gx-no-cache=1764167086239 HTTP/1.1" 200 93
190.95.1.187 - - [26/Nov/2025:11:23:54 -0300] "GET /cormun/servlet/hpexe_return? HTTP/1.1" 200 1033
190.95.1.187 - - [26/Nov/2025:11:23:54 -0300] "GET /cormun/servlet/trpermisosgoce?gx-no-cache=1764165490094 HTTP/1.1" 200 18440
190.95.67.91 - - [26/Nov/2025:11:23:55 -0300] "POST /cormun/servlet/trpermisosadjuntos?828ef6d99cb50fdc0caea6bc02b4663d,17521402,20251126112405,P,,gx-no-cache=1764167088099 HTTP/1.1" 200 90
190.95.67.91 - - [26/Nov/2025:11:23:55 -0300] "GET /cormun/servlet/hpexe_link HTTP/1.1" 200 1001
190.95.67.91 - - [26/Nov/2025:11:23:55 -0300] "GET /cormun/servlet/trpermisosgoce?gx-no-cache=1764162186036 HTTP/1.1" 200 19083
190.95.1.187 - - [26/Nov/2025:11:23:58 -0300] "GET /cormun/servlet/trpermisosadjuntos?11297257,20251126112431,P, HTTP/1.1" 200 6365
190.95.1.187 - - [26/Nov/2025:11:24:00 -0300] "GET /cormun/servlet/permisosadjuntos?INS,11297257,P,20251126112431,, HTTP/1.1" 200 5663
190.95.1.187 - - [26/Nov/2025:11:24:00 -0300] "GET /cormun/static/about:blank HTTP/1.1" 404 1011
190.95.67.91 - - [26/Nov/2025:11:24:02 -0300] "POST /cormun/servlet/trpermisosgoce?828ef6d99cb50fdc0caea6bc02b4663d,gx-no-cache=1764162186036,gx-no-cache=1764167095109 HTTP/1.1" 200 16234
190.95.67.91 - - [26/Nov/2025:11:24:06 -0300] "GET /cormun/servlet/permisogoce?INS,0,,, HTTP/1.1" 200 7148
190.95.67.91 - - [26/Nov/2025:11:24:12 -0300] "GET /cormun/servlet/permisogoce?479d789f895a12ac60a9114f2bc85c937ccfde1e6858ee145fa684c51c921568cf1896f989bb80de9a55bd7aa7801b6905c6fc901db4aae5793aa3d5e621509b,gx-no-cache=1764167104885 HTTP/1.1" 200 82
190.95.1.187 - - [26/Nov/2025:11:24:14 -0300] "POST /cormun/servlet/permisosadjuntos?93d81f4984cdfbf8647e1e277441a435,INS,11297257,P,20251126112431,, HTTP/1.1" 200 116
190.95.1.187 - - [26/Nov/2025:11:24:14 -0300] "GET /cormun/servlet/hpexe_return? HTTP/1.1" 200 1036
190.95.1.187 - - [26/Nov/2025:11:24:14 -0300] "GET /cormun/servlet/trpermisosadjuntos?11297257,20251126112431,P, HTTP/1.1" 200 6843
190.95.1.187 - - [26/Nov/2025:11:24:17 -0300] "POST /cormun/servlet/trpermisosadjuntos?93d81f4984cdfbf8647e1e277441a435,11297257,20251126112431,P,,gx-no-cache=1764167109569 HTTP/1.1" 200 90
190.95.1.187 - - [26/Nov/2025:11:24:17 -0300] "GET /cormun/servlet/hpexe_link HTTP/1.1" 200 1004
190.95.1.187 - - [26/Nov/2025:11:24:17 -0300] "GET /cormun/servlet/trpermisosgoce?gx-no-cache=1764165490094 HTTP/1.1" 200 18530
190.95.1.187 - - [26/Nov/2025:11:24:22 -0300] "POST /cormun/servlet/trpermisosgoce?93d81f4984cdfbf8647e1e277441a435,gx-no-cache=1764165490094,gx-no-cache=1764167114336 HTTP/1.1" 200 15736
190.95.67.91 - - [26/Nov/2025:11:24:24 -0300] "GET /cormun/servlet/permisogoce?479d789f895a12ac60a9114f2bc85c93b1df78eec2c31468b813645cf19f85e33c5a1b6b71edd9dbfcf2cfaf58d0d6d5b5e0b5598ea31bd396f8f6b0f405a564,gx-no-cache=1764167117309 HTTP/1.1" 200 47
190.95.67.91 - - [26/Nov/2025:11:24:34 -0300] "POST /cormun/servlet/permisogoce?828ef6d99cb50fdc0caea6bc02b4663d,INS,0,,,,gx-no-cache=1764167126058 HTTP/1.1" 200 93
190.95.67.91 - - [26/Nov/2025:11:24:34 -0300] "GET /cormun/servlet/hpexe_return? HTTP/1.1" 200 1028
190.95.67.91 - - [26/Nov/2025:11:24:34 -0300] "GET /cormun/servlet/trpermisosgoce?gx-no-cache=1764162186036 HTTP/1.1" 200 19059
190.95.1.187 - - [26/Nov/2025:11:24:36 -0300] "GET /cormun/servlet/permisogoce?INS,0,,, HTTP/1.1" 200 6904
190.95.67.91 - - [26/Nov/2025:11:24:37 -0300] "GET /cormun/servlet/trpermisosadjuntos?11276255,20251126112508,P, HTTP/1.1" 200 6580
190.95.67.91 - - [26/Nov/2025:11:24:39 -0300] "GET /cormun/servlet/permisosadjuntos?INS,11276255,P,20251126112508,, HTTP/1.1" 200 5880
190.95.67.91 - - [26/Nov/2025:11:24:39 -0300] "GET /cormun/static/about:blank HTTP/1.1" 404 1011
190.95.1.187 - - [26/Nov/2025:11:24:41 -0300] "GET /cormun/servlet/permisogoce?de227bc0776271b981c99290024d1f37945eca600afe3b8bb2227176459f509f940eebf77616c4318228ba4e24a0ff33662754208e78157d006a7c9f521a33e0,gx-no-cache=1764167133545 HTTP/1.1" 200 86
190.95.1.187 - - [26/Nov/2025:11:24:49 -0300] "GET /cormun/servlet/permisogoce?de227bc0776271b981c99290024d1f37586e5bdf04744653b16c899c408f73b73a1990d8483772457f17dd80b538a2928406c5eaf9870204f239b409f803b0cb,gx-no-cache=1764167141849 HTTP/1.1" 200 48
190.95.1.187 - - [26/Nov/2025:11:24:51 -0300] "POST /cormun/servlet/permisogoce?93d81f4984cdfbf8647e1e277441a435,INS,0,,,,gx-no-cache=1764167144030 HTTP/1.1" 200 93
190.95.1.187 - - [26/Nov/2025:11:24:51 -0300] "GET /cormun/servlet/hpexe_return? HTTP/1.1" 200 1033
190.95.1.187 - - [26/Nov/2025:11:24:52 -0300] "GET /cormun/servlet/trpermisosgoce?gx-no-cache=1764165490094 HTTP/1.1" 200 18519
190.95.1.187 - - [26/Nov/2025:11:25:04 -0300] "GET /cormun/servlet/trpermisosadjuntos?7701196,20251126112538,P, HTTP/1.1" 200 6367
190.95.67.91 - - [26/Nov/2025:11:25:06 -0300] "POST /cormun/servlet/permisosadjuntos?828ef6d99cb50fdc0caea6bc02b4663d,INS,11276255,P,20251126112508,, HTTP/1.1" 200 116
190.95.67.91 - - [26/Nov/2025:11:25:06 -0300] "GET /cormun/servlet/hpexe_return? HTTP/1.1" 200 1032
190.95.67.91 - - [26/Nov/2025:11:25:06 -0300] "GET /cormun/servlet/trpermisosadjuntos?11276255,20251126112508,P, HTTP/1.1" 200 7093
190.95.1.187 - - [26/Nov/2025:11:25:07 -0300] "GET /cormun/servlet/permisosadjuntos?INS,7701196,P,20251126112538,, HTTP/1.1" 200 5662
190.95.1.187 - - [26/Nov/2025:11:25:07 -0300] "GET /cormun/static/about:blank HTTP/1.1" 404 1011
190.95.67.91 - - [26/Nov/2025:11:25:08 -0300] "POST /cormun/servlet/trpermisosadjuntos?828ef6d99cb50fdc0caea6bc02b4663d,11276255,20251126112508,P,,gx-no-cache=1764167161170 HTTP/1.1" 200 90
190.95.67.91 - - [26/Nov/2025:11:25:08 -0300] "GET /cormun/servlet/hpexe_link HTTP/1.1" 200 1001
190.95.67.91 - - [26/Nov/2025:11:25:09 -0300] "GET /cormun/servlet/trpermisosgoce?gx-no-cache=1764162186036 HTTP/1.1" 200 19055
190.95.67.91 - - [26/Nov/2025:11:25:14 -0300] "POST /cormun/servlet/trpermisosgoce?828ef6d99cb50fdc0caea6bc02b4663d,gx-no-cache=1764162186036,gx-no-cache=1764167166725 HTTP/1.1" 200 16218
190.95.67.91 - - [26/Nov/2025:11:25:18 -0300] "GET /cormun/servlet/trautorizarpermisogoce? HTTP/1.1" 200 14347
190.95.67.91 - - [26/Nov/2025:11:25:21 -0300] "POST /cormun/servlet/trautorizarpermisogoce?828ef6d99cb50fdc0caea6bc02b4663d,,gx-no-cache=1764167173860 HTTP/1.1" 200 11491
190.95.67.91 - - [26/Nov/2025:11:25:22 -0300] "POST /cormun/servlet/trautorizarpermisogoce?828ef6d99cb50fdc0caea6bc02b4663d,,gx-no-cache=1764167174626 HTTP/1.1" 200 11106
190.95.1.187 - - [26/Nov/2025:11:25:22 -0300] "POST /cormun/servlet/permisosadjuntos?93d81f4984cdfbf8647e1e277441a435,INS,7701196,P,20251126112538,, HTTP/1.1" 200 116
190.95.1.187 - - [26/Nov/2025:11:25:22 -0300] "GET /cormun/servlet/hpexe_return? HTTP/1.1" 200 1037
190.95.1.187 - - [26/Nov/2025:11:25:23 -0300] "GET /cormun/servlet/trpermisosadjuntos?7701196,20251126112538,P, HTTP/1.1" 200 6838
190.95.67.91 - - [26/Nov/2025:11:25:23 -0300] "POST /cormun/servlet/trautorizarpermisogoce?828ef6d99cb50fdc0caea6bc02b4663d,,gx-no-cache=1764167175338 HTTP/1.1" 200 10861
190.95.67.91 - - [26/Nov/2025:11:25:23 -0300] "POST /cormun/servlet/trautorizarpermisogoce?828ef6d99cb50fdc0caea6bc02b4663d,,gx-no-cache=1764167176042 HTTP/1.1" 200 10590
190.95.67.91 - - [26/Nov/2025:11:25:24 -0300] "POST /cormun/servlet/trautorizarpermisogoce?828ef6d99cb50fdc0caea6bc02b4663d,,gx-no-cache=1764167176658 HTTP/1.1" 200 10282
190.95.1.187 - - [26/Nov/2025:11:25:25 -0300] "POST /cormun/servlet/trpermisosadjuntos?93d81f4984cdfbf8647e1e277441a435,7701196,20251126112538,P,,gx-no-cache=1764167177532 HTTP/1.1" 200 90
190.95.1.187 - - [26/Nov/2025:11:25:25 -0300] "GET /cormun/servlet/hpexe_link HTTP/1.1" 200 1005
190.95.67.91 - - [26/Nov/2025:11:25:25 -0300] "POST /cormun/servlet/trautorizarpermisogoce?828ef6d99cb50fdc0caea6bc02b4663d,,gx-no-cache=1764167177346 HTTP/1.1" 200 9862
190.95.1.187 - - [26/Nov/2025:11:25:25 -0300] "GET /cormun/servlet/trpermisosgoce?gx-no-cache=1764165490094 HTTP/1.1" 200 18450
190.95.67.91 - - [26/Nov/2025:11:25:25 -0300] "POST /cormun/servlet/trautorizarpermisogoce?828ef6d99cb50fdc0caea6bc02b4663d,,gx-no-cache=1764167177994 HTTP/1.1" 200 9665
190.95.67.91 - - [26/Nov/2025:11:25:26 -0300] "POST /cormun/servlet/trautorizarpermisogoce?828ef6d99cb50fdc0caea6bc02b4663d,,gx-no-cache=1764167178594 HTTP/1.1" 200 9471
190.95.67.91 - - [26/Nov/2025:11:25:26 -0300] "POST /cormun/servlet/trautorizarpermisogoce?828ef6d99cb50fdc0caea6bc02b4663d,,gx-no-cache=1764167179217 HTTP/1.1" 200 9219
190.95.67.91 - - [26/Nov/2025:11:25:27 -0300] "POST /cormun/servlet/trautorizarpermisogoce?828ef6d99cb50fdc0caea6bc02b4663d,,gx-no-cache=1764167179898 HTTP/1.1" 200 8964
190.95.67.91 - - [26/Nov/2025:11:25:28 -0300] "POST /cormun/servlet/trautorizarpermisogoce?828ef6d99cb50fdc0caea6bc02b4663d,,gx-no-cache=1764167180578 HTTP/1.1" 200 8588
190.95.67.91 - - [26/Nov/2025:11:25:29 -0300] "POST /cormun/servlet/trautorizarpermisogoce?828ef6d99cb50fdc0caea6bc02b4663d,,gx-no-cache=1764167181249 HTTP/1.1" 200 8334
190.95.67.91 - - [26/Nov/2025:11:25:29 -0300] "POST /cormun/servlet/trautorizarpermisogoce?828ef6d99cb50fdc0caea6bc02b4663d,,gx-no-cache=1764167181930 HTTP/1.1" 200 8112
190.95.67.91 - - [26/Nov/2025:11:25:30 -0300] "POST /cormun/servlet/trautorizarpermisogoce?828ef6d99cb50fdc0caea6bc02b4663d,,gx-no-cache=1764167182585 HTTP/1.1" 200 7746
190.95.1.187 - - [26/Nov/2025:11:25:30 -0300] "POST /cormun/servlet/trpermisosgoce?93d81f4984cdfbf8647e1e277441a435,gx-no-cache=1764165490094,gx-no-cache=1764167182884 HTTP/1.1" 200 15728
190.95.67.91 - - [26/Nov/2025:11:25:31 -0300] "POST /cormun/servlet/trautorizarpermisogoce?828ef6d99cb50fdc0caea6bc02b4663d,,gx-no-cache=1764167183265 HTTP/1.1" 200 7494
190.95.67.91 - - [26/Nov/2025:11:25:31 -0300] "POST /cormun/servlet/trautorizarpermisogoce?828ef6d99cb50fdc0caea6bc02b4663d,,gx-no-cache=1764167183906 HTTP/1.1" 200 7277
190.95.67.91 - - [26/Nov/2025:11:25:32 -0300] "POST /cormun/servlet/trautorizarpermisogoce?828ef6d99cb50fdc0caea6bc02b4663d,,gx-no-cache=1764167184513 HTTP/1.1" 200 6692
190.95.67.91 - - [26/Nov/2025:11:25:32 -0300] "POST /cormun/servlet/trautorizarpermisogoce?828ef6d99cb50fdc0caea6bc02b4663d,,gx-no-cache=1764167185041 HTTP/1.1" 200 6273
190.95.67.91 - - [26/Nov/2025:11:25:33 -0300] "POST /cormun/servlet/trautorizarpermisogoce?828ef6d99cb50fdc0caea6bc02b4663d,,gx-no-cache=1764167185705 HTTP/1.1" 200 6016
190.95.67.91 - - [26/Nov/2025:11:25:34 -0300] "POST /cormun/servlet/trautorizarpermisogoce?828ef6d99cb50fdc0caea6bc02b4663d,,gx-no-cache=1764167186337 HTTP/1.1" 200 5780
190.95.67.91 - - [26/Nov/2025:11:25:34 -0300] "POST /cormun/servlet/trautorizarpermisogoce?828ef6d99cb50fdc0caea6bc02b4663d,,gx-no-cache=1764167186905 HTTP/1.1" 200 5557
190.95.67.91 - - [26/Nov/2025:11:25:35 -0300] "POST /cormun/servlet/trautorizarpermisogoce?828ef6d99cb50fdc0caea6bc02b4663d,,gx-no-cache=1764167187593 HTTP/1.1" 200 5296
190.95.1.187 - - [26/Nov/2025:11:25:35 -0300] "GET /cormun/servlet/permisogoce?INS,0,,, HTTP/1.1" 200 6904
190.95.67.91 - - [26/Nov/2025:11:25:36 -0300] "POST /cormun/servlet/trautorizarpermisogoce?828ef6d99cb50fdc0caea6bc02b4663d,,gx-no-cache=1764167188265 HTTP/1.1" 200 4538
190.95.67.91 - - [26/Nov/2025:11:25:38 -0300] "GET /cormun/servlet/trlicencias? HTTP/1.1" 200 19575
190.95.1.187 - - [26/Nov/2025:11:25:41 -0300] "GET /cormun/servlet/permisogoce?de227bc0776271b981c99290024d1f37ad457ccf956a1641ac46c521dc8e1f7b13f543e3474f05e69465545d6743aa2654a467e2de5c5722c7ea1597362dff74,gx-no-cache=1764167193697 HTTP/1.1" 200 84
190.95.67.91 - - [26/Nov/2025:11:25:42 -0300] "GET /cormun/servlet/trpermisosgoce? HTTP/1.1" 200 19007
190.95.67.91 - - [26/Nov/2025:11:25:48 -0300] "POST /cormun/servlet/trpermisosgoce?828ef6d99cb50fdc0caea6bc02b4663d,,gx-no-cache=1764167200572 HTTP/1.1" 200 104
190.95.67.91 - - [26/Nov/2025:11:25:48 -0300] "POST /cormun/servlet/trpermisosgoce?828ef6d99cb50fdc0caea6bc02b4663d,,gx-no-cache=1764167200748 HTTP/1.1" 200 16149
190.95.67.91 - - [26/Nov/2025:11:25:48 -0300] "GET /cormun/PermisosGoce-4708.xls HTTP/1.1" 200 30720
190.95.1.187 - - [26/Nov/2025:11:25:50 -0300] "GET /cormun/servlet/permisogoce?de227bc0776271b981c99290024d1f37eac006b08edfb92c60b1697cd9935f4c466c84fa794ee8d68990e4553d2b65c1fb452646c7501b807bff6d5b14c2ebe2,gx-no-cache=1764167203025 HTTP/1.1" 200 47
190.95.1.187 - - [26/Nov/2025:11:25:53 -0300] "POST /cormun/servlet/permisogoce?93d81f4984cdfbf8647e1e277441a435,INS,0,,,,gx-no-cache=1764167205854 HTTP/1.1" 200 93
190.95.1.187 - - [26/Nov/2025:11:25:53 -0300] "GET /cormun/servlet/hpexe_return? HTTP/1.1" 200 1033
190.95.1.187 - - [26/Nov/2025:11:25:53 -0300] "GET /cormun/servlet/trpermisosgoce?gx-no-cache=1764165490094 HTTP/1.1" 200 18499
200.126.117.15 - - [26/Nov/2025:11:26:05 -0300] "GET /cormun/servlet/trpermisosgoce? HTTP/1.1" 200 9118
200.126.117.15 - - [26/Nov/2025:11:26:05 -0300] "GET /cormun/static/gxui/gxui-all.css?120300 HTTP/1.1" 200 2179
200.126.117.15 - - [26/Nov/2025:11:26:05 -0300] "GET /cormun/static/calendar-system.css?85620 HTTP/1.1" 200 5572
200.126.117.15 - - [26/Nov/2025:11:26:06 -0300] "GET /cormun/static/Shared/ext/resources/css/ext-all.css?215870 HTTP/1.1" 200 416045
190.95.1.187 - - [26/Nov/2025:11:26:21 -0300] "GET /cormun/servlet/trpermisosadjuntos?26160094,20251126112637,P, HTTP/1.1" 200 6362
190.95.1.187 - - [26/Nov/2025:11:26:22 -0300] "GET /cormun/servlet/permisosadjuntos?INS,26160094,P,20251126112637,, HTTP/1.1" 200 5657
190.95.1.187 - - [26/Nov/2025:11:26:22 -0300] "GET /cormun/static/about:blank HTTP/1.1" 404 1011
190.95.1.187 - - [26/Nov/2025:11:26:49 -0300] "POST /cormun/servlet/permisosadjuntos?93d81f4984cdfbf8647e1e277441a435,INS,26160094,P,20251126112637,, HTTP/1.1" 200 116
190.95.1.187 - - [26/Nov/2025:11:26:49 -0300] "GET /cormun/servlet/hpexe_return? HTTP/1.1" 200 1038
190.95.1.187 - - [26/Nov/2025:11:26:49 -0300] "GET /cormun/servlet/trpermisosadjuntos?26160094,20251126112637,P, HTTP/1.1" 200 6828
190.95.67.95 - - [26/Nov/2025:11:26:53 -0300] "GET /cormun/servlet/hlogin HTTP/1.1" 200 1718
190.95.1.187 - - [26/Nov/2025:11:26:53 -0300] "POST /cormun/servlet/trpermisosadjuntos?93d81f4984cdfbf8647e1e277441a435,26160094,20251126112637,P,,gx-no-cache=1764167265946 HTTP/1.1" 200 90
190.95.1.187 - - [26/Nov/2025:11:26:53 -0300] "GET /cormun/servlet/hpexe_link HTTP/1.1" 200 1003
190.95.1.187 - - [26/Nov/2025:11:26:53 -0300] "GET /cormun/servlet/trpermisosgoce?gx-no-cache=1764165490094 HTTP/1.1" 200 18497
190.95.67.95 - - [26/Nov/2025:11:26:57 -0300] "POST /cormun/servlet/hlogin?dc95dcd21f101064e8ee77b58b4adddf,gx-no-cache=1764167271523 HTTP/1.1" 200 90
190.95.67.95 - - [26/Nov/2025:11:26:57 -0300] "GET /cormun/servlet/hpexe_link HTTP/1.1" 200 949
190.95.67.95 - - [26/Nov/2025:11:26:57 -0300] "GET /cormun/servlet/hhome HTTP/1.1" 200 4005
190.95.67.95 - - [26/Nov/2025:11:27:02 -0300] "GET /cormun/servlet/trpermisosgoce? HTTP/1.1" 200 14968
190.95.1.187 - - [26/Nov/2025:11:27:03 -0300] "POST /cormun/servlet/trpermisosgoce?93d81f4984cdfbf8647e1e277441a435,gx-no-cache=1764165490094,gx-no-cache=1764167275540 HTTP/1.1" 200 15777
190.95.67.95 - - [26/Nov/2025:11:27:05 -0300] "GET /cormun/servlet/permisogoce?INS,0,,, HTTP/1.1" 200 6872
190.95.1.187 - - [26/Nov/2025:11:27:06 -0300] "GET /cormun/servlet/trlicencias? HTTP/1.1" 200 15632
190.95.67.95 - - [26/Nov/2025:11:27:09 -0300] "GET /cormun/servlet/prfichaempleado?,MD,,gxPopupLevel%3D0%3B HTTP/1.1" 200 9231
190.95.67.95 - - [26/Nov/2025:11:27:24 -0300] "POST /cormun/servlet/prfichaempleado?dc95dcd21f101064e8ee77b58b4adddf,,MD,,gxPopupLevel%3D0%3B,gx-no-cache=1764167298707 HTTP/1.1" 200 3402
190.95.67.95 - - [26/Nov/2025:11:27:29 -0300] "GET /cormun/servlet/permisogoce?f6420dac665c8f7a792db126b138e2c9220c32e8c59ee7f85456d9ed01e75f6db15e105350923cb674d5d28c35b0ec1dca025e79b337d84761dabb1ef7dffe0e,gx-no-cache=1764167303173 HTTP/1.1" 200 80
190.95.67.95 - - [26/Nov/2025:11:27:29 -0300] "GET /cormun/static/menuarrow.gif HTTP/1.1" 404 1015
120.241.125.86 - - [26/Nov/2025:11:27:30 -0300] "GET /examples/jsp/snp/snoop.jsp.html HTTP/1.1" 200 2186
120.241.125.86 - - [26/Nov/2025:11:27:31 -0300] "GET /favicon.ico HTTP/1.1" 200 21630
190.95.67.95 - - [26/Nov/2025:11:27:34 -0300] "GET /cormun/servlet/permisogoce?f6420dac665c8f7a792db126b138e2c91257c4362dcac0d15e3ceb4d50d19aa3b6b61c32c42b60da6218127b2a2e7942342b3b902ff54e80da6f54b32cf9b16a,gx-no-cache=1764167308340 HTTP/1.1" 200 47
179.57.78.9 - - [26/Nov/2025:11:27:44 -0300] "GET /cormun/servlet/hlogin HTTP/1.1" 200 1721
179.57.78.9 - - [26/Nov/2025:11:27:44 -0300] "GET /cormun/servlet/hlogin HTTP/1.1" 200 1731
179.57.78.9 - - [26/Nov/2025:11:27:46 -0300] "POST /cormun/servlet/hlogin?7c93da033266df2f32492300041d8496,gx-no-cache=1764167321349 HTTP/1.1" 200 90
179.57.78.9 - - [26/Nov/2025:11:27:47 -0300] "GET /cormun/servlet/hpexe_link HTTP/1.1" 200 949
179.57.78.9 - - [26/Nov/2025:11:27:47 -0300] "GET /cormun/servlet/hhome HTTP/1.1" 200 4345
179.57.78.9 - - [26/Nov/2025:11:27:49 -0300] "GET /cormun/servlet/trlicencias? HTTP/1.1" 200 11746
190.95.67.95 - - [26/Nov/2025:11:27:54 -0300] "POST /cormun/servlet/permisogoce?dc95dcd21f101064e8ee77b58b4adddf,INS,0,,,,gx-no-cache=1764167327619 HTTP/1.1" 200 93
190.95.67.95 - - [26/Nov/2025:11:27:54 -0300] "GET /cormun/servlet/hpexe_return? HTTP/1.1" 200 1008
190.95.67.95 - - [26/Nov/2025:11:27:54 -0300] "GET /cormun/servlet/trpermisosgoce HTTP/1.1" 200 15165
190.95.67.95 - - [26/Nov/2025:11:28:06 -0300] "GET /cormun/servlet/apermisogoceprn?25876395,P,20251126104430,PU HTTP/1.1" 200 1659
190.95.15.15 - - [26/Nov/2025:11:28:09 -0300] "POST /cormun/servlet/trlicencias?e0c1a646ba1f37651c18c2d9b2f07de3,,gx-no-cache=1764167342312 HTTP/1.1" 200 5421
190.95.67.99 - - [26/Nov/2025:11:28:31 -0300] "POST /cormun/servlet/trlicencias?910632c5c441ea05f8bb4e133d1a8c64,,gx-no-cache=1764167364523 HTTP/1.1" 200 7795
190.95.67.99 - - [26/Nov/2025:11:28:32 -0300] "POST /cormun/servlet/trlicencias?910632c5c441ea05f8bb4e133d1a8c64,,gx-no-cache=1764167366019 HTTP/1.1" 200 7795
190.95.67.95 - - [26/Nov/2025:11:28:49 -0300] "GET /cormun/servlet/hlogin HTTP/1.1" 200 1718
190.95.67.95 - - [26/Nov/2025:11:28:52 -0300] "POST /cormun/servlet/hlogin?dc95dcd21f101064e8ee77b58b4adddf,gx-no-cache=1764167386699 HTTP/1.1" 200 90
190.95.67.95 - - [26/Nov/2025:11:28:52 -0300] "GET /cormun/servlet/hpexe_link HTTP/1.1" 200 954
190.95.67.95 - - [26/Nov/2025:11:28:53 -0300] "GET /cormun/servlet/trpermisosgoce HTTP/1.1" 200 15162
190.95.67.95 - - [26/Nov/2025:11:28:56 -0300] "GET /cormun/servlet/apermisogoceprn?16302014,P,20251126112806,PU HTTP/1.1" 200 1664
190.95.67.91 - - [26/Nov/2025:11:31:58 -0300] "GET /cormun/servlet/trlicencias? HTTP/1.1" 200 19557
190.95.67.91 - - [26/Nov/2025:11:32:06 -0300] "GET /cormun/servlet/trlicencias? HTTP/1.1" 200 19547
179.57.78.55 - - [26/Nov/2025:11:32:36 -0300] "GET /cormun/servlet/trpermisosgoce? HTTP/1.1" 200 6034
179.57.78.55 - - [26/Nov/2025:11:32:36 -0300] "GET /cormun/servlet/hlogin HTTP/1.1" 200 1741
179.57.78.55 - - [26/Nov/2025:11:32:41 -0300] "POST /cormun/servlet/hlogin?ebc2c84a7c3fd7e3b239a16c02028f49,gx-no-cache=1764167613501 HTTP/1.1" 200 90
179.57.78.55 - - [26/Nov/2025:11:32:41 -0300] "GET /cormun/servlet/hpexe_link HTTP/1.1" 200 957
179.57.78.55 - - [26/Nov/2025:11:32:41 -0300] "GET /cormun/servlet/trpermisosgoce HTTP/1.1" 200 18713
179.57.78.55 - - [26/Nov/2025:11:32:55 -0300] "GET /cormun/servlet/permisogoce?INS,0,,, HTTP/1.1" 200 6845
200.126.116.145 - - [26/Nov/2025:11:33:28 -0300] "GET /cormun/servlet/trpermisosgoce? HTTP/1.1" 200 18300
179.57.78.55 - - [26/Nov/2025:11:36:31 -0300] "GET /cormun/servlet/permisogoce?97c147b7848adbf6f05fbfb007a35253c5c1260673751d98db07c2b5aa149340502acd3224819ae493d95d5e12138fdeb59c4e32810d6010efbbf9dbcba085ec,gx-no-cache=1764167843797 HTTP/1.1" 200 84
179.57.78.55 - - [26/Nov/2025:11:36:33 -0300] "GET /cormun/static/menuarrow.gif HTTP/1.1" 404 1015
192.168.10.19 - - [26/Nov/2025:11:36:34 -0300] "GET /cormun/servlet/trsolicitudgral? HTTP/1.1" 200 9710
192.168.10.19 - - [26/Nov/2025:11:36:39 -0300] "POST /cormun/servlet/trsolicitudgral?1660f8dca4e925144731bf8cfec7cd9d,,gx-no-cache=1764167861820 HTTP/1.1" 200 6680
179.57.78.55 - - [26/Nov/2025:11:36:41 -0300] "GET /cormun/servlet/permisogoce?97c147b7848adbf6f05fbfb007a35253a7caa53c6ec04b8716b2565af122dd63cab9ea6b1d18aafaa926bcd16ec0f9e2ce3e423829625dafcfceaf3cf0474055,gx-no-cache=1764167854247 HTTP/1.1" 200 46
192.168.10.19 - - [26/Nov/2025:11:36:44 -0300] "GET /cormun/servlet/vesolicitudgral?2025,23128,, HTTP/1.1" 200 8464
192.168.10.19 - - [26/Nov/2025:11:36:44 -0300] "GET /cormun/pexe_scrolldiv.js HTTP/1.1" 404 1009
179.57.78.55 - - [26/Nov/2025:11:36:49 -0300] "POST /cormun/servlet/permisogoce?ebc2c84a7c3fd7e3b239a16c02028f49,INS,0,,,,gx-no-cache=1764167861390 HTTP/1.1" 200 93
179.57.78.55 - - [26/Nov/2025:11:36:49 -0300] "GET /cormun/servlet/hpexe_return? HTTP/1.1" 200 1011
179.57.78.55 - - [26/Nov/2025:11:36:49 -0300] "GET /cormun/servlet/trpermisosgoce HTTP/1.1" 200 18803
179.57.78.55 - - [26/Nov/2025:11:36:53 -0300] "GET /cormun/servlet/apermisogoceprn?8998776,P,20251126113357,PU HTTP/1.1" 200 1652
179.57.78.55 - - [26/Nov/2025:11:37:00 -0300] "GET /cormun/servlet/permisogoce?INS,0,,, HTTP/1.1" 200 6846
179.57.78.55 - - [26/Nov/2025:11:37:06 -0300] "GET /cormun/servlet/permisogoce?97c147b7848adbf6f05fbfb007a35253c5c1260673751d98db07c2b5aa149340502acd3224819ae493d95d5e12138fdeb59c4e32810d6010efbbf9dbcba085ec,gx-no-cache=1764167879196 HTTP/1.1" 200 86
179.57.78.55 - - [26/Nov/2025:11:37:13 -0300] "GET /cormun/servlet/permisogoce?97c147b7848adbf6f05fbfb007a35253a7caa53c6ec04b8716b2565af122dd63055b9ee2e22f8970b5ec47842be91e70ce3e423829625dafcfceaf3cf0474055,gx-no-cache=1764167885565 HTTP/1.1" 200 47
192.168.10.19 - - [26/Nov/2025:11:37:16 -0300] "POST /cormun/servlet/vesolicitudgral?1660f8dca4e925144731bf8cfec7cd9d,2025,23128,,,gx-no-cache=1764167898867 HTTP/1.1" 200 12373
192.168.10.19 - - [26/Nov/2025:11:37:16 -0300] "GET /cormun/static/Shared/jqueryui/images/ui-bg_highlight-soft_100_c6c2c8_1x100.png HTTP/1.1" 404 1117
192.168.10.19 - - [26/Nov/2025:11:37:16 -0300] "GET /cormun/static/Shared/jqueryui/images/ui-icons_82798d_256x240.png HTTP/1.1" 404 1089
192.168.10.19 - - [26/Nov/2025:11:37:16 -0300] "GET /cormun/static/Shared/jqueryui/images/ui-bg_flat_55_fafafa_40x100.png HTTP/1.1" 404 1097
192.168.10.19 - - [26/Nov/2025:11:37:16 -0300] "GET /cormun/static/Shared/jqueryui/images/ui-icons_8d78a5_256x240.png HTTP/1.1" 404 1089
192.168.10.19 - - [26/Nov/2025:11:37:16 -0300] "POST /cormun/servlet/vesolicitudgral?1660f8dca4e925144731bf8cfec7cd9d,2025,23128,,,gx-no-cache=1764167898999 HTTP/1.1" 200 12307
192.168.10.19 - - [26/Nov/2025:11:37:18 -0300] "GET /cormun/servlet/trautorizarot? HTTP/1.1" 200 9611
192.168.10.19 - - [26/Nov/2025:11:37:23 -0300] "POST /cormun/servlet/trautorizarot?1660f8dca4e925144731bf8cfec7cd9d,,gx-no-cache=1764167906220 HTTP/1.1" 200 5372
192.168.10.19 - - [26/Nov/2025:11:37:25 -0300] "GET /cormun/servlet/trautorizarot? HTTP/1.1" 200 8166
192.168.10.19 - - [26/Nov/2025:11:37:28 -0300] "GET /cormun/servlet/trautorizarot? HTTP/1.1" 200 8166
192.168.10.19 - - [26/Nov/2025:11:37:30 -0300] "GET /cormun/servlet/trsolicitudgral? HTTP/1.1" 200 8311
179.57.78.55 - - [26/Nov/2025:11:37:35 -0300] "POST /cormun/servlet/permisogoce?ebc2c84a7c3fd7e3b239a16c02028f49,INS,0,,,,gx-no-cache=1764167907269 HTTP/1.1" 200 93
179.57.78.55 - - [26/Nov/2025:11:37:35 -0300] "GET /cormun/servlet/hpexe_return? HTTP/1.1" 200 1011
179.57.78.55 - - [26/Nov/2025:11:37:35 -0300] "GET /cormun/servlet/trpermisosgoce HTTP/1.1" 200 18706
179.57.78.55 - - [26/Nov/2025:11:37:40 -0300] "GET /cormun/servlet/apermisogoceprn?8998776,P,20251126113802,PU HTTP/1.1" 200 1654
179.57.78.55 - - [26/Nov/2025:11:38:01 -0300] "GET /cormun/servlet/permisogoce?UPD,8998776,P,20251126113802, HTTP/1.1" 200 6907
179.57.78.55 - - [26/Nov/2025:11:38:02 -0300] "GET /cormun/servlet/permisogoce?97c147b7848adbf6f05fbfb007a35253c5c1260673751d98db07c2b5aa14934086457d489c698ba603e4c936c473c3b5d4a83caffea42787cdac827b44ab7bb7,gx-no-cache=1764167934995 HTTP/1.1" 200 86
179.57.78.55 - - [26/Nov/2025:11:38:12 -0300] "GET /cormun/servlet/permisogoce?97c147b7848adbf6f05fbfb007a35253a7caa53c6ec04b8716b2565af122dd63760f82909721d2fdead583c34297e0c21d2fab9704951c24e73df6802dfc6e94,gx-no-cache=1764167944819 HTTP/1.1" 200 48
179.57.78.55 - - [26/Nov/2025:11:38:12 -0300] "POST /cormun/servlet/permisogoce?ebc2c84a7c3fd7e3b239a16c02028f49,UPD,8998776,P,20251126113802,,gx-no-cache=1764167944881 HTTP/1.1" 200 93
179.57.78.55 - - [26/Nov/2025:11:38:12 -0300] "GET /cormun/servlet/hpexe_return? HTTP/1.1" 200 1027
179.57.78.55 - - [26/Nov/2025:11:38:13 -0300] "GET /cormun/servlet/trpermisosgoce HTTP/1.1" 200 18710
179.57.78.55 - - [26/Nov/2025:11:38:23 -0300] "GET /cormun/servlet/apermisogoceprn?8998776,P,20251126113802,PU HTTP/1.1" 200 1656
190.95.15.17 - - [26/Nov/2025:11:38:58 -0300] "GET /cormun/servlet/hlogin HTTP/1.1" 200 1721
190.95.15.17 - - [26/Nov/2025:11:39:01 -0300] "POST /cormun/servlet/hlogin?fbdc534c4fbae1939a7e25b4cf4cee37,gx-no-cache=1764168150624 HTTP/1.1" 200 90
190.95.15.17 - - [26/Nov/2025:11:39:01 -0300] "GET /cormun/servlet/hpexe_link HTTP/1.1" 200 948
190.95.15.17 - - [26/Nov/2025:11:39:01 -0300] "GET /cormun/servlet/hhome HTTP/1.1" 200 4373
190.95.15.17 - - [26/Nov/2025:11:39:04 -0300] "GET /cormun/servlet/trlicencias? HTTP/1.1" 200 12466
179.57.78.55 - - [26/Nov/2025:11:39:09 -0300] "GET /cormun/servlet/permisogoce?INS,0,,, HTTP/1.1" 200 6845
179.57.78.55 - - [26/Nov/2025:11:39:14 -0300] "GET /cormun/servlet/permisogoce?97c147b7848adbf6f05fbfb007a35253c5c1260673751d98db07c2b5aa149340502acd3224819ae493d95d5e12138fdeb59c4e32810d6010efbbf9dbcba085ec,gx-no-cache=1764168006740 HTTP/1.1" 200 86
190.95.15.17 - - [26/Nov/2025:11:39:14 -0300] "GET /cormun/servlet/alicenciaprn?15994505,L,20251114000000,PU HTTP/1.1" 200 1537
179.57.78.55 - - [26/Nov/2025:11:39:25 -0300] "GET /cormun/servlet/permisogoce?97c147b7848adbf6f05fbfb007a35253a7caa53c6ec04b8716b2565af122dd630224ce4b0320ce7ca0d007f457a4d8f7ce3e423829625dafcfceaf3cf0474055,gx-no-cache=1764168018236 HTTP/1.1" 200 47
179.57.78.55 - - [26/Nov/2025:11:39:27 -0300] "POST /cormun/servlet/permisogoce?ebc2c84a7c3fd7e3b239a16c02028f49,INS,0,,,,gx-no-cache=1764168019995 HTTP/1.1" 200 93
179.57.78.55 - - [26/Nov/2025:11:39:28 -0300] "GET /cormun/servlet/hpexe_return? HTTP/1.1" 200 1011
179.57.78.55 - - [26/Nov/2025:11:39:28 -0300] "GET /cormun/servlet/trpermisosgoce HTTP/1.1" 200 18720
179.57.78.55 - - [26/Nov/2025:11:39:33 -0300] "GET /cormun/servlet/apermisogoceprn?8998776,P,20251126114010,PU HTTP/1.1" 200 1663
179.57.78.55 - - [26/Nov/2025:11:40:05 -0300] "GET /cormun/servlet/permisogoce?INS,0,,, HTTP/1.1" 200 6845
179.57.78.55 - - [26/Nov/2025:11:40:11 -0300] "GET /cormun/servlet/permisogoce?97c147b7848adbf6f05fbfb007a35253c5c1260673751d98db07c2b5aa149340502acd3224819ae493d95d5e12138fdeb59c4e32810d6010efbbf9dbcba085ec,gx-no-cache=1764168064076 HTTP/1.1" 200 86
179.57.78.55 - - [26/Nov/2025:11:40:21 -0300] "GET /cormun/servlet/permisogoce?97c147b7848adbf6f05fbfb007a35253a7caa53c6ec04b8716b2565af122dd6332433de0e891c1786558fbc50d26dcd3c4a1563282d6ef53ee9c58680e0261dc,gx-no-cache=1764168073859 HTTP/1.1" 200 48
179.57.78.55 - - [26/Nov/2025:11:40:24 -0300] "POST /cormun/servlet/permisogoce?ebc2c84a7c3fd7e3b239a16c02028f49,INS,0,,,,gx-no-cache=1764168076275 HTTP/1.1" 200 93
179.57.78.55 - - [26/Nov/2025:11:40:24 -0300] "GET /cormun/servlet/hpexe_return? HTTP/1.1" 200 1011
179.57.78.55 - - [26/Nov/2025:11:40:24 -0300] "GET /cormun/servlet/trpermisosgoce HTTP/1.1" 200 18640
190.95.67.91 - - [26/Nov/2025:11:40:27 -0300] "GET /cormun/servlet/trpermisosgoce? HTTP/1.1" 200 19007
190.95.67.91 - - [26/Nov/2025:11:40:30 -0300] "GET /cormun/static/menuarrow.gif HTTP/1.1" 404 1015
179.57.78.55 - - [26/Nov/2025:11:40:31 -0300] "GET /cormun/servlet/apermisogoceprn?8998776,P,20251126114106,PU HTTP/1.1" 200 1658
190.95.15.15 - - [26/Nov/2025:11:40:38 -0300] "POST /cormun/servlet/trlicencias?e0c1a646ba1f37651c18c2d9b2f07de3,,gx-no-cache=1764168090984 HTTP/1.1" 200 5420
190.95.67.91 - - [26/Nov/2025:11:40:45 -0300] "POST /cormun/servlet/trpermisosgoce?828ef6d99cb50fdc0caea6bc02b4663d,,gx-no-cache=1764168098300 HTTP/1.1" 200 5912
200.126.116.145 - - [26/Nov/2025:11:40:57 -0300] "GET /cormun/servlet/trlicencias? HTTP/1.1" 200 13940
190.95.67.91 - - [26/Nov/2025:11:41:24 -0300] "POST /cormun/servlet/trpermisosgoce?828ef6d99cb50fdc0caea6bc02b4663d,,gx-no-cache=1764168136305 HTTP/1.1" 200 16188
190.95.67.91 - - [26/Nov/2025:11:41:27 -0300] "POST /cormun/servlet/trpermisosgoce?828ef6d99cb50fdc0caea6bc02b4663d,,gx-no-cache=1764168139834 HTTP/1.1" 200 104
190.95.67.91 - - [26/Nov/2025:11:41:27 -0300] "GET /cormun/PermisosGoce-9469.xls HTTP/1.1" 200 134656
200.126.116.145 - - [26/Nov/2025:11:43:10 -0300] "GET /cormun/servlet/trpermisosgoce? HTTP/1.1" 200 18300
201.186.225.193 - - [26/Nov/2025:11:43:53 -0300] "GET /cormun/servlet/hhome HTTP/1.1" 200 3320
201.186.225.193 - - [26/Nov/2025:11:43:53 -0300] "GET /cormun/servlet/hlogin HTTP/1.1" 200 1729
201.186.225.193 - - [26/Nov/2025:11:43:55 -0300] "POST /cormun/servlet/hlogin?2a1941389d04aca012d48224c5237268,gx-no-cache=1764168288669 HTTP/1.1" 200 90
201.186.225.193 - - [26/Nov/2025:11:43:56 -0300] "GET /cormun/servlet/hpexe_link HTTP/1.1" 200 946
201.186.225.193 - - [26/Nov/2025:11:43:56 -0300] "GET /cormun/servlet/hhome HTTP/1.1" 200 4289
201.186.225.193 - - [26/Nov/2025:11:43:58 -0300] "GET /cormun/servlet/trlicencias? HTTP/1.1" 200 12583
190.95.15.31 - - [26/Nov/2025:11:44:04 -0300] "GET /cormun/servlet/trsolicitudot? HTTP/1.1" 200 7571
190.95.15.31 - - [26/Nov/2025:11:44:07 -0300] "GET /cormun/servlet/solicitudot?INS,0,0,false, HTTP/1.1" 200 16362
190.95.15.31 - - [26/Nov/2025:11:44:38 -0300] "POST /cormun/servlet/solicitudot?gx-no-cache=1764168330570 HTTP/1.1" 200 4154
190.95.15.31 - - [26/Nov/2025:11:44:38 -0300] "POST /cormun/servlet/solicitudot?ee1f8492e3ce25c24cc5a423281d9cca,INS,0,0,false,,gx-no-cache=1764168330743 HTTP/1.1" 200 12970
190.95.15.31 - - [26/Nov/2025:11:44:43 -0300] "GET /cormun/servlet/solicitudot?cf947c72b4a03dc3e2fb0969762f03bcd5b26a80e6f9644fdd4ca6197d26b6ff343cddc3e2ace5dd2ee4c45de12c4a37,gx-no-cache=1764168335763 HTTP/1.1" 200 30
190.95.15.31 - - [26/Nov/2025:11:44:56 -0300] "GET /cormun/servlet/solicitudot?cf947c72b4a03dc3e2fb0969762f03bcc70df5493932ed85a6b84878f19567e814974220ca126a77867a75cf8b846cce2606e332f1017a22ed3f3ec3122d559d,gx-no-cache=1764168348539 HTTP/1.1" 200 30
190.95.15.31 - - [26/Nov/2025:11:44:56 -0300] "GET /cormun/servlet/solicitudot?cf947c72b4a03dc3e2fb0969762f03bc67e99ea65d533d4565a4318b819082ee,gx-no-cache=1764168348584 HTTP/1.1" 200 53
190.95.15.31 - - [26/Nov/2025:11:45:11 -0300] "POST /cormun/servlet/solicitudot?gx-no-cache=1764168363844 HTTP/1.1" 200 240
190.95.15.31 - - [26/Nov/2025:11:45:11 -0300] "GET /cormun/servlet/solicitudot?cf947c72b4a03dc3e2fb0969762f03bcd67bbe1fd30c82f166dfeb132e8a7bfe20eaa5e6e4bc31db35b7bfc320445690bb1c4fb3538ff03253305fe3432d18618f93d3eebb6a8548e6622a9679196c28505e6c939c7806c86905f1e2f502eae2d91e1fe537adef6a56d7e1d33379a57b37d73f21874b647af7fd494655a808732786ab013edf8277037385c101680ba5ca91334fd4aea3ad345d2d34b0112022d50fa49c0010623c7870345601c06c2255c163b22f99e9252115ef8e9ecb3511c511d452d9e7719b1f2d55b531cd84eba17cf0241fc0dd8d8b9bfb4c421d808fb04bc5aae7ec1a6a525bbd5f90bf3f91d8fb611222c7e9b526a7dca4357bc26b3e86b4654185f4a1708d4f9b85d84e5a084f80ea632ecead028eecdc9a68cf82b001dfe8b0b7728fc21032268f3802c1e40bf6edfeb8aba11b635e38415518725c6e44b202dbc838756246ae9398cb4effe6eece21a66270dceea34c4e3d5afd6ced93867d04e3d6564f8ab5d093e82391abea9eed3ce8139ef57e2de3ad3dd4,gx-no-cache=1764168363911 HTTP/1.1" 200 30
190.95.15.31 - - [26/Nov/2025:11:45:11 -0300] "POST /cormun/servlet/solicitudot?gx-no-cache=1764168363953 HTTP/1.1" 200 30
190.95.15.31 - - [26/Nov/2025:11:45:11 -0300] "POST /cormun/servlet/solicitudot?gx-no-cache=1764168364002 HTTP/1.1" 200 1481
190.95.15.31 - - [26/Nov/2025:11:45:11 -0300] "POST /cormun/servlet/solicitudot?gx-no-cache=1764168364055 HTTP/1.1" 200 38
190.95.15.31 - - [26/Nov/2025:11:45:11 -0300] "GET /cormun/servlet/solicitudot?cf947c72b4a03dc3e2fb0969762f03bc65b7ae3089fe67e0a54f0acd565455168abe92da79a49d05eb4bc146039fd90bb03e9ec2641851ddbea4a93fd73e27b220fc98b9a691c7442f24697a98f9e043e631712d8ac35055a993718f8ee3908a4b53715604eb18115fd0a0d1bbfd0e53,gx-no-cache=1764168364103 HTTP/1.1" 200 110
190.95.15.31 - - [26/Nov/2025:11:45:11 -0300] "POST /cormun/servlet/solicitudot?gx-no-cache=1764168364163 HTTP/1.1" 200 83
190.95.15.31 - - [26/Nov/2025:11:46:15 -0300] "POST /cormun/servlet/solicitudot?gx-no-cache=1764168427955 HTTP/1.1" 200 1481
190.95.15.31 - - [26/Nov/2025:11:46:15 -0300] "POST /cormun/servlet/solicitudot?gx-no-cache=1764168428024 HTTP/1.1" 200 38
190.95.15.31 - - [26/Nov/2025:11:46:15 -0300] "GET /cormun/servlet/solicitudot?cf947c72b4a03dc3e2fb0969762f03bc65b7ae3089fe67e0a54f0acd565455168abe92da79a49d05eb4bc146039fd90bb03e9ec2641851ddbea4a93fd73e27b220fc98b9a691c7442f24697a98f9e043e631712d8ac35055a993718f8ee3908a4b53715604eb18115fd0a0d1bbfd0e53,gx-no-cache=1764168428057 HTTP/1.1" 200 110
190.95.15.31 - - [26/Nov/2025:11:46:15 -0300] "POST /cormun/servlet/solicitudot?gx-no-cache=1764168428093 HTTP/1.1" 200 83
190.95.67.95 - - [26/Nov/2025:11:47:49 -0300] "GET /cormun/servlet/hlogin HTTP/1.1" 200 1718
190.95.67.95 - - [26/Nov/2025:11:47:52 -0300] "POST /cormun/servlet/hlogin?dc95dcd21f101064e8ee77b58b4adddf,gx-no-cache=1764168526035 HTTP/1.1" 200 90
190.95.67.95 - - [26/Nov/2025:11:47:52 -0300] "GET /cormun/servlet/hpexe_link HTTP/1.1" 200 954
190.95.67.95 - - [26/Nov/2025:11:47:52 -0300] "GET /cormun/servlet/trpermisosgoce HTTP/1.1" 200 15162
190.95.67.95 - - [26/Nov/2025:11:47:56 -0300] "GET /cormun/servlet/trpermisosgoce? HTTP/1.1" 200 15160
190.95.15.31 - - [26/Nov/2025:11:48:55 -0300] "GET /cormun/servlet/solicitudot?cf947c72b4a03dc3e2fb0969762f03bc4411c4cd9b8a0cf6586eec9f72f61df825bfe16931f594abefdfaed892fab2a6aa9dc3c399240490aa6cbfeb18742c47b74a72ee8f039b9c679ad46f7f418426ae014523364e714082f8780d1d8d99e1d9518755f74a81282de2a1395c7e3850,gx-no-cache=1764168587938 HTTP/1.1" 200 29
190.95.15.31 - - [26/Nov/2025:11:48:55 -0300] "GET /cormun/static/menuarrow.gif HTTP/1.1" 404 1015
190.95.15.31 - - [26/Nov/2025:11:49:14 -0300] "GET /cormun/servlet/solicitudot?cf947c72b4a03dc3e2fb0969762f03bc3105d6fe6cbbeafc66941004fa05900af85e9b47e9a0068e213637f073b7bd94,gx-no-cache=1764168606983 HTTP/1.1" 200 30
190.95.15.31 - - [26/Nov/2025:11:49:21 -0300] "POST /cormun/servlet/solicitudot?gx-no-cache=1764168613812 HTTP/1.1" 200 30
190.95.15.31 - - [26/Nov/2025:11:49:53 -0300] "POST /cormun/servlet/solicitudot?ee1f8492e3ce25c24cc5a423281d9cca,INS,0,0,false,,gx-no-cache=1764168645761 HTTP/1.1" 200 93
190.95.15.31 - - [26/Nov/2025:11:49:53 -0300] "GET /cormun/servlet/hpexe_return? HTTP/1.1" 200 1007
190.95.15.31 - - [26/Nov/2025:11:49:53 -0300] "GET /cormun/servlet/trsolicitudot HTTP/1.1" 200 9007
40.77.167.33 - - [26/Nov/2025:11:49:56 -0300] "GET /cormun/servlet/hlogin HTTP/1.1" 200 1716
190.95.15.31 - - [26/Nov/2025:11:51:16 -0300] "POST /cormun/servlet/trsolicitudot?ee1f8492e3ce25c24cc5a423281d9cca,gx-no-cache=1764168728228 HTTP/1.1" 200 4874
190.95.15.31 - - [26/Nov/2025:11:51:16 -0300] "GET /cormun/static/Shared/jqueryui/images/ui-bg_highlight-soft_100_c6c2c8_1x100.png HTTP/1.1" 404 1117
190.95.15.31 - - [26/Nov/2025:11:51:16 -0300] "GET /cormun/static/Shared/jqueryui/images/ui-bg_flat_55_fafafa_40x100.png HTTP/1.1" 404 1097
190.95.15.31 - - [26/Nov/2025:11:51:16 -0300] "GET /cormun/static/Shared/jqueryui/images/ui-icons_8d78a5_256x240.png HTTP/1.1" 404 1089
190.95.15.31 - - [26/Nov/2025:11:51:16 -0300] "GET /cormun/static/Shared/jqueryui/images/ui-icons_82798d_256x240.png HTTP/1.1" 404 1089
190.95.15.31 - - [26/Nov/2025:11:51:16 -0300] "POST /cormun/servlet/trsolicitudot?ee1f8492e3ce25c24cc5a423281d9cca,gx-no-cache=1764168728433 HTTP/1.1" 200 4614
190.95.15.31 - - [26/Nov/2025:11:51:19 -0300] "GET /cormun/servlet/trautorizarsolicitud? HTTP/1.1" 200 8905
190.95.15.31 - - [26/Nov/2025:11:51:23 -0300] "POST /cormun/servlet/trautorizarsolicitud?ee1f8492e3ce25c24cc5a423281d9cca,,gx-no-cache=1764168735441 HTTP/1.1" 200 4804
190.95.15.31 - - [26/Nov/2025:11:51:23 -0300] "POST /cormun/servlet/trautorizarsolicitud?ee1f8492e3ce25c24cc5a423281d9cca,,gx-no-cache=1764168735608 HTTP/1.1" 200 4547
190.95.15.31 - - [26/Nov/2025:11:51:29 -0300] "GET /cormun/servlet/trlicencias? HTTP/1.1" 200 11306
10.40.40.2 - - [26/Nov/2025:11:52:55 -0300] "POST /cormun/servlet/trlicencias?904f00bb09c5f9daf6221b14a47e7f37,,gx-no-cache=1764168821985 HTTP/1.1" 440 972
10.40.40.2 - - [26/Nov/2025:11:52:56 -0300] "GET /cormun/servlet/trlicencias? HTTP/1.1" 200 6053
10.40.40.2 - - [26/Nov/2025:11:52:56 -0300] "GET /cormun/static/RunJS/RunJS.js HTTP/1.1" 200 288
10.40.40.2 - - [26/Nov/2025:11:52:56 -0300] "GET /cormun/static/PXToolsJavascripts/pexe_cookies.js HTTP/1.1" 200 792
10.40.40.2 - - [26/Nov/2025:11:52:56 -0300] "GET /cormun/static/PXToolsJavascripts/pexe_menudivfix.js HTTP/1.1" 200 333
10.40.40.2 - - [26/Nov/2025:11:52:56 -0300] "GET /cormun/static/PXToolsJavascripts/pexe_oav.js HTTP/1.1" 200 645
10.40.40.2 - - [26/Nov/2025:11:52:56 -0300] "GET /cormun/static/PXToolsJavascripts/pexe_oavdivfix.js HTTP/1.1" 200 639
10.40.40.2 - - [26/Nov/2025:11:52:56 -0300] "GET /cormun/static/hpexe_messagecontroller.js?202211298371222 HTTP/1.1" 200 870
10.40.40.2 - - [26/Nov/2025:11:52:56 -0300] "GET /cormun/static/hpexe_messagepopupcomponent.js?2020121447232 HTTP/1.1" 200 605
10.40.40.2 - - [26/Nov/2025:11:52:56 -0300] "GET /cormun/servlet/hlogin HTTP/1.1" 200 1740
10.40.40.2 - - [26/Nov/2025:11:53:02 -0300] "POST /cormun/servlet/hlogin?3edab78fbf93f055932a77b4266af8a3,gx-no-cache=1764168829760 HTTP/1.1" 200 90
10.40.40.2 - - [26/Nov/2025:11:53:02 -0300] "GET /cormun/servlet/hpexe_link HTTP/1.1" 200 957
10.40.40.2 - - [26/Nov/2025:11:53:03 -0300] "GET /cormun/servlet/trlicencias HTTP/1.1" 200 17948
10.40.40.2 - - [26/Nov/2025:11:53:07 -0300] "POST /cormun/servlet/trlicencias?3edab78fbf93f055932a77b4266af8a3,gx-no-cache=1764168834234 HTTP/1.1" 200 16436
10.40.40.2 - - [26/Nov/2025:11:53:07 -0300] "POST /cormun/servlet/trlicencias?3edab78fbf93f055932a77b4266af8a3,gx-no-cache=1764168834752 HTTP/1.1" 200 16428
10.40.40.2 - - [26/Nov/2025:11:53:13 -0300] "POST /cormun/servlet/trlicencias?3edab78fbf93f055932a77b4266af8a3,gx-no-cache=1764168840128 HTTP/1.1" 200 4589
201.186.225.187 - - [26/Nov/2025:11:55:58 -0300] "GET /cormun/servlet/hlogin HTTP/1.1" 200 1721
201.186.225.187 - - [26/Nov/2025:11:55:59 -0300] "GET /cormun/servlet/hlogin HTTP/1.1" 200 1731
201.186.225.187 - - [26/Nov/2025:11:56:03 -0300] "POST /cormun/servlet/hlogin?f7f9c71cdbb86cd66d4541c396e9555f,gx-no-cache=1764172647134 HTTP/1.1" 200 90
201.186.225.187 - - [26/Nov/2025:11:56:04 -0300] "GET /cormun/servlet/hpexe_link HTTP/1.1" 200 949
201.186.225.187 - - [26/Nov/2025:11:56:04 -0300] "GET /cormun/servlet/hhome HTTP/1.1" 200 3969
201.186.225.187 - - [26/Nov/2025:11:56:06 -0300] "GET /cormun/servlet/trpermisosgoce? HTTP/1.1" 200 14875
201.186.225.187 - - [26/Nov/2025:11:56:09 -0300] "GET /cormun/servlet/trpermisosadjuntos?8266428,20251124080421,P, HTTP/1.1" 200 6290
201.186.225.187 - - [26/Nov/2025:11:56:11 -0300] "GET /cormun/servlet/permisosadjuntos?INS,8266428,P,20251124080421,, HTTP/1.1" 200 5609
201.186.225.187 - - [26/Nov/2025:11:56:11 -0300] "GET /cormun/static/about:blank HTTP/1.1" 404 1011
201.186.225.187 - - [26/Nov/2025:11:57:37 -0300] "POST /cormun/servlet/permisosadjuntos?f7f9c71cdbb86cd66d4541c396e9555f,INS,8266428,P,20251124080421,, HTTP/1.1" 200 116
201.186.225.187 - - [26/Nov/2025:11:57:37 -0300] "GET /cormun/servlet/hpexe_return? HTTP/1.1" 200 1034
201.186.225.187 - - [26/Nov/2025:11:57:37 -0300] "GET /cormun/servlet/trpermisosadjuntos?8266428,20251124080421,P, HTTP/1.1" 200 6768
201.186.225.187 - - [26/Nov/2025:11:57:39 -0300] "GET /cormun/servlet/trpermisosgoce? HTTP/1.1" 200 14906
201.186.225.187 - - [26/Nov/2025:11:57:43 -0300] "POST /cormun/servlet/trpermisosgoce?f7f9c71cdbb86cd66d4541c396e9555f,,gx-no-cache=1764172746770 HTTP/1.1" 200 12197
201.186.225.187 - - [26/Nov/2025:11:57:43 -0300] "GET /cormun/static/Shared/jqueryui/images/ui-icons_82798d_256x240.png HTTP/1.1" 404 1089
201.186.225.187 - - [26/Nov/2025:11:57:43 -0300] "GET /cormun/static/Shared/jqueryui/images/ui-bg_highlight-soft_100_c6c2c8_1x100.png HTTP/1.1" 404 1117
201.186.225.187 - - [26/Nov/2025:11:57:43 -0300] "GET /cormun/static/Shared/jqueryui/images/ui-icons_8d78a5_256x240.png HTTP/1.1" 404 1089
201.186.225.187 - - [26/Nov/2025:11:57:43 -0300] "GET /cormun/static/Shared/jqueryui/images/ui-bg_flat_55_fafafa_40x100.png HTTP/1.1" 404 1097
190.95.1.187 - - [26/Nov/2025:11:58:46 -0300] "GET /cormun/servlet/trpermisosgoce? HTTP/1.1" 200 6037
190.95.1.187 - - [26/Nov/2025:11:58:46 -0300] "GET /cormun/servlet/hlogin HTTP/1.1" 200 1743
190.95.1.187 - - [26/Nov/2025:11:58:49 -0300] "POST /cormun/servlet/hlogin?2e5281959443bbf21090d3968fac9eb8,gx-no-cache=1764169181792 HTTP/1.1" 200 90
190.95.1.187 - - [26/Nov/2025:11:58:49 -0300] "GET /cormun/servlet/hpexe_link HTTP/1.1" 200 960
190.95.1.187 - - [26/Nov/2025:11:58:49 -0300] "GET /cormun/servlet/trpermisosgoce HTTP/1.1" 200 18316
190.95.1.187 - - [26/Nov/2025:11:58:52 -0300] "GET /cormun/servlet/permisogoce?INS,0,,, HTTP/1.1" 200 6883
190.95.1.187 - - [26/Nov/2025:11:58:56 -0300] "GET /cormun/servlet/permisogoce?4196b8066d706ac04a61b23a477272e9ffcbcf13cd046eefd5565e66a42f9a3d535d25f17dad2227e5a469620557e365efa1d527e5e2162b7e8a0d48a8f20f6f,gx-no-cache=1764169189360 HTTP/1.1" 200 79
190.95.1.187 - - [26/Nov/2025:11:58:59 -0300] "GET /cormun/static/menuarrow.gif HTTP/1.1" 404 1015
190.95.1.187 - - [26/Nov/2025:11:59:04 -0300] "GET /cormun/servlet/permisogoce?4196b8066d706ac04a61b23a477272e967ca4963ba55236c7d185d210641ff7102fb3a7a64f3889ac9dc3a9862f5615a9cd33638736f919752c2ae46a2b96ba9,gx-no-cache=1764169196729 HTTP/1.1" 200 48
190.95.1.187 - - [26/Nov/2025:11:59:08 -0300] "POST /cormun/servlet/permisogoce?2e5281959443bbf21090d3968fac9eb8,INS,0,,,,gx-no-cache=1764169200114 HTTP/1.1" 200 93
190.95.1.187 - - [26/Nov/2025:11:59:08 -0300] "GET /cormun/servlet/hpexe_return? HTTP/1.1" 200 1013
190.95.1.187 - - [26/Nov/2025:11:59:08 -0300] "GET /cormun/servlet/trpermisosgoce HTTP/1.1" 200 18322
190.95.1.187 - - [26/Nov/2025:11:59:22 -0300] "GET /cormun/servlet/trpermisosadjuntos?18377278,20251126115953,P, HTTP/1.1" 200 6339
190.95.1.187 - - [26/Nov/2025:11:59:23 -0300] "GET /cormun/servlet/permisosadjuntos?INS,18377278,P,20251126115953,, HTTP/1.1" 200 5655
190.95.1.187 - - [26/Nov/2025:11:59:23 -0300] "GET /cormun/static/about:blank HTTP/1.1" 404 1011
190.95.1.187 - - [26/Nov/2025:11:59:46 -0300] "POST /cormun/servlet/permisosadjuntos?2e5281959443bbf21090d3968fac9eb8,INS,18377278,P,20251126115953,, HTTP/1.1" 200 116
190.95.1.187 - - [26/Nov/2025:11:59:46 -0300] "GET /cormun/servlet/hpexe_return? HTTP/1.1" 200 1042
190.95.1.187 - - [26/Nov/2025:11:59:46 -0300] "GET /cormun/servlet/trpermisosadjuntos?18377278,20251126115953,P, HTTP/1.1" 200 6836
190.95.1.187 - - [26/Nov/2025:11:59:48 -0300] "POST /cormun/servlet/trpermisosadjuntos?2e5281959443bbf21090d3968fac9eb8,18377278,20251126115953,P,,gx-no-cache=1764169240896 HTTP/1.1" 200 90
190.95.1.187 - - [26/Nov/2025:11:59:48 -0300] "GET /cormun/servlet/hpexe_link HTTP/1.1" 200 986
190.95.1.187 - - [26/Nov/2025:11:59:48 -0300] "GET /cormun/servlet/trpermisosgoce HTTP/1.1" 200 18319
190.95.1.187 - - [26/Nov/2025:11:59:52 -0300] "POST /cormun/servlet/trpermisosgoce?2e5281959443bbf21090d3968fac9eb8,gx-no-cache=1764169244448 HTTP/1.1" 200 15438
190.95.1.187 - - [26/Nov/2025:11:59:52 -0300] "GET /cormun/static/Shared/jqueryui/images/ui-bg_highlight-soft_100_c6c2c8_1x100.png HTTP/1.1" 404 1117
190.95.1.187 - - [26/Nov/2025:11:59:52 -0300] "GET /cormun/static/Shared/jqueryui/images/ui-icons_82798d_256x240.png HTTP/1.1" 404 1089
190.95.1.187 - - [26/Nov/2025:11:59:52 -0300] "GET /cormun/static/Shared/jqueryui/images/ui-bg_flat_55_fafafa_40x100.png HTTP/1.1" 404 1097
190.95.1.187 - - [26/Nov/2025:11:59:52 -0300] "GET /cormun/static/Shared/jqueryui/images/ui-icons_8d78a5_256x240.png HTTP/1.1" 404 1089
201.186.225.187 - - [26/Nov/2025:12:00:51 -0300] "GET /cormun/servlet/trpermisosadjuntos?18955083,20251124134516,P, HTTP/1.1" 200 6291
201.186.225.187 - - [26/Nov/2025:12:00:53 -0300] "GET /cormun/servlet/permisosadjuntos?INS,18955083,P,20251124134516,, HTTP/1.1" 200 5612
201.186.225.187 - - [26/Nov/2025:12:00:53 -0300] "GET /cormun/static/about:blank HTTP/1.1" 404 1011
201.186.225.187 - - [26/Nov/2025:12:01:05 -0300] "POST /cormun/servlet/permisosadjuntos?f7f9c71cdbb86cd66d4541c396e9555f,INS,18955083,P,20251124134516,, HTTP/1.1" 200 116
201.186.225.187 - - [26/Nov/2025:12:01:05 -0300] "GET /cormun/servlet/hpexe_return? HTTP/1.1" 200 1037
201.186.225.187 - - [26/Nov/2025:12:01:05 -0300] "GET /cormun/servlet/trpermisosadjuntos?18955083,20251124134516,P, HTTP/1.1" 200 6774
201.186.225.187 - - [26/Nov/2025:12:01:09 -0300] "GET /cormun/servlet/trpermisosgoce? HTTP/1.1" 200 14878
201.186.225.187 - - [26/Nov/2025:12:01:14 -0300] "POST /cormun/servlet/trpermisosgoce?f7f9c71cdbb86cd66d4541c396e9555f,,gx-no-cache=1764172957787 HTTP/1.1" 200 12187
201.186.225.185 - - [26/Nov/2025:12:04:49 -0300] "GET /cormun/servlet/hlogin HTTP/1.1" 200 1718
201.186.225.185 - - [26/Nov/2025:12:04:49 -0300] "GET /cormun/servlet/hlogin HTTP/1.1" 200 1728
201.186.225.185 - - [26/Nov/2025:12:04:51 -0300] "POST /cormun/servlet/hlogin?fc725413cbfb4cf8767445428656487a,gx-no-cache=1764169547382 HTTP/1.1" 200 90
201.186.225.185 - - [26/Nov/2025:12:04:51 -0300] "GET /cormun/servlet/hpexe_link HTTP/1.1" 200 947
201.186.225.185 - - [26/Nov/2025:12:04:52 -0300] "GET /cormun/servlet/hhome HTTP/1.1" 200 4224
201.186.225.185 - - [26/Nov/2025:12:04:55 -0300] "GET /cormun/servlet/trlicencias? HTTP/1.1" 200 13721
201.186.225.185 - - [26/Nov/2025:12:05:00 -0300] "POST /cormun/servlet/trlicencias?fc725413cbfb4cf8767445428656487a,,gx-no-cache=1764169556263 HTTP/1.1" 200 11595
201.186.225.185 - - [26/Nov/2025:12:05:01 -0300] "POST /cormun/servlet/trlicencias?fc725413cbfb4cf8767445428656487a,,gx-no-cache=1764169557183 HTTP/1.1" 200 11595
201.186.225.185 - - [26/Nov/2025:12:05:02 -0300] "POST /cormun/servlet/trlicencias?fc725413cbfb4cf8767445428656487a,,gx-no-cache=1764169558291 HTTP/1.1" 200 11583
10.40.40.2 - - [26/Nov/2025:12:05:17 -0300] "POST /cormun/servlet/trlicenciasgenerales?2ea24430c252d3d8814894e2881bec6c,,gx-no-cache=1764169564677 HTTP/1.1" 440 972
201.186.225.185 - - [26/Nov/2025:12:05:39 -0300] "POST /cormun/servlet/trlicencias?fc725413cbfb4cf8767445428656487a,,gx-no-cache=1764169595104 HTTP/1.1" 200 11596
201.186.225.185 - - [26/Nov/2025:12:05:43 -0300] "POST /cormun/servlet/trlicencias?fc725413cbfb4cf8767445428656487a,,gx-no-cache=1764169598497 HTTP/1.1" 200 11597
201.186.225.185 - - [26/Nov/2025:12:05:44 -0300] "POST /cormun/servlet/trlicencias?fc725413cbfb4cf8767445428656487a,,gx-no-cache=1764169600340 HTTP/1.1" 200 11597
201.186.225.185 - - [26/Nov/2025:12:05:46 -0300] "POST /cormun/servlet/trlicencias?fc725413cbfb4cf8767445428656487a,,gx-no-cache=1764169601725 HTTP/1.1" 200 11596
201.186.225.185 - - [26/Nov/2025:12:05:48 -0300] "POST /cormun/servlet/trlicencias?fc725413cbfb4cf8767445428656487a,,gx-no-cache=1764169604078 HTTP/1.1" 200 11597
201.186.225.185 - - [26/Nov/2025:12:05:52 -0300] "POST /cormun/servlet/trlicencias?fc725413cbfb4cf8767445428656487a,,gx-no-cache=1764169607750 HTTP/1.1" 200 11582
201.186.225.185 - - [26/Nov/2025:12:06:56 -0300] "GET /cormun/servlet/hlogin HTTP/1.1" 200 1721
201.186.225.185 - - [26/Nov/2025:12:07:01 -0300] "POST /cormun/servlet/hlogin?444a4aee9e5f20fd51e76e7f2064c4ac,gx-no-cache=1764169673816 HTTP/1.1" 200 90
