10.40.40.2 - - [26/Nov/2025:10:11:30 -0300] "GET /cormun/static/Resources/PXToolsButtonBackground.png HTTP/1.1" 200 1176
10.40.40.2 - - [26/Nov/2025:10:11:30 -0300] "GET /cormun/static/Resources/PXToolsButtonRight.png HTTP/1.1" 200 1294
10.40.40.2 - - [26/Nov/2025:10:11:30 -0300] "GET /cormun/static/Resources/PXToolsLoginBottom.png HTTP/1.1" 200 1389
10.40.40.2 - - [26/Nov/2025:10:11:30 -0300] "GET /cormun/static/Resources/indicator.gif HTTP/1.1" 200 1553
10.40.40.2 - - [26/Nov/2025:10:11:30 -0300] "GET /favicon.ico HTTP/1.1" 200 21630
190.95.67.91 - - [26/Nov/2025:10:11:32 -0300] "POST /cormun/servlet/trpermisosadjuntos?828ef6d99cb50fdc0caea6bc02b4663d,9756929,20251126101016,P,,gx-no-cache=1764162745001 HTTP/1.1" 200 90
190.95.67.91 - - [26/Nov/2025:10:11:32 -0300] "GET /cormun/servlet/hpexe_link HTTP/1.1" 200 1001
190.95.67.91 - - [26/Nov/2025:10:11:32 -0300] "GET /cormun/servlet/trpermisosgoce?gx-no-cache=1764162186036 HTTP/1.1" 200 19392
10.40.40.2 - - [26/Nov/2025:10:11:36 -0300] "POST /cormun/servlet/hlogin?904f00bb09c5f9daf6221b14a47e7f37,gx-no-cache=1764162744084 HTTP/1.1" 200 90
10.40.40.2 - - [26/Nov/2025:10:11:36 -0300] "GET /cormun/servlet/hpexe_link HTTP/1.1" 200 943
10.40.40.2 - - [26/Nov/2025:10:11:37 -0300] "GET /cormun/servlet/hhome HTTP/1.1" 200 3194
10.40.40.2 - - [26/Nov/2025:10:11:37 -0300] "GET /cormun/static/hhome.js?20201215495544 HTTP/1.1" 200 777
10.40.40.2 - - [26/Nov/2025:10:11:37 -0300] "GET /cormun/static/hwchdr01.js?2022112219251119 HTTP/1.1" 200 996
10.40.40.2 - - [26/Nov/2025:10:11:37 -0300] "GET /cormun/static/hpexe_messagecontroller.js?202211298371222 HTTP/1.1" 200 870
10.40.40.2 - - [26/Nov/2025:10:11:37 -0300] "GET /cormun/static/Resources/CormunMP2.png HTTP/1.1" 200 6878
10.40.40.2 - - [26/Nov/2025:10:11:37 -0300] "GET /cormun/static/Resources/ImgHome.png HTTP/1.1" 200 1364
10.40.40.2 - - [26/Nov/2025:10:11:37 -0300] "GET /cormun/static/Resources/ImgLogin.png HTTP/1.1" 200 1432
10.40.40.2 - - [26/Nov/2025:10:11:37 -0300] "GET /cormun/static/Resources/PXToolsDataTitle.png HTTP/1.1" 200 1173
10.40.40.2 - - [26/Nov/2025:10:11:37 -0300] "GET /cormun/static/Resources/Llave.png HTTP/1.1" 200 1395
10.40.40.2 - - [26/Nov/2025:10:11:37 -0300] "GET /cormun/static/SmoothNavMenu/resources/images/down.gif HTTP/1.1" 200 854
190.95.67.91 - - [26/Nov/2025:10:11:40 -0300] "POST /cormun/servlet/trpermisosgoce?828ef6d99cb50fdc0caea6bc02b4663d,gx-no-cache=1764162186036,gx-no-cache=1764162752779 HTTP/1.1" 200 16526
10.40.40.2 - - [26/Nov/2025:10:11:41 -0300] "GET /cormun/servlet/trlicencias? HTTP/1.1" 200 18083
10.40.40.2 - - [26/Nov/2025:10:11:41 -0300] "GET /cormun/static/Resources/PXTools/calendar.png HTTP/1.1" 200 1306
10.40.40.2 - - [26/Nov/2025:10:11:41 -0300] "GET /cormun/static/Resources/PXToolsAddAllAction.png HTTP/1.1" 200 495
10.40.40.2 - - [26/Nov/2025:10:11:42 -0300] "GET /cormun/static/Resources/PXToolsGridNextDisabled.gif HTTP/1.1" 200 90
10.40.40.2 - - [26/Nov/2025:10:11:42 -0300] "GET /cormun/static/Resources/PXToolsGridLastDisabled.gif HTTP/1.1" 200 98
10.40.40.2 - - [26/Nov/2025:10:11:42 -0300] "GET /cormun/static/Resources/PXToolsGridPreviousDisabled.gif HTTP/1.1" 200 90
10.40.40.2 - - [26/Nov/2025:10:11:42 -0300] "GET /cormun/static/Resources/PXToolsGridFirstDisabled.gif HTTP/1.1" 200 100
10.40.40.2 - - [26/Nov/2025:10:11:42 -0300] "GET /cormun/static/Resources/PXToolsDataSearch.png HTTP/1.1" 200 435
10.40.40.2 - - [26/Nov/2025:10:11:42 -0300] "GET /cormun/static/Resources/PXToolsGridPage.gif HTTP/1.1" 200 725
10.40.40.2 - - [26/Nov/2025:10:11:42 -0300] "GET /cormun/static/Resources/PXToolsActionExcel.png HTTP/1.1" 200 727
10.40.40.2 - - [26/Nov/2025:10:11:42 -0300] "GET /cormun//static/Resources/PXToolsHeaderFavorites.png HTTP/1.1" 200 1414
10.40.40.2 - - [26/Nov/2025:10:11:42 -0300] "GET /cormun/static/Resources/desc.gif HTTP/1.1" 200 65
10.40.40.2 - - [26/Nov/2025:10:11:42 -0300] "GET /cormun/static/Resources/asc.gif HTTP/1.1" 200 67
10.40.40.2 - - [26/Nov/2025:10:11:42 -0300] "GET /cormun//static/Resources/PXToolsActionDisabled.gif HTTP/1.1" 200 53
10.40.40.2 - - [26/Nov/2025:10:11:42 -0300] "GET /cormun//static/Resources/PXToolsGridDisplay.png HTTP/1.1" 200 525
10.40.40.2 - - [26/Nov/2025:10:11:42 -0300] "GET /cormun//static/Resources/PXTools/ActionInsert.png HTTP/1.1" 200 1482
10.40.40.2 - - [26/Nov/2025:10:11:42 -0300] "GET /cormun//static/Resources/PXToolsActionPrint.png HTTP/1.1" 200 404
10.40.40.2 - - [26/Nov/2025:10:11:42 -0300] "GET /cormun//static/Resources/PXToolsHeaderHelp.png HTTP/1.1" 200 1333
10.40.40.2 - - [26/Nov/2025:10:11:42 -0300] "GET /cormun/static/Shared/ext/resources/themes/images/default/panel/bg-headersPanel.png HTTP/1.1" 200 255
10.40.40.2 - - [26/Nov/2025:10:11:42 -0300] "GET /cormun/static/Shared/ext/resources/themes/images/default/tools/tool-sprites.gif HTTP/1.1" 200 5434
10.40.40.2 - - [26/Nov/2025:10:11:52 -0300] "POST /cormun/servlet/trlicencias?904f00bb09c5f9daf6221b14a47e7f37,,gx-no-cache=1764162759504 HTTP/1.1" 200 4789
190.95.67.91 - - [26/Nov/2025:10:11:55 -0300] "GET /cormun/servlet/permisogoce?INS,0,,, HTTP/1.1" 200 7148
190.95.67.91 - - [26/Nov/2025:10:12:03 -0300] "GET /cormun/servlet/permisogoce?479d789f895a12ac60a9114f2bc85c9399a113d876fe1052285964a176757e53cf1896f989bb80de9a55bd7aa7801b6905c6fc901db4aae5793aa3d5e621509b,gx-no-cache=1764162775900 HTTP/1.1" 200 77
190.95.67.91 - - [26/Nov/2025:10:12:12 -0300] "GET /cormun/servlet/permisogoce?479d789f895a12ac60a9114f2bc85c931b7af720fedb5f82431d9abc1ce76a4ba1f6d61a1ebe03e28f61cccde8497d6cb5e0b5598ea31bd396f8f6b0f405a564,gx-no-cache=1764162785393 HTTP/1.1" 200 47
190.95.67.91 - - [26/Nov/2025:10:12:28 -0300] "POST /cormun/servlet/permisogoce?828ef6d99cb50fdc0caea6bc02b4663d,INS,0,,,,gx-no-cache=1764162800288 HTTP/1.1" 200 93
190.95.67.91 - - [26/Nov/2025:10:12:28 -0300] "GET /cormun/servlet/hpexe_return? HTTP/1.1" 200 1028
190.95.67.91 - - [26/Nov/2025:10:12:28 -0300] "GET /cormun/servlet/trpermisosgoce?gx-no-cache=1764162186036 HTTP/1.1" 200 19398
190.95.67.91 - - [26/Nov/2025:10:12:30 -0300] "GET /cormun/servlet/trpermisosadjuntos?19853845,20251126101257,P, HTTP/1.1" 200 6575
190.95.67.91 - - [26/Nov/2025:10:12:31 -0300] "GET /cormun/servlet/permisosadjuntos?INS,19853845,P,20251126101257,, HTTP/1.1" 200 5880
190.95.67.91 - - [26/Nov/2025:10:12:31 -0300] "GET /cormun/static/about:blank HTTP/1.1" 404 1011
190.95.67.91 - - [26/Nov/2025:10:13:20 -0300] "POST /cormun/servlet/permisosadjuntos?828ef6d99cb50fdc0caea6bc02b4663d,INS,19853845,P,20251126101257,, HTTP/1.1" 200 116
190.95.67.91 - - [26/Nov/2025:10:13:20 -0300] "GET /cormun/servlet/hpexe_return? HTTP/1.1" 200 1034
190.95.67.91 - - [26/Nov/2025:10:13:20 -0300] "GET /cormun/servlet/trpermisosadjuntos?19853845,20251126101257,P, HTTP/1.1" 200 7088
190.95.67.91 - - [26/Nov/2025:10:14:23 -0300] "POST /cormun/servlet/trpermisosadjuntos?828ef6d99cb50fdc0caea6bc02b4663d,19853845,20251126101257,P,,gx-no-cache=1764162915963 HTTP/1.1" 200 90
190.95.67.91 - - [26/Nov/2025:10:14:23 -0300] "GET /cormun/servlet/hpexe_link HTTP/1.1" 200 1003
190.95.67.91 - - [26/Nov/2025:10:14:23 -0300] "GET /cormun/servlet/trpermisosgoce?gx-no-cache=1764162186036 HTTP/1.1" 200 19395
190.95.67.91 - - [26/Nov/2025:10:14:25 -0300] "POST /cormun/servlet/trpermisosgoce?828ef6d99cb50fdc0caea6bc02b4663d,gx-no-cache=1764162186036,gx-no-cache=1764162917843 HTTP/1.1" 200 16527
190.95.67.91 - - [26/Nov/2025:10:14:27 -0300] "GET /cormun/servlet/permisogoce?INS,0,,, HTTP/1.1" 200 7148
190.95.15.15 - - [26/Nov/2025:10:15:09 -0300] "GET /cormun/servlet/trpermisosgoce? HTTP/1.1" 200 6036
190.95.15.15 - - [26/Nov/2025:10:15:09 -0300] "GET /cormun/servlet/hlogin HTTP/1.1" 200 1741
190.95.15.15 - - [26/Nov/2025:10:15:09 -0300] "GET /cormun/servlet/trpermisosgoce? HTTP/1.1" 200 6033
190.95.15.15 - - [26/Nov/2025:10:15:15 -0300] "POST /cormun/servlet/hlogin?e0c1a646ba1f37651c18c2d9b2f07de3,gx-no-cache=1764162968142 HTTP/1.1" 200 90
190.95.15.15 - - [26/Nov/2025:10:15:15 -0300] "GET /cormun/servlet/hpexe_link HTTP/1.1" 200 957
190.95.15.15 - - [26/Nov/2025:10:15:15 -0300] "GET /cormun/servlet/trpermisosgoce HTTP/1.1" 200 18627
190.95.15.15 - - [26/Nov/2025:10:15:26 -0300] "GET /cormun/servlet/permisogoce?INS,0,,, HTTP/1.1" 200 6856
190.95.15.15 - - [26/Nov/2025:10:15:35 -0300] "GET /cormun/servlet/permisogoce?1d6f1c8d4b4ff1d1a69cdcb394aa6d4669081d477417094ec1abe0fd5c8f61818099b79d275ff84512ea3cc5ed0cdff24cab0ee3df48a90e04cc2a01c4bb2927,gx-no-cache=1764162987874 HTTP/1.1" 200 77
190.95.15.15 - - [26/Nov/2025:10:15:35 -0300] "GET /cormun/static/menuarrow.gif HTTP/1.1" 404 1015
190.95.15.15 - - [26/Nov/2025:10:15:40 -0300] "GET /cormun/servlet/permisogoce?1d6f1c8d4b4ff1d1a69cdcb394aa6d46a4ecb19dad101c9cd113b0b63c93e7b0b2f1f9b45f20c9ad76debc74aa015f1192553a1dedcc87f306826231060e4aa5,gx-no-cache=1764162992971 HTTP/1.1" 200 47
190.95.15.15 - - [26/Nov/2025:10:15:43 -0300] "POST /cormun/servlet/permisogoce?e0c1a646ba1f37651c18c2d9b2f07de3,INS,0,,,,gx-no-cache=1764162994550 HTTP/1.1" 200 93
190.95.15.15 - - [26/Nov/2025:10:15:43 -0300] "GET /cormun/servlet/hpexe_return? HTTP/1.1" 200 1011
190.95.15.15 - - [26/Nov/2025:10:15:43 -0300] "GET /cormun/servlet/trpermisosgoce HTTP/1.1" 200 18664
190.95.15.15 - - [26/Nov/2025:10:15:45 -0300] "GET /cormun/servlet/apermisogoceprn?9762867,P,20251126101628,PU HTTP/1.1" 200 1647
190.95.67.91 - - [26/Nov/2025:10:17:58 -0300] "GET /cormun/servlet/permisogoce?479d789f895a12ac60a9114f2bc85c93f465e05c4c0c29b526413bc6910a47d4cf1896f989bb80de9a55bd7aa7801b6905c6fc901db4aae5793aa3d5e621509b,gx-no-cache=1764163131183 HTTP/1.1" 200 82
190.95.67.91 - - [26/Nov/2025:10:18:06 -0300] "GET /cormun/servlet/permisogoce?479d789f895a12ac60a9114f2bc85c93d3c13fd22914140a278a1f500f25259d7532f4cde64bac68eba7bae9c9eee9c7cab20fe51b7da814d2ed4e3058cf5cfd,gx-no-cache=1764163138721 HTTP/1.1" 200 48
190.95.67.91 - - [26/Nov/2025:10:18:25 -0300] "POST /cormun/servlet/permisogoce?828ef6d99cb50fdc0caea6bc02b4663d,INS,0,,,,gx-no-cache=1764163157568 HTTP/1.1" 200 93
190.95.67.91 - - [26/Nov/2025:10:18:25 -0300] "GET /cormun/servlet/hpexe_return? HTTP/1.1" 200 1028
190.95.67.91 - - [26/Nov/2025:10:18:25 -0300] "GET /cormun/servlet/trpermisosgoce?gx-no-cache=1764162186036 HTTP/1.1" 200 19300
190.95.67.91 - - [26/Nov/2025:10:18:27 -0300] "GET /cormun/servlet/trpermisosadjuntos?11553313,20251126101529,P, HTTP/1.1" 200 6580
190.95.15.15 - - [26/Nov/2025:10:18:48 -0300] "GET /cormun/servlet/trlicencias? HTTP/1.1" 200 13851
192.168.10.19 - - [26/Nov/2025:10:19:01 -0300] "GET /cormun/servlet/hlogin HTTP/1.1" 200 1723
192.168.10.19 - - [26/Nov/2025:10:19:02 -0300] "GET /cormun/servlet/hlogin HTTP/1.1" 200 1734
192.168.10.19 - - [26/Nov/2025:10:19:11 -0300] "POST /cormun/servlet/hlogin?1660f8dca4e925144731bf8cfec7cd9d,gx-no-cache=1764163213640 HTTP/1.1" 200 90
192.168.10.19 - - [26/Nov/2025:10:19:11 -0300] "GET /cormun/servlet/hpexe_link HTTP/1.1" 200 953
192.168.10.19 - - [26/Nov/2025:10:19:11 -0300] "GET /cormun/servlet/hhome HTTP/1.1" 200 3824
190.95.15.15 - - [26/Nov/2025:10:19:14 -0300] "POST /cormun/servlet/trlicencias?e0c1a646ba1f37651c18c2d9b2f07de3,,gx-no-cache=1764163207192 HTTP/1.1" 200 6180
192.168.10.19 - - [26/Nov/2025:10:19:15 -0300] "GET /cormun/servlet/trsolicitudgral? HTTP/1.1" 200 10664
190.95.67.91 - - [26/Nov/2025:10:19:50 -0300] "GET /cormun/servlet/permisosadjuntos?INS,11553313,P,20251126101529,, HTTP/1.1" 200 5885
190.95.67.91 - - [26/Nov/2025:10:19:50 -0300] "GET /cormun/static/about:blank HTTP/1.1" 404 1011
190.95.67.91 - - [26/Nov/2025:10:20:04 -0300] "POST /cormun/servlet/permisosadjuntos?828ef6d99cb50fdc0caea6bc02b4663d,INS,11553313,P,20251126101529,, HTTP/1.1" 200 116
190.95.67.91 - - [26/Nov/2025:10:20:04 -0300] "GET /cormun/servlet/hpexe_return? HTTP/1.1" 200 1034
190.95.67.91 - - [26/Nov/2025:10:20:04 -0300] "GET /cormun/servlet/trpermisosadjuntos?11553313,20251126101529,P, HTTP/1.1" 200 7089
192.168.10.19 - - [26/Nov/2025:10:20:05 -0300] "GET /cormun/servlet/vesolicitudgral?2025,23125,, HTTP/1.1" 200 8391
192.168.10.19 - - [26/Nov/2025:10:20:05 -0300] "GET /cormun/pexe_scrolldiv.js HTTP/1.1" 404 1009
190.95.67.91 - - [26/Nov/2025:10:20:07 -0300] "POST /cormun/servlet/trpermisosadjuntos?828ef6d99cb50fdc0caea6bc02b4663d,11553313,20251126101529,P,,gx-no-cache=1764163260305 HTTP/1.1" 200 90
190.95.67.91 - - [26/Nov/2025:10:20:07 -0300] "GET /cormun/servlet/hpexe_link HTTP/1.1" 200 1003
190.95.67.91 - - [26/Nov/2025:10:20:08 -0300] "GET /cormun/servlet/trpermisosgoce?gx-no-cache=1764162186036 HTTP/1.1" 200 19295
190.95.67.91 - - [26/Nov/2025:10:20:10 -0300] "GET /cormun/servlet/trpermisosadjuntos?11553313,20251126101529,P, HTTP/1.1" 200 7107
190.95.67.91 - - [26/Nov/2025:10:20:13 -0300] "POST /cormun/servlet/trpermisosadjuntos?828ef6d99cb50fdc0caea6bc02b4663d,11553313,20251126101529,P,,gx-no-cache=1764163265767 HTTP/1.1" 200 90
190.95.67.91 - - [26/Nov/2025:10:20:13 -0300] "GET /cormun/servlet/hpexe_link HTTP/1.1" 200 1003
190.95.67.91 - - [26/Nov/2025:10:20:13 -0300] "GET /cormun/servlet/trpermisosgoce?gx-no-cache=1764162186036 HTTP/1.1" 200 19295
190.95.67.91 - - [26/Nov/2025:10:20:15 -0300] "POST /cormun/servlet/trpermisosgoce?828ef6d99cb50fdc0caea6bc02b4663d,gx-no-cache=1764162186036,gx-no-cache=1764163267867 HTTP/1.1" 200 16469
201.186.225.185 - - [26/Nov/2025:10:20:28 -0300] "GET /cormun/servlet/hlogin HTTP/1.1" 200 1721
190.95.67.91 - - [26/Nov/2025:10:20:28 -0300] "GET /cormun/servlet/permisogoce?INS,0,,, HTTP/1.1" 200 7147
201.186.225.185 - - [26/Nov/2025:10:20:31 -0300] "POST /cormun/servlet/hlogin?dbd827e91c2677e42e456aa6c18db09d,gx-no-cache=1764163284671 HTTP/1.1" 200 90
201.186.225.185 - - [26/Nov/2025:10:20:31 -0300] "GET /cormun/servlet/hpexe_link HTTP/1.1" 200 951
201.186.225.185 - - [26/Nov/2025:10:20:31 -0300] "GET /cormun/servlet/hhome HTTP/1.1" 200 4228
201.186.225.185 - - [26/Nov/2025:10:20:34 -0300] "GET /cormun/servlet/trlicencias? HTTP/1.1" 200 13723
201.186.225.185 - - [26/Nov/2025:10:20:37 -0300] "GET /cormun/static/menuarrow.gif HTTP/1.1" 404 1015
190.95.67.91 - - [26/Nov/2025:10:20:38 -0300] "GET /cormun/servlet/permisogoce?479d789f895a12ac60a9114f2bc85c93e054b462ece232fc39af7164da02f212cf1896f989bb80de9a55bd7aa7801b6905c6fc901db4aae5793aa3d5e621509b,gx-no-cache=1764163290803 HTTP/1.1" 200 81
190.95.67.91 - - [26/Nov/2025:10:20:46 -0300] "GET /cormun/servlet/permisogoce?479d789f895a12ac60a9114f2bc85c933aa91b0eeecbfab19320e07d531627764b0584afe07a9b75ce07c6d6c22da193cab20fe51b7da814d2ed4e3058cf5cfd,gx-no-cache=1764163299266 HTTP/1.1" 200 47
190.95.67.91 - - [26/Nov/2025:10:20:52 -0300] "POST /cormun/servlet/permisogoce?828ef6d99cb50fdc0caea6bc02b4663d,INS,0,,,,gx-no-cache=1764163304759 HTTP/1.1" 200 93
190.95.67.91 - - [26/Nov/2025:10:20:52 -0300] "GET /cormun/servlet/hpexe_return? HTTP/1.1" 200 1028
190.95.67.91 - - [26/Nov/2025:10:20:52 -0300] "GET /cormun/servlet/trpermisosgoce?gx-no-cache=1764162186036 HTTP/1.1" 200 19306
190.95.67.91 - - [26/Nov/2025:10:21:03 -0300] "GET /cormun/servlet/trpermisosadjuntos?21565174,20251126102130,P, HTTP/1.1" 200 6575
190.95.67.91 - - [26/Nov/2025:10:21:04 -0300] "GET /cormun/servlet/permisosadjuntos?INS,21565174,P,20251126102130,, HTTP/1.1" 200 5881
190.95.67.91 - - [26/Nov/2025:10:21:04 -0300] "GET /cormun/static/about:blank HTTP/1.1" 404 1011
201.186.225.185 - - [26/Nov/2025:10:21:08 -0300] "POST /cormun/servlet/trlicencias?dbd827e91c2677e42e456aa6c18db09d,,gx-no-cache=1764163320883 HTTP/1.1" 200 4449
190.95.15.31 - - [26/Nov/2025:10:21:13 -0300] "GET /cormun/servlet/trlicencias? HTTP/1.1" 200 6049
190.95.67.91 - - [26/Nov/2025:10:21:13 -0300] "POST /cormun/servlet/permisosadjuntos?828ef6d99cb50fdc0caea6bc02b4663d,INS,21565174,P,20251126102130,, HTTP/1.1" 200 116
190.95.67.91 - - [26/Nov/2025:10:21:13 -0300] "GET /cormun/servlet/hpexe_return? HTTP/1.1" 200 1034
190.95.67.91 - - [26/Nov/2025:10:21:13 -0300] "GET /cormun/servlet/trpermisosadjuntos?21565174,20251126102130,P, HTTP/1.1" 200 7073
190.95.15.31 - - [26/Nov/2025:10:21:14 -0300] "GET /cormun/servlet/hlogin HTTP/1.1" 200 1734
190.95.67.91 - - [26/Nov/2025:10:21:16 -0300] "POST /cormun/servlet/trpermisosadjuntos?828ef6d99cb50fdc0caea6bc02b4663d,21565174,20251126102130,P,,gx-no-cache=1764163329056 HTTP/1.1" 200 90
190.95.67.91 - - [26/Nov/2025:10:21:16 -0300] "GET /cormun/servlet/hpexe_link HTTP/1.1" 200 1001
190.95.67.91 - - [26/Nov/2025:10:21:16 -0300] "GET /cormun/servlet/trpermisosgoce?gx-no-cache=1764162186036 HTTP/1.1" 200 19302
190.95.67.91 - - [26/Nov/2025:10:21:19 -0300] "POST /cormun/servlet/trpermisosgoce?828ef6d99cb50fdc0caea6bc02b4663d,gx-no-cache=1764162186036,gx-no-cache=1764163331266 HTTP/1.1" 200 16461
192.168.10.19 - - [26/Nov/2025:10:21:27 -0300] "GET /cormun/servlet/vesolicitudgral?2025,23125,,SolicitudOTAdjuntos HTTP/1.1" 200 11443
192.168.10.19 - - [26/Nov/2025:10:21:27 -0300] "GET /cormun/pexe_scrolldiv.js HTTP/1.1" 404 1009
192.168.10.19 - - [26/Nov/2025:10:21:28 -0300] "POST /cormun/servlet/acontrolpreferencessavestate?None,RRHH+DANIELA,true HTTP/1.1" 200 35
192.168.10.19 - - [26/Nov/2025:10:21:29 -0300] "GET /cormun/servlet/vesolicitudgral?2025,23125,,General HTTP/1.1" 200 8396
192.168.10.19 - - [26/Nov/2025:10:21:29 -0300] "GET /cormun/pexe_scrolldiv.js HTTP/1.1" 404 1009
201.186.225.185 - - [26/Nov/2025:10:21:30 -0300] "POST /cormun/servlet/trlicencias?dbd827e91c2677e42e456aa6c18db09d,,gx-no-cache=1764163343059 HTTP/1.1" 200 5972
190.95.67.91 - - [26/Nov/2025:10:21:31 -0300] "GET /cormun/servlet/permisogoce?INS,0,,, HTTP/1.1" 200 7148
190.95.15.31 - - [26/Nov/2025:10:21:36 -0300] "POST /cormun/servlet/hlogin?ee1f8492e3ce25c24cc5a423281d9cca,gx-no-cache=1764163349229 HTTP/1.1" 200 90
190.95.15.31 - - [26/Nov/2025:10:21:37 -0300] "GET /cormun/servlet/hpexe_link HTTP/1.1" 200 953
190.95.15.31 - - [26/Nov/2025:10:21:37 -0300] "GET /cormun/servlet/trlicencias HTTP/1.1" 200 11306
190.95.67.91 - - [26/Nov/2025:10:21:37 -0300] "GET /cormun/servlet/permisogoce?479d789f895a12ac60a9114f2bc85c93e054b462ece232fc39af7164da02f212cf1896f989bb80de9a55bd7aa7801b6905c6fc901db4aae5793aa3d5e621509b,gx-no-cache=1764163349906 HTTP/1.1" 200 78
190.95.67.91 - - [26/Nov/2025:10:21:44 -0300] "GET /cormun/servlet/permisogoce?479d789f895a12ac60a9114f2bc85c933aa91b0eeecbfab19320e07d53162776941c0644eb6bdad529f224fe8e60f7d1cab20fe51b7da814d2ed4e3058cf5cfd,gx-no-cache=1764163357242 HTTP/1.1" 200 48
190.95.67.91 - - [26/Nov/2025:10:21:51 -0300] "POST /cormun/servlet/permisogoce?828ef6d99cb50fdc0caea6bc02b4663d,INS,0,,,,gx-no-cache=1764163363247 HTTP/1.1" 200 93
190.95.67.91 - - [26/Nov/2025:10:21:51 -0300] "GET /cormun/servlet/hpexe_return? HTTP/1.1" 200 1028
190.95.67.91 - - [26/Nov/2025:10:21:51 -0300] "GET /cormun/servlet/trpermisosgoce?gx-no-cache=1764162186036 HTTP/1.1" 200 19246
190.95.67.91 - - [26/Nov/2025:10:21:53 -0300] "GET /cormun/servlet/trpermisosadjuntos?21565174,20251126102232,P, HTTP/1.1" 200 6575
190.95.67.91 - - [26/Nov/2025:10:21:55 -0300] "GET /cormun/servlet/permisosadjuntos?INS,21565174,P,20251126102232,, HTTP/1.1" 200 5879
190.95.67.91 - - [26/Nov/2025:10:21:55 -0300] "GET /cormun/static/about:blank HTTP/1.1" 404 1011
190.95.67.91 - - [26/Nov/2025:10:22:05 -0300] "POST /cormun/servlet/permisosadjuntos?828ef6d99cb50fdc0caea6bc02b4663d,INS,21565174,P,20251126102232,, HTTP/1.1" 200 116
190.95.67.91 - - [26/Nov/2025:10:22:05 -0300] "GET /cormun/servlet/hpexe_return? HTTP/1.1" 200 1034
190.95.67.91 - - [26/Nov/2025:10:22:06 -0300] "GET /cormun/servlet/trpermisosadjuntos?21565174,20251126102232,P, HTTP/1.1" 200 7072
190.95.67.91 - - [26/Nov/2025:10:22:08 -0300] "POST /cormun/servlet/trpermisosadjuntos?828ef6d99cb50fdc0caea6bc02b4663d,21565174,20251126102232,P,,gx-no-cache=1764163380632 HTTP/1.1" 200 90
190.95.67.91 - - [26/Nov/2025:10:22:08 -0300] "GET /cormun/servlet/hpexe_link HTTP/1.1" 200 1001
190.95.67.91 - - [26/Nov/2025:10:22:08 -0300] "GET /cormun/servlet/trpermisosgoce?gx-no-cache=1764162186036 HTTP/1.1" 200 19242
190.95.67.91 - - [26/Nov/2025:10:22:10 -0300] "POST /cormun/servlet/trpermisosgoce?828ef6d99cb50fdc0caea6bc02b4663d,gx-no-cache=1764162186036,gx-no-cache=1764163383090 HTTP/1.1" 200 16390
190.95.67.91 - - [26/Nov/2025:10:22:21 -0300] "GET /cormun/servlet/permisogoce?INS,0,,, HTTP/1.1" 200 7147
190.95.67.91 - - [26/Nov/2025:10:22:30 -0300] "GET /cormun/servlet/permisogoce?479d789f895a12ac60a9114f2bc85c932e15a36ef92efe4f22912788757e073bcf1896f989bb80de9a55bd7aa7801b6905c6fc901db4aae5793aa3d5e621509b,gx-no-cache=1764163403206 HTTP/1.1" 200 79
190.95.67.91 - - [26/Nov/2025:10:22:39 -0300] "GET /cormun/servlet/permisogoce?479d789f895a12ac60a9114f2bc85c93d61ab43f8e1da4a6e0cad1f0a189d02a24611dd3a485ea382fb11f5133df1a24cab20fe51b7da814d2ed4e3058cf5cfd,gx-no-cache=1764163411481 HTTP/1.1" 200 48
190.95.67.91 - - [26/Nov/2025:10:22:41 -0300] "POST /cormun/servlet/permisogoce?828ef6d99cb50fdc0caea6bc02b4663d,INS,0,,,,gx-no-cache=1764163413736 HTTP/1.1" 200 93
190.95.67.91 - - [26/Nov/2025:10:22:41 -0300] "GET /cormun/servlet/hpexe_return? HTTP/1.1" 200 1028
190.95.67.91 - - [26/Nov/2025:10:22:41 -0300] "GET /cormun/servlet/trpermisosgoce?gx-no-cache=1764162186036 HTTP/1.1" 200 19237
190.95.67.91 - - [26/Nov/2025:10:22:43 -0300] "GET /cormun/servlet/trpermisosadjuntos?17508246,20251126102323,P, HTTP/1.1" 200 6576
190.95.67.91 - - [26/Nov/2025:10:22:45 -0300] "GET /cormun/servlet/permisosadjuntos?INS,17508246,P,20251126102323,, HTTP/1.1" 200 5879
190.95.67.91 - - [26/Nov/2025:10:22:45 -0300] "GET /cormun/static/about:blank HTTP/1.1" 404 1011
190.95.15.15 - - [26/Nov/2025:10:22:51 -0300] "POST /cormun/servlet/trlicencias?e0c1a646ba1f37651c18c2d9b2f07de3,,gx-no-cache=1764163423575 HTTP/1.1" 200 4182
190.95.67.91 - - [26/Nov/2025:10:22:52 -0300] "POST /cormun/servlet/permisosadjuntos?828ef6d99cb50fdc0caea6bc02b4663d,INS,17508246,P,20251126102323,, HTTP/1.1" 200 116
190.95.67.91 - - [26/Nov/2025:10:22:52 -0300] "GET /cormun/servlet/hpexe_return? HTTP/1.1" 200 1034
190.95.67.91 - - [26/Nov/2025:10:22:52 -0300] "GET /cormun/servlet/trpermisosadjuntos?17508246,20251126102323,P, HTTP/1.1" 200 7077
190.95.67.91 - - [26/Nov/2025:10:22:55 -0300] "POST /cormun/servlet/trpermisosadjuntos?828ef6d99cb50fdc0caea6bc02b4663d,17508246,20251126102323,P,,gx-no-cache=1764163427576 HTTP/1.1" 200 90
190.95.67.91 - - [26/Nov/2025:10:22:55 -0300] "GET /cormun/servlet/hpexe_link HTTP/1.1" 200 1002
190.95.67.91 - - [26/Nov/2025:10:22:55 -0300] "GET /cormun/servlet/trpermisosgoce?gx-no-cache=1764162186036 HTTP/1.1" 200 19234
190.95.15.15 - - [26/Nov/2025:10:22:55 -0300] "POST /cormun/servlet/trlicencias?e0c1a646ba1f37651c18c2d9b2f07de3,,gx-no-cache=1764163428191 HTTP/1.1" 200 4183
190.95.67.91 - - [26/Nov/2025:10:22:57 -0300] "POST /cormun/servlet/trpermisosgoce?828ef6d99cb50fdc0caea6bc02b4663d,gx-no-cache=1764162186036,gx-no-cache=1764163429674 HTTP/1.1" 200 16391
190.95.15.15 - - [26/Nov/2025:10:23:07 -0300] "GET /cormun/servlet/trlicencias? HTTP/1.1" 200 6949
179.57.78.71 - - [26/Nov/2025:10:23:08 -0300] "GET /cormun/servlet/trlicencias? HTTP/1.1" 200 6055
179.57.78.71 - - [26/Nov/2025:10:23:09 -0300] "GET /cormun/servlet/hlogin HTTP/1.1" 200 1741
179.57.78.71 - - [26/Nov/2025:10:23:12 -0300] "POST /cormun/servlet/hlogin?f0bf489b084d1ce2e75f888933380ec0,gx-no-cache=1764163444883 HTTP/1.1" 200 90
179.57.78.71 - - [26/Nov/2025:10:23:12 -0300] "GET /cormun/servlet/hpexe_link HTTP/1.1" 200 960
179.57.78.71 - - [26/Nov/2025:10:23:12 -0300] "GET /cormun/servlet/trlicencias HTTP/1.1" 200 13117
190.95.67.91 - - [26/Nov/2025:10:23:13 -0300] "GET /cormun/servlet/permisogoce?INS,0,,, HTTP/1.1" 200 7148
190.95.15.15 - - [26/Nov/2025:10:23:14 -0300] "GET /cormun/servlet/trpermisosgoce? HTTP/1.1" 200 18659
190.95.15.15 - - [26/Nov/2025:10:23:16 -0300] "GET /cormun/servlet/trlicencias? HTTP/1.1" 200 6950
190.95.15.15 - - [26/Nov/2025:10:23:22 -0300] "POST /cormun/servlet/trlicencias?e0c1a646ba1f37651c18c2d9b2f07de3,,gx-no-cache=1764163454496 HTTP/1.1" 200 18316
190.95.15.15 - - [26/Nov/2025:10:23:22 -0300] "GET /cormun/static/Resources/PXToolsGridNext.gif HTTP/1.1" 200 369
190.95.15.15 - - [26/Nov/2025:10:23:22 -0300] "GET /cormun/static/Resources/PXToolsGridLast.gif HTTP/1.1" 200 370
190.95.67.91 - - [26/Nov/2025:10:23:22 -0300] "GET /cormun/servlet/permisogoce?479d789f895a12ac60a9114f2bc85c93c217c7805d8b36a570e9632e0de78c5fcf1896f989bb80de9a55bd7aa7801b6905c6fc901db4aae5793aa3d5e621509b,gx-no-cache=1764163455049 HTTP/1.1" 200 86
190.95.67.91 - - [26/Nov/2025:10:23:34 -0300] "GET /cormun/servlet/permisogoce?479d789f895a12ac60a9114f2bc85c9390b46d9d057cbeeb68403e61ff62082194d4dabad15c4dcd98067e114453474fcab20fe51b7da814d2ed4e3058cf5cfd,gx-no-cache=1764163467104 HTTP/1.1" 200 48
190.95.67.91 - - [26/Nov/2025:10:23:37 -0300] "POST /cormun/servlet/permisogoce?828ef6d99cb50fdc0caea6bc02b4663d,INS,0,,,,gx-no-cache=1764163469792 HTTP/1.1" 200 93
190.95.67.91 - - [26/Nov/2025:10:23:37 -0300] "GET /cormun/servlet/hpexe_return? HTTP/1.1" 200 1028
190.95.67.91 - - [26/Nov/2025:10:23:37 -0300] "GET /cormun/servlet/trpermisosgoce?gx-no-cache=1764162186036 HTTP/1.1" 200 19231
190.95.67.91 - - [26/Nov/2025:10:23:40 -0300] "GET /cormun/servlet/trpermisosadjuntos?18648996,20251126102415,P, HTTP/1.1" 200 6581
190.95.67.91 - - [26/Nov/2025:10:23:41 -0300] "GET /cormun/servlet/permisosadjuntos?INS,18648996,P,20251126102415,, HTTP/1.1" 200 5885
190.95.67.91 - - [26/Nov/2025:10:23:42 -0300] "GET /cormun/static/about:blank HTTP/1.1" 404 1011
192.168.10.19 - - [26/Nov/2025:10:23:50 -0300] "GET /cormun/servlet/trsolicitudgral? HTTP/1.1" 200 10666
192.168.10.19 - - [26/Nov/2025:10:23:51 -0300] "POST /cormun/servlet/trsolicitudgral?1660f8dca4e925144731bf8cfec7cd9d,,gx-no-cache=1764163494367 HTTP/1.1" 200 7208
192.168.10.19 - - [26/Nov/2025:10:23:51 -0300] "GET /cormun/static/Shared/jqueryui/images/ui-icons_82798d_256x240.png HTTP/1.1" 404 1089
192.168.10.19 - - [26/Nov/2025:10:23:51 -0300] "GET /cormun/static/Shared/jqueryui/images/ui-bg_highlight-soft_100_c6c2c8_1x100.png HTTP/1.1" 404 1117
192.168.10.19 - - [26/Nov/2025:10:23:51 -0300] "GET /cormun/static/Shared/jqueryui/images/ui-bg_flat_55_fafafa_40x100.png HTTP/1.1" 404 1097
192.168.10.19 - - [26/Nov/2025:10:23:51 -0300] "GET /cormun/static/Shared/jqueryui/images/ui-icons_8d78a5_256x240.png HTTP/1.1" 404 1089
190.95.67.91 - - [26/Nov/2025:10:23:53 -0300] "POST /cormun/servlet/permisosadjuntos?828ef6d99cb50fdc0caea6bc02b4663d,INS,18648996,P,20251126102415,, HTTP/1.1" 200 116
190.95.67.91 - - [26/Nov/2025:10:23:53 -0300] "GET /cormun/servlet/hpexe_return? HTTP/1.1" 200 1034
190.95.67.91 - - [26/Nov/2025:10:23:54 -0300] "GET /cormun/servlet/trpermisosadjuntos?18648996,20251126102415,P, HTTP/1.1" 200 7109
190.95.15.15 - - [26/Nov/2025:10:23:54 -0300] "POST /cormun/servlet/trlicencias?e0c1a646ba1f37651c18c2d9b2f07de3,,gx-no-cache=1764163486545 HTTP/1.1" 200 10000
190.95.67.91 - - [26/Nov/2025:10:23:57 -0300] "POST /cormun/servlet/trpermisosadjuntos?828ef6d99cb50fdc0caea6bc02b4663d,18648996,20251126102415,P,,gx-no-cache=1764163490208 HTTP/1.1" 200 90
190.95.67.91 - - [26/Nov/2025:10:23:57 -0300] "GET /cormun/servlet/hpexe_link HTTP/1.1" 200 1002
190.95.67.91 - - [26/Nov/2025:10:23:57 -0300] "GET /cormun/servlet/trpermisosgoce?gx-no-cache=1764162186036 HTTP/1.1" 200 19228
190.95.67.91 - - [26/Nov/2025:10:23:59 -0300] "POST /cormun/servlet/trpermisosgoce?828ef6d99cb50fdc0caea6bc02b4663d,gx-no-cache=1764162186036,gx-no-cache=1764163492146 HTTP/1.1" 200 16372
190.95.67.91 - - [26/Nov/2025:10:24:11 -0300] "GET /cormun/servlet/permisogoce?INS,0,,, HTTP/1.1" 200 7148
190.95.15.15 - - [26/Nov/2025:10:24:12 -0300] "POST /cormun/servlet/trlicencias?e0c1a646ba1f37651c18c2d9b2f07de3,,gx-no-cache=1764163505158 HTTP/1.1" 200 11124
190.95.67.91 - - [26/Nov/2025:10:24:16 -0300] "GET /cormun/servlet/permisogoce?479d789f895a12ac60a9114f2bc85c93d42260a88f62c4050c4698175f88c873882c7ece5dc0494a4d84c50766612f5795f909b06649aa73e479c7e993b517d3,gx-no-cache=1764163509354 HTTP/1.1" 200 79
190.95.67.91 - - [26/Nov/2025:10:24:27 -0300] "GET /cormun/servlet/permisogoce?479d789f895a12ac60a9114f2bc85c93d13a336aed91e602df94ef8e31ba768d3e05db2474a596d6dab90788183f8665c588523c9ab4a1470817d7065d3ee86b,gx-no-cache=1764163519535 HTTP/1.1" 200 47
190.95.67.91 - - [26/Nov/2025:10:24:30 -0300] "POST /cormun/servlet/permisogoce?828ef6d99cb50fdc0caea6bc02b4663d,INS,0,,,,gx-no-cache=1764163522367 HTTP/1.1" 200 93
190.95.67.91 - - [26/Nov/2025:10:24:30 -0300] "GET /cormun/servlet/hpexe_return? HTTP/1.1" 200 1028
190.95.67.91 - - [26/Nov/2025:10:24:30 -0300] "GET /cormun/servlet/trpermisosgoce?gx-no-cache=1764162186036 HTTP/1.1" 200 19204
190.95.67.91 - - [26/Nov/2025:10:24:32 -0300] "GET /cormun/servlet/trpermisosadjuntos?7181050,20251126102513,P, HTTP/1.1" 200 6576
192.168.10.19 - - [26/Nov/2025:10:24:32 -0300] "GET /cormun/servlet/vesolicitudgral?2025,23124,, HTTP/1.1" 200 8391
192.168.10.19 - - [26/Nov/2025:10:24:33 -0300] "GET /cormun/pexe_scrolldiv.js HTTP/1.1" 404 1009
190.95.67.91 - - [26/Nov/2025:10:24:33 -0300] "GET /cormun/servlet/permisosadjuntos?INS,7181050,P,20251126102513,, HTTP/1.1" 200 5878
190.95.67.91 - - [26/Nov/2025:10:24:34 -0300] "GET /cormun/static/about:blank HTTP/1.1" 404 1011
190.95.67.91 - - [26/Nov/2025:10:24:44 -0300] "POST /cormun/servlet/permisosadjuntos?828ef6d99cb50fdc0caea6bc02b4663d,INS,7181050,P,20251126102513,, HTTP/1.1" 200 116
190.95.67.91 - - [26/Nov/2025:10:24:44 -0300] "GET /cormun/servlet/hpexe_return? HTTP/1.1" 200 1030
190.95.67.91 - - [26/Nov/2025:10:24:44 -0300] "GET /cormun/servlet/trpermisosadjuntos?7181050,20251126102513,P, HTTP/1.1" 200 7093
190.95.67.91 - - [26/Nov/2025:10:24:46 -0300] "POST /cormun/servlet/trpermisosadjuntos?828ef6d99cb50fdc0caea6bc02b4663d,7181050,20251126102513,P,,gx-no-cache=1764163539176 HTTP/1.1" 200 90
190.95.67.91 - - [26/Nov/2025:10:24:46 -0300] "GET /cormun/servlet/hpexe_link HTTP/1.1" 200 1000
190.95.67.91 - - [26/Nov/2025:10:24:46 -0300] "GET /cormun/servlet/trpermisosgoce?gx-no-cache=1764162186036 HTTP/1.1" 200 19201
190.95.67.91 - - [26/Nov/2025:10:24:49 -0300] "POST /cormun/servlet/trpermisosgoce?828ef6d99cb50fdc0caea6bc02b4663d,gx-no-cache=1764162186036,gx-no-cache=1764163541242 HTTP/1.1" 200 16355
190.95.67.99 - - [26/Nov/2025:10:24:55 -0300] "GET /cormun/servlet/hhome HTTP/1.1" 200 3325
190.95.67.99 - - [26/Nov/2025:10:24:56 -0300] "GET /cormun/servlet/hhome HTTP/1.1" 200 3334
190.95.67.99 - - [26/Nov/2025:10:24:56 -0300] "GET /cormun/servlet/hlogin HTTP/1.1" 200 1735
190.95.15.15 - - [26/Nov/2025:10:24:58 -0300] "POST /cormun/servlet/trlicencias?e0c1a646ba1f37651c18c2d9b2f07de3,,gx-no-cache=1764163551001 HTTP/1.1" 200 9266
190.95.67.91 - - [26/Nov/2025:10:25:01 -0300] "GET /cormun/servlet/permisogoce?INS,0,,, HTTP/1.1" 200 7148
190.95.15.15 - - [26/Nov/2025:10:25:11 -0300] "POST /cormun/servlet/trlicencias?e0c1a646ba1f37651c18c2d9b2f07de3,,gx-no-cache=1764163564363 HTTP/1.1" 200 11639
190.95.67.91 - - [26/Nov/2025:10:25:21 -0300] "GET /cormun/servlet/permisogoce?479d789f895a12ac60a9114f2bc85c93d42260a88f62c4050c4698175f88c873882c7ece5dc0494a4d84c50766612f5795f909b06649aa73e479c7e993b517d3,gx-no-cache=1764163573912 HTTP/1.1" 200 83
190.95.67.91 - - [26/Nov/2025:10:25:29 -0300] "GET /cormun/servlet/permisogoce?479d789f895a12ac60a9114f2bc85c93d13a336aed91e602df94ef8e31ba768d2f518271a3fe7e35a8e963c060e9a8e234119a76fcfc40c80a6f0fc989ee2c4c,gx-no-cache=1764163581628 HTTP/1.1" 200 48
190.95.67.99 - - [26/Nov/2025:10:25:29 -0300] "POST /cormun/servlet/hlogin?3a0cedb2080a444ff24e25bcb4eb322d,gx-no-cache=1764163583179 HTTP/1.1" 200 90
190.95.67.99 - - [26/Nov/2025:10:25:29 -0300] "GET /cormun/servlet/hpexe_link HTTP/1.1" 200 952
192.168.10.19 - - [26/Nov/2025:10:25:30 -0300] "POST /cormun/servlet/vesolicitudgral?1660f8dca4e925144731bf8cfec7cd9d,2025,23124,,,gx-no-cache=1764163592182 HTTP/1.1" 200 12329
190.95.67.99 - - [26/Nov/2025:10:25:30 -0300] "GET /cormun/servlet/hhome HTTP/1.1" 200 4319
192.168.10.19 - - [26/Nov/2025:10:25:30 -0300] "POST /cormun/servlet/vesolicitudgral?1660f8dca4e925144731bf8cfec7cd9d,2025,23124,,,gx-no-cache=1764163592649 HTTP/1.1" 200 12262
190.95.67.91 - - [26/Nov/2025:10:25:32 -0300] "POST /cormun/servlet/permisogoce?828ef6d99cb50fdc0caea6bc02b4663d,INS,0,,,,gx-no-cache=1764163584031 HTTP/1.1" 200 93
190.95.67.91 - - [26/Nov/2025:10:25:32 -0300] "GET /cormun/servlet/hpexe_return? HTTP/1.1" 200 1028
190.95.67.91 - - [26/Nov/2025:10:25:32 -0300] "GET /cormun/servlet/trpermisosgoce?gx-no-cache=1764162186036 HTTP/1.1" 200 19165
190.95.67.91 - - [26/Nov/2025:10:25:34 -0300] "GET /cormun/servlet/trpermisosadjuntos?7181050,20251126102603,P, HTTP/1.1" 200 6578
190.95.67.99 - - [26/Nov/2025:10:25:36 -0300] "GET /cormun/servlet/trpermisosgoce? HTTP/1.1" 200 13248
190.95.67.91 - - [26/Nov/2025:10:25:36 -0300] "GET /cormun/servlet/permisosadjuntos?INS,7181050,P,20251126102603,, HTTP/1.1" 200 5880
190.95.67.91 - - [26/Nov/2025:10:25:36 -0300] "GET /cormun/static/about:blank HTTP/1.1" 404 1011
190.95.1.187 - - [26/Nov/2025:10:25:47 -0300] "GET /cormun/servlet/hlogin HTTP/1.1" 200 1723
190.95.1.187 - - [26/Nov/2025:10:25:49 -0300] "POST /cormun/servlet/hlogin?93d81f4984cdfbf8647e1e277441a435,gx-no-cache=1764163602129 HTTP/1.1" 200 90
190.95.1.187 - - [26/Nov/2025:10:25:49 -0300] "GET /cormun/servlet/hpexe_link HTTP/1.1" 200 953
190.95.1.187 - - [26/Nov/2025:10:25:49 -0300] "GET /cormun/servlet/hhome HTTP/1.1" 200 4020
190.95.1.187 - - [26/Nov/2025:10:25:53 -0300] "GET /cormun/servlet/trlicencias? HTTP/1.1" 200 15613
190.95.67.91 - - [26/Nov/2025:10:26:00 -0300] "POST /cormun/servlet/permisosadjuntos?828ef6d99cb50fdc0caea6bc02b4663d,INS,7181050,P,20251126102603,, HTTP/1.1" 200 116
190.95.67.91 - - [26/Nov/2025:10:26:00 -0300] "GET /cormun/servlet/hpexe_return? HTTP/1.1" 200 1033
190.95.67.91 - - [26/Nov/2025:10:26:00 -0300] "GET /cormun/servlet/trpermisosadjuntos?7181050,20251126102603,P, HTTP/1.1" 200 7095
190.95.1.187 - - [26/Nov/2025:10:26:08 -0300] "GET /cormun/servlet/trpermisosgoce? HTTP/1.1" 200 18440
190.95.67.91 - - [26/Nov/2025:10:26:13 -0300] "POST /cormun/servlet/trpermisosadjuntos?828ef6d99cb50fdc0caea6bc02b4663d,7181050,20251126102603,P,,gx-no-cache=1764163625536 HTTP/1.1" 200 90
190.95.67.91 - - [26/Nov/2025:10:26:13 -0300] "GET /cormun/servlet/hpexe_link HTTP/1.1" 200 1001
190.95.67.91 - - [26/Nov/2025:10:26:13 -0300] "GET /cormun/servlet/trpermisosgoce?gx-no-cache=1764162186036 HTTP/1.1" 200 19162
192.168.10.19 - - [26/Nov/2025:10:26:13 -0300] "GET /cormun/servlet/trsolicitudgral? HTTP/1.1" 200 9733
190.95.15.15 - - [26/Nov/2025:10:26:21 -0300] "POST /cormun/servlet/trlicencias?e0c1a646ba1f37651c18c2d9b2f07de3,,gx-no-cache=1764163634133 HTTP/1.1" 200 14891
181.43.126.18 - - [26/Nov/2025:10:26:24 -0300] "POST /cormun/servlet/hlogin?88d13e54437d9239320fcc307a72e50c,gx-no-cache=1764163634677 HTTP/1.1" 440 972
181.43.126.18 - - [26/Nov/2025:10:26:26 -0300] "GET /cormun/servlet/hlogin HTTP/1.1" 200 1730
190.95.15.15 - - [26/Nov/2025:10:26:50 -0300] "POST /cormun/servlet/trlicencias?e0c1a646ba1f37651c18c2d9b2f07de3,,gx-no-cache=1764163662836 HTTP/1.1" 200 11573
192.168.10.19 - - [26/Nov/2025:10:27:06 -0300] "GET /cormun/servlet/vesolicitudgral?2025,23123,, HTTP/1.1" 200 8397
192.168.10.19 - - [26/Nov/2025:10:27:06 -0300] "GET /cormun/pexe_scrolldiv.js HTTP/1.1" 404 1009
190.95.15.15 - - [26/Nov/2025:10:27:28 -0300] "POST /cormun/servlet/trlicencias?e0c1a646ba1f37651c18c2d9b2f07de3,,gx-no-cache=1764163700724 HTTP/1.1" 200 12307
190.95.67.91 - - [26/Nov/2025:10:27:56 -0300] "GET /cormun/servlet/trpermisosadjuntos?7181050,20251126102603,P, HTTP/1.1" 200 7113
190.95.15.15 - - [26/Nov/2025:10:27:57 -0300] "POST /cormun/servlet/trlicencias?e0c1a646ba1f37651c18c2d9b2f07de3,,gx-no-cache=1764163730175 HTTP/1.1" 200 10086
190.95.67.91 - - [26/Nov/2025:10:27:58 -0300] "POST /cormun/servlet/trpermisosadjuntos?828ef6d99cb50fdc0caea6bc02b4663d,7181050,20251126102603,P,,gx-no-cache=1764163731136 HTTP/1.1" 200 90
190.95.67.91 - - [26/Nov/2025:10:27:58 -0300] "GET /cormun/servlet/hpexe_link HTTP/1.1" 200 1001
190.95.67.91 - - [26/Nov/2025:10:27:58 -0300] "GET /cormun/servlet/trpermisosgoce?gx-no-cache=1764162186036 HTTP/1.1" 200 19162
190.95.67.91 - - [26/Nov/2025:10:28:00 -0300] "POST /cormun/servlet/trpermisosgoce?828ef6d99cb50fdc0caea6bc02b4663d,gx-no-cache=1764162186036,gx-no-cache=1764163733106 HTTP/1.1" 200 16305
190.95.67.91 - - [26/Nov/2025:10:28:31 -0300] "GET /cormun/servlet/permisogoce?INS,0,,, HTTP/1.1" 200 7148
190.95.67.91 - - [26/Nov/2025:10:28:41 -0300] "GET /cormun/servlet/permisogoce?479d789f895a12ac60a9114f2bc85c93beedaed17b87ddbfd50157cba493c7d9cf1896f989bb80de9a55bd7aa7801b6905c6fc901db4aae5793aa3d5e621509b,gx-no-cache=1764163774088 HTTP/1.1" 200 83
190.95.67.91 - - [26/Nov/2025:10:29:10 -0300] "GET /cormun/servlet/permisogoce?479d789f895a12ac60a9114f2bc85c9354c3a06925de298a3778026fa25f2f346b50659bf3ce29db2bf0fde7f2fd0a5db5e0b5598ea31bd396f8f6b0f405a564,gx-no-cache=1764163802962 HTTP/1.1" 200 48
190.95.67.91 - - [26/Nov/2025:10:29:14 -0300] "POST /cormun/servlet/permisogoce?828ef6d99cb50fdc0caea6bc02b4663d,INS,0,,,,gx-no-cache=1764163806959 HTTP/1.1" 200 93
190.95.67.91 - - [26/Nov/2025:10:29:14 -0300] "GET /cormun/servlet/hpexe_return? HTTP/1.1" 200 1028
190.95.67.91 - - [26/Nov/2025:10:29:15 -0300] "GET /cormun/servlet/trpermisosgoce?gx-no-cache=1764162186036 HTTP/1.1" 200 19109
190.95.67.91 - - [26/Nov/2025:10:29:19 -0300] "GET /cormun/servlet/trpermisosadjuntos?18105044,20251126102933,P, HTTP/1.1" 200 6575
190.95.67.91 - - [26/Nov/2025:10:29:20 -0300] "GET /cormun/servlet/permisosadjuntos?INS,18105044,P,20251126102933,, HTTP/1.1" 200 5882
190.95.67.91 - - [26/Nov/2025:10:29:20 -0300] "GET /cormun/static/about:blank HTTP/1.1" 404 1011
190.95.15.31 - - [26/Nov/2025:10:29:45 -0300] "GET /cormun/servlet/trsolicitudot? HTTP/1.1" 200 7570
190.95.67.91 - - [26/Nov/2025:10:29:48 -0300] "POST /cormun/servlet/permisosadjuntos?828ef6d99cb50fdc0caea6bc02b4663d,INS,18105044,P,20251126102933,, HTTP/1.1" 200 116
190.95.67.91 - - [26/Nov/2025:10:29:48 -0300] "GET /cormun/servlet/hpexe_return? HTTP/1.1" 200 1034
190.95.67.91 - - [26/Nov/2025:10:29:48 -0300] "GET /cormun/servlet/trpermisosadjuntos?18105044,20251126102933,P, HTTP/1.1" 200 7072
190.95.15.31 - - [26/Nov/2025:10:29:50 -0300] "GET /cormun/servlet/solicitudot?INS,0,0,false, HTTP/1.1" 200 16362
190.95.67.91 - - [26/Nov/2025:10:29:51 -0300] "POST /cormun/servlet/trpermisosadjuntos?828ef6d99cb50fdc0caea6bc02b4663d,18105044,20251126102933,P,,gx-no-cache=1764163843535 HTTP/1.1" 200 90
190.95.67.91 - - [26/Nov/2025:10:29:51 -0300] "GET /cormun/servlet/hpexe_link HTTP/1.1" 200 1002
190.95.67.91 - - [26/Nov/2025:10:29:51 -0300] "GET /cormun/servlet/trpermisosgoce?gx-no-cache=1764162186036 HTTP/1.1" 200 19106
190.95.15.15 - - [26/Nov/2025:10:29:52 -0300] "POST /cormun/servlet/trlicencias?e0c1a646ba1f37651c18c2d9b2f07de3,,gx-no-cache=1764163844733 HTTP/1.1" 200 6903
190.95.67.91 - - [26/Nov/2025:10:29:54 -0300] "POST /cormun/servlet/trpermisosgoce?828ef6d99cb50fdc0caea6bc02b4663d,gx-no-cache=1764162186036,gx-no-cache=1764163846745 HTTP/1.1" 200 16256
190.95.67.91 - - [26/Nov/2025:10:30:07 -0300] "GET /cormun/servlet/permisogoce?INS,0,,, HTTP/1.1" 200 7148
190.95.67.91 - - [26/Nov/2025:10:30:17 -0300] "GET /cormun/servlet/permisogoce?479d789f895a12ac60a9114f2bc85c9395c846dd3a2bec86ecf9f761737b5083cf1896f989bb80de9a55bd7aa7801b6905c6fc901db4aae5793aa3d5e621509b,gx-no-cache=1764163869944 HTTP/1.1" 200 80
190.95.67.91 - - [26/Nov/2025:10:30:29 -0300] "GET /cormun/servlet/permisogoce?479d789f895a12ac60a9114f2bc85c93a8a6fba73c66be4486e169c4ca09ab32278b03a19c9850c7a243b9301ad33673b5e0b5598ea31bd396f8f6b0f405a564,gx-no-cache=1764163881890 HTTP/1.1" 200 47
190.95.67.91 - - [26/Nov/2025:10:30:35 -0300] "POST /cormun/servlet/permisogoce?828ef6d99cb50fdc0caea6bc02b4663d,INS,0,,,,gx-no-cache=1764163887847 HTTP/1.1" 200 93
190.95.67.91 - - [26/Nov/2025:10:30:35 -0300] "GET /cormun/servlet/hpexe_return? HTTP/1.1" 200 1028
190.95.67.91 - - [26/Nov/2025:10:30:36 -0300] "GET /cormun/servlet/trpermisosgoce?gx-no-cache=1764162186036 HTTP/1.1" 200 19131
190.95.67.91 - - [26/Nov/2025:10:30:42 -0300] "GET /cormun/servlet/trpermisosadjuntos?19158124,20251126103109,P, HTTP/1.1" 200 6575
190.95.67.91 - - [26/Nov/2025:10:30:44 -0300] "GET /cormun/servlet/permisosadjuntos?INS,19158124,P,20251126103109,, HTTP/1.1" 200 5878
190.95.67.91 - - [26/Nov/2025:10:30:44 -0300] "GET /cormun/static/about:blank HTTP/1.1" 404 1011
190.95.67.91 - - [26/Nov/2025:10:31:12 -0300] "POST /cormun/servlet/permisosadjuntos?828ef6d99cb50fdc0caea6bc02b4663d,INS,19158124,P,20251126103109,, HTTP/1.1" 200 116
190.95.67.91 - - [26/Nov/2025:10:31:12 -0300] "GET /cormun/servlet/hpexe_return? HTTP/1.1" 200 1033
190.95.67.91 - - [26/Nov/2025:10:31:12 -0300] "GET /cormun/servlet/trpermisosadjuntos?19158124,20251126103109,P, HTTP/1.1" 200 7091
190.95.67.91 - - [26/Nov/2025:10:31:14 -0300] "POST /cormun/servlet/trpermisosadjuntos?828ef6d99cb50fdc0caea6bc02b4663d,19158124,20251126103109,P,,gx-no-cache=1764163927142 HTTP/1.1" 200 90
190.95.67.91 - - [26/Nov/2025:10:31:14 -0300] "GET /cormun/servlet/hpexe_link HTTP/1.1" 200 1002
190.95.67.91 - - [26/Nov/2025:10:31:15 -0300] "GET /cormun/servlet/trpermisosgoce?gx-no-cache=1764162186036 HTTP/1.1" 200 19128
190.95.67.91 - - [26/Nov/2025:10:31:19 -0300] "POST /cormun/servlet/trpermisosgoce?828ef6d99cb50fdc0caea6bc02b4663d,gx-no-cache=1764162186036,gx-no-cache=1764163931642 HTTP/1.1" 200 16276
190.95.15.31 - - [26/Nov/2025:10:31:20 -0300] "POST /cormun/servlet/solicitudot?gx-no-cache=1764163932958 HTTP/1.1" 200 4157
190.95.15.31 - - [26/Nov/2025:10:31:20 -0300] "POST /cormun/servlet/solicitudot?ee1f8492e3ce25c24cc5a423281d9cca,INS,0,0,false,,gx-no-cache=1764163933201 HTTP/1.1" 200 12976
192.168.10.19 - - [26/Nov/2025:10:31:57 -0300] "GET /cormun/servlet/vesolicitudgral?2025,23123,,SolicitudOTAdjuntos HTTP/1.1" 200 7090
192.168.10.19 - - [26/Nov/2025:10:31:57 -0300] "GET /cormun/pexe_scrolldiv.js HTTP/1.1" 404 1009
192.168.10.19 - - [26/Nov/2025:10:31:58 -0300] "POST /cormun/servlet/acontrolpreferencessavestate?None,RRHH+DANIELA,true HTTP/1.1" 200 35
192.168.10.19 - - [26/Nov/2025:10:31:59 -0300] "GET /cormun/servlet/vesolicitudgral?2025,23123,,General HTTP/1.1" 200 8402
192.168.10.19 - - [26/Nov/2025:10:31:59 -0300] "GET /cormun/pexe_scrolldiv.js HTTP/1.1" 404 1009
190.95.67.91 - - [26/Nov/2025:10:32:20 -0300] "GET /cormun/servlet/permisogoce?INS,0,,, HTTP/1.1" 200 7147
190.95.67.91 - - [26/Nov/2025:10:32:26 -0300] "GET /cormun/servlet/permisogoce?479d789f895a12ac60a9114f2bc85c93db9a7ee46de55330910cb2f0c08b904fcf1896f989bb80de9a55bd7aa7801b6905c6fc901db4aae5793aa3d5e621509b,gx-no-cache=1764163998506 HTTP/1.1" 200 82
190.95.67.91 - - [26/Nov/2025:10:32:33 -0300] "GET /cormun/servlet/permisogoce?479d789f895a12ac60a9114f2bc85c93327dfdbea043c30967c20960ccf3080ecdf9588e3a5a56b59e8d97d1e436c950cab20fe51b7da814d2ed4e3058cf5cfd,gx-no-cache=1764164005536 HTTP/1.1" 200 48
190.95.67.91 - - [26/Nov/2025:10:32:36 -0300] "POST /cormun/servlet/permisogoce?828ef6d99cb50fdc0caea6bc02b4663d,INS,0,,,,gx-no-cache=1764164008295 HTTP/1.1" 200 93
190.95.67.91 - - [26/Nov/2025:10:32:36 -0300] "GET /cormun/servlet/hpexe_return? HTTP/1.1" 200 1028
190.95.67.91 - - [26/Nov/2025:10:32:36 -0300] "GET /cormun/servlet/trpermisosgoce?gx-no-cache=1764162186036 HTTP/1.1" 200 19166
190.95.67.91 - - [26/Nov/2025:10:32:40 -0300] "GET /cormun/servlet/trpermisosadjuntos?20030870,20251126103321,P, HTTP/1.1" 200 6578
190.95.67.91 - - [26/Nov/2025:10:32:42 -0300] "GET /cormun/servlet/permisosadjuntos?INS,20030870,P,20251126103321,, HTTP/1.1" 200 5882
190.95.67.91 - - [26/Nov/2025:10:32:42 -0300] "GET /cormun/static/about:blank HTTP/1.1" 404 1011
190.95.67.91 - - [26/Nov/2025:10:33:01 -0300] "POST /cormun/servlet/permisosadjuntos?828ef6d99cb50fdc0caea6bc02b4663d,INS,20030870,P,20251126103321,, HTTP/1.1" 200 116
190.95.67.91 - - [26/Nov/2025:10:33:01 -0300] "GET /cormun/servlet/hpexe_return? HTTP/1.1" 200 1034
190.95.67.91 - - [26/Nov/2025:10:33:01 -0300] "GET /cormun/servlet/trpermisosadjuntos?20030870,20251126103321,P, HTTP/1.1" 200 7070
190.95.67.91 - - [26/Nov/2025:10:33:15 -0300] "POST /cormun/servlet/trpermisosadjuntos?828ef6d99cb50fdc0caea6bc02b4663d,20030870,20251126103321,P,,gx-no-cache=1764164047648 HTTP/1.1" 200 90
190.95.67.91 - - [26/Nov/2025:10:33:15 -0300] "GET /cormun/servlet/hpexe_link HTTP/1.1" 200 1001
190.95.67.91 - - [26/Nov/2025:10:33:15 -0300] "GET /cormun/servlet/trpermisosgoce?gx-no-cache=1764162186036 HTTP/1.1" 200 19163
190.95.67.91 - - [26/Nov/2025:10:33:19 -0300] "POST /cormun/servlet/trpermisosgoce?828ef6d99cb50fdc0caea6bc02b4663d,gx-no-cache=1764162186036,gx-no-cache=1764164051257 HTTP/1.1" 200 16303
190.95.67.91 - - [26/Nov/2025:10:33:21 -0300] "GET /cormun/servlet/permisogoce?INS,0,,, HTTP/1.1" 200 7148
190.95.67.91 - - [26/Nov/2025:10:33:28 -0300] "GET /cormun/servlet/permisogoce?479d789f895a12ac60a9114f2bc85c93b9d9ddde9b3b71932512cc1514669c76cf1896f989bb80de9a55bd7aa7801b6905c6fc901db4aae5793aa3d5e621509b,gx-no-cache=1764164060967 HTTP/1.1" 200 77
190.95.15.15 - - [26/Nov/2025:10:33:35 -0300] "POST /cormun/servlet/trlicencias?e0c1a646ba1f37651c18c2d9b2f07de3,,gx-no-cache=1764164068248 HTTP/1.1" 200 4179
190.95.67.91 - - [26/Nov/2025:10:33:37 -0300] "GET /cormun/servlet/permisogoce?479d789f895a12ac60a9114f2bc85c931eea798302b4be2a2a1ef14ab40de538d0723a9f8953cf59353e53e626ffb9c5b5e0b5598ea31bd396f8f6b0f405a564,gx-no-cache=1764164070098 HTTP/1.1" 200 48
190.95.67.91 - - [26/Nov/2025:10:33:41 -0300] "POST /cormun/servlet/permisogoce?828ef6d99cb50fdc0caea6bc02b4663d,INS,0,,,,gx-no-cache=1764164073191 HTTP/1.1" 200 93
190.95.67.91 - - [26/Nov/2025:10:33:41 -0300] "GET /cormun/servlet/hpexe_return? HTTP/1.1" 200 1028
190.95.67.91 - - [26/Nov/2025:10:33:41 -0300] "GET /cormun/servlet/trpermisosgoce?gx-no-cache=1764162186036 HTTP/1.1" 200 19109
190.95.67.91 - - [26/Nov/2025:10:33:46 -0300] "GET /cormun/servlet/trpermisosadjuntos?19017119,20251126103423,P, HTTP/1.1" 200 6580
190.95.67.91 - - [26/Nov/2025:10:33:49 -0300] "GET /cormun/servlet/permisosadjuntos?INS,19017119,P,20251126103423,, HTTP/1.1" 200 5876
190.95.67.91 - - [26/Nov/2025:10:33:49 -0300] "GET /cormun/static/about:blank HTTP/1.1" 404 1011
190.95.1.187 - - [26/Nov/2025:10:33:50 -0300] "GET /cormun/servlet/permisogoce?INS,0,,, HTTP/1.1" 200 6883
190.95.67.91 - - [26/Nov/2025:10:34:00 -0300] "POST /cormun/servlet/permisosadjuntos?828ef6d99cb50fdc0caea6bc02b4663d,INS,19017119,P,20251126103423,, HTTP/1.1" 200 116
190.95.67.91 - - [26/Nov/2025:10:34:00 -0300] "GET /cormun/servlet/hpexe_return? HTTP/1.1" 200 1033
190.95.67.91 - - [26/Nov/2025:10:34:00 -0300] "GET /cormun/servlet/trpermisosadjuntos?19017119,20251126103423,P, HTTP/1.1" 200 7090
190.95.1.187 - - [26/Nov/2025:10:34:03 -0300] "GET /cormun/servlet/permisogoce?de227bc0776271b981c99290024d1f37ae57fa8ee172dfdf33f5a183e5068b1613f543e3474f05e69465545d6743aa2654a467e2de5c5722c7ea1597362dff74,gx-no-cache=1764164095809 HTTP/1.1" 200 83
190.95.67.91 - - [26/Nov/2025:10:34:05 -0300] "POST /cormun/servlet/trpermisosadjuntos?828ef6d99cb50fdc0caea6bc02b4663d,19017119,20251126103423,P,,gx-no-cache=1764164098215 HTTP/1.1" 200 90
190.95.67.91 - - [26/Nov/2025:10:34:05 -0300] "GET /cormun/servlet/hpexe_link HTTP/1.1" 200 1003
190.95.1.187 - - [26/Nov/2025:10:34:06 -0300] "GET /cormun/static/menuarrow.gif HTTP/1.1" 404 1015
190.95.67.91 - - [26/Nov/2025:10:34:06 -0300] "GET /cormun/servlet/trpermisosgoce?gx-no-cache=1764162186036 HTTP/1.1" 200 19106
190.95.67.91 - - [26/Nov/2025:10:34:09 -0300] "POST /cormun/servlet/trpermisosgoce?828ef6d99cb50fdc0caea6bc02b4663d,gx-no-cache=1764162186036,gx-no-cache=1764164102185 HTTP/1.1" 200 16251
190.95.1.187 - - [26/Nov/2025:10:34:11 -0300] "GET /cormun/servlet/permisogoce?de227bc0776271b981c99290024d1f3710790a7fecba2722cc188f026207346865616f0e25b9a08b3345eb01f9816184f842e7ffaf84ed2b69fb285a9cf92451,gx-no-cache=1764164103969 HTTP/1.1" 200 48
190.95.1.187 - - [26/Nov/2025:10:34:17 -0300] "POST /cormun/servlet/permisogoce?93d81f4984cdfbf8647e1e277441a435,INS,0,,,,gx-no-cache=1764164108938 HTTP/1.1" 200 93
190.95.1.187 - - [26/Nov/2025:10:34:17 -0300] "GET /cormun/servlet/hpexe_return? HTTP/1.1" 200 1011
190.95.1.187 - - [26/Nov/2025:10:34:17 -0300] "GET /cormun/servlet/trpermisosgoce HTTP/1.1" 200 18597
190.95.1.187 - - [26/Nov/2025:10:34:26 -0300] "GET /cormun/servlet/trpermisosadjuntos?17138580,20251126103452,P, HTTP/1.1" 200 6342
190.95.1.187 - - [26/Nov/2025:10:34:28 -0300] "GET /cormun/servlet/permisosadjuntos?INS,17138580,P,20251126103452,, HTTP/1.1" 200 5658
190.95.1.187 - - [26/Nov/2025:10:34:28 -0300] "GET /cormun/static/about:blank HTTP/1.1" 404 1011
186.40.64.120 - - [26/Nov/2025:10:34:29 -0300] "GET /cormun/servlet/hlogin HTTP/1.1" 200 1719
186.40.64.120 - - [26/Nov/2025:10:34:42 -0300] "POST /cormun/servlet/hlogin?1be9f838cc9c1a0bd63d23e864281771,gx-no-cache=1764164137692 HTTP/1.1" 200 90
186.40.64.120 - - [26/Nov/2025:10:34:42 -0300] "GET /cormun/servlet/hpexe_link HTTP/1.1" 200 947
186.40.64.120 - - [26/Nov/2025:10:34:42 -0300] "GET /cormun/servlet/hhome HTTP/1.1" 200 3911
186.40.64.120 - - [26/Nov/2025:10:34:47 -0300] "GET /cormun/servlet/trpermisosgoce? HTTP/1.1" 200 11624
186.40.64.120 - - [26/Nov/2025:10:34:47 -0300] "GET /cormun/static/gxcfg.js?2020121631564 HTTP/1.1" 200 953
186.40.64.120 - - [26/Nov/2025:10:34:47 -0300] "GET /cormun/static/trpermisosgoce.js?2020121633681 HTTP/1.1" 200 35904
186.40.64.120 - - [26/Nov/2025:10:34:47 -0300] "GET /cormun//static/Resources/PXToolsGridUpdate.png HTTP/1.1" 200 470
186.40.64.120 - - [26/Nov/2025:10:34:47 -0300] "GET /cormun//static/Resources/PXToolsGridDelete.png HTTP/1.1" 200 538
190.95.15.15 - - [26/Nov/2025:10:34:50 -0300] "POST /cormun/servlet/trlicencias?e0c1a646ba1f37651c18c2d9b2f07de3,,gx-no-cache=1764164143003 HTTP/1.1" 200 4181
186.40.64.120 - - [26/Nov/2025:10:34:58 -0300] "GET /cormun/static/menuarrow.gif HTTP/1.1" 404 1015
190.95.1.187 - - [26/Nov/2025:10:35:11 -0300] "POST /cormun/servlet/permisosadjuntos?93d81f4984cdfbf8647e1e277441a435,INS,17138580,P,20251126103452,, HTTP/1.1" 200 116
