179.57.78.71 - - [24/Nov/2025:10:52:01 -0300] "GET /cormun/static/PXToolsJavascripts/pexe_popup.js HTTP/1.1" 200 15149
179.57.78.71 - - [24/Nov/2025:10:52:01 -0300] "GET /cormun/static/PXToolsJavascripts/pexe_scrolldiv.js HTTP/1.1" 200 4138
179.57.78.71 - - [24/Nov/2025:10:52:01 -0300] "GET /cormun/static/PXToolsJavascripts/pexe_tabs.js HTTP/1.1" 200 3748
179.57.78.71 - - [24/Nov/2025:10:52:01 -0300] "GET /cormun/static/PXToolsJavascripts/pexe_tabdivfix.js HTTP/1.1" 200 898
179.57.78.71 - - [24/Nov/2025:10:52:01 -0300] "GET /cormun/static/PXToolsJavascripts/pexe_upload.js HTTP/1.1" 200 1423
179.57.78.71 - - [24/Nov/2025:10:52:01 -0300] "GET /cormun/static/PXToolsJavascripts/PXToolsJavascriptsRender.js HTTP/1.1" 200 367
179.57.78.71 - - [24/Nov/2025:10:52:01 -0300] "GET /cormun/static/Resources/CormunMP2.png HTTP/1.1" 200 6878
179.57.78.71 - - [24/Nov/2025:10:52:01 -0300] "GET /cormun/static/Resources/ImgHome.png HTTP/1.1" 200 1364
179.57.78.71 - - [24/Nov/2025:10:52:01 -0300] "GET /cormun/static/Resources/ImgLogin.png HTTP/1.1" 200 1432
179.57.78.71 - - [24/Nov/2025:10:52:01 -0300] "GET /cormun/static/RunJS/RunJS.js HTTP/1.1" 200 288
179.57.78.71 - - [24/Nov/2025:10:52:01 -0300] "GET /cormun/static/Resources/Llave.png HTTP/1.1" 200 1395
179.57.78.71 - - [24/Nov/2025:10:52:01 -0300] "GET /cormun/static/Shared/ext/locale/ext-lang-en.js HTTP/1.1" 200 10940
179.57.78.71 - - [24/Nov/2025:10:52:01 -0300] "GET /cormun/static/hhome.js?20201215495544 HTTP/1.1" 200 777
179.57.78.71 - - [24/Nov/2025:10:52:01 -0300] "GET /cormun/static/hwchdr01.js?2022112219251119 HTTP/1.1" 200 996
179.57.78.71 - - [24/Nov/2025:10:52:01 -0300] "GET /cormun/static/Resources/PXToolsDataTitle.png HTTP/1.1" 200 1173
179.57.78.71 - - [24/Nov/2025:10:52:01 -0300] "GET /cormun/static/gxui/gxui-all.js HTTP/1.1" 200 107772
179.57.78.71 - - [24/Nov/2025:10:52:01 -0300] "GET /cormun/static/hpexe_recentlink.js?20201214471090 HTTP/1.1" 200 2144
179.57.78.71 - - [24/Nov/2025:10:52:01 -0300] "GET /cormun/static/hpexe_scripts.js?20201214471411 HTTP/1.1" 200 1544
179.57.78.71 - - [24/Nov/2025:10:52:01 -0300] "GET /cormun/static/hpexe_messagecontroller.js?202211298371222 HTTP/1.1" 200 870
179.57.78.71 - - [24/Nov/2025:10:52:01 -0300] "GET /cormun/static/hpexe_messagepopupcomponent.js?2020121447232 HTTP/1.1" 200 605
179.57.78.71 - - [24/Nov/2025:10:52:01 -0300] "GET /cormun/static/hpexe_messagegenexuscomponent.js?20221129836373 HTTP/1.1" 200 587
179.57.78.71 - - [24/Nov/2025:10:52:01 -0300] "GET /cormun/static/cmcontrolpreferences.js?20199141926336 HTTP/1.1" 200 1375
179.57.78.71 - - [24/Nov/2025:10:52:01 -0300] "GET /cormun/static/SmoothNavMenu/resources/SmoothNavMenuRender.js HTTP/1.1" 200 5951
179.57.78.71 - - [24/Nov/2025:10:52:01 -0300] "GET /cormun/static/SmoothNavMenu/resources/ddsmoothmenu.js HTTP/1.1" 200 12712
179.57.78.71 - - [24/Nov/2025:10:52:01 -0300] "GET /cormun/static/Shared/jquery/jquery-1.4.2.min.js HTTP/1.1" 200 72174
179.57.78.71 - - [24/Nov/2025:10:52:01 -0300] "GET /cormun/static/scaMessage/js/jquery.pnotify.min.js HTTP/1.1" 200 13038
179.57.78.71 - - [24/Nov/2025:10:52:01 -0300] "GET /cormun/static/scaMessage/scaMessageRender.js HTTP/1.1" 200 11977
179.57.78.71 - - [24/Nov/2025:10:52:01 -0300] "GET /cormun/static/hmpwkw03.js?20221129844354 HTTP/1.1" 200 3971
179.57.78.71 - - [24/Nov/2025:10:52:01 -0300] "GET /cormun/static/Shared/jquery/jquery-1.10.2.min.js HTTP/1.1" 200 273199
179.57.78.71 - - [24/Nov/2025:10:52:01 -0300] "GET /cormun/static/Shared/jqueryui/jquery-ui.min.js HTTP/1.1" 200 240427
179.57.78.71 - - [24/Nov/2025:10:52:02 -0300] "GET /cormun/static/Shared/ext/ext-all.js HTTP/1.1" 200 1289687
179.57.78.71 - - [24/Nov/2025:10:52:02 -0300] "GET /cormun/static/SmoothNavMenu/resources/images/down.gif HTTP/1.1" 200 854
179.57.78.71 - - [24/Nov/2025:10:52:02 -0300] "GET /cormun/static/SmoothNavMenu/resources/images/right.gif HTTP/1.1" 200 860
201.186.226.3 - - [24/Nov/2025:10:52:08 -0300] "POST /cormun/servlet/hlogin?76e355f4e9030ba35b8179338f013414,gx-no-cache=1763992384111 HTTP/1.1" 200 90
201.186.226.3 - - [24/Nov/2025:10:52:08 -0300] "GET /cormun/servlet/hpexe_link HTTP/1.1" 200 956
201.186.226.3 - - [24/Nov/2025:10:52:08 -0300] "GET /cormun/servlet/trpermisosgoce HTTP/1.1" 200 14294
179.57.78.71 - - [24/Nov/2025:10:52:09 -0300] "GET /cormun/servlet/trlicencias? HTTP/1.1" 200 12796
179.57.78.71 - - [24/Nov/2025:10:52:09 -0300] "GET /cormun/static/gxui/gxui-all.css?120300 HTTP/1.1" 200 2179
179.57.78.71 - - [24/Nov/2025:10:52:09 -0300] "GET /cormun/static/calendar-system.css?85620 HTTP/1.1" 200 5572
179.57.78.71 - - [24/Nov/2025:10:52:09 -0300] "GET /cormun/static/gxcfg.js?202211298463625 HTTP/1.1" 200 953
179.57.78.71 - - [24/Nov/2025:10:52:09 -0300] "GET /cormun/static/calendar-setup.js?85251 HTTP/1.1" 200 2588
179.57.78.71 - - [24/Nov/2025:10:52:09 -0300] "GET /cormun/static/calendar.js?85251 HTTP/1.1" 200 26246
179.57.78.71 - - [24/Nov/2025:10:52:09 -0300] "GET /cormun/static/calendar-es.js?85251 HTTP/1.1" 200 1901
179.57.78.71 - - [24/Nov/2025:10:52:09 -0300] "GET /cormun/static/Resources/PXTools/calendar.png HTTP/1.1" 200 1306
179.57.78.71 - - [24/Nov/2025:10:52:09 -0300] "GET /cormun/static/gxdec.js?85251 HTTP/1.1" 200 19579
179.57.78.71 - - [24/Nov/2025:10:52:09 -0300] "GET /cormun/static/trlicencias.js?202211298463889 HTTP/1.1" 200 41883
179.57.78.71 - - [24/Nov/2025:10:52:09 -0300] "GET /cormun/static/Resources/PXToolsDataSearch.png HTTP/1.1" 200 435
179.57.78.71 - - [24/Nov/2025:10:52:09 -0300] "GET /cormun/static/Shared/ext/resources/css/ext-all.css?215870 HTTP/1.1" 200 416045
179.57.78.71 - - [24/Nov/2025:10:52:09 -0300] "GET /cormun/static/Resources/PXToolsGridFirstDisabled.gif HTTP/1.1" 200 100
179.57.78.71 - - [24/Nov/2025:10:52:09 -0300] "GET /cormun/static/Resources/PXToolsGridNextDisabled.gif HTTP/1.1" 200 90
179.57.78.71 - - [24/Nov/2025:10:52:09 -0300] "GET /cormun/static/Resources/PXToolsGridPreviousDisabled.gif HTTP/1.1" 200 90
179.57.78.71 - - [24/Nov/2025:10:52:09 -0300] "GET /cormun/static/Resources/PXToolsActionExcel.png HTTP/1.1" 200 727
179.57.78.71 - - [24/Nov/2025:10:52:09 -0300] "GET /cormun/static/Resources/PXToolsAddAllAction.png HTTP/1.1" 200 495
179.57.78.71 - - [24/Nov/2025:10:52:09 -0300] "GET /cormun/static/Resources/PXToolsGridPage.gif HTTP/1.1" 200 725
179.57.78.71 - - [24/Nov/2025:10:52:09 -0300] "GET /cormun/static/Resources/PXToolsGridLastDisabled.gif HTTP/1.1" 200 98
179.57.78.71 - - [24/Nov/2025:10:52:09 -0300] "GET /cormun/static/Resources/desc.gif HTTP/1.1" 200 65
179.57.78.71 - - [24/Nov/2025:10:52:09 -0300] "GET /cormun/static/Resources/asc.gif HTTP/1.1" 200 67
179.57.78.71 - - [24/Nov/2025:10:52:09 -0300] "GET /cormun//static/Resources/PXToolsGridDisplay.png HTTP/1.1" 200 525
179.57.78.71 - - [24/Nov/2025:10:52:09 -0300] "GET /cormun//static/Resources/PXToolsActionDisabled.gif HTTP/1.1" 200 53
179.57.78.71 - - [24/Nov/2025:10:52:09 -0300] "GET /cormun//static/Resources/PXToolsActionPrint.png HTTP/1.1" 200 404
179.57.78.71 - - [24/Nov/2025:10:52:09 -0300] "GET /cormun//static/Resources/PXTools/ActionInsert.png HTTP/1.1" 200 1482
179.57.78.71 - - [24/Nov/2025:10:52:09 -0300] "GET /cormun//static/Resources/PXToolsHeaderFavorites.png HTTP/1.1" 200 1414
179.57.78.71 - - [24/Nov/2025:10:52:09 -0300] "GET /cormun//static/Resources/PXToolsHeaderHelp.png HTTP/1.1" 200 1333
179.57.78.71 - - [24/Nov/2025:10:52:09 -0300] "GET /cormun/static/Shared/ext/resources/themes/images/default/tools/tool-sprites.gif HTTP/1.1" 200 5434
179.57.78.71 - - [24/Nov/2025:10:52:09 -0300] "GET /cormun/static/Shared/ext/resources/themes/images/default/panel/bg-headersPanel.png HTTP/1.1" 200 255
201.186.226.3 - - [24/Nov/2025:10:52:13 -0300] "GET /cormun/servlet/permisogoce?INS,0,,, HTTP/1.1" 200 6792
179.57.78.55 - - [24/Nov/2025:10:52:15 -0300] "GET /cormun/servlet/trpermisosgoce? HTTP/1.1" 200 6031
179.57.78.55 - - [24/Nov/2025:10:52:15 -0300] "GET /cormun/servlet/hlogin HTTP/1.1" 200 1736
179.57.78.55 - - [24/Nov/2025:10:52:22 -0300] "POST /cormun/servlet/hlogin?1ff233c4fffe7c5c71b175967aaa3d1d,gx-no-cache=1763992397687 HTTP/1.1" 200 90
179.57.78.55 - - [24/Nov/2025:10:52:22 -0300] "GET /cormun/servlet/hpexe_link HTTP/1.1" 200 954
179.57.78.55 - - [24/Nov/2025:10:52:22 -0300] "GET /cormun/servlet/trpermisosgoce HTTP/1.1" 200 17713
179.57.78.55 - - [24/Nov/2025:10:52:34 -0300] "POST /cormun/servlet/trpermisosgoce?1ff233c4fffe7c5c71b175967aaa3d1d,gx-no-cache=1763992409451 HTTP/1.1" 200 14558
179.57.78.55 - - [24/Nov/2025:10:52:34 -0300] "POST /cormun/servlet/trpermisosgoce?1ff233c4fffe7c5c71b175967aaa3d1d,gx-no-cache=1763992409911 HTTP/1.1" 200 14537
201.186.226.3 - - [24/Nov/2025:10:53:03 -0300] "GET /cormun/servlet/permisogoce?10d2eda92b76579965386f62ac7a387f25834e0bbc8ddc7dc0b06f7a0c60051772c399df2fae7b983cd9c37077887da064939b28fb9300c0082eae9d69bf3eeb,gx-no-cache=1763992439184 HTTP/1.1" 200 84
179.57.78.71 - - [24/Nov/2025:10:53:08 -0300] "GET /cormun/servlet/trsolicitudot? HTTP/1.1" 200 7476
179.57.78.71 - - [24/Nov/2025:10:53:09 -0300] "GET /cormun/static/gxcfg.js?20221129846531 HTTP/1.1" 200 953
179.57.78.71 - - [24/Nov/2025:10:53:09 -0300] "GET /cormun/static/trsolicitudot.js?202211298465651 HTTP/1.1" 200 54040
201.186.226.3 - - [24/Nov/2025:10:53:09 -0300] "GET /cormun/static/menuarrow.gif HTTP/1.1" 404 1015
179.57.78.71 - - [24/Nov/2025:10:53:13 -0300] "GET /cormun/servlet/solicitudot?INS,0,0,false, HTTP/1.1" 200 16265
179.57.78.71 - - [24/Nov/2025:10:53:14 -0300] "GET /cormun/static/gxcfg.js?20221129840861 HTTP/1.1" 200 953
179.57.78.71 - - [24/Nov/2025:10:53:14 -0300] "GET /cormun/static/Resources/prompt.gif HTTP/1.1" 200 902
179.57.78.71 - - [24/Nov/2025:10:53:14 -0300] "GET /cormun/static/solicitudot.js?20221129840983 HTTP/1.1" 200 74072
201.186.226.3 - - [24/Nov/2025:10:53:23 -0300] "GET /cormun/servlet/permisogoce?10d2eda92b76579965386f62ac7a387f8aba7b93cd5e754bc3b78315fa0f935117e88e19075fe9b30049e8b5dd810bdb5e8e6e6838fb4ddd8767895878119f6e,gx-no-cache=1763992458788 HTTP/1.1" 200 47
201.186.226.3 - - [24/Nov/2025:10:53:43 -0300] "POST /cormun/servlet/permisogoce?76e355f4e9030ba35b8179338f013414,INS,0,,,,gx-no-cache=1763992479032 HTTP/1.1" 200 93
201.186.226.3 - - [24/Nov/2025:10:53:43 -0300] "GET /cormun/servlet/hpexe_return? HTTP/1.1" 200 1009
201.186.226.3 - - [24/Nov/2025:10:53:44 -0300] "GET /cormun/servlet/trpermisosgoce HTTP/1.1" 200 14562
179.57.78.71 - - [24/Nov/2025:10:53:44 -0300] "POST /cormun/servlet/solicitudot?gx-no-cache=1763992479872 HTTP/1.1" 200 4039
179.57.78.71 - - [24/Nov/2025:10:53:44 -0300] "POST /cormun/servlet/solicitudot?d2d4bc89172ed81c47f920d5cd67f616,INS,0,0,false,,gx-no-cache=1763992480078 HTTP/1.1" 200 12898
179.57.78.71 - - [24/Nov/2025:10:53:47 -0300] "GET /cormun/servlet/solicitudot?9a9fa437358890c0d565e14826aa0b10ba3ad57597fb459a1ed6fb2948def69d129ea86e5651e61ec96af0b3249a27e0,gx-no-cache=1763992482888 HTTP/1.1" 200 30
201.186.226.3 - - [24/Nov/2025:10:53:52 -0300] "GET /cormun/servlet/apermisogoceprn?11530122,P,20251124105320,PU HTTP/1.1" 200 1654
190.95.67.91 - - [24/Nov/2025:10:54:05 -0300] "POST /cormun/servlet/hlogin?4dea492a1a70695b40b50234edc84172,gx-no-cache=1763992501135 HTTP/1.1" 200 90
190.95.67.91 - - [24/Nov/2025:10:54:05 -0300] "GET /cormun/servlet/hpexe_link HTTP/1.1" 200 951
190.95.67.95 - - [24/Nov/2025:10:54:06 -0300] "GET /cormun/servlet/hlogin HTTP/1.1" 200 1716
190.95.67.95 - - [24/Nov/2025:10:54:06 -0300] "GET /favicon.ico HTTP/1.1" 200 21630
190.95.67.91 - - [24/Nov/2025:10:54:06 -0300] "GET /cormun/servlet/hhome HTTP/1.1" 200 4245
190.95.67.95 - - [24/Nov/2025:10:54:08 -0300] "POST /cormun/servlet/hlogin?8033a4cd35520b2b8e9b6335ac8f9b5a,gx-no-cache=1763992502121 HTTP/1.1" 200 90
190.95.67.95 - - [24/Nov/2025:10:54:08 -0300] "GET /cormun/servlet/hpexe_link HTTP/1.1" 200 944
190.95.67.95 - - [24/Nov/2025:10:54:09 -0300] "GET /cormun/servlet/hhome HTTP/1.1" 200 4001
190.95.67.91 - - [24/Nov/2025:10:54:09 -0300] "GET /cormun/servlet/trlicencias? HTTP/1.1" 200 17839
190.95.67.95 - - [24/Nov/2025:10:54:14 -0300] "GET /cormun/servlet/trpermisosgoce? HTTP/1.1" 200 13745
190.95.67.95 - - [24/Nov/2025:10:54:19 -0300] "GET /cormun/servlet/permisogoce?INS,0,,, HTTP/1.1" 200 6867
191.126.48.25 - - [24/Nov/2025:10:54:22 -0300] "GET /cormun/servlet/permisogoce?832411b133f5c744486272bff1f29c3bdb97daadcbff71045009a01008cf699ec8933d7639428037f5843d8b9dedfa037aae0aac68f38451093f192322df6581,gx-no-cache=1763992519139 HTTP/1.1" 200 226
191.126.48.25 - - [24/Nov/2025:10:54:23 -0300] "GET /cormun/static/Shared/jqueryui/images/ui-bg_highlight-soft_100_c6c2c8_1x100.png HTTP/1.1" 404 1117
191.126.48.25 - - [24/Nov/2025:10:54:23 -0300] "GET /cormun/static/Shared/jqueryui/images/ui-icons_ebccce_256x240.png HTTP/1.1" 404 1089
191.126.48.25 - - [24/Nov/2025:10:54:23 -0300] "GET /cormun/static/Shared/jqueryui/images/ui-icons_82798d_256x240.png HTTP/1.1" 404 1089
191.126.48.25 - - [24/Nov/2025:10:54:23 -0300] "GET /cormun/static/Shared/jqueryui/images/ui-bg_flat_55_994d53_40x100.png HTTP/1.1" 404 1097
190.95.67.95 - - [24/Nov/2025:10:54:29 -0300] "GET /cormun/servlet/permisogoce?1160f5c3baa9ecfbdb473d3ca3cc7c151063f649c4caf495b61680e19aa4b11b77cff4bfa22b75ad8b3c964398e6955a04301e4eda7805ffdfb8cd3ef0da7f3e,gx-no-cache=1763992522692 HTTP/1.1" 200 80
190.95.67.95 - - [24/Nov/2025:10:54:29 -0300] "GET /cormun/static/menuarrow.gif HTTP/1.1" 404 1015
190.95.67.95 - - [24/Nov/2025:10:54:37 -0300] "GET /cormun/servlet/permisogoce?1160f5c3baa9ecfbdb473d3ca3cc7c158a12267bf3de96bcd1f3b44bfd0b763d3f8ad1f0521a0c013fbcc4de20e7bfec885e14ab0e93332087480ef29311aac9,gx-no-cache=1763992530953 HTTP/1.1" 200 48
191.126.48.25 - - [24/Nov/2025:10:54:42 -0300] "GET /cormun/servlet/permisogoce?832411b133f5c744486272bff1f29c3bf388863833f076757a6afe9d8f051d89c8933d7639428037f5843d8b9dedfa037aae0aac68f38451093f192322df6581,gx-no-cache=1763992539002 HTTP/1.1" 200 85
190.95.67.95 - - [24/Nov/2025:10:54:44 -0300] "POST /cormun/servlet/permisogoce?8033a4cd35520b2b8e9b6335ac8f9b5a,INS,0,,,,gx-no-cache=1763992537426 HTTP/1.1" 200 93
190.95.67.95 - - [24/Nov/2025:10:54:44 -0300] "GET /cormun/servlet/hpexe_return? HTTP/1.1" 200 1003
190.95.67.95 - - [24/Nov/2025:10:54:45 -0300] "GET /cormun/servlet/trpermisosgoce HTTP/1.1" 200 14012
190.95.67.95 - - [24/Nov/2025:10:54:48 -0300] "GET /cormun/servlet/apermisogoceprn?15125673,P,20251124105526,PU HTTP/1.1" 200 1651
191.126.48.25 - - [24/Nov/2025:10:54:50 -0300] "GET /cormun/servlet/trpermisosgoce? HTTP/1.1" 200 10921
191.126.48.25 - - [24/Nov/2025:10:54:56 -0300] "GET /cormun/servlet/trpermisosgoce? HTTP/1.1" 200 10914
191.126.48.25 - - [24/Nov/2025:10:55:01 -0300] "GET /cormun/servlet/permisogoce?INS,0,,, HTTP/1.1" 200 6779
191.126.48.25 - - [24/Nov/2025:10:55:10 -0300] "GET /cormun/servlet/permisogoce?832411b133f5c744486272bff1f29c3bf388863833f076757a6afe9d8f051d89c8933d7639428037f5843d8b9dedfa037aae0aac68f38451093f192322df6581,gx-no-cache=1763992566852 HTTP/1.1" 200 85
191.126.48.25 - - [24/Nov/2025:10:55:18 -0300] "GET /cormun/servlet/permisogoce?832411b133f5c744486272bff1f29c3b49e0078679e2e562799b293cd65a6eac4d896bc1307e318de9f2235426aac1d0639406f758ed93d5f5e144ee68bb0a58,gx-no-cache=1763992574715 HTTP/1.1" 200 48
191.126.48.25 - - [24/Nov/2025:10:55:21 -0300] "POST /cormun/servlet/permisogoce?510ee7c6dc8b42698016fce919796560,INS,0,,,,gx-no-cache=1763992576911 HTTP/1.1" 200 93
191.126.48.25 - - [24/Nov/2025:10:55:21 -0300] "GET /cormun/servlet/hpexe_return? HTTP/1.1" 200 1008
191.126.48.25 - - [24/Nov/2025:10:55:21 -0300] "GET /cormun/servlet/trpermisosgoce HTTP/1.1" 200 11116
192.168.10.19 - - [24/Nov/2025:10:55:22 -0300] "GET /cormun/servlet/hlogin HTTP/1.1" 200 1722
191.126.48.25 - - [24/Nov/2025:10:55:48 -0300] "GET /cormun/servlet/permisogoce?INS,0,,, HTTP/1.1" 200 6779
191.126.48.25 - - [24/Nov/2025:10:55:59 -0300] "GET /cormun/servlet/permisogoce?832411b133f5c744486272bff1f29c3b7d2cb2b13d74926836e7deeeb8ecb4a1c8933d7639428037f5843d8b9dedfa037aae0aac68f38451093f192322df6581,gx-no-cache=1763992615278 HTTP/1.1" 200 83
192.168.10.19 - - [24/Nov/2025:10:56:03 -0300] "POST /cormun/servlet/hlogin?3e0c5d2dcb0178455f012cd78e64aa82,gx-no-cache=1763992630434 HTTP/1.1" 200 90
192.168.10.19 - - [24/Nov/2025:10:56:03 -0300] "GET /cormun/servlet/hpexe_link HTTP/1.1" 200 960
192.168.10.19 - - [24/Nov/2025:10:56:03 -0300] "GET /cormun/servlet/trsolicitudgral? HTTP/1.1" 200 8320
191.126.48.25 - - [24/Nov/2025:10:56:05 -0300] "GET /cormun/servlet/permisogoce?832411b133f5c744486272bff1f29c3b6bb71b5d2362bdcf2dc5112785c6477974c83fee4876f290418e116c878651ba639406f758ed93d5f5e144ee68bb0a58,gx-no-cache=1763992621837 HTTP/1.1" 200 48
191.126.48.25 - - [24/Nov/2025:10:56:08 -0300] "POST /cormun/servlet/permisogoce?510ee7c6dc8b42698016fce919796560,INS,0,,,,gx-no-cache=1763992624023 HTTP/1.1" 200 93
191.126.48.25 - - [24/Nov/2025:10:56:08 -0300] "GET /cormun/servlet/hpexe_return? HTTP/1.1" 200 1008
191.126.48.25 - - [24/Nov/2025:10:56:08 -0300] "GET /cormun/servlet/trpermisosgoce HTTP/1.1" 200 11388
192.168.10.19 - - [24/Nov/2025:10:56:10 -0300] "POST /cormun/servlet/trsolicitudgral?3e0c5d2dcb0178455f012cd78e64aa82,,gx-no-cache=1763992637436 HTTP/1.1" 200 6643
179.57.78.71 - - [24/Nov/2025:10:56:25 -0300] "GET /cormun/servlet/solicitudot?9a9fa437358890c0d565e14826aa0b103897b3f528adbb67414253c072e4d767c1801595146b6b1000ef4293e0f3e212,gx-no-cache=1763992640735 HTTP/1.1" 200 103
179.57.78.71 - - [24/Nov/2025:10:56:25 -0300] "GET /cormun/static/Shared/jqueryui/images/ui-bg_highlight-soft_100_c6c2c8_1x100.png HTTP/1.1" 404 1117
179.57.78.71 - - [24/Nov/2025:10:56:25 -0300] "GET /cormun/static/Shared/jqueryui/images/ui-icons_82798d_256x240.png HTTP/1.1" 404 1089
179.57.78.71 - - [24/Nov/2025:10:56:25 -0300] "GET /cormun/static/Shared/jqueryui/images/ui-bg_flat_55_994d53_40x100.png HTTP/1.1" 404 1097
179.57.78.71 - - [24/Nov/2025:10:56:25 -0300] "GET /cormun/static/Shared/jqueryui/images/ui-icons_ebccce_256x240.png HTTP/1.1" 404 1089
192.168.10.19 - - [24/Nov/2025:10:56:26 -0300] "POST /cormun/servlet/trsolicitudgral?3e0c5d2dcb0178455f012cd78e64aa82,,gx-no-cache=1763992653059 HTTP/1.1" 200 5258
191.126.48.25 - - [24/Nov/2025:10:56:31 -0300] "GET /cormun/servlet/permisogoce?INS,0,,, HTTP/1.1" 200 6779
191.126.48.25 - - [24/Nov/2025:10:56:43 -0300] "GET /cormun/servlet/permisogoce?832411b133f5c744486272bff1f29c3b31aacc726c84b12616b109b0428f7f9dc8933d7639428037f5843d8b9dedfa037aae0aac68f38451093f192322df6581,gx-no-cache=1763992659799 HTTP/1.1" 200 80
192.168.10.19 - - [24/Nov/2025:10:56:47 -0300] "POST /cormun/servlet/trsolicitudgral?3e0c5d2dcb0178455f012cd78e64aa82,,gx-no-cache=1763992674699 HTTP/1.1" 200 5261
201.186.226.3 - - [24/Nov/2025:10:57:11 -0300] "GET /cormun/servlet/hlogin HTTP/1.1" 200 1739
179.57.78.71 - - [24/Nov/2025:10:57:54 -0300] "POST /cormun/servlet/solicitudot?d2d4bc89172ed81c47f920d5cd67f616,INS,0,0,false,,gx-no-cache=1763992729811 HTTP/1.1" 200 13265
172.225.83.50 - - [24/Nov/2025:10:57:57 -0300] "GET /cormun/servlet/hlogin HTTP/1.1" 200 1719
172.225.83.50 - - [24/Nov/2025:10:58:05 -0300] "POST /cormun/servlet/hlogin?35ee3f5d2d81ed91266c1208b0e61497,gx-no-cache=1763992738601 HTTP/1.1" 200 90
172.225.83.50 - - [24/Nov/2025:10:58:05 -0300] "GET /cormun/servlet/hpexe_link HTTP/1.1" 200 950
172.225.83.50 - - [24/Nov/2025:10:58:06 -0300] "GET /cormun/servlet/hhome HTTP/1.1" 200 4263
172.225.83.50 - - [24/Nov/2025:10:58:11 -0300] "GET /cormun/servlet/trlicencias? HTTP/1.1" 200 12791
172.225.83.50 - - [24/Nov/2025:10:58:16 -0300] "GET /cormun/servlet/hlogin HTTP/1.1" 200 1736
190.95.67.93 - - [24/Nov/2025:10:58:23 -0300] "GET /cormun/servlet/apermisogoceprn?13301971,P,20251124104647,PU HTTP/1.1" 200 1662
191.126.48.25 - - [24/Nov/2025:10:58:47 -0300] "GET /cormun/servlet/permisogoce?832411b133f5c744486272bff1f29c3bf12a7fa4948e595fd40cb5e9cd8149dea471504ef0c29b1b620c7967523d275336cc8a0d40ec0c9b0a5f886dbc96a158,gx-no-cache=1763992784074 HTTP/1.1" 200 48
192.168.10.19 - - [24/Nov/2025:10:59:42 -0300] "GET /cormun/servlet/trsolicitudgral? HTTP/1.1" 200 8320
191.126.48.25 - - [24/Nov/2025:11:00:00 -0300] "GET /cormun/servlet/hlogin HTTP/1.1" 200 1720
191.126.48.25 - - [24/Nov/2025:11:00:02 -0300] "POST /cormun/servlet/hlogin?510ee7c6dc8b42698016fce919796560,gx-no-cache=1763992858743 HTTP/1.1" 200 90
191.126.48.25 - - [24/Nov/2025:11:00:02 -0300] "GET /cormun/servlet/hpexe_link HTTP/1.1" 200 963
191.126.48.25 - - [24/Nov/2025:11:00:02 -0300] "GET /cormun/servlet/permisogoce?INS,0,,, HTTP/1.1" 200 6780
179.57.78.71 - - [24/Nov/2025:11:00:38 -0300] "GET /cormun/static/Resources/resize.gif HTTP/1.1" 200 77
179.57.78.71 - - [24/Nov/2025:11:00:38 -0300] "GET /cormun/static/Resources/PXTools/ClosePrompt.png HTTP/1.1" 200 1036
179.57.78.71 - - [24/Nov/2025:11:00:38 -0300] "GET /cormun/servlet/prbanco?,MD,,gxPopupLevel%3D0%3B HTTP/1.1" 200 6657
179.57.78.71 - - [24/Nov/2025:11:00:38 -0300] "GET /cormun/static/gxcfg.js?20201216131581 HTTP/1.1" 200 953
179.57.78.71 - - [24/Nov/2025:11:00:38 -0300] "GET /cormun/static/prbanco.js?20201216132311 HTTP/1.1" 200 10693
179.57.78.71 - - [24/Nov/2025:11:00:38 -0300] "GET /cormun/static/Resources/PXToolsMenuSearch.png HTTP/1.1" 200 336
179.57.78.71 - - [24/Nov/2025:11:00:38 -0300] "GET /cormun/static/hmpwkw011.js?202211298443482 HTTP/1.1" 200 1968
179.57.78.71 - - [24/Nov/2025:11:00:38 -0300] "GET /cormun/static/Resources/PXToolsMenuSearchCancel.png HTTP/1.1" 200 306
179.57.78.71 - - [24/Nov/2025:11:00:38 -0300] "GET /cormun/static/menusearch.js?20201214473581 HTTP/1.1" 200 1424
179.57.78.71 - - [24/Nov/2025:11:00:43 -0300] "GET /cormun/servlet/solicitudot?9a9fa437358890c0d565e14826aa0b103897b3f528adbb67414253c072e4d767e2c714a54bcc2f1670940c910337a967c0c925b02dbb02e9e576b91063db8924,gx-no-cache=1763992899350 HTTP/1.1" 200 30
179.57.78.71 - - [24/Nov/2025:11:00:45 -0300] "GET /cormun/servlet/solicitudot?9a9fa437358890c0d565e14826aa0b1058bb8d8b94674141e7af8f2d4aae3ab4,gx-no-cache=1763992901333 HTTP/1.1" 200 53
179.57.78.71 - - [24/Nov/2025:11:01:12 -0300] "POST /cormun/servlet/solicitudot?gx-no-cache=1763992928264 HTTP/1.1" 200 297
179.57.78.71 - - [24/Nov/2025:11:01:12 -0300] "GET /cormun/servlet/solicitudot?9a9fa437358890c0d565e14826aa0b104100dca0c3014e51d1b4a339b3d6ace0a3419338db6ab87c1bd16683ff4031c9ae754de47158b65896266dc55f842d932929f278735fe73cdd2c454963219eda7570da65974a796beda43e39745458c1d3f67f007c7a7ee1bdde582f66f4dd1ced375dca4f29293bd21a04237d3429a8174b23fe72a1a4e109ecab807c920d4bf88beb7e75188baaf8c925f3f20d7dedf2fac328853fa53ede5e88226940cf8b62ea202a69337eb12533601febc592e6508e7c2adc5293fb1f576fa94b8c5ef09a8148b655e296f7b365b900c8f3a293297212fcd0c992df1fb29d7035ea013f7aedd8915d5e5de4337b52cea03df0306dae42f852b493e985c43f52f9183404b23a826f56d90b487934e45cc9ae5dd868aeb6024e669a9cb91470b0a819b7b4f3f252e12de9322398d6664b036c948dc82060e8974e8564f96364ba059f2f5bf2eacedbacf3c7239f5e7369f7a3fcf9d4ea29c82fc985cf4a5f69e20af48c5d2aa5460d992de00745ecc55d1693a27c0222241c57b50db14fb13be8d1324d9f,gx-no-cache=1763992928332 HTTP/1.1" 200 30
179.57.78.71 - - [24/Nov/2025:11:01:19 -0300] "POST /cormun/servlet/solicitudot?gx-no-cache=1763992934947 HTTP/1.1" 200 30
179.57.78.71 - - [24/Nov/2025:11:01:24 -0300] "POST /cormun/servlet/solicitudot?d2d4bc89172ed81c47f920d5cd67f616,INS,0,0,false,,gx-no-cache=1763992939490 HTTP/1.1" 200 13394
179.57.78.71 - - [24/Nov/2025:11:01:32 -0300] "POST /cormun/servlet/solicitudot?d2d4bc89172ed81c47f920d5cd67f616,INS,0,0,false,,gx-no-cache=1763992947945 HTTP/1.1" 200 13456
179.57.78.71 - - [24/Nov/2025:11:01:34 -0300] "POST /cormun/servlet/solicitudot?d2d4bc89172ed81c47f920d5cd67f616,INS,0,0,false,,gx-no-cache=1763992949033 HTTP/1.1" 200 13524
179.57.78.71 - - [24/Nov/2025:11:01:53 -0300] "POST /cormun/servlet/solicitudot?gx-no-cache=1763992968924 HTTP/1.1" 200 1482
179.57.78.71 - - [24/Nov/2025:11:02:11 -0300] "POST /cormun/servlet/solicitudot?gx-no-cache=1763992986721 HTTP/1.1" 200 41
191.126.48.25 - - [24/Nov/2025:11:03:22 -0300] "GET /cormun/servlet/permisogoce?832411b133f5c744486272bff1f29c3bae95671d789e624e36c58db3a679541ac8933d7639428037f5843d8b9dedfa037aae0aac68f38451093f192322df6581,gx-no-cache=1763993058381 HTTP/1.1" 200 79
191.126.48.25 - - [24/Nov/2025:11:03:22 -0300] "GET /cormun/static/menuarrow.gif HTTP/1.1" 404 1015
191.126.48.25 - - [24/Nov/2025:11:04:17 -0300] "GET /cormun/servlet/trpermisosgoce? HTTP/1.1" 200 11391
190.95.67.93 - - [24/Nov/2025:11:06:04 -0300] "GET /cormun/servlet/apermisogoceprn?16253381,P,20251120082527,PU HTTP/1.1" 200 1650
179.57.78.71 - - [24/Nov/2025:11:06:26 -0300] "GET /cormun/servlet/solicitudot?9a9fa437358890c0d565e14826aa0b103733f0e87578a3a5cea09084febc5028fdfa2fd6ef22977154533ae09a11905abf094c129bfa57a175c2b3f5507ed12b059bc6fca399747cbbd1312f7487329240fe66ab88541c4342a9ac015ea9dcdceaa9bef4ac11d8f395f01b6b5092e282,gx-no-cache=1763993241438 HTTP/1.1" 200 110
179.57.78.71 - - [24/Nov/2025:11:06:26 -0300] "POST /cormun/servlet/solicitudot?gx-no-cache=1763993241556 HTTP/1.1" 200 79
179.57.78.71 - - [24/Nov/2025:11:06:36 -0300] "GET /cormun/servlet/solicitudot?9a9fa437358890c0d565e14826aa0b10655e5511b7bfc1453b2466652a65d9995657c2c54b3f7de9c59dc2131a0b05aa0f60ad4943799b823bf80e7327104b5edbb386590205db6ca085800bba59d2bfe207e9044e1c2a78e78e11c50b962cf90e0f5889c8f5a98ec0c417f521f69070,gx-no-cache=1763993251871 HTTP/1.1" 200 29
190.95.67.93 - - [24/Nov/2025:11:06:38 -0300] "GET /cormun/servlet/apermisogoceprn?16253381,P,20251120082636,PU HTTP/1.1" 200 1659
179.57.78.71 - - [24/Nov/2025:11:06:51 -0300] "GET /cormun/servlet/solicitudot?9a9fa437358890c0d565e14826aa0b107f4604a27a0f43fd91a91794bc7caf61a12dc21009de5a91d47fd661a55168e7,gx-no-cache=1763993266575 HTTP/1.1" 200 30
179.57.78.71 - - [24/Nov/2025:11:06:51 -0300] "POST /cormun/servlet/solicitudot?gx-no-cache=1763993266625 HTTP/1.1" 200 34
201.186.225.185 - - [24/Nov/2025:11:07:18 -0300] "GET /cormun/servlet/hlogin HTTP/1.1" 200 1724
201.186.225.185 - - [24/Nov/2025:11:07:21 -0300] "POST /cormun/servlet/hlogin?7f31aab1f90e2a5678ee1d2723da850b,gx-no-cache=1763993296598 HTTP/1.1" 200 90
201.186.225.185 - - [24/Nov/2025:11:07:21 -0300] "GET /cormun/servlet/hpexe_link HTTP/1.1" 200 956
201.186.225.185 - - [24/Nov/2025:11:07:21 -0300] "GET /cormun/servlet/hhome HTTP/1.1" 200 4233
179.57.78.71 - - [24/Nov/2025:11:07:45 -0300] "POST /cormun/servlet/solicitudot?gx-no-cache=1763993320469 HTTP/1.1" 200 30
179.57.78.71 - - [24/Nov/2025:11:08:24 -0300] "POST /cormun/servlet/solicitudot?gx-no-cache=1763993360128 HTTP/1.1" 200 30
179.57.78.71 - - [24/Nov/2025:11:08:24 -0300] "POST /cormun/servlet/solicitudot?gx-no-cache=1763993360197 HTTP/1.1" 200 1482
179.57.78.71 - - [24/Nov/2025:11:08:24 -0300] "POST /cormun/servlet/solicitudot?gx-no-cache=1763993360296 HTTP/1.1" 200 41
179.57.78.71 - - [24/Nov/2025:11:08:24 -0300] "GET /cormun/servlet/solicitudot?9a9fa437358890c0d565e14826aa0b103733f0e87578a3a5cea09084febc5028fdfa2fd6ef22977154533ae09a11905abf094c129bfa57a175c2b3f5507ed12b059bc6fca399747cbbd1312f7487329240fe66ab88541c4342a9ac015ea9dcdceaa9bef4ac11d8f395f01b6b5092e282,gx-no-cache=1763993360336 HTTP/1.1" 200 110
179.57.78.71 - - [24/Nov/2025:11:08:24 -0300] "POST /cormun/servlet/solicitudot?gx-no-cache=1763993360381 HTTP/1.1" 200 79
179.57.78.71 - - [24/Nov/2025:11:08:24 -0300] "GET /cormun/servlet/solicitudot?9a9fa437358890c0d565e14826aa0b107f4604a27a0f43fd91a91794bc7caf61a12dc21009de5a91d47fd661a55168e7,gx-no-cache=1763993360429 HTTP/1.1" 200 30
179.57.78.71 - - [24/Nov/2025:11:08:24 -0300] "POST /cormun/servlet/solicitudot?gx-no-cache=1763993360469 HTTP/1.1" 200 34
179.57.78.71 - - [24/Nov/2025:11:08:25 -0300] "POST /cormun/servlet/solicitudot?d2d4bc89172ed81c47f920d5cd67f616,INS,0,0,false,,gx-no-cache=1763993360516 HTTP/1.1" 200 93
179.57.78.71 - - [24/Nov/2025:11:08:25 -0300] "GET /cormun/servlet/hpexe_return? HTTP/1.1" 200 1011
179.57.78.71 - - [24/Nov/2025:11:08:25 -0300] "GET /cormun/static/hpexe_return.js?20221129846037 HTTP/1.1" 200 1633
179.57.78.71 - - [24/Nov/2025:11:08:25 -0300] "GET /cormun/static/gxcfg.js?20221129846035 HTTP/1.1" 200 953
179.57.78.71 - - [24/Nov/2025:11:08:25 -0300] "GET /cormun/servlet/trsolicitudot HTTP/1.1" 200 8886
179.57.78.71 - - [24/Nov/2025:11:08:26 -0300] "GET /cormun//static/Resources/PXToolsActionView.png HTTP/1.1" 200 398
179.57.78.71 - - [24/Nov/2025:11:08:26 -0300] "GET /cormun//static/Resources/PXToolsGridUpdate.png HTTP/1.1" 200 470
179.57.78.71 - - [24/Nov/2025:11:08:26 -0300] "GET /cormun//static/Resources/PXToolsGridDelete.png HTTP/1.1" 200 538
179.57.78.71 - - [24/Nov/2025:11:08:26 -0300] "GET /cormun//static/Resources/PXToolsRemoveAllAction.png HTTP/1.1" 200 487
191.126.48.25 - - [24/Nov/2025:11:08:27 -0300] "GET /cormun/servlet/permisogoce?INS,0,,, HTTP/1.1" 200 6780
179.57.78.71 - - [24/Nov/2025:11:08:35 -0300] "POST /cormun/servlet/trsolicitudot?d2d4bc89172ed81c47f920d5cd67f616,gx-no-cache=1763993371034 HTTP/1.1" 200 6256
179.57.78.71 - - [24/Nov/2025:11:08:35 -0300] "GET /cormun/static/Shared/jqueryui/images/ui-icons_82798d_256x240.png HTTP/1.1" 404 1089
179.57.78.71 - - [24/Nov/2025:11:08:35 -0300] "GET /cormun/static/Shared/jqueryui/images/ui-bg_highlight-soft_100_c6c2c8_1x100.png HTTP/1.1" 404 1117
179.57.78.71 - - [24/Nov/2025:11:08:35 -0300] "GET /cormun/static/Shared/jqueryui/images/ui-icons_8d78a5_256x240.png HTTP/1.1" 404 1089
179.57.78.71 - - [24/Nov/2025:11:08:35 -0300] "GET /cormun/static/Shared/jqueryui/images/ui-bg_flat_55_fafafa_40x100.png HTTP/1.1" 404 1097
191.126.48.25 - - [24/Nov/2025:11:08:42 -0300] "GET /cormun/servlet/permisogoce?832411b133f5c744486272bff1f29c3b31aacc726c84b12616b109b0428f7f9dc8933d7639428037f5843d8b9dedfa037aae0aac68f38451093f192322df6581,gx-no-cache=1763993378359 HTTP/1.1" 200 80
179.57.78.71 - - [24/Nov/2025:11:08:42 -0300] "POST /cormun/servlet/trsolicitudot?d2d4bc89172ed81c47f920d5cd67f616,gx-no-cache=1763993377922 HTTP/1.1" 200 107
179.57.78.71 - - [24/Nov/2025:11:08:42 -0300] "GET /cormun/servlet/trsolicitudadjuntos?2025,23119, HTTP/1.1" 200 6372
179.57.78.71 - - [24/Nov/2025:11:08:42 -0300] "GET /cormun/static/gxcfg.js?20201215574222 HTTP/1.1" 200 953
179.57.78.71 - - [24/Nov/2025:11:08:42 -0300] "GET /cormun/static/Resources/PXToolsGridNew.png HTTP/1.1" 200 427
179.57.78.71 - - [24/Nov/2025:11:08:42 -0300] "GET /cormun/static/trsolicitudadjuntos.js?20201215574932 HTTP/1.1" 200 17921
179.57.78.71 - - [24/Nov/2025:11:08:45 -0300] "GET /cormun/servlet/solicitudotadjuntos?INS,2025,23119,,2, HTTP/1.1" 200 6316
179.57.78.71 - - [24/Nov/2025:11:08:45 -0300] "GET /cormun/static/gxcfg.js?202211298385187 HTTP/1.1" 200 953
179.57.78.71 - - [24/Nov/2025:11:08:45 -0300] "GET /cormun/static/solicitudotadjuntos.js?202211298385196 HTTP/1.1" 200 11771
179.57.78.71 - - [24/Nov/2025:11:08:45 -0300] "GET /cormun/static/about:blank HTTP/1.1" 404 1011
179.57.78.71 - - [24/Nov/2025:11:08:45 -0300] "GET /cormun/servlet/solicitudotadjuntos?9a9fa437358890c0d565e14826aa0b104e0ed803eb359d97bb9d7dba957b0674f748e2e2463361effd0ad6e1b8da6491,gx-no-cache=1763993381417 HTTP/1.1" 200 30
179.57.78.71 - - [24/Nov/2025:11:08:46 -0300] "POST /cormun/servlet/solicitudotadjuntos?d2d4bc89172ed81c47f920d5cd67f616,INS,2025,23119,,2,,gx-no-cache=1763993381480 HTTP/1.1" 200 4368
190.95.15.31 - - [24/Nov/2025:11:08:46 -0300] "GET /cormun/servlet/trautorizarsolicitud? HTTP/1.1" 200 6219
190.95.15.31 - - [24/Nov/2025:11:08:46 -0300] "GET /cormun/servlet/hlogin HTTP/1.1" 200 1737
190.95.15.31 - - [24/Nov/2025:11:08:51 -0300] "POST /cormun/servlet/hlogin?63973115a4eb4173ed7874e23910b0cc,gx-no-cache=1763993386661 HTTP/1.1" 200 90
190.95.15.31 - - [24/Nov/2025:11:08:51 -0300] "GET /cormun/servlet/hpexe_link HTTP/1.1" 200 956
190.95.15.31 - - [24/Nov/2025:11:08:51 -0300] "GET /cormun/servlet/trautorizarsolicitud HTTP/1.1" 200 7289
179.57.78.55 - - [24/Nov/2025:11:08:52 -0300] "GET /cormun/static/menuarrow.gif HTTP/1.1" 404 1015
191.126.48.25 - - [24/Nov/2025:11:08:54 -0300] "GET /cormun/servlet/permisogoce?832411b133f5c744486272bff1f29c3bf12a7fa4948e595fd40cb5e9cd8149dea471504ef0c29b1b620c7967523d275336cc8a0d40ec0c9b0a5f886dbc96a158,gx-no-cache=1763993390463 HTTP/1.1" 200 48
191.126.48.25 - - [24/Nov/2025:11:08:56 -0300] "POST /cormun/servlet/permisogoce?510ee7c6dc8b42698016fce919796560,INS,0,,,,gx-no-cache=1763993392754 HTTP/1.1" 200 93
191.126.48.25 - - [24/Nov/2025:11:08:57 -0300] "GET /cormun/servlet/hpexe_return? HTTP/1.1" 200 1008
191.126.48.25 - - [24/Nov/2025:11:08:57 -0300] "GET /cormun/servlet/trpermisosgoce HTTP/1.1" 200 11618
179.57.78.71 - - [24/Nov/2025:11:09:00 -0300] "POST /cormun/servlet/solicitudotadjuntos?d2d4bc89172ed81c47f920d5cd67f616,INS,2025,23119,,2,,gx-no-cache=1763993395938 HTTP/1.1" 200 93
179.57.78.71 - - [24/Nov/2025:11:09:00 -0300] "GET /cormun/servlet/hpexe_return? HTTP/1.1" 200 1028
179.57.78.71 - - [24/Nov/2025:11:09:00 -0300] "GET /cormun/servlet/trsolicitudadjuntos?2025,23119, HTTP/1.1" 200 6375
179.57.78.71 - - [24/Nov/2025:11:09:04 -0300] "GET /cormun/servlet/solicitudotadjuntos?INS,2025,23119,,2, HTTP/1.1" 200 6316
179.57.78.71 - - [24/Nov/2025:11:09:04 -0300] "GET /cormun/static/about:blank HTTP/1.1" 404 1011
179.57.78.71 - - [24/Nov/2025:11:09:04 -0300] "GET /cormun/servlet/solicitudotadjuntos?9a9fa437358890c0d565e14826aa0b104e0ed803eb359d97bb9d7dba957b0674f748e2e2463361effd0ad6e1b8da6491,gx-no-cache=1763993400266 HTTP/1.1" 200 30
179.57.78.71 - - [24/Nov/2025:11:09:04 -0300] "POST /cormun/servlet/solicitudotadjuntos?d2d4bc89172ed81c47f920d5cd67f616,INS,2025,23119,,2,,gx-no-cache=1763993400303 HTTP/1.1" 200 4369
179.57.78.55 - - [24/Nov/2025:11:09:09 -0300] "POST /cormun/servlet/trpermisosgoce?1ff233c4fffe7c5c71b175967aaa3d1d,gx-no-cache=1763993404883 HTTP/1.1" 200 5541
179.57.78.71 - - [24/Nov/2025:11:09:11 -0300] "GET /cormun/servlet/trsolicitudot? HTTP/1.1" 200 8894
201.186.225.185 - - [24/Nov/2025:11:09:20 -0300] "GET /cormun/servlet/trlicencias? HTTP/1.1" 200 12574
190.95.15.31 - - [24/Nov/2025:11:09:21 -0300] "GET /cormun/servlet/trlicencias? HTTP/1.1" 200 10853
179.57.78.71 - - [24/Nov/2025:11:09:25 -0300] "POST /cormun/servlet/trsolicitudot?d2d4bc89172ed81c47f920d5cd67f616,,gx-no-cache=1763993421034 HTTP/1.1" 200 107
179.57.78.71 - - [24/Nov/2025:11:09:25 -0300] "GET /cormun/servlet/trsolicitudadjuntos?2025,23119, HTTP/1.1" 200 6371
179.57.78.71 - - [24/Nov/2025:11:09:31 -0300] "GET /cormun/servlet/solicitudotadjuntos?INS,2025,23119,,1, HTTP/1.1" 200 6317
179.57.78.71 - - [24/Nov/2025:11:09:31 -0300] "GET /cormun/static/about:blank HTTP/1.1" 404 1011
179.57.78.71 - - [24/Nov/2025:11:09:32 -0300] "GET /cormun/servlet/solicitudotadjuntos?9a9fa437358890c0d565e14826aa0b104e0ed803eb359d97bb9d7dba957b0674f748e2e2463361effd0ad6e1b8da6491,gx-no-cache=1763993427748 HTTP/1.1" 200 30
179.57.78.71 - - [24/Nov/2025:11:09:32 -0300] "POST /cormun/servlet/solicitudotadjuntos?d2d4bc89172ed81c47f920d5cd67f616,INS,2025,23119,,1,,gx-no-cache=1763993427784 HTTP/1.1" 200 4155
179.57.78.71 - - [24/Nov/2025:11:09:44 -0300] "POST /cormun/servlet/solicitudotadjuntos?gx-no-cache=1763993439973 HTTP/1.1" 200 26
179.57.78.71 - - [24/Nov/2025:11:10:59 -0300] "GET /cormun/servlet/solicitudotadjuntos?9a9fa437358890c0d565e14826aa0b10cf78baebc0063a81cb70253c35616607,gx-no-cache=1763993514648 HTTP/1.1" 200 30
179.57.78.71 - - [24/Nov/2025:11:10:59 -0300] "GET /cormun/servlet/solicitudotadjuntos?9a9fa437358890c0d565e14826aa0b10cf78baebc0063a81cb70253c35616607,gx-no-cache=1763993514692 HTTP/1.1" 200 30
179.57.78.71 - - [24/Nov/2025:11:10:59 -0300] "POST /cormun/servlet/solicitudotadjuntos?d2d4bc89172ed81c47f920d5cd67f616,INS,2025,23119,,1, HTTP/1.1" 200 116
179.57.78.71 - - [24/Nov/2025:11:10:59 -0300] "GET /cormun/servlet/hpexe_return? HTTP/1.1" 200 1028
179.57.78.71 - - [24/Nov/2025:11:10:59 -0300] "GET /cormun/servlet/trsolicitudadjuntos?2025,23119, HTTP/1.1" 200 9519
179.57.78.71 - - [24/Nov/2025:11:11:02 -0300] "GET /cormun/servlet/solicitudotadjuntos?INS,2025,23119,,1, HTTP/1.1" 200 6318
179.57.78.71 - - [24/Nov/2025:11:11:02 -0300] "GET /cormun/static/about:blank HTTP/1.1" 404 1011
179.57.78.71 - - [24/Nov/2025:11:11:03 -0300] "GET /cormun/servlet/solicitudotadjuntos?9a9fa437358890c0d565e14826aa0b104e0ed803eb359d97bb9d7dba957b0674f748e2e2463361effd0ad6e1b8da6491,gx-no-cache=1763993518870 HTTP/1.1" 200 30
179.57.78.71 - - [24/Nov/2025:11:11:03 -0300] "POST /cormun/servlet/solicitudotadjuntos?d2d4bc89172ed81c47f920d5cd67f616,INS,2025,23119,,1,,gx-no-cache=1763993518910 HTTP/1.1" 200 4155
179.57.78.71 - - [24/Nov/2025:11:11:07 -0300] "POST /cormun/servlet/solicitudotadjuntos?gx-no-cache=1763993523201 HTTP/1.1" 200 26
179.57.78.71 - - [24/Nov/2025:11:11:23 -0300] "GET /cormun/servlet/solicitudotadjuntos?9a9fa437358890c0d565e14826aa0b10cf78baebc0063a81cb70253c35616607,gx-no-cache=1763993538807 HTTP/1.1" 200 30
179.57.78.71 - - [24/Nov/2025:11:11:23 -0300] "GET /cormun/servlet/solicitudotadjuntos?9a9fa437358890c0d565e14826aa0b10cf78baebc0063a81cb70253c35616607,gx-no-cache=1763993538832 HTTP/1.1" 200 30
179.57.78.71 - - [24/Nov/2025:11:11:23 -0300] "POST /cormun/servlet/solicitudotadjuntos?d2d4bc89172ed81c47f920d5cd67f616,INS,2025,23119,,1, HTTP/1.1" 200 116
179.57.78.71 - - [24/Nov/2025:11:11:23 -0300] "GET /cormun/servlet/hpexe_return? HTTP/1.1" 200 1028
179.57.78.71 - - [24/Nov/2025:11:11:23 -0300] "GET /cormun/servlet/trsolicitudadjuntos?2025,23119, HTTP/1.1" 200 9766
179.57.78.71 - - [24/Nov/2025:11:11:27 -0300] "GET /cormun/servlet/solicitudotadjuntos?INS,2025,23119,,1, HTTP/1.1" 200 6318
179.57.78.71 - - [24/Nov/2025:11:11:27 -0300] "GET /cormun/static/about:blank HTTP/1.1" 404 1011
179.57.78.71 - - [24/Nov/2025:11:11:28 -0300] "GET /cormun/servlet/solicitudotadjuntos?9a9fa437358890c0d565e14826aa0b104e0ed803eb359d97bb9d7dba957b0674f748e2e2463361effd0ad6e1b8da6491,gx-no-cache=1763993543602 HTTP/1.1" 200 30
179.57.78.71 - - [24/Nov/2025:11:11:28 -0300] "POST /cormun/servlet/solicitudotadjuntos?d2d4bc89172ed81c47f920d5cd67f616,INS,2025,23119,,1,,gx-no-cache=1763993543636 HTTP/1.1" 200 4155
179.57.78.71 - - [24/Nov/2025:11:11:37 -0300] "POST /cormun/servlet/solicitudotadjuntos?gx-no-cache=1763993552943 HTTP/1.1" 200 26
179.57.78.71 - - [24/Nov/2025:11:11:47 -0300] "GET /cormun/servlet/solicitudotadjuntos?9a9fa437358890c0d565e14826aa0b10cf78baebc0063a81cb70253c35616607,gx-no-cache=1763993563375 HTTP/1.1" 200 30
179.57.78.71 - - [24/Nov/2025:11:11:47 -0300] "GET /cormun/servlet/solicitudotadjuntos?9a9fa437358890c0d565e14826aa0b10cf78baebc0063a81cb70253c35616607,gx-no-cache=1763993563401 HTTP/1.1" 200 30
179.57.78.71 - - [24/Nov/2025:11:11:48 -0300] "POST /cormun/servlet/solicitudotadjuntos?d2d4bc89172ed81c47f920d5cd67f616,INS,2025,23119,,1, HTTP/1.1" 200 6634
179.57.78.71 - - [24/Nov/2025:11:11:48 -0300] "GET /home/sistema/apache-tomcat-7.0.65/webapps/cormun/PrivateTempStorage/upload_00020583.pdf HTTP/1.1" 404 1135
179.57.78.71 - - [24/Nov/2025:11:11:48 -0300] "GET /cormun/static/Shared/jqueryui/images/ui-bg_flat_55_994d53_40x100.png HTTP/1.1" 404 1097
179.57.78.71 - - [24/Nov/2025:11:11:48 -0300] "GET /cormun/static/Shared/jqueryui/images/ui-icons_ebccce_256x240.png HTTP/1.1" 404 1089
179.57.78.71 - - [24/Nov/2025:11:11:48 -0300] "GET /cormun/PrivateTempStorage/upload_00020583.pdf HTTP/1.1" 200 25502
190.95.15.31 - - [24/Nov/2025:11:12:02 -0300] "GET /cormun/servlet/trautorizarsolicitud? HTTP/1.1" 200 7288
179.57.78.71 - - [24/Nov/2025:11:12:05 -0300] "POST /cormun/servlet/solicitudotadjuntos?d2d4bc89172ed81c47f920d5cd67f616,INS,2025,23119,,1,,gx-no-cache=1763993581384 HTTP/1.1" 200 93
179.57.78.71 - - [24/Nov/2025:11:12:06 -0300] "GET /cormun/servlet/hpexe_return? HTTP/1.1" 200 1028
179.57.78.71 - - [24/Nov/2025:11:12:06 -0300] "GET /cormun/servlet/trsolicitudadjuntos?2025,23119, HTTP/1.1" 200 9765
179.57.78.71 - - [24/Nov/2025:11:12:11 -0300] "GET /cormun/servlet/solicitudotadjuntos?INS,2025,23119,,1, HTTP/1.1" 200 6318
179.57.78.71 - - [24/Nov/2025:11:12:11 -0300] "GET /cormun/static/about:blank HTTP/1.1" 404 1011
179.57.78.71 - - [24/Nov/2025:11:12:12 -0300] "GET /cormun/servlet/solicitudotadjuntos?9a9fa437358890c0d565e14826aa0b104e0ed803eb359d97bb9d7dba957b0674f748e2e2463361effd0ad6e1b8da6491,gx-no-cache=1763993587935 HTTP/1.1" 200 30
179.57.78.71 - - [24/Nov/2025:11:12:12 -0300] "POST /cormun/servlet/solicitudotadjuntos?d2d4bc89172ed81c47f920d5cd67f616,INS,2025,23119,,1,,gx-no-cache=1763993587969 HTTP/1.1" 200 4155
190.95.15.31 - - [24/Nov/2025:11:12:15 -0300] "GET /cormun/servlet/trpermisosgoce? HTTP/1.1" 200 15978
179.57.78.71 - - [24/Nov/2025:11:12:16 -0300] "POST /cormun/servlet/solicitudotadjuntos?gx-no-cache=1763993592256 HTTP/1.1" 200 26
190.95.15.31 - - [24/Nov/2025:11:12:24 -0300] "GET /cormun/servlet/permisogoce?INS,0,,, HTTP/1.1" 200 7248
179.57.78.71 - - [24/Nov/2025:11:12:30 -0300] "GET /cormun/servlet/solicitudotadjuntos?9a9fa437358890c0d565e14826aa0b10cf78baebc0063a81cb70253c35616607,gx-no-cache=1763993606207 HTTP/1.1" 200 30
179.57.78.71 - - [24/Nov/2025:11:12:30 -0300] "GET /cormun/servlet/solicitudotadjuntos?9a9fa437358890c0d565e14826aa0b10cf78baebc0063a81cb70253c35616607,gx-no-cache=1763993606232 HTTP/1.1" 200 30
179.57.78.71 - - [24/Nov/2025:11:12:30 -0300] "POST /cormun/servlet/solicitudotadjuntos?d2d4bc89172ed81c47f920d5cd67f616,INS,2025,23119,,1, HTTP/1.1" 200 116
179.57.78.71 - - [24/Nov/2025:11:12:30 -0300] "GET /cormun/servlet/hpexe_return? HTTP/1.1" 200 1028
179.57.78.71 - - [24/Nov/2025:11:12:31 -0300] "GET /cormun/servlet/trsolicitudadjuntos?2025,23119, HTTP/1.1" 200 10020
190.95.15.31 - - [24/Nov/2025:11:12:31 -0300] "GET /cormun/servlet/trpermisosgoce? HTTP/1.1" 200 15978
179.57.78.71 - - [24/Nov/2025:11:12:34 -0300] "GET /cormun/servlet/solicitudotadjuntos?INS,2025,23119,,1, HTTP/1.1" 200 6318
179.57.78.71 - - [24/Nov/2025:11:12:34 -0300] "GET /cormun/static/about:blank HTTP/1.1" 404 1011
179.57.78.71 - - [24/Nov/2025:11:12:35 -0300] "GET /cormun/servlet/solicitudotadjuntos?9a9fa437358890c0d565e14826aa0b104e0ed803eb359d97bb9d7dba957b0674f748e2e2463361effd0ad6e1b8da6491,gx-no-cache=1763993610536 HTTP/1.1" 200 30
179.57.78.71 - - [24/Nov/2025:11:12:35 -0300] "POST /cormun/servlet/solicitudotadjuntos?d2d4bc89172ed81c47f920d5cd67f616,INS,2025,23119,,1,,gx-no-cache=1763993610563 HTTP/1.1" 200 4155
179.57.78.71 - - [24/Nov/2025:11:12:39 -0300] "POST /cormun/servlet/solicitudotadjuntos?gx-no-cache=1763993615256 HTTP/1.1" 200 26
190.95.15.31 - - [24/Nov/2025:11:12:50 -0300] "POST /cormun/servlet/trpermisosgoce?63973115a4eb4173ed7874e23910b0cc,,gx-no-cache=1763993626377 HTTP/1.1" 200 5356
179.57.78.71 - - [24/Nov/2025:11:12:55 -0300] "GET /cormun/servlet/solicitudotadjuntos?9a9fa437358890c0d565e14826aa0b10cf78baebc0063a81cb70253c35616607,gx-no-cache=1763993630959 HTTP/1.1" 200 30
179.57.78.71 - - [24/Nov/2025:11:12:55 -0300] "GET /cormun/servlet/solicitudotadjuntos?9a9fa437358890c0d565e14826aa0b10cf78baebc0063a81cb70253c35616607,gx-no-cache=1763993630983 HTTP/1.1" 200 30
179.57.78.71 - - [24/Nov/2025:11:12:55 -0300] "POST /cormun/servlet/solicitudotadjuntos?d2d4bc89172ed81c47f920d5cd67f616,INS,2025,23119,,1, HTTP/1.1" 200 116
179.57.78.71 - - [24/Nov/2025:11:12:55 -0300] "GET /cormun/servlet/hpexe_return? HTTP/1.1" 200 1028
179.57.78.71 - - [24/Nov/2025:11:12:55 -0300] "GET /cormun/servlet/trsolicitudadjuntos?2025,23119, HTTP/1.1" 200 10297
179.57.78.71 - - [24/Nov/2025:11:12:58 -0300] "GET /cormun/servlet/solicitudotadjuntos?INS,2025,23119,,1, HTTP/1.1" 200 6316
179.57.78.71 - - [24/Nov/2025:11:12:59 -0300] "GET /cormun/static/about:blank HTTP/1.1" 404 1011
179.57.78.71 - - [24/Nov/2025:11:12:59 -0300] "GET /cormun/servlet/solicitudotadjuntos?9a9fa437358890c0d565e14826aa0b104e0ed803eb359d97bb9d7dba957b0674f748e2e2463361effd0ad6e1b8da6491,gx-no-cache=1763993635152 HTTP/1.1" 200 30
179.57.78.71 - - [24/Nov/2025:11:12:59 -0300] "POST /cormun/servlet/solicitudotadjuntos?d2d4bc89172ed81c47f920d5cd67f616,INS,2025,23119,,1,,gx-no-cache=1763993635187 HTTP/1.1" 200 4154
179.57.78.71 - - [24/Nov/2025:11:13:04 -0300] "POST /cormun/servlet/solicitudotadjuntos?gx-no-cache=1763993639880 HTTP/1.1" 200 26
179.57.78.71 - - [24/Nov/2025:11:13:26 -0300] "GET /cormun/servlet/solicitudotadjuntos?9a9fa437358890c0d565e14826aa0b10cf78baebc0063a81cb70253c35616607,gx-no-cache=1763993662191 HTTP/1.1" 200 30
179.57.78.71 - - [24/Nov/2025:11:13:26 -0300] "GET /cormun/servlet/solicitudotadjuntos?9a9fa437358890c0d565e14826aa0b10cf78baebc0063a81cb70253c35616607,gx-no-cache=1763993662238 HTTP/1.1" 200 30
179.57.78.71 - - [24/Nov/2025:11:13:26 -0300] "POST /cormun/servlet/solicitudotadjuntos?d2d4bc89172ed81c47f920d5cd67f616,INS,2025,23119,,1, HTTP/1.1" 200 116
179.57.78.71 - - [24/Nov/2025:11:13:26 -0300] "GET /cormun/servlet/hpexe_return? HTTP/1.1" 200 1028
179.57.78.71 - - [24/Nov/2025:11:13:27 -0300] "GET /cormun/servlet/trsolicitudadjuntos?2025,23119, HTTP/1.1" 200 10529
179.57.78.71 - - [24/Nov/2025:11:13:30 -0300] "GET /cormun/servlet/solicitudotadjuntos?INS,2025,23119,,1, HTTP/1.1" 200 6316
179.57.78.71 - - [24/Nov/2025:11:13:30 -0300] "GET /cormun/static/about:blank HTTP/1.1" 404 1011
179.57.78.71 - - [24/Nov/2025:11:13:31 -0300] "GET /cormun/servlet/solicitudotadjuntos?9a9fa437358890c0d565e14826aa0b104e0ed803eb359d97bb9d7dba957b0674f748e2e2463361effd0ad6e1b8da6491,gx-no-cache=1763993666585 HTTP/1.1" 200 30
179.57.78.71 - - [24/Nov/2025:11:13:31 -0300] "POST /cormun/servlet/solicitudotadjuntos?d2d4bc89172ed81c47f920d5cd67f616,INS,2025,23119,,1,,gx-no-cache=1763993666622 HTTP/1.1" 200 4154
179.57.78.71 - - [24/Nov/2025:11:13:34 -0300] "POST /cormun/servlet/solicitudotadjuntos?gx-no-cache=1763993669768 HTTP/1.1" 200 26
190.95.15.31 - - [24/Nov/2025:11:13:42 -0300] "POST /cormun/servlet/trpermisosgoce?63973115a4eb4173ed7874e23910b0cc,,gx-no-cache=1763993677973 HTTP/1.1" 200 5986
179.57.78.71 - - [24/Nov/2025:11:13:46 -0300] "GET /cormun/servlet/solicitudotadjuntos?9a9fa437358890c0d565e14826aa0b10cf78baebc0063a81cb70253c35616607,gx-no-cache=1763993681527 HTTP/1.1" 200 30
179.57.78.71 - - [24/Nov/2025:11:13:46 -0300] "GET /cormun/servlet/solicitudotadjuntos?9a9fa437358890c0d565e14826aa0b10cf78baebc0063a81cb70253c35616607,gx-no-cache=1763993681574 HTTP/1.1" 200 30
179.57.78.71 - - [24/Nov/2025:11:13:46 -0300] "POST /cormun/servlet/solicitudotadjuntos?d2d4bc89172ed81c47f920d5cd67f616,INS,2025,23119,,1, HTTP/1.1" 200 116
179.57.78.71 - - [24/Nov/2025:11:13:46 -0300] "GET /cormun/servlet/hpexe_return? HTTP/1.1" 200 1028
179.57.78.71 - - [24/Nov/2025:11:13:46 -0300] "GET /cormun/servlet/trsolicitudadjuntos?2025,23119, HTTP/1.1" 200 10696
179.57.78.71 - - [24/Nov/2025:11:13:57 -0300] "GET /cormun/servlet/solicitudotadjuntos?INS,2025,23119,,2, HTTP/1.1" 200 6317
179.57.78.71 - - [24/Nov/2025:11:13:57 -0300] "GET /cormun/static/about:blank HTTP/1.1" 404 1011
179.57.78.71 - - [24/Nov/2025:11:13:57 -0300] "GET /cormun/servlet/solicitudotadjuntos?9a9fa437358890c0d565e14826aa0b104e0ed803eb359d97bb9d7dba957b0674f748e2e2463361effd0ad6e1b8da6491,gx-no-cache=1763993693381 HTTP/1.1" 200 30
179.57.78.71 - - [24/Nov/2025:11:13:58 -0300] "POST /cormun/servlet/solicitudotadjuntos?d2d4bc89172ed81c47f920d5cd67f616,INS,2025,23119,,2,,gx-no-cache=1763993693434 HTTP/1.1" 200 4368
179.57.78.71 - - [24/Nov/2025:11:14:03 -0300] "POST /cormun/servlet/solicitudotadjuntos?gx-no-cache=1763993698780 HTTP/1.1" 200 26
201.186.225.183 - - [24/Nov/2025:11:14:11 -0300] "GET /cormun/servlet/trlicencias HTTP/1.1" 200 6053
201.186.225.183 - - [24/Nov/2025:11:14:11 -0300] "GET /cormun/servlet/hlogin HTTP/1.1" 200 1736
179.57.78.71 - - [24/Nov/2025:11:14:15 -0300] "GET /cormun/servlet/solicitudotadjuntos?9a9fa437358890c0d565e14826aa0b10cf78baebc0063a81cb70253c35616607,gx-no-cache=1763993711383 HTTP/1.1" 200 30
179.57.78.71 - - [24/Nov/2025:11:14:15 -0300] "GET /cormun/servlet/solicitudotadjuntos?9a9fa437358890c0d565e14826aa0b10cf78baebc0063a81cb70253c35616607,gx-no-cache=1763993711409 HTTP/1.1" 200 30
179.57.78.71 - - [24/Nov/2025:11:14:16 -0300] "POST /cormun/servlet/solicitudotadjuntos?d2d4bc89172ed81c47f920d5cd67f616,INS,2025,23119,,2, HTTP/1.1" 200 116
179.57.78.71 - - [24/Nov/2025:11:14:16 -0300] "GET /cormun/servlet/hpexe_return? HTTP/1.1" 200 1028
179.57.78.71 - - [24/Nov/2025:11:14:16 -0300] "GET /cormun/servlet/trsolicitudadjuntos?2025,23119, HTTP/1.1" 200 10868
201.186.225.183 - - [24/Nov/2025:11:14:16 -0300] "POST /cormun/servlet/hlogin?91d096d3a3f37738c652cc65f528b3b7,gx-no-cache=1763993712349 HTTP/1.1" 200 446
201.186.225.183 - - [24/Nov/2025:11:14:18 -0300] "POST /cormun/servlet/hlogin?91d096d3a3f37738c652cc65f528b3b7,gx-no-cache=1763993714604 HTTP/1.1" 200 90
201.186.225.183 - - [24/Nov/2025:11:14:18 -0300] "GET /cormun/servlet/hpexe_link HTTP/1.1" 200 956
201.186.225.183 - - [24/Nov/2025:11:14:19 -0300] "GET /cormun/servlet/trlicencias HTTP/1.1" 200 13714
179.57.78.71 - - [24/Nov/2025:11:14:25 -0300] "GET /cormun/servlet/solicitudotadjuntos?INS,2025,23119,,2, HTTP/1.1" 200 6317
179.57.78.71 - - [24/Nov/2025:11:14:25 -0300] "GET /cormun/static/about:blank HTTP/1.1" 404 1011
179.57.78.71 - - [24/Nov/2025:11:14:26 -0300] "GET /cormun/servlet/solicitudotadjuntos?9a9fa437358890c0d565e14826aa0b104e0ed803eb359d97bb9d7dba957b0674f748e2e2463361effd0ad6e1b8da6491,gx-no-cache=1763993721619 HTTP/1.1" 200 30
179.57.78.71 - - [24/Nov/2025:11:14:26 -0300] "POST /cormun/servlet/solicitudotadjuntos?d2d4bc89172ed81c47f920d5cd67f616,INS,2025,23119,,2,,gx-no-cache=1763993721657 HTTP/1.1" 200 4368
201.186.225.183 - - [24/Nov/2025:11:14:26 -0300] "GET /cormun/static/menuarrow.gif HTTP/1.1" 404 1015
201.186.225.183 - - [24/Nov/2025:11:14:29 -0300] "POST /cormun/servlet/trlicencias?91d096d3a3f37738c652cc65f528b3b7,gx-no-cache=1763993724919 HTTP/1.1" 200 3893
179.57.78.71 - - [24/Nov/2025:11:14:31 -0300] "POST /cormun/servlet/solicitudotadjuntos?gx-no-cache=1763993726832 HTTP/1.1" 200 26
201.186.225.183 - - [24/Nov/2025:11:14:35 -0300] "POST /cormun/servlet/trlicencias?91d096d3a3f37738c652cc65f528b3b7,gx-no-cache=1763993731405 HTTP/1.1" 200 5454
179.57.78.71 - - [24/Nov/2025:11:14:41 -0300] "GET /cormun/servlet/solicitudotadjuntos?9a9fa437358890c0d565e14826aa0b10cf78baebc0063a81cb70253c35616607,gx-no-cache=1763993737127 HTTP/1.1" 200 30
