190.95.1.185 - - [20/Nov/2025:08:49:10 -0300] "GET /cormun/servlet/permisosadjuntos?INS,17501372,P,20251118103717,, HTTP/1.1" 200 6121
190.95.1.185 - - [20/Nov/2025:08:49:10 -0300] "GET /cormun/static/about:blank HTTP/1.1" 404 1011
190.95.2.157 - - [20/Nov/2025:08:49:12 -0300] "GET /cormun/servlet/solicitudot?INS,0,0,false, HTTP/1.1" 200 16302
190.95.1.185 - - [20/Nov/2025:08:49:17 -0300] "POST /cormun/servlet/permisosadjuntos?57bf645c9da057f517da59ac9ec2f8af,INS,17501372,P,20251118103717,, HTTP/1.1" 200 116
190.95.1.185 - - [20/Nov/2025:08:49:17 -0300] "GET /cormun/servlet/hpexe_return? HTTP/1.1" 200 1035
190.95.1.185 - - [20/Nov/2025:08:49:17 -0300] "GET /cormun/servlet/trpermisosadjuntos?17501372,20251118103717,P, HTTP/1.1" 200 7321
190.95.1.185 - - [20/Nov/2025:08:49:22 -0300] "POST /cormun/servlet/trpermisosadjuntos?57bf645c9da057f517da59ac9ec2f8af,17501372,20251118103717,P,,gx-no-cache=1763639424457 HTTP/1.1" 200 90
190.95.1.185 - - [20/Nov/2025:08:49:22 -0300] "GET /cormun/servlet/hpexe_link HTTP/1.1" 200 1003
190.95.1.185 - - [20/Nov/2025:08:49:22 -0300] "GET /cormun/servlet/trpermisosgoce?gx-no-cache=1763639384151 HTTP/1.1" 200 19555
190.95.1.185 - - [20/Nov/2025:08:49:26 -0300] "POST /cormun/servlet/trpermisosgoce?57bf645c9da057f517da59ac9ec2f8af,gx-no-cache=1763639384151,gx-no-cache=1763639427948 HTTP/1.1" 200 16665
190.95.2.157 - - [20/Nov/2025:08:49:27 -0300] "POST /cormun/servlet/solicitudot?gx-no-cache=1763639428574 HTTP/1.1" 200 4039
190.95.2.157 - - [20/Nov/2025:08:49:27 -0300] "POST /cormun/servlet/solicitudot?ddc2793669b52cc4a19d07e316fb063e,INS,0,0,false,,gx-no-cache=1763639428671 HTTP/1.1" 200 12884
190.95.2.157 - - [20/Nov/2025:08:49:29 -0300] "GET /cormun/servlet/solicitudot?430da1a4576a1f725ce7b81052d59c827e8bffa1eb5b9f67706c4c255c3e11514a3801f4c874d63fae835e3c6dad25a8,gx-no-cache=1763639431543 HTTP/1.1" 200 30
190.95.1.185 - - [20/Nov/2025:08:49:30 -0300] "GET /cormun/servlet/trpermisosadjuntos?13097736,20251119092931,P, HTTP/1.1" 200 6851
190.95.1.185 - - [20/Nov/2025:08:49:31 -0300] "GET /cormun/servlet/permisosadjuntos?INS,13097736,P,20251119092931,, HTTP/1.1" 200 6128
190.95.1.185 - - [20/Nov/2025:08:49:31 -0300] "GET /cormun/static/about:blank HTTP/1.1" 404 1011
190.95.1.185 - - [20/Nov/2025:08:49:40 -0300] "POST /cormun/servlet/permisosadjuntos?57bf645c9da057f517da59ac9ec2f8af,INS,13097736,P,20251119092931,, HTTP/1.1" 200 116
190.95.1.185 - - [20/Nov/2025:08:49:40 -0300] "GET /cormun/servlet/hpexe_return? HTTP/1.1" 200 1034
190.95.1.185 - - [20/Nov/2025:08:49:40 -0300] "GET /cormun/servlet/trpermisosadjuntos?13097736,20251119092931,P, HTTP/1.1" 200 7326
190.95.1.185 - - [20/Nov/2025:08:49:42 -0300] "POST /cormun/servlet/trpermisosadjuntos?57bf645c9da057f517da59ac9ec2f8af,13097736,20251119092931,P,,gx-no-cache=1763639444042 HTTP/1.1" 200 90
190.95.1.185 - - [20/Nov/2025:08:49:42 -0300] "GET /cormun/servlet/hpexe_link HTTP/1.1" 200 1003
190.95.1.185 - - [20/Nov/2025:08:49:42 -0300] "GET /cormun/servlet/trpermisosgoce?gx-no-cache=1763639384151 HTTP/1.1" 200 19549
190.95.1.185 - - [20/Nov/2025:08:49:44 -0300] "POST /cormun/servlet/trpermisosgoce?57bf645c9da057f517da59ac9ec2f8af,gx-no-cache=1763639384151,gx-no-cache=1763639446596 HTTP/1.1" 200 16622
190.95.1.185 - - [20/Nov/2025:08:49:50 -0300] "GET /cormun/servlet/trautorizarpermisogoce? HTTP/1.1" 200 10516
190.95.1.185 - - [20/Nov/2025:08:49:53 -0300] "POST /cormun/servlet/trautorizarpermisogoce?57bf645c9da057f517da59ac9ec2f8af,,gx-no-cache=1763639455314 HTTP/1.1" 200 7385
190.95.1.185 - - [20/Nov/2025:08:49:58 -0300] "POST /cormun/servlet/trautorizarpermisogoce?57bf645c9da057f517da59ac9ec2f8af,,gx-no-cache=1763639459906 HTTP/1.1" 200 7124
190.95.1.185 - - [20/Nov/2025:08:49:59 -0300] "POST /cormun/servlet/trautorizarpermisogoce?57bf645c9da057f517da59ac9ec2f8af,,gx-no-cache=1763639461562 HTTP/1.1" 200 6906
190.95.1.185 - - [20/Nov/2025:08:50:02 -0300] "POST /cormun/servlet/trautorizarpermisogoce?57bf645c9da057f517da59ac9ec2f8af,,gx-no-cache=1763639464010 HTTP/1.1" 200 6702
190.95.67.97 - - [20/Nov/2025:08:51:45 -0300] "GET /cormun/servlet/trlicencias? HTTP/1.1" 200 6039
190.95.67.97 - - [20/Nov/2025:08:51:45 -0300] "GET /cormun/servlet/hlogin HTTP/1.1" 200 1734
190.95.67.97 - - [20/Nov/2025:08:51:51 -0300] "POST /cormun/servlet/hlogin?4559edd267bfef9e44832854ea525df6,gx-no-cache=1763639566130 HTTP/1.1" 200 90
190.95.67.97 - - [20/Nov/2025:08:51:51 -0300] "GET /cormun/servlet/hpexe_link HTTP/1.1" 200 953
190.95.67.97 - - [20/Nov/2025:08:51:51 -0300] "GET /cormun/servlet/trlicencias HTTP/1.1" 200 9190
179.57.78.55 - - [20/Nov/2025:08:51:52 -0300] "GET /cormun/servlet/trpermisosgoce? HTTP/1.1" 200 6023
179.57.78.55 - - [20/Nov/2025:08:51:53 -0300] "GET /cormun/servlet/hlogin HTTP/1.1" 200 1746
190.95.67.97 - - [20/Nov/2025:08:51:54 -0300] "GET /cormun/servlet/trpermisosgoce? HTTP/1.1" 200 12350
190.95.67.97 - - [20/Nov/2025:08:51:57 -0300] "GET /cormun/servlet/permisogoce?INS,0,,, HTTP/1.1" 200 6746
190.95.67.97 - - [20/Nov/2025:08:51:57 -0300] "GET /cormun/static/gxcfg.js?20201215124560 HTTP/1.1" 200 953
190.95.67.97 - - [20/Nov/2025:08:51:57 -0300] "GET /cormun/static/permisogoce.js?20201215124939 HTTP/1.1" 200 27790
179.57.78.55 - - [20/Nov/2025:08:51:58 -0300] "POST /cormun/servlet/hlogin?26b4dc4a7e564d321362b90641c705ce,gx-no-cache=1763639579913 HTTP/1.1" 200 90
179.57.78.55 - - [20/Nov/2025:08:51:58 -0300] "GET /cormun/servlet/hpexe_link HTTP/1.1" 200 959
179.57.78.55 - - [20/Nov/2025:08:51:58 -0300] "GET /cormun/servlet/trpermisosgoce HTTP/1.1" 200 17365
179.57.78.55 - - [20/Nov/2025:08:52:01 -0300] "GET /cormun/servlet/trlicencias? HTTP/1.1" 200 12061
179.57.78.55 - - [20/Nov/2025:08:52:03 -0300] "GET /cormun/static/menuarrow.gif HTTP/1.1" 404 1015
190.95.67.97 - - [20/Nov/2025:08:52:07 -0300] "GET /cormun/servlet/permisogoce?26a4609bba6c5919677cf7296d5c12758da28c5a3dd75c6ef41a342dfae4b5ce78f0c84739b39bba967f990af162f45074092875991cba3f34f4ee739933c60a,gx-no-cache=1763639582196 HTTP/1.1" 200 82
190.95.2.157 - - [20/Nov/2025:08:52:07 -0300] "GET /cormun/servlet/prbanco?,MD,,gxPopupLevel%3D0%3B HTTP/1.1" 200 6704
190.95.67.97 - - [20/Nov/2025:08:52:09 -0300] "GET /cormun/static/menuarrow.gif HTTP/1.1" 404 1015
190.95.67.97 - - [20/Nov/2025:08:52:12 -0300] "GET /cormun/servlet/permisogoce?26a4609bba6c5919677cf7296d5c127512a18f430213f98383bcac2d1fae8247c4324915fb1738dd20a3dad065d338b2c8d87abb51cf4286971afd9ac3cd9c3b,gx-no-cache=1763639587832 HTTP/1.1" 200 47
179.57.78.55 - - [20/Nov/2025:08:52:13 -0300] "POST /cormun/servlet/trlicencias?26b4dc4a7e564d321362b90641c705ce,,gx-no-cache=1763639595362 HTTP/1.1" 200 6645
190.95.67.97 - - [20/Nov/2025:08:52:14 -0300] "POST /cormun/servlet/permisogoce?4559edd267bfef9e44832854ea525df6,INS,0,,,,gx-no-cache=1763639589330 HTTP/1.1" 200 93
190.95.67.97 - - [20/Nov/2025:08:52:15 -0300] "GET /cormun/servlet/hpexe_return? HTTP/1.1" 200 1008
190.95.67.97 - - [20/Nov/2025:08:52:15 -0300] "GET /cormun/servlet/trpermisosgoce HTTP/1.1" 200 12620
179.57.78.55 - - [20/Nov/2025:08:52:17 -0300] "POST /cormun/servlet/trlicencias?26b4dc4a7e564d321362b90641c705ce,,gx-no-cache=1763639599097 HTTP/1.1" 200 100
179.57.78.55 - - [20/Nov/2025:08:52:17 -0300] "POST /cormun/servlet/trlicencias?26b4dc4a7e564d321362b90641c705ce,,gx-no-cache=1763639599266 HTTP/1.1" 200 6623
190.95.67.97 - - [20/Nov/2025:08:52:17 -0300] "GET /cormun/servlet/apermisogoceprn?20028727,P,20251120085313,PU HTTP/1.1" 200 1667
179.57.78.55 - - [20/Nov/2025:08:52:17 -0300] "GET /cormun/Licencias-580.xls HTTP/1.1" 200 6656
190.95.2.157 - - [20/Nov/2025:08:52:18 -0300] "GET /cormun/servlet/solicitudot?430da1a4576a1f725ce7b81052d59c8209d4b041bd8cbbe64c68cf5025cc17c5c42c0138ba8c533c14d05e1d81dd05662fdcc6e8ee71adda8cb88237ece2d770,gx-no-cache=1763639599746 HTTP/1.1" 200 30
190.95.2.157 - - [20/Nov/2025:08:52:21 -0300] "GET /cormun/servlet/solicitudot?430da1a4576a1f725ce7b81052d59c827874d8af2fbf6603fe24312e196a8c9a,gx-no-cache=1763639602701 HTTP/1.1" 200 51
190.95.2.157 - - [20/Nov/2025:08:52:39 -0300] "POST /cormun/servlet/solicitudot?gx-no-cache=1763639620907 HTTP/1.1" 200 255
190.95.2.157 - - [20/Nov/2025:08:52:41 -0300] "GET /cormun/servlet/solicitudot?430da1a4576a1f725ce7b81052d59c82ab634f295d5d376c8c50568a252cd5e998d09e814e7a4b912fbc52be4c0ac76cbd7416d5f2773067477c0d03337674dcbe658948f37e8d941668f494708ee4dc3a7614394fc478448daa59a70fb597c4071031706e8fff56602b8ab7fdcdd4313ec4dbc28f383d27f803c91d6a42a1ceabe7d12d57975cc5b455a195f31fc3c102e3fe2d65429127be1b87d890007f9acb294f2e76f7f197a0192c58b0343b5d47563eeceb3229c0df5fbfa648520b238b8ee284f36938a012acdc038fd0892199dcf1c7217dfbf853678523d3b4694d9958e48897f26d32bafd7428dfc0d6791ce142c80536d40dd8b6f02b6f2818c839839c2820efa1a07e0c7daf78ca05d48f8c32aa765fddd1302dbcafc159fdf40f404182a9245f7d927b308e8b0fb90be6edf4af9c9c78ae5da024842a4228bd0803021cc1d2a5cd6baa6764fbf50583403a0882170a1a28969aeb036188dd1a8d1b4493a268d117556a16fa658b368ab7d70f1e92be592f9d185975ce7a14d0,gx-no-cache=1763639622804 HTTP/1.1" 200 30
190.95.2.157 - - [20/Nov/2025:08:52:45 -0300] "POST /cormun/servlet/solicitudot?gx-no-cache=1763639626611 HTTP/1.1" 200 30
190.95.2.157 - - [20/Nov/2025:08:52:46 -0300] "POST /cormun/servlet/solicitudot?gx-no-cache=1763639628313 HTTP/1.1" 200 1479
190.95.2.157 - - [20/Nov/2025:08:52:46 -0300] "POST /cormun/servlet/solicitudot?gx-no-cache=1763639628342 HTTP/1.1" 200 38
190.95.2.157 - - [20/Nov/2025:08:53:20 -0300] "GET /cormun/servlet/solicitudot?430da1a4576a1f725ce7b81052d59c82cad467a48928a8a77dc8d6d1816904ef63976f759575e2d2eec1ea6b8afb1814f8c981ae9ad7959db88e257a753631f3cb34c2e8bc34d6fc95c43ef4995fce7f407d53b50c1363349f9ba25293c353030ee31bcb0429935df59cc26e0ab4f3b6,gx-no-cache=1763639662244 HTTP/1.1" 200 110
190.95.2.157 - - [20/Nov/2025:08:53:26 -0300] "POST /cormun/servlet/solicitudot?gx-no-cache=1763639667589 HTTP/1.1" 200 97
190.95.2.157 - - [20/Nov/2025:08:53:34 -0300] "GET /cormun/servlet/solicitudot?430da1a4576a1f725ce7b81052d59c82bfba631558949541e9c5283cfdfdee5ddb941533db3f2c49b83b0db51e5c623d88f604a4db766ee957ed4b4a031a09d16a1926d1d9c095092308c0de8e288ec3cabc93762f114f5770fd7abe78a0c4d73ef2c0ba7788a40665902529a6a0d252,gx-no-cache=1763639676459 HTTP/1.1" 200 29
190.95.2.157 - - [20/Nov/2025:08:53:34 -0300] "GET /cormun/static/menuarrow.gif HTTP/1.1" 404 1015
190.95.2.157 - - [20/Nov/2025:08:53:38 -0300] "GET /cormun/servlet/solicitudot?430da1a4576a1f725ce7b81052d59c825e1dfd2c021e1c3b1485d9ae0b39fb745571d7796d5f2822ec27c0cad1081be4,gx-no-cache=1763639680139 HTTP/1.1" 200 30
190.95.2.157 - - [20/Nov/2025:08:53:45 -0300] "POST /cormun/servlet/solicitudot?gx-no-cache=1763639686630 HTTP/1.1" 200 30
190.95.2.157 - - [20/Nov/2025:08:54:13 -0300] "POST /cormun/servlet/solicitudot?ddc2793669b52cc4a19d07e316fb063e,INS,0,0,false,,gx-no-cache=1763639715285 HTTP/1.1" 200 93
190.95.2.157 - - [20/Nov/2025:08:54:13 -0300] "GET /cormun/servlet/hpexe_return? HTTP/1.1" 200 1003
190.95.2.157 - - [20/Nov/2025:08:54:14 -0300] "GET /cormun/servlet/trsolicitudot HTTP/1.1" 200 8955
190.95.2.157 - - [20/Nov/2025:08:54:14 -0300] "GET /cormun//static/Resources/PXToolsActionView.png HTTP/1.1" 200 398
190.95.2.157 - - [20/Nov/2025:08:54:14 -0300] "GET /cormun//static/Resources/PXToolsRemoveAllAction.png HTTP/1.1" 200 487
190.95.2.157 - - [20/Nov/2025:08:54:22 -0300] "POST /cormun/servlet/trsolicitudot?ddc2793669b52cc4a19d07e316fb063e,gx-no-cache=1763639724029 HTTP/1.1" 200 106
190.95.2.157 - - [20/Nov/2025:08:54:22 -0300] "GET /cormun/servlet/trsolicitudadjuntos?2025,23112, HTTP/1.1" 200 6410
190.95.2.157 - - [20/Nov/2025:08:54:22 -0300] "GET /cormun/static/gxcfg.js?20201215574222 HTTP/1.1" 200 953
190.95.2.157 - - [20/Nov/2025:08:54:22 -0300] "GET /cormun/static/Resources/PXToolsGridNew.png HTTP/1.1" 200 427
190.95.2.157 - - [20/Nov/2025:08:54:22 -0300] "GET /cormun/static/trsolicitudadjuntos.js?20201215574932 HTTP/1.1" 200 17921
190.95.2.157 - - [20/Nov/2025:08:54:27 -0300] "POST /cormun/servlet/trsolicitudadjuntos?ddc2793669b52cc4a19d07e316fb063e,2025,23112,,gx-no-cache=1763639728756 HTTP/1.1" 200 90
190.95.2.157 - - [20/Nov/2025:08:54:27 -0300] "GET /cormun/servlet/hpexe_link HTTP/1.1" 200 963
190.95.2.157 - - [20/Nov/2025:08:54:27 -0300] "GET /cormun/servlet/trsolicitudot HTTP/1.1" 200 8952
190.95.2.157 - - [20/Nov/2025:08:54:33 -0300] "POST /cormun/servlet/trsolicitudot?ddc2793669b52cc4a19d07e316fb063e,gx-no-cache=1763639735213 HTTP/1.1" 200 6303
190.95.2.157 - - [20/Nov/2025:08:54:33 -0300] "GET /cormun/static/Shared/jqueryui/images/ui-bg_highlight-soft_100_c6c2c8_1x100.png HTTP/1.1" 404 1117
190.95.2.157 - - [20/Nov/2025:08:54:33 -0300] "GET /cormun/static/Shared/jqueryui/images/ui-icons_82798d_256x240.png HTTP/1.1" 404 1089
190.95.2.157 - - [20/Nov/2025:08:54:33 -0300] "GET /cormun/static/Shared/jqueryui/images/ui-bg_flat_55_fafafa_40x100.png HTTP/1.1" 404 1097
190.95.2.157 - - [20/Nov/2025:08:54:33 -0300] "GET /cormun/static/Shared/jqueryui/images/ui-icons_8d78a5_256x240.png HTTP/1.1" 404 1089
190.95.2.157 - - [20/Nov/2025:08:54:38 -0300] "POST /cormun/servlet/trsolicitudot?ddc2793669b52cc4a19d07e316fb063e,gx-no-cache=1763639740292 HTTP/1.1" 200 106
190.95.2.157 - - [20/Nov/2025:08:54:38 -0300] "GET /cormun/servlet/trsolicitudadjuntos?2025,23112, HTTP/1.1" 200 6410
190.95.15.9 - - [20/Nov/2025:08:54:40 -0300] "POST /cormun/servlet/trlicencias?2ab89826d2157f6df819c1b852dced66,gx-no-cache=1763639742489 HTTP/1.1" 200 10282
190.95.2.157 - - [20/Nov/2025:08:54:40 -0300] "GET /cormun/servlet/solicitudotadjuntos?INS,2025,23112,,1, HTTP/1.1" 200 6357
190.95.2.157 - - [20/Nov/2025:08:54:40 -0300] "GET /cormun/static/gxcfg.js?202211298385187 HTTP/1.1" 200 953
190.95.2.157 - - [20/Nov/2025:08:54:40 -0300] "GET /cormun/static/solicitudotadjuntos.js?202211298385196 HTTP/1.1" 200 11771
190.95.2.157 - - [20/Nov/2025:08:54:40 -0300] "GET /cormun/static/about:blank HTTP/1.1" 404 1011
190.95.2.157 - - [20/Nov/2025:08:54:41 -0300] "GET /cormun/servlet/solicitudotadjuntos?430da1a4576a1f725ce7b81052d59c827f04e48b7b1f88f4022a6b3e2de93483d8b3b4bcc8b752384c6f515dac68d864,gx-no-cache=1763639742893 HTTP/1.1" 200 30
190.95.2.157 - - [20/Nov/2025:08:54:41 -0300] "POST /cormun/servlet/solicitudotadjuntos?ddc2793669b52cc4a19d07e316fb063e,INS,2025,23112,,1,,gx-no-cache=1763639742908 HTTP/1.1" 200 4178
190.95.2.157 - - [20/Nov/2025:08:54:43 -0300] "POST /cormun/servlet/solicitudotadjuntos?gx-no-cache=1763639745572 HTTP/1.1" 200 26
190.95.15.9 - - [20/Nov/2025:08:54:45 -0300] "POST /cormun/servlet/trlicencias?2ab89826d2157f6df819c1b852dced66,gx-no-cache=1763639747184 HTTP/1.1" 200 10283
190.95.2.157 - - [20/Nov/2025:08:54:52 -0300] "GET /cormun/servlet/solicitudotadjuntos?430da1a4576a1f725ce7b81052d59c8269b3cf8f0321068321a5223b5b6bddc2,gx-no-cache=1763639754595 HTTP/1.1" 200 30
190.95.2.157 - - [20/Nov/2025:08:54:53 -0300] "GET /cormun/servlet/solicitudotadjuntos?430da1a4576a1f725ce7b81052d59c8269b3cf8f0321068321a5223b5b6bddc2,gx-no-cache=1763639754605 HTTP/1.1" 200 30
190.95.2.157 - - [20/Nov/2025:08:54:53 -0300] "POST /cormun/servlet/solicitudotadjuntos?ddc2793669b52cc4a19d07e316fb063e,INS,2025,23112,,1, HTTP/1.1" 200 116
190.95.2.157 - - [20/Nov/2025:08:54:53 -0300] "GET /cormun/servlet/hpexe_return? HTTP/1.1" 200 1020
190.95.2.157 - - [20/Nov/2025:08:54:53 -0300] "GET /cormun/servlet/trsolicitudadjuntos?2025,23112, HTTP/1.1" 200 9570
190.95.2.157 - - [20/Nov/2025:08:54:55 -0300] "GET /cormun/servlet/solicitudotadjuntos?INS,2025,23112,,1, HTTP/1.1" 200 6355
190.95.2.157 - - [20/Nov/2025:08:54:55 -0300] "GET /cormun/static/about:blank HTTP/1.1" 404 1011
190.95.2.157 - - [20/Nov/2025:08:54:56 -0300] "GET /cormun/servlet/solicitudotadjuntos?430da1a4576a1f725ce7b81052d59c827f04e48b7b1f88f4022a6b3e2de93483d8b3b4bcc8b752384c6f515dac68d864,gx-no-cache=1763639757837 HTTP/1.1" 200 30
190.95.2.157 - - [20/Nov/2025:08:54:56 -0300] "POST /cormun/servlet/solicitudotadjuntos?ddc2793669b52cc4a19d07e316fb063e,INS,2025,23112,,1,,gx-no-cache=1763639757851 HTTP/1.1" 200 4180
190.95.2.157 - - [20/Nov/2025:08:55:02 -0300] "POST /cormun/servlet/solicitudotadjuntos?gx-no-cache=1763639764107 HTTP/1.1" 200 26
190.95.15.9 - - [20/Nov/2025:08:55:07 -0300] "POST /cormun/servlet/trlicencias?2ab89826d2157f6df819c1b852dced66,gx-no-cache=1763639769424 HTTP/1.1" 200 10283
190.95.2.157 - - [20/Nov/2025:08:55:09 -0300] "GET /cormun/servlet/solicitudotadjuntos?430da1a4576a1f725ce7b81052d59c8269b3cf8f0321068321a5223b5b6bddc2,gx-no-cache=1763639771139 HTTP/1.1" 200 30
190.95.2.157 - - [20/Nov/2025:08:55:09 -0300] "GET /cormun/servlet/solicitudotadjuntos?430da1a4576a1f725ce7b81052d59c8269b3cf8f0321068321a5223b5b6bddc2,gx-no-cache=1763639771148 HTTP/1.1" 200 30
190.95.2.157 - - [20/Nov/2025:08:55:09 -0300] "POST /cormun/servlet/solicitudotadjuntos?ddc2793669b52cc4a19d07e316fb063e,INS,2025,23112,,1, HTTP/1.1" 200 116
190.95.2.157 - - [20/Nov/2025:08:55:09 -0300] "GET /cormun/servlet/hpexe_return? HTTP/1.1" 200 1020
190.95.2.157 - - [20/Nov/2025:08:55:09 -0300] "GET /cormun/servlet/trsolicitudadjuntos?2025,23112, HTTP/1.1" 200 9804
190.95.2.157 - - [20/Nov/2025:08:55:12 -0300] "GET /cormun/servlet/solicitudotadjuntos?INS,2025,23112,,1, HTTP/1.1" 200 6355
190.95.2.157 - - [20/Nov/2025:08:55:12 -0300] "GET /cormun/static/about:blank HTTP/1.1" 404 1011
190.95.2.157 - - [20/Nov/2025:08:55:12 -0300] "GET /cormun/servlet/solicitudotadjuntos?430da1a4576a1f725ce7b81052d59c827f04e48b7b1f88f4022a6b3e2de93483d8b3b4bcc8b752384c6f515dac68d864,gx-no-cache=1763639774221 HTTP/1.1" 200 30
190.95.2.157 - - [20/Nov/2025:08:55:12 -0300] "POST /cormun/servlet/solicitudotadjuntos?ddc2793669b52cc4a19d07e316fb063e,INS,2025,23112,,1,,gx-no-cache=1763639774236 HTTP/1.1" 200 4180
190.95.2.157 - - [20/Nov/2025:08:55:15 -0300] "POST /cormun/servlet/solicitudotadjuntos?gx-no-cache=1763639777515 HTTP/1.1" 200 26
190.95.2.157 - - [20/Nov/2025:08:55:23 -0300] "GET /cormun/servlet/solicitudotadjuntos?430da1a4576a1f725ce7b81052d59c8269b3cf8f0321068321a5223b5b6bddc2,gx-no-cache=1763639784795 HTTP/1.1" 200 30
190.95.2.157 - - [20/Nov/2025:08:55:23 -0300] "GET /cormun/servlet/solicitudotadjuntos?430da1a4576a1f725ce7b81052d59c8269b3cf8f0321068321a5223b5b6bddc2,gx-no-cache=1763639784805 HTTP/1.1" 200 30
190.95.2.157 - - [20/Nov/2025:08:55:23 -0300] "POST /cormun/servlet/solicitudotadjuntos?ddc2793669b52cc4a19d07e316fb063e,INS,2025,23112,,1, HTTP/1.1" 200 116
190.95.2.157 - - [20/Nov/2025:08:55:23 -0300] "GET /cormun/servlet/hpexe_return? HTTP/1.1" 200 1020
190.95.2.157 - - [20/Nov/2025:08:55:23 -0300] "GET /cormun/servlet/trsolicitudadjuntos?2025,23112, HTTP/1.1" 200 10062
190.95.2.157 - - [20/Nov/2025:08:55:25 -0300] "GET /cormun/servlet/solicitudotadjuntos?INS,2025,23112,,1, HTTP/1.1" 200 6355
190.95.2.157 - - [20/Nov/2025:08:55:25 -0300] "GET /cormun/static/about:blank HTTP/1.1" 404 1011
190.95.2.157 - - [20/Nov/2025:08:55:26 -0300] "GET /cormun/servlet/solicitudotadjuntos?430da1a4576a1f725ce7b81052d59c827f04e48b7b1f88f4022a6b3e2de93483d8b3b4bcc8b752384c6f515dac68d864,gx-no-cache=1763639787625 HTTP/1.1" 200 30
190.95.2.157 - - [20/Nov/2025:08:55:26 -0300] "POST /cormun/servlet/solicitudotadjuntos?ddc2793669b52cc4a19d07e316fb063e,INS,2025,23112,,1,,gx-no-cache=1763639787640 HTTP/1.1" 200 4180
190.95.2.157 - - [20/Nov/2025:08:55:29 -0300] "POST /cormun/servlet/solicitudotadjuntos?gx-no-cache=1763639790819 HTTP/1.1" 200 26
190.95.15.9 - - [20/Nov/2025:08:55:35 -0300] "POST /cormun/servlet/trlicencias?2ab89826d2157f6df819c1b852dced66,gx-no-cache=1763639797967 HTTP/1.1" 200 10285
190.95.2.157 - - [20/Nov/2025:08:55:53 -0300] "GET /cormun/servlet/solicitudotadjuntos?430da1a4576a1f725ce7b81052d59c8269b3cf8f0321068321a5223b5b6bddc2,gx-no-cache=1763639815051 HTTP/1.1" 200 30
190.95.2.157 - - [20/Nov/2025:08:55:53 -0300] "GET /cormun/servlet/solicitudotadjuntos?430da1a4576a1f725ce7b81052d59c8269b3cf8f0321068321a5223b5b6bddc2,gx-no-cache=1763639815066 HTTP/1.1" 200 30
190.95.2.157 - - [20/Nov/2025:08:55:53 -0300] "POST /cormun/servlet/solicitudotadjuntos?ddc2793669b52cc4a19d07e316fb063e,INS,2025,23112,,1, HTTP/1.1" 200 116
190.95.2.157 - - [20/Nov/2025:08:55:53 -0300] "GET /cormun/servlet/hpexe_return? HTTP/1.1" 200 1020
190.95.2.157 - - [20/Nov/2025:08:55:53 -0300] "GET /cormun/servlet/trsolicitudadjuntos?2025,23112, HTTP/1.1" 200 10340
190.95.2.157 - - [20/Nov/2025:08:55:55 -0300] "GET /cormun/servlet/solicitudotadjuntos?INS,2025,23112,,1, HTTP/1.1" 200 6355
190.95.2.157 - - [20/Nov/2025:08:55:55 -0300] "GET /cormun/static/about:blank HTTP/1.1" 404 1011
190.95.2.157 - - [20/Nov/2025:08:55:56 -0300] "GET /cormun/servlet/solicitudotadjuntos?430da1a4576a1f725ce7b81052d59c827f04e48b7b1f88f4022a6b3e2de93483d8b3b4bcc8b752384c6f515dac68d864,gx-no-cache=1763639817829 HTTP/1.1" 200 30
190.95.2.157 - - [20/Nov/2025:08:55:56 -0300] "POST /cormun/servlet/solicitudotadjuntos?ddc2793669b52cc4a19d07e316fb063e,INS,2025,23112,,1,,gx-no-cache=1763639817844 HTTP/1.1" 200 4178
190.95.2.157 - - [20/Nov/2025:08:55:59 -0300] "POST /cormun/servlet/solicitudotadjuntos?gx-no-cache=1763639821171 HTTP/1.1" 200 26
190.95.15.9 - - [20/Nov/2025:08:56:01 -0300] "POST /cormun/servlet/trlicencias?2ab89826d2157f6df819c1b852dced66,gx-no-cache=1763639823128 HTTP/1.1" 200 10282
190.95.1.185 - - [20/Nov/2025:08:56:01 -0300] "GET /cormun/servlet/trpermisosgoce? HTTP/1.1" 200 19524
190.95.2.157 - - [20/Nov/2025:08:56:07 -0300] "GET /cormun/servlet/solicitudotadjuntos?430da1a4576a1f725ce7b81052d59c8269b3cf8f0321068321a5223b5b6bddc2,gx-no-cache=1763639829139 HTTP/1.1" 200 30
190.95.2.157 - - [20/Nov/2025:08:56:07 -0300] "GET /cormun/servlet/solicitudotadjuntos?430da1a4576a1f725ce7b81052d59c8269b3cf8f0321068321a5223b5b6bddc2,gx-no-cache=1763639829150 HTTP/1.1" 200 30
190.95.2.157 - - [20/Nov/2025:08:56:07 -0300] "POST /cormun/servlet/solicitudotadjuntos?ddc2793669b52cc4a19d07e316fb063e,INS,2025,23112,,1, HTTP/1.1" 200 116
190.95.2.157 - - [20/Nov/2025:08:56:07 -0300] "GET /cormun/servlet/hpexe_return? HTTP/1.1" 200 1020
190.95.2.157 - - [20/Nov/2025:08:56:08 -0300] "GET /cormun/servlet/trsolicitudadjuntos?2025,23112, HTTP/1.1" 200 10580
190.95.2.157 - - [20/Nov/2025:08:56:10 -0300] "GET /cormun/servlet/solicitudotadjuntos?INS,2025,23112,,1, HTTP/1.1" 200 6355
190.95.2.157 - - [20/Nov/2025:08:56:10 -0300] "GET /cormun/static/about:blank HTTP/1.1" 404 1011
190.95.2.157 - - [20/Nov/2025:08:56:10 -0300] "GET /cormun/servlet/solicitudotadjuntos?430da1a4576a1f725ce7b81052d59c827f04e48b7b1f88f4022a6b3e2de93483d8b3b4bcc8b752384c6f515dac68d864,gx-no-cache=1763639832581 HTTP/1.1" 200 30
190.95.2.157 - - [20/Nov/2025:08:56:11 -0300] "POST /cormun/servlet/solicitudotadjuntos?ddc2793669b52cc4a19d07e316fb063e,INS,2025,23112,,1,,gx-no-cache=1763639832593 HTTP/1.1" 200 4178
190.95.2.157 - - [20/Nov/2025:08:56:13 -0300] "POST /cormun/servlet/solicitudotadjuntos?gx-no-cache=1763639835499 HTTP/1.1" 200 26
190.95.2.157 - - [20/Nov/2025:08:56:22 -0300] "GET /cormun/servlet/solicitudotadjuntos?430da1a4576a1f725ce7b81052d59c8269b3cf8f0321068321a5223b5b6bddc2,gx-no-cache=1763639844435 HTTP/1.1" 200 30
190.95.2.157 - - [20/Nov/2025:08:56:22 -0300] "GET /cormun/servlet/solicitudotadjuntos?430da1a4576a1f725ce7b81052d59c8269b3cf8f0321068321a5223b5b6bddc2,gx-no-cache=1763639844445 HTTP/1.1" 200 30
190.95.2.157 - - [20/Nov/2025:08:56:23 -0300] "POST /cormun/servlet/solicitudotadjuntos?ddc2793669b52cc4a19d07e316fb063e,INS,2025,23112,,1, HTTP/1.1" 200 116
190.95.2.157 - - [20/Nov/2025:08:56:23 -0300] "GET /cormun/servlet/hpexe_return? HTTP/1.1" 200 1020
190.95.2.157 - - [20/Nov/2025:08:56:23 -0300] "GET /cormun/servlet/trsolicitudadjuntos?2025,23112, HTTP/1.1" 200 10730
190.95.2.157 - - [20/Nov/2025:08:56:25 -0300] "POST /cormun/servlet/trsolicitudadjuntos?ddc2793669b52cc4a19d07e316fb063e,2025,23112,,gx-no-cache=1763639847484 HTTP/1.1" 200 90
190.95.2.157 - - [20/Nov/2025:08:56:25 -0300] "GET /cormun/servlet/hpexe_link HTTP/1.1" 200 983
190.95.2.157 - - [20/Nov/2025:08:56:26 -0300] "GET /cormun/servlet/trsolicitudot?gx-no-cache=1763639735213 HTTP/1.1" 200 8952
201.186.226.3 - - [20/Nov/2025:08:56:26 -0300] "GET /cormun/servlet/hlogin HTTP/1.1" 200 1719
190.95.2.157 - - [20/Nov/2025:08:56:33 -0300] "POST /cormun/servlet/trsolicitudot?ddc2793669b52cc4a19d07e316fb063e,gx-no-cache=1763639735213,gx-no-cache=1763639855404 HTTP/1.1" 200 4863
190.95.2.157 - - [20/Nov/2025:08:56:33 -0300] "POST /cormun/servlet/trsolicitudot?ddc2793669b52cc4a19d07e316fb063e,gx-no-cache=1763639735213,gx-no-cache=1763639855502 HTTP/1.1" 200 4603
190.95.2.157 - - [20/Nov/2025:08:56:40 -0300] "GET /cormun/servlet/trautorizarsolicitud? HTTP/1.1" 200 8866
190.95.2.157 - - [20/Nov/2025:08:56:40 -0300] "GET /cormun/static/gxcfg.js?202211298474254 HTTP/1.1" 200 953
190.95.2.157 - - [20/Nov/2025:08:56:40 -0300] "GET /cormun/static/trautorizarsolicitud.js?202211298474588 HTTP/1.1" 200 53909
201.186.226.3 - - [20/Nov/2025:08:56:41 -0300] "POST /cormun/servlet/hlogin?ec3d81d41489a9d8e27d660d42f5e2fd,gx-no-cache=1763639863832 HTTP/1.1" 200 90
201.186.226.3 - - [20/Nov/2025:08:56:41 -0300] "GET /cormun/servlet/hpexe_link HTTP/1.1" 200 951
201.186.226.3 - - [20/Nov/2025:08:56:41 -0300] "GET /cormun/servlet/hhome HTTP/1.1" 200 3934
190.95.2.157 - - [20/Nov/2025:08:56:48 -0300] "POST /cormun/servlet/trautorizarsolicitud?ddc2793669b52cc4a19d07e316fb063e,,gx-no-cache=1763639869772 HTTP/1.1" 200 4802
190.95.2.157 - - [20/Nov/2025:08:56:48 -0300] "POST /cormun/servlet/trautorizarsolicitud?ddc2793669b52cc4a19d07e316fb063e,,gx-no-cache=1763639869861 HTTP/1.1" 200 4543
201.186.226.3 - - [20/Nov/2025:08:56:49 -0300] "GET /cormun/servlet/trpermisosgoce? HTTP/1.1" 200 13148
190.95.15.9 - - [20/Nov/2025:08:56:57 -0300] "POST /cormun/servlet/trlicencias?2ab89826d2157f6df819c1b852dced66,gx-no-cache=1763639879167 HTTP/1.1" 200 10283
201.186.226.3 - - [20/Nov/2025:08:57:01 -0300] "GET /cormun/servlet/trpermisosadjuntos?8248266,20251119091751,P, HTTP/1.1" 200 6249
201.186.226.3 - - [20/Nov/2025:08:57:03 -0300] "GET /cormun/servlet/permisosadjuntos?INS,8248266,P,20251119091751,, HTTP/1.1" 200 5568
201.186.226.3 - - [20/Nov/2025:08:57:04 -0300] "GET /cormun/static/about:blank HTTP/1.1" 404 1011
201.186.226.3 - - [20/Nov/2025:08:59:07 -0300] "POST /cormun/servlet/permisosadjuntos?ec3d81d41489a9d8e27d660d42f5e2fd,INS,8248266,P,20251119091751,, HTTP/1.1" 200 116
201.186.226.3 - - [20/Nov/2025:08:59:07 -0300] "GET /cormun/servlet/hpexe_return? HTTP/1.1" 200 1036
201.186.226.3 - - [20/Nov/2025:08:59:07 -0300] "GET /cormun/servlet/trpermisosadjuntos?8248266,20251119091751,P, HTTP/1.1" 200 6730
201.186.226.3 - - [20/Nov/2025:08:59:19 -0300] "POST /cormun/servlet/trpermisosadjuntos?ec3d81d41489a9d8e27d660d42f5e2fd,8248266,20251119091751,P,,gx-no-cache=1763640022547 HTTP/1.1" 200 90
201.186.226.3 - - [20/Nov/2025:08:59:19 -0300] "GET /cormun/servlet/hpexe_link HTTP/1.1" 200 981
201.186.226.3 - - [20/Nov/2025:08:59:20 -0300] "GET /cormun/servlet/trpermisosgoce HTTP/1.1" 200 13151
201.186.226.3 - - [20/Nov/2025:08:59:30 -0300] "POST /cormun/servlet/trpermisosgoce?ec3d81d41489a9d8e27d660d42f5e2fd,gx-no-cache=1763640033399 HTTP/1.1" 200 10303
201.186.226.3 - - [20/Nov/2025:08:59:30 -0300] "GET /cormun/static/Shared/jqueryui/images/ui-bg_highlight-soft_100_c6c2c8_1x100.png HTTP/1.1" 404 1117
201.186.226.3 - - [20/Nov/2025:08:59:30 -0300] "GET /cormun/static/Shared/jqueryui/images/ui-icons_82798d_256x240.png HTTP/1.1" 404 1089
201.186.226.3 - - [20/Nov/2025:08:59:30 -0300] "GET /cormun/static/Shared/jqueryui/images/ui-icons_8d78a5_256x240.png HTTP/1.1" 404 1089
201.186.226.3 - - [20/Nov/2025:08:59:30 -0300] "GET /cormun/static/Shared/jqueryui/images/ui-bg_flat_55_fafafa_40x100.png HTTP/1.1" 404 1097
201.186.226.3 - - [20/Nov/2025:08:59:42 -0300] "GET /cormun/servlet/hlogin HTTP/1.1" 200 1737
201.186.226.3 - - [20/Nov/2025:08:59:57 -0300] "POST /cormun/servlet/hlogin?ec3d81d41489a9d8e27d660d42f5e2fd,gx-no-cache=1763640060231 HTTP/1.1" 200 90
201.186.226.3 - - [20/Nov/2025:08:59:57 -0300] "GET /cormun/servlet/hpexe_link HTTP/1.1" 200 951
201.186.226.3 - - [20/Nov/2025:08:59:57 -0300] "GET /cormun/servlet/hhome HTTP/1.1" 200 4317
201.186.225.187 - - [20/Nov/2025:09:00:25 -0300] "GET /cormun/servlet/permisogoce?INS,0,,, HTTP/1.1" 200 6836
201.186.225.187 - - [20/Nov/2025:09:00:25 -0300] "GET /cormun/servlet/permisogoce?INS,0,,, HTTP/1.1" 200 6836
201.186.226.3 - - [20/Nov/2025:09:00:53 -0300] "GET /cormun/servlet/trautorizarpermisogoce? HTTP/1.1" 200 8005
201.186.226.3 - - [20/Nov/2025:09:00:56 -0300] "POST /cormun/servlet/trautorizarpermisogoce?ec3d81d41489a9d8e27d660d42f5e2fd,,gx-no-cache=1763640119460 HTTP/1.1" 200 4518
201.186.225.187 - - [20/Nov/2025:09:00:58 -0300] "GET /cormun/servlet/permisogoce?0a3be9061ec9aaf46f829787fd0afbc4be988eb7f6c14f1382b3d18d571d0df5c9c164f2f73872f3d508f643c92ca8332a760517f69e423269d0e5510efdf4fb,gx-no-cache=1763643747363 HTTP/1.1" 200 84
201.186.225.187 - - [20/Nov/2025:09:01:14 -0300] "GET /cormun/servlet/permisogoce?0a3be9061ec9aaf46f829787fd0afbc46a30af16b4332c101034b7cc48af4050273cc0814c36f9f9158894d95c42bf237da0d0aa06c23b021030a4e16507047e,gx-no-cache=1763643763173 HTTP/1.1" 200 48
201.186.226.3 - - [20/Nov/2025:09:01:16 -0300] "GET /cormun/servlet/hlogin HTTP/1.1" 200 1745
201.186.226.3 - - [20/Nov/2025:09:01:32 -0300] "POST /cormun/servlet/hlogin?ec3d81d41489a9d8e27d660d42f5e2fd,gx-no-cache=1763640155328 HTTP/1.1" 200 90
201.186.226.3 - - [20/Nov/2025:09:01:32 -0300] "GET /cormun/servlet/hpexe_link HTTP/1.1" 200 951
201.186.226.3 - - [20/Nov/2025:09:01:32 -0300] "GET /cormun/servlet/hhome HTTP/1.1" 200 3934
201.186.226.3 - - [20/Nov/2025:09:01:37 -0300] "GET /cormun/servlet/trpermisosgoce? HTTP/1.1" 200 13079
190.95.67.99 - - [20/Nov/2025:09:01:43 -0300] "GET /cormun/servlet/trpermisosgoce HTTP/1.1" 200 6038
201.186.226.3 - - [20/Nov/2025:09:01:45 -0300] "GET /cormun/servlet/trlicencias? HTTP/1.1" 200 9634
190.95.67.99 - - [20/Nov/2025:09:01:47 -0300] "GET /cormun/servlet/hlogin HTTP/1.1" 200 1741
190.95.67.99 - - [20/Nov/2025:09:01:47 -0300] "GET /cormun/servlet/trpermisosgoce HTTP/1.1" 200 6034
190.95.67.99 - - [20/Nov/2025:09:01:47 -0300] "GET /favicon.ico HTTP/1.1" 200 21630
201.186.226.3 - - [20/Nov/2025:09:01:52 -0300] "GET /cormun/servlet/hlogin HTTP/1.1" 200 1738
190.95.15.9 - - [20/Nov/2025:09:01:59 -0300] "POST /cormun/servlet/trlicencias?2ab89826d2157f6df819c1b852dced66,gx-no-cache=1763640181791 HTTP/1.1" 200 10282
201.186.225.187 - - [20/Nov/2025:09:02:24 -0300] "POST /cormun/servlet/permisogoce?6a864d2611a668755993b56481dd3414,INS,0,,,,gx-no-cache=1763643832694 HTTP/1.1" 200 93
201.186.225.187 - - [20/Nov/2025:09:02:24 -0300] "GET /cormun/servlet/hpexe_return? HTTP/1.1" 200 1014
201.186.225.187 - - [20/Nov/2025:09:02:24 -0300] "GET /cormun/servlet/trpermisosgoce HTTP/1.1" 200 14608
201.186.225.187 - - [20/Nov/2025:09:02:29 -0300] "GET /cormun/servlet/apermisogoceprn?15731222,P,20251120090141,PU HTTP/1.1" 200 1662
190.95.15.9 - - [20/Nov/2025:09:02:40 -0300] "POST /cormun/servlet/trlicencias?2ab89826d2157f6df819c1b852dced66,gx-no-cache=1763640222223 HTTP/1.1" 200 10281
179.57.78.71 - - [20/Nov/2025:09:02:58 -0300] "GET /cormun/servlet/hhome HTTP/1.1" 200 3325
179.57.78.71 - - [20/Nov/2025:09:03:00 -0300] "GET /cormun/servlet/hlogin HTTP/1.1" 200 1733
179.57.78.71 - - [20/Nov/2025:09:03:06 -0300] "POST /cormun/servlet/hlogin?d1d9bef0a62893ed016852eb0ef36edb,gx-no-cache=1763640247729 HTTP/1.1" 200 90
179.57.78.71 - - [20/Nov/2025:09:03:06 -0300] "GET /cormun/servlet/hpexe_link HTTP/1.1" 200 953
179.57.78.71 - - [20/Nov/2025:09:03:06 -0300] "GET /cormun/servlet/hhome HTTP/1.1" 200 4265
190.95.67.99 - - [20/Nov/2025:09:03:07 -0300] "POST /cormun/servlet/hlogin?e024712c02be202c62d9ca1ec9b782fa,gx-no-cache=1763640250166 HTTP/1.1" 200 90
190.95.67.99 - - [20/Nov/2025:09:03:08 -0300] "GET /cormun/servlet/hpexe_link HTTP/1.1" 200 959
190.95.67.99 - - [20/Nov/2025:09:03:08 -0300] "GET /cormun/servlet/trpermisosgoce HTTP/1.1" 200 13477
179.57.78.71 - - [20/Nov/2025:09:03:16 -0300] "GET /cormun/servlet/trlicencias? HTTP/1.1" 200 13206
190.95.67.91 - - [20/Nov/2025:09:05:05 -0300] "POST /cormun/servlet/trlicencias?c34312385708fd82e3c46c7d6fe5cbd8,,gx-no-cache=1763640367290 HTTP/1.1" 440 972
190.95.67.91 - - [20/Nov/2025:09:05:07 -0300] "GET /cormun/servlet/trlicencias? HTTP/1.1" 200 6049
190.95.67.91 - - [20/Nov/2025:09:05:08 -0300] "GET /cormun/servlet/hlogin HTTP/1.1" 200 1735
190.95.67.91 - - [20/Nov/2025:09:05:08 -0300] "GET /cormun/servlet/trlicencias? HTTP/1.1" 200 6049
190.95.1.187 - - [20/Nov/2025:09:05:11 -0300] "GET /cormun/servlet/hlogin HTTP/1.1" 200 1718
190.95.1.187 - - [20/Nov/2025:09:05:11 -0300] "GET /cormun/servlet/hlogin HTTP/1.1" 200 1729
190.95.67.91 - - [20/Nov/2025:09:05:13 -0300] "POST /cormun/servlet/hlogin?110dc7e2d46b35c7d88406e1ef7b4053,gx-no-cache=1763640375275 HTTP/1.1" 200 445
190.95.1.187 - - [20/Nov/2025:09:05:14 -0300] "POST /cormun/servlet/hlogin?93bb645f6c4cb22dab0148f14c5a3651,gx-no-cache=1763640375221 HTTP/1.1" 200 90
190.95.1.187 - - [20/Nov/2025:09:05:14 -0300] "GET /cormun/servlet/hpexe_link HTTP/1.1" 200 950
190.95.1.187 - - [20/Nov/2025:09:05:14 -0300] "GET /cormun/servlet/hhome HTTP/1.1" 200 4016
190.95.67.91 - - [20/Nov/2025:09:05:16 -0300] "POST /cormun/servlet/hlogin?110dc7e2d46b35c7d88406e1ef7b4053,gx-no-cache=1763640377448 HTTP/1.1" 200 449
190.95.1.187 - - [20/Nov/2025:09:05:16 -0300] "GET /cormun/servlet/trlicencias? HTTP/1.1" 200 15748
190.95.67.91 - - [20/Nov/2025:09:05:22 -0300] "POST /cormun/servlet/hlogin?110dc7e2d46b35c7d88406e1ef7b4053,gx-no-cache=1763640383505 HTTP/1.1" 200 90
190.95.67.91 - - [20/Nov/2025:09:05:22 -0300] "GET /cormun/servlet/hpexe_link HTTP/1.1" 200 953
190.95.67.91 - - [20/Nov/2025:09:05:22 -0300] "GET /cormun/servlet/trlicencias HTTP/1.1" 200 18117
192.168.10.19 - - [20/Nov/2025:09:07:28 -0300] "GET /cormun/servlet/hlogin HTTP/1.1" 200 1725
192.168.10.19 - - [20/Nov/2025:09:07:28 -0300] "GET /cormun/servlet/hlogin HTTP/1.1" 200 1735
179.57.78.55 - - [20/Nov/2025:09:07:36 -0300] "POST /cormun/servlet/trlicencias?26b4dc4a7e564d321362b90641c705ce,,gx-no-cache=1763640517806 HTTP/1.1" 200 18082
192.168.10.19 - - [20/Nov/2025:09:07:58 -0300] "POST /cormun/servlet/hlogin?2acc8c55aa77fd974d671416e00039ef,gx-no-cache=1763640554576 HTTP/1.1" 200 90
192.168.10.19 - - [20/Nov/2025:09:07:58 -0300] "GET /cormun/servlet/hpexe_link HTTP/1.1" 200 954
192.168.10.19 - - [20/Nov/2025:09:07:58 -0300] "GET /cormun/servlet/hhome HTTP/1.1" 200 3824
146.190.232.62 - - [20/Nov/2025:09:07:59 -0300] "GET / HTTP/1.1" 200 11217
146.190.232.62 - - [20/Nov/2025:09:07:59 -0300] "GET /favicon.ico HTTP/1.1" 200 21630
192.168.10.19 - - [20/Nov/2025:09:08:03 -0300] "GET /cormun/servlet/trsolicitudgral? HTTP/1.1" 200 13643
190.95.15.31 - - [20/Nov/2025:09:10:16 -0300] "GET /cormun/servlet/permisogoce?INS,0,,, HTTP/1.1" 200 7253
190.95.15.31 - - [20/Nov/2025:09:10:27 -0300] "GET /cormun/servlet/permisogoce?d3bfc454286a5b02c532cba07a031265f917fe964fbd497ba04af6285e7786e5ccb2c6ad0c04a87ec95b58117c4b25f137a3b0f7114f7c9d1533ad790a80c5c9,gx-no-cache=1763640688861 HTTP/1.1" 200 85
190.95.15.31 - - [20/Nov/2025:09:10:27 -0300] "GET /cormun/static/menuarrow.gif HTTP/1.1" 404 1015
192.168.10.19 - - [20/Nov/2025:09:10:38 -0300] "GET /cormun/servlet/trsolicitudgral? HTTP/1.1" 200 13643
190.95.15.31 - - [20/Nov/2025:09:10:40 -0300] "GET /cormun/servlet/permisogoce?d3bfc454286a5b02c532cba07a03126598afc30f17c31a1438eb2cccdc3bbd68489a83174d212445733ac2b08a0320558a663eaa87c054929abb809b8cf68a8b,gx-no-cache=1763640702089 HTTP/1.1" 200 46
190.95.15.31 - - [20/Nov/2025:09:10:44 -0300] "POST /cormun/servlet/permisogoce?c4f4be36c8b5ca0ef818340b878fb959,INS,0,,,,gx-no-cache=1763640705662 HTTP/1.1" 200 93
190.95.15.31 - - [20/Nov/2025:09:10:44 -0300] "GET /cormun/servlet/hpexe_return? HTTP/1.1" 200 1009
190.95.15.31 - - [20/Nov/2025:09:10:45 -0300] "GET /cormun/servlet/trpermisosgoce? HTTP/1.1" 200 8842
190.95.15.31 - - [20/Nov/2025:09:11:03 -0300] "POST /cormun/servlet/trpermisosgoce?c4f4be36c8b5ca0ef818340b878fb959,,gx-no-cache=1763640724348 HTTP/1.1" 200 16061
190.95.15.31 - - [20/Nov/2025:09:11:06 -0300] "GET /cormun/servlet/apermisogoceprn?19262713,P,20251120091132,PU HTTP/1.1" 200 1677
192.168.10.19 - - [20/Nov/2025:09:11:44 -0300] "GET /cormun/servlet/trsolicitudgral? HTTP/1.1" 200 13643
190.95.15.31 - - [20/Nov/2025:09:11:48 -0300] "GET /cormun/servlet/permisogoce?INS,0,,, HTTP/1.1" 200 7253
190.95.67.93 - - [20/Nov/2025:09:12:05 -0300] "GET /cormun/servlet/trlicencias? HTTP/1.1" 200 6053
190.95.67.93 - - [20/Nov/2025:09:12:06 -0300] "GET /cormun/servlet/hlogin HTTP/1.1" 200 1735
190.95.67.93 - - [20/Nov/2025:09:12:14 -0300] "POST /cormun/servlet/hlogin?9caf6c163a3b476f7f59747d6200a393,gx-no-cache=1763640796057 HTTP/1.1" 200 90
190.95.67.93 - - [20/Nov/2025:09:12:14 -0300] "GET /cormun/servlet/hpexe_link HTTP/1.1" 200 953
190.95.67.93 - - [20/Nov/2025:09:12:15 -0300] "GET /cormun/servlet/trlicencias HTTP/1.1" 200 12497
190.95.67.93 - - [20/Nov/2025:09:12:25 -0300] "GET /cormun/servlet/trsolicitudot? HTTP/1.1" 200 7549
190.95.67.93 - - [20/Nov/2025:09:12:32 -0300] "GET /cormun/servlet/solicitudot?INS,0,0,false, HTTP/1.1" 200 16329
190.95.15.31 - - [20/Nov/2025:09:12:33 -0300] "GET /cormun/servlet/permisogoce?d3bfc454286a5b02c532cba07a0312651036b4d31cc92d79f4510aa75ce016daccb2c6ad0c04a87ec95b58117c4b25f137a3b0f7114f7c9d1533ad790a80c5c9,gx-no-cache=1763640814658 HTTP/1.1" 200 82
190.95.67.93 - - [20/Nov/2025:09:12:44 -0300] "POST /cormun/servlet/solicitudot?gx-no-cache=1763640825882 HTTP/1.1" 200 4271
190.95.67.93 - - [20/Nov/2025:09:12:44 -0300] "GET /cormun/static/Shared/jqueryui/images/ui-bg_highlight-soft_100_c6c2c8_1x100.png HTTP/1.1" 404 1117
190.95.67.93 - - [20/Nov/2025:09:12:44 -0300] "GET /cormun/static/Shared/jqueryui/images/ui-icons_82798d_256x240.png HTTP/1.1" 404 1089
190.95.67.93 - - [20/Nov/2025:09:12:44 -0300] "GET /cormun/static/Shared/jqueryui/images/ui-bg_flat_55_994d53_40x100.png HTTP/1.1" 404 1097
190.95.67.93 - - [20/Nov/2025:09:12:44 -0300] "GET /cormun/static/Shared/jqueryui/images/ui-icons_ebccce_256x240.png HTTP/1.1" 404 1089
190.95.15.15 - - [20/Nov/2025:09:13:10 -0300] "GET /cormun/servlet/trlicencias? HTTP/1.1" 200 6045
190.95.15.15 - - [20/Nov/2025:09:13:10 -0300] "GET /cormun/servlet/hlogin HTTP/1.1" 200 1733
190.95.15.31 - - [20/Nov/2025:09:13:15 -0300] "GET /cormun/servlet/permisogoce?d3bfc454286a5b02c532cba07a031265f917fe964fbd497ba04af6285e7786e53c9bec3ff408ba195432cf88af364fbb61ed423304aff9102e0b22a899818201b99ddf2b672d92eb5a6c5af3283c20391933bd04e1d8ecabbe580e33b1dc03c3f5bb36aca76916ea1ed6c1e0f9757993,gx-no-cache=1763640856233 HTTP/1.1" 200 87
190.95.15.15 - - [20/Nov/2025:09:13:16 -0300] "POST /cormun/servlet/hlogin?2eafac117c813e829cf75d47ae935727,gx-no-cache=1763640858195 HTTP/1.1" 200 90
190.95.15.15 - - [20/Nov/2025:09:13:16 -0300] "GET /cormun/servlet/hpexe_link HTTP/1.1" 200 951
190.95.15.15 - - [20/Nov/2025:09:13:17 -0300] "GET /cormun/servlet/trlicencias HTTP/1.1" 200 12489
190.95.15.31 - - [20/Nov/2025:09:13:26 -0300] "GET /cormun/servlet/permisogoce?d3bfc454286a5b02c532cba07a03126598afc30f17c31a1438eb2cccdc3bbd684b90e6109d46eb92af3fa705f56cae118a663eaa87c054929abb809b8cf68a8b,gx-no-cache=1763640868258 HTTP/1.1" 200 47
190.95.15.31 - - [20/Nov/2025:09:13:30 -0300] "POST /cormun/servlet/permisogoce?c4f4be36c8b5ca0ef818340b878fb959,INS,0,,,,gx-no-cache=1763640871700 HTTP/1.1" 200 93
190.95.15.31 - - [20/Nov/2025:09:13:30 -0300] "GET /cormun/servlet/hpexe_return? HTTP/1.1" 200 1009
190.95.15.31 - - [20/Nov/2025:09:13:31 -0300] "GET /cormun/servlet/trpermisosgoce? HTTP/1.1" 200 18763
190.95.15.31 - - [20/Nov/2025:09:13:39 -0300] "GET /cormun/servlet/apermisogoceprn?19262713,P,20251120091304,PU HTTP/1.1" 200 1669
190.95.15.31 - - [20/Nov/2025:09:14:55 -0300] "GET /cormun/servlet/trlicencias? HTTP/1.1" 200 11767
201.186.225.193 - - [20/Nov/2025:09:15:12 -0300] "GET /cormun/servlet/hhome HTTP/1.1" 200 3326
201.186.225.193 - - [20/Nov/2025:09:15:12 -0300] "GET /cormun/static/Shared/jqueryui/jquery-ui.min.css?1345370 HTTP/1.1" 200 30288
201.186.225.193 - - [20/Nov/2025:09:15:12 -0300] "GET /cormun/static/scaMessage/css/jquery.pnotify.default.css?1816380 HTTP/1.1" 200 1707
201.186.225.193 - - [20/Nov/2025:09:15:12 -0300] "GET /cormun/static/gxtimezone.js?85251 HTTP/1.1" 200 5781
201.186.225.193 - - [20/Nov/2025:09:15:12 -0300] "GET /cormun/static/SmoothNavMenu/resources/ddsmoothmenu-v.css?1112540 HTTP/1.1" 200 1188
201.186.225.193 - - [20/Nov/2025:09:15:12 -0300] "GET /cormun/static/SmoothNavMenu/resources/ddsmoothmenu.css?1112540 HTTP/1.1" 200 2223
201.186.225.193 - - [20/Nov/2025:09:15:12 -0300] "GET /cormun/static/Resources/Spanish/PXTools.css?14345360 HTTP/1.1" 200 100853
201.186.225.193 - - [20/Nov/2025:09:15:12 -0300] "GET /cormun/static/PXToolsJavascripts/pexe_autoreload.js HTTP/1.1" 200 1762
201.186.225.193 - - [20/Nov/2025:09:15:12 -0300] "GET /cormun/static/gxcfg.js?20201215495537 HTTP/1.1" 200 953
201.186.225.193 - - [20/Nov/2025:09:15:12 -0300] "GET /cormun/static/PXToolsJavascripts/pexe_cookies.js HTTP/1.1" 200 792
201.186.225.193 - - [20/Nov/2025:09:15:12 -0300] "GET /cormun/static/PXToolsJavascripts/pexe_windows.js HTTP/1.1" 200 15249
201.186.225.193 - - [20/Nov/2025:09:15:12 -0300] "GET /cormun/static/PXToolsJavascripts/pexe_grid.js HTTP/1.1" 200 7559
201.186.225.193 - - [20/Nov/2025:09:15:12 -0300] "GET /cormun/static/PXToolsJavascripts/pexe_griddivfix.js HTTP/1.1" 200 6946
201.186.225.193 - - [20/Nov/2025:09:15:12 -0300] "GET /cormun/static/PXToolsJavascripts/pexe_link.js HTTP/1.1" 200 5671
201.186.225.193 - - [20/Nov/2025:09:15:12 -0300] "GET /cormun/static/PXToolsJavascripts/pexe_menudivfix.js HTTP/1.1" 200 333
201.186.225.193 - - [20/Nov/2025:09:15:12 -0300] "GET /cormun/static/PXToolsJavascripts/pexe_menus.js HTTP/1.1" 200 1286
201.186.225.193 - - [20/Nov/2025:09:15:12 -0300] "GET /cormun/static/PXToolsJavascripts/pexe_layers.js HTTP/1.1" 200 4114
201.186.225.193 - - [20/Nov/2025:09:15:12 -0300] "GET /cormun/static/PXToolsJavascripts/pexe_oav.js HTTP/1.1" 200 645
201.186.225.193 - - [20/Nov/2025:09:15:12 -0300] "GET /cormun/static/PXToolsJavascripts/pexe_oavdivfix.js HTTP/1.1" 200 639
201.186.225.193 - - [20/Nov/2025:09:15:12 -0300] "GET /cormun/static/PXToolsJavascripts/pexe_picture.js HTTP/1.1" 200 689
201.186.225.193 - - [20/Nov/2025:09:15:12 -0300] "GET /cormun/static/PXToolsJavascripts/pexe_popup.js HTTP/1.1" 200 15149
201.186.225.193 - - [20/Nov/2025:09:15:12 -0300] "GET /cormun/static/PXToolsJavascripts/pexe_scrolldiv.js HTTP/1.1" 200 4138
201.186.225.193 - - [20/Nov/2025:09:15:12 -0300] "GET /cormun/static/PXToolsJavascripts/pexe_tabdivfix.js HTTP/1.1" 200 898
201.186.225.193 - - [20/Nov/2025:09:15:12 -0300] "GET /cormun/static/PXToolsJavascripts/pexe_tabs.js HTTP/1.1" 200 3748
201.186.225.193 - - [20/Nov/2025:09:15:12 -0300] "GET /cormun/static/PXToolsJavascripts/pexe_upload.js HTTP/1.1" 200 1423
201.186.225.193 - - [20/Nov/2025:09:15:12 -0300] "GET /cormun/static/PXToolsJavascripts/PXToolsJavascriptsRender.js HTTP/1.1" 200 367
201.186.225.193 - - [20/Nov/2025:09:15:12 -0300] "GET /cormun/static/Resources/CormunMP2.png HTTP/1.1" 200 6878
201.186.225.193 - - [20/Nov/2025:09:15:12 -0300] "GET /cormun/static/Resources/ImgHome.png HTTP/1.1" 200 1364
201.186.225.193 - - [20/Nov/2025:09:15:12 -0300] "GET /cormun/static/Resources/ImgLogin.png HTTP/1.1" 200 1432
201.186.225.193 - - [20/Nov/2025:09:15:12 -0300] "GET /cormun/static/Resources/Llave.png HTTP/1.1" 200 1395
201.186.225.193 - - [20/Nov/2025:09:15:12 -0300] "GET /cormun/static/RunJS/RunJS.js HTTP/1.1" 200 288
201.186.225.193 - - [20/Nov/2025:09:15:12 -0300] "GET /cormun/static/gxgral.js?85251 HTTP/1.1" 200 384558
201.186.225.193 - - [20/Nov/2025:09:15:12 -0300] "GET /cormun/static/gxui/gxui-all.js HTTP/1.1" 200 107772
201.186.225.193 - - [20/Nov/2025:09:15:12 -0300] "GET /cormun/static/hhome.js?20201215495544 HTTP/1.1" 200 777
201.186.225.193 - - [20/Nov/2025:09:15:12 -0300] "GET /cormun/static/Shared/ext/locale/ext-lang-en.js HTTP/1.1" 200 10940
201.186.225.193 - - [20/Nov/2025:09:15:12 -0300] "GET /cormun/static/hwchdr01.js?2022112219251119 HTTP/1.1" 200 996
201.186.225.193 - - [20/Nov/2025:09:15:12 -0300] "GET /cormun/static/messages.spa.js?85251 HTTP/1.1" 200 30736
201.186.225.193 - - [20/Nov/2025:09:15:12 -0300] "GET /cormun/static/hpexe_recentlink.js?20201214471090 HTTP/1.1" 200 2144
201.186.225.193 - - [20/Nov/2025:09:15:12 -0300] "GET /cormun/static/hpexe_scripts.js?20201214471411 HTTP/1.1" 200 1544
201.186.225.193 - - [20/Nov/2025:09:15:12 -0300] "GET /cormun/static/hpexe_messagecontroller.js?202211298371222 HTTP/1.1" 200 870
201.186.225.193 - - [20/Nov/2025:09:15:12 -0300] "GET /cormun/static/hpexe_messagepopupcomponent.js?2020121447232 HTTP/1.1" 200 605
201.186.225.193 - - [20/Nov/2025:09:15:12 -0300] "GET /cormun/static/hpexe_messagegenexuscomponent.js?20221129836373 HTTP/1.1" 200 587
201.186.225.193 - - [20/Nov/2025:09:15:12 -0300] "GET /cormun/static/cmcontrolpreferences.js?20199141926336 HTTP/1.1" 200 1375
201.186.225.193 - - [20/Nov/2025:09:15:12 -0300] "GET /cormun/static/Resources/PXToolsDataTitle.png HTTP/1.1" 200 1173
201.186.225.193 - - [20/Nov/2025:09:15:12 -0300] "GET /cormun/static/SmoothNavMenu/resources/ddsmoothmenu.js HTTP/1.1" 200 12712
201.186.225.193 - - [20/Nov/2025:09:15:12 -0300] "GET /cormun/static/Shared/jquery/jquery-1.4.2.min.js HTTP/1.1" 200 72174
201.186.225.193 - - [20/Nov/2025:09:15:12 -0300] "GET /cormun/static/SmoothNavMenu/resources/SmoothNavMenuRender.js HTTP/1.1" 200 5951
201.186.225.193 - - [20/Nov/2025:09:15:12 -0300] "GET /cormun/static/scaMessage/js/jquery.pnotify.min.js HTTP/1.1" 200 13038
201.186.225.193 - - [20/Nov/2025:09:15:12 -0300] "GET /cormun/static/scaMessage/scaMessageRender.js HTTP/1.1" 200 11977
201.186.225.193 - - [20/Nov/2025:09:15:12 -0300] "GET /cormun/static/hmpwkw03.js?20221129844354 HTTP/1.1" 200 3971
201.186.225.193 - - [20/Nov/2025:09:15:12 -0300] "GET /cormun/static/Shared/jqueryui/jquery-ui.min.js HTTP/1.1" 200 240427
201.186.225.193 - - [20/Nov/2025:09:15:13 -0300] "GET /cormun/static/Shared/jquery/jquery-1.10.2.min.js HTTP/1.1" 200 273199
201.186.225.193 - - [20/Nov/2025:09:15:13 -0300] "GET /cormun/static/Shared/ext/ext-all.js HTTP/1.1" 200 1289687
201.186.225.193 - - [20/Nov/2025:09:15:13 -0300] "GET /cormun/static/Resources/indicator.gif HTTP/1.1" 200 1553
201.186.225.193 - - [20/Nov/2025:09:15:13 -0300] "GET /cormun/servlet/hlogin HTTP/1.1" 200 1733
201.186.225.193 - - [20/Nov/2025:09:15:13 -0300] "GET /cormun/static/gxcfg.js?2022112219184450 HTTP/1.1" 200 953
201.186.225.193 - - [20/Nov/2025:09:15:13 -0300] "GET /cormun/static/hlogin.js?2022112219184458 HTTP/1.1" 200 2156
201.186.225.193 - - [20/Nov/2025:09:15:13 -0300] "GET /cormun/static/Resources/CormunLogin.png HTTP/1.1" 200 19132
201.186.225.193 - - [20/Nov/2025:09:15:13 -0300] "GET /cormun/static/Resources/Spanish/PXTools.css?1759030 HTTP/1.1" 200 100853
201.186.225.193 - - [20/Nov/2025:09:15:13 -0300] "GET /cormun/static/Resources/PXToolsLoginTop.png HTTP/1.1" 200 1337
201.186.225.193 - - [20/Nov/2025:09:15:13 -0300] "GET /cormun/static/Resources/PXToolsLoginBackground.png HTTP/1.1" 200 1164
201.186.225.193 - - [20/Nov/2025:09:15:13 -0300] "GET /cormun/static/Resources/PXToolsButtonRight.png HTTP/1.1" 200 1294
201.186.225.193 - - [20/Nov/2025:09:15:13 -0300] "GET /cormun/static/Resources/PXToolsButtonLeft.png HTTP/1.1" 200 1310
201.186.225.193 - - [20/Nov/2025:09:15:13 -0300] "GET /cormun/static/Resources/PXToolsLoginBottom.png HTTP/1.1" 200 1389
201.186.225.193 - - [20/Nov/2025:09:15:13 -0300] "GET /cormun/static/Resources/PXToolsButtonBackground.png HTTP/1.1" 200 1176
201.186.225.193 - - [20/Nov/2025:09:15:16 -0300] "POST /cormun/servlet/hlogin?588c8cd6373ffc9419e03dd7d072334b,gx-no-cache=1763640977604 HTTP/1.1" 200 90
201.186.225.193 - - [20/Nov/2025:09:15:16 -0300] "GET /cormun/servlet/hpexe_link HTTP/1.1" 200 952
201.186.225.193 - - [20/Nov/2025:09:15:16 -0300] "GET /cormun/static/Resources/Spanish/PXTools.css?8354383 HTTP/1.1" 200 100853
201.186.225.193 - - [20/Nov/2025:09:15:16 -0300] "GET /cormun/static/gxcfg.js?20221129847421 HTTP/1.1" 200 953
201.186.225.193 - - [20/Nov/2025:09:15:16 -0300] "GET /cormun/static/hpexe_link.js?20221129847423 HTTP/1.1" 200 625
201.186.225.193 - - [20/Nov/2025:09:15:16 -0300] "GET /cormun/servlet/hhome HTTP/1.1" 200 4296
201.186.225.193 - - [20/Nov/2025:09:15:16 -0300] "GET /cormun/static/SmoothNavMenu/resources/images/right.gif HTTP/1.1" 200 860
201.186.225.193 - - [20/Nov/2025:09:15:16 -0300] "GET /cormun/static/SmoothNavMenu/resources/images/down.gif HTTP/1.1" 200 854
201.186.225.193 - - [20/Nov/2025:09:15:26 -0300] "GET /cormun/servlet/trlicencias? HTTP/1.1" 200 12329
201.186.225.193 - - [20/Nov/2025:09:15:26 -0300] "GET /cormun/static/gxui/gxui-all.css?120300 HTTP/1.1" 200 2179
201.186.225.193 - - [20/Nov/2025:09:15:26 -0300] "GET /cormun/static/calendar-system.css?85620 HTTP/1.1" 200 5572
201.186.225.193 - - [20/Nov/2025:09:15:26 -0300] "GET /cormun/static/gxcfg.js?202211298463625 HTTP/1.1" 200 953
201.186.225.193 - - [20/Nov/2025:09:15:26 -0300] "GET /cormun/static/calendar.js?85251 HTTP/1.1" 200 26246
201.186.225.193 - - [20/Nov/2025:09:15:26 -0300] "GET /cormun/static/calendar-setup.js?85251 HTTP/1.1" 200 2588
201.186.225.193 - - [20/Nov/2025:09:15:26 -0300] "GET /cormun/static/calendar-es.js?85251 HTTP/1.1" 200 1901
201.186.225.193 - - [20/Nov/2025:09:15:26 -0300] "GET /cormun/static/Resources/PXTools/calendar.png HTTP/1.1" 200 1306
201.186.225.193 - - [20/Nov/2025:09:15:26 -0300] "GET /cormun/static/gxdec.js?85251 HTTP/1.1" 200 19579
201.186.225.193 - - [20/Nov/2025:09:15:26 -0300] "GET /cormun/static/trlicencias.js?202211298463889 HTTP/1.1" 200 41883
201.186.225.193 - - [20/Nov/2025:09:15:26 -0300] "GET /cormun/static/Resources/PXToolsDataSearch.png HTTP/1.1" 200 435
201.186.225.193 - - [20/Nov/2025:09:15:26 -0300] "GET /cormun/static/Shared/ext/resources/css/ext-all.css?215870 HTTP/1.1" 200 416045
201.186.225.193 - - [20/Nov/2025:09:15:26 -0300] "GET /cormun/static/Resources/PXToolsGridFirstDisabled.gif HTTP/1.1" 200 100
