223.109.211.180 - - [18/Nov/2025:00:33:51 -0300] "GET /docs/building.html HTTP/1.1" 200 21498
164.92.183.66 - - [18/Nov/2025:02:16:34 -0300] "GET / HTTP/1.0" 200 11197
159.89.3.129 - - [18/Nov/2025:02:16:35 -0300] "GET /solr/admin/info/system HTTP/1.1" 404 1005
161.35.220.193 - - [18/Nov/2025:02:16:35 -0300] "GET /v2/_catalog HTTP/1.1" 404 983
161.35.220.193 - - [18/Nov/2025:02:16:35 -0300] "GET / HTTP/1.1" 200 11217
164.92.250.44 - - [18/Nov/2025:02:16:35 -0300] "GET /query?q=SHOW+DIAGNOSTICS HTTP/1.1" 404 971
207.154.255.69 - - [18/Nov/2025:02:16:35 -0300] "îêÓú"­#÷M~ 6M{R¯n•-Üc™)í%œù•’ DÿÈ.‘1_Àý× 3b‡g~‰É×ÛtV ¦æ®± –¯T?j GgmŽê¢žcë89gÙÍR*g£~Kø.‘²-ó’ ’Ä>e>À,À0ŸÌ©Ì¨ÌªÀ+À/žÀ$À(kÀ#À'gÀ" 400 -
201.186.226.3 - - [18/Nov/2025:07:15:07 -0300] "GET /cormun/servlet/hlogin HTTP/1.1" 200 1714
201.186.226.3 - - [18/Nov/2025:07:15:51 -0300] "POST /cormun/servlet/hlogin?f5a87f26424add5ddc9ee985ec984389,gx-no-cache=1763461015786 HTTP/1.1" 200 90
201.186.226.3 - - [18/Nov/2025:07:15:51 -0300] "GET /cormun/servlet/hpexe_link HTTP/1.1" 200 946
201.186.226.3 - - [18/Nov/2025:07:15:51 -0300] "GET /cormun/servlet/hhome HTTP/1.1" 200 3927
201.186.226.3 - - [18/Nov/2025:07:16:17 -0300] "GET /cormun/servlet/trpermisosgoce? HTTP/1.1" 200 12414
201.186.226.3 - - [18/Nov/2025:07:16:23 -0300] "GET /cormun/servlet/trlicencias? HTTP/1.1" 200 9890
201.186.226.3 - - [18/Nov/2025:07:16:46 -0300] "GET /cormun/servlet/hlogin HTTP/1.1" 200 1732
190.95.67.91 - - [18/Nov/2025:07:18:22 -0300] "GET /cormun/servlet/trlicencias HTTP/1.1" 200 6046
190.95.67.91 - - [18/Nov/2025:07:18:23 -0300] "GET /cormun/servlet/hlogin HTTP/1.1" 200 1731
190.95.67.91 - - [18/Nov/2025:07:23:52 -0300] "POST /cormun/servlet/hlogin?259fc2ab99517df9184f9f41bf3cf46c,gx-no-cache=1763461498302 HTTP/1.1" 200 90
190.95.67.91 - - [18/Nov/2025:07:23:52 -0300] "GET /cormun/servlet/hpexe_link HTTP/1.1" 200 951
190.95.67.91 - - [18/Nov/2025:07:23:53 -0300] "GET /cormun/servlet/trlicencias HTTP/1.1" 200 16805
190.95.67.91 - - [18/Nov/2025:07:23:54 -0300] "GET /cormun/servlet/trlicencias HTTP/1.1" 200 16803
190.95.67.91 - - [18/Nov/2025:07:24:02 -0300] "POST /cormun/servlet/trlicencias?259fc2ab99517df9184f9f41bf3cf46c,gx-no-cache=1763461508561 HTTP/1.1" 200 14892
190.95.1.187 - - [18/Nov/2025:07:47:26 -0300] "GET /cormun/servlet/trlicencias? HTTP/1.1" 200 6050
190.95.1.187 - - [18/Nov/2025:07:47:26 -0300] "GET /cormun/servlet/hlogin HTTP/1.1" 200 1730
190.95.1.187 - - [18/Nov/2025:07:47:26 -0300] "GET /favicon.ico HTTP/1.1" 200 21630
190.95.1.187 - - [18/Nov/2025:07:47:29 -0300] "POST /cormun/servlet/hlogin?36c83aecda1963b4ab483c8ea9aeaa44,gx-no-cache=1763462913988 HTTP/1.1" 200 90
190.95.1.187 - - [18/Nov/2025:07:47:29 -0300] "GET /cormun/servlet/hpexe_link HTTP/1.1" 200 948
190.95.1.187 - - [18/Nov/2025:07:47:30 -0300] "GET /cormun/servlet/trlicencias HTTP/1.1" 200 15658
201.186.225.189 - - [18/Nov/2025:07:51:04 -0300] "GET /cormun/servlet/hlogin HTTP/1.1" 200 1725
201.186.225.189 - - [18/Nov/2025:07:51:04 -0300] "GET /cormun/servlet/hlogin HTTP/1.1" 200 1736
201.186.225.189 - - [18/Nov/2025:07:51:13 -0300] "POST /cormun/servlet/hlogin?31ad660ff0d6e0448c15d788e26be818,gx-no-cache=1763463137364 HTTP/1.1" 200 90
201.186.225.189 - - [18/Nov/2025:07:51:13 -0300] "GET /cormun/servlet/hpexe_link HTTP/1.1" 200 954
201.186.225.189 - - [18/Nov/2025:07:51:13 -0300] "GET /cormun/servlet/hhome HTTP/1.1" 200 4369
201.186.225.189 - - [18/Nov/2025:07:51:18 -0300] "GET /cormun/servlet/trlicencias? HTTP/1.1" 200 12140
201.186.225.187 - - [18/Nov/2025:07:54:08 -0300] "GET /cormun/servlet/hlogin HTTP/1.1" 200 1713
201.186.225.187 - - [18/Nov/2025:07:54:08 -0300] "GET /cormun/servlet/hlogin HTTP/1.1" 200 1724
201.186.225.187 - - [18/Nov/2025:07:54:15 -0300] "POST /cormun/servlet/hlogin?f7cc1426d8bc41253f12e41737b23e70,gx-no-cache=1763466945637 HTTP/1.1" 200 90
201.186.225.187 - - [18/Nov/2025:07:54:15 -0300] "GET /cormun/servlet/hpexe_link HTTP/1.1" 200 945
201.186.225.187 - - [18/Nov/2025:07:54:15 -0300] "GET /cormun/servlet/hhome HTTP/1.1" 200 3963
201.186.225.187 - - [18/Nov/2025:07:54:18 -0300] "GET /cormun/servlet/trlicencias? HTTP/1.1" 200 9864
201.186.225.187 - - [18/Nov/2025:07:54:21 -0300] "POST /cormun/servlet/trlicencias?f7cc1426d8bc41253f12e41737b23e70,,gx-no-cache=1763466951405 HTTP/1.1" 200 7402
201.186.225.187 - - [18/Nov/2025:07:54:22 -0300] "POST /cormun/servlet/trlicencias?f7cc1426d8bc41253f12e41737b23e70,,gx-no-cache=1763466953148 HTTP/1.1" 200 7402
201.186.225.187 - - [18/Nov/2025:07:55:19 -0300] "POST /cormun/servlet/trlicencias?f7cc1426d8bc41253f12e41737b23e70,,gx-no-cache=1763467009579 HTTP/1.1" 200 7402
200.126.116.145 - - [18/Nov/2025:07:57:43 -0300] "GET /cormun/servlet/hlogin HTTP/1.1" 200 1719
179.57.78.55 - - [18/Nov/2025:07:58:08 -0300] "GET /cormun/servlet/trpermisosgoce? HTTP/1.1" 200 6019
179.57.78.55 - - [18/Nov/2025:07:58:08 -0300] "GET /cormun/servlet/hlogin HTTP/1.1" 200 1740
179.57.78.55 - - [18/Nov/2025:07:58:14 -0300] "POST /cormun/servlet/hlogin?ec7791142d76fde0f309698f3fc0dd53,gx-no-cache=1763463557802 HTTP/1.1" 200 90
179.57.78.55 - - [18/Nov/2025:07:58:14 -0300] "GET /cormun/servlet/hpexe_link HTTP/1.1" 200 956
179.57.78.55 - - [18/Nov/2025:07:58:14 -0300] "GET /cormun/servlet/trpermisosgoce HTTP/1.1" 200 16261
200.126.116.145 - - [18/Nov/2025:07:58:43 -0300] "POST /cormun/servlet/hlogin?b60e77ec43f91547d556cb48c061ffab,gx-no-cache=1763463588476 HTTP/1.1" 200 90
200.126.116.145 - - [18/Nov/2025:07:58:43 -0300] "GET /cormun/servlet/hpexe_link HTTP/1.1" 200 949
200.126.116.145 - - [18/Nov/2025:07:58:43 -0300] "GET /cormun/servlet/hhome HTTP/1.1" 200 4326
200.126.116.145 - - [18/Nov/2025:07:58:47 -0300] "GET /cormun/servlet/trlicencias? HTTP/1.1" 200 13844
190.95.67.99 - - [18/Nov/2025:08:01:22 -0300] "GET /cormun/servlet/hhome HTTP/1.1" 200 3322
190.95.67.99 - - [18/Nov/2025:08:01:25 -0300] "GET /cormun/servlet/hlogin HTTP/1.1" 200 1731
201.186.225.189 - - [18/Nov/2025:08:01:38 -0300] "GET /cormun/static/menuarrow.gif HTTP/1.1" 404 1015
190.95.67.99 - - [18/Nov/2025:08:01:58 -0300] "POST /cormun/servlet/hlogin?f80a803306639406d0379c4d07373a7a,gx-no-cache=1763463782968 HTTP/1.1" 200 90
190.95.67.99 - - [18/Nov/2025:08:01:58 -0300] "GET /cormun/servlet/hpexe_link HTTP/1.1" 200 949
190.95.67.99 - - [18/Nov/2025:08:01:58 -0300] "GET /cormun/servlet/hhome HTTP/1.1" 200 4315
190.95.67.99 - - [18/Nov/2025:08:02:07 -0300] "GET /cormun/servlet/trpermisosgoce? HTTP/1.1" 200 12888
201.186.225.189 - - [18/Nov/2025:08:02:09 -0300] "POST /cormun/servlet/trlicencias?31ad660ff0d6e0448c15d788e26be818,,gx-no-cache=1763463793858 HTTP/1.1" 200 5978
190.95.67.99 - - [18/Nov/2025:08:02:57 -0300] "GET /cormun/servlet/permisogoce?UPD,17204627,P,20251117121620, HTTP/1.1" 200 7261
190.95.67.99 - - [18/Nov/2025:08:02:58 -0300] "GET /cormun/servlet/permisogoce?85c3bb96beeeb9e83e4f797fc1b2b9e542a655dbb7915333a936ef4f1109e45883b40d2bc0a13345a6c2d40a055d4140ea4510e3efbccf4d63886e835204027e,gx-no-cache=1763463843665 HTTP/1.1" 200 85
190.95.67.99 - - [18/Nov/2025:08:03:04 -0300] "POST /cormun/servlet/permisogoce?f80a803306639406d0379c4d07373a7a,UPD,17204627,P,20251117121620,,gx-no-cache=1763463848558 HTTP/1.1" 200 93
190.95.67.99 - - [18/Nov/2025:08:03:04 -0300] "GET /cormun/servlet/hpexe_return? HTTP/1.1" 200 1027
190.95.67.99 - - [18/Nov/2025:08:03:04 -0300] "GET /cormun/servlet/trpermisosgoce HTTP/1.1" 200 12862
192.168.10.19 - - [18/Nov/2025:08:03:08 -0300] "GET /cormun/servlet/hlogin HTTP/1.1" 200 1712
192.168.10.19 - - [18/Nov/2025:08:03:14 -0300] "POST /cormun/servlet/hlogin?c41e5e4ffd46566950f6dff7d04b03c5,gx-no-cache=1763463875891 HTTP/1.1" 200 90
192.168.10.19 - - [18/Nov/2025:08:03:14 -0300] "GET /cormun/servlet/hpexe_link HTTP/1.1" 200 943
192.168.10.19 - - [18/Nov/2025:08:03:14 -0300] "GET /cormun/servlet/hhome HTTP/1.1" 200 3812
192.168.10.19 - - [18/Nov/2025:08:03:27 -0300] "GET /cormun/servlet/trsolicitudgral? HTTP/1.1" 200 10182
179.57.78.55 - - [18/Nov/2025:08:04:46 -0300] "GET /cormun/servlet/permisogoce?INS,0,,, HTTP/1.1" 200 6843
179.57.78.55 - - [18/Nov/2025:08:04:47 -0300] "GET /cormun/servlet/permisogoce?INS,0,,, HTTP/1.1" 200 6843
179.57.78.55 - - [18/Nov/2025:08:04:54 -0300] "GET /cormun/servlet/permisogoce?d7783db3c13a2822d82a3b86f18137f6fbf9016d4a888b2d1b8901cf2f2907328b9a572a91592e96aa34f408090f943647070e4100dddc84860ae4aba923f874,gx-no-cache=1763463958177 HTTP/1.1" 200 81
179.57.78.55 - - [18/Nov/2025:08:04:56 -0300] "GET /cormun/static/menuarrow.gif HTTP/1.1" 404 1015
179.57.78.55 - - [18/Nov/2025:08:05:00 -0300] "GET /cormun/servlet/permisogoce?d7783db3c13a2822d82a3b86f18137f6f02bc3683388a2f42d701bc1fd2270ac4ea76aacdcf266d35de1c8db1cffcaaf62a0fb28a91c47f6978a7940b09d01f7,gx-no-cache=1763463963977 HTTP/1.1" 200 48
179.57.78.55 - - [18/Nov/2025:08:05:08 -0300] "POST /cormun/servlet/permisogoce?ec7791142d76fde0f309698f3fc0dd53,INS,0,,,,gx-no-cache=1763463971538 HTTP/1.1" 200 93
179.57.78.55 - - [18/Nov/2025:08:05:08 -0300] "GET /cormun/servlet/hpexe_return? HTTP/1.1" 200 1009
179.57.78.55 - - [18/Nov/2025:08:05:08 -0300] "GET /cormun/servlet/trpermisosgoce HTTP/1.1" 200 16459
179.57.78.55 - - [18/Nov/2025:08:05:10 -0300] "GET /cormun/servlet/apermisogoceprn?19679348,P,20251118080606,PU HTTP/1.1" 200 1648
190.95.15.9 - - [18/Nov/2025:08:06:56 -0300] "POST /cormun/servlet/trlicencias?98320b04f6d49108a6bc66abbf9ca6bf,,gx-no-cache=1763464082027 HTTP/1.1" 440 972
190.95.15.9 - - [18/Nov/2025:08:06:57 -0300] "GET /cormun/servlet/trlicencias? HTTP/1.1" 200 6052
190.95.15.9 - - [18/Nov/2025:08:06:58 -0300] "GET /cormun/servlet/hlogin HTTP/1.1" 200 1741
190.95.15.9 - - [18/Nov/2025:08:07:02 -0300] "POST /cormun/servlet/hlogin?94b10a178cf20c8f7ef98486c28b39cc,gx-no-cache=1763464088423 HTTP/1.1" 200 90
190.95.15.9 - - [18/Nov/2025:08:07:02 -0300] "GET /cormun/servlet/hpexe_link HTTP/1.1" 200 959
190.95.15.9 - - [18/Nov/2025:08:07:03 -0300] "GET /cormun/servlet/trlicencias HTTP/1.1" 200 13161
190.95.1.185 - - [18/Nov/2025:08:09:05 -0300] "GET /cormun/servlet/trlicencias? HTTP/1.1" 200 6054
190.95.1.185 - - [18/Nov/2025:08:09:05 -0300] "GET /cormun/servlet/hlogin HTTP/1.1" 200 1731
179.57.78.71 - - [18/Nov/2025:08:09:15 -0300] "GET /cormun/servlet/hlogin HTTP/1.1" 200 1715
179.57.78.71 - - [18/Nov/2025:08:09:23 -0300] "POST /cormun/servlet/hlogin?0d973fab477ac9b80747f7c637205a9a,gx-no-cache=1763464227732 HTTP/1.1" 200 90
179.57.78.71 - - [18/Nov/2025:08:09:23 -0300] "GET /cormun/servlet/hpexe_link HTTP/1.1" 200 947
179.57.78.71 - - [18/Nov/2025:08:09:24 -0300] "GET /cormun/servlet/hhome HTTP/1.1" 200 4259
179.57.78.71 - - [18/Nov/2025:08:09:27 -0300] "GET /cormun/servlet/trlicencias? HTTP/1.1" 200 12578
190.95.1.185 - - [18/Nov/2025:08:10:21 -0300] "POST /cormun/servlet/hlogin?0f6bbe95be2d4333fdfaa8178dd585e9,gx-no-cache=1763464280794 HTTP/1.1" 200 90
190.95.1.185 - - [18/Nov/2025:08:10:22 -0300] "GET /cormun/servlet/hpexe_link HTTP/1.1" 200 951
190.95.1.185 - - [18/Nov/2025:08:10:22 -0300] "GET /cormun/servlet/trlicencias HTTP/1.1" 200 11936
190.95.67.99 - - [18/Nov/2025:08:10:42 -0300] "GET /cormun/servlet/permisogoce?UPD,17204627,P,20251117121620, HTTP/1.1" 200 7264
190.95.67.99 - - [18/Nov/2025:08:10:43 -0300] "GET /cormun/servlet/permisogoce?UPD,17204627,P,20251117121620, HTTP/1.1" 200 7265
190.95.67.99 - - [18/Nov/2025:08:10:44 -0300] "GET /cormun/servlet/permisogoce?85c3bb96beeeb9e83e4f797fc1b2b9e542a655dbb7915333a936ef4f1109e45883b40d2bc0a13345a6c2d40a055d4140ea4510e3efbccf4d63886e835204027e,gx-no-cache=1763464308805 HTTP/1.1" 200 86
148.222.218.189 - - [18/Nov/2025:08:10:45 -0300] "GET /cormun/servlet/hlogin HTTP/1.1" 200 1724
179.57.78.71 - - [18/Nov/2025:08:10:45 -0300] "GET /cormun/servlet/hhome HTTP/1.1" 200 4259
190.95.67.99 - - [18/Nov/2025:08:10:48 -0300] "POST /cormun/servlet/permisogoce?f80a803306639406d0379c4d07373a7a,UPD,17204627,P,20251117121620,,gx-no-cache=1763464312890 HTTP/1.1" 200 93
148.222.218.189 - - [18/Nov/2025:08:10:48 -0300] "POST /cormun/servlet/hlogin?debae6970303360b873d8c0c1780e02a,gx-no-cache=1763464312342 HTTP/1.1" 200 90
190.95.67.99 - - [18/Nov/2025:08:10:48 -0300] "GET /cormun/servlet/hpexe_return? HTTP/1.1" 200 1027
148.222.218.189 - - [18/Nov/2025:08:10:48 -0300] "GET /cormun/servlet/hpexe_link HTTP/1.1" 200 955
148.222.218.189 - - [18/Nov/2025:08:10:48 -0300] "GET /cormun/servlet/hhome HTTP/1.1" 200 4338
190.95.67.99 - - [18/Nov/2025:08:10:48 -0300] "GET /cormun/servlet/trpermisosgoce HTTP/1.1" 200 12920
148.222.218.189 - - [18/Nov/2025:08:10:50 -0300] "GET /cormun/servlet/trlicencias? HTTP/1.1" 200 9982
179.57.78.71 - - [18/Nov/2025:08:10:53 -0300] "GET /cormun/servlet/hlogin HTTP/1.1" 200 1715
201.186.225.187 - - [18/Nov/2025:08:10:56 -0300] "GET /cormun/servlet/trpermisosgoce? HTTP/1.1" 200 13827
179.57.78.71 - - [18/Nov/2025:08:10:58 -0300] "POST /cormun/servlet/hlogin?0d973fab477ac9b80747f7c637205a9a,gx-no-cache=1763464321861 HTTP/1.1" 200 90
179.57.78.71 - - [18/Nov/2025:08:10:58 -0300] "GET /cormun/servlet/hpexe_link HTTP/1.1" 200 947
179.57.78.71 - - [18/Nov/2025:08:10:58 -0300] "GET /cormun/servlet/hhome HTTP/1.1" 200 4259
201.186.225.187 - - [18/Nov/2025:08:10:59 -0300] "GET /cormun/servlet/permisogoce?INS,0,,, HTTP/1.1" 200 6828
192.168.10.19 - - [18/Nov/2025:08:11:09 -0300] "POST /cormun/servlet/trsolicitudgral?c41e5e4ffd46566950f6dff7d04b03c5,,gx-no-cache=1763464350092 HTTP/1.1" 200 6643
192.168.10.19 - - [18/Nov/2025:08:11:10 -0300] "GET /cormun/servlet/vesolicitudgral?2025,23085,, HTTP/1.1" 200 8376
192.168.10.19 - - [18/Nov/2025:08:11:11 -0300] "GET /cormun/pexe_scrolldiv.js HTTP/1.1" 404 1009
192.168.10.19 - - [18/Nov/2025:08:11:11 -0300] "GET /cormun/servlet/vesolicitudgral?2025,23085,, HTTP/1.1" 200 8376
192.168.10.19 - - [18/Nov/2025:08:11:11 -0300] "GET /cormun/pexe_scrolldiv.js HTTP/1.1" 404 1009
201.186.225.187 - - [18/Nov/2025:08:11:37 -0300] "GET /cormun/servlet/permisogoce?1c3528599b58c268f439bc77fbb5f5b838609c0865a2d771d7d0f6480cc2e884fc04e39ed6c5356225452cd5d0ee4ab1a03f08c806f45e285c59c0a37eb88f22,gx-no-cache=1763467987285 HTTP/1.1" 200 79
201.186.225.187 - - [18/Nov/2025:08:11:45 -0300] "GET /cormun/static/menuarrow.gif HTTP/1.1" 404 1015
201.186.225.187 - - [18/Nov/2025:08:11:48 -0300] "GET /cormun/servlet/permisogoce?1c3528599b58c268f439bc77fbb5f5b80cc7cf8936e5254e40b134299909076a509456abc68d6ef0febe0ccaf5a461c8e30741e03c4fb4f21709b85a78757e4c,gx-no-cache=1763467999205 HTTP/1.1" 200 48
201.186.225.187 - - [18/Nov/2025:08:11:52 -0300] "POST /cormun/servlet/permisogoce?f7cc1426d8bc41253f12e41737b23e70,INS,0,,,,gx-no-cache=1763468002728 HTTP/1.1" 200 93
201.186.225.187 - - [18/Nov/2025:08:11:52 -0300] "GET /cormun/servlet/hpexe_return? HTTP/1.1" 200 1003
201.186.225.187 - - [18/Nov/2025:08:11:53 -0300] "GET /cormun/servlet/trpermisosgoce HTTP/1.1" 200 14148
201.186.225.187 - - [18/Nov/2025:08:11:56 -0300] "GET /cormun/servlet/apermisogoceprn?17706266,P,20251118081218,PU HTTP/1.1" 200 1637
201.186.225.187 - - [18/Nov/2025:08:12:17 -0300] "GET /cormun/servlet/permisogoce?INS,0,,, HTTP/1.1" 200 6828
201.186.225.187 - - [18/Nov/2025:08:12:39 -0300] "GET /cormun/servlet/permisogoce?1c3528599b58c268f439bc77fbb5f5b88a9fb73b65b99ee30a11586966af1027fc04e39ed6c5356225452cd5d0ee4ab1a03f08c806f45e285c59c0a37eb88f22,gx-no-cache=1763468049331 HTTP/1.1" 200 81
179.57.78.9 - - [18/Nov/2025:08:13:22 -0300] "GET /cormun/servlet/hlogin HTTP/1.1" 200 1719
179.57.78.9 - - [18/Nov/2025:08:13:22 -0300] "GET /cormun/servlet/hlogin HTTP/1.1" 200 1730
201.186.225.187 - - [18/Nov/2025:08:13:24 -0300] "GET /cormun/servlet/permisogoce?1c3528599b58c268f439bc77fbb5f5b85c09f19d1a9b09e1195a7464f9e338405598ce682d8011644d3fa8cd8e09e1a230500db98210df61185d3156c129942e,gx-no-cache=1763468095114 HTTP/1.1" 200 48
179.57.78.9 - - [18/Nov/2025:08:13:26 -0300] "POST /cormun/servlet/hlogin?47e394ce84d743eea4ff377e089fbe07,gx-no-cache=1763464480338 HTTP/1.1" 200 90
179.57.78.9 - - [18/Nov/2025:08:13:26 -0300] "GET /cormun/servlet/hpexe_link HTTP/1.1" 200 951
179.57.78.9 - - [18/Nov/2025:08:13:26 -0300] "GET /cormun/servlet/hhome HTTP/1.1" 200 4347
201.186.225.187 - - [18/Nov/2025:08:13:27 -0300] "POST /cormun/servlet/permisogoce?f7cc1426d8bc41253f12e41737b23e70,INS,0,,,,gx-no-cache=1763468097533 HTTP/1.1" 200 93
201.186.225.187 - - [18/Nov/2025:08:13:27 -0300] "GET /cormun/servlet/hpexe_return? HTTP/1.1" 200 1003
179.57.78.9 - - [18/Nov/2025:08:13:27 -0300] "GET /cormun/servlet/trlicencias? HTTP/1.1" 200 11340
201.186.225.187 - - [18/Nov/2025:08:13:27 -0300] "GET /cormun/servlet/trpermisosgoce HTTP/1.1" 200 14337
201.186.225.187 - - [18/Nov/2025:08:13:32 -0300] "GET /cormun/servlet/apermisogoceprn?13720150,P,20251118081337,PU HTTP/1.1" 200 1650
179.57.78.9 - - [18/Nov/2025:08:13:59 -0300] "GET /cormun/servlet/licenciaspermisos?DSP,15738881,L,20251101000000, HTTP/1.1" 200 7423
179.57.78.9 - - [18/Nov/2025:08:13:59 -0300] "GET /cormun/static/gxcfg.js?202012153173 HTTP/1.1" 200 953
179.57.78.9 - - [18/Nov/2025:08:13:59 -0300] "GET /cormun/static/licenciaspermisos.js?2020121532136 HTTP/1.1" 200 38753
201.186.225.187 - - [18/Nov/2025:08:15:00 -0300] "GET /cormun/servlet/permisogoce?INS,0,,, HTTP/1.1" 200 6828
201.186.225.187 - - [18/Nov/2025:08:15:23 -0300] "GET /cormun/servlet/permisogoce?1c3528599b58c268f439bc77fbb5f5b84aa9b54c9d897e6742fbbfddacd123cbfc04e39ed6c5356225452cd5d0ee4ab1a03f08c806f45e285c59c0a37eb88f22,gx-no-cache=1763468213888 HTTP/1.1" 200 83
201.186.225.187 - - [18/Nov/2025:08:15:30 -0300] "GET /cormun/servlet/permisogoce?1c3528599b58c268f439bc77fbb5f5b8c3667975505649a23eb18fd944a19b69d90c38a9bc247e4e777cca25c46d39bd30500db98210df61185d3156c129942e,gx-no-cache=1763468220782 HTTP/1.1" 200 48
201.186.225.187 - - [18/Nov/2025:08:15:33 -0300] "POST /cormun/servlet/permisogoce?f7cc1426d8bc41253f12e41737b23e70,INS,0,,,,gx-no-cache=1763468223000 HTTP/1.1" 200 93
201.186.225.187 - - [18/Nov/2025:08:15:33 -0300] "GET /cormun/servlet/hpexe_return? HTTP/1.1" 200 1003
201.186.225.187 - - [18/Nov/2025:08:15:33 -0300] "GET /cormun/servlet/trpermisosgoce HTTP/1.1" 200 14542
201.186.225.187 - - [18/Nov/2025:08:15:36 -0300] "GET /cormun/servlet/apermisogoceprn?17877099,P,20251118081619,PU HTTP/1.1" 200 1652
190.95.15.31 - - [18/Nov/2025:08:17:52 -0300] "GET /cormun/servlet/hlogin HTTP/1.1" 200 1717
190.95.15.31 - - [18/Nov/2025:08:18:15 -0300] "POST /cormun/servlet/hlogin?ae2c73f787ca5bebc5c73063e59d5239,gx-no-cache=1763464758141 HTTP/1.1" 200 90
190.95.15.31 - - [18/Nov/2025:08:18:15 -0300] "GET /cormun/servlet/hpexe_link HTTP/1.1" 200 948
190.95.15.31 - - [18/Nov/2025:08:18:16 -0300] "GET /cormun/servlet/hhome HTTP/1.1" 200 4354
190.95.15.31 - - [18/Nov/2025:08:18:28 -0300] "GET /cormun/servlet/trpermisosgoce? HTTP/1.1" 200 12389
201.186.225.183 - - [18/Nov/2025:08:18:35 -0300] "GET /cormun/servlet/trlicencias HTTP/1.1" 200 6054
201.186.225.183 - - [18/Nov/2025:08:18:35 -0300] "GET /cormun/static/gxtimezone.js?85251 HTTP/1.1" 200 5781
201.186.225.183 - - [18/Nov/2025:08:18:35 -0300] "GET /cormun/static/calendar-setup.js?85251 HTTP/1.1" 200 2588
201.186.225.183 - - [18/Nov/2025:08:18:35 -0300] "GET /cormun/static/calendar-es.js?85251 HTTP/1.1" 200 1901
201.186.225.183 - - [18/Nov/2025:08:18:35 -0300] "GET /cormun/static/calendar.js?85251 HTTP/1.1" 200 26246
201.186.225.183 - - [18/Nov/2025:08:18:35 -0300] "GET /cormun/static/RunJS/RunJS.js HTTP/1.1" 200 288
201.186.225.183 - - [18/Nov/2025:08:18:35 -0300] "GET /cormun/static/PXToolsJavascripts/pexe_autoreload.js HTTP/1.1" 200 1762
201.186.225.183 - - [18/Nov/2025:08:18:35 -0300] "GET /cormun/static/PXToolsJavascripts/pexe_cookies.js HTTP/1.1" 200 792
201.186.225.183 - - [18/Nov/2025:08:18:35 -0300] "GET /cormun/static/gxui/gxui-all.js HTTP/1.1" 200 107772
201.186.225.183 - - [18/Nov/2025:08:18:35 -0300] "GET /cormun/static/PXToolsJavascripts/pexe_grid.js HTTP/1.1" 200 7559
201.186.225.183 - - [18/Nov/2025:08:18:35 -0300] "GET /cormun/static/PXToolsJavascripts/pexe_windows.js HTTP/1.1" 200 15249
201.186.225.183 - - [18/Nov/2025:08:18:35 -0300] "GET /cormun/static/PXToolsJavascripts/pexe_griddivfix.js HTTP/1.1" 200 6946
201.186.225.183 - - [18/Nov/2025:08:18:35 -0300] "GET /cormun/static/PXToolsJavascripts/pexe_link.js HTTP/1.1" 200 5671
201.186.225.183 - - [18/Nov/2025:08:18:35 -0300] "GET /cormun/static/PXToolsJavascripts/pexe_menudivfix.js HTTP/1.1" 200 333
201.186.225.183 - - [18/Nov/2025:08:18:35 -0300] "GET /cormun/static/PXToolsJavascripts/pexe_menus.js HTTP/1.1" 200 1286
201.186.225.183 - - [18/Nov/2025:08:18:35 -0300] "GET /cormun/static/PXToolsJavascripts/pexe_layers.js HTTP/1.1" 200 4114
201.186.225.183 - - [18/Nov/2025:08:18:35 -0300] "GET /cormun/static/PXToolsJavascripts/pexe_oav.js HTTP/1.1" 200 645
201.186.225.183 - - [18/Nov/2025:08:18:35 -0300] "GET /cormun/static/gxgral.js?85251 HTTP/1.1" 200 384558
201.186.225.183 - - [18/Nov/2025:08:18:35 -0300] "GET /cormun/static/PXToolsJavascripts/pexe_picture.js HTTP/1.1" 200 689
201.186.225.183 - - [18/Nov/2025:08:18:35 -0300] "GET /cormun/static/PXToolsJavascripts/pexe_oavdivfix.js HTTP/1.1" 200 639
201.186.225.183 - - [18/Nov/2025:08:18:35 -0300] "GET /cormun/static/PXToolsJavascripts/pexe_tabdivfix.js HTTP/1.1" 200 898
201.186.225.183 - - [18/Nov/2025:08:18:35 -0300] "GET /cormun/static/PXToolsJavascripts/pexe_scrolldiv.js HTTP/1.1" 200 4138
201.186.225.183 - - [18/Nov/2025:08:18:35 -0300] "GET /cormun/static/PXToolsJavascripts/pexe_popup.js HTTP/1.1" 200 15149
201.186.225.183 - - [18/Nov/2025:08:18:35 -0300] "GET /cormun/static/PXToolsJavascripts/PXToolsJavascriptsRender.js HTTP/1.1" 200 367
201.186.225.183 - - [18/Nov/2025:08:18:35 -0300] "GET /cormun/static/PXToolsJavascripts/pexe_upload.js HTTP/1.1" 200 1423
201.186.225.183 - - [18/Nov/2025:08:18:35 -0300] "GET /cormun/static/PXToolsJavascripts/pexe_tabs.js HTTP/1.1" 200 3748
201.186.225.183 - - [18/Nov/2025:08:18:35 -0300] "GET /cormun/static/Shared/ext/ext-all.js HTTP/1.1" 200 1289687
201.186.225.183 - - [18/Nov/2025:08:18:36 -0300] "GET /cormun/static/Shared/ext/locale/ext-lang-en.js HTTP/1.1" 200 10940
201.186.225.183 - - [18/Nov/2025:08:18:36 -0300] "GET /cormun/static/messages.spa.js?85251 HTTP/1.1" 200 30736
201.186.225.183 - - [18/Nov/2025:08:18:36 -0300] "GET /cormun/static/hpexe_recentlink.js?20201214471090 HTTP/1.1" 200 2144
201.186.225.183 - - [18/Nov/2025:08:18:36 -0300] "GET /cormun/static/gxdec.js?85251 HTTP/1.1" 200 19579
201.186.225.183 - - [18/Nov/2025:08:18:36 -0300] "GET /cormun/static/hpexe_messagecontroller.js?202211298371222 HTTP/1.1" 200 870
201.186.225.183 - - [18/Nov/2025:08:18:36 -0300] "GET /cormun/static/hpexe_scripts.js?20201214471411 HTTP/1.1" 200 1544
201.186.225.183 - - [18/Nov/2025:08:18:36 -0300] "GET /cormun/static/hwchdr01.js?2022112219251119 HTTP/1.1" 200 996
201.186.225.183 - - [18/Nov/2025:08:18:36 -0300] "GET /cormun/static/hpexe_messagepopupcomponent.js?2020121447232 HTTP/1.1" 200 605
201.186.225.183 - - [18/Nov/2025:08:18:36 -0300] "GET /cormun/static/hpexe_messagegenexuscomponent.js?20221129836373 HTTP/1.1" 200 587
201.186.225.183 - - [18/Nov/2025:08:18:36 -0300] "GET /cormun/static/cmcontrolpreferences.js?20199141926336 HTTP/1.1" 200 1375
201.186.225.183 - - [18/Nov/2025:08:18:36 -0300] "GET /cormun/static/Shared/jquery/jquery-1.4.2.min.js HTTP/1.1" 200 72174
201.186.225.183 - - [18/Nov/2025:08:18:36 -0300] "GET /cormun/static/SmoothNavMenu/resources/ddsmoothmenu.js HTTP/1.1" 200 12712
201.186.225.183 - - [18/Nov/2025:08:18:36 -0300] "GET /cormun/static/Shared/jquery/jquery-1.10.2.min.js HTTP/1.1" 200 273199
201.186.225.183 - - [18/Nov/2025:08:18:36 -0300] "GET /cormun/static/Shared/jqueryui/jquery-ui.min.js HTTP/1.1" 200 240427
201.186.225.183 - - [18/Nov/2025:08:18:36 -0300] "GET /cormun/static/SmoothNavMenu/resources/SmoothNavMenuRender.js HTTP/1.1" 200 5951
201.186.225.183 - - [18/Nov/2025:08:18:36 -0300] "GET /cormun/static/scaMessage/js/jquery.pnotify.min.js HTTP/1.1" 200 13038
201.186.225.183 - - [18/Nov/2025:08:18:36 -0300] "GET /cormun/static/scaMessage/scaMessageRender.js HTTP/1.1" 200 11977
201.186.225.183 - - [18/Nov/2025:08:18:36 -0300] "GET /cormun/static/hmpwkw03.js?20221129844354 HTTP/1.1" 200 3971
201.186.225.183 - - [18/Nov/2025:08:18:37 -0300] "GET /cormun/static/Resources/PXToolsDataTitle.png HTTP/1.1" 200 1173
201.186.225.183 - - [18/Nov/2025:08:18:37 -0300] "GET /cormun/servlet/hlogin HTTP/1.1" 200 1741
201.186.225.183 - - [18/Nov/2025:08:18:43 -0300] "POST /cormun/servlet/hlogin?e30d2b0e9a0f2fba655495a24fb73000,gx-no-cache=1763464788281 HTTP/1.1" 200 90
201.186.225.183 - - [18/Nov/2025:08:18:43 -0300] "GET /cormun/servlet/hpexe_link HTTP/1.1" 200 959
201.186.225.183 - - [18/Nov/2025:08:18:44 -0300] "GET /cormun/servlet/trlicencias HTTP/1.1" 200 14855
201.186.225.183 - - [18/Nov/2025:08:19:16 -0300] "GET /cormun/servlet/trlicencias? HTTP/1.1" 200 14851
52.167.144.181 - - [18/Nov/2025:08:19:20 -0300] "GET /cormun/servlet/hlogin HTTP/1.1" 200 1729
190.95.15.31 - - [18/Nov/2025:08:19:26 -0300] "GET /cormun/servlet/trpermisosgoce? HTTP/1.1" 200 12391
190.95.15.31 - - [18/Nov/2025:08:19:29 -0300] "GET /cormun/servlet/permisogoce?INS,0,,, HTTP/1.1" 200 7252
190.95.15.31 - - [18/Nov/2025:08:19:40 -0300] "GET /cormun/servlet/permisogoce?e2f5330c800151f7d4619fa10308d22cf8842b9266504ed0f5eb91ab7b5e7ea53b2519267640982fa3f115f8f7abc76d68789d47f4c1ae7a8582c6cc5ef68ad4,gx-no-cache=1763464842892 HTTP/1.1" 200 83
190.95.15.31 - - [18/Nov/2025:08:19:40 -0300] "GET /cormun/static/menuarrow.gif HTTP/1.1" 404 1015
190.95.15.31 - - [18/Nov/2025:08:19:53 -0300] "GET /cormun/servlet/permisogoce?e2f5330c800151f7d4619fa10308d22cd4fd9504cc7adf87a44a325188988229e8c7c39be728e23dfa1f6e433f13722e653f30f77916c82528df6642490cbb2f,gx-no-cache=1763464855915 HTTP/1.1" 200 45
190.95.15.31 - - [18/Nov/2025:08:19:56 -0300] "POST /cormun/servlet/permisogoce?ae2c73f787ca5bebc5c73063e59d5239,INS,0,,,,gx-no-cache=1763464858540 HTTP/1.1" 200 93
190.95.15.31 - - [18/Nov/2025:08:19:56 -0300] "GET /cormun/servlet/hpexe_return? HTTP/1.1" 200 1006
190.95.15.31 - - [18/Nov/2025:08:19:56 -0300] "GET /cormun/servlet/trpermisosgoce HTTP/1.1" 200 12665
190.95.15.31 - - [18/Nov/2025:08:19:59 -0300] "GET /cormun/servlet/apermisogoceprn?16491206,P,20251118082048,PU HTTP/1.1" 200 1664
201.186.225.183 - - [18/Nov/2025:08:20:05 -0300] "POST /cormun/servlet/trlicencias?e30d2b0e9a0f2fba655495a24fb73000,,gx-no-cache=1763464869607 HTTP/1.1" 200 5190
201.186.225.183 - - [18/Nov/2025:08:20:10 -0300] "POST /cormun/servlet/trlicencias?e30d2b0e9a0f2fba655495a24fb73000,,gx-no-cache=1763464874582 HTTP/1.1" 200 12677
190.95.15.31 - - [18/Nov/2025:08:20:17 -0300] "GET /cormun/servlet/permisogoce?INS,0,,, HTTP/1.1" 200 7252
192.168.10.19 - - [18/Nov/2025:08:20:17 -0300] "GET /cormun/servlet/trsolicitudgral? HTTP/1.1" 200 9707
192.168.10.19 - - [18/Nov/2025:08:20:21 -0300] "POST /cormun/servlet/trsolicitudgral?c41e5e4ffd46566950f6dff7d04b03c5,,gx-no-cache=1763464902379 HTTP/1.1" 200 7056
190.95.15.31 - - [18/Nov/2025:08:20:30 -0300] "GET /cormun/servlet/permisogoce?e2f5330c800151f7d4619fa10308d22cf8842b9266504ed0f5eb91ab7b5e7ea53b2519267640982fa3f115f8f7abc76d68789d47f4c1ae7a8582c6cc5ef68ad4,gx-no-cache=1763464890140 HTTP/1.1" 200 83
201.186.225.193 - - [18/Nov/2025:08:20:30 -0300] "GET /cormun/servlet/hhome HTTP/1.1" 200 3322
201.186.225.193 - - [18/Nov/2025:08:20:30 -0300] "GET /cormun/servlet/hlogin HTTP/1.1" 200 1732
201.186.225.193 - - [18/Nov/2025:08:20:33 -0300] "POST /cormun/servlet/hlogin?fa776b339981b9ae9e88945d5b302bab,gx-no-cache=1763464897311 HTTP/1.1" 200 90
201.186.225.193 - - [18/Nov/2025:08:20:33 -0300] "GET /cormun/servlet/hpexe_link HTTP/1.1" 200 950
201.186.225.193 - - [18/Nov/2025:08:20:33 -0300] "GET /cormun/servlet/hhome HTTP/1.1" 200 4291
201.186.225.193 - - [18/Nov/2025:08:20:36 -0300] "GET /cormun/servlet/trlicencias? HTTP/1.1" 200 12194
192.168.10.19 - - [18/Nov/2025:08:20:36 -0300] "POST /cormun/servlet/trsolicitudgral?c41e5e4ffd46566950f6dff7d04b03c5,,gx-no-cache=1763464917672 HTTP/1.1" 200 5255
190.95.15.15 - - [18/Nov/2025:08:20:46 -0300] "GET /cormun/servlet/hlogin HTTP/1.1" 200 1727
190.95.15.31 - - [18/Nov/2025:08:20:46 -0300] "GET /cormun/servlet/permisogoce?e2f5330c800151f7d4619fa10308d22cd4fd9504cc7adf87a44a325188988229ad829a5f3d0661421fa664f3391295d0653f30f77916c82528df6642490cbb2f,gx-no-cache=1763464909410 HTTP/1.1" 200 47
190.95.15.31 - - [18/Nov/2025:08:20:49 -0300] "POST /cormun/servlet/permisogoce?ae2c73f787ca5bebc5c73063e59d5239,INS,0,,,,gx-no-cache=1763464912037 HTTP/1.1" 200 93
190.95.15.31 - - [18/Nov/2025:08:20:49 -0300] "GET /cormun/servlet/hpexe_return? HTTP/1.1" 200 1006
190.95.15.31 - - [18/Nov/2025:08:20:49 -0300] "GET /cormun/servlet/trpermisosgoce HTTP/1.1" 200 12891
190.95.15.31 - - [18/Nov/2025:08:20:55 -0300] "GET /cormun/servlet/apermisogoceprn?16491206,P,20251118082136,PU HTTP/1.1" 200 1656
190.95.15.15 - - [18/Nov/2025:08:20:55 -0300] "POST /cormun/servlet/hlogin?08674e64ae89880e1dfe4e487f366cc8,gx-no-cache=1763464920266 HTTP/1.1" 200 90
190.95.15.15 - - [18/Nov/2025:08:20:55 -0300] "GET /cormun/servlet/hpexe_link HTTP/1.1" 200 956
190.95.15.15 - - [18/Nov/2025:08:20:56 -0300] "GET /cormun/servlet/hhome HTTP/1.1" 200 3998
190.95.15.31 - - [18/Nov/2025:08:21:05 -0300] "GET /cormun/servlet/permisogoce?INS,0,,, HTTP/1.1" 200 7252
190.95.15.31 - - [18/Nov/2025:08:21:11 -0300] "GET /cormun/servlet/permisogoce?e2f5330c800151f7d4619fa10308d22cf8842b9266504ed0f5eb91ab7b5e7ea53b2519267640982fa3f115f8f7abc76d68789d47f4c1ae7a8582c6cc5ef68ad4,gx-no-cache=1763464934339 HTTP/1.1" 200 83
190.95.15.31 - - [18/Nov/2025:08:21:36 -0300] "GET /cormun/servlet/permisogoce?e2f5330c800151f7d4619fa10308d22cd4fd9504cc7adf87a44a32518898822916b417e72fa84260f65b912837db2f15653f30f77916c82528df6642490cbb2f,gx-no-cache=1763464959259 HTTP/1.1" 200 48
190.95.15.31 - - [18/Nov/2025:08:21:40 -0300] "POST /cormun/servlet/permisogoce?ae2c73f787ca5bebc5c73063e59d5239,INS,0,,,,gx-no-cache=1763464962964 HTTP/1.1" 200 93
190.95.15.31 - - [18/Nov/2025:08:21:40 -0300] "GET /cormun/servlet/hpexe_return? HTTP/1.1" 200 1006
190.95.15.31 - - [18/Nov/2025:08:21:40 -0300] "GET /cormun/servlet/trpermisosgoce HTTP/1.1" 200 13050
190.95.15.31 - - [18/Nov/2025:08:21:54 -0300] "GET /cormun/servlet/apermisogoceprn?16491206,P,20251118082225,PU HTTP/1.1" 200 1664
190.95.15.31 - - [18/Nov/2025:08:22:10 -0300] "GET /cormun/servlet/permisogoce?INS,0,,, HTTP/1.1" 200 7252
190.95.15.31 - - [18/Nov/2025:08:22:15 -0300] "GET /cormun/servlet/permisogoce?e2f5330c800151f7d4619fa10308d22cf8842b9266504ed0f5eb91ab7b5e7ea53b2519267640982fa3f115f8f7abc76d68789d47f4c1ae7a8582c6cc5ef68ad4,gx-no-cache=1763464998291 HTTP/1.1" 200 83
190.95.15.31 - - [18/Nov/2025:08:22:33 -0300] "GET /cormun/servlet/permisogoce?e2f5330c800151f7d4619fa10308d22cd4fd9504cc7adf87a44a3251889882296863b679619aa41aa726b93c1d6a8665653f30f77916c82528df6642490cbb2f,gx-no-cache=1763465008626 HTTP/1.1" 200 48
190.95.15.31 - - [18/Nov/2025:08:22:37 -0300] "POST /cormun/servlet/permisogoce?ae2c73f787ca5bebc5c73063e59d5239,INS,0,,,,gx-no-cache=1763465019749 HTTP/1.1" 200 93
190.95.15.31 - - [18/Nov/2025:08:22:37 -0300] "GET /cormun/servlet/hpexe_return? HTTP/1.1" 200 1006
190.95.15.31 - - [18/Nov/2025:08:22:37 -0300] "GET /cormun/servlet/trpermisosgoce HTTP/1.1" 200 13272
190.95.15.31 - - [18/Nov/2025:08:22:42 -0300] "GET /cormun/servlet/apermisogoceprn?16491206,P,20251118082329,PU HTTP/1.1" 200 1659
190.95.15.31 - - [18/Nov/2025:08:22:54 -0300] "GET /cormun/servlet/permisogoce?INS,0,,, HTTP/1.1" 200 7252
179.57.78.55 - - [18/Nov/2025:08:22:58 -0300] "GET /cormun/servlet/trpermisosgoce? HTTP/1.1" 200 16454
179.57.78.55 - - [18/Nov/2025:08:22:59 -0300] "GET /cormun/static/menuarrow.gif HTTP/1.1" 404 1015
190.95.15.31 - - [18/Nov/2025:08:23:01 -0300] "GET /cormun/servlet/permisogoce?e2f5330c800151f7d4619fa10308d22cf8842b9266504ed0f5eb91ab7b5e7ea53b2519267640982fa3f115f8f7abc76d68789d47f4c1ae7a8582c6cc5ef68ad4,gx-no-cache=1763465043899 HTTP/1.1" 200 83
179.57.78.55 - - [18/Nov/2025:08:23:09 -0300] "POST /cormun/servlet/trpermisosgoce?ec7791142d76fde0f309698f3fc0dd53,,gx-no-cache=1763465052703 HTTP/1.1" 200 5780
190.95.15.31 - - [18/Nov/2025:08:23:10 -0300] "GET /cormun/servlet/permisogoce?e2f5330c800151f7d4619fa10308d22cd4fd9504cc7adf87a44a3251889882292b55fbb370349cfde20cfbd4b9faa9ac0938b63c7f80b8e6429a26a71cebcd02,gx-no-cache=1763465051530 HTTP/1.1" 200 48
190.95.15.31 - - [18/Nov/2025:08:23:14 -0300] "POST /cormun/servlet/permisogoce?ae2c73f787ca5bebc5c73063e59d5239,INS,0,,,,gx-no-cache=1763465057284 HTTP/1.1" 200 93
190.95.15.31 - - [18/Nov/2025:08:23:15 -0300] "GET /cormun/servlet/hpexe_return? HTTP/1.1" 200 1006
190.95.15.31 - - [18/Nov/2025:08:23:15 -0300] "GET /cormun/servlet/trpermisosgoce HTTP/1.1" 200 13445
190.95.15.31 - - [18/Nov/2025:08:23:22 -0300] "GET /cormun/servlet/apermisogoceprn?16491206,P,20251118082413,PU HTTP/1.1" 200 1667
179.57.78.71 - - [18/Nov/2025:08:23:34 -0300] "GET /cormun/servlet/hhome HTTP/1.1" 200 3324
179.57.78.71 - - [18/Nov/2025:08:23:36 -0300] "GET /cormun/servlet/hlogin HTTP/1.1" 200 1732
179.57.78.71 - - [18/Nov/2025:08:23:40 -0300] "POST /cormun/servlet/hlogin?fd4161d897e9388379e21e44aeafc476,gx-no-cache=1763465084588 HTTP/1.1" 200 90
179.57.78.71 - - [18/Nov/2025:08:23:40 -0300] "GET /cormun/servlet/hpexe_link HTTP/1.1" 200 952
179.57.78.71 - - [18/Nov/2025:08:23:40 -0300] "GET /cormun/servlet/hhome HTTP/1.1" 200 4264
179.57.78.71 - - [18/Nov/2025:08:25:00 -0300] "GET /cormun/servlet/trlicencias? HTTP/1.1" 200 12599
192.168.10.19 - - [18/Nov/2025:08:25:03 -0300] "POST /cormun/servlet/trsolicitudgral?c41e5e4ffd46566950f6dff7d04b03c5,,gx-no-cache=1763465184711 HTTP/1.1" 200 7465
190.95.15.15 - - [18/Nov/2025:08:25:07 -0300] "GET /cormun/servlet/trlicencias? HTTP/1.1" 200 12891
192.168.10.19 - - [18/Nov/2025:08:25:31 -0300] "POST /cormun/servlet/trsolicitudgral?c41e5e4ffd46566950f6dff7d04b03c5,,gx-no-cache=1763465212166 HTTP/1.1" 200 6658
192.168.10.19 - - [18/Nov/2025:08:25:31 -0300] "POST /cormun/servlet/trsolicitudgral?c41e5e4ffd46566950f6dff7d04b03c5,,gx-no-cache=1763465212485 HTTP/1.1" 200 6658
192.168.10.19 - - [18/Nov/2025:08:25:39 -0300] "POST /cormun/servlet/trsolicitudgral?c41e5e4ffd46566950f6dff7d04b03c5,,gx-no-cache=1763465220598 HTTP/1.1" 200 5259
192.168.10.19 - - [18/Nov/2025:08:25:59 -0300] "POST /cormun/servlet/trsolicitudgral?c41e5e4ffd46566950f6dff7d04b03c5,,gx-no-cache=1763465240495 HTTP/1.1" 200 5256
192.168.10.19 - - [18/Nov/2025:08:26:00 -0300] "POST /cormun/servlet/trsolicitudgral?c41e5e4ffd46566950f6dff7d04b03c5,,gx-no-cache=1763465241133 HTTP/1.1" 200 5256
192.168.10.19 - - [18/Nov/2025:08:26:09 -0300] "POST /cormun/servlet/trsolicitudgral?c41e5e4ffd46566950f6dff7d04b03c5,,gx-no-cache=1763465250637 HTTP/1.1" 200 5256
192.168.10.19 - - [18/Nov/2025:08:26:20 -0300] "POST /cormun/servlet/trsolicitudgral?c41e5e4ffd46566950f6dff7d04b03c5,,gx-no-cache=1763465261854 HTTP/1.1" 200 5253
190.95.67.93 - - [18/Nov/2025:08:26:21 -0300] "GET /cormun/servlet/hlogin HTTP/1.1" 200 1722
190.95.67.93 - - [18/Nov/2025:08:26:21 -0300] "GET /cormun/servlet/hlogin HTTP/1.1" 200 1733
190.95.67.93 - - [18/Nov/2025:08:26:24 -0300] "POST /cormun/servlet/hlogin?f075c47dae7290703233f853361bfbfb,gx-no-cache=1763465249770 HTTP/1.1" 200 90
190.95.67.93 - - [18/Nov/2025:08:26:24 -0300] "GET /cormun/servlet/hpexe_link HTTP/1.1" 200 955
190.95.67.93 - - [18/Nov/2025:08:26:25 -0300] "GET /cormun/servlet/hhome HTTP/1.1" 200 4341
190.95.67.93 - - [18/Nov/2025:08:27:36 -0300] "GET /cormun/servlet/trpermisosgoce? HTTP/1.1" 200 15392
190.95.67.93 - - [18/Nov/2025:08:27:38 -0300] "GET /cormun/static/menuarrow.gif HTTP/1.1" 404 1015
190.95.67.93 - - [18/Nov/2025:08:27:49 -0300] "POST /cormun/servlet/trpermisosgoce?f075c47dae7290703233f853361bfbfb,,gx-no-cache=1763465334809 HTTP/1.1" 200 5785
190.95.67.93 - - [18/Nov/2025:08:28:14 -0300] "POST /cormun/servlet/trpermisosgoce?f075c47dae7290703233f853361bfbfb,,gx-no-cache=1763465359687 HTTP/1.1" 200 10050
201.186.225.187 - - [18/Nov/2025:08:29:48 -0300] "GET /cormun/servlet/trlicencias? HTTP/1.1" 200 9861
201.186.225.187 - - [18/Nov/2025:08:29:51 -0300] "POST /cormun/servlet/trlicencias?f7cc1426d8bc41253f12e41737b23e70,,gx-no-cache=1763469081951 HTTP/1.1" 200 7406
201.186.225.187 - - [18/Nov/2025:08:29:53 -0300] "POST /cormun/servlet/trlicencias?f7cc1426d8bc41253f12e41737b23e70,,gx-no-cache=1763469084165 HTTP/1.1" 200 7406
190.95.15.15 - - [18/Nov/2025:08:30:41 -0300] "GET /cormun/servlet/trpermisosgoce? HTTP/1.1" 200 18164
190.95.15.9 - - [18/Nov/2025:08:30:41 -0300] "POST /cormun/servlet/trlicencias?94b10a178cf20c8f7ef98486c28b39cc,gx-no-cache=1763465506900 HTTP/1.1" 200 10795
190.95.15.15 - - [18/Nov/2025:08:30:44 -0300] "GET /cormun/servlet/permisogoce?INS,0,,, HTTP/1.1" 200 6863
190.95.15.15 - - [18/Nov/2025:08:30:53 -0300] "GET /cormun/servlet/permisogoce?b8087cbe644b0e97b1b945a5a5136ffee5798bf858cef97a0ce7293f5e869510b1500ad4683083e8bc047e62797ebf9acf4574ebae3e38e09e615f177332c4df,gx-no-cache=1763465517559 HTTP/1.1" 200 89
190.95.15.15 - - [18/Nov/2025:08:30:53 -0300] "GET /cormun/static/menuarrow.gif HTTP/1.1" 404 1015
190.95.15.15 - - [18/Nov/2025:08:30:58 -0300] "GET /cormun/servlet/permisogoce?b8087cbe644b0e97b1b945a5a5136ffec8bd91a0d1bc05e4f7861e0a5e02d42b45f376761f6cebc77ed38ae40c77699fb959f973925bff489de56782e4f55190,gx-no-cache=1763465523024 HTTP/1.1" 200 47
190.95.15.15 - - [18/Nov/2025:08:31:00 -0300] "POST /cormun/servlet/permisogoce?08674e64ae89880e1dfe4e487f366cc8,INS,0,,,,gx-no-cache=1763465524712 HTTP/1.1" 200 93
190.95.15.15 - - [18/Nov/2025:08:31:00 -0300] "GET /cormun/servlet/hpexe_return? HTTP/1.1" 200 1016
190.95.15.15 - - [18/Nov/2025:08:31:00 -0300] "GET /cormun/servlet/trpermisosgoce HTTP/1.1" 200 18423
190.95.15.15 - - [18/Nov/2025:08:31:03 -0300] "GET /cormun/servlet/apermisogoceprn?17526253,P,20251118083203,PU HTTP/1.1" 200 1665
190.95.15.9 - - [18/Nov/2025:08:31:22 -0300] "POST /cormun/servlet/trlicencias?94b10a178cf20c8f7ef98486c28b39cc,gx-no-cache=1763465548446 HTTP/1.1" 200 10785
64.226.106.40 - - [18/Nov/2025:08:34:14 -0300] "$ —àžÙ–=¢Ü˜­±‚ŽR&P " 400 -
190.95.1.185 - - [18/Nov/2025:08:38:07 -0300] "GET /cormun/servlet/trlicencias HTTP/1.1" 200 11932
190.95.1.185 - - [18/Nov/2025:08:38:07 -0300] "GET /cormun/servlet/trlicencias HTTP/1.1" 200 11930
179.57.78.55 - - [18/Nov/2025:08:38:22 -0300] "POST /cormun/servlet/trpermisosgoce?ec7791142d76fde0f309698f3fc0dd53,,gx-no-cache=1763465965809 HTTP/1.1" 200 5315
190.95.1.187 - - [18/Nov/2025:08:38:41 -0300] "GET /cormun/servlet/hlogin HTTP/1.1" 200 1725
190.95.1.187 - - [18/Nov/2025:08:38:41 -0300] "GET /cormun/servlet/hlogin HTTP/1.1" 200 1735
190.95.1.187 - - [18/Nov/2025:08:38:43 -0300] "POST /cormun/servlet/hlogin?ef590384fd191ff326076cb6da34a2a2,gx-no-cache=1763465987980 HTTP/1.1" 200 90
190.95.1.187 - - [18/Nov/2025:08:38:43 -0300] "GET /cormun/servlet/hpexe_link HTTP/1.1" 200 954
190.95.1.187 - - [18/Nov/2025:08:38:43 -0300] "GET /cormun/servlet/hhome HTTP/1.1" 200 4021
179.57.78.71 - - [18/Nov/2025:08:38:45 -0300] "POST /cormun/servlet/trlicencias?fd4161d897e9388379e21e44aeafc476,,gx-no-cache=1763465989296 HTTP/1.1" 200 10282
190.95.1.187 - - [18/Nov/2025:08:38:46 -0300] "GET /cormun/servlet/trlicencias? HTTP/1.1" 200 15568
45.232.32.2 - - [18/Nov/2025:08:38:47 -0300] "GET /cormun/servlet/hlogin HTTP/1.1" 200 1721
45.232.32.2 - - [18/Nov/2025:08:38:49 -0300] "POST /cormun/servlet/hlogin?24248cee96d50f4539a588a78de0a34d,gx-no-cache=1763465994323 HTTP/1.1" 200 90
45.232.32.2 - - [18/Nov/2025:08:38:49 -0300] "GET /cormun/servlet/hpexe_link HTTP/1.1" 200 951
45.232.32.2 - - [18/Nov/2025:08:38:49 -0300] "GET /cormun/servlet/hhome HTTP/1.1" 200 3981
45.232.32.2 - - [18/Nov/2025:08:39:00 -0300] "GET /cormun/servlet/trpermisosgoce? HTTP/1.1" 200 16605
45.232.32.2 - - [18/Nov/2025:08:39:03 -0300] "GET /cormun/static/menuarrow.gif HTTP/1.1" 404 1015
45.232.32.2 - - [18/Nov/2025:08:39:22 -0300] "POST /cormun/servlet/trpermisosgoce?24248cee96d50f4539a588a78de0a34d,,gx-no-cache=1763466026777 HTTP/1.1" 200 5537
181.43.126.18 - - [18/Nov/2025:08:42:49 -0300] "POST /cormun/servlet/hlogin?e0d62f47b101f8af4a926d44112b8058,gx-no-cache=1763466233597 HTTP/1.1" 440 972
181.43.126.18 - - [18/Nov/2025:08:42:51 -0300] "GET /cormun/servlet/hlogin HTTP/1.1" 200 1725
181.43.126.18 - - [18/Nov/2025:08:42:51 -0300] "GET /cormun/servlet/hlogin HTTP/1.1" 200 1725
181.43.126.18 - - [18/Nov/2025:08:42:57 -0300] "POST /cormun/servlet/hlogin?f12b6e59b3953edd6c70e0c8effb925a,gx-no-cache=1763466241374 HTTP/1.1" 200 90
181.43.126.18 - - [18/Nov/2025:08:42:57 -0300] "GET /cormun/servlet/hpexe_link HTTP/1.1" 200 945
181.43.126.18 - - [18/Nov/2025:08:42:57 -0300] "GET /cormun/servlet/hhome HTTP/1.1" 200 3939
129.222.173.48 - - [18/Nov/2025:08:43:12 -0300] "GET /cormun/servlet/hlogin HTTP/1.1" 200 1721
129.222.173.48 - - [18/Nov/2025:08:43:13 -0300] "GET /cormun/servlet/hlogin HTTP/1.1" 200 1730
129.222.173.48 - - [18/Nov/2025:08:43:17 -0300] "POST /cormun/servlet/hlogin?63c3174fd5676125fd18e430ec048a89,gx-no-cache=1763466261051 HTTP/1.1" 200 90
129.222.173.48 - - [18/Nov/2025:08:43:17 -0300] "GET /cormun/servlet/hpexe_link HTTP/1.1" 200 952
129.222.173.48 - - [18/Nov/2025:08:43:17 -0300] "GET /cormun/servlet/hhome HTTP/1.1" 200 3946
129.222.173.48 - - [18/Nov/2025:08:43:22 -0300] "GET /cormun/servlet/trlicencias? HTTP/1.1" 200 9708
190.95.1.185 - - [18/Nov/2025:08:44:44 -0300] "GET /cormun/static/menuarrow.gif HTTP/1.1" 404 1015
190.95.1.185 - - [18/Nov/2025:08:44:48 -0300] "POST /cormun/servlet/trlicencias?0f6bbe95be2d4333fdfaa8178dd585e9,gx-no-cache=1763466352635 HTTP/1.1" 200 12461
167.249.88.104 - - [18/Nov/2025:08:44:57 -0300] "GET / HTTP/1.1" 200 11217
129.222.173.48 - - [18/Nov/2025:08:45:10 -0300] "GET /cormun/servlet/hlogin HTTP/1.1" 200 1739
190.95.15.9 - - [18/Nov/2025:08:46:45 -0300] "POST /cormun/servlet/trlicencias?94b10a178cf20c8f7ef98486c28b39cc,gx-no-cache=1763466470541 HTTP/1.1" 200 10785
190.95.15.9 - - [18/Nov/2025:08:46:47 -0300] "POST /cormun/servlet/trlicencias?94b10a178cf20c8f7ef98486c28b39cc,gx-no-cache=1763466472460 HTTP/1.1" 200 10786
190.95.15.9 - - [18/Nov/2025:08:46:48 -0300] "POST /cormun/servlet/trlicencias?94b10a178cf20c8f7ef98486c28b39cc,gx-no-cache=1763466474380 HTTP/1.1" 200 10787
190.95.15.9 - - [18/Nov/2025:08:46:50 -0300] "POST /cormun/servlet/trlicencias?94b10a178cf20c8f7ef98486c28b39cc,gx-no-cache=1763466476308 HTTP/1.1" 200 10785
190.95.1.187 - - [18/Nov/2025:08:46:55 -0300] "GET /cormun/servlet/trpermisosgoce? HTTP/1.1" 200 16296
190.95.1.187 - - [18/Nov/2025:08:46:59 -0300] "GET /cormun/static/menuarrow.gif HTTP/1.1" 404 1015
190.95.1.187 - - [18/Nov/2025:08:47:56 -0300] "GET /cormun/servlet/trlicencias? HTTP/1.1" 200 15575
190.95.1.187 - - [18/Nov/2025:08:48:24 -0300] "POST /cormun/servlet/trlicencias?ef590384fd191ff326076cb6da34a2a2,,gx-no-cache=1763466569194 HTTP/1.1" 200 5736
190.95.2.163 - - [18/Nov/2025:08:50:54 -0300] "GET /cormun/servlet/hlogin HTTP/1.1" 200 1723
190.95.2.163 - - [18/Nov/2025:08:50:54 -0300] "GET /cormun/servlet/hlogin HTTP/1.1" 200 1734
190.95.2.163 - - [18/Nov/2025:08:50:54 -0300] "GET /favicon.ico HTTP/1.1" 200 21630
190.95.2.163 - - [18/Nov/2025:08:50:57 -0300] "POST /cormun/servlet/hlogin?ce49df7fd0b7466d9f55f7c46247dddd,gx-no-cache=1763466721121 HTTP/1.1" 200 90
190.95.2.163 - - [18/Nov/2025:08:50:57 -0300] "GET /cormun/servlet/hpexe_link HTTP/1.1" 200 953
190.95.2.163 - - [18/Nov/2025:08:50:57 -0300] "GET /cormun/servlet/hhome HTTP/1.1" 200 3998
190.95.2.163 - - [18/Nov/2025:08:51:02 -0300] "GET /cormun/servlet/trlicencias? HTTP/1.1" 200 9531
190.95.2.163 - - [18/Nov/2025:08:51:42 -0300] "POST /cormun/servlet/trlicencias?ce49df7fd0b7466d9f55f7c46247dddd,,gx-no-cache=1763466765732 HTTP/1.1" 200 6991
190.95.2.163 - - [18/Nov/2025:08:51:43 -0300] "POST /cormun/servlet/trlicencias?ce49df7fd0b7466d9f55f7c46247dddd,,gx-no-cache=1763466767164 HTTP/1.1" 200 6991
45.232.32.2 - - [18/Nov/2025:08:52:42 -0300] "GET /cormun/servlet/trpermisosgoce? HTTP/1.1" 200 8286
45.232.32.2 - - [18/Nov/2025:08:52:43 -0300] "GET /cormun/servlet/trpermisosgoce? HTTP/1.1" 200 8286
45.232.32.2 - - [18/Nov/2025:08:52:57 -0300] "POST /cormun/servlet/trpermisosgoce?24248cee96d50f4539a588a78de0a34d,,gx-no-cache=1763466841822 HTTP/1.1" 200 4194
45.232.32.2 - - [18/Nov/2025:08:53:10 -0300] "POST /cormun/servlet/trpermisosgoce?24248cee96d50f4539a588a78de0a34d,,gx-no-cache=1763466855100 HTTP/1.1" 200 5525
190.95.67.93 - - [18/Nov/2025:08:55:19 -0300] "POST /cormun/servlet/trpermisosgoce?f075c47dae7290703233f853361bfbfb,,gx-no-cache=1763466984417 HTTP/1.1" 200 5321
190.95.67.93 - - [18/Nov/2025:08:55:26 -0300] "POST /cormun/servlet/trpermisosgoce?f075c47dae7290703233f853361bfbfb,,gx-no-cache=1763466991469 HTTP/1.1" 200 10050
190.95.1.187 - - [18/Nov/2025:08:56:52 -0300] "GET /cormun/servlet/trpermisosgoce? HTTP/1.1" 200 16319
86.110.229.166 - - [18/Nov/2025:08:58:46 -0300] "GET / HTTP/1.1" 200 11217
181.43.126.18 - - [18/Nov/2025:08:59:12 -0300] "GET /cormun/servlet/trsolicitudot? HTTP/1.1" 200 7157
181.43.126.18 - - [18/Nov/2025:08:59:12 -0300] "GET /cormun/static/gxcfg.js?20221129846531 HTTP/1.1" 200 953
181.43.126.18 - - [18/Nov/2025:08:59:12 -0300] "GET /cormun/static/trsolicitudot.js?202211298465651 HTTP/1.1" 200 54040
181.43.126.18 - - [18/Nov/2025:08:59:15 -0300] "GET /cormun/servlet/solicitudot?INS,0,0,false, HTTP/1.1" 200 15939
181.43.126.18 - - [18/Nov/2025:08:59:15 -0300] "GET /cormun/static/gxcfg.js?20221129840861 HTTP/1.1" 200 953
181.43.126.18 - - [18/Nov/2025:08:59:15 -0300] "GET /cormun/static/solicitudot.js?20221129840983 HTTP/1.1" 200 74072
190.95.67.93 - - [18/Nov/2025:08:59:55 -0300] "GET /cormun/servlet/permisogoce?INS,0,,, HTTP/1.1" 200 7235
190.95.67.93 - - [18/Nov/2025:08:59:56 -0300] "GET /favicon.ico HTTP/1.1" 200 21630
181.43.126.18 - - [18/Nov/2025:09:00:08 -0300] "POST /cormun/servlet/solicitudot?gx-no-cache=1763467272586 HTTP/1.1" 200 4096
181.43.126.18 - - [18/Nov/2025:09:00:08 -0300] "GET /cormun/static/Shared/jqueryui/images/ui-bg_highlight-soft_100_c6c2c8_1x100.png HTTP/1.1" 404 1117
181.43.126.18 - - [18/Nov/2025:09:00:08 -0300] "GET /cormun/static/Shared/jqueryui/images/ui-icons_82798d_256x240.png HTTP/1.1" 404 1089
181.43.126.18 - - [18/Nov/2025:09:00:08 -0300] "GET /cormun/servlet/solicitudot?a5469b741ce273b0972cd2203fd3b226fb4c009d1e4cd8254c8daa6b5a43fa8c,gx-no-cache=1763467272682 HTTP/1.1" 200 111
181.43.126.18 - - [18/Nov/2025:09:00:08 -0300] "GET /cormun/static/Shared/jqueryui/images/ui-icons_ebccce_256x240.png HTTP/1.1" 404 1089
181.43.126.18 - - [18/Nov/2025:09:00:08 -0300] "GET /cormun/static/Shared/jqueryui/images/ui-bg_flat_55_994d53_40x100.png HTTP/1.1" 404 1097
181.43.126.18 - - [18/Nov/2025:09:00:08 -0300] "GET /cormun/servlet/solicitudot?a5469b741ce273b0972cd2203fd3b22633c98b25fcee16934b82c527df44c434,gx-no-cache=1763467272711 HTTP/1.1" 200 94
181.43.126.18 - - [18/Nov/2025:09:00:08 -0300] "GET /cormun/servlet/solicitudot?a5469b741ce273b0972cd2203fd3b226c18fc2da485c620183277bbae185ee97,gx-no-cache=1763467272735 HTTP/1.1" 200 29
181.43.126.18 - - [18/Nov/2025:09:00:08 -0300] "GET /cormun/servlet/solicitudot?a5469b741ce273b0972cd2203fd3b2262c39fcfef3abc7b6b3aee6a74e425dc98f482f659086ed04639765094ab9fbf8494e4d62730961f04042cea4cd4f0ce338c2f8b90e338d3d1d7f82dc80bc5784e78233e6f6ad52fb3ad1eb4d784755fd9bdce49fcf4eb8910b42a3df21f92d4016729c7eedb646c2ce5d0bd3317627d2246fe60bebcdf7aea7aebd4135d53f881da5de7e949a21b41528a70940ab78d20bbbdf8873f4197ab6c02020b21c9ecf4a4d1bca3926a113fb8d1cad39a63f6a40fb99199c5a0227be20065be00874b9fd794e1a623796a7376ceae6c4f6728662bc95e37b032b9170200b0261f36fef950f9be9e85262a7c91a5d99cd33084142a62d73b24563402b4df9cb30898623b5b28343acb9cd8e5fa47bf93b1fe45d2e869ab4d63416b6d1de51b538480d34115585c68a77adeac4596015c4523152cd2c20a4133965301265a81cdfc45b4b,gx-no-cache=1763467272761 HTTP/1.1" 200 297
181.43.126.18 - - [18/Nov/2025:09:00:08 -0300] "GET /cormun/servlet/solicitudot?a5469b741ce273b0972cd2203fd3b2266b92054a0ec1095728d464bafa0ac7d65e60d83502f469449ebad139fd5633d4cf975d9bafa921c6dce76ab42d6fad3bd6f07256770e534f9448806d3ce42aa397df1328c369b4ff6d86d6aeaa2fd5fc76fc2512ad23b46936d80456eec03a6ec1b1466a2ddff4cdd30c12c7b51b933ac41005f970bdb04ba77be8c868e7356e9d917ed0839b5caa72d9b7ab8689372fe0ac9f685ae7d1f55d02569a799835bb12d02c17153dc80356305dedaaece6852e2d1f64e1096facca16e646b58c587862d824e6b2819e71169109e630b99521c1ed5ae9f0ed2673d1056741dd1ed1496d453fc5645e1244d4032bba503caccb61bd4caaed2cbbe30f07141e16299cc163ea0416e1cded2475dc2f773c2d288207ba652d734916ee71735d3eebf36d714e17d31bdd3232f2e87fa2d0fb50feab1c2052cf993766246f41ab4a709830408449aa6ffbab3023640fe10d81eb0c3741a714684333a005c17de084345e61af4d8461330ffac2d96a4db4bdd516cee876484072dba4ec7996fc58a427e7ae25,gx-no-cache=1763467272789 HTTP/1.1" 200 30
181.43.126.18 - - [18/Nov/2025:09:00:08 -0300] "POST /cormun/servlet/solicitudot?gx-no-cache=1763467272813 HTTP/1.1" 200 30
181.43.126.18 - - [18/Nov/2025:09:00:08 -0300] "POST /cormun/servlet/solicitudot?gx-no-cache=1763467272846 HTTP/1.1" 200 1474
181.43.126.18 - - [18/Nov/2025:09:00:09 -0300] "POST /cormun/servlet/solicitudot?gx-no-cache=1763467272882 HTTP/1.1" 200 38
190.95.67.93 - - [18/Nov/2025:09:02:00 -0300] "GET /cormun/servlet/permisogoce?49db8f8f1b411ec08ec76a3164de7166ccea938332e96073df47b377f4abca810e353fd03e9bdf640d149b7e039b54bce44db5d72ce57169f0410015f4a9bd05,gx-no-cache=1763467385427 HTTP/1.1" 200 83
190.95.67.93 - - [18/Nov/2025:09:02:10 -0300] "GET /cormun/static/menuarrow.gif HTTP/1.1" 404 1015
190.95.67.93 - - [18/Nov/2025:09:02:16 -0300] "GET /cormun/servlet/permisogoce?49db8f8f1b411ec08ec76a3164de71667c5c695e7e872a4e071552f6bdfcd04308ad842bcaf9a86226cf7f75f95df2797d6c20343d1301209d9671d95689c6ff,gx-no-cache=1763467401140 HTTP/1.1" 200 48
190.95.1.187 - - [18/Nov/2025:09:02:16 -0300] "GET /cormun/static/menuarrow.gif HTTP/1.1" 404 1015
190.95.67.93 - - [18/Nov/2025:09:02:19 -0300] "POST /cormun/servlet/permisogoce?f075c47dae7290703233f853361bfbfb,INS,0,,,,gx-no-cache=1763467403863 HTTP/1.1" 200 93
190.95.67.93 - - [18/Nov/2025:09:02:19 -0300] "GET /cormun/servlet/hpexe_return? HTTP/1.1" 200 1013
