201.186.225.187 - - [04/Nov/2025:11:16:55 -0300] "GET /cormun/servlet/hpexe_link HTTP/1.1" 200 978
201.186.225.187 - - [04/Nov/2025:11:16:55 -0300] "GET /cormun/servlet/solicitudotadjuntos?INS,2025,23083,,1, HTTP/1.1" 200 5853
201.186.225.187 - - [04/Nov/2025:11:16:55 -0300] "GET /cormun/static/about:blank HTTP/1.1" 404 1011
201.186.225.187 - - [04/Nov/2025:11:16:55 -0300] "GET /cormun/servlet/solicitudotadjuntos?13dc192b443e5d32830b869f88ee65709102aac5e8988cb7b0d74f3ffb990ca14ecb34171c9c93a5b87c56f413b79549,gx-no-cache=1762269518621 HTTP/1.1" 200 30
201.186.225.187 - - [04/Nov/2025:11:16:56 -0300] "POST /cormun/servlet/solicitudotadjuntos?5aab42bc89191a508dd2c48d32f7fd70,INS,2025,23083,,1,,gx-no-cache=1762269518669 HTTP/1.1" 200 3637
201.186.225.187 - - [04/Nov/2025:11:16:58 -0300] "POST /cormun/servlet/solicitudotadjuntos?gx-no-cache=1762269520774 HTTP/1.1" 200 26
191.126.155.214 - - [04/Nov/2025:11:16:59 -0300] "GET /cormun/servlet/permisogoce?INS,0,,, HTTP/1.1" 200 6782
201.186.226.3 - - [04/Nov/2025:11:17:12 -0300] "POST /cormun/servlet/permisogoce?c3a6af2be3b8e084a0badbbd50e3f766,INS,0,,,,gx-no-cache=1762265916041 HTTP/1.1" 200 93
201.186.226.3 - - [04/Nov/2025:11:17:12 -0300] "GET /cormun/servlet/hpexe_return? HTTP/1.1" 200 1011
201.186.226.3 - - [04/Nov/2025:11:17:12 -0300] "GET /cormun/servlet/trpermisosgoce HTTP/1.1" 200 12949
191.126.155.214 - - [04/Nov/2025:11:17:15 -0300] "GET /cormun/servlet/permisogoce?7addfb08587f7194b633b65a627eb4a4f3a148e5888d6e2c793a2048c98583bc4e81823eacff0d92bde559f2bab8c1baffab8814d4da767c6ad1e1635a49e1a6,gx-no-cache=1762265921134 HTTP/1.1" 200 83
191.126.155.214 - - [04/Nov/2025:11:17:15 -0300] "GET /cormun/static/menuarrow.gif HTTP/1.1" 404 1015
201.186.226.3 - - [04/Nov/2025:11:17:21 -0300] "GET /cormun/servlet/apermisogoceprn?14515568,P,20251104111747,PU HTTP/1.1" 200 1664
201.186.225.187 - - [04/Nov/2025:11:17:25 -0300] "GET /cormun/servlet/solicitudotadjuntos?13dc192b443e5d32830b869f88ee657019653a9a6100407a3f4c8900f576b867,gx-no-cache=1762269548570 HTTP/1.1" 200 30
201.186.225.187 - - [04/Nov/2025:11:17:25 -0300] "GET /cormun/servlet/solicitudotadjuntos?13dc192b443e5d32830b869f88ee657019653a9a6100407a3f4c8900f576b867,gx-no-cache=1762269548603 HTTP/1.1" 200 30
191.126.155.214 - - [04/Nov/2025:11:17:25 -0300] "GET /cormun/servlet/permisogoce?7addfb08587f7194b633b65a627eb4a457d085fd399a56d0d68f52a242a80c0747398761501d8cef81112ebb5f476f1cd6497091b5757416db94e53782fbc5ad,gx-no-cache=1762265931949 HTTP/1.1" 200 48
201.186.225.187 - - [04/Nov/2025:11:17:27 -0300] "POST /cormun/servlet/solicitudotadjuntos?5aab42bc89191a508dd2c48d32f7fd70,INS,2025,23083,,1, HTTP/1.1" 200 116
201.186.225.187 - - [04/Nov/2025:11:17:28 -0300] "GET /cormun/servlet/hpexe_return? HTTP/1.1" 200 1022
201.186.225.187 - - [04/Nov/2025:11:17:28 -0300] "GET /cormun/servlet/hhome HTTP/1.1" 200 3972
191.126.155.214 - - [04/Nov/2025:11:17:29 -0300] "POST /cormun/servlet/permisogoce?11a394939e74d2eb3ebbe48d21ff95be,INS,0,,,,gx-no-cache=1762265935128 HTTP/1.1" 200 93
191.126.155.214 - - [04/Nov/2025:11:17:29 -0300] "GET /cormun/servlet/hpexe_return? HTTP/1.1" 200 1014
191.126.155.214 - - [04/Nov/2025:11:17:29 -0300] "GET /cormun/servlet/trpermisosgoce HTTP/1.1" 200 11585
190.95.2.157 - - [04/Nov/2025:11:17:31 -0300] "GET /cormun/servlet/apermisogoceprn?8448797,P,20251104111204,PU HTTP/1.1" 200 1656
190.95.2.157 - - [04/Nov/2025:11:17:31 -0300] "GET /cormun/servlet/apermisogoceprn?8448797,P,20251104111204,PU HTTP/1.1" 200 1654
201.186.225.187 - - [04/Nov/2025:11:17:35 -0300] "GET /cormun/servlet/trsolicitudot? HTTP/1.1" 200 8632
191.126.155.214 - - [04/Nov/2025:11:17:36 -0300] "GET /cormun/servlet/apermisogoceprn?17521210,P,20251104111851,PU HTTP/1.1" 200 1656
201.186.225.187 - - [04/Nov/2025:11:17:40 -0300] "POST /cormun/servlet/trsolicitudot?5aab42bc89191a508dd2c48d32f7fd70,,gx-no-cache=1762269563487 HTTP/1.1" 200 107
201.186.225.187 - - [04/Nov/2025:11:17:40 -0300] "GET /cormun/servlet/trsolicitudadjuntos?2025,23083, HTTP/1.1" 200 9264
201.186.225.187 - - [04/Nov/2025:11:17:43 -0300] "GET /cormun/servlet/solicitudotadjuntos?INS,2025,23083,,1, HTTP/1.1" 200 6027
201.186.225.187 - - [04/Nov/2025:11:17:43 -0300] "GET /cormun/static/about:blank HTTP/1.1" 404 1011
201.186.225.187 - - [04/Nov/2025:11:17:44 -0300] "GET /cormun/servlet/solicitudotadjuntos?13dc192b443e5d32830b869f88ee65709102aac5e8988cb7b0d74f3ffb990ca14ecb34171c9c93a5b87c56f413b79549,gx-no-cache=1762269566988 HTTP/1.1" 200 30
201.186.225.187 - - [04/Nov/2025:11:17:44 -0300] "POST /cormun/servlet/solicitudotadjuntos?5aab42bc89191a508dd2c48d32f7fd70,INS,2025,23083,,1,,gx-no-cache=1762269567031 HTTP/1.1" 200 3903
190.95.1.187 - - [04/Nov/2025:11:18:51 -0300] "GET /cormun/servlet/trlicencias? HTTP/1.1" 200 16258
201.186.225.187 - - [04/Nov/2025:11:19:35 -0300] "POST /cormun/servlet/solicitudotadjuntos?gx-no-cache=1762269678162 HTTP/1.1" 200 26
190.95.2.157 - - [04/Nov/2025:11:19:53 -0300] "GET /cormun/servlet/permisogoce?INS,0,,, HTTP/1.1" 200 7230
201.186.225.187 - - [04/Nov/2025:11:19:53 -0300] "GET /cormun/servlet/solicitudotadjuntos?13dc192b443e5d32830b869f88ee657019653a9a6100407a3f4c8900f576b867,gx-no-cache=1762269696314 HTTP/1.1" 200 30
201.186.225.187 - - [04/Nov/2025:11:19:53 -0300] "GET /cormun/servlet/solicitudotadjuntos?13dc192b443e5d32830b869f88ee657019653a9a6100407a3f4c8900f576b867,gx-no-cache=1762269696337 HTTP/1.1" 200 30
201.186.225.187 - - [04/Nov/2025:11:19:53 -0300] "POST /cormun/servlet/solicitudotadjuntos?5aab42bc89191a508dd2c48d32f7fd70,INS,2025,23083,,1, HTTP/1.1" 200 116
201.186.225.187 - - [04/Nov/2025:11:19:54 -0300] "GET /cormun/servlet/hpexe_return? HTTP/1.1" 200 1027
201.186.225.187 - - [04/Nov/2025:11:19:54 -0300] "GET /cormun/servlet/trsolicitudadjuntos?2025,23083, HTTP/1.1" 200 9566
201.186.225.187 - - [04/Nov/2025:11:19:57 -0300] "GET /cormun/servlet/solicitudotadjuntos?INS,2025,23083,,1, HTTP/1.1" 200 6027
201.186.225.187 - - [04/Nov/2025:11:19:57 -0300] "GET /cormun/static/about:blank HTTP/1.1" 404 1011
201.186.225.187 - - [04/Nov/2025:11:19:57 -0300] "GET /cormun/servlet/solicitudotadjuntos?13dc192b443e5d32830b869f88ee65709102aac5e8988cb7b0d74f3ffb990ca14ecb34171c9c93a5b87c56f413b79549,gx-no-cache=1762269700627 HTTP/1.1" 200 30
201.186.225.187 - - [04/Nov/2025:11:19:58 -0300] "POST /cormun/servlet/solicitudotadjuntos?5aab42bc89191a508dd2c48d32f7fd70,INS,2025,23083,,1,,gx-no-cache=1762269700666 HTTP/1.1" 200 3903
201.186.225.187 - - [04/Nov/2025:11:20:00 -0300] "POST /cormun/servlet/solicitudotadjuntos?gx-no-cache=1762269703649 HTTP/1.1" 200 26
190.95.2.157 - - [04/Nov/2025:11:20:04 -0300] "GET /cormun/servlet/permisogoce?fa86a812a892b33f46ee252f324a839b176d43bf887a87dc611bb198389f93a770d01e5a576f2c9db6f1156aa43ed3bfbd6b013daa5230d33ff5eecfc59f008c,gx-no-cache=1762266088479 HTTP/1.1" 200 83
190.95.2.157 - - [04/Nov/2025:11:20:04 -0300] "GET /cormun/static/menuarrow.gif HTTP/1.1" 404 1015
190.95.1.183 - - [04/Nov/2025:11:20:07 -0300] "GET /cormun/servlet/hlogin HTTP/1.1" 200 1716
201.186.225.187 - - [04/Nov/2025:11:20:08 -0300] "GET /cormun/servlet/solicitudotadjuntos?13dc192b443e5d32830b869f88ee657019653a9a6100407a3f4c8900f576b867,gx-no-cache=1762269710777 HTTP/1.1" 200 30
201.186.225.187 - - [04/Nov/2025:11:20:08 -0300] "GET /cormun/servlet/solicitudotadjuntos?13dc192b443e5d32830b869f88ee657019653a9a6100407a3f4c8900f576b867,gx-no-cache=1762269710801 HTTP/1.1" 200 30
201.186.225.187 - - [04/Nov/2025:11:20:08 -0300] "POST /cormun/servlet/solicitudotadjuntos?5aab42bc89191a508dd2c48d32f7fd70,INS,2025,23083,,1, HTTP/1.1" 200 116
201.186.225.187 - - [04/Nov/2025:11:20:08 -0300] "GET /cormun/servlet/hpexe_return? HTTP/1.1" 200 1027
201.186.225.187 - - [04/Nov/2025:11:20:08 -0300] "GET /cormun/servlet/trsolicitudadjuntos?2025,23083, HTTP/1.1" 200 9803
201.186.225.187 - - [04/Nov/2025:11:20:11 -0300] "GET /cormun/servlet/solicitudotadjuntos?INS,2025,23083,,1, HTTP/1.1" 200 6027
201.186.225.187 - - [04/Nov/2025:11:20:11 -0300] "GET /cormun/static/about:blank HTTP/1.1" 404 1011
201.186.225.187 - - [04/Nov/2025:11:20:11 -0300] "GET /cormun/servlet/solicitudotadjuntos?13dc192b443e5d32830b869f88ee65709102aac5e8988cb7b0d74f3ffb990ca14ecb34171c9c93a5b87c56f413b79549,gx-no-cache=1762269714431 HTTP/1.1" 200 30
201.186.225.187 - - [04/Nov/2025:11:20:11 -0300] "POST /cormun/servlet/solicitudotadjuntos?5aab42bc89191a508dd2c48d32f7fd70,INS,2025,23083,,1,,gx-no-cache=1762269714476 HTTP/1.1" 200 3903
190.95.1.183 - - [04/Nov/2025:11:20:13 -0300] "POST /cormun/servlet/hlogin?5d743b8b7e068800bfc03de830729053,gx-no-cache=1762266101027 HTTP/1.1" 200 90
190.95.1.183 - - [04/Nov/2025:11:20:13 -0300] "GET /cormun/servlet/hpexe_link HTTP/1.1" 200 946
190.95.1.183 - - [04/Nov/2025:11:20:13 -0300] "GET /cormun/servlet/hhome HTTP/1.1" 200 3972
190.95.1.183 - - [04/Nov/2025:11:20:15 -0300] "GET /cormun/servlet/trlicencias? HTTP/1.1" 200 16251
201.186.225.187 - - [04/Nov/2025:11:20:16 -0300] "POST /cormun/servlet/solicitudotadjuntos?gx-no-cache=1762269718938 HTTP/1.1" 200 26
190.95.2.157 - - [04/Nov/2025:11:20:17 -0300] "GET /cormun/servlet/permisogoce?fa86a812a892b33f46ee252f324a839b67f27c8a489341c3bb2ab8adfe4d540c4d1bd607e71a84ed45436cbd88aae98a788127a3da47627a06244149561dd1b5,gx-no-cache=1762266101862 HTTP/1.1" 200 47
190.95.1.183 - - [04/Nov/2025:11:20:18 -0300] "GET /cormun/servlet/trsolicitudot? HTTP/1.1" 200 8626
190.95.1.183 - - [04/Nov/2025:11:20:18 -0300] "GET /cormun/static/gxcfg.js?20221129846531 HTTP/1.1" 200 953
190.95.1.183 - - [04/Nov/2025:11:20:18 -0300] "GET /cormun/static/trsolicitudot.js?202211298465651 HTTP/1.1" 200 54040
190.95.1.183 - - [04/Nov/2025:11:20:18 -0300] "GET /cormun//static/Resources/PXToolsActionView.png HTTP/1.1" 200 398
190.95.1.183 - - [04/Nov/2025:11:20:18 -0300] "GET /cormun//static/Resources/PXToolsGridUpdate.png HTTP/1.1" 200 470
190.95.1.183 - - [04/Nov/2025:11:20:18 -0300] "GET /cormun//static/Resources/PXToolsGridDelete.png HTTP/1.1" 200 538
190.95.1.183 - - [04/Nov/2025:11:20:18 -0300] "GET /cormun//static/Resources/PXToolsRemoveAllAction.png HTTP/1.1" 200 487
190.95.2.157 - - [04/Nov/2025:11:20:21 -0300] "POST /cormun/servlet/permisogoce?5f024d2c43d3efa9e1050a2a3ac26187,INS,0,,,,gx-no-cache=1762266105047 HTTP/1.1" 200 93
190.95.2.157 - - [04/Nov/2025:11:20:21 -0300] "GET /cormun/servlet/hpexe_return? HTTP/1.1" 200 1033
190.95.2.157 - - [04/Nov/2025:11:20:21 -0300] "GET /cormun/servlet/trpermisosgoce?gx-no-cache=1762265420364 HTTP/1.1" 200 11413
201.186.225.187 - - [04/Nov/2025:11:20:23 -0300] "GET /cormun/servlet/solicitudotadjuntos?13dc192b443e5d32830b869f88ee657019653a9a6100407a3f4c8900f576b867,gx-no-cache=1762269726426 HTTP/1.1" 200 30
201.186.225.187 - - [04/Nov/2025:11:20:23 -0300] "GET /cormun/servlet/solicitudotadjuntos?13dc192b443e5d32830b869f88ee657019653a9a6100407a3f4c8900f576b867,gx-no-cache=1762269726452 HTTP/1.1" 200 30
201.186.225.187 - - [04/Nov/2025:11:20:24 -0300] "POST /cormun/servlet/solicitudotadjuntos?5aab42bc89191a508dd2c48d32f7fd70,INS,2025,23083,,1, HTTP/1.1" 200 116
201.186.225.187 - - [04/Nov/2025:11:20:24 -0300] "GET /cormun/servlet/hpexe_return? HTTP/1.1" 200 1027
201.186.225.187 - - [04/Nov/2025:11:20:24 -0300] "GET /cormun/servlet/trsolicitudadjuntos?2025,23083, HTTP/1.1" 200 10180
201.186.225.187 - - [04/Nov/2025:11:20:26 -0300] "GET /cormun/servlet/solicitudotadjuntos?INS,2025,23083,,1, HTTP/1.1" 200 6027
201.186.225.187 - - [04/Nov/2025:11:20:27 -0300] "GET /cormun/static/about:blank HTTP/1.1" 404 1011
201.186.225.187 - - [04/Nov/2025:11:20:27 -0300] "GET /cormun/servlet/solicitudotadjuntos?13dc192b443e5d32830b869f88ee65709102aac5e8988cb7b0d74f3ffb990ca14ecb34171c9c93a5b87c56f413b79549,gx-no-cache=1762269730297 HTTP/1.1" 200 30
201.186.225.187 - - [04/Nov/2025:11:20:27 -0300] "POST /cormun/servlet/solicitudotadjuntos?5aab42bc89191a508dd2c48d32f7fd70,INS,2025,23083,,1,,gx-no-cache=1762269730342 HTTP/1.1" 200 3903
190.95.2.157 - - [04/Nov/2025:11:20:28 -0300] "GET /cormun/servlet/trpermisosadjuntos?10736218,20251104112146,P, HTTP/1.1" 200 6658
190.95.2.157 - - [04/Nov/2025:11:20:29 -0300] "GET /cormun/servlet/permisosadjuntos?INS,10736218,P,20251104112146,, HTTP/1.1" 200 5960
190.95.2.157 - - [04/Nov/2025:11:20:29 -0300] "GET /cormun/static/about:blank HTTP/1.1" 404 1011
191.126.155.214 - - [04/Nov/2025:11:20:34 -0300] "GET /cormun/servlet/permisogoce?INS,0,,, HTTP/1.1" 200 6783
201.186.225.187 - - [04/Nov/2025:11:20:36 -0300] "POST /cormun/servlet/solicitudotadjuntos?gx-no-cache=1762269738882 HTTP/1.1" 200 26
190.95.1.183 - - [04/Nov/2025:11:20:36 -0300] "POST /cormun/servlet/trsolicitudot?5d743b8b7e068800bfc03de830729053,,gx-no-cache=1762266124124 HTTP/1.1" 200 5987
190.95.1.183 - - [04/Nov/2025:11:20:36 -0300] "GET /cormun/static/Shared/jqueryui/images/ui-icons_82798d_256x240.png HTTP/1.1" 404 1089
190.95.1.183 - - [04/Nov/2025:11:20:36 -0300] "GET /cormun/static/Shared/jqueryui/images/ui-bg_highlight-soft_100_c6c2c8_1x100.png HTTP/1.1" 404 1117
190.95.1.183 - - [04/Nov/2025:11:20:36 -0300] "GET /cormun/static/Shared/jqueryui/images/ui-bg_flat_55_fafafa_40x100.png HTTP/1.1" 404 1097
190.95.1.183 - - [04/Nov/2025:11:20:36 -0300] "GET /cormun/static/Shared/jqueryui/images/ui-icons_8d78a5_256x240.png HTTP/1.1" 404 1089
190.95.2.157 - - [04/Nov/2025:11:20:39 -0300] "POST /cormun/servlet/permisosadjuntos?5f024d2c43d3efa9e1050a2a3ac26187,INS,10736218,P,20251104112146,, HTTP/1.1" 200 116
190.95.2.157 - - [04/Nov/2025:11:20:39 -0300] "GET /cormun/servlet/hpexe_return? HTTP/1.1" 200 1039
190.95.2.157 - - [04/Nov/2025:11:20:39 -0300] "GET /cormun/servlet/trpermisosadjuntos?10736218,20251104112146,P, HTTP/1.1" 200 7151
190.95.2.157 - - [04/Nov/2025:11:20:41 -0300] "POST /cormun/servlet/trpermisosadjuntos?5f024d2c43d3efa9e1050a2a3ac26187,10736218,20251104112146,P,,gx-no-cache=1762266126055 HTTP/1.1" 200 90
190.95.2.157 - - [04/Nov/2025:11:20:42 -0300] "GET /cormun/servlet/hpexe_link HTTP/1.1" 200 1007
190.95.2.157 - - [04/Nov/2025:11:20:42 -0300] "GET /cormun/servlet/trpermisosgoce?gx-no-cache=1762265420364 HTTP/1.1" 200 11419
190.95.1.183 - - [04/Nov/2025:11:20:42 -0300] "POST /cormun/servlet/trsolicitudot?5d743b8b7e068800bfc03de830729053,,gx-no-cache=1762266129570 HTTP/1.1" 200 4551
190.95.1.183 - - [04/Nov/2025:11:20:42 -0300] "POST /cormun/servlet/trsolicitudot?5d743b8b7e068800bfc03de830729053,,gx-no-cache=1762266129746 HTTP/1.1" 200 4324
190.95.1.183 - - [04/Nov/2025:11:20:45 -0300] "GET /cormun/servlet/solicitudot?INS,0,0,false, HTTP/1.1" 200 15978
190.95.1.183 - - [04/Nov/2025:11:20:45 -0300] "GET /cormun/static/gxcfg.js?20221129840861 HTTP/1.1" 200 953
190.95.1.183 - - [04/Nov/2025:11:20:45 -0300] "GET /cormun/static/Resources/prompt.gif HTTP/1.1" 200 902
190.95.1.183 - - [04/Nov/2025:11:20:45 -0300] "GET /cormun/static/solicitudot.js?20221129840983 HTTP/1.1" 200 74072
201.186.225.187 - - [04/Nov/2025:11:20:49 -0300] "GET /cormun/servlet/solicitudotadjuntos?13dc192b443e5d32830b869f88ee657019653a9a6100407a3f4c8900f576b867,gx-no-cache=1762269751874 HTTP/1.1" 200 30
201.186.225.187 - - [04/Nov/2025:11:20:49 -0300] "GET /cormun/servlet/solicitudotadjuntos?13dc192b443e5d32830b869f88ee657019653a9a6100407a3f4c8900f576b867,gx-no-cache=1762269751896 HTTP/1.1" 200 30
201.186.225.187 - - [04/Nov/2025:11:20:49 -0300] "POST /cormun/servlet/solicitudotadjuntos?5aab42bc89191a508dd2c48d32f7fd70,INS,2025,23083,,1, HTTP/1.1" 200 116
201.186.225.187 - - [04/Nov/2025:11:20:49 -0300] "GET /cormun/servlet/hpexe_return? HTTP/1.1" 200 1027
201.186.225.187 - - [04/Nov/2025:11:20:49 -0300] "GET /cormun/servlet/trsolicitudadjuntos?2025,23083, HTTP/1.1" 200 10477
191.126.155.214 - - [04/Nov/2025:11:20:49 -0300] "GET /cormun/servlet/permisogoce?7addfb08587f7194b633b65a627eb4a478b2abb2b1456787bf3056aebd9d897e4e81823eacff0d92bde559f2bab8c1baffab8814d4da767c6ad1e1635a49e1a6,gx-no-cache=1762266135813 HTTP/1.1" 200 89
190.95.2.157 - - [04/Nov/2025:11:20:52 -0300] "POST /cormun/servlet/trpermisosgoce?5f024d2c43d3efa9e1050a2a3ac26187,gx-no-cache=1762265420364,gx-no-cache=1762266136319 HTTP/1.1" 200 8680
190.95.2.157 - - [04/Nov/2025:11:20:52 -0300] "GET /cormun/static/Shared/jqueryui/images/ui-icons_82798d_256x240.png HTTP/1.1" 404 1089
190.95.2.157 - - [04/Nov/2025:11:20:52 -0300] "GET /cormun/static/Shared/jqueryui/images/ui-bg_highlight-soft_100_c6c2c8_1x100.png HTTP/1.1" 404 1117
190.95.2.157 - - [04/Nov/2025:11:20:52 -0300] "GET /cormun/static/Shared/jqueryui/images/ui-bg_flat_55_fafafa_40x100.png HTTP/1.1" 404 1097
190.95.2.157 - - [04/Nov/2025:11:20:52 -0300] "GET /cormun/static/Shared/jqueryui/images/ui-icons_8d78a5_256x240.png HTTP/1.1" 404 1089
201.186.225.187 - - [04/Nov/2025:11:20:52 -0300] "GET /cormun/servlet/solicitudotadjuntos?INS,2025,23083,,1, HTTP/1.1" 200 6027
201.186.225.187 - - [04/Nov/2025:11:20:52 -0300] "GET /cormun/static/about:blank HTTP/1.1" 404 1011
190.95.2.157 - - [04/Nov/2025:11:20:53 -0300] "GET /cormun/servlet/apermisogoceprn?10736218,P,20251104112146,PU HTTP/1.1" 200 1656
201.186.225.187 - - [04/Nov/2025:11:20:53 -0300] "GET /cormun/servlet/solicitudotadjuntos?13dc192b443e5d32830b869f88ee65709102aac5e8988cb7b0d74f3ffb990ca14ecb34171c9c93a5b87c56f413b79549,gx-no-cache=1762269756025 HTTP/1.1" 200 30
201.186.225.187 - - [04/Nov/2025:11:20:53 -0300] "POST /cormun/servlet/solicitudotadjuntos?5aab42bc89191a508dd2c48d32f7fd70,INS,2025,23083,,1,,gx-no-cache=1762269756075 HTTP/1.1" 200 3903
190.95.2.157 - - [04/Nov/2025:11:20:53 -0300] "GET /cormun/servlet/apermisogoceprn?10736218,P,20251104112146,PU HTTP/1.1" 200 1658
201.186.225.187 - - [04/Nov/2025:11:20:56 -0300] "POST /cormun/servlet/solicitudotadjuntos?gx-no-cache=1762269759610 HTTP/1.1" 200 26
201.186.225.187 - - [04/Nov/2025:11:21:03 -0300] "GET /cormun/servlet/solicitudotadjuntos?13dc192b443e5d32830b869f88ee657019653a9a6100407a3f4c8900f576b867,gx-no-cache=1762269766602 HTTP/1.1" 200 30
201.186.225.187 - - [04/Nov/2025:11:21:03 -0300] "GET /cormun/servlet/solicitudotadjuntos?13dc192b443e5d32830b869f88ee657019653a9a6100407a3f4c8900f576b867,gx-no-cache=1762269766621 HTTP/1.1" 200 30
201.186.225.187 - - [04/Nov/2025:11:21:04 -0300] "POST /cormun/servlet/solicitudotadjuntos?5aab42bc89191a508dd2c48d32f7fd70,INS,2025,23083,,1, HTTP/1.1" 200 116
201.186.225.187 - - [04/Nov/2025:11:21:04 -0300] "GET /cormun/servlet/hpexe_return? HTTP/1.1" 200 1027
201.186.225.187 - - [04/Nov/2025:11:21:04 -0300] "GET /cormun/servlet/trsolicitudadjuntos?2025,23083, HTTP/1.1" 200 10652
190.95.1.183 - - [04/Nov/2025:11:21:05 -0300] "POST /cormun/servlet/solicitudot?gx-no-cache=1762266152500 HTTP/1.1" 200 4046
190.95.1.183 - - [04/Nov/2025:11:21:05 -0300] "GET /cormun/servlet/solicitudot?9585bf68f142d582770d2b67329f8acecce3a0e8babf0aab785b506b555c3e2c59197b9a0d5f9946856e50311f02c18c,gx-no-cache=1762266152592 HTTP/1.1" 200 111
190.95.1.183 - - [04/Nov/2025:11:21:05 -0300] "GET /cormun/static/Shared/jqueryui/images/ui-bg_flat_55_994d53_40x100.png HTTP/1.1" 404 1097
190.95.1.183 - - [04/Nov/2025:11:21:05 -0300] "GET /cormun/static/Shared/jqueryui/images/ui-icons_ebccce_256x240.png HTTP/1.1" 404 1089
190.95.1.183 - - [04/Nov/2025:11:21:09 -0300] "GET /cormun/servlet/solicitudot?9585bf68f142d582770d2b67329f8ace084d06e3930aa40d0d7f9e2f7d76937ae302a56e6b832e4ec65cf094ce55b261,gx-no-cache=1762266157101 HTTP/1.1" 200 30
191.126.155.214 - - [04/Nov/2025:11:21:09 -0300] "GET /cormun/servlet/permisogoce?7addfb08587f7194b633b65a627eb4a4263ac01a3971c0d875f9fc251067799211fd5d5fc80485f98da756a90a94b5f8d6497091b5757416db94e53782fbc5ad,gx-no-cache=1762266155980 HTTP/1.1" 200 47
191.126.155.214 - - [04/Nov/2025:11:21:12 -0300] "POST /cormun/servlet/permisogoce?11a394939e74d2eb3ebbe48d21ff95be,INS,0,,,,gx-no-cache=1762266157887 HTTP/1.1" 200 93
191.126.155.214 - - [04/Nov/2025:11:21:12 -0300] "GET /cormun/servlet/hpexe_return? HTTP/1.1" 200 1014
191.126.155.214 - - [04/Nov/2025:11:21:12 -0300] "GET /cormun/servlet/trpermisosgoce HTTP/1.1" 200 11835
201.186.225.187 - - [04/Nov/2025:11:21:13 -0300] "GET /cormun/servlet/solicitudotadjuntos?INS,2025,23083,,2, HTTP/1.1" 200 6024
201.186.225.187 - - [04/Nov/2025:11:21:13 -0300] "GET /cormun/static/about:blank HTTP/1.1" 404 1011
201.186.225.187 - - [04/Nov/2025:11:21:13 -0300] "GET /cormun/servlet/solicitudotadjuntos?13dc192b443e5d32830b869f88ee65709102aac5e8988cb7b0d74f3ffb990ca14ecb34171c9c93a5b87c56f413b79549,gx-no-cache=1762269776602 HTTP/1.1" 200 30
201.186.225.187 - - [04/Nov/2025:11:21:14 -0300] "POST /cormun/servlet/solicitudotadjuntos?5aab42bc89191a508dd2c48d32f7fd70,INS,2025,23083,,2,,gx-no-cache=1762269776644 HTTP/1.1" 200 4047
191.126.155.214 - - [04/Nov/2025:11:21:16 -0300] "GET /cormun/servlet/apermisogoceprn?15488646,P,20251104112227,PU HTTP/1.1" 200 1665
190.95.1.183 - - [04/Nov/2025:11:21:30 -0300] "POST /cormun/servlet/solicitudot?gx-no-cache=1762266177942 HTTP/1.1" 200 4056
190.95.1.183 - - [04/Nov/2025:11:21:30 -0300] "POST /cormun/servlet/solicitudot?5d743b8b7e068800bfc03de830729053,INS,0,0,false,,gx-no-cache=1762266178054 HTTP/1.1" 200 12626
190.95.1.183 - - [04/Nov/2025:11:21:30 -0300] "GET /cormun/servlet/solicitudot?9585bf68f142d582770d2b67329f8ace084d06e3930aa40d0d7f9e2f7d76937a085e5202e1d6d78fca0d7f9eb0586f2a,gx-no-cache=1762266178136 HTTP/1.1" 200 30
201.186.225.187 - - [04/Nov/2025:11:21:33 -0300] "POST /cormun/servlet/solicitudotadjuntos?5aab42bc89191a508dd2c48d32f7fd70,INS,2025,23083,,2,,gx-no-cache=1762269795765 HTTP/1.1" 200 93
201.186.225.187 - - [04/Nov/2025:11:21:33 -0300] "GET /cormun/servlet/hpexe_return? HTTP/1.1" 200 1027
201.186.225.187 - - [04/Nov/2025:11:21:33 -0300] "GET /cormun/servlet/trsolicitudadjuntos?2025,23083, HTTP/1.1" 200 10655
201.186.225.187 - - [04/Nov/2025:11:21:38 -0300] "GET /cormun/servlet/trsolicitudot? HTTP/1.1" 200 8637
201.186.225.187 - - [04/Nov/2025:11:21:59 -0300] "POST /cormun/servlet/trsolicitudot?5aab42bc89191a508dd2c48d32f7fd70,,gx-no-cache=1762269821997 HTTP/1.1" 200 4603
201.186.225.187 - - [04/Nov/2025:11:21:59 -0300] "GET /cormun/static/Shared/jqueryui/images/ui-bg_highlight-soft_100_c6c2c8_1x100.png HTTP/1.1" 404 1117
201.186.225.187 - - [04/Nov/2025:11:21:59 -0300] "GET /cormun/static/Shared/jqueryui/images/ui-bg_flat_55_fafafa_40x100.png HTTP/1.1" 404 1097
201.186.225.187 - - [04/Nov/2025:11:21:59 -0300] "GET /cormun/static/Shared/jqueryui/images/ui-icons_82798d_256x240.png HTTP/1.1" 404 1089
201.186.225.187 - - [04/Nov/2025:11:21:59 -0300] "GET /cormun/static/Shared/jqueryui/images/ui-icons_8d78a5_256x240.png HTTP/1.1" 404 1089
201.186.225.187 - - [04/Nov/2025:11:21:59 -0300] "POST /cormun/servlet/trsolicitudot?5aab42bc89191a508dd2c48d32f7fd70,,gx-no-cache=1762269822157 HTTP/1.1" 200 4349
191.126.155.214 - - [04/Nov/2025:11:22:15 -0300] "GET /cormun/servlet/permisogoce?INS,0,,, HTTP/1.1" 200 6782
179.57.78.9 - - [04/Nov/2025:11:22:16 -0300] "GET /cormun/servlet/hlogin HTTP/1.1" 200 1725
179.57.78.9 - - [04/Nov/2025:11:22:16 -0300] "GET /cormun/static/gxtimezone.js?85251 HTTP/1.1" 200 5781
179.57.78.9 - - [04/Nov/2025:11:22:16 -0300] "GET /cormun/static/gxcfg.js?2022112219184450 HTTP/1.1" 200 953
179.57.78.9 - - [04/Nov/2025:11:22:16 -0300] "GET /cormun/static/Resources/CormunLogin.png HTTP/1.1" 200 19132
179.57.78.9 - - [04/Nov/2025:11:22:16 -0300] "GET /cormun/static/messages.spa.js?85251 HTTP/1.1" 200 30736
179.57.78.9 - - [04/Nov/2025:11:22:16 -0300] "GET /cormun/static/Resources/Spanish/PXTools.css?1759030 HTTP/1.1" 200 100853
179.57.78.9 - - [04/Nov/2025:11:22:16 -0300] "GET /cormun/static/hlogin.js?2022112219184458 HTTP/1.1" 200 2156
179.57.78.9 - - [04/Nov/2025:11:22:16 -0300] "GET /cormun/static/gxgral.js?85251 HTTP/1.1" 200 384558
179.57.78.9 - - [04/Nov/2025:11:22:16 -0300] "GET /cormun/static/Resources/PXToolsLoginTop.png HTTP/1.1" 200 1337
179.57.78.9 - - [04/Nov/2025:11:22:16 -0300] "GET /cormun/static/Resources/PXToolsLoginBackground.png HTTP/1.1" 200 1164
179.57.78.9 - - [04/Nov/2025:11:22:16 -0300] "GET /cormun/static/Resources/PXToolsButtonLeft.png HTTP/1.1" 200 1310
179.57.78.9 - - [04/Nov/2025:11:22:16 -0300] "GET /cormun/static/Resources/PXToolsButtonBackground.png HTTP/1.1" 200 1176
179.57.78.9 - - [04/Nov/2025:11:22:16 -0300] "GET /cormun/static/Resources/PXToolsLoginBottom.png HTTP/1.1" 200 1389
179.57.78.9 - - [04/Nov/2025:11:22:16 -0300] "GET /cormun/static/Resources/PXToolsButtonRight.png HTTP/1.1" 200 1294
179.57.78.9 - - [04/Nov/2025:11:22:16 -0300] "GET /cormun/servlet/hlogin HTTP/1.1" 200 1736
179.57.78.9 - - [04/Nov/2025:11:22:16 -0300] "GET /cormun/static/Resources/indicator.gif HTTP/1.1" 200 1553
179.57.78.9 - - [04/Nov/2025:11:22:16 -0300] "GET /favicon.ico HTTP/1.1" 200 21630
190.95.1.183 - - [04/Nov/2025:11:22:24 -0300] "GET /cormun/servlet/solicitudot?9585bf68f142d582770d2b67329f8ace63d4a1d0461907c924c267ff5f1abfc36c7662d0b754f759d809068dca75e049501a9e5b2d8aab36ed6270fe86a89abd,gx-no-cache=1762266232009 HTTP/1.1" 200 30
190.95.1.183 - - [04/Nov/2025:11:22:24 -0300] "GET /cormun/servlet/solicitudot?9585bf68f142d582770d2b67329f8ace1ea7600eccfa133e3b111e88ddfff607,gx-no-cache=1762266232036 HTTP/1.1" 200 29
190.95.1.183 - - [04/Nov/2025:11:22:24 -0300] "POST /cormun/servlet/solicitudot?gx-no-cache=1762266232057 HTTP/1.1" 200 297
190.95.1.183 - - [04/Nov/2025:11:22:24 -0300] "GET /cormun/servlet/solicitudot?9585bf68f142d582770d2b67329f8ace102ab99f2a893b9eb221315df837a01a784d717a86c8cd9f96d833a5a25c6d48d0ebd1785781c4f008c573b6175af7903d80d0e1c9094c275c6cd47bf4fa13768b8695a8267e2c494579ff2b1e5eabca4bba98fe1e64f4e5d23034c10ab600a917d5a67c9741d15840ff554125a13d4574430eef1374b1753db3edd72f88faaec9f08741f75abe5bc42166a94643e3069f9f17212ffc80d58679526c5c0cc3944666c67b824caa90efa6ff7bf679161d7f9c4319a33d1748896e1d6ce93f4ad960e90c019b6072b2696db6910e09278f61599a24d7a5e3fbe095870258bf29ecba3f98edc154b2710ffe4fe15d78847cd45773dfc65c70f82d0746998dfb963335c861fe65e86b9f254cfbcea7d41cf3bb31c36c5ac54e2c25c09d8d1652d43fafe7a6f0ea40d7e7797e1c652a911aa0f3b8551d780657b31e53f6b0883d08b32d60e96af12b57c3d0fec632573bdf64899a852206d628c0958a8b9516d77efd1846bf9c579a0278e4ff38e8232d81efd665e3af31cceeed8dd8f5047b8839fe,gx-no-cache=1762266232082 HTTP/1.1" 200 30
190.95.1.183 - - [04/Nov/2025:11:22:26 -0300] "POST /cormun/servlet/solicitudot?gx-no-cache=1762266233778 HTTP/1.1" 200 30
179.57.78.9 - - [04/Nov/2025:11:22:26 -0300] "POST /cormun/servlet/hlogin?d7aa1f2fad952a7cb12831fa4201a0a2,gx-no-cache=1762266229874 HTTP/1.1" 200 90
179.57.78.9 - - [04/Nov/2025:11:22:26 -0300] "GET /cormun/servlet/hpexe_link HTTP/1.1" 200 954
179.57.78.9 - - [04/Nov/2025:11:22:26 -0300] "GET /cormun/static/hpexe_link.js?20221129847423 HTTP/1.1" 200 625
179.57.78.9 - - [04/Nov/2025:11:22:26 -0300] "GET /cormun/static/gxcfg.js?20221129847421 HTTP/1.1" 200 953
179.57.78.9 - - [04/Nov/2025:11:22:26 -0300] "GET /cormun/static/Resources/Spanish/PXTools.css?8354383 HTTP/1.1" 200 100853
179.57.78.9 - - [04/Nov/2025:11:22:26 -0300] "GET /cormun/servlet/hhome HTTP/1.1" 200 4357
179.57.78.9 - - [04/Nov/2025:11:22:26 -0300] "GET /cormun/static/Shared/jqueryui/jquery-ui.min.css?1345370 HTTP/1.1" 200 30288
179.57.78.9 - - [04/Nov/2025:11:22:26 -0300] "GET /cormun/static/SmoothNavMenu/resources/ddsmoothmenu.css?1112540 HTTP/1.1" 200 2223
179.57.78.9 - - [04/Nov/2025:11:22:26 -0300] "GET /cormun/static/gxcfg.js?20201215495537 HTTP/1.1" 200 953
179.57.78.9 - - [04/Nov/2025:11:22:26 -0300] "GET /cormun/static/SmoothNavMenu/resources/ddsmoothmenu-v.css?1112540 HTTP/1.1" 200 1188
179.57.78.9 - - [04/Nov/2025:11:22:26 -0300] "GET /cormun/static/scaMessage/css/jquery.pnotify.default.css?1816380 HTTP/1.1" 200 1707
179.57.78.9 - - [04/Nov/2025:11:22:26 -0300] "GET /cormun/static/Resources/Spanish/PXTools.css?14345360 HTTP/1.1" 200 100853
179.57.78.9 - - [04/Nov/2025:11:22:26 -0300] "GET /cormun/static/PXToolsJavascripts/pexe_autoreload.js HTTP/1.1" 200 1762
179.57.78.9 - - [04/Nov/2025:11:22:26 -0300] "GET /cormun/static/PXToolsJavascripts/pexe_cookies.js HTTP/1.1" 200 792
179.57.78.9 - - [04/Nov/2025:11:22:26 -0300] "GET /cormun/static/PXToolsJavascripts/pexe_windows.js HTTP/1.1" 200 15249
179.57.78.9 - - [04/Nov/2025:11:22:26 -0300] "GET /cormun/static/PXToolsJavascripts/pexe_grid.js HTTP/1.1" 200 7559
179.57.78.9 - - [04/Nov/2025:11:22:26 -0300] "GET /cormun/static/PXToolsJavascripts/pexe_griddivfix.js HTTP/1.1" 200 6946
179.57.78.9 - - [04/Nov/2025:11:22:26 -0300] "GET /cormun/static/PXToolsJavascripts/pexe_link.js HTTP/1.1" 200 5671
179.57.78.9 - - [04/Nov/2025:11:22:26 -0300] "GET /cormun/static/PXToolsJavascripts/pexe_menus.js HTTP/1.1" 200 1286
179.57.78.9 - - [04/Nov/2025:11:22:26 -0300] "GET /cormun/static/PXToolsJavascripts/pexe_menudivfix.js HTTP/1.1" 200 333
179.57.78.9 - - [04/Nov/2025:11:22:26 -0300] "GET /cormun/static/PXToolsJavascripts/pexe_layers.js HTTP/1.1" 200 4114
179.57.78.9 - - [04/Nov/2025:11:22:26 -0300] "GET /cormun/static/PXToolsJavascripts/pexe_oav.js HTTP/1.1" 200 645
179.57.78.9 - - [04/Nov/2025:11:22:26 -0300] "GET /cormun/static/PXToolsJavascripts/pexe_oavdivfix.js HTTP/1.1" 200 639
179.57.78.9 - - [04/Nov/2025:11:22:26 -0300] "GET /cormun/static/PXToolsJavascripts/pexe_picture.js HTTP/1.1" 200 689
179.57.78.9 - - [04/Nov/2025:11:22:26 -0300] "GET /cormun/static/PXToolsJavascripts/pexe_popup.js HTTP/1.1" 200 15149
179.57.78.9 - - [04/Nov/2025:11:22:26 -0300] "GET /cormun/static/PXToolsJavascripts/pexe_scrolldiv.js HTTP/1.1" 200 4138
179.57.78.9 - - [04/Nov/2025:11:22:26 -0300] "GET /cormun/static/PXToolsJavascripts/pexe_tabdivfix.js HTTP/1.1" 200 898
179.57.78.9 - - [04/Nov/2025:11:22:26 -0300] "GET /cormun/static/PXToolsJavascripts/pexe_tabs.js HTTP/1.1" 200 3748
179.57.78.9 - - [04/Nov/2025:11:22:26 -0300] "GET /cormun/static/PXToolsJavascripts/PXToolsJavascriptsRender.js HTTP/1.1" 200 367
179.57.78.9 - - [04/Nov/2025:11:22:26 -0300] "GET /cormun/static/PXToolsJavascripts/pexe_upload.js HTTP/1.1" 200 1423
179.57.78.9 - - [04/Nov/2025:11:22:26 -0300] "GET /cormun/static/Resources/CormunMP2.png HTTP/1.1" 200 6878
179.57.78.9 - - [04/Nov/2025:11:22:26 -0300] "GET /cormun/static/Resources/ImgHome.png HTTP/1.1" 200 1364
179.57.78.9 - - [04/Nov/2025:11:22:26 -0300] "GET /cormun/static/Resources/ImgLogin.png HTTP/1.1" 200 1432
179.57.78.9 - - [04/Nov/2025:11:22:26 -0300] "GET /cormun/static/Resources/Llave.png HTTP/1.1" 200 1395
179.57.78.9 - - [04/Nov/2025:11:22:26 -0300] "GET /cormun/static/RunJS/RunJS.js HTTP/1.1" 200 288
179.57.78.9 - - [04/Nov/2025:11:22:26 -0300] "GET /cormun/static/Shared/ext/locale/ext-lang-en.js HTTP/1.1" 200 10940
179.57.78.9 - - [04/Nov/2025:11:22:26 -0300] "GET /cormun/static/Resources/PXToolsDataTitle.png HTTP/1.1" 200 1173
179.57.78.9 - - [04/Nov/2025:11:22:26 -0300] "GET /cormun/static/hhome.js?20201215495544 HTTP/1.1" 200 777
179.57.78.9 - - [04/Nov/2025:11:22:26 -0300] "GET /cormun/static/hwchdr01.js?2022112219251119 HTTP/1.1" 200 996
179.57.78.9 - - [04/Nov/2025:11:22:26 -0300] "GET /cormun/static/hpexe_recentlink.js?20201214471090 HTTP/1.1" 200 2144
179.57.78.9 - - [04/Nov/2025:11:22:26 -0300] "GET /cormun/static/hpexe_scripts.js?20201214471411 HTTP/1.1" 200 1544
179.57.78.9 - - [04/Nov/2025:11:22:26 -0300] "GET /cormun/static/hpexe_messagecontroller.js?202211298371222 HTTP/1.1" 200 870
179.57.78.9 - - [04/Nov/2025:11:22:26 -0300] "GET /cormun/static/hpexe_messagepopupcomponent.js?2020121447232 HTTP/1.1" 200 605
179.57.78.9 - - [04/Nov/2025:11:22:26 -0300] "GET /cormun/static/hpexe_messagegenexuscomponent.js?20221129836373 HTTP/1.1" 200 587
179.57.78.9 - - [04/Nov/2025:11:22:26 -0300] "GET /cormun/static/gxui/gxui-all.js HTTP/1.1" 200 107772
179.57.78.9 - - [04/Nov/2025:11:22:26 -0300] "GET /cormun/static/cmcontrolpreferences.js?20199141926336 HTTP/1.1" 200 1375
179.57.78.9 - - [04/Nov/2025:11:22:26 -0300] "GET /cormun/static/Shared/jquery/jquery-1.4.2.min.js HTTP/1.1" 200 72174
179.57.78.9 - - [04/Nov/2025:11:22:26 -0300] "GET /cormun/static/SmoothNavMenu/resources/ddsmoothmenu.js HTTP/1.1" 200 12712
179.57.78.9 - - [04/Nov/2025:11:22:26 -0300] "GET /cormun/static/SmoothNavMenu/resources/SmoothNavMenuRender.js HTTP/1.1" 200 5951
179.57.78.9 - - [04/Nov/2025:11:22:26 -0300] "GET /cormun/static/Shared/jquery/jquery-1.10.2.min.js HTTP/1.1" 200 273199
179.57.78.9 - - [04/Nov/2025:11:22:26 -0300] "GET /cormun/static/scaMessage/js/jquery.pnotify.min.js HTTP/1.1" 200 13038
179.57.78.9 - - [04/Nov/2025:11:22:26 -0300] "GET /cormun/static/scaMessage/scaMessageRender.js HTTP/1.1" 200 11977
179.57.78.9 - - [04/Nov/2025:11:22:26 -0300] "GET /cormun/static/hmpwkw03.js?20221129844354 HTTP/1.1" 200 3971
179.57.78.9 - - [04/Nov/2025:11:22:26 -0300] "GET /cormun/static/Shared/jqueryui/jquery-ui.min.js HTTP/1.1" 200 240427
179.57.78.9 - - [04/Nov/2025:11:22:26 -0300] "GET /cormun/static/Shared/ext/ext-all.js HTTP/1.1" 200 1289687
179.57.78.9 - - [04/Nov/2025:11:22:26 -0300] "GET /cormun/static/SmoothNavMenu/resources/images/down.gif HTTP/1.1" 200 854
179.57.78.9 - - [04/Nov/2025:11:22:26 -0300] "GET /cormun/static/SmoothNavMenu/resources/images/right.gif HTTP/1.1" 200 860
190.95.1.183 - - [04/Nov/2025:11:22:27 -0300] "GET /cormun/static/Resources/resize.gif HTTP/1.1" 200 77
190.95.1.183 - - [04/Nov/2025:11:22:27 -0300] "GET /cormun/static/Resources/PXTools/ClosePrompt.png HTTP/1.1" 200 1036
190.95.1.183 - - [04/Nov/2025:11:22:28 -0300] "GET /cormun/servlet/prfichaempleado?,MD,,gxPopupLevel%3D0%3B HTTP/1.1" 200 9194
190.95.1.183 - - [04/Nov/2025:11:22:28 -0300] "GET /cormun/static/gxcfg.js?20201215571085 HTTP/1.1" 200 953
190.95.1.183 - - [04/Nov/2025:11:22:28 -0300] "GET /cormun/static/Resources/PXToolsMenuSearch.png HTTP/1.1" 200 336
190.95.1.183 - - [04/Nov/2025:11:22:28 -0300] "GET /cormun/static/prfichaempleado.js?20201215572193 HTTP/1.1" 200 16005
190.95.1.183 - - [04/Nov/2025:11:22:28 -0300] "GET /cormun/static/menusearch.js?20201214473581 HTTP/1.1" 200 1424
190.95.1.183 - - [04/Nov/2025:11:22:28 -0300] "GET /cormun/static/Resources/PXToolsMenuSearchCancel.png HTTP/1.1" 200 306
190.95.1.183 - - [04/Nov/2025:11:22:28 -0300] "GET /cormun/static/hmpwkw011.js?202211298443482 HTTP/1.1" 200 1968
179.57.78.9 - - [04/Nov/2025:11:22:29 -0300] "GET /cormun/servlet/trlicencias? HTTP/1.1" 200 11854
179.57.78.9 - - [04/Nov/2025:11:22:29 -0300] "GET /cormun/static/gxui/gxui-all.css?120300 HTTP/1.1" 200 2179
179.57.78.9 - - [04/Nov/2025:11:22:29 -0300] "GET /cormun/static/calendar-setup.js?85251 HTTP/1.1" 200 2588
179.57.78.9 - - [04/Nov/2025:11:22:29 -0300] "GET /cormun/static/calendar-system.css?85620 HTTP/1.1" 200 5572
179.57.78.9 - - [04/Nov/2025:11:22:29 -0300] "GET /cormun/static/gxcfg.js?202211298463625 HTTP/1.1" 200 953
179.57.78.9 - - [04/Nov/2025:11:22:29 -0300] "GET /cormun/static/calendar.js?85251 HTTP/1.1" 200 26246
179.57.78.9 - - [04/Nov/2025:11:22:29 -0300] "GET /cormun/static/calendar-es.js?85251 HTTP/1.1" 200 1901
179.57.78.9 - - [04/Nov/2025:11:22:29 -0300] "GET /cormun/static/Resources/PXTools/calendar.png HTTP/1.1" 200 1306
179.57.78.9 - - [04/Nov/2025:11:22:29 -0300] "GET /cormun/static/gxdec.js?85251 HTTP/1.1" 200 19579
179.57.78.9 - - [04/Nov/2025:11:22:29 -0300] "GET /cormun/static/trlicencias.js?202211298463889 HTTP/1.1" 200 41883
179.57.78.9 - - [04/Nov/2025:11:22:29 -0300] "GET /cormun/static/Resources/PXToolsDataSearch.png HTTP/1.1" 200 435
179.57.78.9 - - [04/Nov/2025:11:22:29 -0300] "GET /cormun/static/Resources/PXToolsGridFirstDisabled.gif HTTP/1.1" 200 100
179.57.78.9 - - [04/Nov/2025:11:22:29 -0300] "GET /cormun/static/Resources/PXToolsGridPreviousDisabled.gif HTTP/1.1" 200 90
179.57.78.9 - - [04/Nov/2025:11:22:29 -0300] "GET /cormun/static/Resources/PXToolsGridNextDisabled.gif HTTP/1.1" 200 90
179.57.78.9 - - [04/Nov/2025:11:22:29 -0300] "GET /cormun/static/Resources/PXToolsGridLastDisabled.gif HTTP/1.1" 200 98
179.57.78.9 - - [04/Nov/2025:11:22:29 -0300] "GET /cormun/static/Shared/ext/resources/css/ext-all.css?215870 HTTP/1.1" 200 416045
179.57.78.9 - - [04/Nov/2025:11:22:29 -0300] "GET /cormun/static/Resources/PXToolsGridPage.gif HTTP/1.1" 200 725
179.57.78.9 - - [04/Nov/2025:11:22:29 -0300] "GET /cormun/static/Resources/PXToolsActionExcel.png HTTP/1.1" 200 727
179.57.78.9 - - [04/Nov/2025:11:22:29 -0300] "GET /cormun/static/Resources/PXToolsAddAllAction.png HTTP/1.1" 200 495
179.57.78.9 - - [04/Nov/2025:11:22:29 -0300] "GET /cormun//static/Resources/PXTools/ActionInsert.png HTTP/1.1" 200 1482
179.57.78.9 - - [04/Nov/2025:11:22:29 -0300] "GET /cormun//static/Resources/PXToolsActionDisabled.gif HTTP/1.1" 200 53
179.57.78.9 - - [04/Nov/2025:11:22:29 -0300] "GET /cormun//static/Resources/PXToolsGridDisplay.png HTTP/1.1" 200 525
179.57.78.9 - - [04/Nov/2025:11:22:29 -0300] "GET /cormun/static/Resources/asc.gif HTTP/1.1" 200 67
179.57.78.9 - - [04/Nov/2025:11:22:29 -0300] "GET /cormun//static/Resources/PXToolsActionPrint.png HTTP/1.1" 200 404
179.57.78.9 - - [04/Nov/2025:11:22:29 -0300] "GET /cormun/static/Resources/desc.gif HTTP/1.1" 200 65
179.57.78.9 - - [04/Nov/2025:11:22:29 -0300] "GET /cormun//static/Resources/PXToolsHeaderFavorites.png HTTP/1.1" 200 1414
179.57.78.9 - - [04/Nov/2025:11:22:29 -0300] "GET /cormun//static/Resources/PXToolsHeaderHelp.png HTTP/1.1" 200 1333
179.57.78.9 - - [04/Nov/2025:11:22:29 -0300] "GET /cormun/static/Shared/ext/resources/themes/images/default/tools/tool-sprites.gif HTTP/1.1" 200 5434
179.57.78.9 - - [04/Nov/2025:11:22:29 -0300] "GET /cormun/static/Shared/ext/resources/themes/images/default/panel/bg-headersPanel.png HTTP/1.1" 200 255
190.95.1.183 - - [04/Nov/2025:11:22:34 -0300] "POST /cormun/servlet/prfichaempleado?5d743b8b7e068800bfc03de830729053,,MD,,gxPopupLevel%3D0%3B,gx-no-cache=1762266241547 HTTP/1.1" 200 5408
190.95.1.183 - - [04/Nov/2025:11:22:39 -0300] "GET /cormun/servlet/prlicenciaspermisos?19852117,L,,MD,,gxPopupLevel%3D0%3B HTTP/1.1" 200 6150
190.95.1.183 - - [04/Nov/2025:11:22:39 -0300] "GET /cormun/static/gxcfg.js?2020121559567 HTTP/1.1" 200 953
190.95.1.183 - - [04/Nov/2025:11:22:39 -0300] "GET /cormun/static/prlicenciaspermisos.js?2020121559821 HTTP/1.1" 200 13379
190.95.1.183 - - [04/Nov/2025:11:22:41 -0300] "POST /cormun/servlet/solicitudot?gx-no-cache=1762266248960 HTTP/1.1" 200 1483
190.95.1.183 - - [04/Nov/2025:11:22:44 -0300] "POST /cormun/servlet/solicitudot?gx-no-cache=1762266251997 HTTP/1.1" 200 41
190.95.1.183 - - [04/Nov/2025:11:22:44 -0300] "GET /cormun/servlet/solicitudot?9585bf68f142d582770d2b67329f8ace8d60af3389727f2e3890f6ac3c92b965b30052ac92e855a0a4b058480cc177e99ea37a949e147f6b4254dce9b741cac5e7b28b26bad4b3e4a4794ac146fd95123473a1c4220da88f7b312fd1ec6d9f7030894ae486f072993ad6d21e609ed8d2,gx-no-cache=1762266252023 HTTP/1.1" 200 110
190.95.1.183 - - [04/Nov/2025:11:22:44 -0300] "POST /cormun/servlet/solicitudot?gx-no-cache=1762266252040 HTTP/1.1" 200 64
190.95.1.183 - - [04/Nov/2025:11:22:47 -0300] "GET /cormun/servlet/solicitudot?9585bf68f142d582770d2b67329f8ace4dfa40e03c76bb17c78fc96e66fafaf74728be2acc754d132eb6a1aa6a20580bffd49449206e22905df96f52ba8848792307193215b742220eb12f9fb5a690b13bfd5717fdfa026e4409995e58e9e8e61bf28748e8d46e5f95f96d41a14131e4,gx-no-cache=1762266254856 HTTP/1.1" 200 29
190.95.1.183 - - [04/Nov/2025:11:22:47 -0300] "GET /cormun/static/menuarrow.gif HTTP/1.1" 404 1015
190.95.1.183 - - [04/Nov/2025:11:22:49 -0300] "GET /cormun/servlet/solicitudot?9585bf68f142d582770d2b67329f8acecf53c9ff9c9b0d6ef09aed9c67d28f4b5bfa597a3e76af0af08ad0e5d5faa7c1,gx-no-cache=1762266256572 HTTP/1.1" 200 30
190.95.1.183 - - [04/Nov/2025:11:22:49 -0300] "POST /cormun/servlet/solicitudot?gx-no-cache=1762266256599 HTTP/1.1" 200 34
190.95.1.183 - - [04/Nov/2025:11:22:59 -0300] "POST /cormun/servlet/solicitudot?5d743b8b7e068800bfc03de830729053,INS,0,0,false,,gx-no-cache=1762266266096 HTTP/1.1" 200 93
191.126.155.214 - - [04/Nov/2025:11:22:59 -0300] "GET /cormun/servlet/permisogoce?7addfb08587f7194b633b65a627eb4a48c58f54564744ddf68651d6a7337ce1a4e81823eacff0d92bde559f2bab8c1baffab8814d4da767c6ad1e1635a49e1a6,gx-no-cache=1762266265026 HTTP/1.1" 200 86
190.95.1.183 - - [04/Nov/2025:11:22:59 -0300] "GET /cormun/servlet/hpexe_return? HTTP/1.1" 200 1005
190.95.1.183 - - [04/Nov/2025:11:22:59 -0300] "GET /cormun/static/gxcfg.js?20221129846035 HTTP/1.1" 200 953
190.95.1.183 - - [04/Nov/2025:11:22:59 -0300] "GET /cormun/static/hpexe_return.js?20221129846037 HTTP/1.1" 200 1633
190.95.1.183 - - [04/Nov/2025:11:22:59 -0300] "GET /cormun/servlet/trsolicitudot? HTTP/1.1" 200 8618
191.7.89.209 - - [04/Nov/2025:11:22:59 -0300] "GET / HTTP/1.0" 200 11197
190.95.1.183 - - [04/Nov/2025:11:23:02 -0300] "POST /cormun/servlet/trsolicitudot?5d743b8b7e068800bfc03de830729053,,gx-no-cache=1762266269948 HTTP/1.1" 200 4583
190.95.1.183 - - [04/Nov/2025:11:23:02 -0300] "GET /cormun/static/Shared/jqueryui/images/ui-icons_82798d_256x240.png HTTP/1.1" 404 1089
190.95.1.183 - - [04/Nov/2025:11:23:02 -0300] "GET /cormun/static/Shared/jqueryui/images/ui-bg_highlight-soft_100_c6c2c8_1x100.png HTTP/1.1" 404 1117
190.95.1.183 - - [04/Nov/2025:11:23:02 -0300] "GET /cormun/static/Shared/jqueryui/images/ui-bg_flat_55_fafafa_40x100.png HTTP/1.1" 404 1097
190.95.1.183 - - [04/Nov/2025:11:23:02 -0300] "GET /cormun/static/Shared/jqueryui/images/ui-icons_8d78a5_256x240.png HTTP/1.1" 404 1089
190.95.1.183 - - [04/Nov/2025:11:23:02 -0300] "POST /cormun/servlet/trsolicitudot?5d743b8b7e068800bfc03de830729053,,gx-no-cache=1762266270059 HTTP/1.1" 200 4323
191.126.155.214 - - [04/Nov/2025:11:23:06 -0300] "GET /cormun/servlet/permisogoce?7addfb08587f7194b633b65a627eb4a43389e0739bea87a524301e7ff0685feea1864ca7e86bde5b8aff5e18118e1fe4d6497091b5757416db94e53782fbc5ad,gx-no-cache=1762266272416 HTTP/1.1" 200 47
179.57.78.9 - - [04/Nov/2025:11:23:09 -0300] "GET /cormun/servlet/hlogin HTTP/1.1" 200 1742
191.126.155.214 - - [04/Nov/2025:11:23:10 -0300] "POST /cormun/servlet/permisogoce?11a394939e74d2eb3ebbe48d21ff95be,INS,0,,,,gx-no-cache=1762266276034 HTTP/1.1" 200 93
191.126.155.214 - - [04/Nov/2025:11:23:10 -0300] "GET /cormun/servlet/hpexe_return? HTTP/1.1" 200 1014
191.126.155.214 - - [04/Nov/2025:11:23:10 -0300] "GET /cormun/servlet/trpermisosgoce HTTP/1.1" 200 12053
190.95.67.97 - - [04/Nov/2025:11:23:20 -0300] "GET /cormun/servlet/trlicencias? HTTP/1.1" 200 6040
190.95.67.97 - - [04/Nov/2025:11:23:20 -0300] "GET /cormun/servlet/hlogin HTTP/1.1" 200 1737
190.95.67.97 - - [04/Nov/2025:11:23:25 -0300] "POST /cormun/servlet/hlogin?c5c97f489ac096b30f40950a4c0c5f7c,gx-no-cache=1762266277985 HTTP/1.1" 200 90
190.95.67.97 - - [04/Nov/2025:11:23:25 -0300] "GET /cormun/servlet/hpexe_link HTTP/1.1" 200 954
190.95.67.97 - - [04/Nov/2025:11:23:25 -0300] "GET /cormun/servlet/trlicencias HTTP/1.1" 200 9387
190.95.67.97 - - [04/Nov/2025:11:23:28 -0300] "GET /cormun/servlet/trpermisosgoce? HTTP/1.1" 200 12116
190.95.67.97 - - [04/Nov/2025:11:23:37 -0300] "POST /cormun/servlet/trpermisosgoce?c5c97f489ac096b30f40950a4c0c5f7c,,gx-no-cache=1762266289823 HTTP/1.1" 200 5064
190.95.67.97 - - [04/Nov/2025:11:23:43 -0300] "GET /cormun/static/menuarrow.gif HTTP/1.1" 404 1015
190.95.67.97 - - [04/Nov/2025:11:23:48 -0300] "POST /cormun/servlet/trpermisosgoce?c5c97f489ac096b30f40950a4c0c5f7c,,gx-no-cache=1762266301147 HTTP/1.1" 200 5907
191.126.155.214 - - [04/Nov/2025:11:24:10 -0300] "GET /cormun/servlet/permisogoce?INS,0,,, HTTP/1.1" 200 6782
191.126.155.214 - - [04/Nov/2025:11:24:23 -0300] "GET /cormun/servlet/permisogoce?7addfb08587f7194b633b65a627eb4a48cfe8521befc91eb3ce8701f108ab03b4e81823eacff0d92bde559f2bab8c1baffab8814d4da767c6ad1e1635a49e1a6,gx-no-cache=1762266349396 HTTP/1.1" 200 77
191.126.155.214 - - [04/Nov/2025:11:29:28 -0300] "GET /cormun/servlet/hlogin HTTP/1.1" 200 1727
191.126.155.214 - - [04/Nov/2025:11:29:36 -0300] "POST /cormun/servlet/hlogin?11a394939e74d2eb3ebbe48d21ff95be,gx-no-cache=1762266662566 HTTP/1.1" 200 90
191.126.155.214 - - [04/Nov/2025:11:29:36 -0300] "GET /cormun/servlet/hpexe_link HTTP/1.1" 200 968
191.126.155.214 - - [04/Nov/2025:11:29:36 -0300] "GET /cormun/servlet/permisogoce?INS,0,,, HTTP/1.1" 200 6784
190.95.67.97 - - [04/Nov/2025:11:30:05 -0300] "GET /cormun/servlet/trpermisosadjuntos?17136519,20251023074749,P, HTTP/1.1" 200 6210
190.95.67.97 - - [04/Nov/2025:11:30:06 -0300] "GET /cormun/servlet/trpermisosadjuntos?17136519,20251023074749,P, HTTP/1.1" 200 6210
190.95.67.97 - - [04/Nov/2025:11:30:07 -0300] "GET /cormun/servlet/permisosadjuntos?INS,17136519,P,20251023074749,, HTTP/1.1" 200 5532
190.95.67.97 - - [04/Nov/2025:11:30:07 -0300] "GET /cormun/static/about:blank HTTP/1.1" 404 1011
190.95.67.97 - - [04/Nov/2025:11:30:40 -0300] "POST /cormun/servlet/permisosadjuntos?c5c97f489ac096b30f40950a4c0c5f7c,INS,17136519,P,20251023074749,, HTTP/1.1" 200 116
190.95.67.97 - - [04/Nov/2025:11:30:40 -0300] "GET /cormun/servlet/hpexe_return? HTTP/1.1" 200 1036
190.95.67.97 - - [04/Nov/2025:11:30:40 -0300] "GET /cormun/servlet/trpermisosadjuntos?17136519,20251023074749,P, HTTP/1.1" 200 6697
190.95.67.97 - - [04/Nov/2025:11:30:43 -0300] "GET /cormun/servlet/trpermisosgoce? HTTP/1.1" 200 8555
190.95.67.97 - - [04/Nov/2025:11:30:45 -0300] "POST /cormun/servlet/trpermisosgoce?c5c97f489ac096b30f40950a4c0c5f7c,,gx-no-cache=1762266718041 HTTP/1.1" 200 5897
190.95.67.97 - - [04/Nov/2025:11:30:45 -0300] "GET /cormun/static/Shared/jqueryui/images/ui-icons_82798d_256x240.png HTTP/1.1" 404 1089
190.95.67.97 - - [04/Nov/2025:11:30:45 -0300] "GET /cormun/static/Shared/jqueryui/images/ui-bg_highlight-soft_100_c6c2c8_1x100.png HTTP/1.1" 404 1117
190.95.67.97 - - [04/Nov/2025:11:30:45 -0300] "GET /cormun/static/Shared/jqueryui/images/ui-bg_flat_55_fafafa_40x100.png HTTP/1.1" 404 1097
190.95.67.97 - - [04/Nov/2025:11:30:45 -0300] "GET /cormun/static/Shared/jqueryui/images/ui-icons_8d78a5_256x240.png HTTP/1.1" 404 1089
200.126.116.145 - - [04/Nov/2025:11:31:31 -0300] "GET /cormun/servlet/trpermisosgoce? HTTP/1.1" 200 17055
200.126.116.145 - - [04/Nov/2025:11:31:31 -0300] "GET /cormun/static/gxcfg.js?2020121631564 HTTP/1.1" 200 953
200.126.116.145 - - [04/Nov/2025:11:31:31 -0300] "GET /cormun/static/trpermisosgoce.js?2020121633681 HTTP/1.1" 200 35904
200.126.116.145 - - [04/Nov/2025:11:31:31 -0300] "GET /cormun/static/Resources/Spanish/PXTools.css?14345360 HTTP/1.1" 200 100853
200.126.116.145 - - [04/Nov/2025:11:31:32 -0300] "GET /cormun//static/Resources/PXToolsGridUpdate.png HTTP/1.1" 200 470
200.126.116.145 - - [04/Nov/2025:11:31:32 -0300] "GET /cormun//static/Resources/PXToolsGridDelete.png HTTP/1.1" 200 538
200.126.116.145 - - [04/Nov/2025:11:31:34 -0300] "GET /cormun/servlet/permisogoce?INS,0,,, HTTP/1.1" 200 7221
200.126.116.145 - - [04/Nov/2025:11:31:34 -0300] "GET /cormun/static/Resources/prompt.gif HTTP/1.1" 200 902
200.126.116.145 - - [04/Nov/2025:11:31:34 -0300] "GET /cormun/static/gxcfg.js?20201215124560 HTTP/1.1" 200 953
200.126.116.145 - - [04/Nov/2025:11:31:34 -0300] "GET /cormun/static/permisogoce.js?20201215124939 HTTP/1.1" 200 27790
200.126.116.145 - - [04/Nov/2025:11:31:43 -0300] "GET /cormun/servlet/permisogoce?56b08492935247e66773cdd769e8435984d9274432f3663c309ee29f7b139587620599a6a19f43624bfb66c93e3fd333488fd8bf3b5a0211599c38668d12efe5,gx-no-cache=1762266788087 HTTP/1.1" 200 78
200.126.116.145 - - [04/Nov/2025:11:31:45 -0300] "GET /cormun/static/menuarrow.gif HTTP/1.1" 404 1015
179.57.78.71 - - [04/Nov/2025:11:31:50 -0300] "GET /cormun/servlet/trlicencias HTTP/1.1" 200 6049
179.57.78.71 - - [04/Nov/2025:11:31:51 -0300] "GET /cormun/servlet/hlogin HTTP/1.1" 200 1734
179.57.78.71 - - [04/Nov/2025:11:31:56 -0300] "POST /cormun/servlet/hlogin?f95e48e2868fcdc7a1d4cf47dc98841a,gx-no-cache=1762266800920 HTTP/1.1" 200 90
179.57.78.71 - - [04/Nov/2025:11:31:56 -0300] "GET /cormun/servlet/hpexe_link HTTP/1.1" 200 953
179.57.78.71 - - [04/Nov/2025:11:31:57 -0300] "GET /cormun/servlet/trlicencias HTTP/1.1" 200 11793
200.126.116.145 - - [04/Nov/2025:11:32:05 -0300] "GET /cormun/servlet/permisogoce?56b08492935247e66773cdd769e8435944acfea9173b31ae7bd50bc39c15ce0f020f6859645f98cfad4699e79d56b034dfb2fa0f6a0d07d6a955f0d90ebbbf88,gx-no-cache=1762266809843 HTTP/1.1" 200 48
200.126.116.145 - - [04/Nov/2025:11:32:06 -0300] "POST /cormun/servlet/permisogoce?265c867c21ef39fa2cd4695463de5c64,INS,0,,,,gx-no-cache=1762266811153 HTTP/1.1" 200 93
200.126.116.145 - - [04/Nov/2025:11:32:06 -0300] "GET /cormun/servlet/hpexe_return? HTTP/1.1" 200 1007
200.126.116.145 - - [04/Nov/2025:11:32:06 -0300] "GET /cormun/static/gxcfg.js?20221129846035 HTTP/1.1" 200 953
200.126.116.145 - - [04/Nov/2025:11:32:06 -0300] "GET /cormun/static/hpexe_return.js?20221129846037 HTTP/1.1" 200 1633
200.126.116.145 - - [04/Nov/2025:11:32:07 -0300] "GET /cormun/servlet/trpermisosgoce HTTP/1.1" 200 17283
200.126.116.145 - - [04/Nov/2025:11:32:12 -0300] "GET /cormun/servlet/apermisogoceprn?15623800,P,20251104113327,PU HTTP/1.1" 200 1667
190.95.15.17 - - [04/Nov/2025:11:32:17 -0300] "GET /cormun/servlet/hlogin HTTP/1.1" 200 1725
190.95.15.17 - - [04/Nov/2025:11:32:18 -0300] "GET /cormun/servlet/hlogin HTTP/1.1" 200 1735
190.95.15.17 - - [04/Nov/2025:11:32:18 -0300] "GET /favicon.ico HTTP/1.1" 200 21630
190.95.15.17 - - [04/Nov/2025:11:32:20 -0300] "POST /cormun/servlet/hlogin?1b26835a4b2c431fc56ad5fea087f15c,gx-no-cache=1762266944437 HTTP/1.1" 200 90
190.95.15.17 - - [04/Nov/2025:11:32:20 -0300] "GET /cormun/servlet/hpexe_link HTTP/1.1" 200 953
190.95.15.17 - - [04/Nov/2025:11:32:21 -0300] "GET /cormun/servlet/hhome HTTP/1.1" 200 4382
190.95.15.17 - - [04/Nov/2025:11:32:26 -0300] "GET /cormun/servlet/trpermisosgoce? HTTP/1.1" 200 11686
190.95.15.17 - - [04/Nov/2025:11:32:29 -0300] "GET /cormun/servlet/permisogoce?INS,0,,, HTTP/1.1" 200 7277
191.126.155.214 - - [04/Nov/2025:11:33:06 -0300] "GET /cormun/servlet/permisogoce?7addfb08587f7194b633b65a627eb4a440cf3dbfc3620c6517a8ee153e14d34f4e81823eacff0d92bde559f2bab8c1baffab8814d4da767c6ad1e1635a49e1a6,gx-no-cache=1762266872781 HTTP/1.1" 200 87
191.126.155.214 - - [04/Nov/2025:11:33:06 -0300] "GET /cormun/static/menuarrow.gif HTTP/1.1" 404 1015
190.95.15.17 - - [04/Nov/2025:11:33:10 -0300] "GET /cormun/servlet/permisogoce?f9e0a4969a36fb15b569a7416dcba2805d8007c81acea6af25bb145276975cd95a4cb57e3419febbea5e7af6fb316c215b28975e5c3ba878577a5c35d59fff83,gx-no-cache=1762266994309 HTTP/1.1" 200 81
