201.186.225.191 - - [04/Nov/2025:10:10:36 -0300] "POST /cormun/servlet/permisogoce?311b8dd62646fa7e8ca7d4ca9bd23ec2,INS,0,,,,gx-no-cache=1762261919825 HTTP/1.1" 200 93
201.186.225.191 - - [04/Nov/2025:10:10:36 -0300] "GET /cormun/servlet/hpexe_return? HTTP/1.1" 200 1011
201.186.225.191 - - [04/Nov/2025:10:10:36 -0300] "GET /cormun/servlet/trpermisosgoce? HTTP/1.1" 200 17898
201.186.225.191 - - [04/Nov/2025:10:10:40 -0300] "GET /cormun/servlet/trpermisosadjuntos?19360400,20251104101203,P, HTTP/1.1" 200 6519
201.186.225.191 - - [04/Nov/2025:10:10:41 -0300] "GET /cormun/servlet/permisosadjuntos?INS,19360400,P,20251104101203,, HTTP/1.1" 200 5841
201.186.225.191 - - [04/Nov/2025:10:10:42 -0300] "GET /cormun/static/about:blank HTTP/1.1" 404 1011
190.95.67.91 - - [04/Nov/2025:10:11:07 -0300] "POST /cormun/servlet/permisogoce?1b3ed3e368c420b0171fed15b79ac947,INS,0,,,,gx-no-cache=1762261951945 HTTP/1.1" 200 93
190.95.67.91 - - [04/Nov/2025:10:11:07 -0300] "GET /cormun/servlet/hpexe_return? HTTP/1.1" 200 1007
190.95.67.91 - - [04/Nov/2025:10:11:08 -0300] "GET /cormun/servlet/trpermisosgoce HTTP/1.1" 200 19519
201.186.225.187 - - [04/Nov/2025:10:11:11 -0300] "POST /cormun/servlet/solicitudot?gx-no-cache=1762265574846 HTTP/1.1" 200 1481
190.95.67.91 - - [04/Nov/2025:10:11:13 -0300] "GET /cormun/servlet/trpermisosadjuntos?17526557,20251104101205,P, HTTP/1.1" 200 6555
190.95.67.91 - - [04/Nov/2025:10:11:16 -0300] "GET /cormun/servlet/permisosadjuntos?INS,17526557,P,20251104101205,, HTTP/1.1" 200 5882
190.95.67.91 - - [04/Nov/2025:10:11:16 -0300] "GET /cormun/static/about:blank HTTP/1.1" 404 1011
201.186.225.187 - - [04/Nov/2025:10:11:17 -0300] "GET /cormun/servlet/prlicenciaspermisos?19851385,L,,MD,,gxPopupLevel%3D0%3B HTTP/1.1" 200 5587
201.186.225.187 - - [04/Nov/2025:10:11:17 -0300] "GET /cormun/static/gxcfg.js?2020121559567 HTTP/1.1" 200 953
201.186.225.187 - - [04/Nov/2025:10:11:17 -0300] "GET /cormun/static/prlicenciaspermisos.js?2020121559821 HTTP/1.1" 200 13379
190.95.67.91 - - [04/Nov/2025:10:11:28 -0300] "POST /cormun/servlet/permisosadjuntos?1b3ed3e368c420b0171fed15b79ac947,INS,17526557,P,20251104101205,, HTTP/1.1" 200 116
190.95.67.91 - - [04/Nov/2025:10:11:28 -0300] "GET /cormun/servlet/hpexe_return? HTTP/1.1" 200 1037
190.95.67.91 - - [04/Nov/2025:10:11:28 -0300] "GET /cormun/servlet/trpermisosadjuntos?17526557,20251104101205,P, HTTP/1.1" 200 7101
201.186.225.191 - - [04/Nov/2025:10:11:29 -0300] "POST /cormun/servlet/permisosadjuntos?311b8dd62646fa7e8ca7d4ca9bd23ec2,INS,19360400,P,20251104101203,, HTTP/1.1" 200 116
201.186.225.191 - - [04/Nov/2025:10:11:29 -0300] "GET /cormun/servlet/hpexe_return? HTTP/1.1" 200 1038
201.186.225.191 - - [04/Nov/2025:10:11:29 -0300] "GET /cormun/servlet/trpermisosadjuntos?19360400,20251104101203,P, HTTP/1.1" 200 7007
201.186.225.187 - - [04/Nov/2025:10:11:30 -0300] "POST /cormun/servlet/solicitudot?gx-no-cache=1762265593597 HTTP/1.1" 200 41
201.186.225.187 - - [04/Nov/2025:10:11:30 -0300] "GET /cormun/servlet/solicitudot?468b31d4ecee5168ab411b4b6505b254b1d3b169856065d3a3c00c90139b68734647c33e72693f56a455a76d2434625e4a2f21494f5255511ad16c11b2f294f66e4c26d44f8eecad813d2c8915725a94411e075b24358a065e5b133bd0746f7187513a6c5b1ce13b0350b54315419860,gx-no-cache=1762265593677 HTTP/1.1" 200 110
201.186.225.187 - - [04/Nov/2025:10:11:30 -0300] "POST /cormun/servlet/solicitudot?gx-no-cache=1762265593717 HTTP/1.1" 200 97
190.95.67.91 - - [04/Nov/2025:10:11:32 -0300] "POST /cormun/servlet/trpermisosadjuntos?1b3ed3e368c420b0171fed15b79ac947,17526557,20251104101205,P,,gx-no-cache=1762261976801 HTTP/1.1" 200 90
190.95.67.91 - - [04/Nov/2025:10:11:32 -0300] "GET /cormun/servlet/hpexe_link HTTP/1.1" 200 982
190.95.67.91 - - [04/Nov/2025:10:11:32 -0300] "GET /cormun/servlet/trpermisosgoce HTTP/1.1" 200 19515
190.95.67.91 - - [04/Nov/2025:10:11:35 -0300] "POST /cormun/servlet/trpermisosgoce?1b3ed3e368c420b0171fed15b79ac947,gx-no-cache=1762261979308 HTTP/1.1" 200 16638
190.95.67.91 - - [04/Nov/2025:10:11:35 -0300] "GET /cormun/static/Shared/jqueryui/images/ui-icons_82798d_256x240.png HTTP/1.1" 404 1089
190.95.67.91 - - [04/Nov/2025:10:11:35 -0300] "GET /cormun/static/Shared/jqueryui/images/ui-bg_highlight-soft_100_c6c2c8_1x100.png HTTP/1.1" 404 1117
190.95.67.91 - - [04/Nov/2025:10:11:35 -0300] "GET /cormun/static/Shared/jqueryui/images/ui-bg_flat_55_fafafa_40x100.png HTTP/1.1" 404 1097
190.95.67.91 - - [04/Nov/2025:10:11:35 -0300] "GET /cormun/static/Shared/jqueryui/images/ui-icons_8d78a5_256x240.png HTTP/1.1" 404 1089
201.186.225.187 - - [04/Nov/2025:10:11:37 -0300] "GET /cormun/servlet/solicitudot?468b31d4ecee5168ab411b4b6505b254103000f2a1a6a244a3bf4e340edfafc894d75827157753c22596098321594eda8080fa63704512f510bc101dbdb1c3a8bf1d5f7cb42a2a2bd13b1c1ad559fa9c90a290ba8afcb45e8cef00fa15b11f3051a401e0a30d60efca2e91b6c9318eda8f364987eea9706e7cd76cfb9be72b5417ce77ddab594534125db3d5200aefed393cf488309e3e826c355d92236cfbb5,gx-no-cache=1762265600745 HTTP/1.1" 200 29
201.186.225.187 - - [04/Nov/2025:10:11:37 -0300] "GET /cormun/static/menuarrow.gif HTTP/1.1" 404 1015
201.186.225.187 - - [04/Nov/2025:10:11:42 -0300] "GET /cormun/servlet/solicitudot?468b31d4ecee5168ab411b4b6505b254cf3293dcb06fb1e073de8661be71c9b5e6076604313c0aa8f61c421cd15acd12,gx-no-cache=1762265606129 HTTP/1.1" 200 30
201.186.225.187 - - [04/Nov/2025:10:11:42 -0300] "POST /cormun/servlet/solicitudot?gx-no-cache=1762265606180 HTTP/1.1" 200 34
190.95.67.91 - - [04/Nov/2025:10:11:47 -0300] "GET /cormun/servlet/permisogoce?INS,0,,, HTTP/1.1" 200 7128
201.186.225.191 - - [04/Nov/2025:10:11:48 -0300] "GET /cormun/servlet/trpermisosgoce? HTTP/1.1" 200 17907
201.186.225.191 - - [04/Nov/2025:10:11:50 -0300] "POST /cormun/servlet/trpermisosgoce?311b8dd62646fa7e8ca7d4ca9bd23ec2,,gx-no-cache=1762261994392 HTTP/1.1" 200 15269
201.186.225.191 - - [04/Nov/2025:10:11:51 -0300] "GET /cormun/static/Shared/jqueryui/images/ui-bg_highlight-soft_100_c6c2c8_1x100.png HTTP/1.1" 404 1117
201.186.225.191 - - [04/Nov/2025:10:11:51 -0300] "GET /cormun/static/Shared/jqueryui/images/ui-icons_82798d_256x240.png HTTP/1.1" 404 1089
201.186.225.191 - - [04/Nov/2025:10:11:51 -0300] "GET /cormun/static/Shared/jqueryui/images/ui-bg_flat_55_fafafa_40x100.png HTTP/1.1" 404 1097
201.186.225.191 - - [04/Nov/2025:10:11:51 -0300] "GET /cormun/static/Shared/jqueryui/images/ui-icons_8d78a5_256x240.png HTTP/1.1" 404 1089
201.186.225.191 - - [04/Nov/2025:10:11:52 -0300] "GET /cormun/servlet/permisogoce?INS,0,,, HTTP/1.1" 200 7065
190.95.67.91 - - [04/Nov/2025:10:11:53 -0300] "GET /cormun/servlet/permisogoce?f65f4e83b6a8c9ad0b126233e98350f6ba297a50dfc56a92db3e83e93031acbb482820746f3a34b300f273cdf49f54c6d50db533917e5f9dac715353a7e7d3e8,gx-no-cache=1762261998027 HTTP/1.1" 200 83
201.186.225.191 - - [04/Nov/2025:10:11:54 -0300] "GET /cormun/servlet/prfichaempleado?,MD,,gxPopupLevel%3D0%3B HTTP/1.1" 200 9127
190.95.67.91 - - [04/Nov/2025:10:11:59 -0300] "GET /cormun/servlet/permisogoce?f65f4e83b6a8c9ad0b126233e98350f675ebe5cccdfd38ea90acbf7f529b46e99c0d0f4606e470c6d16efbce22bb158b11e4944704a80c503c338461771c6715,gx-no-cache=1762262003851 HTTP/1.1" 200 47
201.186.225.191 - - [04/Nov/2025:10:12:04 -0300] "POST /cormun/servlet/prfichaempleado?311b8dd62646fa7e8ca7d4ca9bd23ec2,,MD,,gxPopupLevel%3D0%3B,gx-no-cache=1762262008278 HTTP/1.1" 200 3419
190.95.67.91 - - [04/Nov/2025:10:12:06 -0300] "POST /cormun/servlet/permisogoce?1b3ed3e368c420b0171fed15b79ac947,INS,0,,,,gx-no-cache=1762262010208 HTTP/1.1" 200 93
190.95.67.91 - - [04/Nov/2025:10:12:06 -0300] "GET /cormun/servlet/hpexe_return? HTTP/1.1" 200 1030
190.95.67.91 - - [04/Nov/2025:10:12:06 -0300] "GET /cormun/servlet/trpermisosgoce?gx-no-cache=1762261979308 HTTP/1.1" 200 19471
201.186.225.191 - - [04/Nov/2025:10:12:07 -0300] "GET /cormun/servlet/permisogoce?5016bd5f90cb1b7b2a5e421aac8b184b4f3c68b728884a6eb4e05e3a1deac839be7d7c2d063a3fa8262ad2893ab1ff2d5cbcc24dfcef8a144abd28ac5207e2ff,gx-no-cache=1762262011612 HTTP/1.1" 200 85
190.95.67.91 - - [04/Nov/2025:10:12:08 -0300] "GET /cormun/servlet/trpermisosadjuntos?11871926,20251104101340,P, HTTP/1.1" 200 6581
190.95.67.91 - - [04/Nov/2025:10:12:09 -0300] "GET /cormun/servlet/permisosadjuntos?INS,11871926,P,20251104101340,, HTTP/1.1" 200 5886
190.95.67.91 - - [04/Nov/2025:10:12:09 -0300] "GET /cormun/static/about:blank HTTP/1.1" 404 1011
201.186.225.187 - - [04/Nov/2025:10:12:13 -0300] "POST /cormun/servlet/solicitudot?dc098925038710da26402026e1567c98,INS,0,0,false,,gx-no-cache=1762265635699 HTTP/1.1" 200 93
201.186.225.187 - - [04/Nov/2025:10:12:13 -0300] "GET /cormun/servlet/hpexe_return? HTTP/1.1" 200 1010
201.186.225.187 - - [04/Nov/2025:10:12:13 -0300] "GET /cormun/servlet/trsolicitudot HTTP/1.1" 200 8633
190.95.67.91 - - [04/Nov/2025:10:12:16 -0300] "POST /cormun/servlet/permisosadjuntos?1b3ed3e368c420b0171fed15b79ac947,INS,11871926,P,20251104101340,, HTTP/1.1" 200 116
190.95.67.91 - - [04/Nov/2025:10:12:16 -0300] "GET /cormun/servlet/hpexe_return? HTTP/1.1" 200 1037
190.95.67.91 - - [04/Nov/2025:10:12:16 -0300] "GET /cormun/servlet/trpermisosadjuntos?11871926,20251104101340,P, HTTP/1.1" 200 7090
201.186.225.191 - - [04/Nov/2025:10:12:16 -0300] "GET /cormun/servlet/permisogoce?5016bd5f90cb1b7b2a5e421aac8b184ba3f41c4d15c2b01d5a852be1573251daa86c1c4753dbb0a29c2598956d9ce22322452734ec2d2e60f5e73e35b7ca3429,gx-no-cache=1762262020651 HTTP/1.1" 200 48
201.186.225.191 - - [04/Nov/2025:10:12:19 -0300] "POST /cormun/servlet/permisogoce?311b8dd62646fa7e8ca7d4ca9bd23ec2,INS,0,,,,gx-no-cache=1762262022469 HTTP/1.1" 200 93
201.186.225.191 - - [04/Nov/2025:10:12:19 -0300] "GET /cormun/servlet/hpexe_return? HTTP/1.1" 200 1011
201.186.225.191 - - [04/Nov/2025:10:12:19 -0300] "GET /cormun/servlet/trpermisosgoce? HTTP/1.1" 200 17872
201.186.225.187 - - [04/Nov/2025:10:12:21 -0300] "POST /cormun/servlet/trsolicitudot?dc098925038710da26402026e1567c98,gx-no-cache=1762265645020 HTTP/1.1" 200 107
201.186.225.187 - - [04/Nov/2025:10:12:21 -0300] "GET /cormun/servlet/trsolicitudadjuntos?2025,23083, HTTP/1.1" 200 6086
201.186.225.187 - - [04/Nov/2025:10:12:22 -0300] "GET /cormun/static/gxcfg.js?20201215574222 HTTP/1.1" 200 953
201.186.225.187 - - [04/Nov/2025:10:12:22 -0300] "GET /cormun/static/Resources/PXToolsGridNew.png HTTP/1.1" 200 427
201.186.225.187 - - [04/Nov/2025:10:12:22 -0300] "GET /cormun/static/trsolicitudadjuntos.js?20201215574932 HTTP/1.1" 200 17921
190.95.67.91 - - [04/Nov/2025:10:12:23 -0300] "POST /cormun/servlet/trpermisosadjuntos?1b3ed3e368c420b0171fed15b79ac947,11871926,20251104101340,P,,gx-no-cache=1762262027969 HTTP/1.1" 200 90
190.95.67.91 - - [04/Nov/2025:10:12:23 -0300] "GET /cormun/servlet/hpexe_link HTTP/1.1" 200 1003
190.95.67.91 - - [04/Nov/2025:10:12:23 -0300] "GET /cormun/servlet/trpermisosgoce?gx-no-cache=1762261979308 HTTP/1.1" 200 19462
201.186.225.191 - - [04/Nov/2025:10:12:25 -0300] "GET /cormun/servlet/trpermisosadjuntos?19360400,20251104101345,P, HTTP/1.1" 200 6519
190.95.67.91 - - [04/Nov/2025:10:12:25 -0300] "POST /cormun/servlet/trpermisosgoce?1b3ed3e368c420b0171fed15b79ac947,gx-no-cache=1762261979308,gx-no-cache=1762262029866 HTTP/1.1" 200 16613
201.186.225.191 - - [04/Nov/2025:10:12:26 -0300] "GET /cormun/servlet/permisosadjuntos?INS,19360400,P,20251104101345,, HTTP/1.1" 200 5843
201.186.225.191 - - [04/Nov/2025:10:12:26 -0300] "GET /cormun/static/about:blank HTTP/1.1" 404 1011
201.186.225.187 - - [04/Nov/2025:10:12:27 -0300] "GET /cormun/servlet/solicitudotadjuntos?INS,2025,23083,,1, HTTP/1.1" 200 6030
201.186.225.187 - - [04/Nov/2025:10:12:27 -0300] "GET /cormun/static/gxcfg.js?202211298385187 HTTP/1.1" 200 953
201.186.225.187 - - [04/Nov/2025:10:12:27 -0300] "GET /cormun/static/solicitudotadjuntos.js?202211298385196 HTTP/1.1" 200 11771
201.186.225.187 - - [04/Nov/2025:10:12:27 -0300] "GET /cormun/static/about:blank HTTP/1.1" 404 1011
201.186.225.187 - - [04/Nov/2025:10:12:28 -0300] "GET /cormun/servlet/solicitudotadjuntos?468b31d4ecee5168ab411b4b6505b25434a3b784e5cd20626d9f4cfe0cb9c2996c7c9229f0292410426d85e28010aa3a,gx-no-cache=1762265651409 HTTP/1.1" 200 30
201.186.225.187 - - [04/Nov/2025:10:12:28 -0300] "POST /cormun/servlet/solicitudotadjuntos?dc098925038710da26402026e1567c98,INS,2025,23083,,1,,gx-no-cache=1762265651456 HTTP/1.1" 200 3906
190.95.67.91 - - [04/Nov/2025:10:12:28 -0300] "GET /cormun/servlet/permisogoce?INS,0,,, HTTP/1.1" 200 7150
190.95.67.91 - - [04/Nov/2025:10:12:36 -0300] "GET /cormun/servlet/permisogoce?f65f4e83b6a8c9ad0b126233e98350f6ab3f6763710c78ba9085add89cdab82b06bd92f9b48e6603fddc891e51f4c06c709c442e9074c0a8780e92deeb56abf1,gx-no-cache=1762262040900 HTTP/1.1" 200 75
201.186.225.191 - - [04/Nov/2025:10:12:48 -0300] "POST /cormun/servlet/permisosadjuntos?311b8dd62646fa7e8ca7d4ca9bd23ec2,INS,19360400,P,20251104101345,, HTTP/1.1" 200 116
201.186.225.191 - - [04/Nov/2025:10:12:48 -0300] "GET /cormun/servlet/hpexe_return? HTTP/1.1" 200 1039
201.186.225.191 - - [04/Nov/2025:10:12:48 -0300] "GET /cormun/servlet/trpermisosadjuntos?19360400,20251104101345,P, HTTP/1.1" 200 7011
190.95.67.91 - - [04/Nov/2025:10:12:51 -0300] "GET /cormun/servlet/permisogoce?f65f4e83b6a8c9ad0b126233e98350f629a506bd282a90fc0ab7b6359333244e98caf23c309e353fef3016c9e9ae5d3665ee5ca57da9a7b939383e0547a742ea,gx-no-cache=1762262056067 HTTP/1.1" 200 47
201.186.225.191 - - [04/Nov/2025:10:12:52 -0300] "GET /cormun/servlet/trpermisosgoce? HTTP/1.1" 200 17880
190.95.67.91 - - [04/Nov/2025:10:12:54 -0300] "POST /cormun/servlet/permisogoce?1b3ed3e368c420b0171fed15b79ac947,INS,0,,,,gx-no-cache=1762262058737 HTTP/1.1" 200 93
190.95.67.91 - - [04/Nov/2025:10:12:54 -0300] "GET /cormun/servlet/hpexe_return? HTTP/1.1" 200 1030
190.95.67.91 - - [04/Nov/2025:10:12:55 -0300] "GET /cormun/servlet/trpermisosgoce?gx-no-cache=1762261979308 HTTP/1.1" 200 19492
201.186.225.191 - - [04/Nov/2025:10:12:55 -0300] "POST /cormun/servlet/trpermisosgoce?311b8dd62646fa7e8ca7d4ca9bd23ec2,,gx-no-cache=1762262059188 HTTP/1.1" 200 15246
201.186.225.191 - - [04/Nov/2025:10:12:55 -0300] "GET /cormun/static/Shared/jqueryui/images/ui-bg_highlight-soft_100_c6c2c8_1x100.png HTTP/1.1" 404 1117
201.186.225.191 - - [04/Nov/2025:10:12:55 -0300] "GET /cormun/static/Shared/jqueryui/images/ui-icons_82798d_256x240.png HTTP/1.1" 404 1089
201.186.225.191 - - [04/Nov/2025:10:12:55 -0300] "GET /cormun/static/Shared/jqueryui/images/ui-icons_8d78a5_256x240.png HTTP/1.1" 404 1089
201.186.225.191 - - [04/Nov/2025:10:12:55 -0300] "GET /cormun/static/Shared/jqueryui/images/ui-bg_flat_55_fafafa_40x100.png HTTP/1.1" 404 1097
190.95.67.91 - - [04/Nov/2025:10:12:57 -0300] "GET /cormun/servlet/trpermisosadjuntos?9751801,20251104101421,P, HTTP/1.1" 200 6572
190.95.67.91 - - [04/Nov/2025:10:12:59 -0300] "GET /cormun/servlet/permisosadjuntos?INS,9751801,P,20251104101421,, HTTP/1.1" 200 5873
190.95.67.91 - - [04/Nov/2025:10:12:59 -0300] "GET /cormun/static/about:blank HTTP/1.1" 404 1011
190.95.67.91 - - [04/Nov/2025:10:13:04 -0300] "POST /cormun/servlet/permisosadjuntos?1b3ed3e368c420b0171fed15b79ac947,INS,9751801,P,20251104101421,, HTTP/1.1" 200 116
190.95.67.91 - - [04/Nov/2025:10:13:04 -0300] "GET /cormun/servlet/hpexe_return? HTTP/1.1" 200 1035
190.95.67.91 - - [04/Nov/2025:10:13:04 -0300] "GET /cormun/servlet/trpermisosadjuntos?9751801,20251104101421,P, HTTP/1.1" 200 7060
190.95.67.91 - - [04/Nov/2025:10:13:15 -0300] "POST /cormun/servlet/trpermisosadjuntos?1b3ed3e368c420b0171fed15b79ac947,9751801,20251104101421,P,,gx-no-cache=1762262080225 HTTP/1.1" 200 90
190.95.67.91 - - [04/Nov/2025:10:13:15 -0300] "GET /cormun/servlet/hpexe_link HTTP/1.1" 200 1002
190.95.67.91 - - [04/Nov/2025:10:13:15 -0300] "GET /cormun/servlet/trpermisosgoce?gx-no-cache=1762261979308 HTTP/1.1" 200 19488
190.95.67.91 - - [04/Nov/2025:10:13:18 -0300] "POST /cormun/servlet/trpermisosgoce?1b3ed3e368c420b0171fed15b79ac947,gx-no-cache=1762261979308,gx-no-cache=1762262082235 HTTP/1.1" 200 16635
190.95.67.91 - - [04/Nov/2025:10:13:21 -0300] "GET /cormun/servlet/trautorizarpermisogoce? HTTP/1.1" 200 8481
190.95.67.91 - - [04/Nov/2025:10:13:23 -0300] "POST /cormun/servlet/trautorizarpermisogoce?1b3ed3e368c420b0171fed15b79ac947,,gx-no-cache=1762262087217 HTTP/1.1" 200 5582
190.95.67.91 - - [04/Nov/2025:10:13:24 -0300] "POST /cormun/servlet/trautorizarpermisogoce?1b3ed3e368c420b0171fed15b79ac947,,gx-no-cache=1762262088431 HTTP/1.1" 200 5301
190.95.67.91 - - [04/Nov/2025:10:13:25 -0300] "POST /cormun/servlet/trautorizarpermisogoce?1b3ed3e368c420b0171fed15b79ac947,,gx-no-cache=1762262089552 HTTP/1.1" 200 4537
190.95.67.91 - - [04/Nov/2025:10:13:27 -0300] "GET /cormun/servlet/trpermisosgoce? HTTP/1.1" 200 19436
190.95.67.91 - - [04/Nov/2025:10:13:29 -0300] "GET /cormun/servlet/trlicencias? HTTP/1.1" 200 17562
201.186.226.3 - - [04/Nov/2025:10:14:05 -0300] "GET /cormun/servlet/hlogin HTTP/1.1" 200 1722
201.186.226.3 - - [04/Nov/2025:10:14:17 -0300] "POST /cormun/servlet/hlogin?52256a5e73cf6e8a6472d43e64a3ff29,gx-no-cache=1762262142051 HTTP/1.1" 200 90
201.186.226.3 - - [04/Nov/2025:10:14:17 -0300] "GET /cormun/servlet/hpexe_link HTTP/1.1" 200 952
201.186.226.3 - - [04/Nov/2025:10:14:17 -0300] "GET /cormun/servlet/hhome HTTP/1.1" 200 3935
201.186.226.3 - - [04/Nov/2025:10:14:24 -0300] "GET /cormun/servlet/trpermisosgoce? HTTP/1.1" 200 12712
201.186.225.191 - - [04/Nov/2025:10:14:40 -0300] "GET /cormun/servlet/trautorizarpermisogoce? HTTP/1.1" 200 11717
201.186.226.3 - - [04/Nov/2025:10:14:51 -0300] "GET /cormun/servlet/trpermisosadjuntos?20297062,20251104074628,P, HTTP/1.1" 200 6251
201.186.226.3 - - [04/Nov/2025:10:14:55 -0300] "GET /cormun/servlet/permisosadjuntos?INS,20297062,P,20251104074628,, HTTP/1.1" 200 5569
201.186.226.3 - - [04/Nov/2025:10:14:56 -0300] "GET /cormun/static/about:blank HTTP/1.1" 404 1011
201.186.226.3 - - [04/Nov/2025:10:16:17 -0300] "POST /cormun/servlet/permisosadjuntos?52256a5e73cf6e8a6472d43e64a3ff29,INS,20297062,P,20251104074628,, HTTP/1.1" 200 116
201.186.226.3 - - [04/Nov/2025:10:16:17 -0300] "GET /cormun/servlet/hpexe_return? HTTP/1.1" 200 1035
201.186.226.3 - - [04/Nov/2025:10:16:17 -0300] "GET /cormun/servlet/trpermisosadjuntos?20297062,20251104074628,P, HTTP/1.1" 200 6731
201.186.226.3 - - [04/Nov/2025:10:19:10 -0300] "POST /cormun/servlet/trpermisosadjuntos?52256a5e73cf6e8a6472d43e64a3ff29,20297062,20251104074628,P,,gx-no-cache=1762262434902 HTTP/1.1" 200 90
201.186.226.3 - - [04/Nov/2025:10:19:10 -0300] "GET /cormun/servlet/hpexe_link HTTP/1.1" 200 981
201.186.226.3 - - [04/Nov/2025:10:19:10 -0300] "GET /cormun/servlet/trpermisosgoce HTTP/1.1" 200 12711
201.186.226.3 - - [04/Nov/2025:10:19:20 -0300] "GET /cormun/servlet/trpermisosadjuntos?20297062,20251104074628,P, HTTP/1.1" 200 6728
201.186.226.3 - - [04/Nov/2025:10:19:25 -0300] "POST /cormun/servlet/trpermisosadjuntos?52256a5e73cf6e8a6472d43e64a3ff29,20297062,20251104074628,P,,gx-no-cache=1762262450373 HTTP/1.1" 200 90
201.186.226.3 - - [04/Nov/2025:10:19:25 -0300] "GET /cormun/servlet/hpexe_link HTTP/1.1" 200 981
201.186.226.3 - - [04/Nov/2025:10:19:26 -0300] "GET /cormun/servlet/trpermisosgoce HTTP/1.1" 200 12711
201.186.226.3 - - [04/Nov/2025:10:19:31 -0300] "POST /cormun/servlet/trpermisosgoce?52256a5e73cf6e8a6472d43e64a3ff29,gx-no-cache=1762262455905 HTTP/1.1" 200 9845
201.186.226.3 - - [04/Nov/2025:10:19:31 -0300] "GET /cormun/static/Shared/jqueryui/images/ui-bg_highlight-soft_100_c6c2c8_1x100.png HTTP/1.1" 404 1117
201.186.226.3 - - [04/Nov/2025:10:19:31 -0300] "GET /cormun/static/Shared/jqueryui/images/ui-icons_82798d_256x240.png HTTP/1.1" 404 1089
201.186.226.3 - - [04/Nov/2025:10:19:31 -0300] "GET /cormun/static/Shared/jqueryui/images/ui-bg_flat_55_fafafa_40x100.png HTTP/1.1" 404 1097
201.186.226.3 - - [04/Nov/2025:10:19:31 -0300] "GET /cormun/static/Shared/jqueryui/images/ui-icons_8d78a5_256x240.png HTTP/1.1" 404 1089
201.186.226.3 - - [04/Nov/2025:10:20:17 -0300] "GET /cormun/servlet/hlogin HTTP/1.1" 200 1740
179.57.78.71 - - [04/Nov/2025:10:20:22 -0300] "GET /cormun/static/menuarrow.gif HTTP/1.1" 404 1015
179.57.78.71 - - [04/Nov/2025:10:20:27 -0300] "POST /cormun/servlet/trlicencias?d21ec51daaa3b53425a8909452d13805,,gx-no-cache=1762262512146 HTTP/1.1" 440 972
179.57.78.71 - - [04/Nov/2025:10:20:29 -0300] "GET /cormun/servlet/trlicencias? HTTP/1.1" 200 6044
179.57.78.71 - - [04/Nov/2025:10:20:30 -0300] "GET /cormun/servlet/hlogin HTTP/1.1" 200 1730
179.57.78.71 - - [04/Nov/2025:10:20:33 -0300] "POST /cormun/servlet/hlogin?ada6e93834c737c200d11f7c488f5f56,gx-no-cache=1762262517961 HTTP/1.1" 200 90
179.57.78.71 - - [04/Nov/2025:10:20:33 -0300] "GET /cormun/servlet/hpexe_link HTTP/1.1" 200 948
201.186.226.3 - - [04/Nov/2025:10:20:33 -0300] "POST /cormun/servlet/hlogin?52256a5e73cf6e8a6472d43e64a3ff29,gx-no-cache=1762262518377 HTTP/1.1" 200 90
179.57.78.71 - - [04/Nov/2025:10:20:33 -0300] "GET /cormun/servlet/trlicencias HTTP/1.1" 200 11788
201.186.226.3 - - [04/Nov/2025:10:20:33 -0300] "GET /cormun/servlet/hpexe_link HTTP/1.1" 200 952
201.186.226.3 - - [04/Nov/2025:10:20:34 -0300] "GET /cormun/servlet/hhome HTTP/1.1" 200 4318
201.186.226.3 - - [04/Nov/2025:10:20:34 -0300] "GET /cormun/static/SmoothNavMenu/resources/images/right.gif HTTP/1.1" 200 860
179.57.78.71 - - [04/Nov/2025:10:20:39 -0300] "GET /cormun/static/menuarrow.gif HTTP/1.1" 404 1015
201.186.226.3 - - [04/Nov/2025:10:20:41 -0300] "GET /cormun/servlet/trautorizarpermisogoce? HTTP/1.1" 200 8744
201.186.226.3 - - [04/Nov/2025:10:20:42 -0300] "GET /cormun/static/gxcfg.js?2020121645532 HTTP/1.1" 200 953
201.186.226.3 - - [04/Nov/2025:10:20:42 -0300] "GET /cormun/static/trautorizarpermisogoce.js?2020121651492 HTTP/1.1" 200 34948
179.57.78.71 - - [04/Nov/2025:10:20:43 -0300] "POST /cormun/servlet/trlicencias?ada6e93834c737c200d11f7c488f5f56,gx-no-cache=1762262527899 HTTP/1.1" 200 14651
201.186.226.3 - - [04/Nov/2025:10:20:56 -0300] "POST /cormun/servlet/trautorizarpermisogoce?52256a5e73cf6e8a6472d43e64a3ff29,,gx-no-cache=1762262541053 HTTP/1.1" 200 5760
201.186.225.191 - - [04/Nov/2025:10:20:59 -0300] "GET /cormun/servlet/trautorizarpermisogoce? HTTP/1.1" 200 11717
201.186.226.3 - - [04/Nov/2025:10:21:00 -0300] "POST /cormun/servlet/trautorizarpermisogoce?52256a5e73cf6e8a6472d43e64a3ff29,,gx-no-cache=1762262544820 HTTP/1.1" 200 5555
201.186.226.3 - - [04/Nov/2025:10:21:03 -0300] "POST /cormun/servlet/trautorizarpermisogoce?52256a5e73cf6e8a6472d43e64a3ff29,,gx-no-cache=1762262547516 HTTP/1.1" 200 5277
201.186.225.191 - - [04/Nov/2025:10:21:03 -0300] "POST /cormun/servlet/trautorizarpermisogoce?311b8dd62646fa7e8ca7d4ca9bd23ec2,,gx-no-cache=1762262547009 HTTP/1.1" 200 9167
201.186.225.191 - - [04/Nov/2025:10:21:04 -0300] "POST /cormun/servlet/trautorizarpermisogoce?311b8dd62646fa7e8ca7d4ca9bd23ec2,,gx-no-cache=1762262547805 HTTP/1.1" 200 9152
201.186.225.191 - - [04/Nov/2025:10:21:05 -0300] "POST /cormun/servlet/trautorizarpermisogoce?311b8dd62646fa7e8ca7d4ca9bd23ec2,,gx-no-cache=1762262548973 HTTP/1.1" 200 9152
201.186.226.3 - - [04/Nov/2025:10:21:06 -0300] "POST /cormun/servlet/trautorizarpermisogoce?52256a5e73cf6e8a6472d43e64a3ff29,,gx-no-cache=1762262550499 HTTP/1.1" 200 4522
201.186.225.191 - - [04/Nov/2025:10:21:08 -0300] "POST /cormun/servlet/trautorizarpermisogoce?311b8dd62646fa7e8ca7d4ca9bd23ec2,,gx-no-cache=1762262551789 HTTP/1.1" 200 9153
201.186.225.191 - - [04/Nov/2025:10:21:09 -0300] "POST /cormun/servlet/trautorizarpermisogoce?311b8dd62646fa7e8ca7d4ca9bd23ec2,,gx-no-cache=1762262553173 HTTP/1.1" 200 9148
201.186.225.191 - - [04/Nov/2025:10:21:12 -0300] "POST /cormun/servlet/trautorizarpermisogoce?311b8dd62646fa7e8ca7d4ca9bd23ec2,,gx-no-cache=1762262555613 HTTP/1.1" 200 9144
201.186.225.191 - - [04/Nov/2025:10:21:14 -0300] "POST /cormun/servlet/trautorizarpermisogoce?311b8dd62646fa7e8ca7d4ca9bd23ec2,,gx-no-cache=1762262557967 HTTP/1.1" 200 9143
201.186.226.3 - - [04/Nov/2025:10:21:17 -0300] "GET /cormun/servlet/hlogin HTTP/1.1" 200 1744
201.186.225.191 - - [04/Nov/2025:10:21:18 -0300] "POST /cormun/servlet/trautorizarpermisogoce?311b8dd62646fa7e8ca7d4ca9bd23ec2,,gx-no-cache=1762262562366 HTTP/1.1" 200 9143
201.186.225.191 - - [04/Nov/2025:10:21:20 -0300] "POST /cormun/servlet/trautorizarpermisogoce?311b8dd62646fa7e8ca7d4ca9bd23ec2,,gx-no-cache=1762262563901 HTTP/1.1" 200 9132
201.186.225.191 - - [04/Nov/2025:10:21:22 -0300] "POST /cormun/servlet/trautorizarpermisogoce?311b8dd62646fa7e8ca7d4ca9bd23ec2,,gx-no-cache=1762262565645 HTTP/1.1" 200 9106
201.186.226.3 - - [04/Nov/2025:10:21:29 -0300] "POST /cormun/servlet/hlogin?52256a5e73cf6e8a6472d43e64a3ff29,gx-no-cache=1762262573585 HTTP/1.1" 200 90
201.186.226.3 - - [04/Nov/2025:10:21:29 -0300] "GET /cormun/servlet/hpexe_link HTTP/1.1" 200 952
201.186.226.3 - - [04/Nov/2025:10:21:29 -0300] "GET /cormun/servlet/hhome HTTP/1.1" 200 3935
201.186.226.3 - - [04/Nov/2025:10:21:35 -0300] "GET /cormun/servlet/trpermisosgoce? HTTP/1.1" 200 12619
201.186.226.3 - - [04/Nov/2025:10:21:53 -0300] "GET /cormun/servlet/hlogin HTTP/1.1" 200 1739
201.186.225.191 - - [04/Nov/2025:10:22:08 -0300] "GET /cormun/servlet/trpermisosgoce? HTTP/1.1" 200 17817
201.186.225.191 - - [04/Nov/2025:10:23:20 -0300] "GET /cormun/servlet/permisogoce?INS,0,,, HTTP/1.1" 200 7063
201.186.225.191 - - [04/Nov/2025:10:23:22 -0300] "GET /cormun/servlet/prfichaempleado?,MD,,gxPopupLevel%3D0%3B HTTP/1.1" 200 9127
201.186.225.191 - - [04/Nov/2025:10:23:32 -0300] "POST /cormun/servlet/prfichaempleado?311b8dd62646fa7e8ca7d4ca9bd23ec2,,MD,,gxPopupLevel%3D0%3B,gx-no-cache=1762262695786 HTTP/1.1" 200 3478
201.186.225.191 - - [04/Nov/2025:10:23:36 -0300] "GET /cormun/servlet/permisogoce?5016bd5f90cb1b7b2a5e421aac8b184bfa5292db0bbe32b16570c9a0f6549524be7d7c2d063a3fa8262ad2893ab1ff2d5cbcc24dfcef8a144abd28ac5207e2ff,gx-no-cache=1762262699733 HTTP/1.1" 200 85
201.186.225.191 - - [04/Nov/2025:10:23:42 -0300] "GET /cormun/servlet/permisogoce?5016bd5f90cb1b7b2a5e421aac8b184b0155a3a046cb28aa9b9f688f8f281949ff20b3060859b6848a38e18f9bf7995dbc5bc942ed3eca598eefe37e30b0907f,gx-no-cache=1762262706707 HTTP/1.1" 200 47
201.186.225.191 - - [04/Nov/2025:10:23:45 -0300] "POST /cormun/servlet/permisogoce?311b8dd62646fa7e8ca7d4ca9bd23ec2,INS,0,,,,gx-no-cache=1762262708537 HTTP/1.1" 200 93
201.186.225.191 - - [04/Nov/2025:10:23:45 -0300] "GET /cormun/servlet/hpexe_return? HTTP/1.1" 200 1011
201.186.225.191 - - [04/Nov/2025:10:23:45 -0300] "GET /cormun/servlet/trpermisosgoce HTTP/1.1" 200 17876
201.186.225.191 - - [04/Nov/2025:10:23:55 -0300] "GET /cormun/servlet/trpermisosgoce? HTTP/1.1" 200 17871
201.186.225.191 - - [04/Nov/2025:10:24:04 -0300] "POST /cormun/servlet/trpermisosgoce?311b8dd62646fa7e8ca7d4ca9bd23ec2,,gx-no-cache=1762262725537 HTTP/1.1" 200 15247
201.186.225.191 - - [04/Nov/2025:10:24:04 -0300] "GET /cormun/static/Shared/jqueryui/images/ui-bg_highlight-soft_100_c6c2c8_1x100.png HTTP/1.1" 404 1117
201.186.225.191 - - [04/Nov/2025:10:24:04 -0300] "GET /cormun/static/Shared/jqueryui/images/ui-icons_82798d_256x240.png HTTP/1.1" 404 1089
201.186.225.191 - - [04/Nov/2025:10:24:04 -0300] "GET /cormun/static/Shared/jqueryui/images/ui-icons_8d78a5_256x240.png HTTP/1.1" 404 1089
201.186.225.191 - - [04/Nov/2025:10:24:04 -0300] "GET /cormun/static/Shared/jqueryui/images/ui-bg_flat_55_fafafa_40x100.png HTTP/1.1" 404 1097
201.186.225.191 - - [04/Nov/2025:10:24:08 -0300] "GET /cormun/servlet/trautorizarpermisogoce? HTTP/1.1" 200 11936
201.186.225.191 - - [04/Nov/2025:10:24:12 -0300] "POST /cormun/servlet/trautorizarpermisogoce?311b8dd62646fa7e8ca7d4ca9bd23ec2,,gx-no-cache=1762262735839 HTTP/1.1" 200 9352
201.186.225.191 - - [04/Nov/2025:10:24:28 -0300] "GET /cormun/servlet/trlicencias? HTTP/1.1" 200 11790
201.186.225.191 - - [04/Nov/2025:10:24:39 -0300] "GET /cormun/servlet/hlogin HTTP/1.1" 200 1737
190.95.2.163 - - [04/Nov/2025:10:30:04 -0300] "GET /cormun/servlet/hlogin HTTP/1.1" 200 1714
190.95.67.91 - - [04/Nov/2025:10:30:09 -0300] "GET /cormun/servlet/trlicencias? HTTP/1.1" 200 17548
190.95.2.163 - - [04/Nov/2025:10:30:15 -0300] "POST /cormun/servlet/hlogin?0d6ce7c91705f71ae5b5d1fe03e889f4,gx-no-cache=1762263098920 HTTP/1.1" 200 90
190.95.2.163 - - [04/Nov/2025:10:30:15 -0300] "GET /cormun/servlet/hpexe_link HTTP/1.1" 200 947
190.95.2.163 - - [04/Nov/2025:10:30:15 -0300] "GET /cormun/servlet/hhome HTTP/1.1" 200 3990
190.95.2.163 - - [04/Nov/2025:10:30:20 -0300] "GET /cormun/servlet/trcontratoobservacion? HTTP/1.1" 200 6153
190.95.2.163 - - [04/Nov/2025:10:30:20 -0300] "GET /cormun/static/gxcfg.js?2022112984808 HTTP/1.1" 200 953
190.95.2.163 - - [04/Nov/2025:10:30:20 -0300] "GET /cormun/static/trcontratoobservacion.js?20221129848151 HTTP/1.1" 200 25148
190.95.2.163 - - [04/Nov/2025:10:30:23 -0300] "POST /cormun/servlet/trcontratoobservacion?0d6ce7c91705f71ae5b5d1fe03e889f4,,gx-no-cache=1762263107264 HTTP/1.1" 200 3799
190.95.67.91 - - [04/Nov/2025:10:30:23 -0300] "GET /cormun/servlet/trlicencias? HTTP/1.1" 200 17569
190.95.2.163 - - [04/Nov/2025:10:30:54 -0300] "GET /cormun/servlet/trvisualizadoreventos? HTTP/1.1" 200 6725
190.95.2.163 - - [04/Nov/2025:10:30:54 -0300] "GET /cormun/static/gxcfg.js?202211298474834 HTTP/1.1" 200 953
190.95.2.163 - - [04/Nov/2025:10:30:54 -0300] "GET /cormun/static/trvisualizadoreventos.js?202211298474971 HTTP/1.1" 200 19318
190.95.2.163 - - [04/Nov/2025:10:30:55 -0300] "GET /cormun/static/Resources/PXToolsActionPrint.png HTTP/1.1" 200 404
190.95.2.163 - - [04/Nov/2025:10:31:02 -0300] "POST /cormun/servlet/trvisualizadoreventos?0d6ce7c91705f71ae5b5d1fe03e889f4,,gx-no-cache=1762263145831 HTTP/1.1" 200 3989
190.95.2.163 - - [04/Nov/2025:10:34:01 -0300] "GET /cormun/servlet/trsolicitudot? HTTP/1.1" 200 7203
190.95.2.163 - - [04/Nov/2025:10:34:01 -0300] "GET /cormun/static/gxcfg.js?20221129846531 HTTP/1.1" 200 953
190.95.2.163 - - [04/Nov/2025:10:34:01 -0300] "GET /cormun/static/trsolicitudot.js?202211298465651 HTTP/1.1" 200 54040
190.95.2.163 - - [04/Nov/2025:10:34:09 -0300] "GET /cormun/static/menuarrow.gif HTTP/1.1" 404 1015
190.95.2.163 - - [04/Nov/2025:10:34:25 -0300] "POST /cormun/servlet/trsolicitudot?0d6ce7c91705f71ae5b5d1fe03e889f4,,gx-no-cache=1762263348654 HTTP/1.1" 200 11231
190.95.2.163 - - [04/Nov/2025:10:34:25 -0300] "GET /cormun//static/Resources/PXToolsActionView.png HTTP/1.1" 200 398
190.95.2.163 - - [04/Nov/2025:10:34:25 -0300] "GET /cormun//static/Resources/PXToolsRemoveAllAction.png HTTP/1.1" 200 487
148.222.218.189 - - [04/Nov/2025:10:34:40 -0300] "GET /cormun/static/menuarrow.gif HTTP/1.1" 404 1015
148.222.218.189 - - [04/Nov/2025:10:34:47 -0300] "POST /cormun/servlet/trlicencias?c4784f81fcfb1b071abf1a2775d9a5d1,,gx-no-cache=1762263371855 HTTP/1.1" 440 972
148.222.218.189 - - [04/Nov/2025:10:34:48 -0300] "GET /cormun/servlet/trlicencias? HTTP/1.1" 200 6048
148.222.218.189 - - [04/Nov/2025:10:34:48 -0300] "GET /cormun/servlet/hlogin HTTP/1.1" 200 1736
190.95.2.163 - - [04/Nov/2025:10:34:49 -0300] "GET /cormun/servlet/treventos?2025,22676, HTTP/1.1" 200 9335
190.95.2.163 - - [04/Nov/2025:10:34:49 -0300] "GET /cormun/static/gxcfg.js?20201215584657 HTTP/1.1" 200 953
190.95.2.163 - - [04/Nov/2025:10:34:49 -0300] "GET /cormun/static/treventos.js?2020121558506 HTTP/1.1" 200 16063
148.222.218.189 - - [04/Nov/2025:10:34:50 -0300] "POST /cormun/servlet/hlogin?f372d9304820eaada6ebdcf8a9995fa3,gx-no-cache=1762263375597 HTTP/1.1" 200 90
148.222.218.189 - - [04/Nov/2025:10:34:50 -0300] "GET /cormun/servlet/hpexe_link HTTP/1.1" 200 953
148.222.218.189 - - [04/Nov/2025:10:34:51 -0300] "GET /cormun/servlet/trlicencias HTTP/1.1" 200 9136
190.95.2.163 - - [04/Nov/2025:10:35:00 -0300] "POST /cormun/servlet/treventos?0d6ce7c91705f71ae5b5d1fe03e889f4,2025,22676,,gx-no-cache=1762263383568 HTTP/1.1" 200 90
190.95.2.163 - - [04/Nov/2025:10:35:00 -0300] "GET /cormun/servlet/hpexe_link HTTP/1.1" 200 962
190.95.2.163 - - [04/Nov/2025:10:35:00 -0300] "GET /cormun/servlet/trsolicitudot? HTTP/1.1" 200 14072
148.222.218.189 - - [04/Nov/2025:10:35:03 -0300] "GET /cormun/servlet/trlicencias? HTTP/1.1" 200 9134
148.222.218.189 - - [04/Nov/2025:10:35:05 -0300] "GET /cormun/static/menuarrow.gif HTTP/1.1" 404 1015
148.222.218.189 - - [04/Nov/2025:10:35:08 -0300] "POST /cormun/servlet/trlicencias?f372d9304820eaada6ebdcf8a9995fa3,,gx-no-cache=1762263392966 HTTP/1.1" 200 6683
190.95.2.163 - - [04/Nov/2025:10:35:11 -0300] "GET /cormun/servlet/vesolicitudot?2025,22676,, HTTP/1.1" 200 8335
190.95.2.163 - - [04/Nov/2025:10:35:11 -0300] "GET /cormun/static/gxcfg.js?202211298465857 HTTP/1.1" 200 953
190.95.2.163 - - [04/Nov/2025:10:35:11 -0300] "GET /cormun/pexe_scrolldiv.js HTTP/1.1" 404 1009
190.95.2.163 - - [04/Nov/2025:10:35:11 -0300] "GET /cormun/static/Resources/PXToolsTabFirstSelected.png HTTP/1.1" 200 1270
190.95.2.163 - - [04/Nov/2025:10:35:11 -0300] "GET /cormun/static/vesolicitudot.js?202211298465886 HTTP/1.1" 200 6091
190.95.2.163 - - [04/Nov/2025:10:35:11 -0300] "GET /cormun/static/hwcviewtabs.js?201991422154026 HTTP/1.1" 200 1074
190.95.2.163 - - [04/Nov/2025:10:35:11 -0300] "GET /cormun/static/hpexe_tabsview.js?2020121447381 HTTP/1.1" 200 1661
190.95.2.163 - - [04/Nov/2025:10:35:11 -0300] "GET /cormun/static/Resources/PXToolsTabPrevious.gif HTTP/1.1" 200 172
190.95.2.163 - - [04/Nov/2025:10:35:11 -0300] "GET /cormun/static/Resources/PXToolsTabLastUnselected.png HTTP/1.1" 200 1297
190.95.2.163 - - [04/Nov/2025:10:35:11 -0300] "GET /cormun/static/Resources/PXToolsTabNext.gif HTTP/1.1" 200 168
190.95.2.163 - - [04/Nov/2025:10:35:11 -0300] "GET /cormun/static/tbsolicitudot01.js?20201214462316 HTTP/1.1" 200 30566
190.95.2.163 - - [04/Nov/2025:10:35:11 -0300] "GET /cormun/static/calendar-system.css HTTP/1.1" 200 5572
190.95.2.163 - - [04/Nov/2025:10:35:11 -0300] "GET /cormun/static/Resources/PXToolsTabBackSelected.png HTTP/1.1" 200 1157
190.95.2.163 - - [04/Nov/2025:10:35:11 -0300] "GET /cormun/static/Resources/PXToolsTabBackUnselected.png HTTP/1.1" 200 1175
190.95.2.163 - - [04/Nov/2025:10:35:11 -0300] "GET /cormun/static/Resources/PXToolsTabSelectedUnselected.png HTTP/1.1" 200 1451
190.95.2.163 - - [04/Nov/2025:10:35:11 -0300] "GET /cormun/static/Resources/PXToolsTabUnselectedUnselected.png HTTP/1.1" 200 1470
190.95.2.163 - - [04/Nov/2025:10:36:13 -0300] "POST /cormun/servlet/vesolicitudot?0d6ce7c91705f71ae5b5d1fe03e889f4,2025,22676,,,gx-no-cache=1762263457387 HTTP/1.1" 200 93
190.95.2.163 - - [04/Nov/2025:10:36:13 -0300] "GET /cormun/servlet/hpexe_return? HTTP/1.1" 200 1006
190.95.2.163 - - [04/Nov/2025:10:36:14 -0300] "GET /cormun/servlet/trsolicitudot HTTP/1.1" 200 14075
148.222.218.189 - - [04/Nov/2025:10:36:56 -0300] "POST /cormun/servlet/trlicencias?f372d9304820eaada6ebdcf8a9995fa3,,gx-no-cache=1762263501143 HTTP/1.1" 200 8034
190.95.1.185 - - [04/Nov/2025:10:39:46 -0300] "GET /cormun/servlet/trlicencias? HTTP/1.1" 200 6056
190.95.1.185 - - [04/Nov/2025:10:39:47 -0300] "GET /cormun/servlet/hlogin HTTP/1.1" 200 1738
190.95.1.185 - - [04/Nov/2025:10:39:54 -0300] "POST /cormun/servlet/hlogin?0675d144768f1a934e574f3524966a69,gx-no-cache=1762263678329 HTTP/1.1" 200 90
190.95.1.185 - - [04/Nov/2025:10:39:54 -0300] "GET /cormun/servlet/hpexe_link HTTP/1.1" 200 958
190.95.1.185 - - [04/Nov/2025:10:39:54 -0300] "GET /cormun/servlet/trlicencias HTTP/1.1" 200 11805
190.95.2.163 - - [04/Nov/2025:10:40:51 -0300] "GET /cormun/servlet/trfichaempleado? HTTP/1.1" 200 14723
190.95.2.163 - - [04/Nov/2025:10:41:25 -0300] "GET /cormun/servlet/vesolicitudot?2025,22627,, HTTP/1.1" 200 8338
190.95.2.163 - - [04/Nov/2025:10:41:25 -0300] "GET /cormun/pexe_scrolldiv.js HTTP/1.1" 404 1009
178.128.95.222 - - [04/Nov/2025:10:41:28 -0300] "GET /aaa9 HTTP/1.1" 404 969
178.128.95.222 - - [04/Nov/2025:10:41:31 -0300] "GET /aab8 HTTP/1.1" 404 969
190.95.2.163 - - [04/Nov/2025:10:41:32 -0300] "GET /cormun/servlet/trfichaempleado? HTTP/1.1" 200 14734
178.128.95.222 - - [04/Nov/2025:10:41:34 -0300] "GET / HTTP/1.1" 200 11217
190.95.2.163 - - [04/Nov/2025:10:41:53 -0300] "POST /cormun/servlet/vesolicitudot?0d6ce7c91705f71ae5b5d1fe03e889f4,2025,22627,,,gx-no-cache=1762263797235 HTTP/1.1" 200 93
190.95.2.163 - - [04/Nov/2025:10:41:53 -0300] "GET /cormun/servlet/hpexe_return? HTTP/1.1" 200 1005
190.95.2.163 - - [04/Nov/2025:10:41:54 -0300] "GET /cormun/servlet/trsolicitudot HTTP/1.1" 200 14075
190.95.1.187 - - [04/Nov/2025:10:42:17 -0300] "GET /cormun/servlet/hlogin HTTP/1.1" 200 1719
190.95.1.187 - - [04/Nov/2025:10:42:22 -0300] "POST /cormun/servlet/hlogin?04d9adc60973c5fabf1a7956162cf1ee,gx-no-cache=1762263825902 HTTP/1.1" 200 90
190.95.1.187 - - [04/Nov/2025:10:42:22 -0300] "GET /cormun/servlet/hpexe_link HTTP/1.1" 200 949
190.95.1.187 - - [04/Nov/2025:10:42:22 -0300] "GET /cormun/servlet/hhome HTTP/1.1" 200 4014
179.57.78.71 - - [04/Nov/2025:10:42:48 -0300] "GET /cormun/servlet/hlogin HTTP/1.1" 200 1720
179.57.78.71 - - [04/Nov/2025:10:42:49 -0300] "GET /cormun/servlet/hlogin HTTP/1.1" 200 1730
179.57.78.71 - - [04/Nov/2025:10:42:49 -0300] "GET /favicon.ico HTTP/1.1" 200 21630
179.57.78.71 - - [04/Nov/2025:10:42:53 -0300] "POST /cormun/servlet/hlogin?d1eaf039482c27c8b8bc6fe15860fbbe,gx-no-cache=1762263857382 HTTP/1.1" 200 90
179.57.78.71 - - [04/Nov/2025:10:42:53 -0300] "GET /cormun/servlet/hpexe_link HTTP/1.1" 200 950
179.57.78.71 - - [04/Nov/2025:10:42:53 -0300] "GET /cormun/servlet/hhome HTTP/1.1" 200 4264
179.57.78.71 - - [04/Nov/2025:10:42:59 -0300] "GET /cormun/servlet/trlicencias? HTTP/1.1" 200 11932
205.210.31.31 - - [04/Nov/2025:10:43:42 -0300] "GET / HTTP/1.1" 200 11217
190.95.2.163 - - [04/Nov/2025:10:45:35 -0300] "POST /cormun/servlet/trsolicitudot?0d6ce7c91705f71ae5b5d1fe03e889f4,gx-no-cache=1762264018329 HTTP/1.1" 200 11229
190.95.2.163 - - [04/Nov/2025:10:45:46 -0300] "POST /cormun/servlet/trsolicitudot?0d6ce7c91705f71ae5b5d1fe03e889f4,gx-no-cache=1762264030381 HTTP/1.1" 200 4347
190.95.2.163 - - [04/Nov/2025:10:45:53 -0300] "POST /cormun/servlet/trsolicitudot?0d6ce7c91705f71ae5b5d1fe03e889f4,gx-no-cache=1762264037036 HTTP/1.1" 200 11227
190.95.2.163 - - [04/Nov/2025:10:46:17 -0300] "POST /cormun/servlet/trsolicitudot?0d6ce7c91705f71ae5b5d1fe03e889f4,gx-no-cache=1762264059390 HTTP/1.1" 200 24146
190.95.2.163 - - [04/Nov/2025:10:46:47 -0300] "POST /cormun/servlet/trsolicitudot?0d6ce7c91705f71ae5b5d1fe03e889f4,gx-no-cache=1762264090427 HTTP/1.1" 200 7544
190.95.1.187 - - [04/Nov/2025:10:46:55 -0300] "GET /cormun/static/menuarrow.gif HTTP/1.1" 404 1015
190.95.1.187 - - [04/Nov/2025:10:47:03 -0300] "POST /cormun/servlet/trautorizarpermisogoce?d1c7e15290825320348671d775949be5,,gx-no-cache=1762264105385 HTTP/1.1" 440 972
190.95.1.187 - - [04/Nov/2025:10:47:06 -0300] "GET /cormun/servlet/trautorizarpermisogoce? HTTP/1.1" 200 5941
190.95.1.187 - - [04/Nov/2025:10:47:07 -0300] "GET /cormun/servlet/hlogin HTTP/1.1" 200 1752
190.95.1.187 - - [04/Nov/2025:10:47:09 -0300] "POST /cormun/servlet/hlogin?c2ffe2d73e9e9635443fb792cdf3d770,gx-no-cache=1762264111492 HTTP/1.1" 200 90
190.95.1.187 - - [04/Nov/2025:10:47:09 -0300] "GET /cormun/servlet/hpexe_link HTTP/1.1" 200 969
190.95.1.187 - - [04/Nov/2025:10:47:10 -0300] "GET /cormun/servlet/trautorizarpermisogoce HTTP/1.1" 200 6933
190.95.1.187 - - [04/Nov/2025:10:47:15 -0300] "GET /cormun/servlet/trautorizarpermisogoce? HTTP/1.1" 200 6931
190.95.1.187 - - [04/Nov/2025:10:47:26 -0300] "POST /cormun/servlet/trautorizarpermisogoce?c2ffe2d73e9e9635443fb792cdf3d770,,gx-no-cache=1762264128436 HTTP/1.1" 200 4196
190.95.1.187 - - [04/Nov/2025:10:47:28 -0300] "GET /cormun/static/menuarrow.gif HTTP/1.1" 404 1015
190.95.1.187 - - [04/Nov/2025:10:47:35 -0300] "POST /cormun/servlet/trautorizarpermisogoce?c2ffe2d73e9e9635443fb792cdf3d770,,gx-no-cache=1762264136852 HTTP/1.1" 200 4195
190.95.1.187 - - [04/Nov/2025:10:47:37 -0300] "POST /cormun/servlet/trautorizarpermisogoce?c2ffe2d73e9e9635443fb792cdf3d770,,gx-no-cache=1762264139171 HTTP/1.1" 200 4195
190.95.1.187 - - [04/Nov/2025:10:47:38 -0300] "POST /cormun/servlet/trautorizarpermisogoce?c2ffe2d73e9e9635443fb792cdf3d770,,gx-no-cache=1762264140395 HTTP/1.1" 200 4194
190.95.1.187 - - [04/Nov/2025:10:47:48 -0300] "GET /cormun/servlet/trautorizarpermisogoce? HTTP/1.1" 200 6951
190.95.1.187 - - [04/Nov/2025:10:47:54 -0300] "POST /cormun/servlet/trautorizarpermisogoce?c2ffe2d73e9e9635443fb792cdf3d770,,gx-no-cache=1762264155763 HTTP/1.1" 200 4191
190.95.1.187 - - [04/Nov/2025:10:48:06 -0300] "POST /cormun/servlet/trautorizarpermisogoce?c2ffe2d73e9e9635443fb792cdf3d770,,gx-no-cache=1762264168004 HTTP/1.1" 200 6012
190.95.2.163 - - [04/Nov/2025:10:50:21 -0300] "POST /cormun/servlet/trsolicitudot?0d6ce7c91705f71ae5b5d1fe03e889f4,gx-no-cache=1762264304842 HTTP/1.1" 200 7545
190.95.67.95 - - [04/Nov/2025:10:50:53 -0300] "GET /cormun/servlet/hlogin HTTP/1.1" 200 1720
190.95.67.95 - - [04/Nov/2025:10:50:53 -0300] "GET /cormun/servlet/hlogin HTTP/1.1" 200 1729
190.95.67.95 - - [04/Nov/2025:10:50:53 -0300] "GET /favicon.ico HTTP/1.1" 200 21630
190.95.67.95 - - [04/Nov/2025:10:50:58 -0300] "POST /cormun/servlet/hlogin?9ae29bc8ef840a57f3711b2cf02c413b,gx-no-cache=1762264341342 HTTP/1.1" 200 90
190.95.67.95 - - [04/Nov/2025:10:50:58 -0300] "GET /cormun/servlet/hpexe_link HTTP/1.1" 200 951
190.95.67.95 - - [04/Nov/2025:10:50:58 -0300] "GET /cormun/servlet/hhome HTTP/1.1" 200 4007
190.95.67.95 - - [04/Nov/2025:10:51:08 -0300] "GET /cormun/servlet/trpermisosgoce? HTTP/1.1" 200 11628
190.95.67.95 - - [04/Nov/2025:10:51:11 -0300] "GET /cormun/servlet/permisogoce?INS,0,,, HTTP/1.1" 200 6875
190.95.67.95 - - [04/Nov/2025:10:51:17 -0300] "GET /cormun/servlet/prfichaempleado?,MD,,gxPopupLevel%3D0%3B HTTP/1.1" 200 9234
190.95.67.95 - - [04/Nov/2025:10:51:26 -0300] "POST /cormun/servlet/prfichaempleado?9ae29bc8ef840a57f3711b2cf02c413b,,MD,,gxPopupLevel%3D0%3B,gx-no-cache=1762264369142 HTTP/1.1" 200 3402
190.95.67.95 - - [04/Nov/2025:10:51:30 -0300] "GET /cormun/servlet/permisogoce?fd95ec2a429d037aabf61355178582e90501c0e99266f1101e4fb93a8039d5e17fda51a5c098b6365ea2fb47fdebcf8aa30985737f96affe54bf385dff0b0372,gx-no-cache=1762264372996 HTTP/1.1" 200 83
190.95.67.95 - - [04/Nov/2025:10:51:30 -0300] "GET /cormun/static/menuarrow.gif HTTP/1.1" 404 1015
190.95.67.95 - - [04/Nov/2025:10:51:35 -0300] "GET /cormun/servlet/permisogoce?fd95ec2a429d037aabf61355178582e9f5394f892cd03145ff2d04c561ab1131fd4bcd5352183f812b21bbf61ec82731e224776e076679c732e5a81a388b503c,gx-no-cache=1762264378325 HTTP/1.1" 200 47
190.95.67.95 - - [04/Nov/2025:10:51:38 -0300] "POST /cormun/servlet/permisogoce?9ae29bc8ef840a57f3711b2cf02c413b,INS,0,,,,gx-no-cache=1762264380613 HTTP/1.1" 200 93
190.95.67.95 - - [04/Nov/2025:10:51:38 -0300] "GET /cormun/servlet/hpexe_return? HTTP/1.1" 200 1009
190.95.67.95 - - [04/Nov/2025:10:51:38 -0300] "GET /cormun/servlet/trpermisosgoce HTTP/1.1" 200 11885
190.95.67.95 - - [04/Nov/2025:10:51:41 -0300] "GET /cormun/servlet/apermisogoceprn?15114046,P,20251104105304,PU HTTP/1.1" 200 1656
190.95.1.187 - - [04/Nov/2025:10:51:52 -0300] "GET /cormun/servlet/trlicencias? HTTP/1.1" 200 16209
190.95.2.163 - - [04/Nov/2025:10:52:55 -0300] "POST /cormun/servlet/trsolicitudot?0d6ce7c91705f71ae5b5d1fe03e889f4,gx-no-cache=1762264459211 HTTP/1.1" 200 5732
190.95.1.187 - - [04/Nov/2025:10:53:15 -0300] "GET /cormun/servlet/trpermisosgoce? HTTP/1.1" 200 15898
190.95.1.187 - - [04/Nov/2025:10:53:16 -0300] "GET /cormun/static/gxcfg.js?2020121631564 HTTP/1.1" 200 953
190.95.1.187 - - [04/Nov/2025:10:53:16 -0300] "GET /cormun/static/trpermisosgoce.js?2020121633681 HTTP/1.1" 200 35904
190.95.1.187 - - [04/Nov/2025:10:53:20 -0300] "GET /cormun/servlet/permisogoce?INS,0,,, HTTP/1.1" 200 6878
190.95.1.187 - - [04/Nov/2025:10:53:20 -0300] "GET /cormun/static/permisogoce.js?20201215124939 HTTP/1.1" 200 27790
190.95.1.187 - - [04/Nov/2025:10:53:20 -0300] "GET /cormun/static/gxcfg.js?20201215124560 HTTP/1.1" 200 953
190.95.1.187 - - [04/Nov/2025:10:53:27 -0300] "GET /cormun/servlet/permisogoce?60ed4364af063bbf96c49073053195e1a27a056350b66d337b33ff27393b7d27a1bae6ca3687a6ab5b0f3c7044ffb100d320c470b75227104bb7743b9486db76,gx-no-cache=1762264490820 HTTP/1.1" 200 78
190.95.1.187 - - [04/Nov/2025:10:53:30 -0300] "GET /cormun/static/menuarrow.gif HTTP/1.1" 404 1015
190.95.1.187 - - [04/Nov/2025:10:53:44 -0300] "GET /cormun/servlet/permisogoce?60ed4364af063bbf96c49073053195e100949f081d9bc9dc5bd9b725597b6cfc60e955d3d6aa3561813c83eb5094e705943ae3f6bf7ce60e3ec463d6a9efa95a,gx-no-cache=1762264508068 HTTP/1.1" 200 48
190.95.1.187 - - [04/Nov/2025:10:53:48 -0300] "POST /cormun/servlet/permisogoce?04d9adc60973c5fabf1a7956162cf1ee,INS,0,,,,gx-no-cache=1762264511041 HTTP/1.1" 200 93
190.95.1.187 - - [04/Nov/2025:10:53:48 -0300] "GET /cormun/servlet/hpexe_return? HTTP/1.1" 200 1008
190.95.1.187 - - [04/Nov/2025:10:53:48 -0300] "GET /cormun/servlet/trpermisosgoce HTTP/1.1" 200 16138
190.95.1.187 - - [04/Nov/2025:10:53:57 -0300] "GET /cormun/servlet/trpermisosadjuntos?10669260,20251104105513,P, HTTP/1.1" 200 6332
190.95.1.187 - - [04/Nov/2025:10:53:57 -0300] "GET /cormun/static/gxcfg.js?2020121641683 HTTP/1.1" 200 953
190.95.1.187 - - [04/Nov/2025:10:53:57 -0300] "GET /cormun/static/trpermisosadjuntos.js?2020121642996 HTTP/1.1" 200 20158
190.95.1.187 - - [04/Nov/2025:10:53:59 -0300] "GET /cormun/servlet/permisosadjuntos?INS,10669260,P,20251104105513,, HTTP/1.1" 200 5646
190.95.1.187 - - [04/Nov/2025:10:53:59 -0300] "GET /cormun/static/permisosadjuntos.js?20201215134285 HTTP/1.1" 200 8724
190.95.1.187 - - [04/Nov/2025:10:53:59 -0300] "GET /cormun/static/gxcfg.js?20201215134212 HTTP/1.1" 200 953
190.95.1.187 - - [04/Nov/2025:10:53:59 -0300] "GET /cormun/static/about:blank HTTP/1.1" 404 1011
190.95.1.187 - - [04/Nov/2025:10:54:25 -0300] "POST /cormun/servlet/permisosadjuntos?04d9adc60973c5fabf1a7956162cf1ee,INS,10669260,P,20251104105513,, HTTP/1.1" 200 116
190.95.1.187 - - [04/Nov/2025:10:54:25 -0300] "GET /cormun/servlet/hpexe_return? HTTP/1.1" 200 1034
190.95.1.187 - - [04/Nov/2025:10:54:25 -0300] "GET /cormun/servlet/trpermisosadjuntos?10669260,20251104105513,P, HTTP/1.1" 200 6830
190.95.1.187 - - [04/Nov/2025:10:54:28 -0300] "POST /cormun/servlet/trpermisosadjuntos?04d9adc60973c5fabf1a7956162cf1ee,10669260,20251104105513,P,,gx-no-cache=1762264551567 HTTP/1.1" 200 90
190.95.1.187 - - [04/Nov/2025:10:54:28 -0300] "GET /cormun/servlet/hpexe_link HTTP/1.1" 200 980
190.95.1.187 - - [04/Nov/2025:10:54:28 -0300] "GET /cormun/servlet/trpermisosgoce HTTP/1.1" 200 16137
190.95.1.187 - - [04/Nov/2025:10:54:31 -0300] "POST /cormun/servlet/trpermisosgoce?04d9adc60973c5fabf1a7956162cf1ee,gx-no-cache=1762264554339 HTTP/1.1" 200 13324
190.95.1.187 - - [04/Nov/2025:10:54:31 -0300] "GET /cormun/static/Shared/jqueryui/images/ui-bg_highlight-soft_100_c6c2c8_1x100.png HTTP/1.1" 404 1117
190.95.1.187 - - [04/Nov/2025:10:54:31 -0300] "GET /cormun/static/Shared/jqueryui/images/ui-icons_82798d_256x240.png HTTP/1.1" 404 1089
190.95.1.187 - - [04/Nov/2025:10:54:31 -0300] "GET /cormun/static/Shared/jqueryui/images/ui-bg_flat_55_fafafa_40x100.png HTTP/1.1" 404 1097
190.95.1.187 - - [04/Nov/2025:10:54:31 -0300] "GET /cormun/static/Shared/jqueryui/images/ui-icons_8d78a5_256x240.png HTTP/1.1" 404 1089
190.95.1.187 - - [04/Nov/2025:10:54:34 -0300] "GET /cormun/servlet/permisogoce?INS,0,,, HTTP/1.1" 200 6878
200.126.116.145 - - [04/Nov/2025:10:54:35 -0300] "GET /cormun/servlet/trlicencias? HTTP/1.1" 200 6054
200.126.116.145 - - [04/Nov/2025:10:54:35 -0300] "GET /cormun/static/gxui/gxui-all.css?120300 HTTP/1.1" 200 2179
200.126.116.145 - - [04/Nov/2025:10:54:35 -0300] "GET /cormun/static/calendar-system.css?85620 HTTP/1.1" 200 5572
200.126.116.145 - - [04/Nov/2025:10:54:35 -0300] "GET /cormun/static/SmoothNavMenu/resources/ddsmoothmenu-v.css?1112540 HTTP/1.1" 200 1188
200.126.116.145 - - [04/Nov/2025:10:54:35 -0300] "GET /cormun/static/SmoothNavMenu/resources/ddsmoothmenu.css?1112540 HTTP/1.1" 200 2223
200.126.116.145 - - [04/Nov/2025:10:54:35 -0300] "GET /cormun/static/Shared/jqueryui/jquery-ui.min.css?1345370 HTTP/1.1" 200 30288
200.126.116.145 - - [04/Nov/2025:10:54:35 -0300] "GET /cormun/static/scaMessage/css/jquery.pnotify.default.css?1816380 HTTP/1.1" 200 1707
200.126.116.145 - - [04/Nov/2025:10:54:35 -0300] "GET /cormun/static/gxtimezone.js?85251 HTTP/1.1" 200 5781
200.126.116.145 - - [04/Nov/2025:10:54:35 -0300] "GET /cormun/static/gxcfg.js?202211298463625 HTTP/1.1" 200 953
200.126.116.145 - - [04/Nov/2025:10:54:35 -0300] "GET /cormun/static/calendar-setup.js?85251 HTTP/1.1" 200 2588
200.126.116.145 - - [04/Nov/2025:10:54:35 -0300] "GET /cormun/static/Resources/Spanish/PXTools.css?8354383 HTTP/1.1" 200 100853
200.126.116.145 - - [04/Nov/2025:10:54:35 -0300] "GET /cormun/static/calendar-es.js?85251 HTTP/1.1" 200 1901
200.126.116.145 - - [04/Nov/2025:10:54:35 -0300] "GET /cormun/static/calendar.js?85251 HTTP/1.1" 200 26246
200.126.116.145 - - [04/Nov/2025:10:54:35 -0300] "GET /cormun/static/RunJS/RunJS.js HTTP/1.1" 200 288
200.126.116.145 - - [04/Nov/2025:10:54:35 -0300] "GET /cormun/static/Shared/ext/resources/css/ext-all.css?215870 HTTP/1.1" 200 416045
200.126.116.145 - - [04/Nov/2025:10:54:35 -0300] "GET /cormun/static/PXToolsJavascripts/pexe_autoreload.js HTTP/1.1" 200 1762
200.126.116.145 - - [04/Nov/2025:10:54:35 -0300] "GET /cormun/static/gxui/gxui-all.js HTTP/1.1" 200 107772
200.126.116.145 - - [04/Nov/2025:10:54:35 -0300] "GET /cormun/static/PXToolsJavascripts/pexe_cookies.js HTTP/1.1" 200 792
200.126.116.145 - - [04/Nov/2025:10:54:35 -0300] "GET /cormun/static/PXToolsJavascripts/pexe_windows.js HTTP/1.1" 200 15249
200.126.116.145 - - [04/Nov/2025:10:54:35 -0300] "GET /cormun/static/PXToolsJavascripts/pexe_grid.js HTTP/1.1" 200 7559
200.126.116.145 - - [04/Nov/2025:10:54:35 -0300] "GET /cormun/static/PXToolsJavascripts/pexe_griddivfix.js HTTP/1.1" 200 6946
200.126.116.145 - - [04/Nov/2025:10:54:35 -0300] "GET /cormun/static/PXToolsJavascripts/pexe_link.js HTTP/1.1" 200 5671
200.126.116.145 - - [04/Nov/2025:10:54:35 -0300] "GET /cormun/static/PXToolsJavascripts/pexe_menudivfix.js HTTP/1.1" 200 333
200.126.116.145 - - [04/Nov/2025:10:54:35 -0300] "GET /cormun/static/PXToolsJavascripts/pexe_menus.js HTTP/1.1" 200 1286
200.126.116.145 - - [04/Nov/2025:10:54:35 -0300] "GET /cormun/static/PXToolsJavascripts/pexe_layers.js HTTP/1.1" 200 4114
