190.95.15.31 - - [27/Oct/2025:11:05:43 -0300] "GET /cormun/servlet/solicitudot?1ac87b27e20d04c98e85a46b7c199a65e8118a1f5b81886473091fd7da7e44ea13d176786f535399233d4f0706cbd83e7fa8f6b9abd1429b734ffc2696498e7fca423c93dac182f641263c251ff58cc8063fa58f2893925ba1808d4cfcfcc35ac01e09892e8e35a2a40a473a6f240f9ed4fdeb9059efc6c942f848923ef742c97a854b452fa553c5e02a97207eb0fdf29a57f13648369f072dc8368b7268dcea14500180fbe275d98be6008a3e6e4836d40837499b00aca58ff18268c8010c68fa75b54bd5018368d25cecc1a5e678897dcac0a2660b92b4510de2a369559f3e8c39483ae6cce12c64b41c941defa7a7dcd82b7e8b0883c6c4a26fedda029d0c4a3e7e874b660f825a20a60a3f757dbfad6604d90f4b06bfe7acd1343ad78d933fa70d93047ba1a467dc01ce2ec195ebf729085e0bdd13525eb681718560db5af800987f6069f01a666ff81f124004268d6f7d85894b576fe1b96db9f94b06d091a847cf4baac4bacc256c34adfd751916a5cd44a4a4ab0155c2b1f9acc9bd90869efe572f9d71e43b5be67263f109ac,gx-no-cache=1761574037018 HTTP/1.1" 200 30
190.95.15.31 - - [27/Oct/2025:11:05:43 -0300] "POST /cormun/servlet/solicitudot?gx-no-cache=1761574037038 HTTP/1.1" 200 30
190.95.15.31 - - [27/Oct/2025:11:05:43 -0300] "POST /cormun/servlet/solicitudot?gx-no-cache=1761574037065 HTTP/1.1" 200 1483
190.95.15.31 - - [27/Oct/2025:11:05:43 -0300] "POST /cormun/servlet/solicitudot?gx-no-cache=1761574037162 HTTP/1.1" 200 41
190.95.15.31 - - [27/Oct/2025:11:05:47 -0300] "GET /cormun/servlet/solicitudot?1ac87b27e20d04c98e85a46b7c199a656866591a6d723438a8fe5bada15d91de4eac3ef564ab117bb0f9b47117fdef8944f269b7d5245a96a99562b0bcf1f4eaed42367f5977bf83c0c00439b8de706185423a382b04a49f9d6432d8a12ff8ad63d9793b9531a5e1877ddbb9ac0a78d7,gx-no-cache=1761574040918 HTTP/1.1" 200 110
190.95.15.31 - - [27/Oct/2025:11:05:56 -0300] "POST /cormun/servlet/solicitudot?gx-no-cache=1761574050372 HTTP/1.1" 200 83
190.95.15.31 - - [27/Oct/2025:11:06:01 -0300] "GET /cormun/servlet/solicitudot?1ac87b27e20d04c98e85a46b7c199a6582f99437a1837efed002d83e84c3b730b037ca862d821b61290082fcd757fbb9e78a2a257a1cb3176bd3291c01cc57a75984853a49d1d369a4ba8feb250493078a6a189673c30c5ef558628590b9ea2a63cd5d74e3dd7f855c1a8cbf718a6d2e,gx-no-cache=1761574055345 HTTP/1.1" 200 29
190.95.15.31 - - [27/Oct/2025:11:06:01 -0300] "GET /cormun/servlet/solicitudot?1ac87b27e20d04c98e85a46b7c199a6544a64bac88e4d50303e02578864cc620d745e2f2e9b329a5081f7f3e28ad5a3b,gx-no-cache=1761574055364 HTTP/1.1" 200 30
190.95.15.31 - - [27/Oct/2025:11:06:01 -0300] "POST /cormun/servlet/solicitudot?gx-no-cache=1761574055382 HTTP/1.1" 200 34
190.95.15.31 - - [27/Oct/2025:11:06:02 -0300] "POST /cormun/servlet/solicitudot?33f08f347fc0b7a1bfd2ce2757a59d79,UPD,2025,23065,false,,gx-no-cache=1761574055403 HTTP/1.1" 200 93
190.95.15.31 - - [27/Oct/2025:11:06:02 -0300] "GET /cormun/servlet/hpexe_return? HTTP/1.1" 200 1015
190.95.15.31 - - [27/Oct/2025:11:06:02 -0300] "GET /cormun/servlet/trsolicitudot HTTP/1.1" 200 13584
190.95.15.31 - - [27/Oct/2025:11:06:16 -0300] "POST /cormun/servlet/trsolicitudot?33f08f347fc0b7a1bfd2ce2757a59d79,gx-no-cache=1761574070099 HTTP/1.1" 200 10624
190.95.15.31 - - [27/Oct/2025:11:06:16 -0300] "GET /cormun/static/Shared/jqueryui/images/ui-bg_highlight-soft_100_c6c2c8_1x100.png HTTP/1.1" 404 1117
190.95.15.31 - - [27/Oct/2025:11:06:16 -0300] "GET /cormun/static/Shared/jqueryui/images/ui-icons_82798d_256x240.png HTTP/1.1" 404 1089
190.95.15.31 - - [27/Oct/2025:11:06:16 -0300] "GET /cormun/static/Shared/jqueryui/images/ui-bg_flat_55_fafafa_40x100.png HTTP/1.1" 404 1097
190.95.15.31 - - [27/Oct/2025:11:06:16 -0300] "GET /cormun/static/Shared/jqueryui/images/ui-icons_8d78a5_256x240.png HTTP/1.1" 404 1089
190.95.15.31 - - [27/Oct/2025:11:06:17 -0300] "POST /cormun/servlet/trsolicitudot?33f08f347fc0b7a1bfd2ce2757a59d79,gx-no-cache=1761574070357 HTTP/1.1" 200 10568
192.168.10.19 - - [27/Oct/2025:11:06:32 -0300] "GET /cormun/servlet/hlogin HTTP/1.1" 200 1719
192.168.10.19 - - [27/Oct/2025:11:06:36 -0300] "POST /cormun/servlet/hlogin?3d9b0c3f3c3898576543a65a05877d16,gx-no-cache=1761574127011 HTTP/1.1" 200 432
190.95.15.31 - - [27/Oct/2025:11:06:37 -0300] "POST /cormun/servlet/trsolicitudot?33f08f347fc0b7a1bfd2ce2757a59d79,gx-no-cache=1761574090385 HTTP/1.1" 200 10568
192.168.10.19 - - [27/Oct/2025:11:06:38 -0300] "POST /cormun/servlet/hlogin?3d9b0c3f3c3898576543a65a05877d16,gx-no-cache=1761574128935 HTTP/1.1" 200 90
192.168.10.19 - - [27/Oct/2025:11:06:38 -0300] "GET /cormun/servlet/hpexe_link HTTP/1.1" 200 949
192.168.10.19 - - [27/Oct/2025:11:06:38 -0300] "GET /cormun/servlet/hhome HTTP/1.1" 200 3818
190.95.15.31 - - [27/Oct/2025:11:06:40 -0300] "GET /cormun/servlet/trautorizarsolicitud? HTTP/1.1" 200 13601
192.168.10.19 - - [27/Oct/2025:11:06:40 -0300] "GET /cormun/servlet/trsolicitudgral? HTTP/1.1" 200 11047
190.95.15.31 - - [27/Oct/2025:11:06:44 -0300] "POST /cormun/servlet/trautorizarsolicitud?33f08f347fc0b7a1bfd2ce2757a59d79,,gx-no-cache=1761574097467 HTTP/1.1" 200 10718
190.95.15.31 - - [27/Oct/2025:11:06:44 -0300] "POST /cormun/servlet/trautorizarsolicitud?33f08f347fc0b7a1bfd2ce2757a59d79,,gx-no-cache=1761574097709 HTTP/1.1" 200 10662
192.168.10.19 - - [27/Oct/2025:11:06:52 -0300] "POST /cormun/servlet/trsolicitudgral?3d9b0c3f3c3898576543a65a05877d16,,gx-no-cache=1761574142936 HTTP/1.1" 200 6663
192.168.10.19 - - [27/Oct/2025:11:06:59 -0300] "POST /cormun/servlet/trsolicitudgral?3d9b0c3f3c3898576543a65a05877d16,,gx-no-cache=1761574149986 HTTP/1.1" 200 5246
179.57.78.9 - - [27/Oct/2025:11:07:11 -0300] "GET /cormun/servlet/hlogin HTTP/1.1" 200 1717
179.57.78.9 - - [27/Oct/2025:11:07:14 -0300] "POST /cormun/servlet/hlogin?f82b9180bb00bcd9739157d2c81a106d,gx-no-cache=1761574129564 HTTP/1.1" 200 90
179.57.78.9 - - [27/Oct/2025:11:07:14 -0300] "GET /cormun/servlet/hpexe_link HTTP/1.1" 200 948
179.57.78.9 - - [27/Oct/2025:11:07:14 -0300] "GET /cormun/servlet/hhome HTTP/1.1" 200 4345
179.57.78.9 - - [27/Oct/2025:11:07:16 -0300] "GET /cormun/servlet/trlicencias? HTTP/1.1" 200 11690
179.57.78.9 - - [27/Oct/2025:11:07:23 -0300] "GET /cormun/servlet/licenciaspermisos?DSP,16792393,L,20251023000000, HTTP/1.1" 200 7444
179.57.78.9 - - [27/Oct/2025:11:07:23 -0300] "GET /cormun/static/gxcfg.js?202012153173 HTTP/1.1" 200 953
179.57.78.9 - - [27/Oct/2025:11:07:23 -0300] "GET /cormun/static/licenciaspermisos.js?2020121532136 HTTP/1.1" 200 38753
179.57.78.9 - - [27/Oct/2025:11:07:32 -0300] "POST /cormun/servlet/licenciaspermisos?f82b9180bb00bcd9739157d2c81a106d,DSP,16792393,L,20251023000000,,gx-no-cache=1761574147760 HTTP/1.1" 200 93
179.57.78.9 - - [27/Oct/2025:11:07:32 -0300] "GET /cormun/servlet/hpexe_return? HTTP/1.1" 200 1026
179.57.78.9 - - [27/Oct/2025:11:07:32 -0300] "GET /cormun/servlet/trlicencias HTTP/1.1" 200 11693
179.57.78.9 - - [27/Oct/2025:11:07:41 -0300] "GET /cormun/servlet/licenciaspermisos?DSP,16846409,L,20251020000000, HTTP/1.1" 200 7484
179.57.78.9 - - [27/Oct/2025:11:07:51 -0300] "POST /cormun/servlet/licenciaspermisos?f82b9180bb00bcd9739157d2c81a106d,DSP,16846409,L,20251020000000,,gx-no-cache=1761574166440 HTTP/1.1" 200 93
179.57.78.9 - - [27/Oct/2025:11:07:51 -0300] "GET /cormun/servlet/hpexe_return? HTTP/1.1" 200 1025
179.57.78.9 - - [27/Oct/2025:11:07:51 -0300] "GET /cormun/servlet/trlicencias HTTP/1.1" 200 11686
179.57.78.9 - - [27/Oct/2025:11:07:59 -0300] "GET /cormun/servlet/licenciaspermisos?DSP,19840085,L,20251013000000, HTTP/1.1" 200 7469
179.57.78.9 - - [27/Oct/2025:11:08:03 -0300] "POST /cormun/servlet/licenciaspermisos?f82b9180bb00bcd9739157d2c81a106d,DSP,19840085,L,20251013000000,,gx-no-cache=1761574178392 HTTP/1.1" 200 93
179.57.78.9 - - [27/Oct/2025:11:08:03 -0300] "GET /cormun/servlet/hpexe_return? HTTP/1.1" 200 1025
179.57.78.9 - - [27/Oct/2025:11:08:03 -0300] "GET /cormun/servlet/trlicencias HTTP/1.1" 200 11686
190.95.15.9 - - [27/Oct/2025:11:08:09 -0300] "POST /cormun/servlet/trlicencias?fa7aa3b8ce46ce6c2843efa5d1d69e30,gx-no-cache=1761574185910 HTTP/1.1" 440 972
190.95.15.9 - - [27/Oct/2025:11:08:11 -0300] "GET /cormun/servlet/trlicencias HTTP/1.1" 200 6042
190.95.15.9 - - [27/Oct/2025:11:08:12 -0300] "GET /cormun/servlet/hlogin HTTP/1.1" 200 1731
179.57.78.71 - - [27/Oct/2025:11:08:13 -0300] "GET /cormun/servlet/trsolicitudot? HTTP/1.1" 200 7479
190.95.15.9 - - [27/Oct/2025:11:08:15 -0300] "POST /cormun/servlet/hlogin?1f9df7e84a59adfbcaeee3fa562bf8c2,gx-no-cache=1761574191770 HTTP/1.1" 200 90
190.95.15.9 - - [27/Oct/2025:11:08:15 -0300] "GET /cormun/servlet/hpexe_link HTTP/1.1" 200 952
190.95.15.9 - - [27/Oct/2025:11:08:16 -0300] "GET /cormun/servlet/trlicencias HTTP/1.1" 200 13776
179.57.78.71 - - [27/Oct/2025:11:08:16 -0300] "GET /cormun/servlet/solicitudot?INS,0,0,false, HTTP/1.1" 200 16266
179.57.78.71 - - [27/Oct/2025:11:08:17 -0300] "POST /cormun/servlet/trlicencias?a97bf81eb9328582d979b200dbe02f5c,,gx-no-cache=1761574191848 HTTP/1.1" 200 9955
190.95.15.9 - - [27/Oct/2025:11:08:26 -0300] "POST /cormun/servlet/trlicencias?1f9df7e84a59adfbcaeee3fa562bf8c2,gx-no-cache=1761574202814 HTTP/1.1" 200 11495
179.57.78.71 - - [27/Oct/2025:11:08:49 -0300] "POST /cormun/servlet/solicitudot?gx-no-cache=1761574223816 HTTP/1.1" 200 4162
179.57.78.71 - - [27/Oct/2025:11:08:49 -0300] "POST /cormun/servlet/solicitudot?f1b08adbb8adb5428e1ab8f51ae21d87,INS,0,0,false,,gx-no-cache=1761574224114 HTTP/1.1" 200 13008
179.57.78.71 - - [27/Oct/2025:11:09:06 -0300] "GET /cormun/static/Resources/PXTools/ClosePrompt.png HTTP/1.1" 200 1036
179.57.78.71 - - [27/Oct/2025:11:09:06 -0300] "GET /cormun/static/Resources/resize.gif HTTP/1.1" 200 77
179.57.78.71 - - [27/Oct/2025:11:09:06 -0300] "GET /cormun/servlet/prbanco?,MD,,gxPopupLevel%3D0%3B HTTP/1.1" 200 6658
179.57.78.71 - - [27/Oct/2025:11:09:06 -0300] "GET /cormun/static/gxcfg.js?20201216131581 HTTP/1.1" 200 953
179.57.78.71 - - [27/Oct/2025:11:09:06 -0300] "GET /cormun/static/Resources/PXToolsMenuSearch.png HTTP/1.1" 200 336
179.57.78.71 - - [27/Oct/2025:11:09:06 -0300] "GET /cormun/static/prbanco.js?20201216132311 HTTP/1.1" 200 10693
179.57.78.71 - - [27/Oct/2025:11:09:06 -0300] "GET /cormun/static/Resources/PXToolsMenuSearchCancel.png HTTP/1.1" 200 306
179.57.78.71 - - [27/Oct/2025:11:09:06 -0300] "GET /cormun/static/menusearch.js?20201214473581 HTTP/1.1" 200 1424
179.57.78.71 - - [27/Oct/2025:11:09:06 -0300] "GET /cormun/static/hmpwkw011.js?202211298443482 HTTP/1.1" 200 1968
179.57.78.71 - - [27/Oct/2025:11:09:10 -0300] "GET /cormun/servlet/solicitudot?6821cfd62d405482b332e5165f36c9840d6d2ed8e51a7462677e41021fc60e1457565a8fc1937f51c059a248e864c23f,gx-no-cache=1761574245492 HTTP/1.1" 200 30
179.57.78.71 - - [27/Oct/2025:11:09:10 -0300] "GET /cormun/servlet/solicitudot?6821cfd62d405482b332e5165f36c984d293e994926e6838156cc0a224241718a11d1f80bbcd2f55e09f6fd062ffa1d682fbf3c3e0cfd9c8abdc48f299041cfb,gx-no-cache=1761574245525 HTTP/1.1" 200 30
179.57.78.71 - - [27/Oct/2025:11:09:17 -0300] "GET /cormun/servlet/solicitudot?6821cfd62d405482b332e5165f36c984e278ac3c30afa7a9998793d97ce998d5,gx-no-cache=1761574252764 HTTP/1.1" 200 45
190.95.15.9 - - [27/Oct/2025:11:09:22 -0300] "POST /cormun/servlet/trlicencias?1f9df7e84a59adfbcaeee3fa562bf8c2,gx-no-cache=1761574258051 HTTP/1.1" 200 11521
200.126.117.15 - - [27/Oct/2025:11:09:44 -0300] "GET /cormun/servlet/permisogoce?INS,0,,, HTTP/1.1" 200 6030
200.126.117.15 - - [27/Oct/2025:11:09:44 -0300] "GET /cormun/static/gxcfg.js?20201215124560 HTTP/1.1" 200 953
200.126.117.15 - - [27/Oct/2025:11:09:44 -0300] "GET /cormun/static/permisogoce.js?20201215124939 HTTP/1.1" 200 27790
200.126.117.15 - - [27/Oct/2025:11:09:44 -0300] "GET /cormun/servlet/hlogin HTTP/1.1" 200 1745
200.126.117.15 - - [27/Oct/2025:11:09:44 -0300] "GET /cormun/static/gxcfg.js?2022112219184450 HTTP/1.1" 200 953
200.126.117.15 - - [27/Oct/2025:11:09:44 -0300] "GET /cormun/static/hlogin.js?2022112219184458 HTTP/1.1" 200 2156
200.126.117.15 - - [27/Oct/2025:11:09:44 -0300] "GET /cormun/static/Resources/CormunLogin.png HTTP/1.1" 200 19132
200.126.117.15 - - [27/Oct/2025:11:09:44 -0300] "GET /cormun/static/Resources/Spanish/PXTools.css?1759030 HTTP/1.1" 200 100853
200.126.117.15 - - [27/Oct/2025:11:09:44 -0300] "GET /cormun/static/Resources/PXToolsLoginBottom.png HTTP/1.1" 200 1389
200.126.117.15 - - [27/Oct/2025:11:09:44 -0300] "GET /cormun/static/Resources/PXToolsLoginBackground.png HTTP/1.1" 200 1164
200.126.117.15 - - [27/Oct/2025:11:09:44 -0300] "GET /cormun/static/Resources/PXToolsLoginTop.png HTTP/1.1" 200 1337
179.57.78.71 - - [27/Oct/2025:11:09:55 -0300] "POST /cormun/servlet/solicitudot?gx-no-cache=1761574290240 HTTP/1.1" 200 240
179.57.78.71 - - [27/Oct/2025:11:09:55 -0300] "GET /cormun/servlet/solicitudot?6821cfd62d405482b332e5165f36c984090cb2329d53acdd0531142568953ac58abe0e5262baebd7bb1deff703e2ed9f91f8dafaa5547467824c9c888583747e2b9f1bb42cbce61d41e4bc975c59eb4f7270d2c1d0f1403a2d41f7badb2850392f5603e66eca4ef6d5431ecb48e58d3dd4eb3f55cf20d77016cb931d44343282a8a2170040cbdaf1c5aeba48a06ef8ba621c14fd0bd7be582c0fe2267e79535a7874d5aca95cc7ad5d13017b92fae86e3316f4b7889f0c575a1e35fb89e1950e8216049ea60ed62ba28b6b87582d5ca46a11eb829390a7034caf4325a18bd8cc910546a1ff575b7e117f342f9e264b8ebc737471925a4e6260e3f35f83b8e6127b238c6960af9af667ec16d3710e8d4f5cd384e5eae2742e7dc1fffacf933b16e411734b626d58e79fbd8156521b6223f12abf49c9b3b4e5ebc4b0a70bfebf43cade4dbd311a0fde378b5cc6459d5eb813a8e4c75c545ee23268add302d116fa3b6d5537eb2593cf5562a00b42797ce1d2a04434b3034fae378a60bbcef45ed4,gx-no-cache=1761574290300 HTTP/1.1" 200 30
179.57.78.71 - - [27/Oct/2025:11:09:55 -0300] "POST /cormun/servlet/solicitudot?gx-no-cache=1761574290324 HTTP/1.1" 200 30
179.57.78.71 - - [27/Oct/2025:11:09:55 -0300] "POST /cormun/servlet/solicitudot?gx-no-cache=1761574290369 HTTP/1.1" 200 1480
179.57.78.71 - - [27/Oct/2025:11:09:55 -0300] "POST /cormun/servlet/solicitudot?gx-no-cache=1761574290408 HTTP/1.1" 200 38
179.57.78.71 - - [27/Oct/2025:11:09:55 -0300] "GET /cormun/servlet/solicitudot?6821cfd62d405482b332e5165f36c984efe78fb4d11ca7e114aa9f7066958394839b8cf834d277c7fc0dacddc096b83a3596ab0126a993fcabcf13ca92f326a62b408b3346cf65f4a37c8ffe4ca782be7d81a4cf059c21716877b39f7d756874191f06957773a869e5eac87567e70873,gx-no-cache=1761574290428 HTTP/1.1" 200 110
179.57.78.71 - - [27/Oct/2025:11:10:01 -0300] "POST /cormun/servlet/solicitudot?gx-no-cache=1761574296167 HTTP/1.1" 200 79
179.57.78.55 - - [27/Oct/2025:11:11:21 -0300] "GET /cormun/servlet/trpermisosgoce? HTTP/1.1" 200 6028
179.57.78.55 - - [27/Oct/2025:11:11:21 -0300] "GET /cormun/servlet/hlogin HTTP/1.1" 200 1736
179.57.78.55 - - [27/Oct/2025:11:11:29 -0300] "POST /cormun/servlet/hlogin?58ffe1e0292c72e5fa75f461409a7a44,gx-no-cache=1761574384133 HTTP/1.1" 200 90
179.57.78.55 - - [27/Oct/2025:11:11:29 -0300] "GET /cormun/servlet/hpexe_link HTTP/1.1" 200 952
179.57.78.55 - - [27/Oct/2025:11:11:29 -0300] "GET /cormun/servlet/trpermisosgoce HTTP/1.1" 200 15270
179.57.78.55 - - [27/Oct/2025:11:11:43 -0300] "POST /cormun/servlet/trpermisosgoce?58ffe1e0292c72e5fa75f461409a7a44,gx-no-cache=1761574398422 HTTP/1.1" 200 5501
179.57.78.71 - - [27/Oct/2025:11:12:19 -0300] "POST /cormun/servlet/solicitudot?gx-no-cache=1761574434406 HTTP/1.1" 200 240
179.57.78.71 - - [27/Oct/2025:11:12:19 -0300] "GET /cormun/servlet/solicitudot?6821cfd62d405482b332e5165f36c984090cb2329d53acdd0531142568953ac58abe0e5262baebd7bb1deff703e2ed9f91f8dafaa5547467824c9c888583747e2b9f1bb42cbce61d41e4bc975c59eb4f7270d2c1d0f1403a2d41f7badb2850392f5603e66eca4ef6d5431ecb48e58d3dd4eb3f55cf20d77016cb931d44343282a8a2170040cbdaf1c5aeba48a06ef8ba621c14fd0bd7be582c0fe2267e79535a7874d5aca95cc7ad5d13017b92fae86e3316f4b7889f0c575a1e35fb89e1950e8216049ea60ed62ba28b6b87582d5ca46a11eb829390a7034caf4325a18bd8cc910546a1ff575b7e117f342f9e264b8ebc737471925a4e6260e3f35f83b8e6127b238c6960af9af667ec16d3710e8d4f5cd384e5eae2742e7dc1fffacf933b16e411734b626d58e79fbd8156521b6223f12abf49c9b3b4e5ebc4b0a70bfebf43cade4dbd311a0fde378b5cc6459d5eb813a8e4c75c545ee23268add302d116fa3b6d5537eb2593cf5562a00b42797ce1e9bd9d90f2d610478f8fa7fdb943a4c0,gx-no-cache=1761574434471 HTTP/1.1" 200 30
179.57.78.71 - - [27/Oct/2025:11:12:19 -0300] "POST /cormun/servlet/solicitudot?gx-no-cache=1761574434493 HTTP/1.1" 200 30
179.57.78.71 - - [27/Oct/2025:11:12:28 -0300] "POST /cormun/servlet/solicitudot?gx-no-cache=1761574443551 HTTP/1.1" 200 1480
179.57.78.71 - - [27/Oct/2025:11:12:28 -0300] "POST /cormun/servlet/solicitudot?gx-no-cache=1761574443601 HTTP/1.1" 200 38
179.57.78.71 - - [27/Oct/2025:11:12:28 -0300] "GET /cormun/servlet/solicitudot?6821cfd62d405482b332e5165f36c984efe78fb4d11ca7e114aa9f7066958394839b8cf834d277c7fc0dacddc096b83a3596ab0126a993fcabcf13ca92f326a62b408b3346cf65f4a37c8ffe4ca782be7d81a4cf059c21716877b39f7d756874191f06957773a869e5eac87567e70873,gx-no-cache=1761574443628 HTTP/1.1" 200 110
179.57.78.71 - - [27/Oct/2025:11:12:28 -0300] "POST /cormun/servlet/solicitudot?gx-no-cache=1761574443655 HTTP/1.1" 200 79
179.57.78.71 - - [27/Oct/2025:11:12:33 -0300] "GET /cormun/servlet/solicitudot?6821cfd62d405482b332e5165f36c984cca6bf90e2a13759ed2f87f0099c90dfa02d7e69f9e52a1bac3c9b348e1417814690b3692c5a84dc13c3f34c9d09c18730db4181fde2bce306a7872cfeb58a0695f2cda7caf05392465487cae3895f995f2d0ea868812f5ebc2d0556a27415d9c5eec097753681e20858dd945a783f35fa5862e453da90724ad8aa45ad96ba236093b574773ddd1d894590de03bf63cf,gx-no-cache=1761574448312 HTTP/1.1" 200 29
179.57.78.55 - - [27/Oct/2025:11:12:49 -0300] "GET /cormun/servlet/permisogoce?INS,0,,, HTTP/1.1" 200 6841
179.57.78.55 - - [27/Oct/2025:11:12:55 -0300] "GET /cormun/servlet/permisogoce?b1c903f117012e79ad94344c466cd4d3ea335605fd3ea978cdede0ddb122e3283028455c9b9eff8ce772107492294d7d0a5c127a59c78c188aafae34a0d053fa,gx-no-cache=1761574470266 HTTP/1.1" 200 79
179.57.78.71 - - [27/Oct/2025:11:12:57 -0300] "GET /cormun/servlet/solicitudot?6821cfd62d405482b332e5165f36c9846a41632b13f9f832e00ff39d90738a8b6754dfd537cd1a937646ec2f4a777e7b,gx-no-cache=1761574472070 HTTP/1.1" 200 30
179.57.78.55 - - [27/Oct/2025:11:13:06 -0300] "GET /cormun/servlet/permisogoce?b1c903f117012e79ad94344c466cd4d32cdf287c9a0b1c242d14a48549f25c707cc5468a2faf7989696693c8198a464f2a197c825a3ed7a4e5d2646daddbcc68,gx-no-cache=1761574481785 HTTP/1.1" 200 48
179.57.78.55 - - [27/Oct/2025:11:13:17 -0300] "POST /cormun/servlet/permisogoce?58ffe1e0292c72e5fa75f461409a7a44,INS,0,,,,gx-no-cache=1761574491741 HTTP/1.1" 200 93
179.57.78.55 - - [27/Oct/2025:11:13:17 -0300] "GET /cormun/servlet/hpexe_return? HTTP/1.1" 200 1026
179.57.78.55 - - [27/Oct/2025:11:13:17 -0300] "GET /cormun/servlet/trpermisosgoce?gx-no-cache=1761574398422 HTTP/1.1" 200 8550
179.57.78.55 - - [27/Oct/2025:11:13:22 -0300] "GET /cormun/servlet/apermisogoceprn?18650917,P,20251027111500,PU HTTP/1.1" 200 1648
190.95.1.185 - - [27/Oct/2025:11:13:28 -0300] "GET /cormun/servlet/hlogin HTTP/1.1" 200 1719
190.95.1.185 - - [27/Oct/2025:11:13:28 -0300] "GET /cormun/servlet/hlogin HTTP/1.1" 200 1728
190.95.1.185 - - [27/Oct/2025:11:13:47 -0300] "GET /cormun/servlet/hlogin HTTP/1.1" 200 1719
190.95.1.185 - - [27/Oct/2025:11:13:51 -0300] "POST /cormun/servlet/hlogin?f7f428fe5daf4d5861c3f35276ad8387,gx-no-cache=1761574526478 HTTP/1.1" 200 90
190.95.1.185 - - [27/Oct/2025:11:13:51 -0300] "GET /cormun/servlet/hpexe_link HTTP/1.1" 200 950
190.95.1.185 - - [27/Oct/2025:11:13:51 -0300] "GET /cormun/servlet/hhome HTTP/1.1" 200 4482
190.95.1.185 - - [27/Oct/2025:11:14:03 -0300] "GET /cormun/servlet/trpermisosgoce? HTTP/1.1" 200 17493
179.57.78.71 - - [27/Oct/2025:11:14:18 -0300] "POST /cormun/servlet/solicitudot?gx-no-cache=1761574553334 HTTP/1.1" 200 30
190.95.1.185 - - [27/Oct/2025:11:14:19 -0300] "GET /cormun/servlet/permisogoce?INS,0,,, HTTP/1.1" 200 7380
179.57.78.55 - - [27/Oct/2025:11:14:35 -0300] "POST /cormun/servlet/trpermisosgoce?58ffe1e0292c72e5fa75f461409a7a44,gx-no-cache=1761574398422,gx-no-cache=1761574570133 HTTP/1.1" 200 16109
190.95.1.185 - - [27/Oct/2025:11:14:42 -0300] "GET /cormun/servlet/permisogoce?34935ad8eaef3babd22dff53b8d374284cb441c49cdf9d740dabc473e9a1a24969a387c69c63f88c8a44f41baa0f5300896fc20cb29c5a7655ad7d9aebd71355,gx-no-cache=1761574577990 HTTP/1.1" 200 74
190.95.1.185 - - [27/Oct/2025:11:14:42 -0300] "GET /cormun/static/menuarrow.gif HTTP/1.1" 404 1015
190.95.1.185 - - [27/Oct/2025:11:15:04 -0300] "GET /cormun/servlet/permisogoce?34935ad8eaef3babd22dff53b8d374280ab97d07cdd4fa5b887b3fa809fa905bd38123a9521f4b826d63a0a23de1b0d2c7e95da49691cd8f29e1715919900c80,gx-no-cache=1761574599724 HTTP/1.1" 200 47
179.57.78.71 - - [27/Oct/2025:11:15:23 -0300] "POST /cormun/servlet/solicitudot?gx-no-cache=1761574618768 HTTP/1.1" 200 1480
179.57.78.71 - - [27/Oct/2025:11:15:23 -0300] "POST /cormun/servlet/solicitudot?gx-no-cache=1761574618810 HTTP/1.1" 200 41
179.57.78.71 - - [27/Oct/2025:11:15:23 -0300] "GET /cormun/servlet/solicitudot?6821cfd62d405482b332e5165f36c984efe78fb4d11ca7e114aa9f7066958394839b8cf834d277c7fc0dacddc096b83a3596ab0126a993fcabcf13ca92f326a62b408b3346cf65f4a37c8ffe4ca782be7d81a4cf059c21716877b39f7d756874191f06957773a869e5eac87567e70873,gx-no-cache=1761574618827 HTTP/1.1" 200 110
179.57.78.71 - - [27/Oct/2025:11:15:23 -0300] "POST /cormun/servlet/solicitudot?gx-no-cache=1761574618844 HTTP/1.1" 200 79
179.57.78.71 - - [27/Oct/2025:11:15:23 -0300] "GET /cormun/servlet/solicitudot?6821cfd62d405482b332e5165f36c9846a41632b13f9f832e00ff39d90738a8b6754dfd537cd1a937646ec2f4a777e7b,gx-no-cache=1761574618876 HTTP/1.1" 200 30
179.57.78.71 - - [27/Oct/2025:11:15:23 -0300] "POST /cormun/servlet/solicitudot?gx-no-cache=1761574618896 HTTP/1.1" 200 30
179.57.78.71 - - [27/Oct/2025:11:15:24 -0300] "POST /cormun/servlet/solicitudot?f1b08adbb8adb5428e1ab8f51ae21d87,INS,0,0,false,,gx-no-cache=1761574618914 HTTP/1.1" 200 93
179.57.78.71 - - [27/Oct/2025:11:15:24 -0300] "GET /cormun/servlet/hpexe_return? HTTP/1.1" 200 1014
190.95.1.185 - - [27/Oct/2025:11:15:25 -0300] "POST /cormun/servlet/permisogoce?f7f428fe5daf4d5861c3f35276ad8387,INS,0,,,,gx-no-cache=1761574618758 HTTP/1.1" 200 93
190.95.1.185 - - [27/Oct/2025:11:15:25 -0300] "GET /cormun/servlet/hpexe_return? HTTP/1.1" 200 1008
190.95.1.185 - - [27/Oct/2025:11:15:25 -0300] "GET /cormun/servlet/trpermisosgoce HTTP/1.1" 200 17740
190.95.67.93 - - [27/Oct/2025:11:15:30 -0300] "GET /cormun/servlet/hlogin HTTP/1.1" 200 1723
190.95.67.93 - - [27/Oct/2025:11:15:33 -0300] "POST /cormun/servlet/hlogin?b6d633d048d56cd9d28dbd07d85f85a9,gx-no-cache=1761574627768 HTTP/1.1" 200 90
190.95.67.93 - - [27/Oct/2025:11:15:33 -0300] "GET /cormun/servlet/hpexe_link HTTP/1.1" 200 958
190.95.67.93 - - [27/Oct/2025:11:15:33 -0300] "GET /cormun/servlet/trlicencias HTTP/1.1" 200 11958
190.95.1.129 - - [27/Oct/2025:11:15:34 -0300] "GET /cormun/servlet/hlogin HTTP/1.1" 200 1728
190.95.1.185 - - [27/Oct/2025:11:15:35 -0300] "GET /cormun/servlet/apermisogoceprn?16845958,P,20251027111630,PU HTTP/1.1" 200 1665
190.95.1.129 - - [27/Oct/2025:11:15:43 -0300] "POST /cormun/servlet/hlogin?5ef8488442a8090e1ab332a4a8be7861,gx-no-cache=1761574638890 HTTP/1.1" 200 90
190.95.1.129 - - [27/Oct/2025:11:15:43 -0300] "GET /cormun/servlet/hpexe_link HTTP/1.1" 200 956
190.95.1.129 - - [27/Oct/2025:11:15:43 -0300] "GET /cormun/servlet/hhome HTTP/1.1" 200 4311
190.95.1.129 - - [27/Oct/2025:11:15:45 -0300] "GET /cormun/servlet/trlicencias? HTTP/1.1" 200 12825
190.95.67.93 - - [27/Oct/2025:11:15:50 -0300] "POST /cormun/servlet/trlicencias?b6d633d048d56cd9d28dbd07d85f85a9,gx-no-cache=1761574645194 HTTP/1.1" 200 4439
190.95.1.129 - - [27/Oct/2025:11:15:50 -0300] "GET /cormun/servlet/trpermisosgoce? HTTP/1.1" 200 14202
179.57.78.71 - - [27/Oct/2025:11:15:53 -0300] "GET /cormun/servlet/hlogin HTTP/1.1" 200 1725
179.57.78.71 - - [27/Oct/2025:11:15:57 -0300] "POST /cormun/servlet/hlogin?f1b08adbb8adb5428e1ab8f51ae21d87,gx-no-cache=1761574652625 HTTP/1.1" 200 90
179.57.78.71 - - [27/Oct/2025:11:15:57 -0300] "GET /cormun/servlet/hpexe_link HTTP/1.1" 200 963
179.57.78.71 - - [27/Oct/2025:11:15:57 -0300] "GET /cormun/servlet/prbanco?,MD, HTTP/1.1" 200 6652
190.95.67.93 - - [27/Oct/2025:11:16:00 -0300] "GET /cormun/static/menuarrow.gif HTTP/1.1" 404 1015
190.95.67.93 - - [27/Oct/2025:11:16:11 -0300] "POST /cormun/servlet/trlicencias?b6d633d048d56cd9d28dbd07d85f85a9,gx-no-cache=1761574666735 HTTP/1.1" 200 4440
190.95.67.93 - - [27/Oct/2025:11:16:13 -0300] "POST /cormun/servlet/trlicencias?b6d633d048d56cd9d28dbd07d85f85a9,gx-no-cache=1761574668263 HTTP/1.1" 200 4439
190.95.67.93 - - [27/Oct/2025:11:16:34 -0300] "POST /cormun/servlet/trlicencias?b6d633d048d56cd9d28dbd07d85f85a9,gx-no-cache=1761574689582 HTTP/1.1" 200 6444
179.57.78.71 - - [27/Oct/2025:11:16:45 -0300] "GET /cormun/servlet/hlogin HTTP/1.1" 200 1725
179.57.78.71 - - [27/Oct/2025:11:16:49 -0300] "POST /cormun/servlet/hlogin?f1b08adbb8adb5428e1ab8f51ae21d87,gx-no-cache=1761574704081 HTTP/1.1" 200 90
179.57.78.71 - - [27/Oct/2025:11:16:49 -0300] "GET /cormun/servlet/hpexe_link HTTP/1.1" 200 963
179.57.78.71 - - [27/Oct/2025:11:16:49 -0300] "GET /cormun/servlet/prbanco?,MD, HTTP/1.1" 200 6652
179.57.78.71 - - [27/Oct/2025:11:16:57 -0300] "GET /cormun/servlet/hlogin HTTP/1.1" 200 1746
179.57.78.71 - - [27/Oct/2025:11:17:02 -0300] "POST /cormun/servlet/hlogin?f1b08adbb8adb5428e1ab8f51ae21d87,gx-no-cache=1761574717079 HTTP/1.1" 200 90
179.57.78.71 - - [27/Oct/2025:11:17:02 -0300] "GET /cormun/servlet/hpexe_link HTTP/1.1" 200 963
179.57.78.71 - - [27/Oct/2025:11:17:02 -0300] "GET /cormun/servlet/prbanco?,MD, HTTP/1.1" 200 6652
190.95.67.93 - - [27/Oct/2025:11:17:11 -0300] "POST /cormun/servlet/trlicencias?b6d633d048d56cd9d28dbd07d85f85a9,gx-no-cache=1761574726406 HTTP/1.1" 200 4446
179.57.78.71 - - [27/Oct/2025:11:17:14 -0300] "GET /cormun/servlet/hlogin HTTP/1.1" 200 1725
179.57.78.71 - - [27/Oct/2025:11:17:18 -0300] "POST /cormun/servlet/hlogin?f1b08adbb8adb5428e1ab8f51ae21d87,gx-no-cache=1761574733617 HTTP/1.1" 200 423
179.57.78.71 - - [27/Oct/2025:11:17:21 -0300] "POST /cormun/servlet/hlogin?f1b08adbb8adb5428e1ab8f51ae21d87,gx-no-cache=1761574736207 HTTP/1.1" 200 423
179.57.78.71 - - [27/Oct/2025:11:17:24 -0300] "POST /cormun/servlet/hlogin?f1b08adbb8adb5428e1ab8f51ae21d87,gx-no-cache=1761574739679 HTTP/1.1" 200 90
179.57.78.71 - - [27/Oct/2025:11:17:24 -0300] "GET /cormun/servlet/hpexe_link HTTP/1.1" 200 963
179.57.78.71 - - [27/Oct/2025:11:17:24 -0300] "GET /cormun/servlet/prbanco?,MD, HTTP/1.1" 200 6652
190.95.1.185 - - [27/Oct/2025:11:18:10 -0300] "GET /cormun/servlet/permisogoce?INS,0,,, HTTP/1.1" 200 7381
45.82.78.103 - - [27/Oct/2025:11:19:05 -0300] "-" 400 -
45.82.78.103 - - [27/Oct/2025:11:19:16 -0300] "¨¤ˆTèÚ±ljFûy !LÿÄâÄY >Ò?À×EPH¬m¹ Yv2¤~ºÓ]¶yý>ï—@¥g ¸ÂpƒÝÀ+À/À,À0̨̩À ÀÀ" 400 -
45.82.78.103 - - [27/Oct/2025:11:19:17 -0300] "GET / HTTP/1.1" 200 11217
45.82.78.113 - - [27/Oct/2025:11:19:24 -0300] "GET /favicon.ico HTTP/1.1" 200 21630
190.95.67.93 - - [27/Oct/2025:11:19:32 -0300] "GET /cormun/servlet/hlogin HTTP/1.1" 200 1716
190.95.67.93 - - [27/Oct/2025:11:19:32 -0300] "GET /cormun/servlet/hlogin HTTP/1.1" 200 1726
190.95.67.93 - - [27/Oct/2025:11:19:34 -0300] "POST /cormun/servlet/hlogin?480b5587610171b63c3ffdb029bde604,gx-no-cache=1761574869460 HTTP/1.1" 200 90
190.95.67.93 - - [27/Oct/2025:11:19:34 -0300] "GET /cormun/servlet/hpexe_link HTTP/1.1" 200 947
190.95.67.93 - - [27/Oct/2025:11:19:34 -0300] "GET /cormun/servlet/hhome HTTP/1.1" 200 4333
190.95.67.93 - - [27/Oct/2025:11:19:37 -0300] "GET /cormun/servlet/trlicencias? HTTP/1.1" 200 11951
179.57.78.71 - - [27/Oct/2025:11:19:46 -0300] "GET /cormun/servlet/hlogin HTTP/1.1" 200 1722
179.57.78.71 - - [27/Oct/2025:11:19:52 -0300] "POST /cormun/servlet/hlogin?da85bd627664082503d4ae0f80339f03,gx-no-cache=1761574887608 HTTP/1.1" 200 90
179.57.78.71 - - [27/Oct/2025:11:19:52 -0300] "GET /cormun/servlet/hpexe_link HTTP/1.1" 200 954
179.57.78.71 - - [27/Oct/2025:11:19:52 -0300] "GET /cormun/servlet/hhome HTTP/1.1" 200 4266
179.57.78.71 - - [27/Oct/2025:11:19:57 -0300] "GET /cormun/servlet/trsolicitudot? HTTP/1.1" 200 8929
179.57.78.71 - - [27/Oct/2025:11:20:19 -0300] "POST /cormun/servlet/trsolicitudot?da85bd627664082503d4ae0f80339f03,,gx-no-cache=1761574913968 HTTP/1.1" 200 4882
179.57.78.71 - - [27/Oct/2025:11:20:19 -0300] "GET /cormun/static/Shared/jqueryui/images/ui-bg_highlight-soft_100_c6c2c8_1x100.png HTTP/1.1" 404 1117
179.57.78.71 - - [27/Oct/2025:11:20:19 -0300] "GET /cormun/static/Shared/jqueryui/images/ui-icons_82798d_256x240.png HTTP/1.1" 404 1089
179.57.78.71 - - [27/Oct/2025:11:20:19 -0300] "GET /cormun/static/Shared/jqueryui/images/ui-bg_flat_55_fafafa_40x100.png HTTP/1.1" 404 1097
179.57.78.71 - - [27/Oct/2025:11:20:19 -0300] "GET /cormun/static/Shared/jqueryui/images/ui-icons_8d78a5_256x240.png HTTP/1.1" 404 1089
179.57.78.71 - - [27/Oct/2025:11:20:19 -0300] "POST /cormun/servlet/trsolicitudot?da85bd627664082503d4ae0f80339f03,,gx-no-cache=1761574914154 HTTP/1.1" 200 4613
190.95.67.93 - - [27/Oct/2025:11:20:49 -0300] "POST /cormun/servlet/trlicencias?b6d633d048d56cd9d28dbd07d85f85a9,gx-no-cache=1761574944415 HTTP/1.1" 200 6444
190.95.67.93 - - [27/Oct/2025:11:20:56 -0300] "GET /cormun/servlet/trpermisosgoce? HTTP/1.1" 200 13617
190.95.67.93 - - [27/Oct/2025:11:20:59 -0300] "GET /cormun/static/menuarrow.gif HTTP/1.1" 404 1015
20.102.88.126 - - [27/Oct/2025:11:21:06 -0300] "-" 400 -
190.95.67.93 - - [27/Oct/2025:11:21:11 -0300] "POST /cormun/servlet/trpermisosgoce?b6d633d048d56cd9d28dbd07d85f85a9,,gx-no-cache=1761574966640 HTTP/1.1" 200 6510
190.95.15.9 - - [27/Oct/2025:11:23:55 -0300] "POST /cormun/servlet/trlicencias?1f9df7e84a59adfbcaeee3fa562bf8c2,gx-no-cache=1761575131458 HTTP/1.1" 200 11496
190.95.15.9 - - [27/Oct/2025:11:24:03 -0300] "POST /cormun/servlet/trlicencias?1f9df7e84a59adfbcaeee3fa562bf8c2,gx-no-cache=1761575139633 HTTP/1.1" 200 11495
190.95.2.163 - - [27/Oct/2025:11:28:06 -0300] "GET /cormun/servlet/hlogin HTTP/1.1" 200 1715
190.95.2.163 - - [27/Oct/2025:11:28:13 -0300] "POST /cormun/servlet/hlogin?9391e71e4ee7df847050bd567e7522f3,gx-no-cache=1761575388721 HTTP/1.1" 200 90
190.95.2.163 - - [27/Oct/2025:11:28:13 -0300] "GET /cormun/servlet/hpexe_link HTTP/1.1" 200 944
190.95.2.163 - - [27/Oct/2025:11:28:14 -0300] "GET /cormun/servlet/hhome HTTP/1.1" 200 3987
190.95.2.163 - - [27/Oct/2025:11:28:18 -0300] "GET /cormun/servlet/trpermisosgoce? HTTP/1.1" 200 13627
190.95.2.163 - - [27/Oct/2025:11:28:41 -0300] "POST /cormun/servlet/trpermisosgoce?9391e71e4ee7df847050bd567e7522f3,,gx-no-cache=1761575417318 HTTP/1.1" 200 10598
190.95.2.163 - - [27/Oct/2025:11:28:42 -0300] "POST /cormun/servlet/trpermisosgoce?9391e71e4ee7df847050bd567e7522f3,,gx-no-cache=1761575417763 HTTP/1.1" 200 10575
190.95.2.163 - - [27/Oct/2025:11:28:54 -0300] "GET /cormun/servlet/trpermisosadjuntos?11059443,20251024075244,P, HTTP/1.1" 200 6310
190.95.2.163 - - [27/Oct/2025:11:28:54 -0300] "GET /cormun/static/gxcfg.js?2020121641683 HTTP/1.1" 200 953
190.95.2.163 - - [27/Oct/2025:11:28:54 -0300] "GET /cormun/static/trpermisosadjuntos.js?2020121642996 HTTP/1.1" 200 20158
190.95.2.163 - - [27/Oct/2025:11:28:58 -0300] "GET /cormun/servlet/permisosadjuntos?INS,11059443,P,20251024075244,, HTTP/1.1" 200 5633
190.95.2.163 - - [27/Oct/2025:11:28:58 -0300] "GET /cormun/static/gxcfg.js?20201215134212 HTTP/1.1" 200 953
190.95.2.163 - - [27/Oct/2025:11:28:58 -0300] "GET /cormun/static/permisosadjuntos.js?20201215134285 HTTP/1.1" 200 8724
190.95.2.163 - - [27/Oct/2025:11:28:58 -0300] "GET /cormun/static/about:blank HTTP/1.1" 404 1011
190.95.2.163 - - [27/Oct/2025:11:29:32 -0300] "POST /cormun/servlet/permisosadjuntos?9391e71e4ee7df847050bd567e7522f3,INS,11059443,P,20251024075244,, HTTP/1.1" 200 116
190.95.2.163 - - [27/Oct/2025:11:29:32 -0300] "GET /cormun/servlet/hpexe_return? HTTP/1.1" 200 1031
190.95.2.163 - - [27/Oct/2025:11:29:32 -0300] "GET /cormun/servlet/trpermisosadjuntos?11059443,20251024075244,P, HTTP/1.1" 200 6768
190.95.2.163 - - [27/Oct/2025:11:29:36 -0300] "GET /cormun/servlet/trpermisosgoce? HTTP/1.1" 200 13428
190.95.2.163 - - [27/Oct/2025:11:29:40 -0300] "POST /cormun/servlet/trpermisosgoce?9391e71e4ee7df847050bd567e7522f3,,gx-no-cache=1761575475840 HTTP/1.1" 200 10641
190.95.2.163 - - [27/Oct/2025:11:29:40 -0300] "GET /cormun/static/Shared/jqueryui/images/ui-bg_highlight-soft_100_c6c2c8_1x100.png HTTP/1.1" 404 1117
190.95.2.163 - - [27/Oct/2025:11:29:40 -0300] "GET /cormun/static/Shared/jqueryui/images/ui-icons_82798d_256x240.png HTTP/1.1" 404 1089
190.95.2.163 - - [27/Oct/2025:11:29:40 -0300] "GET /cormun/static/Shared/jqueryui/images/ui-bg_flat_55_fafafa_40x100.png HTTP/1.1" 404 1097
190.95.2.163 - - [27/Oct/2025:11:29:40 -0300] "GET /cormun/static/Shared/jqueryui/images/ui-icons_8d78a5_256x240.png HTTP/1.1" 404 1089
190.95.2.163 - - [27/Oct/2025:11:29:53 -0300] "GET /cormun/servlet/trpermisosadjuntos?10979458,20251023081048,P, HTTP/1.1" 200 6302
190.95.2.163 - - [27/Oct/2025:11:29:56 -0300] "GET /cormun/servlet/permisosadjuntos?INS,10979458,P,20251023081048,, HTTP/1.1" 200 5622
190.95.2.163 - - [27/Oct/2025:11:29:56 -0300] "GET /cormun/static/about:blank HTTP/1.1" 404 1011
190.95.2.163 - - [27/Oct/2025:11:30:10 -0300] "POST /cormun/servlet/permisosadjuntos?9391e71e4ee7df847050bd567e7522f3,INS,10979458,P,20251023081048,, HTTP/1.1" 200 116
190.95.2.163 - - [27/Oct/2025:11:30:10 -0300] "GET /cormun/servlet/hpexe_return? HTTP/1.1" 200 1032
190.95.2.163 - - [27/Oct/2025:11:30:10 -0300] "GET /cormun/servlet/trpermisosadjuntos?10979458,20251023081048,P, HTTP/1.1" 200 6757
190.95.15.15 - - [27/Oct/2025:11:30:11 -0300] "GET /cormun/servlet/trlicencias HTTP/1.1" 200 6050
190.95.15.15 - - [27/Oct/2025:11:30:11 -0300] "GET /cormun/servlet/hlogin HTTP/1.1" 200 1733
190.95.2.163 - - [27/Oct/2025:11:30:14 -0300] "GET /cormun/servlet/trpermisosgoce? HTTP/1.1" 200 13444
190.95.2.163 - - [27/Oct/2025:11:30:20 -0300] "POST /cormun/servlet/trpermisosgoce?9391e71e4ee7df847050bd567e7522f3,,gx-no-cache=1761575516191 HTTP/1.1" 200 10648
190.95.15.15 - - [27/Oct/2025:11:30:20 -0300] "POST /cormun/servlet/hlogin?1199162d12c75c735a988a15517b2825,gx-no-cache=1761575515474 HTTP/1.1" 200 90
190.95.15.15 - - [27/Oct/2025:11:30:20 -0300] "GET /cormun/servlet/hpexe_link HTTP/1.1" 200 952
190.95.15.15 - - [27/Oct/2025:11:30:20 -0300] "GET /cormun/servlet/trlicencias HTTP/1.1" 200 13407
190.95.67.99 - - [27/Oct/2025:11:30:26 -0300] "GET /cormun/servlet/trlicencias? HTTP/1.1" 200 6052
190.95.67.99 - - [27/Oct/2025:11:30:27 -0300] "GET /cormun/servlet/hlogin HTTP/1.1" 200 1735
190.95.2.163 - - [27/Oct/2025:11:30:29 -0300] "GET /cormun/servlet/trpermisosadjuntos?25940801,20251023080949,P, HTTP/1.1" 200 6294
190.95.67.99 - - [27/Oct/2025:11:30:30 -0300] "POST /cormun/servlet/hlogin?d36b5745108925ba744a2d651940c108,gx-no-cache=1761575525757 HTTP/1.1" 200 90
190.95.67.99 - - [27/Oct/2025:11:30:30 -0300] "GET /cormun/servlet/hpexe_link HTTP/1.1" 200 955
190.95.67.99 - - [27/Oct/2025:11:30:31 -0300] "GET /cormun/servlet/trlicencias HTTP/1.1" 200 10708
190.95.2.163 - - [27/Oct/2025:11:30:32 -0300] "GET /cormun/servlet/permisosadjuntos?INS,25940801,P,20251023080949,, HTTP/1.1" 200 5618
190.95.2.163 - - [27/Oct/2025:11:30:32 -0300] "GET /cormun/static/about:blank HTTP/1.1" 404 1011
190.95.67.99 - - [27/Oct/2025:11:30:36 -0300] "GET /cormun/static/menuarrow.gif HTTP/1.1" 404 1015
190.95.2.163 - - [27/Oct/2025:11:30:43 -0300] "POST /cormun/servlet/permisosadjuntos?9391e71e4ee7df847050bd567e7522f3,INS,25940801,P,20251023080949,, HTTP/1.1" 200 116
190.95.2.163 - - [27/Oct/2025:11:30:43 -0300] "GET /cormun/servlet/hpexe_return? HTTP/1.1" 200 1030
190.95.2.163 - - [27/Oct/2025:11:30:43 -0300] "GET /cormun/servlet/trpermisosadjuntos?25940801,20251023080949,P, HTTP/1.1" 200 6750
190.95.67.99 - - [27/Oct/2025:11:30:49 -0300] "POST /cormun/servlet/trlicencias?d36b5745108925ba744a2d651940c108,gx-no-cache=1761575544542 HTTP/1.1" 200 7690
190.95.2.163 - - [27/Oct/2025:11:30:50 -0300] "GET /cormun/servlet/trpermisosgoce? HTTP/1.1" 200 13440
190.95.2.163 - - [27/Oct/2025:11:30:56 -0300] "POST /cormun/servlet/trpermisosgoce?9391e71e4ee7df847050bd567e7522f3,,gx-no-cache=1761575551517 HTTP/1.1" 200 10641
129.222.173.48 - - [27/Oct/2025:11:31:23 -0300] "POST /cormun/servlet/hlogin?281b434f3ca9263db9da87b7f78b1c87,gx-no-cache=1761575579229 HTTP/1.1" 440 972
129.222.173.48 - - [27/Oct/2025:11:31:25 -0300] "GET /cormun/servlet/hlogin HTTP/1.1" 200 1729
129.222.173.48 - - [27/Oct/2025:11:31:28 -0300] "POST /cormun/servlet/hlogin?dc5fc8f61088ae1e5cfeb91ef47863b0,gx-no-cache=1761575583645 HTTP/1.1" 200 90
129.222.173.48 - - [27/Oct/2025:11:31:28 -0300] "GET /cormun/servlet/hpexe_link HTTP/1.1" 200 949
129.222.173.48 - - [27/Oct/2025:11:31:28 -0300] "GET /cormun/servlet/hhome HTTP/1.1" 200 3944
129.222.173.48 - - [27/Oct/2025:11:31:33 -0300] "GET /cormun/servlet/trsolicitudot? HTTP/1.1" 200 7156
129.222.173.48 - - [27/Oct/2025:11:31:33 -0300] "GET /cormun/static/gxcfg.js?20221129846531 HTTP/1.1" 200 953
129.222.173.48 - - [27/Oct/2025:11:31:33 -0300] "GET /cormun/static/trsolicitudot.js?202211298465651 HTTP/1.1" 200 54040
129.222.173.48 - - [27/Oct/2025:11:31:36 -0300] "GET /cormun/servlet/solicitudot?INS,0,0,false, HTTP/1.1" 200 15943
129.222.173.48 - - [27/Oct/2025:11:31:36 -0300] "GET /cormun/static/gxcfg.js?20221129840861 HTTP/1.1" 200 953
129.222.173.48 - - [27/Oct/2025:11:31:36 -0300] "GET /cormun/static/Resources/prompt.gif HTTP/1.1" 304 -
129.222.173.48 - - [27/Oct/2025:11:31:37 -0300] "GET /cormun/static/solicitudot.js?20221129840983 HTTP/1.1" 200 74072
190.95.2.163 - - [27/Oct/2025:11:31:40 -0300] "GET /cormun/servlet/hlogin HTTP/1.1" 200 1715
190.95.2.163 - - [27/Oct/2025:11:31:45 -0300] "POST /cormun/servlet/hlogin?9391e71e4ee7df847050bd567e7522f3,gx-no-cache=1761575601143 HTTP/1.1" 200 90
190.95.2.163 - - [27/Oct/2025:11:31:45 -0300] "GET /cormun/servlet/hpexe_link HTTP/1.1" 200 944
190.95.2.163 - - [27/Oct/2025:11:31:45 -0300] "GET /cormun/servlet/hhome HTTP/1.1" 200 4180
190.95.2.163 - - [27/Oct/2025:11:31:45 -0300] "GET /cormun/static/SmoothNavMenu/resources/images/right.gif HTTP/1.1" 200 860
190.95.2.163 - - [27/Oct/2025:11:31:51 -0300] "GET /cormun/servlet/trautorizarpermisogoce? HTTP/1.1" 200 8350
190.95.2.163 - - [27/Oct/2025:11:31:51 -0300] "GET /cormun/static/gxcfg.js?2020121645532 HTTP/1.1" 200 953
190.95.2.163 - - [27/Oct/2025:11:31:51 -0300] "GET /cormun/static/trautorizarpermisogoce.js?2020121651492 HTTP/1.1" 200 34948
190.95.2.163 - - [27/Oct/2025:11:31:54 -0300] "POST /cormun/servlet/trautorizarpermisogoce?9391e71e4ee7df847050bd567e7522f3,,gx-no-cache=1761575610479 HTTP/1.1" 200 5547
190.95.2.163 - - [27/Oct/2025:11:31:55 -0300] "GET /cormun/static/Shared/jqueryui/images/ui-icons_82798d_256x240.png HTTP/1.1" 404 1089
190.95.2.163 - - [27/Oct/2025:11:31:55 -0300] "GET /cormun/static/Shared/jqueryui/images/ui-bg_highlight-soft_100_c6c2c8_1x100.png HTTP/1.1" 404 1117
190.95.2.163 - - [27/Oct/2025:11:31:55 -0300] "GET /cormun/static/Shared/jqueryui/images/ui-bg_flat_55_fafafa_40x100.png HTTP/1.1" 404 1097
190.95.2.163 - - [27/Oct/2025:11:31:55 -0300] "GET /cormun/static/Shared/jqueryui/images/ui-icons_8d78a5_256x240.png HTTP/1.1" 404 1089
190.95.2.163 - - [27/Oct/2025:11:31:56 -0300] "POST /cormun/servlet/trautorizarpermisogoce?9391e71e4ee7df847050bd567e7522f3,,gx-no-cache=1761575611790 HTTP/1.1" 200 5279
190.95.2.163 - - [27/Oct/2025:11:31:57 -0300] "POST /cormun/servlet/trautorizarpermisogoce?9391e71e4ee7df847050bd567e7522f3,,gx-no-cache=1761575613360 HTTP/1.1" 200 4522
201.186.225.183 - - [27/Oct/2025:11:33:23 -0300] "GET /cormun/servlet/trlicencias? HTTP/1.1" 200 6052
201.186.225.183 - - [27/Oct/2025:11:33:23 -0300] "GET /cormun/static/gxui/gxui-all.css?120300 HTTP/1.1" 200 2179
201.186.225.183 - - [27/Oct/2025:11:33:23 -0300] "GET /cormun/static/calendar-system.css?85620 HTTP/1.1" 200 5572
201.186.225.183 - - [27/Oct/2025:11:33:23 -0300] "GET /cormun/static/Shared/ext/resources/css/ext-all.css?215870 HTTP/1.1" 200 416045
201.186.225.183 - - [27/Oct/2025:11:33:23 -0300] "GET /cormun/servlet/hlogin HTTP/1.1" 200 1741
201.186.225.183 - - [27/Oct/2025:11:33:28 -0300] "POST /cormun/servlet/hlogin?f9cbb887c091b940b43f371c7236315b,gx-no-cache=1761575704811 HTTP/1.1" 200 90
201.186.225.183 - - [27/Oct/2025:11:33:28 -0300] "GET /cormun/servlet/hpexe_link HTTP/1.1" 200 958
201.186.225.183 - - [27/Oct/2025:11:33:29 -0300] "GET /cormun/servlet/trlicencias HTTP/1.1" 200 13790
201.186.225.183 - - [27/Oct/2025:11:33:32 -0300] "GET /cormun/servlet/trpermisosgoce? HTTP/1.1" 200 18522
201.186.225.183 - - [27/Oct/2025:11:33:32 -0300] "GET /cormun/static/gxcfg.js?2020121631564 HTTP/1.1" 200 953
201.186.225.183 - - [27/Oct/2025:11:33:32 -0300] "GET /cormun/static/trpermisosgoce.js?2020121633681 HTTP/1.1" 200 35904
201.186.225.183 - - [27/Oct/2025:11:33:35 -0300] "GET /cormun/servlet/permisogoce?INS,0,,, HTTP/1.1" 200 6831
201.186.225.183 - - [27/Oct/2025:11:33:35 -0300] "GET /cormun/static/gxcfg.js?20201215124560 HTTP/1.1" 200 953
201.186.225.183 - - [27/Oct/2025:11:33:35 -0300] "GET /cormun/static/permisogoce.js?20201215124939 HTTP/1.1" 200 27790
201.186.225.183 - - [27/Oct/2025:11:33:41 -0300] "GET /cormun/servlet/permisogoce?1efdbe72734326c255222ecb00bf57ec4157280efdf22742fbf51cb20cc807989660b3ed3c0171e2e5d6fb95bd523f96c1feb896b8817e027421a1374705ce32,gx-no-cache=1761575717485 HTTP/1.1" 200 81
201.186.225.183 - - [27/Oct/2025:11:33:42 -0300] "GET /cormun/static/menuarrow.gif HTTP/1.1" 404 1015
201.186.225.183 - - [27/Oct/2025:11:33:45 -0300] "GET /cormun/servlet/permisogoce?1efdbe72734326c255222ecb00bf57ecbb324d74fbd8f6566ef190e67373a19bfc65eb13fe4e72227c53e6adcf087bcaca076b6e46e743c463454d6cf961f77d,gx-no-cache=1761575721895 HTTP/1.1" 200 47
201.186.225.183 - - [27/Oct/2025:11:33:48 -0300] "POST /cormun/servlet/permisogoce?f9cbb887c091b940b43f371c7236315b,INS,0,,,,gx-no-cache=1761575723080 HTTP/1.1" 200 93
201.186.225.183 - - [27/Oct/2025:11:33:48 -0300] "GET /cormun/servlet/hpexe_return? HTTP/1.1" 200 1013
201.186.225.183 - - [27/Oct/2025:11:33:48 -0300] "GET /cormun/static/gxcfg.js?20221129846035 HTTP/1.1" 200 953
201.186.225.183 - - [27/Oct/2025:11:33:48 -0300] "GET /cormun/static/hpexe_return.js?20221129846037 HTTP/1.1" 200 1633
201.186.225.183 - - [27/Oct/2025:11:33:48 -0300] "GET /cormun/servlet/trpermisosgoce HTTP/1.1" 200 18552
201.186.225.183 - - [27/Oct/2025:11:33:51 -0300] "GET /cormun/servlet/apermisogoceprn?12690833,P,20251027113546,PU HTTP/1.1" 200 1648
190.95.15.15 - - [27/Oct/2025:11:34:03 -0300] "GET /cormun/servlet/hlogin HTTP/1.1" 200 1716
190.95.15.15 - - [27/Oct/2025:11:34:04 -0300] "GET /cormun/servlet/hlogin HTTP/1.1" 200 1726
190.95.15.15 - - [27/Oct/2025:11:34:12 -0300] "POST /cormun/servlet/hlogin?b43c8da5fb7837169be17911ef1f8197,gx-no-cache=1761575746292 HTTP/1.1" 200 90
190.95.15.15 - - [27/Oct/2025:11:34:12 -0300] "GET /cormun/servlet/hpexe_link HTTP/1.1" 200 947
190.95.15.15 - - [27/Oct/2025:11:34:12 -0300] "GET /cormun/servlet/hhome HTTP/1.1" 200 3987
190.95.15.15 - - [27/Oct/2025:11:34:15 -0300] "GET /cormun/servlet/trlicencias? HTTP/1.1" 200 13539
190.95.67.99 - - [27/Oct/2025:11:34:25 -0300] "POST /cormun/servlet/trlicencias?d36b5745108925ba744a2d651940c108,gx-no-cache=1761575760526 HTTP/1.1" 200 9157
201.186.225.183 - - [27/Oct/2025:11:35:24 -0300] "GET /cormun/servlet/permisogoce?INS,0,,, HTTP/1.1" 200 6832
201.186.225.183 - - [27/Oct/2025:11:35:31 -0300] "GET /cormun/servlet/permisogoce?1efdbe72734326c255222ecb00bf57ecc791dad93f1e12d33f95dfe66ddd2cf89660b3ed3c0171e2e5d6fb95bd523f96c1feb896b8817e027421a1374705ce32,gx-no-cache=1761575827607 HTTP/1.1" 200 80
201.186.225.183 - - [27/Oct/2025:11:35:41 -0300] "GET /cormun/servlet/permisogoce?1efdbe72734326c255222ecb00bf57ece443d1c3d72f53ac0615f6cbb5baeb455a378d7516f1d23db75f5da04e7ba169ca076b6e46e743c463454d6cf961f77d,gx-no-cache=1761575837599 HTTP/1.1" 200 47
190.95.15.15 - - [27/Oct/2025:11:35:44 -0300] "GET /cormun/servlet/trpermisosgoce? HTTP/1.1" 200 15649
201.186.225.183 - - [27/Oct/2025:11:35:46 -0300] "POST /cormun/servlet/permisogoce?f9cbb887c091b940b43f371c7236315b,INS,0,,,,gx-no-cache=1761575841592 HTTP/1.1" 200 93
201.186.225.183 - - [27/Oct/2025:11:35:46 -0300] "GET /cormun/servlet/hpexe_return? HTTP/1.1" 200 1013
201.186.225.183 - - [27/Oct/2025:11:35:46 -0300] "GET /cormun/servlet/trpermisosgoce HTTP/1.1" 200 18559
190.95.15.15 - - [27/Oct/2025:11:35:48 -0300] "GET /cormun/servlet/permisogoce?INS,0,,, HTTP/1.1" 200 6854
201.186.225.183 - - [27/Oct/2025:11:35:49 -0300] "GET /cormun/servlet/apermisogoceprn?10637809,P,20251027113734,PU HTTP/1.1" 200 1650
201.186.225.183 - - [27/Oct/2025:11:35:54 -0300] "GET /cormun/servlet/permisogoce?INS,0,,, HTTP/1.1" 200 6831
201.186.225.183 - - [27/Oct/2025:11:35:56 -0300] "GET /cormun/servlet/permisogoce?1efdbe72734326c255222ecb00bf57ecc791dad93f1e12d33f95dfe66ddd2cf89660b3ed3c0171e2e5d6fb95bd523f96c1feb896b8817e027421a1374705ce32,gx-no-cache=1761575852855 HTTP/1.1" 200 80
190.95.15.15 - - [27/Oct/2025:11:35:59 -0300] "GET /cormun/servlet/permisogoce?1afeef843999bec5e9c026112690447d7ad60db386b19749a051078c03f9bfa9b9be4aa59f8154e7c2c8800b14fb271f1da182f883a153ff04263f353ca3715e,gx-no-cache=1761575854330 HTTP/1.1" 200 78
190.95.15.15 - - [27/Oct/2025:11:35:59 -0300] "GET /cormun/static/menuarrow.gif HTTP/1.1" 404 1015
201.186.225.183 - - [27/Oct/2025:11:36:01 -0300] "GET /cormun/servlet/permisogoce?1efdbe72734326c255222ecb00bf57ece443d1c3d72f53ac0615f6cbb5baeb45881adfaf626199317ad680c4b212a237ca076b6e46e743c463454d6cf961f77d,gx-no-cache=1761575857456 HTTP/1.1" 200 48
201.186.225.183 - - [27/Oct/2025:11:36:02 -0300] "POST /cormun/servlet/permisogoce?f9cbb887c091b940b43f371c7236315b,INS,0,,,,gx-no-cache=1761575858433 HTTP/1.1" 200 93
201.186.225.183 - - [27/Oct/2025:11:36:02 -0300] "GET /cormun/servlet/hpexe_return? HTTP/1.1" 200 1013
201.186.225.183 - - [27/Oct/2025:11:36:03 -0300] "GET /cormun/servlet/trpermisosgoce HTTP/1.1" 200 18543
190.95.15.15 - - [27/Oct/2025:11:36:05 -0300] "GET /cormun/servlet/permisogoce?1afeef843999bec5e9c026112690447d27b4151afe1a4889634798d71a4784ebe49b4fc791d191b29e48d259ac00af6220174c0c2a73142544a44b258cf7a1a1,gx-no-cache=1761575860344 HTTP/1.1" 200 48
201.186.225.183 - - [27/Oct/2025:11:36:07 -0300] "GET /cormun/servlet/apermisogoceprn?10637809,P,20251027113805,PU HTTP/1.1" 200 1654
190.95.15.15 - - [27/Oct/2025:11:36:08 -0300] "POST /cormun/servlet/permisogoce?1199162d12c75c735a988a15517b2825,INS,0,,,,gx-no-cache=1761575861754 HTTP/1.1" 200 93
190.95.15.15 - - [27/Oct/2025:11:36:08 -0300] "GET /cormun/servlet/hpexe_return? HTTP/1.1" 200 1007
190.95.15.15 - - [27/Oct/2025:11:36:08 -0300] "GET /cormun/servlet/trpermisosgoce HTTP/1.1" 200 15926
190.95.15.15 - - [27/Oct/2025:11:36:11 -0300] "GET /cormun/servlet/apermisogoceprn?18375077,P,20251027113758,PU HTTP/1.1" 200 1660
190.95.67.99 - - [27/Oct/2025:11:36:24 -0300] "POST /cormun/servlet/trlicencias?d36b5745108925ba744a2d651940c108,gx-no-cache=1761575879758 HTTP/1.1" 200 8394
129.222.173.48 - - [27/Oct/2025:11:36:48 -0300] "POST /cormun/servlet/solicitudot?gx-no-cache=1761575903849 HTTP/1.1" 200 4161
129.222.173.48 - - [27/Oct/2025:11:36:49 -0300] "POST /cormun/servlet/solicitudot?dc5fc8f61088ae1e5cfeb91ef47863b0,INS,0,0,false,,gx-no-cache=1761575904292 HTTP/1.1" 200 12727
129.222.173.48 - - [27/Oct/2025:11:36:49 -0300] "GET /cormun/servlet/solicitudot?708188ea6a15726467a87a09452c75d5aff1066bff5f24aa8a59270120c8208dcee1500110ee3991c71d9fbc63f11255,gx-no-cache=1761575904501 HTTP/1.1" 200 30
190.95.67.99 - - [27/Oct/2025:11:37:54 -0300] "POST /cormun/servlet/trlicencias?d36b5745108925ba744a2d651940c108,gx-no-cache=1761575969262 HTTP/1.1" 200 7240
129.222.173.48 - - [27/Oct/2025:11:38:35 -0300] "GET /cormun/servlet/solicitudot?708188ea6a15726467a87a09452c75d527a603b1518b87fad87b1353331b42cba45e0dca841bac2847eb5c7a31154574c6c92e77a6db4f4c27b4910097859016,gx-no-cache=1761576010663 HTTP/1.1" 200 30
129.222.173.48 - - [27/Oct/2025:11:38:35 -0300] "GET /cormun/servlet/solicitudot?708188ea6a15726467a87a09452c75d5f36adeffa5bee20bca899400c95f937f,gx-no-cache=1761576010833 HTTP/1.1" 200 45
129.222.173.48 - - [27/Oct/2025:11:38:35 -0300] "POST /cormun/servlet/solicitudot?gx-no-cache=1761576010899 HTTP/1.1" 200 240
129.222.173.48 - - [27/Oct/2025:11:38:35 -0300] "GET /cormun/servlet/solicitudot?708188ea6a15726467a87a09452c75d5c0689c7c91890162cff0f514880784ddda88ab613e003841f24c3e37a2072889454de36e68fa1d02ed07a108374e254d6b06628194e3b0e6ecf74c52c22157980dff55f627000b4f419cba6eb1a03a4e55651202f57cbdf0a81e4178e9f1dc23506023f17fb65a3fa0a6de1da26a3d028f2d28ec853aec0c7df54995e183cd394a8c199729eeab1a73910976e34eba1e7d69e967f17381e3a0bb0177072635dcaffe0c64205b253413e23cd817de9f1948db46352d26c6ad2ffc8275d6e9799366d7963dd6cb9d69d621233bfeae08477a958a1a7d31fb256bdb156f54780844988f0a788f254be9c4222d2a01ef86450e9a9fa66cead70c3b1f044b203773a5bb4fc6e92b5be02e5ec9eb7d77fc895e539ad4718325255fcfc75dbd43540d625c660b51b3182bd17ef53154ec6de86fd34e09cca9f7f03d95c59311c69f1318173c6033c32dadc78c66d5e2adf2582702d63a448f9291e321cae5dc6b9d5084e5059622778e38d0d9feb2ff4af7e8a9,gx-no-cache=1761576010978 HTTP/1.1" 200 30
129.222.173.48 - - [27/Oct/2025:11:38:35 -0300] "POST /cormun/servlet/solicitudot?gx-no-cache=1761576011038 HTTP/1.1" 200 30
129.222.173.48 - - [27/Oct/2025:11:38:35 -0300] "POST /cormun/servlet/solicitudot?gx-no-cache=1761576011106 HTTP/1.1" 200 1481
129.222.173.48 - - [27/Oct/2025:11:38:35 -0300] "POST /cormun/servlet/solicitudot?gx-no-cache=1761576011179 HTTP/1.1" 200 38
129.222.173.48 - - [27/Oct/2025:11:38:35 -0300] "GET /cormun/servlet/solicitudot?708188ea6a15726467a87a09452c75d5643166012a3c3697af0d94cc1cb7cbf3726f40c698473f451307f98dad02145107579d8478526b0c4b5d935af2eda949f12f0205068e6c7ffe18255e66e1e1887cecb48699dafb1a4b3ea73ae9d566cca6893d14cf7318072d27d25e08404785,gx-no-cache=1761576011244 HTTP/1.1" 200 110
190.95.15.15 - - [27/Oct/2025:11:39:21 -0300] "GET /cormun/servlet/permisogoce?INS,0,,, HTTP/1.1" 200 6854
190.95.67.99 - - [27/Oct/2025:11:39:22 -0300] "POST /cormun/servlet/trlicencias?d36b5745108925ba744a2d651940c108,gx-no-cache=1761576057198 HTTP/1.1" 200 7468
190.95.15.15 - - [27/Oct/2025:11:39:29 -0300] "GET /cormun/servlet/permisogoce?1afeef843999bec5e9c026112690447d5e82690339379e5a2907c64c55a6210eb9be4aa59f8154e7c2c8800b14fb271f1da182f883a153ff04263f353ca3715e,gx-no-cache=1761576064542 HTTP/1.1" 200 86
