200.126.117.15 - - [27/Oct/2025:10:26:28 -0300] "GET /cormun/static/hhome.js?20201215495544 HTTP/1.1" 200 777
200.126.117.15 - - [27/Oct/2025:10:26:28 -0300] "GET /cormun/static/gxcfg.js?20201215495537 HTTP/1.1" 200 953
200.126.117.15 - - [27/Oct/2025:10:26:32 -0300] "GET /cormun/servlet/trpermisosgoce? HTTP/1.1" 200 12392
200.126.117.15 - - [27/Oct/2025:10:26:32 -0300] "GET /cormun/static/gxui/gxui-all.css?120300 HTTP/1.1" 200 2179
200.126.117.15 - - [27/Oct/2025:10:26:33 -0300] "GET /cormun/static/Resources/PXTools/calendar.png HTTP/1.1" 200 1306
200.126.117.15 - - [27/Oct/2025:10:26:33 -0300] "GET /cormun/static/gxcfg.js?2020121631564 HTTP/1.1" 200 953
200.126.117.15 - - [27/Oct/2025:10:26:33 -0300] "GET /cormun/static/trpermisosgoce.js?2020121633681 HTTP/1.1" 200 35904
200.126.117.15 - - [27/Oct/2025:10:26:33 -0300] "GET /cormun/static/Shared/ext/resources/css/ext-all.css?215870 HTTP/1.1" 200 416045
200.126.117.15 - - [27/Oct/2025:10:26:33 -0300] "GET /cormun/static/Shared/ext/resources/themes/images/default/panel/bg-headersPanel.png HTTP/1.1" 200 255
200.126.117.15 - - [27/Oct/2025:10:26:33 -0300] "GET /cormun/static/Shared/ext/resources/themes/images/default/tools/tool-sprites.gif HTTP/1.1" 200 5434
200.126.117.15 - - [27/Oct/2025:10:26:37 -0300] "GET /cormun/servlet/apermisogoceprn?10242765,P,20251027102702,PU HTTP/1.1" 200 1656
200.126.117.15 - - [27/Oct/2025:10:26:38 -0300] "GET /cormun/servlet/apermisogoceprn?10242765,P,20251027102702,PU HTTP/1.1" 200 1659
192.168.10.19 - - [27/Oct/2025:10:26:51 -0300] "POST /cormun/servlet/vesolicitudgral?fe7dbb51d13f3b8cb9083a6a5927146b,2025,23063,,,gx-no-cache=1761571742320 HTTP/1.1" 200 12394
192.168.10.19 - - [27/Oct/2025:10:26:51 -0300] "GET /cormun/static/Shared/jqueryui/images/ui-icons_82798d_256x240.png HTTP/1.1" 404 1089
192.168.10.19 - - [27/Oct/2025:10:26:51 -0300] "GET /cormun/static/Shared/jqueryui/images/ui-bg_highlight-soft_100_c6c2c8_1x100.png HTTP/1.1" 404 1117
192.168.10.19 - - [27/Oct/2025:10:26:51 -0300] "GET /cormun/static/Shared/jqueryui/images/ui-bg_flat_55_fafafa_40x100.png HTTP/1.1" 404 1097
192.168.10.19 - - [27/Oct/2025:10:26:51 -0300] "GET /cormun/static/Shared/jqueryui/images/ui-icons_8d78a5_256x240.png HTTP/1.1" 404 1089
192.168.10.19 - - [27/Oct/2025:10:26:51 -0300] "POST /cormun/servlet/vesolicitudgral?fe7dbb51d13f3b8cb9083a6a5927146b,2025,23063,,,gx-no-cache=1761571742549 HTTP/1.1" 200 12329
172.225.84.156 - - [27/Oct/2025:10:27:40 -0300] "ÿûöì¯ÒùфÏNF{¶[ê4Á¶Ü¯û˜ˆfï…ïïW Ò,éyÕÉìÚLýx&N¶6ÁÇ%!ÉFd·lvþۏ®*ÚÚÀ,À+Ì©À0À/̨À " 400 -
172.225.84.156 - - [27/Oct/2025:10:27:41 -0300] "GET /cormun/servlet/licenciaspermisos?DSP,14202116,L,20251025000000, HTTP/1.1" 200 7377
172.225.84.156 - - [27/Oct/2025:10:27:41 -0300] "-" 400 -
172.225.84.156 - - [27/Oct/2025:10:27:42 -0300] "GET /cormun/servlet/licenciaspermisos?DSP,14202116,L,20251025000000, HTTP/1.1" 200 7377
172.225.84.156 - - [27/Oct/2025:10:27:42 -0300] "ÿûREvj Ä7;£«|ªo>Œ0ën kOîàTå`š_O 1¢ªÍC(!ü)ÙwQYFµ™òºª£Â °á ²*úúÀ,À+Ì©À0À/̨À" 400 -
172.225.84.156 - - [27/Oct/2025:10:27:42 -0300] "-" 400 -
172.225.84.156 - - [27/Oct/2025:10:27:42 -0300] "GET /cormun/static/licenciaspermisos.js?2020121532136 HTTP/1.1" 200 38753
172.225.84.156 - - [27/Oct/2025:10:27:42 -0300] "-" 400 -
172.225.84.156 - - [27/Oct/2025:10:27:42 -0300] "-" 400 -
172.225.84.156 - - [27/Oct/2025:10:27:43 -0300] "GET /cormun/static/gxcfg.js?202012153173 HTTP/1.1" 200 953
172.225.84.156 - - [27/Oct/2025:10:27:43 -0300] "ÿûª•ƒÿågƒƒ0Ôэ–]|¹w+7%WD(2©aÏzç `ӉDá(ðÜ8áæÝ®ÏÙAo!chd?ZŽTž*ŠŠÀ,À+Ì©À0À/̨À " 400 -
172.225.84.156 - - [27/Oct/2025:10:27:43 -0300] "GET /cormun/static/Resources/prompt.gif HTTP/1.1" 200 902
172.225.84.156 - - [27/Oct/2025:10:27:54 -0300] "GET /cormun/servlet/licenciaspermisos?DSP,14202116,L,20250930000000, HTTP/1.1" 200 7382
172.225.84.156 - - [27/Oct/2025:10:28:01 -0300] "GET /cormun/servlet/hlogin HTTP/1.1" 200 1736
190.95.15.15 - - [27/Oct/2025:10:32:45 -0300] "GET /cormun/servlet/trlicencias HTTP/1.1" 200 13408
190.95.1.187 - - [27/Oct/2025:10:34:46 -0300] "GET /cormun/servlet/trlicencias? HTTP/1.1" 200 9723
190.95.1.187 - - [27/Oct/2025:10:34:47 -0300] "GET /favicon.ico HTTP/1.1" 200 21630
190.95.1.187 - - [27/Oct/2025:10:35:21 -0300] "GET /cormun/static/menuarrow.gif HTTP/1.1" 404 1015
190.95.1.187 - - [27/Oct/2025:10:35:27 -0300] "POST /cormun/servlet/trlicencias?011f6c59f6f488ec0c517b2a1f9ac02c,,gx-no-cache=1761572219667 HTTP/1.1" 200 7478
190.95.1.187 - - [27/Oct/2025:10:35:51 -0300] "GET /cormun/servlet/trautorizarpermisogoce? HTTP/1.1" 200 12077
190.95.1.187 - - [27/Oct/2025:10:35:51 -0300] "GET /cormun/static/gxcfg.js?2020121645532 HTTP/1.1" 200 953
190.95.1.187 - - [27/Oct/2025:10:35:51 -0300] "GET /cormun/static/trautorizarpermisogoce.js?2020121651492 HTTP/1.1" 200 34948
192.168.10.19 - - [27/Oct/2025:10:36:01 -0300] "POST /cormun/servlet/vesolicitudgral?fe7dbb51d13f3b8cb9083a6a5927146b,2025,23063,,,gx-no-cache=1761572292878 HTTP/1.1" 200 12378
192.168.10.19 - - [27/Oct/2025:10:36:03 -0300] "GET /cormun/servlet/trautorizarot? HTTP/1.1" 200 9566
190.95.1.187 - - [27/Oct/2025:10:36:07 -0300] "GET /cormun/servlet/autorizarpermisogoce?DSP,16598111,P,20251024101448, HTTP/1.1" 200 6275
190.95.1.187 - - [27/Oct/2025:10:36:07 -0300] "GET /cormun/static/gxcfg.js?202211298405163 HTTP/1.1" 200 953
190.95.1.187 - - [27/Oct/2025:10:36:07 -0300] "GET /cormun/static/autorizarpermisogoce.js?202211298405174 HTTP/1.1" 200 16019
192.168.10.19 - - [27/Oct/2025:10:36:07 -0300] "POST /cormun/servlet/trautorizarot?fe7dbb51d13f3b8cb9083a6a5927146b,,gx-no-cache=1761572298544 HTTP/1.1" 200 5356
192.168.10.19 - - [27/Oct/2025:10:36:08 -0300] "GET /cormun/servlet/trsolicitudgral? HTTP/1.1" 200 10591
190.95.1.187 - - [27/Oct/2025:10:36:10 -0300] "POST /cormun/servlet/autorizarpermisogoce?011f6c59f6f488ec0c517b2a1f9ac02c,DSP,16598111,P,20251024101448,,gx-no-cache=1761572263187 HTTP/1.1" 200 93
190.95.1.187 - - [27/Oct/2025:10:36:10 -0300] "GET /cormun/servlet/hpexe_return? HTTP/1.1" 200 1036
190.95.1.187 - - [27/Oct/2025:10:36:10 -0300] "GET /cormun/static/hpexe_return.js?20221129846037 HTTP/1.1" 200 1633
190.95.1.187 - - [27/Oct/2025:10:36:10 -0300] "GET /cormun/static/gxcfg.js?20221129846035 HTTP/1.1" 200 953
190.95.1.187 - - [27/Oct/2025:10:36:11 -0300] "GET /cormun/servlet/trautorizarpermisogoce HTTP/1.1" 200 12082
190.95.1.187 - - [27/Oct/2025:10:36:19 -0300] "POST /cormun/servlet/trautorizarpermisogoce?011f6c59f6f488ec0c517b2a1f9ac02c,gx-no-cache=1761572271778 HTTP/1.1" 200 9178
190.95.1.187 - - [27/Oct/2025:10:36:19 -0300] "GET /cormun/static/Shared/jqueryui/images/ui-icons_82798d_256x240.png HTTP/1.1" 404 1089
190.95.1.187 - - [27/Oct/2025:10:36:19 -0300] "GET /cormun/static/Shared/jqueryui/images/ui-bg_highlight-soft_100_c6c2c8_1x100.png HTTP/1.1" 404 1117
190.95.1.187 - - [27/Oct/2025:10:36:19 -0300] "GET /cormun/static/Shared/jqueryui/images/ui-bg_flat_55_fafafa_40x100.png HTTP/1.1" 404 1097
190.95.1.187 - - [27/Oct/2025:10:36:19 -0300] "GET /cormun/static/Shared/jqueryui/images/ui-icons_8d78a5_256x240.png HTTP/1.1" 404 1089
190.95.1.187 - - [27/Oct/2025:10:36:20 -0300] "POST /cormun/servlet/trautorizarpermisogoce?011f6c59f6f488ec0c517b2a1f9ac02c,gx-no-cache=1761572272312 HTTP/1.1" 200 8947
190.95.1.187 - - [27/Oct/2025:10:36:20 -0300] "POST /cormun/servlet/trautorizarpermisogoce?011f6c59f6f488ec0c517b2a1f9ac02c,gx-no-cache=1761572272800 HTTP/1.1" 200 8721
190.95.1.187 - - [27/Oct/2025:10:36:21 -0300] "POST /cormun/servlet/trautorizarpermisogoce?011f6c59f6f488ec0c517b2a1f9ac02c,gx-no-cache=1761572273231 HTTP/1.1" 200 8505
190.95.1.187 - - [27/Oct/2025:10:36:21 -0300] "POST /cormun/servlet/trautorizarpermisogoce?011f6c59f6f488ec0c517b2a1f9ac02c,gx-no-cache=1761572273599 HTTP/1.1" 200 8255
190.95.1.187 - - [27/Oct/2025:10:36:22 -0300] "POST /cormun/servlet/trautorizarpermisogoce?011f6c59f6f488ec0c517b2a1f9ac02c,gx-no-cache=1761572274223 HTTP/1.1" 200 8046
190.95.1.187 - - [27/Oct/2025:10:36:22 -0300] "POST /cormun/servlet/trautorizarpermisogoce?011f6c59f6f488ec0c517b2a1f9ac02c,gx-no-cache=1761572274944 HTTP/1.1" 200 7847
190.95.1.187 - - [27/Oct/2025:10:36:25 -0300] "POST /cormun/servlet/trautorizarpermisogoce?011f6c59f6f488ec0c517b2a1f9ac02c,gx-no-cache=1761572277399 HTTP/1.1" 200 7468
190.95.1.187 - - [27/Oct/2025:10:36:25 -0300] "POST /cormun/servlet/trautorizarpermisogoce?011f6c59f6f488ec0c517b2a1f9ac02c,gx-no-cache=1761572277937 HTTP/1.1" 200 7005
190.95.1.187 - - [27/Oct/2025:10:36:40 -0300] "POST /cormun/servlet/trautorizarpermisogoce?011f6c59f6f488ec0c517b2a1f9ac02c,gx-no-cache=1761572292128 HTTP/1.1" 200 6802
190.95.1.187 - - [27/Oct/2025:10:36:40 -0300] "POST /cormun/servlet/trautorizarpermisogoce?011f6c59f6f488ec0c517b2a1f9ac02c,gx-no-cache=1761572292671 HTTP/1.1" 200 6591
190.95.1.187 - - [27/Oct/2025:10:36:41 -0300] "POST /cormun/servlet/trautorizarpermisogoce?011f6c59f6f488ec0c517b2a1f9ac02c,gx-no-cache=1761572293264 HTTP/1.1" 200 6375
190.95.1.187 - - [27/Oct/2025:10:36:41 -0300] "POST /cormun/servlet/trautorizarpermisogoce?011f6c59f6f488ec0c517b2a1f9ac02c,gx-no-cache=1761572293695 HTTP/1.1" 200 6008
190.95.1.187 - - [27/Oct/2025:10:36:42 -0300] "POST /cormun/servlet/trautorizarpermisogoce?011f6c59f6f488ec0c517b2a1f9ac02c,gx-no-cache=1761572294054 HTTP/1.1" 200 5786
190.95.1.187 - - [27/Oct/2025:10:36:42 -0300] "POST /cormun/servlet/trautorizarpermisogoce?011f6c59f6f488ec0c517b2a1f9ac02c,gx-no-cache=1761572294486 HTTP/1.1" 200 5561
190.95.1.187 - - [27/Oct/2025:10:36:42 -0300] "POST /cormun/servlet/trautorizarpermisogoce?011f6c59f6f488ec0c517b2a1f9ac02c,gx-no-cache=1761572294887 HTTP/1.1" 200 5296
190.95.1.187 - - [27/Oct/2025:10:36:43 -0300] "POST /cormun/servlet/trautorizarpermisogoce?011f6c59f6f488ec0c517b2a1f9ac02c,gx-no-cache=1761572295310 HTTP/1.1" 200 4542
190.95.1.187 - - [27/Oct/2025:10:36:47 -0300] "GET /cormun/servlet/trpermisosingoceautorizar? HTTP/1.1" 200 7812
190.95.1.187 - - [27/Oct/2025:10:36:47 -0300] "GET /cormun/static/gxui/gxui-all.css?110300 HTTP/1.1" 200 2179
190.95.1.187 - - [27/Oct/2025:10:36:47 -0300] "GET /cormun/static/gxcfg.js?20199142052090 HTTP/1.1" 200 953
190.95.1.187 - - [27/Oct/2025:10:36:47 -0300] "GET /cormun/static/calendar-system.css?75620 HTTP/1.1" 200 5572
190.95.1.187 - - [27/Oct/2025:10:36:47 -0300] "GET /cormun/static/trpermisosingoceautorizar.js?20199142052670 HTTP/1.1" 200 32551
190.95.1.187 - - [27/Oct/2025:10:36:47 -0300] "GET /cormun/static/Resources/Spanish/PXTools.css?19172979 HTTP/1.1" 200 100853
190.95.1.187 - - [27/Oct/2025:10:36:47 -0300] "GET /cormun/static/Shared/ext/resources/css/ext-all.css?205870 HTTP/1.1" 200 416045
190.95.1.187 - - [27/Oct/2025:10:36:52 -0300] "POST /cormun/servlet/trpermisosingoceautorizar?011f6c59f6f488ec0c517b2a1f9ac02c,,gx-no-cache=1761572304505 HTTP/1.1" 200 4484
190.95.15.27 - - [27/Oct/2025:10:40:45 -0300] "GET /cormun/servlet/trpermisosgoce? HTTP/1.1" 200 6027
190.95.15.27 - - [27/Oct/2025:10:40:46 -0300] "GET /cormun/servlet/hlogin HTTP/1.1" 200 1735
190.95.67.93 - - [27/Oct/2025:10:41:07 -0300] "GET /cormun/servlet/hlogin HTTP/1.1" 200 1723
190.95.67.93 - - [27/Oct/2025:10:41:07 -0300] "GET /cormun/servlet/hlogin HTTP/1.1" 200 1733
190.95.67.93 - - [27/Oct/2025:10:41:09 -0300] "POST /cormun/servlet/hlogin?b6d633d048d56cd9d28dbd07d85f85a9,gx-no-cache=1761572564745 HTTP/1.1" 200 90
190.95.67.93 - - [27/Oct/2025:10:41:09 -0300] "GET /cormun/servlet/hpexe_link HTTP/1.1" 200 954
190.95.67.93 - - [27/Oct/2025:10:41:09 -0300] "GET /cormun/servlet/hhome HTTP/1.1" 200 4342
190.95.67.93 - - [27/Oct/2025:10:41:12 -0300] "GET /cormun/servlet/trlicencias? HTTP/1.1" 200 11959
190.95.67.99 - - [27/Oct/2025:10:41:42 -0300] "GET /cormun/servlet/trlicencias HTTP/1.1" 200 6055
190.95.67.99 - - [27/Oct/2025:10:41:49 -0300] "GET /cormun/servlet/hlogin HTTP/1.1" 200 1741
190.95.67.99 - - [27/Oct/2025:10:41:55 -0300] "POST /cormun/servlet/hlogin?d7f9845e40871249637974ac6056e03b,gx-no-cache=1761572610962 HTTP/1.1" 200 90
190.95.67.99 - - [27/Oct/2025:10:41:56 -0300] "GET /cormun/servlet/hpexe_link HTTP/1.1" 200 958
190.95.67.99 - - [27/Oct/2025:10:41:57 -0300] "GET /cormun/servlet/trlicencias HTTP/1.1" 200 10712
190.95.67.99 - - [27/Oct/2025:10:42:08 -0300] "GET /cormun/servlet/trpermisosgoce? HTTP/1.1" 200 12880
190.95.67.99 - - [27/Oct/2025:10:42:11 -0300] "GET /cormun/static/menuarrow.gif HTTP/1.1" 404 1015
201.186.225.183 - - [27/Oct/2025:10:42:13 -0300] "POST /cormun/servlet/hlogin?66a4835a76ebab708ca34ae938f4f753,gx-no-cache=1761572629780 HTTP/1.1" 440 972
190.95.15.31 - - [27/Oct/2025:10:42:15 -0300] "GET /cormun/servlet/trsolicitudot HTTP/1.1" 200 6327
190.95.15.31 - - [27/Oct/2025:10:42:17 -0300] "GET /cormun/servlet/hlogin HTTP/1.1" 200 1738
201.186.225.183 - - [27/Oct/2025:10:42:18 -0300] "GET /cormun/servlet/hlogin HTTP/1.1" 200 1736
201.186.225.183 - - [27/Oct/2025:10:42:23 -0300] "POST /cormun/servlet/hlogin?8f18b1ebac76d312e6f78b9840ae3f3c,gx-no-cache=1761572639516 HTTP/1.1" 200 90
201.186.225.183 - - [27/Oct/2025:10:42:23 -0300] "GET /cormun/servlet/hpexe_link HTTP/1.1" 200 955
201.186.225.183 - - [27/Oct/2025:10:42:23 -0300] "GET /cormun/servlet/hhome HTTP/1.1" 200 3966
201.186.225.183 - - [27/Oct/2025:10:42:23 -0300] "GET /cormun/static/gxcfg.js?20201215495537 HTTP/1.1" 200 953
201.186.225.183 - - [27/Oct/2025:10:42:23 -0300] "GET /cormun/static/Resources/CormunMP2.png HTTP/1.1" 200 6878
201.186.225.183 - - [27/Oct/2025:10:42:23 -0300] "GET /cormun/static/Resources/ImgHome.png HTTP/1.1" 200 1364
201.186.225.183 - - [27/Oct/2025:10:42:23 -0300] "GET /cormun/static/Resources/ImgLogin.png HTTP/1.1" 200 1432
201.186.225.183 - - [27/Oct/2025:10:42:23 -0300] "GET /cormun/static/Resources/Spanish/PXTools.css?14345360 HTTP/1.1" 200 100853
201.186.225.183 - - [27/Oct/2025:10:42:23 -0300] "GET /cormun/static/Resources/Llave.png HTTP/1.1" 200 1395
201.186.225.183 - - [27/Oct/2025:10:42:23 -0300] "GET /cormun/static/hhome.js?20201215495544 HTTP/1.1" 200 777
201.186.225.183 - - [27/Oct/2025:10:42:23 -0300] "GET /cormun/static/SmoothNavMenu/resources/images/down.gif HTTP/1.1" 200 854
190.95.15.31 - - [27/Oct/2025:10:42:25 -0300] "POST /cormun/servlet/trsolicitudot?33f08f347fc0b7a1bfd2ce2757a59d79,gx-no-cache=1761572638403 HTTP/1.1" 200 3399
190.95.15.31 - - [27/Oct/2025:10:42:25 -0300] "GET /cormun/servlet/hlogin HTTP/1.1" 200 1738
190.95.67.99 - - [27/Oct/2025:10:42:27 -0300] "POST /cormun/servlet/trpermisosgoce?d7f9845e40871249637974ac6056e03b,,gx-no-cache=1761572642219 HTTP/1.1" 200 9761
201.186.225.183 - - [27/Oct/2025:10:42:27 -0300] "GET /cormun/servlet/trlicencias? HTTP/1.1" 200 13927
201.186.225.183 - - [27/Oct/2025:10:42:27 -0300] "GET /cormun/static/Resources/PXTools/calendar.png HTTP/1.1" 200 1306
201.186.225.183 - - [27/Oct/2025:10:42:27 -0300] "GET /cormun//static/Resources/PXToolsActionDisabled.gif HTTP/1.1" 200 53
190.95.15.31 - - [27/Oct/2025:10:42:28 -0300] "POST /cormun/servlet/hlogin?33f08f347fc0b7a1bfd2ce2757a59d79,gx-no-cache=1761572641920 HTTP/1.1" 200 90
190.95.15.31 - - [27/Oct/2025:10:42:28 -0300] "GET /cormun/servlet/hpexe_link HTTP/1.1" 200 977
190.95.15.31 - - [27/Oct/2025:10:42:28 -0300] "GET /cormun/servlet/trsolicitudot?gx-no-cache=1761572638403 HTTP/1.1" 200 8868
201.186.225.183 - - [27/Oct/2025:10:42:33 -0300] "POST /cormun/servlet/trlicencias?8f18b1ebac76d312e6f78b9840ae3f3c,,gx-no-cache=1761572649530 HTTP/1.1" 200 101
201.186.225.183 - - [27/Oct/2025:10:42:33 -0300] "POST /cormun/servlet/trlicencias?8f18b1ebac76d312e6f78b9840ae3f3c,,gx-no-cache=1761572649649 HTTP/1.1" 200 11746
201.186.225.183 - - [27/Oct/2025:10:42:33 -0300] "GET /cormun/Licencias-1213.xls HTTP/1.1" 200 12288
190.95.15.31 - - [27/Oct/2025:10:42:41 -0300] "POST /cormun/servlet/trsolicitudot?33f08f347fc0b7a1bfd2ce2757a59d79,gx-no-cache=1761572638403,gx-no-cache=1761572654506 HTTP/1.1" 200 4598
190.95.15.31 - - [27/Oct/2025:10:42:47 -0300] "GET /cormun/static/Shared/jqueryui/images/ui-icons_82798d_256x240.png HTTP/1.1" 404 1089
190.95.15.31 - - [27/Oct/2025:10:42:47 -0300] "GET /cormun/static/Shared/jqueryui/images/ui-bg_highlight-soft_100_c6c2c8_1x100.png HTTP/1.1" 404 1117
190.95.15.31 - - [27/Oct/2025:10:42:48 -0300] "GET /cormun/static/Shared/jqueryui/images/ui-bg_flat_55_fafafa_40x100.png HTTP/1.1" 404 1097
190.95.15.31 - - [27/Oct/2025:10:42:48 -0300] "GET /cormun/static/Shared/jqueryui/images/ui-icons_8d78a5_256x240.png HTTP/1.1" 404 1089
190.95.15.31 - - [27/Oct/2025:10:42:48 -0300] "POST /cormun/servlet/trsolicitudot?33f08f347fc0b7a1bfd2ce2757a59d79,gx-no-cache=1761572638403,gx-no-cache=1761572661514 HTTP/1.1" 200 4350
190.95.15.31 - - [27/Oct/2025:10:42:51 -0300] "GET /cormun/servlet/trautorizarsolicitud? HTTP/1.1" 200 8910
190.95.15.31 - - [27/Oct/2025:10:42:54 -0300] "POST /cormun/servlet/trautorizarsolicitud?33f08f347fc0b7a1bfd2ce2757a59d79,,gx-no-cache=1761572667586 HTTP/1.1" 200 4801
190.95.15.31 - - [27/Oct/2025:10:42:54 -0300] "POST /cormun/servlet/trautorizarsolicitud?33f08f347fc0b7a1bfd2ce2757a59d79,,gx-no-cache=1761572667695 HTTP/1.1" 200 4554
190.95.15.31 - - [27/Oct/2025:10:43:00 -0300] "GET /cormun/servlet/trpermisosgoce? HTTP/1.1" 200 10783
190.95.15.31 - - [27/Oct/2025:10:43:17 -0300] "GET /cormun/servlet/trpermisosgoce? HTTP/1.1" 200 10783
190.95.15.31 - - [27/Oct/2025:10:43:20 -0300] "GET /cormun/servlet/permisogoce?INS,0,,, HTTP/1.1" 200 7255
190.95.15.31 - - [27/Oct/2025:10:43:35 -0300] "GET /cormun/servlet/permisogoce?4a1c714ae9335faf641a3a67aae87730024edd0cf031f9de715be3ee6421c171bb75b78b383b79d4ec89d322738b6000cacba2eca278fae1b6e41b955214084f,gx-no-cache=1761572708834 HTTP/1.1" 200 85
190.95.15.31 - - [27/Oct/2025:10:43:35 -0300] "GET /cormun/static/menuarrow.gif HTTP/1.1" 404 1015
190.95.15.31 - - [27/Oct/2025:10:43:44 -0300] "GET /cormun/servlet/permisogoce?4a1c714ae9335faf641a3a67aae8773084e9c99c43a253cdcebf2dcb65c2e3d53cecf7cea063530cfdfd1dfc956e4ca56770865aeda8fbbd0ddf3febd3b9d677,gx-no-cache=1761572718040 HTTP/1.1" 200 47
190.95.67.99 - - [27/Oct/2025:10:43:51 -0300] "GET /cormun/servlet/permisogoce?INS,0,,, HTTP/1.1" 200 7217
190.95.15.31 - - [27/Oct/2025:10:43:51 -0300] "POST /cormun/servlet/permisogoce?33f08f347fc0b7a1bfd2ce2757a59d79,INS,0,,,,gx-no-cache=1761572724194 HTTP/1.1" 200 93
190.95.15.31 - - [27/Oct/2025:10:43:51 -0300] "GET /cormun/servlet/hpexe_return? HTTP/1.1" 200 1010
190.95.15.31 - - [27/Oct/2025:10:43:51 -0300] "GET /cormun/servlet/trpermisosgoce HTTP/1.1" 200 11033
190.95.67.99 - - [27/Oct/2025:10:43:53 -0300] "POST /cormun/servlet/permisogoce?d7f9845e40871249637974ac6056e03b,INS,0,,,,gx-no-cache=1761572728907 HTTP/1.1" 200 93
190.95.67.99 - - [27/Oct/2025:10:43:53 -0300] "GET /cormun/servlet/hpexe_return? HTTP/1.1" 200 1013
190.95.67.99 - - [27/Oct/2025:10:43:54 -0300] "GET /cormun/servlet/trpermisosgoce? HTTP/1.1" 200 18892
190.95.15.31 - - [27/Oct/2025:10:43:54 -0300] "GET /cormun/servlet/apermisogoceprn?19210060,P,20251027104531,PU HTTP/1.1" 200 1665
190.95.67.99 - - [27/Oct/2025:10:43:57 -0300] "POST /cormun/servlet/trpermisosgoce?d7f9845e40871249637974ac6056e03b,,gx-no-cache=1761572732092 HTTP/1.1" 200 104
190.95.67.99 - - [27/Oct/2025:10:43:57 -0300] "GET /cormun/PermisosGoce-2352.xls HTTP/1.1" 200 46080
179.57.78.71 - - [27/Oct/2025:10:44:13 -0300] "GET /cormun/servlet/hhome HTTP/1.1" 200 3327
179.57.78.71 - - [27/Oct/2025:10:44:13 -0300] "GET /cormun/servlet/hlogin HTTP/1.1" 200 1736
179.57.78.71 - - [27/Oct/2025:10:44:15 -0300] "POST /cormun/servlet/hlogin?a97bf81eb9328582d979b200dbe02f5c,gx-no-cache=1761572750875 HTTP/1.1" 200 90
179.57.78.71 - - [27/Oct/2025:10:44:15 -0300] "GET /cormun/servlet/hpexe_link HTTP/1.1" 200 954
179.57.78.71 - - [27/Oct/2025:10:44:16 -0300] "GET /cormun/servlet/hhome HTTP/1.1" 200 4269
10.40.40.2 - - [27/Oct/2025:10:44:19 -0300] "POST /cormun/servlet/trlicencias?08cf6acb6ee4de113d39ed61590e8918,,gx-no-cache=1761572726754 HTTP/1.1" 440 972
10.40.40.2 - - [27/Oct/2025:10:44:20 -0300] "GET /cormun/servlet/trlicencias? HTTP/1.1" 200 6044
10.40.40.2 - - [27/Oct/2025:10:44:20 -0300] "GET /cormun/static/gxcfg.js?202211298463625 HTTP/1.1" 200 953
10.40.40.2 - - [27/Oct/2025:10:44:20 -0300] "GET /cormun/static/RunJS/RunJS.js HTTP/1.1" 200 288
10.40.40.2 - - [27/Oct/2025:10:44:20 -0300] "GET /cormun/static/hwchdr01.js?2022112219251119 HTTP/1.1" 304 -
10.40.40.2 - - [27/Oct/2025:10:44:20 -0300] "GET /cormun/static/hpexe_messagecontroller.js?202211298371222 HTTP/1.1" 304 -
10.40.40.2 - - [27/Oct/2025:10:44:20 -0300] "GET /cormun/static/hpexe_messagepopupcomponent.js?2020121447232 HTTP/1.1" 304 -
10.40.40.2 - - [27/Oct/2025:10:44:20 -0300] "GET /cormun/static/hpexe_messagegenexuscomponent.js?20221129836373 HTTP/1.1" 304 -
10.40.40.2 - - [27/Oct/2025:10:44:20 -0300] "GET /cormun/servlet/hlogin HTTP/1.1" 200 1733
179.57.78.71 - - [27/Oct/2025:10:44:27 -0300] "GET /cormun/servlet/trlicencias? HTTP/1.1" 200 12324
10.40.40.2 - - [27/Oct/2025:10:44:27 -0300] "POST /cormun/servlet/hlogin?1f419450c26732249217c1124b08eaf8,gx-no-cache=1761572734934 HTTP/1.1" 200 90
10.40.40.2 - - [27/Oct/2025:10:44:27 -0300] "GET /cormun/servlet/hpexe_link HTTP/1.1" 200 950
10.40.40.2 - - [27/Oct/2025:10:44:27 -0300] "GET /cormun/static/gxcfg.js?20221129847421 HTTP/1.1" 304 -
10.40.40.2 - - [27/Oct/2025:10:44:27 -0300] "GET /cormun/static/hpexe_link.js?20221129847423 HTTP/1.1" 304 -
10.40.40.2 - - [27/Oct/2025:10:44:27 -0300] "GET /cormun/servlet/trlicencias HTTP/1.1" 200 19017
10.40.40.2 - - [27/Oct/2025:10:44:32 -0300] "POST /cormun/servlet/trlicencias?1f419450c26732249217c1124b08eaf8,gx-no-cache=1761572740049 HTTP/1.1" 200 17352
190.95.67.99 - - [27/Oct/2025:10:51:35 -0300] "GET /cormun/servlet/trpermisosingoce? HTTP/1.1" 200 8378
190.95.67.99 - - [27/Oct/2025:10:51:42 -0300] "POST /cormun/servlet/trpermisosingoce?d7f9845e40871249637974ac6056e03b,,gx-no-cache=1761573197213 HTTP/1.1" 200 106
190.95.67.99 - - [27/Oct/2025:10:51:42 -0300] "POST /cormun/servlet/trpermisosingoce?d7f9845e40871249637974ac6056e03b,,gx-no-cache=1761573197402 HTTP/1.1" 200 5594
190.95.67.99 - - [27/Oct/2025:10:51:42 -0300] "GET /cormun/PermisoSinGoce-4159.xls HTTP/1.1" 200 5120
190.95.67.99 - - [27/Oct/2025:10:52:08 -0300] "GET /cormun/static/menuarrow.gif HTTP/1.1" 404 1015
190.95.67.99 - - [27/Oct/2025:10:52:17 -0300] "POST /cormun/servlet/trpermisosingoce?d7f9845e40871249637974ac6056e03b,,gx-no-cache=1761573232179 HTTP/1.1" 200 6446
190.95.67.99 - - [27/Oct/2025:10:52:22 -0300] "POST /cormun/servlet/trpermisosingoce?d7f9845e40871249637974ac6056e03b,,gx-no-cache=1761573237891 HTTP/1.1" 200 106
190.95.67.99 - - [27/Oct/2025:10:52:22 -0300] "POST /cormun/servlet/trpermisosingoce?d7f9845e40871249637974ac6056e03b,,gx-no-cache=1761573237927 HTTP/1.1" 200 6425
190.95.67.99 - - [27/Oct/2025:10:52:23 -0300] "GET /cormun/PermisoSinGoce-4800.xls HTTP/1.1" 200 6144
190.95.15.31 - - [27/Oct/2025:10:53:43 -0300] "GET /cormun/servlet/trautorizarsolicitud? HTTP/1.1" 200 7477
190.95.15.31 - - [27/Oct/2025:10:53:50 -0300] "POST /cormun/servlet/trautorizarsolicitud?33f08f347fc0b7a1bfd2ce2757a59d79,,gx-no-cache=1761573324059 HTTP/1.1" 200 10345
190.95.15.31 - - [27/Oct/2025:10:54:52 -0300] "GET /cormun/servlet/trlicencias? HTTP/1.1" 200 11804
201.186.226.3 - - [27/Oct/2025:10:55:47 -0300] "GET /cormun/servlet/hlogin HTTP/1.1" 200 1723
201.186.226.3 - - [27/Oct/2025:10:55:59 -0300] "POST /cormun/servlet/hlogin?8bd004a050dd4610bf8363d9c5d9345e,gx-no-cache=1761573454290 HTTP/1.1" 200 90
201.186.226.3 - - [27/Oct/2025:10:55:59 -0300] "GET /cormun/servlet/hpexe_link HTTP/1.1" 200 952
201.186.226.3 - - [27/Oct/2025:10:55:59 -0300] "GET /cormun/servlet/hhome HTTP/1.1" 200 3935
201.186.226.3 - - [27/Oct/2025:10:56:04 -0300] "GET /cormun/servlet/trlicencias? HTTP/1.1" 200 9659
201.186.226.3 - - [27/Oct/2025:10:56:16 -0300] "GET /cormun/servlet/trpermisosgoce? HTTP/1.1" 200 11675
201.186.226.3 - - [27/Oct/2025:10:56:44 -0300] "GET /cormun/servlet/trlicencias? HTTP/1.1" 200 9658
201.186.226.3 - - [27/Oct/2025:10:56:51 -0300] "GET /cormun/servlet/hlogin HTTP/1.1" 200 1739
190.95.67.99 - - [27/Oct/2025:10:57:48 -0300] "GET /cormun/servlet/trpermisosgoce? HTTP/1.1" 200 18892
190.95.67.99 - - [27/Oct/2025:10:57:52 -0300] "POST /cormun/servlet/trpermisosgoce?d7f9845e40871249637974ac6056e03b,,gx-no-cache=1761573567127 HTTP/1.1" 200 9763
190.95.67.93 - - [27/Oct/2025:10:58:20 -0300] "GET /cormun/servlet/trlicencias? HTTP/1.1" 200 11959
190.95.67.93 - - [27/Oct/2025:10:58:24 -0300] "GET /cormun/servlet/hlogin HTTP/1.1" 200 1723
190.95.67.93 - - [27/Oct/2025:10:58:28 -0300] "POST /cormun/servlet/hlogin?b6d633d048d56cd9d28dbd07d85f85a9,gx-no-cache=1761573602977 HTTP/1.1" 200 90
190.95.67.93 - - [27/Oct/2025:10:58:28 -0300] "GET /cormun/servlet/hpexe_link HTTP/1.1" 200 958
190.95.67.93 - - [27/Oct/2025:10:58:28 -0300] "GET /cormun/servlet/trlicencias HTTP/1.1" 200 11958
190.95.67.99 - - [27/Oct/2025:10:58:41 -0300] "GET /cormun/static/menuarrow.gif HTTP/1.1" 404 1015
190.95.67.99 - - [27/Oct/2025:10:58:55 -0300] "POST /cormun/servlet/trpermisosgoce?d7f9845e40871249637974ac6056e03b,,gx-no-cache=1761573630140 HTTP/1.1" 200 11048
190.95.15.31 - - [27/Oct/2025:10:59:28 -0300] "GET /cormun/servlet/trautorizarsolicitud? HTTP/1.1" 200 13171
190.95.67.99 - - [27/Oct/2025:10:59:37 -0300] "POST /cormun/servlet/trpermisosgoce?d7f9845e40871249637974ac6056e03b,,gx-no-cache=1761573671940 HTTP/1.1" 200 16119
190.95.67.99 - - [27/Oct/2025:10:59:39 -0300] "POST /cormun/servlet/trpermisosgoce?d7f9845e40871249637974ac6056e03b,,gx-no-cache=1761573674420 HTTP/1.1" 200 16107
190.95.67.99 - - [27/Oct/2025:10:59:39 -0300] "GET /cormun/static/Resources/PXToolsGridFirst.gif HTTP/1.1" 200 379
190.95.67.99 - - [27/Oct/2025:10:59:39 -0300] "GET /cormun/static/Resources/PXToolsGridPrevious.gif HTTP/1.1" 200 369
190.95.67.91 - - [27/Oct/2025:10:59:49 -0300] "GET /cormun/servlet/trpermisosgoce? HTTP/1.1" 200 6029
190.95.67.91 - - [27/Oct/2025:10:59:50 -0300] "GET /cormun/servlet/hlogin HTTP/1.1" 200 1741
190.95.67.99 - - [27/Oct/2025:10:59:52 -0300] "POST /cormun/servlet/trpermisosgoce?d7f9845e40871249637974ac6056e03b,,gx-no-cache=1761573687324 HTTP/1.1" 200 16129
190.95.67.99 - - [27/Oct/2025:10:59:58 -0300] "POST /cormun/servlet/trpermisosgoce?d7f9845e40871249637974ac6056e03b,,gx-no-cache=1761573693492 HTTP/1.1" 200 11060
190.95.67.99 - - [27/Oct/2025:11:00:00 -0300] "POST /cormun/servlet/trpermisosgoce?d7f9845e40871249637974ac6056e03b,,gx-no-cache=1761573695803 HTTP/1.1" 200 11049
190.95.15.31 - - [27/Oct/2025:11:00:26 -0300] "GET /cormun/servlet/trsolicitudot? HTTP/1.1" 200 7398
190.95.15.31 - - [27/Oct/2025:11:00:36 -0300] "POST /cormun/servlet/trsolicitudot?33f08f347fc0b7a1bfd2ce2757a59d79,,gx-no-cache=1761573730275 HTTP/1.1" 200 10165
190.95.67.91 - - [27/Oct/2025:11:00:39 -0300] "POST /cormun/servlet/hlogin?13c13a96aadc7a7071e2419e3ed383be,gx-no-cache=1761573734416 HTTP/1.1" 200 90
190.95.67.91 - - [27/Oct/2025:11:00:39 -0300] "GET /cormun/servlet/hpexe_link HTTP/1.1" 200 957
190.95.67.91 - - [27/Oct/2025:11:00:40 -0300] "GET /cormun/servlet/trpermisosgoce HTTP/1.1" 200 19422
190.95.15.31 - - [27/Oct/2025:11:00:40 -0300] "GET /cormun/servlet/solicitudot?INS,0,0,false, HTTP/1.1" 200 16366
179.57.78.71 - - [27/Oct/2025:11:00:41 -0300] "GET /cormun/servlet/hlogin HTTP/1.1" 200 1725
179.57.78.71 - - [27/Oct/2025:11:00:46 -0300] "POST /cormun/servlet/hlogin?f1b08adbb8adb5428e1ab8f51ae21d87,gx-no-cache=1761573741650 HTTP/1.1" 200 90
179.57.78.71 - - [27/Oct/2025:11:00:46 -0300] "GET /cormun/servlet/hpexe_link HTTP/1.1" 200 957
179.57.78.71 - - [27/Oct/2025:11:00:46 -0300] "GET /cormun/servlet/hhome HTTP/1.1" 200 4269
190.95.67.91 - - [27/Oct/2025:11:00:47 -0300] "GET /cormun/servlet/trpermisosadjuntos?21565174,20251024105610,P, HTTP/1.1" 200 6553
190.95.67.91 - - [27/Oct/2025:11:00:48 -0300] "GET /cormun/static/gxcfg.js?2020121641683 HTTP/1.1" 200 953
190.95.67.91 - - [27/Oct/2025:11:00:48 -0300] "GET /cormun/static/trpermisosadjuntos.js?2020121642996 HTTP/1.1" 200 20158
190.95.67.91 - - [27/Oct/2025:11:00:51 -0300] "GET /cormun/servlet/permisosadjuntos?INS,21565174,P,20251024105610,, HTTP/1.1" 200 5885
190.95.67.91 - - [27/Oct/2025:11:00:51 -0300] "GET /cormun/static/about:blank HTTP/1.1" 404 1011
179.57.78.71 - - [27/Oct/2025:11:00:52 -0300] "GET /cormun/servlet/trlicencias? HTTP/1.1" 200 12326
190.95.15.31 - - [27/Oct/2025:11:00:57 -0300] "POST /cormun/servlet/solicitudot?gx-no-cache=1761573750442 HTTP/1.1" 200 4175
190.95.15.31 - - [27/Oct/2025:11:00:57 -0300] "POST /cormun/servlet/solicitudot?33f08f347fc0b7a1bfd2ce2757a59d79,INS,0,0,false,,gx-no-cache=1761573750630 HTTP/1.1" 200 13045
190.95.67.91 - - [27/Oct/2025:11:01:05 -0300] "POST /cormun/servlet/permisosadjuntos?13c13a96aadc7a7071e2419e3ed383be,INS,21565174,P,20251024105610,, HTTP/1.1" 200 116
190.95.67.91 - - [27/Oct/2025:11:01:05 -0300] "GET /cormun/servlet/hpexe_return? HTTP/1.1" 200 1038
190.95.67.91 - - [27/Oct/2025:11:01:05 -0300] "GET /cormun/servlet/trpermisosadjuntos?21565174,20251024105610,P, HTTP/1.1" 200 7078
190.95.67.91 - - [27/Oct/2025:11:01:08 -0300] "POST /cormun/servlet/trpermisosadjuntos?13c13a96aadc7a7071e2419e3ed383be,21565174,20251024105610,P,,gx-no-cache=1761573762747 HTTP/1.1" 200 90
190.95.67.91 - - [27/Oct/2025:11:01:08 -0300] "GET /cormun/servlet/hpexe_link HTTP/1.1" 200 983
190.95.67.91 - - [27/Oct/2025:11:01:08 -0300] "GET /cormun/servlet/trpermisosgoce HTTP/1.1" 200 19422
190.95.67.91 - - [27/Oct/2025:11:01:10 -0300] "POST /cormun/servlet/trpermisosgoce?13c13a96aadc7a7071e2419e3ed383be,gx-no-cache=1761573764865 HTTP/1.1" 200 16556
190.95.67.91 - - [27/Oct/2025:11:01:10 -0300] "GET /cormun/static/Shared/jqueryui/images/ui-bg_highlight-soft_100_c6c2c8_1x100.png HTTP/1.1" 404 1117
190.95.67.91 - - [27/Oct/2025:11:01:10 -0300] "GET /cormun/static/Shared/jqueryui/images/ui-icons_82798d_256x240.png HTTP/1.1" 404 1089
190.95.67.91 - - [27/Oct/2025:11:01:10 -0300] "GET /cormun/static/Shared/jqueryui/images/ui-bg_flat_55_fafafa_40x100.png HTTP/1.1" 404 1097
190.95.67.91 - - [27/Oct/2025:11:01:10 -0300] "GET /cormun/static/Shared/jqueryui/images/ui-icons_8d78a5_256x240.png HTTP/1.1" 404 1089
190.95.15.31 - - [27/Oct/2025:11:01:23 -0300] "GET /cormun/servlet/solicitudot?1ac87b27e20d04c98e85a46b7c199a65db3ee1e8c78519bb8b7b7f936371a9443800bd0a6a2d6f39a31410c4897aad93,gx-no-cache=1761573776424 HTTP/1.1" 200 30
190.95.67.91 - - [27/Oct/2025:11:01:32 -0300] "GET /cormun/servlet/permisogoce?INS,0,,, HTTP/1.1" 200 7128
190.95.15.31 - - [27/Oct/2025:11:01:33 -0300] "GET /cormun/servlet/solicitudot?1ac87b27e20d04c98e85a46b7c199a65c1bff8bcb6fcb4c27df8e6269b807bb8907b8649310f297cf7a403084508631f7a191245eec20cea7f2d58ac8ef9d701,gx-no-cache=1761573786813 HTTP/1.1" 200 30
190.95.15.31 - - [27/Oct/2025:11:01:33 -0300] "GET /cormun/servlet/solicitudot?1ac87b27e20d04c98e85a46b7c199a65f4c124d77bb6f90ddcc618cc023ed10c,gx-no-cache=1761573786832 HTTP/1.1" 200 53
190.95.15.31 - - [27/Oct/2025:11:01:37 -0300] "POST /cormun/servlet/solicitudot?33f08f347fc0b7a1bfd2ce2757a59d79,INS,0,0,false,,gx-no-cache=1761573790594 HTTP/1.1" 200 13169
190.95.67.91 - - [27/Oct/2025:11:01:42 -0300] "GET /cormun/servlet/permisogoce?31cd173d1e3e12863bbec4709b2eb24d0823a6bebafdcda6eb1427f5b9ea34d7e744300f467c3acdaab2c8716b55a3ace9b667a63944a2a707e711e56466eaec,gx-no-cache=1761573797011 HTTP/1.1" 200 84
190.95.67.91 - - [27/Oct/2025:11:01:43 -0300] "GET /cormun/static/menuarrow.gif HTTP/1.1" 404 1015
190.95.67.91 - - [27/Oct/2025:11:01:50 -0300] "GET /cormun/servlet/permisogoce?31cd173d1e3e12863bbec4709b2eb24df55ddf30e6a49a8d88c2abff11bdcee60f6d23a9f5e1c9b2b2d2b54acc2289d89f991b9ceb5b74e74d5ed558c6e175ec,gx-no-cache=1761573805194 HTTP/1.1" 200 47
190.95.67.91 - - [27/Oct/2025:11:02:01 -0300] "POST /cormun/servlet/permisogoce?13c13a96aadc7a7071e2419e3ed383be,INS,0,,,,gx-no-cache=1761573815599 HTTP/1.1" 200 93
190.95.67.91 - - [27/Oct/2025:11:02:01 -0300] "GET /cormun/servlet/hpexe_return? HTTP/1.1" 200 1032
190.95.67.91 - - [27/Oct/2025:11:02:01 -0300] "GET /cormun/servlet/trpermisosgoce?gx-no-cache=1761573764865 HTTP/1.1" 200 19568
190.95.67.91 - - [27/Oct/2025:11:02:03 -0300] "GET /cormun/servlet/trpermisosadjuntos?16497984,20251027110343,P, HTTP/1.1" 200 6581
190.95.67.91 - - [27/Oct/2025:11:02:05 -0300] "GET /cormun/servlet/permisosadjuntos?INS,16497984,P,20251027110343,, HTTP/1.1" 200 5884
190.95.67.91 - - [27/Oct/2025:11:02:05 -0300] "GET /cormun/static/about:blank HTTP/1.1" 404 1011
190.95.67.91 - - [27/Oct/2025:11:02:11 -0300] "POST /cormun/servlet/permisosadjuntos?13c13a96aadc7a7071e2419e3ed383be,INS,16497984,P,20251027110343,, HTTP/1.1" 200 116
190.95.67.91 - - [27/Oct/2025:11:02:11 -0300] "GET /cormun/servlet/hpexe_return? HTTP/1.1" 200 1037
190.95.67.91 - - [27/Oct/2025:11:02:12 -0300] "GET /cormun/servlet/trpermisosadjuntos?16497984,20251027110343,P, HTTP/1.1" 200 7105
190.95.67.91 - - [27/Oct/2025:11:02:20 -0300] "POST /cormun/servlet/trpermisosadjuntos?13c13a96aadc7a7071e2419e3ed383be,16497984,20251027110343,P,,gx-no-cache=1761573834728 HTTP/1.1" 200 90
190.95.67.91 - - [27/Oct/2025:11:02:20 -0300] "GET /cormun/servlet/hpexe_link HTTP/1.1" 200 1005
190.95.67.91 - - [27/Oct/2025:11:02:20 -0300] "GET /cormun/servlet/trpermisosgoce?gx-no-cache=1761573764865 HTTP/1.1" 200 19565
190.95.67.91 - - [27/Oct/2025:11:02:22 -0300] "POST /cormun/servlet/trpermisosgoce?13c13a96aadc7a7071e2419e3ed383be,gx-no-cache=1761573764865,gx-no-cache=1761573836898 HTTP/1.1" 200 16647
190.95.67.91 - - [27/Oct/2025:11:02:25 -0300] "GET /cormun/servlet/permisogoce?INS,0,,, HTTP/1.1" 200 7150
190.95.67.91 - - [27/Oct/2025:11:02:33 -0300] "GET /cormun/servlet/permisogoce?31cd173d1e3e12863bbec4709b2eb24d80107599b1d4aa6253b847ec3624144bb2f74544522f3c84924ecb93c8b90d25011f8e7fda20f5dc41ae9deea80f6f60,gx-no-cache=1761573848003 HTTP/1.1" 200 226
190.95.67.91 - - [27/Oct/2025:11:02:33 -0300] "GET /cormun/static/Shared/jqueryui/images/ui-bg_flat_55_994d53_40x100.png HTTP/1.1" 404 1097
190.95.67.91 - - [27/Oct/2025:11:02:33 -0300] "GET /cormun/static/Shared/jqueryui/images/ui-icons_ebccce_256x240.png HTTP/1.1" 404 1089
190.95.67.91 - - [27/Oct/2025:11:02:42 -0300] "GET /cormun/servlet/permisogoce?31cd173d1e3e12863bbec4709b2eb24d78e7e9f15414a1b8407eebaba50838e4e744300f467c3acdaab2c8716b55a3ace9b667a63944a2a707e711e56466eaec,gx-no-cache=1761573857177 HTTP/1.1" 200 83
190.95.67.91 - - [27/Oct/2025:11:02:53 -0300] "GET /cormun/servlet/permisogoce?31cd173d1e3e12863bbec4709b2eb24da58ff81e172ca2b10bc4d1ea24c82af8671aa9770fa91107d76a4f0d8f41f0e59f991b9ceb5b74e74d5ed558c6e175ec,gx-no-cache=1761573868144 HTTP/1.1" 200 47
190.95.15.31 - - [27/Oct/2025:11:02:59 -0300] "GET /cormun/servlet/solicitudot?1ac87b27e20d04c98e85a46b7c199a65db3ee1e8c78519bb8b7b7f936371a944b1863b5af69c62fbcf78006f29bc6105,gx-no-cache=1761573873119 HTTP/1.1" 200 30
190.95.15.31 - - [27/Oct/2025:11:02:59 -0300] "GET /cormun/servlet/solicitudot?1ac87b27e20d04c98e85a46b7c199a65c1bff8bcb6fcb4c27df8e6269b807bb8907b8649310f297cf7a403084508631f77a13ed1b330fbddffe0f0fe6681a849,gx-no-cache=1761573873161 HTTP/1.1" 200 30
190.95.15.31 - - [27/Oct/2025:11:02:59 -0300] "GET /cormun/servlet/solicitudot?1ac87b27e20d04c98e85a46b7c199a65182f632a2a73c7916c8f5d336ba3521f49bbb477cbed9ebcdac80017beba73de96a77b45054b515ab2c7c2aa8c7837a2,gx-no-cache=1761573873182 HTTP/1.1" 200 53
190.95.15.31 - - [27/Oct/2025:11:02:59 -0300] "POST /cormun/servlet/solicitudot?gx-no-cache=1761573873210 HTTP/1.1" 200 297
190.95.15.31 - - [27/Oct/2025:11:02:59 -0300] "GET /cormun/servlet/solicitudot?1ac87b27e20d04c98e85a46b7c199a65e8118a1f5b81886473091fd7da7e44ea13d176786f535399233d4f0706cbd83e7fa8f6b9abd1429b734ffc2696498e7fca423c93dac182f641263c251ff58cc8063fa58f2893925ba1808d4cfcfcc35ac01e09892e8e35a2a40a473a6f240f9ed4fdeb9059efc6c942f848923ef742c97a854b452fa553c5e02a97207eb0fdf29a57f13648369f072dc8368b7268dcea14500180fbe275d98be6008a3e6e4836d40837499b00aca58ff18268c8010c68fa75b54bd5018368d25cecc1a5e678897dcac0a2660b92b4510de2a369559f3e8c39483ae6cce12c64b41c941defa7a7dcd82b7e8b0883c6c4a26fedda029d0c4a3e7e874b660f825a20a60a3f757dbfad6604d90f4b06bfe7acd1343ad78d933fa70d93047ba1a467dc01ce2ec195ebf729085e0bdd13525eb681718560db5af800987f6069f01a666ff81f124004268d6f7d85894b576fe1b96db9f94b06d091a847cf4baac4bacc256c34adfd7519cc0691bb82ac071c0f1fcf11e08abcb9869efe572f9d71e43b5be67263f109ac,gx-no-cache=1761573873246 HTTP/1.1" 200 30
190.95.15.31 - - [27/Oct/2025:11:02:59 -0300] "POST /cormun/servlet/solicitudot?gx-no-cache=1761573873268 HTTP/1.1" 200 30
190.95.15.31 - - [27/Oct/2025:11:02:59 -0300] "POST /cormun/servlet/solicitudot?gx-no-cache=1761573873301 HTTP/1.1" 200 1481
190.95.15.31 - - [27/Oct/2025:11:02:59 -0300] "POST /cormun/servlet/solicitudot?gx-no-cache=1761573873330 HTTP/1.1" 200 38
190.95.15.31 - - [27/Oct/2025:11:02:59 -0300] "GET /cormun/servlet/solicitudot?1ac87b27e20d04c98e85a46b7c199a656866591a6d723438a8fe5bada15d91de4eac3ef564ab117bb0f9b47117fdef8944f269b7d5245a96a99562b0bcf1f4eaed42367f5977bf83c0c00439b8de706185423a382b04a49f9d6432d8a12ff8ad63d9793b9531a5e1877ddbb9ac0a78d7,gx-no-cache=1761573873348 HTTP/1.1" 200 110
190.95.67.91 - - [27/Oct/2025:11:03:03 -0300] "POST /cormun/servlet/permisogoce?13c13a96aadc7a7071e2419e3ed383be,INS,0,,,,gx-no-cache=1761573877808 HTTP/1.1" 200 93
190.95.67.91 - - [27/Oct/2025:11:03:03 -0300] "GET /cormun/servlet/hpexe_return? HTTP/1.1" 200 1032
190.95.67.91 - - [27/Oct/2025:11:03:03 -0300] "GET /cormun/servlet/trpermisosgoce?gx-no-cache=1761573764865 HTTP/1.1" 200 19516
190.95.15.31 - - [27/Oct/2025:11:03:05 -0300] "POST /cormun/servlet/solicitudot?gx-no-cache=1761573878956 HTTP/1.1" 200 83
190.95.15.31 - - [27/Oct/2025:11:03:13 -0300] "GET /cormun/servlet/solicitudot?1ac87b27e20d04c98e85a46b7c199a6587a736bb17c0b5e6ad97797169415d47b5f0378ed94fd4dcc927603be826e204bd5d953691c7396978c754640c34065dcf69b33c22242e6399e5f6e381b3ce18987c50fbe0276c13cb28e40057018e7d87b9368c681dcb7eda0def865b557d46,gx-no-cache=1761573886569 HTTP/1.1" 200 29
94.74.191.4 - - [27/Oct/2025:11:03:14 -0300] "GET /cgi-bin/luci/;stok=/locale HTTP/1.1" 404 1013
190.95.67.91 - - [27/Oct/2025:11:03:15 -0300] "POST /cormun/servlet/trpermisosgoce?13c13a96aadc7a7071e2419e3ed383be,gx-no-cache=1761573764865,gx-no-cache=1761573889730 HTTP/1.1" 200 16662
190.95.67.91 - - [27/Oct/2025:11:03:17 -0300] "GET /cormun/servlet/permisogoce?INS,0,,, HTTP/1.1" 200 7150
190.95.67.91 - - [27/Oct/2025:11:03:25 -0300] "GET /cormun/servlet/permisogoce?31cd173d1e3e12863bbec4709b2eb24dac8a793f2ffa6e57074572aceaeb2b03e744300f467c3acdaab2c8716b55a3ace9b667a63944a2a707e711e56466eaec,gx-no-cache=1761573900443 HTTP/1.1" 200 83
190.95.15.31 - - [27/Oct/2025:11:03:30 -0300] "GET /cormun/servlet/solicitudot?1ac87b27e20d04c98e85a46b7c199a6544a64bac88e4d50303e02578864cc620a3b2b87d992ece2eda37edccdd93e405,gx-no-cache=1761573904263 HTTP/1.1" 200 30
190.95.67.91 - - [27/Oct/2025:11:03:34 -0300] "GET /cormun/servlet/permisogoce?31cd173d1e3e12863bbec4709b2eb24d1c1878298de7e0d4804fa2292e7d6b9772eccadf0aebb294d26f01560804cad92f9225b4c398d6c79edf7a53ae061162,gx-no-cache=1761573908778 HTTP/1.1" 200 48
190.95.15.31 - - [27/Oct/2025:11:03:36 -0300] "POST /cormun/servlet/solicitudot?gx-no-cache=1761573910160 HTTP/1.1" 200 30
190.95.67.91 - - [27/Oct/2025:11:03:40 -0300] "POST /cormun/servlet/permisogoce?13c13a96aadc7a7071e2419e3ed383be,INS,0,,,,gx-no-cache=1761573915031 HTTP/1.1" 200 93
190.95.67.91 - - [27/Oct/2025:11:03:40 -0300] "GET /cormun/servlet/hpexe_return? HTTP/1.1" 200 1032
190.95.67.91 - - [27/Oct/2025:11:03:40 -0300] "GET /cormun/servlet/trpermisosgoce?gx-no-cache=1761573764865 HTTP/1.1" 200 19515
190.95.67.91 - - [27/Oct/2025:11:03:46 -0300] "GET /cormun/servlet/trpermisosadjuntos?19588636,20251027110528,P, HTTP/1.1" 200 6583
190.95.67.91 - - [27/Oct/2025:11:03:47 -0300] "GET /cormun/servlet/permisosadjuntos?INS,19588636,P,20251027110528,, HTTP/1.1" 200 5885
190.95.67.91 - - [27/Oct/2025:11:03:47 -0300] "GET /cormun/static/about:blank HTTP/1.1" 404 1011
190.95.67.91 - - [27/Oct/2025:11:03:59 -0300] "POST /cormun/servlet/permisosadjuntos?13c13a96aadc7a7071e2419e3ed383be,INS,19588636,P,20251027110528,, HTTP/1.1" 200 116
190.95.67.91 - - [27/Oct/2025:11:03:59 -0300] "GET /cormun/servlet/hpexe_return? HTTP/1.1" 200 1038
190.95.67.91 - - [27/Oct/2025:11:03:59 -0300] "GET /cormun/servlet/trpermisosadjuntos?19588636,20251027110528,P, HTTP/1.1" 200 7092
190.95.15.31 - - [27/Oct/2025:11:04:02 -0300] "POST /cormun/servlet/solicitudot?33f08f347fc0b7a1bfd2ce2757a59d79,INS,0,0,false,,gx-no-cache=1761573935154 HTTP/1.1" 200 93
190.95.15.31 - - [27/Oct/2025:11:04:02 -0300] "GET /cormun/servlet/hpexe_return? HTTP/1.1" 200 1008
190.95.15.31 - - [27/Oct/2025:11:04:02 -0300] "GET /cormun/servlet/trsolicitudot? HTTP/1.1" 200 13672
190.95.67.91 - - [27/Oct/2025:11:04:07 -0300] "POST /cormun/servlet/trpermisosadjuntos?13c13a96aadc7a7071e2419e3ed383be,19588636,20251027110528,P,,gx-no-cache=1761573941960 HTTP/1.1" 200 90
190.95.67.91 - - [27/Oct/2025:11:04:07 -0300] "GET /cormun/servlet/hpexe_link HTTP/1.1" 200 1006
190.95.67.91 - - [27/Oct/2025:11:04:07 -0300] "GET /cormun/servlet/trpermisosgoce?gx-no-cache=1761573764865 HTTP/1.1" 200 19512
190.95.67.91 - - [27/Oct/2025:11:04:10 -0300] "POST /cormun/servlet/trpermisosgoce?13c13a96aadc7a7071e2419e3ed383be,gx-no-cache=1761573764865,gx-no-cache=1761573944779 HTTP/1.1" 200 16685
190.95.67.91 - - [27/Oct/2025:11:04:11 -0300] "GET /cormun/servlet/trpermisosadjuntos?16737958,20251027110436,P, HTTP/1.1" 200 6580
190.95.67.91 - - [27/Oct/2025:11:04:12 -0300] "GET /cormun/servlet/permisosadjuntos?INS,16737958,P,20251027110436,, HTTP/1.1" 200 5885
190.95.67.91 - - [27/Oct/2025:11:04:12 -0300] "GET /cormun/static/about:blank HTTP/1.1" 404 1011
190.95.67.91 - - [27/Oct/2025:11:04:23 -0300] "POST /cormun/servlet/permisosadjuntos?13c13a96aadc7a7071e2419e3ed383be,INS,16737958,P,20251027110436,, HTTP/1.1" 200 116
190.95.67.91 - - [27/Oct/2025:11:04:23 -0300] "GET /cormun/servlet/hpexe_return? HTTP/1.1" 200 1039
190.95.67.91 - - [27/Oct/2025:11:04:23 -0300] "GET /cormun/servlet/trpermisosadjuntos?16737958,20251027110436,P, HTTP/1.1" 200 7086
190.95.67.91 - - [27/Oct/2025:11:04:26 -0300] "POST /cormun/servlet/trpermisosadjuntos?13c13a96aadc7a7071e2419e3ed383be,16737958,20251027110436,P,,gx-no-cache=1761573960776 HTTP/1.1" 200 90
190.95.67.91 - - [27/Oct/2025:11:04:26 -0300] "GET /cormun/servlet/hpexe_link HTTP/1.1" 200 1006
190.95.67.91 - - [27/Oct/2025:11:04:27 -0300] "GET /cormun/servlet/trpermisosgoce?gx-no-cache=1761573764865 HTTP/1.1" 200 19505
190.95.67.91 - - [27/Oct/2025:11:04:29 -0300] "POST /cormun/servlet/trpermisosgoce?13c13a96aadc7a7071e2419e3ed383be,gx-no-cache=1761573764865,gx-no-cache=1761573964107 HTTP/1.1" 200 16645
190.95.15.31 - - [27/Oct/2025:11:04:30 -0300] "POST /cormun/servlet/trsolicitudot?33f08f347fc0b7a1bfd2ce2757a59d79,,gx-no-cache=1761573964100 HTTP/1.1" 200 113
190.95.15.31 - - [27/Oct/2025:11:04:30 -0300] "GET /cormun/servlet/solicitudot?UPD,2025,23065,false, HTTP/1.1" 200 17138
190.95.15.31 - - [27/Oct/2025:11:04:31 -0300] "POST /cormun/servlet/solicitudot?gx-no-cache=1761573965180 HTTP/1.1" 200 4146
190.95.15.31 - - [27/Oct/2025:11:04:32 -0300] "POST /cormun/servlet/solicitudot?33f08f347fc0b7a1bfd2ce2757a59d79,UPD,2025,23065,false,,gx-no-cache=1761573965343 HTTP/1.1" 200 13114
190.95.15.31 - - [27/Oct/2025:11:04:32 -0300] "GET /cormun/servlet/solicitudot?1ac87b27e20d04c98e85a46b7c199a65db3ee1e8c78519bb8b7b7f936371a944b1863b5af69c62fbcf78006f29bc6105,gx-no-cache=1761573965521 HTTP/1.1" 200 30
190.95.15.31 - - [27/Oct/2025:11:04:32 -0300] "GET /cormun/servlet/solicitudot?1ac87b27e20d04c98e85a46b7c199a65c1bff8bcb6fcb4c27df8e6269b807bb8907b8649310f297cf7a403084508631f77a13ed1b330fbddffe0f0fe6681a849,gx-no-cache=1761573965548 HTTP/1.1" 200 30
190.95.15.31 - - [27/Oct/2025:11:04:32 -0300] "GET /cormun/servlet/solicitudot?1ac87b27e20d04c98e85a46b7c199a65182f632a2a73c7916c8f5d336ba3521f49bbb477cbed9ebcdac80017beba73de96a77b45054b515ab2c7c2aa8c7837a2,gx-no-cache=1761573965568 HTTP/1.1" 200 53
190.95.15.31 - - [27/Oct/2025:11:04:32 -0300] "POST /cormun/servlet/solicitudot?gx-no-cache=1761573965595 HTTP/1.1" 200 297
190.95.15.31 - - [27/Oct/2025:11:04:32 -0300] "GET /cormun/servlet/solicitudot?1ac87b27e20d04c98e85a46b7c199a65e8118a1f5b81886473091fd7da7e44ea13d176786f535399233d4f0706cbd83e7fa8f6b9abd1429b734ffc2696498e7fca423c93dac182f641263c251ff58cc8063fa58f2893925ba1808d4cfcfcc35ac01e09892e8e35a2a40a473a6f240f9ed4fdeb9059efc6c942f848923ef742c97a854b452fa553c5e02a97207eb0fdf29a57f13648369f072dc8368b7268dcea14500180fbe275d98be6008a3e6e4836d40837499b00aca58ff18268c8010c68fa75b54bd5018368d25cecc1a5e678897dcac0a2660b92b4510de2a369559f3e8c39483ae6cce12c64b41c941defa7a7dcd82b7e8b0883c6c4a26fedda029d0c4a3e7e874b660f825a20a60a3f757dbfad6604d90f4b06bfe7acd1343ad78d933fa70d93047ba1a467dc01ce2ec195ebf729085e0bdd13525eb681718560db5af800987f6069f01a666ff81f124004268d6f7d85894b576fe1b96db9f94b06d091a847cf4baac4bacc256c34adfd751916a5cd44a4a4ab0155c2b1f9acc9bd90869efe572f9d71e43b5be67263f109ac,gx-no-cache=1761573965620 HTTP/1.1" 200 30
190.95.15.31 - - [27/Oct/2025:11:04:32 -0300] "POST /cormun/servlet/solicitudot?gx-no-cache=1761573965641 HTTP/1.1" 200 30
190.95.15.31 - - [27/Oct/2025:11:04:32 -0300] "POST /cormun/servlet/solicitudot?gx-no-cache=1761573965678 HTTP/1.1" 200 1481
190.95.15.31 - - [27/Oct/2025:11:04:32 -0300] "POST /cormun/servlet/solicitudot?gx-no-cache=1761573965720 HTTP/1.1" 200 41
190.95.15.31 - - [27/Oct/2025:11:04:44 -0300] "POST /cormun/servlet/solicitudot?gx-no-cache=1761573977665 HTTP/1.1" 200 30
190.95.15.31 - - [27/Oct/2025:11:05:02 -0300] "GET /cormun/servlet/prlicenciaspermisos?19881705,L,,MD,,gxPopupLevel%3D0%3B HTTP/1.1" 200 7453
190.95.15.31 - - [27/Oct/2025:11:05:02 -0300] "GET /cormun/static/gxcfg.js?2020121559567 HTTP/1.1" 200 953
190.95.15.31 - - [27/Oct/2025:11:05:02 -0300] "GET /cormun/static/prlicenciaspermisos.js?2020121559821 HTTP/1.1" 200 13379
190.95.15.31 - - [27/Oct/2025:11:05:04 -0300] "POST /cormun/servlet/solicitudot?gx-no-cache=1761573998294 HTTP/1.1" 200 1483
190.95.15.31 - - [27/Oct/2025:11:05:18 -0300] "POST /cormun/servlet/solicitudot?gx-no-cache=1761574011480 HTTP/1.1" 200 41
190.95.15.31 - - [27/Oct/2025:11:05:18 -0300] "GET /cormun/servlet/solicitudot?1ac87b27e20d04c98e85a46b7c199a656866591a6d723438a8fe5bada15d91de4eac3ef564ab117bb0f9b47117fdef8944f269b7d5245a96a99562b0bcf1f4eaed42367f5977bf83c0c00439b8de706185423a382b04a49f9d6432d8a12ff8ad63d9793b9531a5e1877ddbb9ac0a78d7,gx-no-cache=1761574011499 HTTP/1.1" 200 110
190.95.15.31 - - [27/Oct/2025:11:05:18 -0300] "POST /cormun/servlet/solicitudot?gx-no-cache=1761574011519 HTTP/1.1" 200 83
190.95.15.31 - - [27/Oct/2025:11:05:18 -0300] "GET /cormun/servlet/solicitudot?1ac87b27e20d04c98e85a46b7c199a6582f99437a1837efed002d83e84c3b730b037ca862d821b61290082fcd757fbb9e78a2a257a1cb3176bd3291c01cc57a75984853a49d1d369a4ba8feb250493078a6a189673c30c5ef558628590b9ea2a63cd5d74e3dd7f855c1a8cbf718a6d2e,gx-no-cache=1761574011544 HTTP/1.1" 200 29
190.95.15.31 - - [27/Oct/2025:11:05:18 -0300] "GET /cormun/servlet/solicitudot?1ac87b27e20d04c98e85a46b7c199a6544a64bac88e4d50303e02578864cc620d745e2f2e9b329a5081f7f3e28ad5a3b,gx-no-cache=1761574011563 HTTP/1.1" 200 30
190.95.15.31 - - [27/Oct/2025:11:05:18 -0300] "POST /cormun/servlet/solicitudot?gx-no-cache=1761574011584 HTTP/1.1" 200 34
190.95.15.31 - - [27/Oct/2025:11:05:18 -0300] "POST /cormun/servlet/solicitudot?33f08f347fc0b7a1bfd2ce2757a59d79,UPD,2025,23065,false,,gx-no-cache=1761574011613 HTTP/1.1" 200 93
190.95.15.31 - - [27/Oct/2025:11:05:18 -0300] "GET /cormun/servlet/hpexe_return? HTTP/1.1" 200 1015
190.95.15.31 - - [27/Oct/2025:11:05:18 -0300] "GET /cormun/servlet/trsolicitudot HTTP/1.1" 200 13604
190.95.67.91 - - [27/Oct/2025:11:05:33 -0300] "GET /cormun/servlet/trautorizarpermisogoce? HTTP/1.1" 200 8750
190.95.67.91 - - [27/Oct/2025:11:05:35 -0300] "POST /cormun/servlet/trautorizarpermisogoce?13c13a96aadc7a7071e2419e3ed383be,,gx-no-cache=1761574030529 HTTP/1.1" 200 5840
190.95.67.91 - - [27/Oct/2025:11:05:36 -0300] "POST /cormun/servlet/trautorizarpermisogoce?13c13a96aadc7a7071e2419e3ed383be,,gx-no-cache=1761574031151 HTTP/1.1" 200 5608
190.95.67.91 - - [27/Oct/2025:11:05:37 -0300] "POST /cormun/servlet/trautorizarpermisogoce?13c13a96aadc7a7071e2419e3ed383be,,gx-no-cache=1761574031830 HTTP/1.1" 200 5293
190.95.67.91 - - [27/Oct/2025:11:05:37 -0300] "POST /cormun/servlet/trautorizarpermisogoce?13c13a96aadc7a7071e2419e3ed383be,,gx-no-cache=1761574032439 HTTP/1.1" 200 4532
190.95.67.91 - - [27/Oct/2025:11:05:40 -0300] "GET /cormun/servlet/trlicencias? HTTP/1.1" 200 16377
190.95.15.31 - - [27/Oct/2025:11:05:42 -0300] "POST /cormun/servlet/trsolicitudot?33f08f347fc0b7a1bfd2ce2757a59d79,gx-no-cache=1761574035867 HTTP/1.1" 200 113
190.95.15.31 - - [27/Oct/2025:11:05:42 -0300] "GET /cormun/servlet/solicitudot?UPD,2025,23065,false, HTTP/1.1" 200 17141
190.95.15.31 - - [27/Oct/2025:11:05:43 -0300] "POST /cormun/servlet/solicitudot?gx-no-cache=1761574036685 HTTP/1.1" 200 4146
190.95.15.31 - - [27/Oct/2025:11:05:43 -0300] "POST /cormun/servlet/solicitudot?33f08f347fc0b7a1bfd2ce2757a59d79,UPD,2025,23065,false,,gx-no-cache=1761574036774 HTTP/1.1" 200 13111
190.95.15.31 - - [27/Oct/2025:11:05:43 -0300] "GET /cormun/servlet/solicitudot?1ac87b27e20d04c98e85a46b7c199a65db3ee1e8c78519bb8b7b7f936371a944b1863b5af69c62fbcf78006f29bc6105,gx-no-cache=1761574036882 HTTP/1.1" 200 30
190.95.15.31 - - [27/Oct/2025:11:05:43 -0300] "GET /cormun/servlet/solicitudot?1ac87b27e20d04c98e85a46b7c199a65c1bff8bcb6fcb4c27df8e6269b807bb8907b8649310f297cf7a403084508631f77a13ed1b330fbddffe0f0fe6681a849,gx-no-cache=1761574036903 HTTP/1.1" 200 30
190.95.15.31 - - [27/Oct/2025:11:05:43 -0300] "GET /cormun/servlet/solicitudot?1ac87b27e20d04c98e85a46b7c199a65182f632a2a73c7916c8f5d336ba3521f49bbb477cbed9ebcdac80017beba73de96a77b45054b515ab2c7c2aa8c7837a2,gx-no-cache=1761574036967 HTTP/1.1" 200 53
190.95.15.31 - - [27/Oct/2025:11:05:43 -0300] "POST /cormun/servlet/solicitudot?gx-no-cache=1761574036990 HTTP/1.1" 200 295
