200.126.117.15 - - [23/Oct/2025:10:31:11 -0300] "GET /cormun/servlet/trsolicitudot HTTP/1.1" 200 8962
200.126.117.15 - - [23/Oct/2025:10:31:11 -0300] "GET /cormun//static/Resources/PXToolsGridUpdate.png HTTP/1.1" 200 470
200.126.117.15 - - [23/Oct/2025:10:31:11 -0300] "GET /cormun//static/Resources/PXToolsRemoveAllAction.png HTTP/1.1" 200 487
200.126.117.15 - - [23/Oct/2025:10:31:11 -0300] "GET /cormun//static/Resources/PXToolsGridDelete.png HTTP/1.1" 200 538
200.126.117.15 - - [23/Oct/2025:10:31:11 -0300] "GET /cormun//static/Resources/PXTools/ActionInsert.png HTTP/1.1" 200 1482
200.126.117.15 - - [23/Oct/2025:10:31:11 -0300] "GET /cormun//static/Resources/PXToolsActionView.png HTTP/1.1" 200 398
200.126.117.15 - - [23/Oct/2025:10:31:11 -0300] "GET /favicon.ico HTTP/1.1" 200 21630
200.126.117.15 - - [23/Oct/2025:10:31:31 -0300] "POST /cormun/servlet/trsolicitudot?ee6baa7a9796b34d2cd5a998dbdfc343,gx-no-cache=1761226392682 HTTP/1.1" 200 6256
200.126.117.15 - - [23/Oct/2025:10:31:31 -0300] "GET /cormun/static/Shared/jqueryui/images/ui-icons_82798d_256x240.png HTTP/1.1" 404 1089
200.126.117.15 - - [23/Oct/2025:10:31:31 -0300] "GET /cormun/static/Shared/jqueryui/images/ui-bg_highlight-soft_100_c6c2c8_1x100.png HTTP/1.1" 404 1117
200.126.117.15 - - [23/Oct/2025:10:31:31 -0300] "GET /cormun/static/Shared/jqueryui/images/ui-icons_8d78a5_256x240.png HTTP/1.1" 404 1089
200.126.117.15 - - [23/Oct/2025:10:31:31 -0300] "GET /cormun/static/Shared/jqueryui/images/ui-bg_flat_55_fafafa_40x100.png HTTP/1.1" 404 1097
200.126.117.15 - - [23/Oct/2025:10:31:40 -0300] "POST /cormun/servlet/trsolicitudot?ee6baa7a9796b34d2cd5a998dbdfc343,gx-no-cache=1761226402016 HTTP/1.1" 200 6255
200.126.117.15 - - [23/Oct/2025:10:31:50 -0300] "POST /cormun/servlet/trsolicitudot?ee6baa7a9796b34d2cd5a998dbdfc343,gx-no-cache=1761226412216 HTTP/1.1" 200 6254
200.126.117.15 - - [23/Oct/2025:10:32:17 -0300] "POST /cormun/servlet/trsolicitudot?ee6baa7a9796b34d2cd5a998dbdfc343,gx-no-cache=1761226439064 HTTP/1.1" 200 6255
200.126.117.15 - - [23/Oct/2025:10:32:28 -0300] "POST /cormun/servlet/trsolicitudot?ee6baa7a9796b34d2cd5a998dbdfc343,gx-no-cache=1761226449667 HTTP/1.1" 200 6256
200.126.117.15 - - [23/Oct/2025:10:32:38 -0300] "POST /cormun/servlet/trsolicitudot?ee6baa7a9796b34d2cd5a998dbdfc343,gx-no-cache=1761226459715 HTTP/1.1" 200 6254
200.126.117.15 - - [23/Oct/2025:10:32:54 -0300] "POST /cormun/servlet/trsolicitudot?ee6baa7a9796b34d2cd5a998dbdfc343,gx-no-cache=1761226476137 HTTP/1.1" 200 107
200.126.117.15 - - [23/Oct/2025:10:32:54 -0300] "GET /cormun/servlet/trsolicitudadjuntos?2025,23053, HTTP/1.1" 200 6432
200.126.117.15 - - [23/Oct/2025:10:32:54 -0300] "GET /cormun/static/gxcfg.js?20201215574222 HTTP/1.1" 200 953
200.126.117.15 - - [23/Oct/2025:10:32:54 -0300] "GET /cormun/static/Resources/PXToolsGridNew.png HTTP/1.1" 200 427
200.126.117.15 - - [23/Oct/2025:10:32:54 -0300] "GET /cormun/static/trsolicitudadjuntos.js?20201215574932 HTTP/1.1" 200 17921
200.126.117.15 - - [23/Oct/2025:10:33:07 -0300] "GET /cormun/servlet/solicitudotadjuntos?INS,2025,23053,,1, HTTP/1.1" 200 6373
200.126.117.15 - - [23/Oct/2025:10:33:07 -0300] "GET /cormun/static/gxcfg.js?202211298385187 HTTP/1.1" 200 953
200.126.117.15 - - [23/Oct/2025:10:33:07 -0300] "GET /cormun/static/solicitudotadjuntos.js?202211298385196 HTTP/1.1" 200 11771
200.126.117.15 - - [23/Oct/2025:10:33:07 -0300] "GET /cormun/static/about:blank HTTP/1.1" 404 1011
200.126.117.15 - - [23/Oct/2025:10:33:07 -0300] "GET /cormun/servlet/solicitudotadjuntos?9cb692fd81a8c16f86c3f506a37a61190c413b205aa039e2919ee642c9f9253f95050fc2fb5ddf8e5681fe6f2eac0faa,gx-no-cache=1761226489550 HTTP/1.1" 200 30
200.126.117.15 - - [23/Oct/2025:10:33:08 -0300] "POST /cormun/servlet/solicitudotadjuntos?ee6baa7a9796b34d2cd5a998dbdfc343,INS,2025,23053,,1,,gx-no-cache=1761226489574 HTTP/1.1" 200 4150
192.168.10.19 - - [23/Oct/2025:10:34:28 -0300] "GET /cormun/servlet/trautorizarot? HTTP/1.1" 200 8154
192.168.10.19 - - [23/Oct/2025:10:34:31 -0300] "GET /cormun/servlet/trsolicitudgral? HTTP/1.1" 200 11105
40.77.167.74 - - [23/Oct/2025:10:35:57 -0300] "GET /cormun/servlet/hlogin HTTP/1.1" 200 1720
52.167.144.180 - - [23/Oct/2025:10:36:11 -0300] "GET /cormun/static/gxtimezone.js?85251 HTTP/1.1" 200 5781
148.113.212.55 - - [23/Oct/2025:10:36:22 -0300] "GET / HTTP/1.1" 200 11217
192.168.10.19 - - [23/Oct/2025:10:39:27 -0300] "POST /cormun/servlet/trsolicitudgral?639aa892ed34d3c5e76630c61d30d893,,gx-no-cache=1761226846950 HTTP/1.1" 200 5246
192.168.10.19 - - [23/Oct/2025:10:39:30 -0300] "POST /cormun/servlet/trsolicitudgral?639aa892ed34d3c5e76630c61d30d893,,gx-no-cache=1761226850242 HTTP/1.1" 200 6663
192.168.10.19 - - [23/Oct/2025:10:39:32 -0300] "GET /cormun/servlet/vesolicitudgral?2025,23051,, HTTP/1.1" 200 8359
192.168.10.19 - - [23/Oct/2025:10:39:32 -0300] "GET /cormun/pexe_scrolldiv.js HTTP/1.1" 404 1009
190.95.15.15 - - [23/Oct/2025:10:40:51 -0300] "GET /cormun/servlet/permisogoce?a98e070bdaded4c486695d056bfd2f3ec991545d2589bc24a8853e7151f73aae4d840babf198c68b6d7c9509fef75a96f70646da9f90e5b27b5878340e5186a8,gx-no-cache=1761226952132 HTTP/1.1" 440 972
190.95.15.15 - - [23/Oct/2025:10:40:53 -0300] "GET /cormun/servlet/permisogoce?INS,0,,, HTTP/1.1" 200 6019
190.95.15.15 - - [23/Oct/2025:10:40:53 -0300] "GET /cormun/servlet/hlogin HTTP/1.1" 200 1739
200.126.117.15 - - [23/Oct/2025:10:40:59 -0300] "POST /cormun/servlet/solicitudotadjuntos?gx-no-cache=1761226961153 HTTP/1.1" 200 26
190.95.15.15 - - [23/Oct/2025:10:40:59 -0300] "POST /cormun/servlet/hlogin?824bc00e92b1ae96f29e3df923a8c62f,gx-no-cache=1761226960482 HTTP/1.1" 200 90
190.95.15.15 - - [23/Oct/2025:10:40:59 -0300] "GET /cormun/servlet/hpexe_link HTTP/1.1" 200 960
190.95.15.15 - - [23/Oct/2025:10:41:00 -0300] "GET /cormun/servlet/permisogoce?INS,0,,, HTTP/1.1" 200 6679
190.95.15.15 - - [23/Oct/2025:10:41:16 -0300] "GET /cormun/servlet/permisogoce?bad72eaef6d2b903771cda09e498148725f81b51c680326b6baecafde3c08b7badfd6728a4a37641086cdad7a6dfe1aa3e83739300cc43a8d11227acfa39f8ce,gx-no-cache=1761226977026 HTTP/1.1" 200 86
190.95.15.15 - - [23/Oct/2025:10:41:16 -0300] "GET /cormun/static/menuarrow.gif HTTP/1.1" 404 1015
190.95.15.15 - - [23/Oct/2025:10:41:21 -0300] "GET /cormun/servlet/permisogoce?bad72eaef6d2b903771cda09e49814875e5d2ac69df006d1ea0a3dcfd205caab06925ac94134cd01bbf8d3947ab26b6323337344f5a45f158517e665ff94ba60,gx-no-cache=1761226982023 HTTP/1.1" 200 47
190.95.15.15 - - [23/Oct/2025:10:41:23 -0300] "POST /cormun/servlet/permisogoce?824bc00e92b1ae96f29e3df923a8c62f,INS,0,,,,gx-no-cache=1761226983940 HTTP/1.1" 200 93
190.95.15.15 - - [23/Oct/2025:10:41:23 -0300] "GET /cormun/servlet/hpexe_return? HTTP/1.1" 200 1004
190.95.15.15 - - [23/Oct/2025:10:41:23 -0300] "GET /cormun/servlet/hhome HTTP/1.1" 200 3988
190.95.15.15 - - [23/Oct/2025:10:41:26 -0300] "GET /cormun/servlet/trpermisosgoce? HTTP/1.1" 200 16916
190.95.15.15 - - [23/Oct/2025:10:41:29 -0300] "GET /cormun/servlet/apermisogoceprn?16493870,P,20251023104220,PU HTTP/1.1" 200 1662
201.186.225.187 - - [23/Oct/2025:10:42:05 -0300] "GET /cormun/servlet/trlicencias? HTTP/1.1" 200 6058
201.186.225.187 - - [23/Oct/2025:10:42:06 -0300] "GET /cormun/servlet/hlogin HTTP/1.1" 200 1739
201.186.225.187 - - [23/Oct/2025:10:42:12 -0300] "POST /cormun/servlet/hlogin?cf1249a10c53cf61b61264425ec2227e,gx-no-cache=1761230646106 HTTP/1.1" 200 90
201.186.225.187 - - [23/Oct/2025:10:42:12 -0300] "GET /cormun/servlet/hpexe_link HTTP/1.1" 200 958
201.186.225.187 - - [23/Oct/2025:10:42:12 -0300] "GET /cormun/servlet/trlicencias HTTP/1.1" 200 9991
201.186.225.187 - - [23/Oct/2025:10:42:16 -0300] "POST /cormun/servlet/trlicencias?cf1249a10c53cf61b61264425ec2227e,gx-no-cache=1761230650146 HTTP/1.1" 200 7387
192.168.10.19 - - [23/Oct/2025:10:44:09 -0300] "GET /cormun/servlet/vesolicitudgral?2025,23051,,SolicitudOTAdjuntos HTTP/1.1" 200 11312
192.168.10.19 - - [23/Oct/2025:10:44:09 -0300] "GET /cormun/pexe_scrolldiv.js HTTP/1.1" 404 1009
192.168.10.19 - - [23/Oct/2025:10:44:10 -0300] "POST /cormun/servlet/acontrolpreferencessavestate?None,RRHH+DANIELA,true HTTP/1.1" 200 35
192.168.10.19 - - [23/Oct/2025:10:44:13 -0300] "GET /cormun/servlet/vesolicitudgral?2025,23051,,General HTTP/1.1" 200 8363
192.168.10.19 - - [23/Oct/2025:10:44:13 -0300] "GET /cormun/pexe_scrolldiv.js HTTP/1.1" 404 1009
192.168.10.19 - - [23/Oct/2025:10:44:20 -0300] "POST /cormun/servlet/vesolicitudgral?639aa892ed34d3c5e76630c61d30d893,2025,23051,,General,gx-no-cache=1761227140541 HTTP/1.1" 200 12296
192.168.10.19 - - [23/Oct/2025:10:44:20 -0300] "GET /cormun/static/Shared/jqueryui/images/ui-bg_highlight-soft_100_c6c2c8_1x100.png HTTP/1.1" 404 1117
192.168.10.19 - - [23/Oct/2025:10:44:20 -0300] "GET /cormun/static/Shared/jqueryui/images/ui-bg_flat_55_fafafa_40x100.png HTTP/1.1" 404 1097
192.168.10.19 - - [23/Oct/2025:10:44:20 -0300] "GET /cormun/static/Shared/jqueryui/images/ui-icons_8d78a5_256x240.png HTTP/1.1" 404 1089
192.168.10.19 - - [23/Oct/2025:10:44:20 -0300] "GET /cormun/static/Shared/jqueryui/images/ui-icons_82798d_256x240.png HTTP/1.1" 404 1089
192.168.10.19 - - [23/Oct/2025:10:44:23 -0300] "GET /cormun/servlet/trautorizarot? HTTP/1.1" 200 8160
192.168.10.19 - - [23/Oct/2025:10:44:37 -0300] "GET /cormun/servlet/vesolicitudgral?2025,23051,,SolicitudOTAdjuntos HTTP/1.1" 200 11318
192.168.10.19 - - [23/Oct/2025:10:44:37 -0300] "GET /cormun/pexe_scrolldiv.js HTTP/1.1" 404 1009
192.168.10.19 - - [23/Oct/2025:10:44:38 -0300] "POST /cormun/servlet/acontrolpreferencessavestate?None,RRHH+DANIELA,true HTTP/1.1" 200 35
192.168.10.19 - - [23/Oct/2025:10:44:40 -0300] "GET /cormun/PublicTempStorage/certificado_de_antecedentes_maria_ignacia7103133.pdf HTTP/1.1" 200 37148
192.168.10.19 - - [23/Oct/2025:10:45:49 -0300] "GET /cormun/servlet/vesolicitudgral?2025,23051,,SolicitudOTAdjuntos HTTP/1.1" 200 11317
192.168.10.19 - - [23/Oct/2025:10:45:50 -0300] "POST /cormun/servlet/acontrolpreferencessavestate?None,RRHH+DANIELA,true HTTP/1.1" 200 35
192.168.10.19 - - [23/Oct/2025:10:45:50 -0300] "GET /cormun/PublicTempStorage/curriculuma_maria_ignacia1349223.pdf HTTP/1.1" 200 59851
192.168.10.19 - - [23/Oct/2025:10:46:23 -0300] "GET /cormun/servlet/vesolicitudgral?2025,23051,,SolicitudOTAdjuntos HTTP/1.1" 200 11318
192.168.10.19 - - [23/Oct/2025:10:46:24 -0300] "POST /cormun/servlet/acontrolpreferencessavestate?None,RRHH+DANIELA,true HTTP/1.1" 200 35
192.168.10.19 - - [23/Oct/2025:10:46:25 -0300] "GET /cormun/servlet/vesolicitudgral?2025,23051,,General HTTP/1.1" 200 8363
192.168.10.19 - - [23/Oct/2025:10:46:25 -0300] "GET /cormun/pexe_scrolldiv.js HTTP/1.1" 404 1009
192.168.10.19 - - [23/Oct/2025:10:47:12 -0300] "GET /cormun/servlet/vesolicitudgral?2025,23051,,SolicitudOTAdjuntos HTTP/1.1" 200 11319
192.168.10.19 - - [23/Oct/2025:10:47:12 -0300] "GET /cormun/pexe_scrolldiv.js HTTP/1.1" 404 1009
192.168.10.19 - - [23/Oct/2025:10:47:13 -0300] "POST /cormun/servlet/acontrolpreferencessavestate?None,RRHH+DANIELA,true HTTP/1.1" 200 35
192.168.10.19 - - [23/Oct/2025:10:47:14 -0300] "GET /cormun/PublicTempStorage/certificado_de_titulo_maria_ignacia8018488.pdf HTTP/1.1" 200 166647
192.168.10.19 - - [23/Oct/2025:10:47:43 -0300] "GET /cormun/servlet/vesolicitudgral?2025,23051,,SolicitudOTAdjuntos HTTP/1.1" 200 11317
192.168.10.19 - - [23/Oct/2025:10:47:44 -0300] "POST /cormun/servlet/acontrolpreferencessavestate?None,RRHH+DANIELA,true HTTP/1.1" 200 35
190.95.1.183 - - [23/Oct/2025:10:47:45 -0300] "GET /cormun/servlet/hlogin HTTP/1.1" 200 1725
192.168.10.19 - - [23/Oct/2025:10:47:45 -0300] "GET /cormun/PublicTempStorage/certificado_uno_%284%299441827.pdf HTTP/1.1" 200 74506
190.95.1.183 - - [23/Oct/2025:10:47:51 -0300] "POST /cormun/servlet/hlogin?0430023142dfc513c4b8dd3b1b513aa9,gx-no-cache=1761227372600 HTTP/1.1" 200 90
190.95.1.183 - - [23/Oct/2025:10:47:51 -0300] "GET /cormun/servlet/hpexe_link HTTP/1.1" 200 954
190.95.1.183 - - [23/Oct/2025:10:47:52 -0300] "GET /cormun/servlet/hhome HTTP/1.1" 200 3982
192.168.10.19 - - [23/Oct/2025:10:47:53 -0300] "GET /cormun/servlet/vesolicitudgral?2025,23051,,SolicitudOTAdjuntos HTTP/1.1" 200 11316
192.168.10.19 - - [23/Oct/2025:10:47:54 -0300] "POST /cormun/servlet/acontrolpreferencessavestate?None,RRHH+DANIELA,true HTTP/1.1" 200 35
190.95.1.183 - - [23/Oct/2025:10:47:57 -0300] "GET /cormun/servlet/trsolicitudot? HTTP/1.1" 200 7200
190.95.1.183 - - [23/Oct/2025:10:48:00 -0300] "POST /cormun/servlet/trsolicitudot?0430023142dfc513c4b8dd3b1b513aa9,,gx-no-cache=1761227381117 HTTP/1.1" 200 6239
190.95.1.183 - - [23/Oct/2025:10:48:03 -0300] "POST /cormun/servlet/trsolicitudot?0430023142dfc513c4b8dd3b1b513aa9,,gx-no-cache=1761227384632 HTTP/1.1" 200 6215
190.95.1.183 - - [23/Oct/2025:10:48:05 -0300] "POST /cormun/servlet/trsolicitudot?0430023142dfc513c4b8dd3b1b513aa9,,gx-no-cache=1761227386174 HTTP/1.1" 200 6217
192.168.10.19 - - [23/Oct/2025:10:48:06 -0300] "GET /cormun/servlet/vesolicitudgral?2025,23051,,General HTTP/1.1" 200 8363
192.168.10.19 - - [23/Oct/2025:10:48:06 -0300] "GET /cormun/pexe_scrolldiv.js HTTP/1.1" 404 1009
190.95.1.183 - - [23/Oct/2025:10:48:07 -0300] "GET /cormun/servlet/treventos?2025,23051, HTTP/1.1" 200 8460
190.95.1.183 - - [23/Oct/2025:10:48:07 -0300] "GET /cormun/static/gxcfg.js?20201215584657 HTTP/1.1" 200 953
190.95.1.183 - - [23/Oct/2025:10:48:07 -0300] "GET /cormun/static/treventos.js?2020121558506 HTTP/1.1" 200 16063
190.95.1.183 - - [23/Oct/2025:10:48:10 -0300] "GET /cormun/servlet/trsolicitudot? HTTP/1.1" 200 9088
190.95.1.183 - - [23/Oct/2025:10:48:18 -0300] "POST /cormun/servlet/trsolicitudot?0430023142dfc513c4b8dd3b1b513aa9,,gx-no-cache=1761227399415 HTTP/1.1" 200 6216
190.95.1.183 - - [23/Oct/2025:10:48:19 -0300] "POST /cormun/servlet/trsolicitudot?0430023142dfc513c4b8dd3b1b513aa9,,gx-no-cache=1761227400487 HTTP/1.1" 200 6216
190.95.1.183 - - [23/Oct/2025:10:48:21 -0300] "POST /cormun/servlet/trsolicitudot?0430023142dfc513c4b8dd3b1b513aa9,,gx-no-cache=1761227402092 HTTP/1.1" 200 6216
190.95.1.183 - - [23/Oct/2025:10:48:23 -0300] "POST /cormun/servlet/trsolicitudot?0430023142dfc513c4b8dd3b1b513aa9,,gx-no-cache=1761227403934 HTTP/1.1" 200 6216
192.168.10.19 - - [23/Oct/2025:10:51:55 -0300] "GET /cormun/servlet/trsolicitudgral? HTTP/1.1" 200 9731
192.168.10.19 - - [23/Oct/2025:10:52:00 -0300] "POST /cormun/servlet/trsolicitudgral?639aa892ed34d3c5e76630c61d30d893,,gx-no-cache=1761227599754 HTTP/1.1" 200 8060
192.168.10.19 - - [23/Oct/2025:10:52:01 -0300] "GET /cormun/servlet/trsolicitudgral? HTTP/1.1" 200 11105
192.168.10.19 - - [23/Oct/2025:10:52:02 -0300] "GET /cormun/servlet/trautorizarot? HTTP/1.1" 200 8154
200.126.117.15 - - [23/Oct/2025:10:52:24 -0300] "GET /cormun/servlet/solicitudotadjuntos?9cb692fd81a8c16f86c3f506a37a61190faa8a9b2ea1306e2b97f0d8a6b1f65a,gx-no-cache=1761227646352 HTTP/1.1" 200 30
200.126.117.15 - - [23/Oct/2025:10:52:24 -0300] "GET /cormun/servlet/solicitudotadjuntos?9cb692fd81a8c16f86c3f506a37a61190faa8a9b2ea1306e2b97f0d8a6b1f65a,gx-no-cache=1761227646404 HTTP/1.1" 200 30
200.126.117.15 - - [23/Oct/2025:10:52:25 -0300] "POST /cormun/servlet/solicitudotadjuntos?ee6baa7a9796b34d2cd5a998dbdfc343,INS,2025,23053,,1, HTTP/1.1" 200 116
200.126.117.15 - - [23/Oct/2025:10:52:25 -0300] "GET /cormun/servlet/hpexe_return? HTTP/1.1" 200 1029
200.126.117.15 - - [23/Oct/2025:10:52:25 -0300] "GET /cormun/servlet/trsolicitudadjuntos?2025,23053, HTTP/1.1" 200 9620
200.126.117.15 - - [23/Oct/2025:10:52:37 -0300] "GET /cormun/servlet/solicitudotadjuntos?INS,2025,23053,,1, HTTP/1.1" 200 6372
200.126.117.15 - - [23/Oct/2025:10:52:37 -0300] "GET /cormun/static/about:blank HTTP/1.1" 404 1011
200.126.117.15 - - [23/Oct/2025:10:52:38 -0300] "GET /cormun/servlet/solicitudotadjuntos?9cb692fd81a8c16f86c3f506a37a61190c413b205aa039e2919ee642c9f9253f95050fc2fb5ddf8e5681fe6f2eac0faa,gx-no-cache=1761227659955 HTTP/1.1" 200 30
200.126.117.15 - - [23/Oct/2025:10:52:38 -0300] "POST /cormun/servlet/solicitudotadjuntos?ee6baa7a9796b34d2cd5a998dbdfc343,INS,2025,23053,,1,,gx-no-cache=1761227659979 HTTP/1.1" 200 4149
200.126.117.15 - - [23/Oct/2025:10:52:44 -0300] "POST /cormun/servlet/solicitudotadjuntos?gx-no-cache=1761227666008 HTTP/1.1" 200 26
200.126.117.15 - - [23/Oct/2025:10:53:24 -0300] "POST /cormun/servlet/solicitudotadjuntos?gx-no-cache=1761227705908 HTTP/1.1" 200 26
190.95.67.99 - - [23/Oct/2025:10:53:29 -0300] "GET /cormun/servlet/trpermisosgoce? HTTP/1.1" 200 6033
190.95.67.99 - - [23/Oct/2025:10:53:33 -0300] "GET /cormun/servlet/trpermisosgoce? HTTP/1.1" 200 6030
190.95.67.99 - - [23/Oct/2025:10:53:34 -0300] "GET /cormun/servlet/hlogin HTTP/1.1" 200 1739
190.95.67.99 - - [23/Oct/2025:10:53:37 -0300] "POST /cormun/servlet/hlogin?2e4ae7ce99b4e45c831a46d179c4bac2,gx-no-cache=1761227718588 HTTP/1.1" 200 90
190.95.67.99 - - [23/Oct/2025:10:53:38 -0300] "GET /cormun/servlet/hpexe_link HTTP/1.1" 200 957
190.95.67.99 - - [23/Oct/2025:10:53:39 -0300] "GET /cormun/servlet/trpermisosgoce HTTP/1.1" 200 12666
190.95.67.99 - - [23/Oct/2025:10:53:59 -0300] "POST /cormun/servlet/trpermisosgoce?2e4ae7ce99b4e45c831a46d179c4bac2,gx-no-cache=1761227739545 HTTP/1.1" 200 9449
190.95.67.99 - - [23/Oct/2025:10:53:59 -0300] "POST /cormun/servlet/trpermisosgoce?2e4ae7ce99b4e45c831a46d179c4bac2,gx-no-cache=1761227739838 HTTP/1.1" 200 9427
190.95.15.27 - - [23/Oct/2025:10:55:09 -0300] "GET /cormun/servlet/hlogin HTTP/1.1" 200 1722
200.126.117.15 - - [23/Oct/2025:10:55:13 -0300] "GET /cormun/servlet/solicitudotadjuntos?9cb692fd81a8c16f86c3f506a37a61190faa8a9b2ea1306e2b97f0d8a6b1f65a,gx-no-cache=1761227814780 HTTP/1.1" 200 30
200.126.117.15 - - [23/Oct/2025:10:55:13 -0300] "GET /cormun/servlet/solicitudotadjuntos?9cb692fd81a8c16f86c3f506a37a61190faa8a9b2ea1306e2b97f0d8a6b1f65a,gx-no-cache=1761227814831 HTTP/1.1" 200 30
200.126.117.15 - - [23/Oct/2025:10:55:13 -0300] "POST /cormun/servlet/solicitudotadjuntos?ee6baa7a9796b34d2cd5a998dbdfc343,INS,2025,23053,,1, HTTP/1.1" 200 116
200.126.117.15 - - [23/Oct/2025:10:55:13 -0300] "GET /cormun/servlet/hpexe_return? HTTP/1.1" 200 1029
200.126.117.15 - - [23/Oct/2025:10:55:13 -0300] "GET /cormun/servlet/trsolicitudadjuntos?2025,23053, HTTP/1.1" 200 9886
200.126.117.15 - - [23/Oct/2025:10:55:18 -0300] "GET /cormun/servlet/solicitudotadjuntos?INS,2025,23053,,1, HTTP/1.1" 200 6373
200.126.117.15 - - [23/Oct/2025:10:55:18 -0300] "GET /cormun/static/about:blank HTTP/1.1" 404 1011
200.126.117.15 - - [23/Oct/2025:10:55:18 -0300] "GET /cormun/servlet/solicitudotadjuntos?9cb692fd81a8c16f86c3f506a37a61190c413b205aa039e2919ee642c9f9253f95050fc2fb5ddf8e5681fe6f2eac0faa,gx-no-cache=1761227820288 HTTP/1.1" 200 30
200.126.117.15 - - [23/Oct/2025:10:55:18 -0300] "POST /cormun/servlet/solicitudotadjuntos?ee6baa7a9796b34d2cd5a998dbdfc343,INS,2025,23053,,1,,gx-no-cache=1761227820313 HTTP/1.1" 200 4150
190.95.15.27 - - [23/Oct/2025:10:55:21 -0300] "POST /cormun/servlet/hlogin?c8eef0fbc38051c9eb34ae97bf0defea,gx-no-cache=1761227822539 HTTP/1.1" 200 90
190.95.15.27 - - [23/Oct/2025:10:55:21 -0300] "GET /cormun/servlet/hpexe_link HTTP/1.1" 200 954
190.95.15.27 - - [23/Oct/2025:10:55:22 -0300] "GET /cormun/servlet/hhome HTTP/1.1" 200 3947
190.95.15.27 - - [23/Oct/2025:10:55:25 -0300] "GET /cormun/servlet/trpermisosgoce? HTTP/1.1" 200 11363
200.126.117.15 - - [23/Oct/2025:10:55:34 -0300] "POST /cormun/servlet/solicitudotadjuntos?gx-no-cache=1761227836076 HTTP/1.1" 200 26
200.126.117.15 - - [23/Oct/2025:10:55:44 -0300] "GET /cormun/servlet/solicitudotadjuntos?9cb692fd81a8c16f86c3f506a37a61190faa8a9b2ea1306e2b97f0d8a6b1f65a,gx-no-cache=1761227845575 HTTP/1.1" 200 30
200.126.117.15 - - [23/Oct/2025:10:55:44 -0300] "GET /cormun/servlet/solicitudotadjuntos?9cb692fd81a8c16f86c3f506a37a61190faa8a9b2ea1306e2b97f0d8a6b1f65a,gx-no-cache=1761227845601 HTTP/1.1" 200 30
200.126.117.15 - - [23/Oct/2025:10:55:44 -0300] "POST /cormun/servlet/solicitudotadjuntos?ee6baa7a9796b34d2cd5a998dbdfc343,INS,2025,23053,,1, HTTP/1.1" 200 116
200.126.117.15 - - [23/Oct/2025:10:55:44 -0300] "GET /cormun/servlet/hpexe_return? HTTP/1.1" 200 1029
200.126.117.15 - - [23/Oct/2025:10:55:44 -0300] "GET /cormun/servlet/trsolicitudadjuntos?2025,23053, HTTP/1.1" 200 10194
190.95.15.27 - - [23/Oct/2025:10:55:47 -0300] "POST /cormun/servlet/trpermisosgoce?c8eef0fbc38051c9eb34ae97bf0defea,,gx-no-cache=1761227848342 HTTP/1.1" 200 4205
200.126.117.15 - - [23/Oct/2025:10:55:47 -0300] "GET /cormun/servlet/solicitudotadjuntos?INS,2025,23053,,1, HTTP/1.1" 200 6373
200.126.117.15 - - [23/Oct/2025:10:55:47 -0300] "GET /cormun/static/about:blank HTTP/1.1" 404 1011
200.126.117.15 - - [23/Oct/2025:10:55:48 -0300] "GET /cormun/servlet/solicitudotadjuntos?9cb692fd81a8c16f86c3f506a37a61190c413b205aa039e2919ee642c9f9253f95050fc2fb5ddf8e5681fe6f2eac0faa,gx-no-cache=1761227850121 HTTP/1.1" 200 30
200.126.117.15 - - [23/Oct/2025:10:55:48 -0300] "POST /cormun/servlet/solicitudotadjuntos?ee6baa7a9796b34d2cd5a998dbdfc343,INS,2025,23053,,1,,gx-no-cache=1761227850145 HTTP/1.1" 200 4150
190.95.15.27 - - [23/Oct/2025:10:56:01 -0300] "POST /cormun/servlet/trpermisosgoce?c8eef0fbc38051c9eb34ae97bf0defea,,gx-no-cache=1761227862371 HTTP/1.1" 200 4205
190.95.15.27 - - [23/Oct/2025:10:56:06 -0300] "POST /cormun/servlet/trpermisosgoce?c8eef0fbc38051c9eb34ae97bf0defea,,gx-no-cache=1761227867157 HTTP/1.1" 200 5639
192.168.10.19 - - [23/Oct/2025:10:56:26 -0300] "POST /cormun/servlet/trsolicitudgral?639aa892ed34d3c5e76630c61d30d893,,gx-no-cache=1761227866680 HTTP/1.1" 200 5264
192.168.10.19 - - [23/Oct/2025:10:56:29 -0300] "POST /cormun/servlet/trsolicitudgral?639aa892ed34d3c5e76630c61d30d893,,gx-no-cache=1761227869079 HTTP/1.1" 200 6668
192.168.10.19 - - [23/Oct/2025:10:56:30 -0300] "GET /cormun/servlet/vesolicitudgral?2025,23048,, HTTP/1.1" 200 8396
192.168.10.19 - - [23/Oct/2025:10:56:30 -0300] "GET /cormun/pexe_scrolldiv.js HTTP/1.1" 404 1009
192.168.10.19 - - [23/Oct/2025:10:56:44 -0300] "GET /cormun/servlet/vesolicitudgral?2025,23048,,SolicitudOTAdjuntos HTTP/1.1" 200 11316
192.168.10.19 - - [23/Oct/2025:10:56:44 -0300] "GET /cormun/pexe_scrolldiv.js HTTP/1.1" 404 1009
192.168.10.19 - - [23/Oct/2025:10:56:45 -0300] "POST /cormun/servlet/acontrolpreferencessavestate?None,RRHH+DANIELA,true HTTP/1.1" 200 35
200.126.117.15 - - [23/Oct/2025:10:57:01 -0300] "POST /cormun/servlet/solicitudotadjuntos?gx-no-cache=1761227923285 HTTP/1.1" 200 26
192.168.10.19 - - [23/Oct/2025:10:57:47 -0300] "GET /cormun/PublicTempStorage/certificado_de_titulo_%281%295390541.pdf HTTP/1.1" 200 1730510
200.126.117.15 - - [23/Oct/2025:11:00:49 -0300] "POST /cormun/servlet/solicitudotadjuntos?gx-no-cache=1761228151036 HTTP/1.1" 200 26
200.126.117.15 - - [23/Oct/2025:11:01:02 -0300] "GET /cormun/servlet/solicitudotadjuntos?9cb692fd81a8c16f86c3f506a37a61190faa8a9b2ea1306e2b97f0d8a6b1f65a,gx-no-cache=1761228164067 HTTP/1.1" 200 30
200.126.117.15 - - [23/Oct/2025:11:01:02 -0300] "GET /cormun/servlet/solicitudotadjuntos?9cb692fd81a8c16f86c3f506a37a61190faa8a9b2ea1306e2b97f0d8a6b1f65a,gx-no-cache=1761228164081 HTTP/1.1" 200 30
200.126.117.15 - - [23/Oct/2025:11:01:02 -0300] "POST /cormun/servlet/solicitudotadjuntos?ee6baa7a9796b34d2cd5a998dbdfc343,INS,2025,23053,,1, HTTP/1.1" 200 116
200.126.117.15 - - [23/Oct/2025:11:01:02 -0300] "GET /cormun/servlet/hpexe_return? HTTP/1.1" 200 1029
200.126.117.15 - - [23/Oct/2025:11:01:02 -0300] "GET /cormun/servlet/trsolicitudadjuntos?2025,23053, HTTP/1.1" 200 10504
200.126.117.15 - - [23/Oct/2025:11:01:27 -0300] "GET /cormun/servlet/solicitudotadjuntos?INS,2025,23053,,1, HTTP/1.1" 200 6374
200.126.117.15 - - [23/Oct/2025:11:01:27 -0300] "GET /cormun/static/about:blank HTTP/1.1" 404 1011
200.126.117.15 - - [23/Oct/2025:11:01:28 -0300] "GET /cormun/servlet/solicitudotadjuntos?9cb692fd81a8c16f86c3f506a37a61190c413b205aa039e2919ee642c9f9253f95050fc2fb5ddf8e5681fe6f2eac0faa,gx-no-cache=1761228189980 HTTP/1.1" 200 30
200.126.117.15 - - [23/Oct/2025:11:01:28 -0300] "POST /cormun/servlet/solicitudotadjuntos?ee6baa7a9796b34d2cd5a998dbdfc343,INS,2025,23053,,1,,gx-no-cache=1761228190003 HTTP/1.1" 200 4150
200.126.117.15 - - [23/Oct/2025:11:01:41 -0300] "POST /cormun/servlet/solicitudotadjuntos?gx-no-cache=1761228203076 HTTP/1.1" 200 26
201.186.226.3 - - [23/Oct/2025:11:02:58 -0300] "GET /cormun/servlet/hlogin HTTP/1.1" 200 1715
179.57.78.55 - - [23/Oct/2025:11:02:59 -0300] "GET /cormun/servlet/trpermisosgoce? HTTP/1.1" 200 6026
179.57.78.55 - - [23/Oct/2025:11:02:59 -0300] "GET /cormun/servlet/hlogin HTTP/1.1" 200 1738
179.57.78.55 - - [23/Oct/2025:11:02:59 -0300] "GET /cormun/servlet/trpermisosgoce? HTTP/1.1" 200 6026
179.57.78.55 - - [23/Oct/2025:11:03:09 -0300] "POST /cormun/servlet/hlogin?82c87ed81870bf5f1f5012c7d57ac60e,gx-no-cache=1761228288066 HTTP/1.1" 200 90
179.57.78.55 - - [23/Oct/2025:11:03:09 -0300] "GET /cormun/servlet/hpexe_link HTTP/1.1" 200 954
179.57.78.55 - - [23/Oct/2025:11:03:09 -0300] "GET /cormun/servlet/trpermisosgoce HTTP/1.1" 200 16553
192.168.10.19 - - [23/Oct/2025:11:03:12 -0300] "GET /cormun/servlet/vesolicitudgral?2025,23048,,SolicitudOTAdjuntos HTTP/1.1" 200 11317
201.186.226.3 - - [23/Oct/2025:11:03:13 -0300] "POST /cormun/servlet/hlogin?778f8de865488c8a995fe4eaf03004c9,gx-no-cache=1761228293198 HTTP/1.1" 200 90
201.186.226.3 - - [23/Oct/2025:11:03:13 -0300] "GET /cormun/servlet/hpexe_link HTTP/1.1" 200 947
201.186.226.3 - - [23/Oct/2025:11:03:13 -0300] "GET /cormun/servlet/hhome HTTP/1.1" 200 3928
192.168.10.19 - - [23/Oct/2025:11:03:14 -0300] "POST /cormun/servlet/acontrolpreferencessavestate?None,RRHH+DANIELA,true HTTP/1.1" 200 35
179.57.78.55 - - [23/Oct/2025:11:03:22 -0300] "POST /cormun/servlet/trpermisosgoce?82c87ed81870bf5f1f5012c7d57ac60e,gx-no-cache=1761228300900 HTTP/1.1" 200 5524
201.186.226.3 - - [23/Oct/2025:11:03:22 -0300] "GET /cormun/servlet/trpermisosgoce? HTTP/1.1" 200 11890
192.168.10.19 - - [23/Oct/2025:11:03:23 -0300] "GET /cormun/PublicTempStorage/certificado_de_antecedentes_%283%294589429.pdf HTTP/1.1" 200 37114
201.186.226.3 - - [23/Oct/2025:11:03:28 -0300] "GET /cormun/servlet/permisogoce?INS,0,,, HTTP/1.1" 200 6787
190.95.67.91 - - [23/Oct/2025:11:03:28 -0300] "GET /cormun/servlet/trsolicitudot? HTTP/1.1" 200 6323
190.95.67.91 - - [23/Oct/2025:11:03:30 -0300] "GET /cormun/static/gxcfg.js?20221129846531 HTTP/1.1" 200 953
190.95.67.91 - - [23/Oct/2025:11:03:30 -0300] "GET /cormun/static/trsolicitudot.js?202211298465651 HTTP/1.1" 200 54040
190.95.67.91 - - [23/Oct/2025:11:03:30 -0300] "GET /cormun/servlet/hlogin HTTP/1.1" 200 1736
190.95.67.91 - - [23/Oct/2025:11:03:36 -0300] "POST /cormun/servlet/hlogin?455e125da5c167754963df0dd7518e1b,gx-no-cache=1761228316752 HTTP/1.1" 200 453
190.95.67.91 - - [23/Oct/2025:11:03:39 -0300] "POST /cormun/servlet/hlogin?455e125da5c167754963df0dd7518e1b,gx-no-cache=1761228319846 HTTP/1.1" 200 90
190.95.67.91 - - [23/Oct/2025:11:03:39 -0300] "GET /cormun/servlet/hpexe_link HTTP/1.1" 200 953
190.95.67.91 - - [23/Oct/2025:11:03:39 -0300] "GET /cormun/servlet/trsolicitudot HTTP/1.1" 200 7281
190.95.67.91 - - [23/Oct/2025:11:03:42 -0300] "GET /cormun/servlet/trlicencias? HTTP/1.1" 200 17459
201.186.226.3 - - [23/Oct/2025:11:03:57 -0300] "GET /cormun/servlet/permisogoce?ad3f43d6af6933c145ff0698efc9edf88210d45163e5388bd475907b98dc79169cca3631f2250d8bee163170ff0fe468acce57735f7cafbe820e6074bfd6d2cf,gx-no-cache=1761228337511 HTTP/1.1" 200 79
192.168.10.19 - - [23/Oct/2025:11:03:59 -0300] "GET /cormun/servlet/vesolicitudgral?2025,23048,,SolicitudOTAdjuntos HTTP/1.1" 200 11316
192.168.10.19 - - [23/Oct/2025:11:04:00 -0300] "POST /cormun/servlet/acontrolpreferencessavestate?None,RRHH+DANIELA,true HTTP/1.1" 200 35
192.168.10.19 - - [23/Oct/2025:11:04:00 -0300] "GET /cormun/PublicTempStorage/cv.535559.pdf HTTP/1.1" 200 452205
71.6.134.231 - - [23/Oct/2025:11:04:02 -0300] "GET / HTTP/1.1" 200 11217
201.186.226.3 - - [23/Oct/2025:11:04:07 -0300] "GET /cormun/static/menuarrow.gif HTTP/1.1" 404 1015
200.126.117.15 - - [23/Oct/2025:11:04:09 -0300] "GET /cormun/servlet/solicitudotadjuntos?9cb692fd81a8c16f86c3f506a37a61190faa8a9b2ea1306e2b97f0d8a6b1f65a,gx-no-cache=1761228350639 HTTP/1.1" 200 30
200.126.117.15 - - [23/Oct/2025:11:04:09 -0300] "GET /cormun/servlet/solicitudotadjuntos?9cb692fd81a8c16f86c3f506a37a61190faa8a9b2ea1306e2b97f0d8a6b1f65a,gx-no-cache=1761228350669 HTTP/1.1" 200 30
200.126.117.15 - - [23/Oct/2025:11:04:09 -0300] "POST /cormun/servlet/solicitudotadjuntos?ee6baa7a9796b34d2cd5a998dbdfc343,INS,2025,23053,,1, HTTP/1.1" 200 116
200.126.117.15 - - [23/Oct/2025:11:04:09 -0300] "GET /cormun/servlet/hpexe_return? HTTP/1.1" 200 1029
200.126.117.15 - - [23/Oct/2025:11:04:09 -0300] "GET /cormun/servlet/trsolicitudadjuntos?2025,23053, HTTP/1.1" 200 10740
200.126.117.15 - - [23/Oct/2025:11:04:21 -0300] "GET /cormun/servlet/solicitudotadjuntos?INS,2025,23053,,1, HTTP/1.1" 200 6374
200.126.117.15 - - [23/Oct/2025:11:04:21 -0300] "GET /cormun/static/about:blank HTTP/1.1" 404 1011
200.126.117.15 - - [23/Oct/2025:11:04:22 -0300] "GET /cormun/servlet/solicitudotadjuntos?9cb692fd81a8c16f86c3f506a37a61190c413b205aa039e2919ee642c9f9253f95050fc2fb5ddf8e5681fe6f2eac0faa,gx-no-cache=1761228363840 HTTP/1.1" 200 30
200.126.117.15 - - [23/Oct/2025:11:04:22 -0300] "POST /cormun/servlet/solicitudotadjuntos?ee6baa7a9796b34d2cd5a998dbdfc343,INS,2025,23053,,1,,gx-no-cache=1761228363853 HTTP/1.1" 200 4150
71.6.134.231 - - [23/Oct/2025:11:04:38 -0300] "GET /favicon.ico HTTP/1.1" 200 21630
201.186.226.3 - - [23/Oct/2025:11:04:43 -0300] "GET /cormun/servlet/permisogoce?ad3f43d6af6933c145ff0698efc9edf8ba4378f6664b826736a464c78390cad92a2f25d139870fe58a51802ee187b3766e3b164f3915fbc9bc1483ab90694a44,gx-no-cache=1761228383084 HTTP/1.1" 200 48
200.126.117.15 - - [23/Oct/2025:11:05:16 -0300] "POST /cormun/servlet/solicitudotadjuntos?gx-no-cache=1761228417945 HTTP/1.1" 200 26
201.186.226.3 - - [23/Oct/2025:11:05:20 -0300] "POST /cormun/servlet/permisogoce?778f8de865488c8a995fe4eaf03004c9,INS,0,,,,gx-no-cache=1761228420008 HTTP/1.1" 200 93
201.186.226.3 - - [23/Oct/2025:11:05:20 -0300] "GET /cormun/servlet/hpexe_return? HTTP/1.1" 200 1004
201.186.226.3 - - [23/Oct/2025:11:05:21 -0300] "GET /cormun/servlet/trpermisosgoce HTTP/1.1" 200 12215
200.126.117.15 - - [23/Oct/2025:11:05:23 -0300] "GET /cormun/servlet/solicitudotadjuntos?9cb692fd81a8c16f86c3f506a37a61190faa8a9b2ea1306e2b97f0d8a6b1f65a,gx-no-cache=1761228425020 HTTP/1.1" 200 30
200.126.117.15 - - [23/Oct/2025:11:05:23 -0300] "GET /cormun/servlet/solicitudotadjuntos?9cb692fd81a8c16f86c3f506a37a61190faa8a9b2ea1306e2b97f0d8a6b1f65a,gx-no-cache=1761228425034 HTTP/1.1" 200 30
200.126.117.15 - - [23/Oct/2025:11:05:23 -0300] "POST /cormun/servlet/solicitudotadjuntos?ee6baa7a9796b34d2cd5a998dbdfc343,INS,2025,23053,,1, HTTP/1.1" 200 116
200.126.117.15 - - [23/Oct/2025:11:05:23 -0300] "GET /cormun/servlet/hpexe_return? HTTP/1.1" 200 1029
200.126.117.15 - - [23/Oct/2025:11:05:23 -0300] "GET /cormun/servlet/trsolicitudadjuntos?2025,23053, HTTP/1.1" 200 10922
201.186.226.3 - - [23/Oct/2025:11:05:33 -0300] "GET /cormun/servlet/apermisogoceprn?12694104,P,20251023110447,PU HTTP/1.1" 200 1666
192.168.10.19 - - [23/Oct/2025:11:05:41 -0300] "GET /cormun/servlet/vesolicitudgral?2025,23048,,SolicitudOTAdjuntos HTTP/1.1" 200 11318
192.168.10.19 - - [23/Oct/2025:11:05:42 -0300] "POST /cormun/servlet/acontrolpreferencessavestate?None,RRHH+DANIELA,true HTTP/1.1" 200 35
192.168.10.19 - - [23/Oct/2025:11:05:42 -0300] "GET /cormun/PublicTempStorage/certificado_afiliacion_afp9200788.pdf HTTP/1.1" 200 50295
200.126.117.15 - - [23/Oct/2025:11:05:44 -0300] "GET /cormun/servlet/solicitudotadjuntos?INS,2025,23053,,1, HTTP/1.1" 200 6374
200.126.117.15 - - [23/Oct/2025:11:05:44 -0300] "GET /cormun/static/about:blank HTTP/1.1" 404 1011
200.126.117.15 - - [23/Oct/2025:11:05:45 -0300] "GET /cormun/servlet/solicitudotadjuntos?9cb692fd81a8c16f86c3f506a37a61190c413b205aa039e2919ee642c9f9253f95050fc2fb5ddf8e5681fe6f2eac0faa,gx-no-cache=1761228446830 HTTP/1.1" 200 30
200.126.117.15 - - [23/Oct/2025:11:05:45 -0300] "POST /cormun/servlet/solicitudotadjuntos?ee6baa7a9796b34d2cd5a998dbdfc343,INS,2025,23053,,1,,gx-no-cache=1761228446846 HTTP/1.1" 200 4150
192.168.10.19 - - [23/Oct/2025:11:05:55 -0300] "GET /cormun/servlet/vesolicitudgral?2025,23048,,SolicitudOTAdjuntos HTTP/1.1" 200 11320
192.168.10.19 - - [23/Oct/2025:11:05:56 -0300] "POST /cormun/servlet/acontrolpreferencessavestate?None,RRHH+DANIELA,true HTTP/1.1" 200 35
200.126.117.15 - - [23/Oct/2025:11:05:58 -0300] "POST /cormun/servlet/solicitudotadjuntos?gx-no-cache=1761228460499 HTTP/1.1" 200 26
200.126.117.15 - - [23/Oct/2025:11:05:58 -0300] "GET /cormun/servlet/solicitudotadjuntos?9cb692fd81a8c16f86c3f506a37a61190faa8a9b2ea1306e2b97f0d8a6b1f65a,gx-no-cache=1761228460512 HTTP/1.1" 200 30
200.126.117.15 - - [23/Oct/2025:11:05:58 -0300] "GET /cormun/servlet/solicitudotadjuntos?9cb692fd81a8c16f86c3f506a37a61190faa8a9b2ea1306e2b97f0d8a6b1f65a,gx-no-cache=1761228460522 HTTP/1.1" 200 30
200.126.117.15 - - [23/Oct/2025:11:05:58 -0300] "POST /cormun/servlet/solicitudotadjuntos?ee6baa7a9796b34d2cd5a998dbdfc343,INS,2025,23053,,1,,gx-no-cache=1761228460534 HTTP/1.1" 200 3995
200.126.117.15 - - [23/Oct/2025:11:05:59 -0300] "GET /cormun/static/Shared/jqueryui/images/ui-bg_flat_55_994d53_40x100.png HTTP/1.1" 404 1097
200.126.117.15 - - [23/Oct/2025:11:05:59 -0300] "GET /cormun/static/Shared/jqueryui/images/ui-icons_ebccce_256x240.png HTTP/1.1" 404 1089
192.168.10.19 - - [23/Oct/2025:11:06:00 -0300] "GET /cormun/PublicTempStorage/certificado_afiliacion_fonasa3647904.pdf HTTP/1.1" 200 72158
192.168.10.19 - - [23/Oct/2025:11:06:02 -0300] "GET /cormun/servlet/vesolicitudgral?2025,23048,,SolicitudOTAdjuntos HTTP/1.1" 200 11319
192.168.10.19 - - [23/Oct/2025:11:06:03 -0300] "POST /cormun/servlet/acontrolpreferencessavestate?None,RRHH+DANIELA,true HTTP/1.1" 200 35
192.168.10.19 - - [23/Oct/2025:11:06:15 -0300] "GET /cormun/servlet/vesolicitudgral?2025,23048,,General HTTP/1.1" 200 8400
192.168.10.19 - - [23/Oct/2025:11:06:15 -0300] "GET /cormun/pexe_scrolldiv.js HTTP/1.1" 404 1009
200.126.117.15 - - [23/Oct/2025:11:06:16 -0300] "POST /cormun/servlet/solicitudotadjuntos?ee6baa7a9796b34d2cd5a998dbdfc343,INS,2025,23053,,1,,gx-no-cache=1761228477864 HTTP/1.1" 200 93
200.126.117.15 - - [23/Oct/2025:11:06:16 -0300] "GET /cormun/servlet/hpexe_return? HTTP/1.1" 200 1029
200.126.117.15 - - [23/Oct/2025:11:06:16 -0300] "GET /cormun/servlet/trsolicitudadjuntos?2025,23053, HTTP/1.1" 200 10922
200.126.117.15 - - [23/Oct/2025:11:06:19 -0300] "GET /cormun/servlet/solicitudotadjuntos?INS,2025,23053,,2, HTTP/1.1" 200 6373
200.126.117.15 - - [23/Oct/2025:11:06:19 -0300] "GET /cormun/static/about:blank HTTP/1.1" 404 1011
200.126.117.15 - - [23/Oct/2025:11:06:19 -0300] "GET /cormun/servlet/solicitudotadjuntos?9cb692fd81a8c16f86c3f506a37a61190c413b205aa039e2919ee642c9f9253f95050fc2fb5ddf8e5681fe6f2eac0faa,gx-no-cache=1761228481408 HTTP/1.1" 200 30
200.126.117.15 - - [23/Oct/2025:11:06:19 -0300] "POST /cormun/servlet/solicitudotadjuntos?ee6baa7a9796b34d2cd5a998dbdfc343,INS,2025,23053,,2,,gx-no-cache=1761228481429 HTTP/1.1" 200 4364
200.126.117.15 - - [23/Oct/2025:11:06:33 -0300] "GET /cormun/servlet/trsolicitudadjuntos?2025,23053, HTTP/1.1" 200 10925
200.126.117.15 - - [23/Oct/2025:11:06:42 -0300] "GET /cormun/servlet/solicitudotadjuntos?INS,2025,23053,,1, HTTP/1.1" 200 6373
200.126.117.15 - - [23/Oct/2025:11:06:42 -0300] "GET /cormun/static/about:blank HTTP/1.1" 404 1011
200.126.117.15 - - [23/Oct/2025:11:06:43 -0300] "GET /cormun/servlet/solicitudotadjuntos?9cb692fd81a8c16f86c3f506a37a61190c413b205aa039e2919ee642c9f9253f95050fc2fb5ddf8e5681fe6f2eac0faa,gx-no-cache=1761228504738 HTTP/1.1" 200 30
200.126.117.15 - - [23/Oct/2025:11:06:43 -0300] "POST /cormun/servlet/solicitudotadjuntos?ee6baa7a9796b34d2cd5a998dbdfc343,INS,2025,23053,,1,,gx-no-cache=1761228504761 HTTP/1.1" 200 4149
200.126.117.15 - - [23/Oct/2025:11:06:45 -0300] "GET /cormun/servlet/trsolicitudadjuntos?2025,23053, HTTP/1.1" 200 10925
200.126.117.15 - - [23/Oct/2025:11:08:47 -0300] "POST /cormun/servlet/trsolicitudadjuntos?ee6baa7a9796b34d2cd5a998dbdfc343,2025,23053,,gx-no-cache=1761228628878 HTTP/1.1" 200 90
200.126.117.15 - - [23/Oct/2025:11:08:47 -0300] "GET /cormun/servlet/hpexe_link HTTP/1.1" 200 992
200.126.117.15 - - [23/Oct/2025:11:08:47 -0300] "GET /cormun/servlet/trsolicitudot?gx-no-cache=1761226459715 HTTP/1.1" 200 8960
200.126.117.15 - - [23/Oct/2025:11:08:58 -0300] "POST /cormun/servlet/trsolicitudot?ee6baa7a9796b34d2cd5a998dbdfc343,gx-no-cache=1761226459715,gx-no-cache=1761228639959 HTTP/1.1" 200 4857
200.126.117.15 - - [23/Oct/2025:11:08:58 -0300] "POST /cormun/servlet/trsolicitudot?ee6baa7a9796b34d2cd5a998dbdfc343,gx-no-cache=1761226459715,gx-no-cache=1761228640086 HTTP/1.1" 200 4601
190.95.1.187 - - [23/Oct/2025:11:09:12 -0300] "GET /cormun/servlet/hlogin HTTP/1.1" 200 1719
190.95.1.187 - - [23/Oct/2025:11:09:12 -0300] "GET /cormun/servlet/hlogin HTTP/1.1" 200 1730
190.95.1.187 - - [23/Oct/2025:11:09:15 -0300] "POST /cormun/servlet/hlogin?9bd5fe99dc2370cd8e323205ec4d4f02,gx-no-cache=1761228656140 HTTP/1.1" 200 90
190.95.1.187 - - [23/Oct/2025:11:09:15 -0300] "GET /cormun/servlet/hpexe_link HTTP/1.1" 200 951
190.95.1.187 - - [23/Oct/2025:11:09:15 -0300] "GET /cormun/servlet/hhome HTTP/1.1" 200 4018
190.95.1.187 - - [23/Oct/2025:11:09:19 -0300] "GET /cormun/servlet/trlicencias? HTTP/1.1" 200 16645
200.126.117.15 - - [23/Oct/2025:11:10:59 -0300] "GET /cormun/servlet/trsolicitudadjuntos?2025,23053, HTTP/1.1" 200 10818
200.126.117.15 - - [23/Oct/2025:11:10:59 -0300] "GET /cormun//static/Resources/PXToolsActionDisabled.gif HTTP/1.1" 200 53
200.126.117.15 - - [23/Oct/2025:11:11:03 -0300] "GET /cormun/servlet/trsolicitudot? HTTP/1.1" 200 7548
200.126.116.145 - - [23/Oct/2025:11:11:04 -0300] "GET /cormun/servlet/trlicencias? HTTP/1.1" 200 6052
200.126.116.145 - - [23/Oct/2025:11:11:04 -0300] "GET /cormun/servlet/hlogin HTTP/1.1" 200 1740
200.126.117.15 - - [23/Oct/2025:11:11:07 -0300] "GET /cormun/servlet/solicitudot?INS,0,0,false, HTTP/1.1" 200 16321
200.126.116.145 - - [23/Oct/2025:11:11:33 -0300] "POST /cormun/servlet/hlogin?b2c0ffeb450f53353df52742f73d51a1,gx-no-cache=1761228795733 HTTP/1.1" 200 90
200.126.116.145 - - [23/Oct/2025:11:11:33 -0300] "GET /cormun/servlet/hpexe_link HTTP/1.1" 200 958
200.126.116.145 - - [23/Oct/2025:11:11:34 -0300] "GET /cormun/servlet/trlicencias HTTP/1.1" 200 15776
201.186.226.3 - - [23/Oct/2025:11:13:02 -0300] "GET /cormun/servlet/hlogin HTTP/1.1" 200 1735
200.126.117.15 - - [23/Oct/2025:11:15:09 -0300] "POST /cormun/servlet/solicitudot?gx-no-cache=1761229011432 HTTP/1.1" 200 4039
200.126.117.15 - - [23/Oct/2025:11:15:10 -0300] "POST /cormun/servlet/solicitudot?ee6baa7a9796b34d2cd5a998dbdfc343,INS,0,0,false,,gx-no-cache=1761229011570 HTTP/1.1" 200 12896
200.126.117.15 - - [23/Oct/2025:11:15:13 -0300] "GET /cormun/servlet/solicitudot?9cb692fd81a8c16f86c3f506a37a61194d713b8a0004bfe4c55fac4be33a2c62c81a53cf83d9c9c2fee1c020eed5548c,gx-no-cache=1761229015132 HTTP/1.1" 200 30
179.57.78.55 - - [23/Oct/2025:11:15:19 -0300] "GET /cormun/servlet/trlicencias? HTTP/1.1" 200 11105
200.126.117.15 - - [23/Oct/2025:11:16:58 -0300] "GET /cormun/servlet/solicitudot?9cb692fd81a8c16f86c3f506a37a61192b1dbc5a67deb5001fc9953b026dcdf3,gx-no-cache=1761229120383 HTTP/1.1" 200 94
200.126.117.15 - - [23/Oct/2025:11:17:02 -0300] "GET /cormun/servlet/prbanco?,MD,,gxPopupLevel%3D0%3B HTTP/1.1" 200 6718
200.126.117.15 - - [23/Oct/2025:11:17:14 -0300] "GET /cormun/servlet/solicitudot?9cb692fd81a8c16f86c3f506a37a611946f389ba31c6c71c2477b1a4b8939feb,gx-no-cache=1761229136516 HTTP/1.1" 200 53
200.126.117.15 - - [23/Oct/2025:11:17:16 -0300] "POST /cormun/servlet/solicitudot?gx-no-cache=1761229138325 HTTP/1.1" 200 255
200.126.117.15 - - [23/Oct/2025:11:17:25 -0300] "GET /cormun/servlet/solicitudot?9cb692fd81a8c16f86c3f506a37a6119754712729ccbcff3e2217710dfa8e0fb6128b61dc09597e37af7c32f3a3a74231e535ee2b956951123a8f1403f531f1a67d46db79fdae4e65d04c967c043dfbd2bfb1b59c388675eb297211d84a8fb107cbf94af25d84c58eb9a7f8aa6c5dc6541a9d3829a80dca1579c90cc575547648edc5e4a3f33f47ce142a3092817f4df3d2841ea3fb2759fba11863c85523617af5234188bd17939874c88c50d10d9ffc13f3d2050c0dab409a6fddf24707432d72c679007ca58a8005f2050a27563e6148c16ec78a720b33c9520cfb3610d83260b156c279db224101600cdd262698b6a44b3964dc14b2261ebcab2e9f66e120d4b842eaa824fb1b6da0e8337d6de9a55def87a513c06e8abec8aa514f2384add52087b7b02ea32936118dcef23efd78a4598a9f695b6d50e1c25dcddb6ff333f6fdf4ca08b018f064610e9a0b6be493950b39fd798ffaf1518d27e37fff7e82d42b77dab8f2e5e483731470e6f1b288af17ebb0e39ddf584a7f0f0791b0ae4,gx-no-cache=1761229147077 HTTP/1.1" 200 30
200.126.117.15 - - [23/Oct/2025:11:17:41 -0300] "POST /cormun/servlet/solicitudot?gx-no-cache=1761229162857 HTTP/1.1" 200 240
200.126.117.15 - - [23/Oct/2025:11:17:44 -0300] "GET /cormun/servlet/solicitudot?9cb692fd81a8c16f86c3f506a37a6119754712729ccbcff3e2217710dfa8e0fb080bda43672ebc4c206f05714076c1c61e535ee2b956951123a8f1403f531f1a67d46db79fdae4e65d04c967c043dfbd2bfb1b59c388675eb297211d84a8fb107cbf94af25d84c58eb9a7f8aa6c5dc6541a9d3829a80dca1579c90cc575547648edc5e4a3f33f47ce142a3092817f4df3d2841ea3fb2759fba11863c85523617af5234188bd17939874c88c50d10d9ffc13f3d2050c0dab409a6fddf24707432d72c679007ca58a8005f2050a27563e6148c16ec78a720b33c9520cfb3610d83260b156c279db224101600cdd262698b6a44b3964dc14b2261ebcab2e9f66e120d4b842eaa824fb1b6da0e8337d6de9a54b0d943b7b1e55f5ecce41a2a3852d8d5308ff5741a94469184cf3000b56ded2bec2e908314e01e8c8b5992f1b476a1529c6f40e747bd52b0678307296c2f03df9ab01202fed228db0055d04bc1153db7fd1da4afdd20edc43449e72c55f669b43661d07a39a30b8223ce855962ae32,gx-no-cache=1761229166164 HTTP/1.1" 200 30
200.126.117.15 - - [23/Oct/2025:11:17:50 -0300] "POST /cormun/servlet/solicitudot?gx-no-cache=1761229171692 HTTP/1.1" 200 30
200.126.117.15 - - [23/Oct/2025:11:17:55 -0300] "POST /cormun/servlet/solicitudot?gx-no-cache=1761229177226 HTTP/1.1" 200 1561
200.126.117.15 - - [23/Oct/2025:11:17:55 -0300] "POST /cormun/servlet/solicitudot?gx-no-cache=1761229177295 HTTP/1.1" 200 117
200.126.117.15 - - [23/Oct/2025:11:18:16 -0300] "GET /cormun/servlet/solicitudot?9cb692fd81a8c16f86c3f506a37a61191238ef115f5bcbaa3a1cdb227ba471e0cc39aca539f042171ce168315cae98c6bd6cd8e46a3df3192951a4a24f12b14fa43959799952f180ba0943270e0a2b5e65f34b88af1a424a54d951b4d94c54845b5cfa95b0c1002930aca6435de73b13,gx-no-cache=1761229198202 HTTP/1.1" 200 110
200.126.117.15 - - [23/Oct/2025:11:18:36 -0300] "POST /cormun/servlet/solicitudot?gx-no-cache=1761229217883 HTTP/1.1" 200 97
200.126.117.15 - - [23/Oct/2025:11:20:25 -0300] "GET /cormun/servlet/solicitudot?9cb692fd81a8c16f86c3f506a37a61197e0fcfcd557015b9e71137b071a0fe2f419985e9b19ff3dc76dd3cdfd77498131f4f4fb9d1ba539ae885f6da1ba1d504,gx-no-cache=1761229327008 HTTP/1.1" 200 30
200.126.117.15 - - [23/Oct/2025:11:20:25 -0300] "POST /cormun/servlet/solicitudot?gx-no-cache=1761229327125 HTTP/1.1" 200 30
200.126.117.15 - - [23/Oct/2025:11:22:24 -0300] "POST /cormun/servlet/solicitudot?gx-no-cache=1761229446186 HTTP/1.1" 200 1564
200.126.117.15 - - [23/Oct/2025:11:22:24 -0300] "POST /cormun/servlet/solicitudot?gx-no-cache=1761229446274 HTTP/1.1" 200 117
200.126.117.15 - - [23/Oct/2025:11:22:24 -0300] "GET /cormun/servlet/solicitudot?9cb692fd81a8c16f86c3f506a37a61191238ef115f5bcbaa3a1cdb227ba471e0cc39aca539f042171ce168315cae98c6bd6cd8e46a3df3192951a4a24f12b14fa43959799952f180ba0943270e0a2b5e65f34b88af1a424a54d951b4d94c54845b5cfa95b0c1002930aca6435de73b13,gx-no-cache=1761229446309 HTTP/1.1" 200 110
200.126.117.15 - - [23/Oct/2025:11:22:24 -0300] "GET /cormun/servlet/solicitudot?9cb692fd81a8c16f86c3f506a37a6119279dbc083e5f6376a0b0b171a83bd300074cd096c65ad20119c5216d997e62bf3ba0a776ea2c5190209169abeda6c3eeefcf7d1126ef8d1977b0870e9d62b92e5d014c644baea3288f57dbad874f23d7d8286a213b278c94d8ba89915a6ce0fd,gx-no-cache=1761229446339 HTTP/1.1" 200 29
200.126.117.15 - - [23/Oct/2025:11:22:24 -0300] "GET /cormun/servlet/solicitudot?9cb692fd81a8c16f86c3f506a37a611995f95866a67c6e7fe2e0627ca013ec5c,gx-no-cache=1761229446364 HTTP/1.1" 200 30
200.126.117.15 - - [23/Oct/2025:11:22:24 -0300] "POST /cormun/servlet/solicitudot?gx-no-cache=1761229446386 HTTP/1.1" 200 30
200.126.117.15 - - [23/Oct/2025:11:23:49 -0300] "GET /cormun/servlet/prfichaempleado?,MD,,gxPopupLevel%3D0%3B HTTP/1.1" 200 9287
200.126.117.15 - - [23/Oct/2025:11:23:49 -0300] "GET /cormun/static/gxcfg.js?20201215571085 HTTP/1.1" 200 953
200.126.117.15 - - [23/Oct/2025:11:23:49 -0300] "GET /cormun/static/prfichaempleado.js?20201215572193 HTTP/1.1" 200 16005
200.126.117.15 - - [23/Oct/2025:11:24:04 -0300] "POST /cormun/servlet/prfichaempleado?ee6baa7a9796b34d2cd5a998dbdfc343,,MD,,gxPopupLevel%3D0%3B,gx-no-cache=1761229545802 HTTP/1.1" 200 3407
200.126.117.15 - - [23/Oct/2025:11:24:17 -0300] "POST /cormun/servlet/solicitudot?gx-no-cache=1761229559234 HTTP/1.1" 200 1484
200.126.117.15 - - [23/Oct/2025:11:25:02 -0300] "GET /cormun/servlet/trlicencias? HTTP/1.1" 200 6046
200.126.117.15 - - [23/Oct/2025:11:25:02 -0300] "GET /cormun/static/calendar-system.css?85620 HTTP/1.1" 200 5572
200.126.117.15 - - [23/Oct/2025:11:25:02 -0300] "GET /cormun/static/SmoothNavMenu/resources/ddsmoothmenu-v.css?1112540 HTTP/1.1" 200 1188
200.126.117.15 - - [23/Oct/2025:11:25:02 -0300] "GET /cormun/static/SmoothNavMenu/resources/ddsmoothmenu.css?1112540 HTTP/1.1" 200 2223
200.126.117.15 - - [23/Oct/2025:11:25:02 -0300] "GET /cormun/static/scaMessage/css/jquery.pnotify.default.css?1816380 HTTP/1.1" 200 1707
200.126.117.15 - - [23/Oct/2025:11:25:02 -0300] "GET /cormun/static/Shared/jqueryui/jquery-ui.min.css?1345370 HTTP/1.1" 200 30288
200.126.117.15 - - [23/Oct/2025:11:25:02 -0300] "GET /cormun/static/Resources/Spanish/PXTools.css?8354383 HTTP/1.1" 200 100853
200.126.117.15 - - [23/Oct/2025:11:25:02 -0300] "GET /cormun/servlet/hlogin HTTP/1.1" 200 1735
200.126.117.15 - - [23/Oct/2025:11:25:02 -0300] "GET /cormun/static/gxcfg.js?2022112219184450 HTTP/1.1" 200 953
200.126.117.15 - - [23/Oct/2025:11:25:02 -0300] "GET /cormun/static/hlogin.js?2022112219184458 HTTP/1.1" 200 2156
200.126.117.15 - - [23/Oct/2025:11:25:02 -0300] "GET /cormun/static/Resources/CormunLogin.png HTTP/1.1" 200 19132
200.126.117.15 - - [23/Oct/2025:11:25:02 -0300] "GET /cormun/static/Resources/Spanish/PXTools.css?1759030 HTTP/1.1" 200 100853
200.126.117.15 - - [23/Oct/2025:11:25:02 -0300] "GET /cormun/static/Resources/PXToolsLoginBackground.png HTTP/1.1" 200 1164
200.126.117.15 - - [23/Oct/2025:11:25:02 -0300] "GET /cormun/static/Resources/PXToolsButtonRight.png HTTP/1.1" 200 1294
200.126.117.15 - - [23/Oct/2025:11:25:02 -0300] "GET /cormun/static/Resources/PXToolsButtonLeft.png HTTP/1.1" 200 1310
200.126.117.15 - - [23/Oct/2025:11:25:02 -0300] "GET /cormun/static/Resources/PXToolsLoginTop.png HTTP/1.1" 200 1337
200.126.117.15 - - [23/Oct/2025:11:25:02 -0300] "GET /cormun/static/Resources/PXToolsButtonBackground.png HTTP/1.1" 200 1176
200.126.117.15 - - [23/Oct/2025:11:25:02 -0300] "GET /cormun/static/Resources/PXToolsLoginBottom.png HTTP/1.1" 200 1389
200.126.117.15 - - [23/Oct/2025:11:25:05 -0300] "POST /cormun/servlet/hlogin?275ab2ca860c2cb44d124a987ddf155f,gx-no-cache=1761229598291 HTTP/1.1" 200 90
200.126.117.15 - - [23/Oct/2025:11:25:05 -0300] "GET /cormun/servlet/hpexe_link HTTP/1.1" 200 953
200.126.117.15 - - [23/Oct/2025:11:25:05 -0300] "GET /cormun/static/gxcfg.js?20221129847421 HTTP/1.1" 200 953
200.126.117.15 - - [23/Oct/2025:11:25:05 -0300] "GET /cormun/servlet/trlicencias HTTP/1.1" 200 9347
201.186.226.3 - - [23/Oct/2025:11:25:49 -0300] "GET /cormun/servlet/hlogin HTTP/1.1" 200 1715
201.186.226.3 - - [23/Oct/2025:11:26:01 -0300] "POST /cormun/servlet/hlogin?778f8de865488c8a995fe4eaf03004c9,gx-no-cache=1761229661227 HTTP/1.1" 200 90
201.186.226.3 - - [23/Oct/2025:11:26:01 -0300] "GET /cormun/servlet/hpexe_link HTTP/1.1" 200 952
201.186.226.3 - - [23/Oct/2025:11:26:01 -0300] "GET /cormun/servlet/trpermisosgoce HTTP/1.1" 200 12212
201.186.226.3 - - [23/Oct/2025:11:26:12 -0300] "GET /cormun/servlet/hlogin HTTP/1.1" 200 1735
200.126.117.15 - - [23/Oct/2025:11:26:14 -0300] "POST /cormun/servlet/trlicencias?275ab2ca860c2cb44d124a987ddf155f,gx-no-cache=1761229666979 HTTP/1.1" 200 4184
200.126.117.15 - - [23/Oct/2025:11:26:15 -0300] "POST /cormun/servlet/trlicencias?275ab2ca860c2cb44d124a987ddf155f,gx-no-cache=1761229668074 HTTP/1.1" 200 4184
200.126.117.15 - - [23/Oct/2025:11:26:37 -0300] "GET /cormun/static/menuarrow.gif HTTP/1.1" 404 1015
200.126.117.15 - - [23/Oct/2025:11:26:59 -0300] "POST /cormun/servlet/trlicencias?275ab2ca860c2cb44d124a987ddf155f,gx-no-cache=1761229712674 HTTP/1.1" 200 4184
200.126.117.15 - - [23/Oct/2025:11:27:00 -0300] "POST /cormun/servlet/trlicencias?275ab2ca860c2cb44d124a987ddf155f,gx-no-cache=1761229713809 HTTP/1.1" 200 4182
200.126.117.15 - - [23/Oct/2025:11:27:04 -0300] "POST /cormun/servlet/trlicencias?275ab2ca860c2cb44d124a987ddf155f,gx-no-cache=1761229717090 HTTP/1.1" 200 4183
200.126.117.15 - - [23/Oct/2025:11:27:08 -0300] "GET /cormun/servlet/trlicencias HTTP/1.1" 200 7116
200.126.117.15 - - [23/Oct/2025:11:27:08 -0300] "GET /favicon.ico HTTP/1.1" 200 21630
200.126.117.15 - - [23/Oct/2025:11:27:09 -0300] "GET /cormun/servlet/trlicencias HTTP/1.1" 200 7116
200.126.117.15 - - [23/Oct/2025:11:27:10 -0300] "GET /cormun/servlet/trlicencias HTTP/1.1" 200 7116
200.126.117.15 - - [23/Oct/2025:11:27:10 -0300] "GET /cormun/servlet/trlicencias HTTP/1.1" 200 7116
200.126.117.15 - - [23/Oct/2025:11:27:16 -0300] "GET /cormun/servlet/trlicencias? HTTP/1.1" 200 7114
200.126.117.15 - - [23/Oct/2025:11:27:19 -0300] "GET /cormun/servlet/trlicencias? HTTP/1.1" 200 7114
200.126.117.15 - - [23/Oct/2025:11:27:24 -0300] "GET /cormun/servlet/trlicencias? HTTP/1.1" 200 7114
200.126.117.15 - - [23/Oct/2025:11:27:26 -0300] "GET /cormun/servlet/trlicencias? HTTP/1.1" 200 7114
200.126.117.15 - - [23/Oct/2025:11:27:27 -0300] "GET /cormun/servlet/trlicencias? HTTP/1.1" 200 7114
200.126.117.15 - - [23/Oct/2025:11:27:28 -0300] "GET /cormun/servlet/trlicencias HTTP/1.1" 200 7116
200.126.117.15 - - [23/Oct/2025:11:27:29 -0300] "GET /cormun/servlet/hlogin HTTP/1.1" 200 1735
