10.40.40.2 - - [15/Oct/2025:11:33:28 -0300] "GET /cormun/static/Resources/Spanish/PXTools.css?1759030 HTTP/1.1" 200 100853
10.40.40.2 - - [15/Oct/2025:11:33:28 -0300] "GET /cormun/static/gxgral.js?85251 HTTP/1.1" 200 384558
10.40.40.2 - - [15/Oct/2025:11:33:28 -0300] "GET /cormun/static/Resources/PXToolsLoginTop.png HTTP/1.1" 200 1337
10.40.40.2 - - [15/Oct/2025:11:33:28 -0300] "GET /cormun/static/Resources/PXToolsLoginBackground.png HTTP/1.1" 200 1164
10.40.40.2 - - [15/Oct/2025:11:33:28 -0300] "GET /cormun/static/Resources/PXToolsButtonRight.png HTTP/1.1" 200 1294
10.40.40.2 - - [15/Oct/2025:11:33:28 -0300] "GET /cormun/static/Resources/PXToolsLoginBottom.png HTTP/1.1" 200 1389
10.40.40.2 - - [15/Oct/2025:11:33:28 -0300] "GET /cormun/static/Resources/PXToolsButtonLeft.png HTTP/1.1" 200 1310
10.40.40.2 - - [15/Oct/2025:11:33:28 -0300] "GET /cormun/static/Resources/PXToolsButtonBackground.png HTTP/1.1" 200 1176
10.40.40.2 - - [15/Oct/2025:11:33:29 -0300] "GET /cormun/static/Resources/indicator.gif HTTP/1.1" 200 1553
10.40.40.2 - - [15/Oct/2025:11:33:29 -0300] "GET /cormun/servlet/hlogin HTTP/1.1" 200 1723
10.40.40.2 - - [15/Oct/2025:11:33:29 -0300] "GET /favicon.ico HTTP/1.1" 200 21630
190.95.15.31 - - [15/Oct/2025:11:33:30 -0300] "GET /cormun/servlet/solicitudot?6a85f53215161805828718aab2f7b5abcb5b987dc89db01475fa0c39edd4eab7907bec4cf72828920209a1030971299e,gx-no-cache=1760538920513 HTTP/1.1" 200 30
190.95.15.31 - - [15/Oct/2025:11:35:33 -0300] "GET /cormun/static/Resources/PXTools/ClosePrompt.png HTTP/1.1" 200 1036
190.95.15.31 - - [15/Oct/2025:11:35:33 -0300] "GET /cormun/servlet/prbanco?,MD,,gxPopupLevel%3D0%3B HTTP/1.1" 200 6772
190.95.15.31 - - [15/Oct/2025:11:35:33 -0300] "GET /cormun/static/gxcfg.js?20201216131581 HTTP/1.1" 200 953
190.95.15.31 - - [15/Oct/2025:11:35:33 -0300] "GET /cormun/static/prbanco.js?20201216132311 HTTP/1.1" 200 10693
190.95.15.31 - - [15/Oct/2025:11:35:38 -0300] "GET /cormun/servlet/solicitudot?6a85f53215161805828718aab2f7b5ab425ea109a3bfe385d18f152d8c646f443eb1127c9519c0ec7de323301a1cfa6c0cee0758ed929dec309f9c7c36de366e,gx-no-cache=1760539048338 HTTP/1.1" 200 30
190.95.15.31 - - [15/Oct/2025:11:35:40 -0300] "GET /cormun/servlet/solicitudot?6a85f53215161805828718aab2f7b5ab2f7ef8825eccc3341cc4ac121254767d,gx-no-cache=1760539049865 HTTP/1.1" 200 45
190.95.15.31 - - [15/Oct/2025:11:35:58 -0300] "POST /cormun/servlet/solicitudot?gx-no-cache=1760539068135 HTTP/1.1" 200 240
190.95.15.31 - - [15/Oct/2025:11:36:01 -0300] "GET /cormun/servlet/solicitudot?6a85f53215161805828718aab2f7b5abf1e277c62f0f71c52bbacd1f9811ced173e115b7848ccfe6ddaeaccd1325b8b4be7ebaabe10f6d3bcfa2a7de0cbb4e549e548f8afd25755dc46ba298531bfc927d42b7cfde0626e61eb1b13f7a9eee2bb2f230da66381efa6f13add587bb54997077ce633fe0d439c39e9ad3b22f8e6b8c44eb26360c5dd1ff078acf9960154c271e8b7cc539bbcba07c512c0942ecbdce7a9e74d87f31debb0a9c7d60fbabd5a3678740b2220f042504063d21c1bb896fdd15c7bfcf4db7becc7d3e57b1719842d78ae3a86e164f7498474e61d90f2199182c3dfc7fe18b0858b2ef3c9c2d033e86c68e137860c66d685655bda0578d1648950048ba68b7fefe7b3468ffedf154245c9d8b895ea945aec989cd9cb034d45aeba6379e59f31dd53588e55402b04071bf2813fb7cee429008ed947a482253deddf23a0d368b3a165d2978183bb0f56a89f32581c69cc487fafcbea1f8f69a99e60720a4eb6108aa9641b5679e4e0dab257d304403360990b8a86a4f4f42,gx-no-cache=1760539070993 HTTP/1.1" 200 30
190.95.15.31 - - [15/Oct/2025:11:36:04 -0300] "POST /cormun/servlet/solicitudot?gx-no-cache=1760539074388 HTTP/1.1" 200 30
190.95.15.31 - - [15/Oct/2025:11:36:04 -0300] "POST /cormun/servlet/solicitudot?gx-no-cache=1760539074437 HTTP/1.1" 200 1479
190.95.15.31 - - [15/Oct/2025:11:36:04 -0300] "POST /cormun/servlet/solicitudot?gx-no-cache=1760539074486 HTTP/1.1" 200 38
190.95.15.31 - - [15/Oct/2025:11:36:27 -0300] "POST /cormun/servlet/solicitudot?gx-no-cache=1760539096802 HTTP/1.1" 200 1479
190.95.15.31 - - [15/Oct/2025:11:36:27 -0300] "POST /cormun/servlet/solicitudot?gx-no-cache=1760539096840 HTTP/1.1" 200 38
190.95.15.31 - - [15/Oct/2025:11:36:27 -0300] "GET /cormun/servlet/solicitudot?6a85f53215161805828718aab2f7b5ab6d3075e2a14d29bd3c7a5d0a2b51b31efcc46cc49e8b102f300228a4e6426a04574fa7a9252f4fadf47158ae2847babe85fa9a3c88afd1e4d3286e13f5fa44223eb10584cca11304f335fece59e0adc66c3c293bb343f4883e4555e108cb71ec,gx-no-cache=1760539096857 HTTP/1.1" 200 110
190.95.15.31 - - [15/Oct/2025:11:36:27 -0300] "POST /cormun/servlet/solicitudot?gx-no-cache=1760539096975 HTTP/1.1" 200 97
190.95.15.31 - - [15/Oct/2025:11:36:44 -0300] "GET /cormun/servlet/solicitudot?6a85f53215161805828718aab2f7b5abafe9340fdafc2c0697215f67679221d75c7f8f6ed7b6e90b40aea229c5b9d3301d587adc88a2bd6b186de4069fafc78708bafe7dff97e6380deb6d8b15e1085c2431e8ec85b9999d033d41d196648fea4eded222774406189e31237014791f49,gx-no-cache=1760539107142 HTTP/1.1" 200 29
190.95.15.31 - - [15/Oct/2025:11:36:44 -0300] "GET /cormun/static/menuarrow.gif HTTP/1.1" 404 1015
190.95.15.31 - - [15/Oct/2025:11:36:49 -0300] "GET /cormun/servlet/solicitudot?6a85f53215161805828718aab2f7b5ab3888d268e157b7cc58b802c727dbf090ebd890ca5c81e3bf8c91d69eeff7ceea,gx-no-cache=1760539118925 HTTP/1.1" 200 30
190.95.67.97 - - [15/Oct/2025:11:37:07 -0300] "GET /cormun/servlet/hlogin HTTP/1.1" 200 1726
190.95.67.97 - - [15/Oct/2025:11:37:07 -0300] "GET /favicon.ico HTTP/1.1" 200 21630
190.95.67.97 - - [15/Oct/2025:11:37:13 -0300] "POST /cormun/servlet/hlogin?e6cb5c4190742160e3fdeaeba2b5af06,gx-no-cache=1760539170926 HTTP/1.1" 200 90
190.95.67.97 - - [15/Oct/2025:11:37:13 -0300] "GET /cormun/servlet/hpexe_link HTTP/1.1" 200 951
190.95.67.97 - - [15/Oct/2025:11:37:13 -0300] "GET /cormun/servlet/trpermisosgoce HTTP/1.1" 200 9934
190.95.15.31 - - [15/Oct/2025:11:37:16 -0300] "POST /cormun/servlet/solicitudot?gx-no-cache=1760539145810 HTTP/1.1" 200 30
190.95.67.97 - - [15/Oct/2025:11:37:19 -0300] "POST /cormun/servlet/trpermisosgoce?e6cb5c4190742160e3fdeaeba2b5af06,gx-no-cache=1760539176402 HTTP/1.1" 200 6974
190.95.67.97 - - [15/Oct/2025:11:37:19 -0300] "POST /cormun/servlet/trpermisosgoce?e6cb5c4190742160e3fdeaeba2b5af06,gx-no-cache=1760539176695 HTTP/1.1" 200 6955
190.95.67.97 - - [15/Oct/2025:11:37:22 -0300] "GET /cormun/servlet/permisogoce?INS,0,,, HTTP/1.1" 200 6744
190.95.67.97 - - [15/Oct/2025:11:37:27 -0300] "GET /cormun/servlet/permisogoce?089e77774f3221315635f59e2fd76260f3d9f193e8bab7a777e41ef10501c84d478caf4886329252da9af8a5171b92332479d306a341ce999a5055b28dc037dd,gx-no-cache=1760539184588 HTTP/1.1" 200 80
190.95.67.97 - - [15/Oct/2025:11:37:29 -0300] "GET /cormun/static/menuarrow.gif HTTP/1.1" 404 1015
190.95.67.97 - - [15/Oct/2025:11:37:34 -0300] "GET /cormun/servlet/permisogoce?089e77774f3221315635f59e2fd76260598b02d6dbb1d17cff3371c91cdcd4351bda0cf8bdd52734aad504f33fe5418437823d3348731e977bbc71ea4fd91a46,gx-no-cache=1760539192303 HTTP/1.1" 200 47
190.95.67.97 - - [15/Oct/2025:11:37:36 -0300] "POST /cormun/servlet/permisogoce?e6cb5c4190742160e3fdeaeba2b5af06,INS,0,,,,gx-no-cache=1760539193998 HTTP/1.1" 200 93
190.95.67.97 - - [15/Oct/2025:11:37:36 -0300] "GET /cormun/servlet/hpexe_return? HTTP/1.1" 200 1026
190.95.67.97 - - [15/Oct/2025:11:37:37 -0300] "GET /cormun/servlet/trpermisosgoce?gx-no-cache=1760539176695 HTTP/1.1" 200 9946
190.95.67.97 - - [15/Oct/2025:11:37:41 -0300] "GET /cormun/servlet/permisogoce?INS,0,,, HTTP/1.1" 200 6765
190.95.15.31 - - [15/Oct/2025:11:37:44 -0300] "POST /cormun/servlet/solicitudot?1a72e27973e9fd71570aeb981be9af65,INS,0,0,false,,gx-no-cache=1760539174209 HTTP/1.1" 200 93
190.95.15.31 - - [15/Oct/2025:11:37:47 -0300] "GET /cormun/servlet/hpexe_return? HTTP/1.1" 200 1006
190.95.15.31 - - [15/Oct/2025:11:37:48 -0300] "GET /cormun/servlet/trsolicitudot? HTTP/1.1" 200 8985
201.186.225.187 - - [15/Oct/2025:11:38:03 -0300] "POST /cormun/servlet/trpermisosingoce?18f893022bc75de3a198d6018f621c04,,gx-no-cache=1760542805751 HTTP/1.1" 440 972
201.186.225.187 - - [15/Oct/2025:11:38:05 -0300] "GET /cormun/servlet/trpermisosingoce? HTTP/1.1" 200 6043
201.186.225.187 - - [15/Oct/2025:11:38:10 -0300] "GET /cormun/servlet/hlogin HTTP/1.1" 200 1739
201.186.225.187 - - [15/Oct/2025:11:38:16 -0300] "POST /cormun/servlet/hlogin?6bc896bb0efb5f5f93789ac269fb0be8,gx-no-cache=1760542818811 HTTP/1.1" 200 90
201.186.225.187 - - [15/Oct/2025:11:38:17 -0300] "GET /cormun/servlet/hpexe_link HTTP/1.1" 200 958
201.186.225.187 - - [15/Oct/2025:11:38:17 -0300] "GET /cormun/servlet/trpermisosingoce HTTP/1.1" 200 7670
190.95.67.97 - - [15/Oct/2025:11:38:28 -0300] "GET /cormun/servlet/permisogoce?089e77774f3221315635f59e2fd76260492a9192178155cb5a5aa264101b56a2478caf4886329252da9af8a5171b92332479d306a341ce999a5055b28dc037dd,gx-no-cache=1760539245534 HTTP/1.1" 200 82
201.186.225.187 - - [15/Oct/2025:11:38:39 -0300] "POST /cormun/servlet/trpermisosingoce?6bc896bb0efb5f5f93789ac269fb0be8,gx-no-cache=1760542840923 HTTP/1.1" 200 4895
190.95.67.97 - - [15/Oct/2025:11:38:39 -0300] "GET /cormun/servlet/permisogoce?089e77774f3221315635f59e2fd762608904ea3ad87b144e7929a328baf4f5f7eef74a624ed1b6b1321a5bdfc01cf06c37823d3348731e977bbc71ea4fd91a46,gx-no-cache=1760539256707 HTTP/1.1" 200 47
190.95.67.97 - - [15/Oct/2025:11:38:41 -0300] "POST /cormun/servlet/permisogoce?e6cb5c4190742160e3fdeaeba2b5af06,INS,0,,,,gx-no-cache=1760539258234 HTTP/1.1" 200 93
190.95.67.97 - - [15/Oct/2025:11:38:41 -0300] "GET /cormun/servlet/hpexe_return? HTTP/1.1" 200 1026
190.95.67.97 - - [15/Oct/2025:11:38:41 -0300] "GET /cormun/servlet/trpermisosgoce?gx-no-cache=1760539176695 HTTP/1.1" 200 10180
179.57.78.55 - - [15/Oct/2025:11:38:41 -0300] "GET /cormun/static/Resources/PXTools/ClosePrompt.png HTTP/1.1" 200 1036
179.57.78.55 - - [15/Oct/2025:11:38:41 -0300] "GET /cormun/static/Resources/resize.gif HTTP/1.1" 200 77
179.57.78.55 - - [15/Oct/2025:11:38:42 -0300] "GET /cormun/servlet/prbanco?,MD,,gxPopupLevel%3D0%3B HTTP/1.1" 200 6647
179.57.78.55 - - [15/Oct/2025:11:38:42 -0300] "GET /cormun/static/gxcfg.js?20201216131581 HTTP/1.1" 200 953
179.57.78.55 - - [15/Oct/2025:11:38:42 -0300] "GET /cormun/static/prbanco.js?20201216132311 HTTP/1.1" 200 10693
179.57.78.55 - - [15/Oct/2025:11:38:42 -0300] "GET /cormun/static/menusearch.js?20201214473581 HTTP/1.1" 200 1424
179.57.78.55 - - [15/Oct/2025:11:38:42 -0300] "GET /cormun/static/hmpwkw011.js?202211298443482 HTTP/1.1" 200 1968
190.95.15.31 - - [15/Oct/2025:11:38:42 -0300] "POST /cormun/servlet/trsolicitudot?1a72e27973e9fd71570aeb981be9af65,,gx-no-cache=1760539232562 HTTP/1.1" 200 4858
190.95.15.31 - - [15/Oct/2025:11:38:43 -0300] "GET /cormun/static/Shared/jqueryui/images/ui-icons_82798d_256x240.png HTTP/1.1" 404 1089
190.95.15.31 - - [15/Oct/2025:11:38:43 -0300] "GET /cormun/static/Shared/jqueryui/images/ui-bg_highlight-soft_100_c6c2c8_1x100.png HTTP/1.1" 404 1117
190.95.15.31 - - [15/Oct/2025:11:38:43 -0300] "GET /cormun/static/Shared/jqueryui/images/ui-icons_8d78a5_256x240.png HTTP/1.1" 404 1089
190.95.15.31 - - [15/Oct/2025:11:38:43 -0300] "GET /cormun/static/Shared/jqueryui/images/ui-bg_flat_55_fafafa_40x100.png HTTP/1.1" 404 1097
190.95.15.31 - - [15/Oct/2025:11:38:43 -0300] "POST /cormun/servlet/trsolicitudot?1a72e27973e9fd71570aeb981be9af65,,gx-no-cache=1760539233099 HTTP/1.1" 200 4611
201.186.225.187 - - [15/Oct/2025:11:38:43 -0300] "POST /cormun/servlet/trpermisosingoce?6bc896bb0efb5f5f93789ac269fb0be8,gx-no-cache=1760542845760 HTTP/1.1" 200 4896
190.95.15.31 - - [15/Oct/2025:11:38:58 -0300] "GET /cormun/servlet/trautorizarsolicitud? HTTP/1.1" 200 8880
201.186.225.187 - - [15/Oct/2025:11:38:59 -0300] "GET /cormun/servlet/trlicencias? HTTP/1.1" 200 10923
190.95.15.31 - - [15/Oct/2025:11:39:02 -0300] "POST /cormun/servlet/trautorizarsolicitud?1a72e27973e9fd71570aeb981be9af65,,gx-no-cache=1760539252209 HTTP/1.1" 200 4790
190.95.15.31 - - [15/Oct/2025:11:39:02 -0300] "POST /cormun/servlet/trautorizarsolicitud?1a72e27973e9fd71570aeb981be9af65,,gx-no-cache=1760539252313 HTTP/1.1" 200 4545
179.57.78.55 - - [15/Oct/2025:11:39:04 -0300] "GET /cormun/servlet/solicitudot?dec3b24cd0743edb821533ffa0bf5ebda2ddcbcd442b8f188b8334602bd13f326cab55bbded07295f2073f9ca6e7da841746e392a4b58a95ac80cc667ca76c5e,gx-no-cache=1760539254765 HTTP/1.1" 200 30
179.57.78.55 - - [15/Oct/2025:11:39:06 -0300] "GET /cormun/servlet/solicitudot?dec3b24cd0743edb821533ffa0bf5ebde80c2436d90682a9ff57bbd088274bed,gx-no-cache=1760539257298 HTTP/1.1" 200 70
190.95.67.97 - - [15/Oct/2025:11:39:08 -0300] "GET /cormun/servlet/permisogoce?INS,0,,, HTTP/1.1" 200 6765
190.95.67.97 - - [15/Oct/2025:11:39:14 -0300] "GET /cormun/servlet/permisogoce?089e77774f3221315635f59e2fd76260c1aaed7936f5dd4f48ab20bbce2253d8478caf4886329252da9af8a5171b92332479d306a341ce999a5055b28dc037dd,gx-no-cache=1760539292325 HTTP/1.1" 200 78
190.95.67.97 - - [15/Oct/2025:11:39:22 -0300] "GET /cormun/servlet/permisogoce?089e77774f3221315635f59e2fd76260e92087b83fa6f63fa7807dc83a745c2e2e834e5be109d9573560974f5ea6b77e37823d3348731e977bbc71ea4fd91a46,gx-no-cache=1760539300429 HTTP/1.1" 200 47
190.95.67.97 - - [15/Oct/2025:11:39:24 -0300] "POST /cormun/servlet/permisogoce?e6cb5c4190742160e3fdeaeba2b5af06,INS,0,,,,gx-no-cache=1760539301898 HTTP/1.1" 200 93
190.95.67.97 - - [15/Oct/2025:11:39:25 -0300] "GET /cormun/servlet/hpexe_return? HTTP/1.1" 200 1026
190.95.67.97 - - [15/Oct/2025:11:39:25 -0300] "GET /cormun/servlet/trpermisosgoce?gx-no-cache=1760539176695 HTTP/1.1" 200 10421
190.95.67.97 - - [15/Oct/2025:11:39:48 -0300] "GET /cormun/servlet/permisogoce?INS,0,,, HTTP/1.1" 200 6765
190.95.67.97 - - [15/Oct/2025:11:39:54 -0300] "GET /cormun/servlet/permisogoce?089e77774f3221315635f59e2fd762601abb1addf81b52a1917fb9f1d831e4c4478caf4886329252da9af8a5171b92332479d306a341ce999a5055b28dc037dd,gx-no-cache=1760539332348 HTTP/1.1" 200 84
179.57.78.55 - - [15/Oct/2025:11:39:59 -0300] "POST /cormun/servlet/solicitudot?gx-no-cache=1760539310148 HTTP/1.1" 200 297
179.57.78.55 - - [15/Oct/2025:11:40:03 -0300] "GET /cormun/servlet/solicitudot?dec3b24cd0743edb821533ffa0bf5ebd5cbae4511f4e582b90ef32267bf473db2fa738cdec0e1079f9155ed7769338113f6d25b5d43b3e9fe8b30211af305f8a38a07b8aa534c7e5398f758acce886e18e2ced80684068a8e2b8af892069b5ec1cea7907bd06e123c33b0e4e3e13ad6c4492e57a9ececea39b087172a6e3cbba9a7b9dc17e7f7b424d441b7decba4570c1bb34883b553bc0d16f2683eff202390a0161ef2b56543bfb27740b0605e6b4cadce9180dcd939baf4938f45138c92ad4e82963d0415291c57ebf842187ac2fc4230b622fd548a5aa3b6f4f23fb41bb45d6ca1e18e1fb09c0334b0730987172ca0d9aa0cfc74b92e4187cf31d6ffef9fe981c5389fa5acc2a7a7f7ddfa18e49df03a764f9b89f6dfb48c42826239037a7675bb7c78351822752531d650729557121904b236d3312d92661938203901353bf0bb06d3add750ececf99e626c142da5339121785d3a9dad0849a3851daf858e57a59f4545988e7ec05315820d1616b16cda6edab42f0215dabbab25d0367949774b99d795d5205e0339b6f5d0c59,gx-no-cache=1760539314220 HTTP/1.1" 200 30
190.95.67.97 - - [15/Oct/2025:11:40:05 -0300] "GET /cormun/servlet/permisogoce?089e77774f3221315635f59e2fd762608904ea3ad87b144e7929a328baf4f5f7c3d3d41c3559991c81af16155fe5aadd37823d3348731e977bbc71ea4fd91a46,gx-no-cache=1760539343389 HTTP/1.1" 200 48
179.57.78.55 - - [15/Oct/2025:11:40:05 -0300] "POST /cormun/servlet/solicitudot?gx-no-cache=1760539316362 HTTP/1.1" 200 30
179.57.78.55 - - [15/Oct/2025:11:40:06 -0300] "POST /cormun/servlet/solicitudot?gx-no-cache=1760539317398 HTTP/1.1" 200 1479
179.57.78.55 - - [15/Oct/2025:11:40:07 -0300] "POST /cormun/servlet/solicitudot?gx-no-cache=1760539317435 HTTP/1.1" 200 38
190.95.67.97 - - [15/Oct/2025:11:40:07 -0300] "POST /cormun/servlet/permisogoce?e6cb5c4190742160e3fdeaeba2b5af06,INS,0,,,,gx-no-cache=1760539344749 HTTP/1.1" 200 93
190.95.67.97 - - [15/Oct/2025:11:40:07 -0300] "GET /cormun/servlet/hpexe_return? HTTP/1.1" 200 1026
190.95.67.97 - - [15/Oct/2025:11:40:07 -0300] "GET /cormun/servlet/trpermisosgoce?gx-no-cache=1760539176695 HTTP/1.1" 200 10653
179.57.78.55 - - [15/Oct/2025:11:40:25 -0300] "GET /cormun/servlet/solicitudot?dec3b24cd0743edb821533ffa0bf5ebd971b0ebcf242aa4cf1df83bf77c81b9ec2c717765777d61bf4585081cccb1c04b46717916e105b3de18c7824569b641d9e7fd6ca42e003cd1d306190a0d1a2c45ec07a3ddf756e06b48ab9673a60efe306865f6d6089c8960a7f75b672d46669,gx-no-cache=1760539336363 HTTP/1.1" 200 110
179.57.78.55 - - [15/Oct/2025:11:40:29 -0300] "POST /cormun/servlet/solicitudot?gx-no-cache=1760539339605 HTTP/1.1" 200 97
179.57.78.55 - - [15/Oct/2025:11:40:41 -0300] "GET /cormun/servlet/solicitudot?dec3b24cd0743edb821533ffa0bf5ebd6d9492affb65688444dd89d32940209017adb47c095ca014f480334c7c5504b1dcfede41ec8ea8bf59f07a68e1667c12201efe1fc1952bd2b92301b013f739f432782c1b4328b025ea2399d5c3b185b32807b7d7ad3addf25608269c0b05f7b3,gx-no-cache=1760539351848 HTTP/1.1" 200 29
179.57.78.55 - - [15/Oct/2025:11:40:41 -0300] "GET /cormun/static/menuarrow.gif HTTP/1.1" 404 1015
179.57.78.55 - - [15/Oct/2025:11:40:44 -0300] "GET /cormun/servlet/solicitudot?dec3b24cd0743edb821533ffa0bf5ebd670c4aadce4383bfbfd37a516c03382c06f200646cfa7cc6ed69b054c6f23da3,gx-no-cache=1760539354528 HTTP/1.1" 200 30
190.95.67.97 - - [15/Oct/2025:11:40:44 -0300] "GET /cormun/servlet/apermisogoceprn?18379058,P,20251015113900,PU HTTP/1.1" 200 1659
190.95.67.97 - - [15/Oct/2025:11:40:44 -0300] "GET /cormun/servlet/apermisogoceprn?18379058,P,20251015113900,PU HTTP/1.1" 200 1657
179.57.78.55 - - [15/Oct/2025:11:40:49 -0300] "POST /cormun/servlet/solicitudot?gx-no-cache=1760539360371 HTTP/1.1" 200 30
179.57.78.55 - - [15/Oct/2025:11:40:54 -0300] "POST /cormun/servlet/solicitudot?85ac0fddce2ed7bfe973ba9e8a60fd18,INS,0,0,false,,gx-no-cache=1760539363850 HTTP/1.1" 200 93
179.57.78.55 - - [15/Oct/2025:11:40:54 -0300] "GET /cormun/servlet/hpexe_return? HTTP/1.1" 200 1013
179.57.78.55 - - [15/Oct/2025:11:40:54 -0300] "GET /cormun/servlet/trsolicitudot HTTP/1.1" 200 8580
190.95.67.97 - - [15/Oct/2025:11:41:02 -0300] "GET /cormun/servlet/apermisogoceprn?20028727,P,20251015113919,PU HTTP/1.1" 200 1659
190.95.67.97 - - [15/Oct/2025:11:41:25 -0300] "GET /cormun/servlet/apermisogoceprn?15123382,P,20251015114046,PU HTTP/1.1" 200 1653
190.95.67.97 - - [15/Oct/2025:11:41:34 -0300] "GET /cormun/servlet/apermisogoceprn?20028060,P,20251015114126,PU HTTP/1.1" 200 1654
179.57.78.55 - - [15/Oct/2025:11:41:43 -0300] "POST /cormun/servlet/trsolicitudot?85ac0fddce2ed7bfe973ba9e8a60fd18,gx-no-cache=1760539413932 HTTP/1.1" 200 107
179.57.78.55 - - [15/Oct/2025:11:41:43 -0300] "GET /cormun/servlet/trsolicitudadjuntos?2025,23027, HTTP/1.1" 200 6095
179.57.78.55 - - [15/Oct/2025:11:41:43 -0300] "GET /cormun/static/gxcfg.js?20201215574222 HTTP/1.1" 200 953
179.57.78.55 - - [15/Oct/2025:11:41:43 -0300] "GET /cormun/static/Resources/PXToolsGridNew.png HTTP/1.1" 200 427
179.57.78.55 - - [15/Oct/2025:11:41:43 -0300] "GET /cormun/static/trsolicitudadjuntos.js?20201215574932 HTTP/1.1" 200 17921
179.57.78.55 - - [15/Oct/2025:11:41:45 -0300] "GET /cormun/servlet/solicitudotadjuntos?INS,2025,23027,,1, HTTP/1.1" 200 6040
179.57.78.55 - - [15/Oct/2025:11:41:45 -0300] "GET /cormun/static/gxcfg.js?202211298385187 HTTP/1.1" 200 953
179.57.78.55 - - [15/Oct/2025:11:41:45 -0300] "GET /cormun/static/solicitudotadjuntos.js?202211298385196 HTTP/1.1" 200 11771
179.57.78.55 - - [15/Oct/2025:11:41:46 -0300] "GET /cormun/static/about:blank HTTP/1.1" 404 1011
179.57.78.55 - - [15/Oct/2025:11:41:46 -0300] "GET /cormun/servlet/solicitudotadjuntos?dec3b24cd0743edb821533ffa0bf5ebd1541ebbd905b2bbc1a6908bb699cfce1c2baf8503ae0d5314c0ed39c18020c12,gx-no-cache=1760539417005 HTTP/1.1" 200 30
179.57.78.55 - - [15/Oct/2025:11:41:46 -0300] "POST /cormun/servlet/solicitudotadjuntos?85ac0fddce2ed7bfe973ba9e8a60fd18,INS,2025,23027,,1,,gx-no-cache=1760539417029 HTTP/1.1" 200 3876
179.57.78.55 - - [15/Oct/2025:11:41:48 -0300] "POST /cormun/servlet/solicitudotadjuntos?gx-no-cache=1760539418539 HTTP/1.1" 200 26
179.57.78.55 - - [15/Oct/2025:11:41:55 -0300] "GET /cormun/servlet/solicitudotadjuntos?dec3b24cd0743edb821533ffa0bf5ebde6a98ace43304f7d3db4f23c0595f0a8,gx-no-cache=1760539425864 HTTP/1.1" 200 30
179.57.78.55 - - [15/Oct/2025:11:41:55 -0300] "GET /cormun/servlet/solicitudotadjuntos?dec3b24cd0743edb821533ffa0bf5ebde6a98ace43304f7d3db4f23c0595f0a8,gx-no-cache=1760539425890 HTTP/1.1" 200 30
179.57.78.55 - - [15/Oct/2025:11:41:55 -0300] "POST /cormun/servlet/solicitudotadjuntos?85ac0fddce2ed7bfe973ba9e8a60fd18,INS,2025,23027,,1, HTTP/1.1" 200 116
179.57.78.55 - - [15/Oct/2025:11:41:56 -0300] "GET /cormun/servlet/hpexe_return? HTTP/1.1" 200 1030
179.57.78.55 - - [15/Oct/2025:11:41:56 -0300] "GET /cormun/servlet/trsolicitudadjuntos?2025,23027, HTTP/1.1" 200 9247
179.57.78.55 - - [15/Oct/2025:11:42:04 -0300] "GET /cormun/servlet/solicitudotadjuntos?INS,2025,23027,,1, HTTP/1.1" 200 6040
179.57.78.55 - - [15/Oct/2025:11:42:05 -0300] "GET /cormun/static/about:blank HTTP/1.1" 404 1011
179.57.78.55 - - [15/Oct/2025:11:42:05 -0300] "GET /cormun/servlet/solicitudotadjuntos?dec3b24cd0743edb821533ffa0bf5ebd1541ebbd905b2bbc1a6908bb699cfce1c2baf8503ae0d5314c0ed39c18020c12,gx-no-cache=1760539436057 HTTP/1.1" 200 30
179.57.78.55 - - [15/Oct/2025:11:42:05 -0300] "POST /cormun/servlet/solicitudotadjuntos?85ac0fddce2ed7bfe973ba9e8a60fd18,INS,2025,23027,,1,,gx-no-cache=1760539436076 HTTP/1.1" 200 3876
179.57.78.55 - - [15/Oct/2025:11:42:07 -0300] "POST /cormun/servlet/solicitudotadjuntos?gx-no-cache=1760539437857 HTTP/1.1" 200 26
179.57.78.55 - - [15/Oct/2025:11:42:17 -0300] "GET /cormun/servlet/solicitudotadjuntos?dec3b24cd0743edb821533ffa0bf5ebde6a98ace43304f7d3db4f23c0595f0a8,gx-no-cache=1760539447544 HTTP/1.1" 200 30
179.57.78.55 - - [15/Oct/2025:11:42:17 -0300] "GET /cormun/servlet/solicitudotadjuntos?dec3b24cd0743edb821533ffa0bf5ebde6a98ace43304f7d3db4f23c0595f0a8,gx-no-cache=1760539447589 HTTP/1.1" 200 30
179.57.78.55 - - [15/Oct/2025:11:42:17 -0300] "POST /cormun/servlet/solicitudotadjuntos?85ac0fddce2ed7bfe973ba9e8a60fd18,INS,2025,23027,,1, HTTP/1.1" 200 116
179.57.78.55 - - [15/Oct/2025:11:42:17 -0300] "GET /cormun/servlet/hpexe_return? HTTP/1.1" 200 1030
179.57.78.55 - - [15/Oct/2025:11:42:17 -0300] "GET /cormun/servlet/trsolicitudadjuntos?2025,23027, HTTP/1.1" 200 9509
179.57.78.55 - - [15/Oct/2025:11:42:21 -0300] "GET /cormun/servlet/solicitudotadjuntos?INS,2025,23027,,1, HTTP/1.1" 200 6040
179.57.78.55 - - [15/Oct/2025:11:42:21 -0300] "GET /cormun/static/about:blank HTTP/1.1" 404 1011
179.57.78.55 - - [15/Oct/2025:11:42:21 -0300] "GET /cormun/servlet/solicitudotadjuntos?dec3b24cd0743edb821533ffa0bf5ebd1541ebbd905b2bbc1a6908bb699cfce1c2baf8503ae0d5314c0ed39c18020c12,gx-no-cache=1760539452406 HTTP/1.1" 200 30
179.57.78.55 - - [15/Oct/2025:11:42:22 -0300] "POST /cormun/servlet/solicitudotadjuntos?85ac0fddce2ed7bfe973ba9e8a60fd18,INS,2025,23027,,1,,gx-no-cache=1760539452427 HTTP/1.1" 200 3876
179.57.78.55 - - [15/Oct/2025:11:42:25 -0300] "POST /cormun/servlet/solicitudotadjuntos?gx-no-cache=1760539456296 HTTP/1.1" 200 26
179.57.78.55 - - [15/Oct/2025:11:42:33 -0300] "GET /cormun/servlet/solicitudotadjuntos?dec3b24cd0743edb821533ffa0bf5ebde6a98ace43304f7d3db4f23c0595f0a8,gx-no-cache=1760539464080 HTTP/1.1" 200 30
179.57.78.55 - - [15/Oct/2025:11:42:33 -0300] "GET /cormun/servlet/solicitudotadjuntos?dec3b24cd0743edb821533ffa0bf5ebde6a98ace43304f7d3db4f23c0595f0a8,gx-no-cache=1760539464102 HTTP/1.1" 200 30
179.57.78.55 - - [15/Oct/2025:11:42:33 -0300] "POST /cormun/servlet/solicitudotadjuntos?85ac0fddce2ed7bfe973ba9e8a60fd18,INS,2025,23027,,1, HTTP/1.1" 200 116
179.57.78.55 - - [15/Oct/2025:11:42:33 -0300] "GET /cormun/servlet/hpexe_return? HTTP/1.1" 200 1030
179.57.78.55 - - [15/Oct/2025:11:42:33 -0300] "GET /cormun/servlet/trsolicitudadjuntos?2025,23027, HTTP/1.1" 200 9758
179.57.78.55 - - [15/Oct/2025:11:42:36 -0300] "GET /cormun/servlet/solicitudotadjuntos?INS,2025,23027,,1, HTTP/1.1" 200 6040
179.57.78.55 - - [15/Oct/2025:11:42:36 -0300] "GET /cormun/static/about:blank HTTP/1.1" 404 1011
179.57.78.55 - - [15/Oct/2025:11:42:36 -0300] "GET /cormun/servlet/solicitudotadjuntos?dec3b24cd0743edb821533ffa0bf5ebd1541ebbd905b2bbc1a6908bb699cfce1c2baf8503ae0d5314c0ed39c18020c12,gx-no-cache=1760539467273 HTTP/1.1" 200 30
179.57.78.55 - - [15/Oct/2025:11:42:36 -0300] "POST /cormun/servlet/solicitudotadjuntos?85ac0fddce2ed7bfe973ba9e8a60fd18,INS,2025,23027,,1,,gx-no-cache=1760539467330 HTTP/1.1" 200 3876
179.57.78.55 - - [15/Oct/2025:11:42:39 -0300] "POST /cormun/servlet/solicitudotadjuntos?gx-no-cache=1760539469457 HTTP/1.1" 200 26
179.57.78.55 - - [15/Oct/2025:11:42:49 -0300] "GET /cormun/servlet/solicitudotadjuntos?dec3b24cd0743edb821533ffa0bf5ebde6a98ace43304f7d3db4f23c0595f0a8,gx-no-cache=1760539479688 HTTP/1.1" 200 30
179.57.78.55 - - [15/Oct/2025:11:42:49 -0300] "GET /cormun/servlet/solicitudotadjuntos?dec3b24cd0743edb821533ffa0bf5ebde6a98ace43304f7d3db4f23c0595f0a8,gx-no-cache=1760539479708 HTTP/1.1" 200 30
179.57.78.55 - - [15/Oct/2025:11:42:49 -0300] "POST /cormun/servlet/solicitudotadjuntos?85ac0fddce2ed7bfe973ba9e8a60fd18,INS,2025,23027,,1, HTTP/1.1" 200 116
179.57.78.55 - - [15/Oct/2025:11:42:49 -0300] "GET /cormun/servlet/hpexe_return? HTTP/1.1" 200 1030
179.57.78.55 - - [15/Oct/2025:11:42:49 -0300] "GET /cormun/servlet/trsolicitudadjuntos?2025,23027, HTTP/1.1" 200 10076
179.57.78.55 - - [15/Oct/2025:11:42:53 -0300] "GET /cormun/servlet/solicitudotadjuntos?INS,2025,23027,,1, HTTP/1.1" 200 6040
179.57.78.55 - - [15/Oct/2025:11:42:53 -0300] "GET /cormun/static/about:blank HTTP/1.1" 404 1011
179.57.78.55 - - [15/Oct/2025:11:42:53 -0300] "GET /cormun/servlet/solicitudotadjuntos?dec3b24cd0743edb821533ffa0bf5ebd1541ebbd905b2bbc1a6908bb699cfce1c2baf8503ae0d5314c0ed39c18020c12,gx-no-cache=1760539484328 HTTP/1.1" 200 30
179.57.78.55 - - [15/Oct/2025:11:42:53 -0300] "POST /cormun/servlet/solicitudotadjuntos?85ac0fddce2ed7bfe973ba9e8a60fd18,INS,2025,23027,,1,,gx-no-cache=1760539484349 HTTP/1.1" 200 3876
179.57.78.55 - - [15/Oct/2025:11:42:56 -0300] "POST /cormun/servlet/solicitudotadjuntos?gx-no-cache=1760539487160 HTTP/1.1" 200 26
190.95.67.99 - - [15/Oct/2025:11:43:02 -0300] "POST /cormun/servlet/trlicencias?0796d96f4266973078c7d0a4e4fbe494,gx-no-cache=1760539494861 HTTP/1.1" 200 7729
179.57.78.55 - - [15/Oct/2025:11:43:04 -0300] "GET /cormun/servlet/solicitudotadjuntos?dec3b24cd0743edb821533ffa0bf5ebde6a98ace43304f7d3db4f23c0595f0a8,gx-no-cache=1760539495120 HTTP/1.1" 200 30
179.57.78.55 - - [15/Oct/2025:11:43:04 -0300] "GET /cormun/servlet/solicitudotadjuntos?dec3b24cd0743edb821533ffa0bf5ebde6a98ace43304f7d3db4f23c0595f0a8,gx-no-cache=1760539495140 HTTP/1.1" 200 30
179.57.78.55 - - [15/Oct/2025:11:43:05 -0300] "POST /cormun/servlet/solicitudotadjuntos?85ac0fddce2ed7bfe973ba9e8a60fd18,INS,2025,23027,,1, HTTP/1.1" 200 116
179.57.78.55 - - [15/Oct/2025:11:43:05 -0300] "GET /cormun/servlet/hpexe_return? HTTP/1.1" 200 1030
179.57.78.55 - - [15/Oct/2025:11:43:05 -0300] "GET /cormun/servlet/trsolicitudadjuntos?2025,23027, HTTP/1.1" 200 10366
190.95.67.99 - - [15/Oct/2025:11:43:06 -0300] "POST /cormun/servlet/trlicencias?0796d96f4266973078c7d0a4e4fbe494,gx-no-cache=1760539499221 HTTP/1.1" 200 7728
190.95.67.99 - - [15/Oct/2025:11:43:09 -0300] "GET /cormun/servlet/trpermisosgoce? HTTP/1.1" 200 11311
179.57.78.55 - - [15/Oct/2025:11:43:10 -0300] "GET /cormun/servlet/trsolicitudot? HTTP/1.1" 200 8582
190.95.67.99 - - [15/Oct/2025:11:43:20 -0300] "GET /cormun/servlet/trlicencias? HTTP/1.1" 200 10409
190.95.67.97 - - [15/Oct/2025:11:44:48 -0300] "GET /cormun/servlet/permisogoce?INS,0,,, HTTP/1.1" 200 6765
201.186.225.187 - - [15/Oct/2025:11:44:50 -0300] "GET /cormun/servlet/trsolicitudot? HTTP/1.1" 200 7179
190.95.67.97 - - [15/Oct/2025:11:44:55 -0300] "GET /cormun/servlet/permisogoce?089e77774f3221315635f59e2fd76260c30c9db3c8f899746ef1037089e3739b478caf4886329252da9af8a5171b92332479d306a341ce999a5055b28dc037dd,gx-no-cache=1760539633196 HTTP/1.1" 200 86
201.186.225.187 - - [15/Oct/2025:11:45:24 -0300] "GET /cormun/servlet/solicitudot?INS,0,0,false, HTTP/1.1" 200 15977
201.186.225.187 - - [15/Oct/2025:11:45:40 -0300] "POST /cormun/servlet/solicitudot?gx-no-cache=1760543262730 HTTP/1.1" 200 4174
201.186.225.187 - - [15/Oct/2025:11:45:41 -0300] "POST /cormun/servlet/solicitudot?6bc896bb0efb5f5f93789ac269fb0be8,INS,0,0,false,,gx-no-cache=1760543262936 HTTP/1.1" 200 12715
201.186.225.187 - - [15/Oct/2025:11:45:41 -0300] "GET /cormun/servlet/solicitudot?82e383ee3cd7970b029b8ef07de274a3e5c6d8d267fd5c549dac59ff4162808f087363b59c1ac8a3c426d0705ce613f0,gx-no-cache=1760543263354 HTTP/1.1" 200 30
201.186.225.187 - - [15/Oct/2025:11:46:04 -0300] "GET /cormun/servlet/solicitudot?82e383ee3cd7970b029b8ef07de274a3fda24f8fae7c69ee4aa1a2f0bc36b799c1eaaf2c1c790b858c7869b0bb67b76430cadb81af90a1fef5d6488fb2c68034,gx-no-cache=1760543286824 HTTP/1.1" 200 30
201.186.225.187 - - [15/Oct/2025:11:46:04 -0300] "GET /cormun/servlet/solicitudot?82e383ee3cd7970b029b8ef07de274a35c4872cb47c1331d7408c3ccbb2b4f04,gx-no-cache=1760543286860 HTTP/1.1" 200 42
201.186.225.187 - - [15/Oct/2025:11:46:05 -0300] "POST /cormun/servlet/solicitudot?gx-no-cache=1760543286898 HTTP/1.1" 200 240
201.186.225.187 - - [15/Oct/2025:11:46:05 -0300] "GET /cormun/servlet/solicitudot?82e383ee3cd7970b029b8ef07de274a3a5389b502e4d22f6c77d563b49ef92cbb5336efc904ab6aca416e186f2c1162b4d9c90c502b585638004e610bed25c397c3f3ac7638ecbb370d7a17f31142e2af4a8b5cfbec648653542016199fa6f4856dfadc5cb9c1ef29ccd67dceade54416ff8612bc25d5f3b591a64b31219d30cd0089e8761a8682a7408d7b53888837194a415006a4375a07655f8102a03f4aea6e147401d21d28c8d885558dd07989b1fe9aac5202d003bf9dc738b6ff7f0ff1752f5d612753af3b933a85cca8dd81590887ce5d7c7edf89916478e254ce5156c618fe5dd48198ee9e7b0b98d9bfc0e6fd0342e16cba13c259e39cc7cfd0adce3d2b8841646d7b67cf42ce8d7e81a5d3d06e1aabc81156382e4af0dfa933452108ed88db124ba975d16247089ce1fe7d039ce74ebc7b81bf28ad5b9e60afab811f8f61f114be38f273fe220103e6d058bedadefb698f555602e3b27016b4ca1f861b7e19d95515d1b7da31ce4cf1ad19dcb6f3f944d0f1eb9779dcb4c978ee6,gx-no-cache=1760543286959 HTTP/1.1" 200 30
201.186.225.187 - - [15/Oct/2025:11:46:11 -0300] "POST /cormun/servlet/solicitudot?gx-no-cache=1760543293380 HTTP/1.1" 200 30
201.186.225.187 - - [15/Oct/2025:11:46:24 -0300] "POST /cormun/servlet/solicitudot?gx-no-cache=1760543306024 HTTP/1.1" 200 30
190.95.15.13 - - [15/Oct/2025:11:46:30 -0300] "GET /cormun/servlet/hlogin HTTP/1.1" 200 1743
190.95.67.97 - - [15/Oct/2025:11:47:07 -0300] "GET /cormun/servlet/trpermisosgoce? HTTP/1.1" 200 10655
190.95.67.97 - - [15/Oct/2025:11:47:12 -0300] "POST /cormun/servlet/trpermisosgoce?e6cb5c4190742160e3fdeaeba2b5af06,,gx-no-cache=1760539770012 HTTP/1.1" 200 7677
190.95.67.97 - - [15/Oct/2025:11:47:12 -0300] "POST /cormun/servlet/trpermisosgoce?e6cb5c4190742160e3fdeaeba2b5af06,,gx-no-cache=1760539770297 HTTP/1.1" 200 7657
201.186.225.187 - - [15/Oct/2025:11:47:20 -0300] "POST /cormun/servlet/solicitudot?gx-no-cache=1760543362124 HTTP/1.1" 200 1483
201.186.225.187 - - [15/Oct/2025:11:47:24 -0300] "GET /cormun/static/Resources/resize.gif HTTP/1.1" 200 77
201.186.225.187 - - [15/Oct/2025:11:47:24 -0300] "GET /cormun/static/Resources/PXTools/ClosePrompt.png HTTP/1.1" 200 1036
201.186.225.187 - - [15/Oct/2025:11:47:24 -0300] "GET /cormun/servlet/prlicenciaspermisos?19203342,L,,MD,,gxPopupLevel%3D0%3B HTTP/1.1" 200 6773
201.186.225.187 - - [15/Oct/2025:11:47:24 -0300] "GET /cormun/static/gxcfg.js?2020121559567 HTTP/1.1" 200 953
201.186.225.187 - - [15/Oct/2025:11:47:24 -0300] "GET /cormun/static/prlicenciaspermisos.js?2020121559821 HTTP/1.1" 200 13379
201.186.225.187 - - [15/Oct/2025:11:47:25 -0300] "GET /cormun/static/menusearch.js?20201214473581 HTTP/1.1" 200 1424
201.186.225.187 - - [15/Oct/2025:11:47:25 -0300] "GET /cormun/static/hmpwkw011.js?202211298443482 HTTP/1.1" 200 1968
201.186.225.187 - - [15/Oct/2025:11:47:45 -0300] "POST /cormun/servlet/solicitudot?gx-no-cache=1760543387179 HTTP/1.1" 200 40
201.186.225.187 - - [15/Oct/2025:11:47:45 -0300] "GET /cormun/servlet/solicitudot?82e383ee3cd7970b029b8ef07de274a386bcb82aa389499bd19f3730f356423ca54859106ec91064d89ccc6395f1265fbe50d73080932513eb9fedb1375a4330108249da2b9c03b6d296787b4d4e95c05bc66ceb50bcc8bd34dcba6ae61da11d1c6933a53952ca335f3d7d9da2c2e16d,gx-no-cache=1760543387234 HTTP/1.1" 200 110
201.186.225.187 - - [15/Oct/2025:11:47:45 -0300] "POST /cormun/servlet/solicitudot?gx-no-cache=1760543387275 HTTP/1.1" 200 79
201.186.225.187 - - [15/Oct/2025:11:47:45 -0300] "GET /cormun/servlet/solicitudot?82e383ee3cd7970b029b8ef07de274a3637021c4087890a4b6f6920a69a6f088ea7950790e3658d8986e9d3d9ee3f12206ad34800cea06dfd2dbe8d12da9bcaf659ecd58f4b2f0f7e4e7a580d7d6ad60de0cd8d47b8685130977df28d3bcc99ff6b4f9ce2f710fb3f81c6a8729845a06,gx-no-cache=1760543387324 HTTP/1.1" 200 29
201.186.225.187 - - [15/Oct/2025:11:48:16 -0300] "GET /cormun/servlet/solicitudot?82e383ee3cd7970b029b8ef07de274a386bcb82aa389499bd19f3730f356423ca54859106ec91064d89ccc6395f1265fbe50d73080932513eb9fedb1375a4330108249da2b9c03b6d296787b4d4e95c05bc66ceb50bcc8bd34dcba6ae61da11d1c6933a53952ca335f3d7d9da2c2e16d,gx-no-cache=1760543418506 HTTP/1.1" 200 110
201.186.225.187 - - [15/Oct/2025:11:48:19 -0300] "GET /cormun/servlet/solicitudot?82e383ee3cd7970b029b8ef07de274a3bf975c1b19d349d257e55ef7f6e4eef152e0559d9abe49780a7e5aa624389ea8,gx-no-cache=1760543421821 HTTP/1.1" 200 30
201.186.225.187 - - [15/Oct/2025:11:48:20 -0300] "POST /cormun/servlet/solicitudot?gx-no-cache=1760543421879 HTTP/1.1" 200 135
201.186.225.187 - - [15/Oct/2025:11:48:20 -0300] "GET /cormun/static/Shared/jqueryui/images/ui-bg_flat_55_994d53_40x100.png HTTP/1.1" 404 1097
201.186.225.187 - - [15/Oct/2025:11:48:20 -0300] "GET /cormun/static/Shared/jqueryui/images/ui-icons_ebccce_256x240.png HTTP/1.1" 404 1089
190.95.67.97 - - [15/Oct/2025:11:48:42 -0300] "POST /cormun/servlet/trpermisosgoce?e6cb5c4190742160e3fdeaeba2b5af06,,gx-no-cache=1760539859573 HTTP/1.1" 200 3930
190.95.67.97 - - [15/Oct/2025:11:48:51 -0300] "POST /cormun/servlet/trpermisosgoce?e6cb5c4190742160e3fdeaeba2b5af06,,gx-no-cache=1760539869119 HTTP/1.1" 200 5616
201.186.225.187 - - [15/Oct/2025:11:48:55 -0300] "POST /cormun/servlet/solicitudot?gx-no-cache=1760543457330 HTTP/1.1" 200 135
201.186.225.187 - - [15/Oct/2025:11:50:42 -0300] "POST /cormun/servlet/solicitudot?gx-no-cache=1760543564300 HTTP/1.1" 200 135
201.186.225.187 - - [15/Oct/2025:11:50:42 -0300] "POST /cormun/servlet/solicitudot?6bc896bb0efb5f5f93789ac269fb0be8,INS,0,0,false,,gx-no-cache=1760543564424 HTTP/1.1" 200 13118
201.186.225.187 - - [15/Oct/2025:11:51:12 -0300] "POST /cormun/servlet/solicitudot?gx-no-cache=1760543594415 HTTP/1.1" 200 135
201.186.225.187 - - [15/Oct/2025:11:51:12 -0300] "POST /cormun/servlet/solicitudot?6bc896bb0efb5f5f93789ac269fb0be8,INS,0,0,false,,gx-no-cache=1760543594538 HTTP/1.1" 200 13191
201.186.225.187 - - [15/Oct/2025:11:51:45 -0300] "POST /cormun/servlet/solicitudot?gx-no-cache=1760543626914 HTTP/1.1" 200 30
201.186.225.187 - - [15/Oct/2025:11:51:54 -0300] "POST /cormun/servlet/solicitudot?gx-no-cache=1760543636682 HTTP/1.1" 200 1483
201.186.225.187 - - [15/Oct/2025:11:51:54 -0300] "POST /cormun/servlet/solicitudot?gx-no-cache=1760543636800 HTTP/1.1" 200 41
201.186.225.187 - - [15/Oct/2025:11:51:54 -0300] "GET /cormun/servlet/solicitudot?82e383ee3cd7970b029b8ef07de274a386bcb82aa389499bd19f3730f356423ca54859106ec91064d89ccc6395f1265fbe50d73080932513eb9fedb1375a4330108249da2b9c03b6d296787b4d4e95c05bc66ceb50bcc8bd34dcba6ae61da11d1c6933a53952ca335f3d7d9da2c2e16d,gx-no-cache=1760543636837 HTTP/1.1" 200 110
201.186.225.187 - - [15/Oct/2025:11:51:54 -0300] "POST /cormun/servlet/solicitudot?gx-no-cache=1760543636864 HTTP/1.1" 200 79
201.186.225.187 - - [15/Oct/2025:11:51:55 -0300] "POST /cormun/servlet/solicitudot?gx-no-cache=1760543636892 HTTP/1.1" 200 34
201.186.225.187 - - [15/Oct/2025:11:51:55 -0300] "POST /cormun/servlet/solicitudot?6bc896bb0efb5f5f93789ac269fb0be8,INS,0,0,false,,gx-no-cache=1760543636921 HTTP/1.1" 200 93
201.186.225.187 - - [15/Oct/2025:11:51:55 -0300] "GET /cormun/servlet/hpexe_return? HTTP/1.1" 200 1009
201.186.225.187 - - [15/Oct/2025:11:51:56 -0300] "GET /cormun/servlet/trsolicitudot HTTP/1.1" 200 8649
201.186.225.187 - - [15/Oct/2025:11:52:06 -0300] "POST /cormun/servlet/trsolicitudot?6bc896bb0efb5f5f93789ac269fb0be8,gx-no-cache=1760543648733 HTTP/1.1" 200 112
201.186.225.187 - - [15/Oct/2025:11:52:06 -0300] "GET /cormun/servlet/solicitudot?UPD,2025,23028,false, HTTP/1.1" 200 16670
201.186.225.187 - - [15/Oct/2025:11:52:12 -0300] "POST /cormun/servlet/solicitudot?gx-no-cache=1760543654567 HTTP/1.1" 200 4135
201.186.225.187 - - [15/Oct/2025:11:52:12 -0300] "POST /cormun/servlet/solicitudot?6bc896bb0efb5f5f93789ac269fb0be8,UPD,2025,23028,false,,gx-no-cache=1760543654707 HTTP/1.1" 200 12767
201.186.225.187 - - [15/Oct/2025:11:52:13 -0300] "GET /cormun/servlet/solicitudot?82e383ee3cd7970b029b8ef07de274a3e5c6d8d267fd5c549dac59ff4162808fa6dac5d054414c28224ab0b7ba7b3643,gx-no-cache=1760543655045 HTTP/1.1" 200 30
201.186.225.187 - - [15/Oct/2025:11:52:13 -0300] "GET /cormun/servlet/solicitudot?82e383ee3cd7970b029b8ef07de274a3fda24f8fae7c69ee4aa1a2f0bc36b799c1eaaf2c1c790b858c7869b0bb67b764e1ce101edc50f6507cf99bc38f65910a,gx-no-cache=1760543655086 HTTP/1.1" 200 30
201.186.225.187 - - [15/Oct/2025:11:52:13 -0300] "GET /cormun/servlet/solicitudot?82e383ee3cd7970b029b8ef07de274a3875a12bd60d811e2e2f8250f63a86d8ad76d6d92246bba16a9454d48c9db4de1,gx-no-cache=1760543655113 HTTP/1.1" 200 42
201.186.225.187 - - [15/Oct/2025:11:52:13 -0300] "POST /cormun/servlet/solicitudot?gx-no-cache=1760543655148 HTTP/1.1" 200 240
201.186.225.187 - - [15/Oct/2025:11:52:13 -0300] "GET /cormun/servlet/solicitudot?82e383ee3cd7970b029b8ef07de274a3a5389b502e4d22f6c77d563b49ef92cbb5336efc904ab6aca416e186f2c1162b4d9c90c502b585638004e610bed25c397c3f3ac7638ecbb370d7a17f31142e2af4a8b5cfbec648653542016199fa6f4856dfadc5cb9c1ef29ccd67dceade54416ff8612bc25d5f3b591a64b31219d30cd0089e8761a8682a7408d7b53888837194a415006a4375a07655f8102a03f4aea6e147401d21d28c8d885558dd07989b1fe9aac5202d003bf9dc738b6ff7f0ff1752f5d612753af3b933a85cca8dd81590887ce5d7c7edf89916478e254ce5156c618fe5dd48198ee9e7b0b98d9bfc0e6fd0342e16cba13c259e39cc7cfd0adce3d2b8841646d7b67cf42ce8d7e81a5d3d06e1aabc81156382e4af0dfa933452108ed88db124ba975d16247089ce1fe7d039ce74ebc7b81bf28ad5b9e60afab811f8f61f114be38f273fe220103e6d058bedadefb698f555602e3b27016b4ca1f861b7e19d95515d1b7da31ce4cf1ad1013f1eceb4fcab9ab54506fd4ef45879,gx-no-cache=1760543655200 HTTP/1.1" 200 30
201.186.225.187 - - [15/Oct/2025:11:52:13 -0300] "POST /cormun/servlet/solicitudot?gx-no-cache=1760543655237 HTTP/1.1" 200 30
201.186.225.187 - - [15/Oct/2025:11:52:13 -0300] "POST /cormun/servlet/solicitudot?gx-no-cache=1760543655286 HTTP/1.1" 200 1483
201.186.225.187 - - [15/Oct/2025:11:52:13 -0300] "POST /cormun/servlet/solicitudot?gx-no-cache=1760543655389 HTTP/1.1" 200 41
201.186.225.187 - - [15/Oct/2025:11:52:30 -0300] "POST /cormun/servlet/solicitudot?gx-no-cache=1760543671937 HTTP/1.1" 200 1483
201.186.225.187 - - [15/Oct/2025:11:52:30 -0300] "POST /cormun/servlet/solicitudot?gx-no-cache=1760543672014 HTTP/1.1" 200 41
201.186.225.187 - - [15/Oct/2025:11:52:30 -0300] "GET /cormun/servlet/solicitudot?82e383ee3cd7970b029b8ef07de274a386bcb82aa389499bd19f3730f356423ca54859106ec91064d89ccc6395f1265fbe50d73080932513eb9fedb1375a4330108249da2b9c03b6d296787b4d4e95c05bc66ceb50bcc8bd34dcba6ae61da11d1c6933a53952ca335f3d7d9da2c2e16d,gx-no-cache=1760543672043 HTTP/1.1" 200 110
201.186.225.187 - - [15/Oct/2025:11:52:30 -0300] "POST /cormun/servlet/solicitudot?gx-no-cache=1760543672066 HTTP/1.1" 200 79
201.186.225.187 - - [15/Oct/2025:11:52:30 -0300] "GET /cormun/servlet/solicitudot?82e383ee3cd7970b029b8ef07de274a37c53dc598ad80e22f33dc123e3d587fadeb313a0b1be16e5a526eef3c78f8cdd6d9718706d84ebfd522791d9a406d3a66722b11e278650ddea33a44ebd2b5ba55521610a2e5d6d51f3286b563a3b56beb275638012d98d2adff1fb636a9e4347,gx-no-cache=1760543672094 HTTP/1.1" 200 29
201.186.225.187 - - [15/Oct/2025:11:52:30 -0300] "GET /cormun/servlet/solicitudot?82e383ee3cd7970b029b8ef07de274a3bf975c1b19d349d257e55ef7f6e4eef152e0559d9abe49780a7e5aa624389ea8,gx-no-cache=1760543672143 HTTP/1.1" 200 30
201.186.225.187 - - [15/Oct/2025:11:52:30 -0300] "GET /cormun/static/menuarrow.gif HTTP/1.1" 404 1015
201.186.225.187 - - [15/Oct/2025:11:52:32 -0300] "POST /cormun/servlet/solicitudot?gx-no-cache=1760543674265 HTTP/1.1" 200 1483
201.186.225.187 - - [15/Oct/2025:11:52:32 -0300] "POST /cormun/servlet/solicitudot?gx-no-cache=1760543674350 HTTP/1.1" 200 41
201.186.225.187 - - [15/Oct/2025:11:52:32 -0300] "GET /cormun/servlet/solicitudot?82e383ee3cd7970b029b8ef07de274a386bcb82aa389499bd19f3730f356423ca54859106ec91064d89ccc6395f1265fbe50d73080932513eb9fedb1375a4330108249da2b9c03b6d296787b4d4e95c05bc66ceb50bcc8bd34dcba6ae61da11d1c6933a53952ca335f3d7d9da2c2e16d,gx-no-cache=1760543674382 HTTP/1.1" 200 110
201.186.225.187 - - [15/Oct/2025:11:52:32 -0300] "POST /cormun/servlet/solicitudot?gx-no-cache=1760543674413 HTTP/1.1" 200 79
201.186.225.187 - - [15/Oct/2025:11:52:38 -0300] "POST /cormun/servlet/solicitudot?gx-no-cache=1760543680012 HTTP/1.1" 200 30
201.186.225.187 - - [15/Oct/2025:11:52:38 -0300] "POST /cormun/servlet/solicitudot?6bc896bb0efb5f5f93789ac269fb0be8,UPD,2025,23028,false,,gx-no-cache=1760543680050 HTTP/1.1" 200 93
201.186.225.187 - - [15/Oct/2025:11:52:38 -0300] "GET /cormun/servlet/hpexe_return? HTTP/1.1" 200 1015
201.186.225.187 - - [15/Oct/2025:11:52:38 -0300] "GET /cormun/servlet/trsolicitudot HTTP/1.1" 200 8647
201.186.225.187 - - [15/Oct/2025:11:53:16 -0300] "POST /cormun/servlet/trsolicitudot?6bc896bb0efb5f5f93789ac269fb0be8,gx-no-cache=1760543718610 HTTP/1.1" 200 4608
201.186.225.187 - - [15/Oct/2025:11:53:16 -0300] "GET /cormun/static/Shared/jqueryui/images/ui-bg_highlight-soft_100_c6c2c8_1x100.png HTTP/1.1" 404 1117
201.186.225.187 - - [15/Oct/2025:11:53:16 -0300] "GET /cormun/static/Shared/jqueryui/images/ui-icons_82798d_256x240.png HTTP/1.1" 404 1089
201.186.225.187 - - [15/Oct/2025:11:53:16 -0300] "GET /cormun/static/Shared/jqueryui/images/ui-icons_8d78a5_256x240.png HTTP/1.1" 404 1089
201.186.225.187 - - [15/Oct/2025:11:53:16 -0300] "GET /cormun/static/Shared/jqueryui/images/ui-bg_flat_55_fafafa_40x100.png HTTP/1.1" 404 1097
201.186.225.187 - - [15/Oct/2025:11:53:16 -0300] "POST /cormun/servlet/trsolicitudot?6bc896bb0efb5f5f93789ac269fb0be8,gx-no-cache=1760543718803 HTTP/1.1" 200 4326
201.186.225.187 - - [15/Oct/2025:11:57:38 -0300] "GET /cormun/servlet/trpermisosingoce? HTTP/1.1" 200 7669
190.95.67.99 - - [15/Oct/2025:11:57:53 -0300] "POST /cormun/servlet/trlicencias?0796d96f4266973078c7d0a4e4fbe494,,gx-no-cache=1760540385818 HTTP/1.1" 200 7731
190.95.67.99 - - [15/Oct/2025:11:57:57 -0300] "GET /cormun/servlet/trpermisosgoce? HTTP/1.1" 200 11315
190.95.67.99 - - [15/Oct/2025:11:58:01 -0300] "GET /cormun/servlet/trlicencias? HTTP/1.1" 200 10409
201.186.225.187 - - [15/Oct/2025:12:00:00 -0300] "GET /cormun/servlet/trpermisosingoceadjunto?680,16253896, HTTP/1.1" 200 6091
201.186.225.187 - - [15/Oct/2025:12:00:02 -0300] "GET /cormun/servlet/permisosingoceadjunto?INS,680,, HTTP/1.1" 200 5393
201.186.225.187 - - [15/Oct/2025:12:00:02 -0300] "GET /cormun/static/gxcfg.js?20201215152332 HTTP/1.1" 200 953
201.186.225.187 - - [15/Oct/2025:12:00:02 -0300] "GET /cormun/static/permisosingoceadjunto.js?20201215152375 HTTP/1.1" 200 6883
201.186.225.187 - - [15/Oct/2025:12:00:03 -0300] "GET /cormun/static/about:blank HTTP/1.1" 404 1011
201.186.225.187 - - [15/Oct/2025:12:00:03 -0300] "GET /cormun/servlet/permisosingoceadjunto?cd554e243061b3aff963f3c87882c5740a45ea8cfb44c0aed4df4ab2036f835e,gx-no-cache=1760544125772 HTTP/1.1" 200 26
201.186.225.187 - - [15/Oct/2025:12:00:12 -0300] "POST /cormun/servlet/permisosingoceadjunto?6bc896bb0efb5f5f93789ac269fb0be8,INS,680,, HTTP/1.1" 200 116
201.186.225.187 - - [15/Oct/2025:12:00:12 -0300] "GET /cormun/servlet/hpexe_return? HTTP/1.1" 200 1027
201.186.225.187 - - [15/Oct/2025:12:00:13 -0300] "GET /cormun/servlet/trpermisosingoceadjunto?680,16253896, HTTP/1.1" 200 6495
201.186.225.187 - - [15/Oct/2025:12:00:15 -0300] "GET /cormun/servlet/trpermisosingoce? HTTP/1.1" 200 7670
190.95.67.97 - - [15/Oct/2025:12:00:31 -0300] "GET /cormun/servlet/trpermisosgoce? HTTP/1.1" 200 8354
201.186.225.187 - - [15/Oct/2025:12:00:32 -0300] "POST /cormun/servlet/trpermisosingoce?6bc896bb0efb5f5f93789ac269fb0be8,,gx-no-cache=1760544153979 HTTP/1.1" 200 4893
190.95.67.97 - - [15/Oct/2025:12:00:40 -0300] "GET /cormun/static/menuarrow.gif HTTP/1.1" 404 1015
190.95.67.97 - - [15/Oct/2025:12:00:47 -0300] "POST /cormun/servlet/trpermisosgoce?e6cb5c4190742160e3fdeaeba2b5af06,,gx-no-cache=1760540585024 HTTP/1.1" 200 6969
190.95.67.95 - - [15/Oct/2025:12:00:55 -0300] "GET /cormun/servlet/hlogin HTTP/1.1" 200 1714
190.95.15.23 - - [15/Oct/2025:12:00:57 -0300] "GET /cormun/servlet/hlogin HTTP/1.1" 200 1720
190.95.15.23 - - [15/Oct/2025:12:01:01 -0300] "POST /cormun/servlet/hlogin?2dc0292e6428700ac764a07ce182f8a6,gx-no-cache=1760540573591 HTTP/1.1" 200 90
190.95.15.23 - - [15/Oct/2025:12:01:01 -0300] "GET /cormun/servlet/hpexe_link HTTP/1.1" 200 952
190.95.15.23 - - [15/Oct/2025:12:01:01 -0300] "GET /cormun/servlet/hhome HTTP/1.1" 200 4331
190.95.67.95 - - [15/Oct/2025:12:01:01 -0300] "POST /cormun/servlet/hlogin?218755b87648e5af827ea63e358e0ea5,gx-no-cache=1760540573974 HTTP/1.1" 200 90
190.95.67.95 - - [15/Oct/2025:12:01:02 -0300] "GET /cormun/servlet/hpexe_link HTTP/1.1" 200 946
190.95.67.95 - - [15/Oct/2025:12:01:02 -0300] "GET /cormun/servlet/hhome HTTP/1.1" 200 4000
190.95.67.97 - - [15/Oct/2025:12:01:02 -0300] "GET /cormun/servlet/trpermisosadjuntos?20028727,20251015113919,P, HTTP/1.1" 200 6207
190.95.15.23 - - [15/Oct/2025:12:01:04 -0300] "GET /cormun/servlet/trlicencias? HTTP/1.1" 200 11551
190.95.67.95 - - [15/Oct/2025:12:01:11 -0300] "GET /cormun/servlet/trlicencias? HTTP/1.1" 200 9588
190.95.67.97 - - [15/Oct/2025:12:01:14 -0300] "GET /cormun/servlet/permisosadjuntos?INS,20028727,P,20251015113919,, HTTP/1.1" 200 5528
190.95.67.97 - - [15/Oct/2025:12:01:14 -0300] "GET /cormun/static/about:blank HTTP/1.1" 404 1011
190.95.67.95 - - [15/Oct/2025:12:01:15 -0300] "GET /cormun/static/menuarrow.gif HTTP/1.1" 404 1015
190.95.67.95 - - [15/Oct/2025:12:01:19 -0300] "POST /cormun/servlet/trlicencias?218755b87648e5af827ea63e358e0ea5,,gx-no-cache=1760540591773 HTTP/1.1" 200 18132
190.95.67.95 - - [15/Oct/2025:12:01:20 -0300] "GET /cormun/static/Resources/PXToolsGridNext.gif HTTP/1.1" 200 369
190.95.67.95 - - [15/Oct/2025:12:01:20 -0300] "GET /cormun/static/Resources/PXToolsGridLast.gif HTTP/1.1" 200 370
190.95.67.95 - - [15/Oct/2025:12:01:23 -0300] "POST /cormun/servlet/trlicencias?218755b87648e5af827ea63e358e0ea5,,gx-no-cache=1760540594876 HTTP/1.1" 200 101
190.95.67.95 - - [15/Oct/2025:12:01:23 -0300] "GET /cormun/Licencias-6090.xls HTTP/1.1" 200 27648
190.95.67.97 - - [15/Oct/2025:12:01:28 -0300] "POST /cormun/servlet/permisosadjuntos?e6cb5c4190742160e3fdeaeba2b5af06,INS,20028727,P,20251015113919,, HTTP/1.1" 200 116
190.95.67.97 - - [15/Oct/2025:12:01:28 -0300] "GET /cormun/servlet/hpexe_return? HTTP/1.1" 200 1032
190.95.67.97 - - [15/Oct/2025:12:01:28 -0300] "GET /cormun/servlet/trpermisosadjuntos?20028727,20251015113919,P, HTTP/1.1" 200 6717
190.95.67.97 - - [15/Oct/2025:12:01:30 -0300] "GET /cormun/servlet/trpermisosgoce? HTTP/1.1" 200 9698
190.95.67.97 - - [15/Oct/2025:12:01:33 -0300] "POST /cormun/servlet/trpermisosgoce?e6cb5c4190742160e3fdeaeba2b5af06,,gx-no-cache=1760540630400 HTTP/1.1" 200 6999
190.95.67.97 - - [15/Oct/2025:12:01:33 -0300] "GET /cormun/static/Shared/jqueryui/images/ui-icons_82798d_256x240.png HTTP/1.1" 404 1089
190.95.67.97 - - [15/Oct/2025:12:01:33 -0300] "GET /cormun/static/Shared/jqueryui/images/ui-bg_highlight-soft_100_c6c2c8_1x100.png HTTP/1.1" 404 1117
190.95.67.97 - - [15/Oct/2025:12:01:33 -0300] "GET /cormun/static/Shared/jqueryui/images/ui-bg_flat_55_fafafa_40x100.png HTTP/1.1" 404 1097
190.95.67.97 - - [15/Oct/2025:12:01:33 -0300] "GET /cormun/static/Shared/jqueryui/images/ui-icons_8d78a5_256x240.png HTTP/1.1" 404 1089
190.95.67.97 - - [15/Oct/2025:12:01:35 -0300] "GET /cormun/servlet/trpermisosadjuntos?18379058,20251015113900,P, HTTP/1.1" 200 6204
190.95.67.97 - - [15/Oct/2025:12:01:36 -0300] "GET /cormun/servlet/permisosadjuntos?INS,18379058,P,20251015113900,, HTTP/1.1" 200 5526
190.95.67.97 - - [15/Oct/2025:12:01:36 -0300] "GET /cormun/static/about:blank HTTP/1.1" 404 1011
190.95.67.97 - - [15/Oct/2025:12:01:42 -0300] "POST /cormun/servlet/permisosadjuntos?e6cb5c4190742160e3fdeaeba2b5af06,INS,18379058,P,20251015113900,, HTTP/1.1" 200 116
190.95.67.97 - - [15/Oct/2025:12:01:42 -0300] "GET /cormun/servlet/hpexe_return? HTTP/1.1" 200 1032
190.95.67.97 - - [15/Oct/2025:12:01:42 -0300] "GET /cormun/servlet/trpermisosadjuntos?18379058,20251015113900,P, HTTP/1.1" 200 6711
190.95.67.97 - - [15/Oct/2025:12:01:44 -0300] "GET /cormun/servlet/trpermisosgoce? HTTP/1.1" 200 9698
190.95.67.97 - - [15/Oct/2025:12:01:46 -0300] "POST /cormun/servlet/trpermisosgoce?e6cb5c4190742160e3fdeaeba2b5af06,,gx-no-cache=1760540643647 HTTP/1.1" 200 6979
190.95.15.13 - - [15/Oct/2025:12:07:21 -0300] "POST /cormun/servlet/hlogin?0e693bf0aad2bb9891f485351485160e,gx-no-cache=1760540948479 HTTP/1.1" 200 449
201.186.226.3 - - [15/Oct/2025:12:15:53 -0300] "GET /cormun/servlet/hlogin HTTP/1.1" 200 1724
201.186.226.3 - - [15/Oct/2025:12:16:06 -0300] "POST /cormun/servlet/hlogin?454bd46b6e959d9c43e1b47fcaebd3c1,gx-no-cache=1760541478397 HTTP/1.1" 200 90
201.186.226.3 - - [15/Oct/2025:12:16:06 -0300] "GET /cormun/servlet/hpexe_link HTTP/1.1" 200 952
201.186.226.3 - - [15/Oct/2025:12:16:06 -0300] "GET /cormun/servlet/hhome HTTP/1.1" 200 3934
201.186.226.3 - - [15/Oct/2025:12:16:16 -0300] "GET /cormun/servlet/trpermisosgoce? HTTP/1.1" 200 12175
201.186.226.3 - - [15/Oct/2025:12:16:24 -0300] "GET /cormun/servlet/trlicencias? HTTP/1.1" 200 9516
179.57.78.55 - - [15/Oct/2025:12:16:25 -0300] "GET /cormun/servlet/trpermisosgoce? HTTP/1.1" 200 6022
179.57.78.55 - - [15/Oct/2025:12:16:26 -0300] "GET /cormun/servlet/hlogin HTTP/1.1" 200 1741
179.57.78.55 - - [15/Oct/2025:12:16:35 -0300] "POST /cormun/servlet/hlogin?be6132f0f647ae0dd5a10a2dbefff1c9,gx-no-cache=1760541505966 HTTP/1.1" 200 90
179.57.78.55 - - [15/Oct/2025:12:16:35 -0300] "GET /cormun/servlet/hpexe_link HTTP/1.1" 200 958
