190.95.67.91 - - [13/Oct/2025:09:50:51 -0300] "GET /cormun/servlet/trsolicitudot? HTTP/1.1" 200 7450
190.95.67.91 - - [13/Oct/2025:09:50:51 -0300] "GET /cormun/static/gxcfg.js?20221129846531 HTTP/1.1" 200 953
190.95.67.91 - - [13/Oct/2025:09:50:51 -0300] "GET /cormun/static/trsolicitudot.js?202211298465651 HTTP/1.1" 200 54040
201.186.225.193 - - [13/Oct/2025:09:50:58 -0300] "POST /cormun/servlet/trlicencias?ad98922fcbc56e6e3f42b3c9bbddefd1,,gx-no-cache=1760359973619 HTTP/1.1" 200 4452
201.186.225.193 - - [13/Oct/2025:09:51:00 -0300] "POST /cormun/servlet/trlicencias?ad98922fcbc56e6e3f42b3c9bbddefd1,,gx-no-cache=1760359975514 HTTP/1.1" 200 4448
201.186.225.193 - - [13/Oct/2025:09:51:52 -0300] "POST /cormun/servlet/trlicencias?ad98922fcbc56e6e3f42b3c9bbddefd1,,gx-no-cache=1760360028330 HTTP/1.1" 200 4453
201.186.225.193 - - [13/Oct/2025:09:52:06 -0300] "POST /cormun/servlet/trlicencias?ad98922fcbc56e6e3f42b3c9bbddefd1,,gx-no-cache=1760360041843 HTTP/1.1" 200 4454
201.186.225.193 - - [13/Oct/2025:09:52:07 -0300] "POST /cormun/servlet/trlicencias?ad98922fcbc56e6e3f42b3c9bbddefd1,,gx-no-cache=1760360043370 HTTP/1.1" 200 4451
179.57.78.55 - - [13/Oct/2025:09:52:08 -0300] "GET /cormun/servlet/trpermisosingoce? HTTP/1.1" 200 6926
179.57.78.55 - - [13/Oct/2025:09:52:08 -0300] "GET /cormun/static/gxcfg.js?2020121653066 HTTP/1.1" 200 953
179.57.78.55 - - [13/Oct/2025:09:52:08 -0300] "GET /cormun/static/trpermisosingoce.js?2020121655097 HTTP/1.1" 200 34472
201.186.225.193 - - [13/Oct/2025:09:52:09 -0300] "POST /cormun/servlet/trlicencias?ad98922fcbc56e6e3f42b3c9bbddefd1,,gx-no-cache=1760360044490 HTTP/1.1" 200 4451
179.57.78.55 - - [13/Oct/2025:09:52:10 -0300] "GET /cormun/servlet/permisosingoce?INS,0, HTTP/1.1" 200 6782
179.57.78.55 - - [13/Oct/2025:09:52:10 -0300] "GET /cormun/static/gxcfg.js?20201215145691 HTTP/1.1" 200 953
179.57.78.55 - - [13/Oct/2025:09:52:10 -0300] "GET /cormun/static/permisosingoce.js?2020121515014 HTTP/1.1" 200 25779
201.186.225.193 - - [13/Oct/2025:09:52:23 -0300] "GET /cormun/servlet/hhome HTTP/1.1" 200 4281
201.186.225.193 - - [13/Oct/2025:09:52:26 -0300] "GET /cormun/servlet/trlicencias? HTTP/1.1" 200 7262
201.186.225.193 - - [13/Oct/2025:09:52:27 -0300] "GET /cormun/static/menuarrow.gif HTTP/1.1" 404 1015
190.95.67.91 - - [13/Oct/2025:09:52:38 -0300] "GET /cormun/servlet/solicitudot?INS,0,0,false, HTTP/1.1" 200 16225
190.95.67.91 - - [13/Oct/2025:09:52:38 -0300] "GET /cormun/static/gxcfg.js?20221129840861 HTTP/1.1" 200 953
190.95.67.91 - - [13/Oct/2025:09:52:38 -0300] "GET /cormun/static/solicitudot.js?20221129840983 HTTP/1.1" 200 74072
10.40.40.2 - - [13/Oct/2025:09:52:40 -0300] "GET /cormun/servlet/hlogin HTTP/1.1" 200 1717
10.40.40.2 - - [13/Oct/2025:09:52:40 -0300] "GET /cormun/static/Resources/Spanish/PXTools.css?1759030 HTTP/1.1" 200 100853
10.40.40.2 - - [13/Oct/2025:09:52:40 -0300] "GET /cormun/static/gxcfg.js?2022112219184450 HTTP/1.1" 200 953
10.40.40.2 - - [13/Oct/2025:09:52:40 -0300] "GET /cormun/static/hlogin.js?2022112219184458 HTTP/1.1" 200 2156
10.40.40.2 - - [13/Oct/2025:09:52:40 -0300] "GET /cormun/static/Resources/CormunLogin.png HTTP/1.1" 200 19132
10.40.40.2 - - [13/Oct/2025:09:52:40 -0300] "GET /cormun/static/messages.spa.js?85251 HTTP/1.1" 304 -
10.40.40.2 - - [13/Oct/2025:09:52:40 -0300] "GET /cormun/static/Resources/PXToolsLoginTop.png HTTP/1.1" 200 1337
10.40.40.2 - - [13/Oct/2025:09:52:40 -0300] "GET /cormun/static/Resources/PXToolsLoginBackground.png HTTP/1.1" 200 1164
10.40.40.2 - - [13/Oct/2025:09:52:40 -0300] "GET /cormun/static/Resources/PXToolsButtonLeft.png HTTP/1.1" 200 1310
10.40.40.2 - - [13/Oct/2025:09:52:40 -0300] "GET /cormun/static/Resources/PXToolsButtonRight.png HTTP/1.1" 200 1294
10.40.40.2 - - [13/Oct/2025:09:52:40 -0300] "GET /cormun/static/Resources/PXToolsButtonBackground.png HTTP/1.1" 200 1176
10.40.40.2 - - [13/Oct/2025:09:52:40 -0300] "GET /cormun/static/Resources/PXToolsLoginBottom.png HTTP/1.1" 200 1389
10.40.40.2 - - [13/Oct/2025:09:52:40 -0300] "GET /cormun/servlet/hlogin HTTP/1.1" 200 1727
10.40.40.2 - - [13/Oct/2025:09:52:40 -0300] "GET /cormun/static/Resources/indicator.gif HTTP/1.1" 200 1553
10.40.40.2 - - [13/Oct/2025:09:52:42 -0300] "POST /cormun/servlet/hlogin?0c69f83a4ffff5241bde2472d79ae6f6,gx-no-cache=1760360048456 HTTP/1.1" 200 90
10.40.40.2 - - [13/Oct/2025:09:52:42 -0300] "GET /cormun/servlet/hpexe_link HTTP/1.1" 200 947
10.40.40.2 - - [13/Oct/2025:09:52:42 -0300] "GET /cormun/static/Resources/Spanish/PXTools.css?8354383 HTTP/1.1" 200 100853
10.40.40.2 - - [13/Oct/2025:09:52:42 -0300] "GET /cormun/servlet/hhome HTTP/1.1" 200 3472
10.40.40.2 - - [13/Oct/2025:09:52:42 -0300] "GET /cormun/static/SmoothNavMenu/resources/ddsmoothmenu.css?1112540 HTTP/1.1" 200 2223
10.40.40.2 - - [13/Oct/2025:09:52:43 -0300] "GET /cormun/static/SmoothNavMenu/resources/ddsmoothmenu-v.css?1112540 HTTP/1.1" 200 1188
10.40.40.2 - - [13/Oct/2025:09:52:43 -0300] "GET /cormun/static/Resources/Spanish/PXTools.css?14345360 HTTP/1.1" 200 100853
10.40.40.2 - - [13/Oct/2025:09:52:43 -0300] "GET /cormun/static/Shared/jqueryui/jquery-ui.min.css?1345370 HTTP/1.1" 200 30288
10.40.40.2 - - [13/Oct/2025:09:52:43 -0300] "GET /cormun/static/scaMessage/css/jquery.pnotify.default.css?1816380 HTTP/1.1" 200 1707
10.40.40.2 - - [13/Oct/2025:09:52:43 -0300] "GET /cormun/static/gxcfg.js?20201215495537 HTTP/1.1" 200 953
10.40.40.2 - - [13/Oct/2025:09:52:43 -0300] "GET /cormun/static/Resources/CormunMP2.png HTTP/1.1" 200 6878
10.40.40.2 - - [13/Oct/2025:09:52:43 -0300] "GET /cormun/static/Resources/ImgLogin.png HTTP/1.1" 200 1432
10.40.40.2 - - [13/Oct/2025:09:52:43 -0300] "GET /cormun/static/Resources/Llave.png HTTP/1.1" 200 1395
10.40.40.2 - - [13/Oct/2025:09:52:43 -0300] "GET /cormun/static/Resources/ImgHome.png HTTP/1.1" 200 1364
10.40.40.2 - - [13/Oct/2025:09:52:43 -0300] "GET /cormun/static/hhome.js?20201215495544 HTTP/1.1" 200 777
10.40.40.2 - - [13/Oct/2025:09:52:43 -0300] "GET /cormun/static/hwchdr01.js?2022112219251119 HTTP/1.1" 200 996
10.40.40.2 - - [13/Oct/2025:09:52:43 -0300] "GET /cormun/static/Resources/PXToolsDataTitle.png HTTP/1.1" 200 1173
10.40.40.2 - - [13/Oct/2025:09:52:43 -0300] "GET /favicon.ico HTTP/1.1" 200 21630
10.40.40.2 - - [13/Oct/2025:09:52:43 -0300] "GET /cormun/static/SmoothNavMenu/resources/images/down.gif HTTP/1.1" 200 854
10.40.40.2 - - [13/Oct/2025:09:52:43 -0300] "GET /cormun/static/SmoothNavMenu/resources/images/right.gif HTTP/1.1" 200 860
201.186.225.193 - - [13/Oct/2025:09:52:43 -0300] "POST /cormun/servlet/trlicencias?ad98922fcbc56e6e3f42b3c9bbddefd1,,gx-no-cache=1760360078909 HTTP/1.1" 200 4454
10.40.40.2 - - [13/Oct/2025:09:52:45 -0300] "GET /cormun/servlet/trlicenciasgenerales? HTTP/1.1" 200 9471
10.40.40.2 - - [13/Oct/2025:09:52:45 -0300] "GET /cormun/static/gxui/gxui-all.css?110300 HTTP/1.1" 200 2179
10.40.40.2 - - [13/Oct/2025:09:52:45 -0300] "GET /cormun/static/calendar-system.css?75620 HTTP/1.1" 200 5572
10.40.40.2 - - [13/Oct/2025:09:52:45 -0300] "GET /cormun/static/Resources/Spanish/PXTools.css?2294816 HTTP/1.1" 200 100853
10.40.40.2 - - [13/Oct/2025:09:52:45 -0300] "GET /cormun/static/Shared/ext/resources/css/ext-all.css?205870 HTTP/1.1" 200 416045
10.40.40.2 - - [13/Oct/2025:09:52:45 -0300] "GET /cormun/static/Resources/PXTools/calendar.png HTTP/1.1" 200 1306
201.186.225.193 - - [13/Oct/2025:09:52:45 -0300] "POST /cormun/servlet/trlicencias?ad98922fcbc56e6e3f42b3c9bbddefd1,,gx-no-cache=1760360080851 HTTP/1.1" 200 4451
10.40.40.2 - - [13/Oct/2025:09:52:45 -0300] "GET /cormun/static/Resources/PXToolsDataSearch.png HTTP/1.1" 200 435
10.40.40.2 - - [13/Oct/2025:09:52:45 -0300] "GET /cormun/static/Resources/PXToolsGridFirstDisabled.gif HTTP/1.1" 200 100
10.40.40.2 - - [13/Oct/2025:09:52:45 -0300] "GET /cormun/static/Resources/PXToolsGridPreviousDisabled.gif HTTP/1.1" 200 90
10.40.40.2 - - [13/Oct/2025:09:52:45 -0300] "GET /cormun/static/Resources/PXToolsGridNextDisabled.gif HTTP/1.1" 200 90
10.40.40.2 - - [13/Oct/2025:09:52:45 -0300] "GET /cormun/static/Resources/PXToolsGridLastDisabled.gif HTTP/1.1" 200 98
10.40.40.2 - - [13/Oct/2025:09:52:45 -0300] "GET /cormun/static/Resources/PXToolsActionExcel.png HTTP/1.1" 200 727
10.40.40.2 - - [13/Oct/2025:09:52:45 -0300] "GET /cormun/static/Resources/PXToolsGridPage.gif HTTP/1.1" 200 725
10.40.40.2 - - [13/Oct/2025:09:52:45 -0300] "GET /cormun//static/Resources/PXToolsHeaderFavorites.png HTTP/1.1" 200 1414
10.40.40.2 - - [13/Oct/2025:09:52:45 -0300] "GET /cormun/static/Resources/asc.gif HTTP/1.1" 200 67
10.40.40.2 - - [13/Oct/2025:09:52:45 -0300] "GET /cormun/static/Resources/desc.gif HTTP/1.1" 200 65
10.40.40.2 - - [13/Oct/2025:09:52:45 -0300] "GET /cormun//static/Resources/PXToolsGridDisplay.png HTTP/1.1" 200 525
10.40.40.2 - - [13/Oct/2025:09:52:45 -0300] "GET /cormun//static/Resources/PXTools/ActionInsert.png HTTP/1.1" 200 1482
10.40.40.2 - - [13/Oct/2025:09:52:45 -0300] "GET /cormun//static/Resources/PXToolsHeaderHelp.png HTTP/1.1" 200 1333
10.40.40.2 - - [13/Oct/2025:09:52:45 -0300] "GET /cormun/static/Shared/ext/resources/themes/images/default/tools/tool-sprites.gif HTTP/1.1" 200 5434
10.40.40.2 - - [13/Oct/2025:09:52:45 -0300] "GET /cormun/static/Shared/ext/resources/themes/images/default/panel/bg-headersPanel.png HTTP/1.1" 200 255
10.40.40.2 - - [13/Oct/2025:09:52:46 -0300] "GET /cormun/static/menuarrow.gif HTTP/1.1" 404 1015
190.95.67.91 - - [13/Oct/2025:09:52:47 -0300] "POST /cormun/servlet/solicitudot?gx-no-cache=1760360081901 HTTP/1.1" 200 4162
190.95.67.91 - - [13/Oct/2025:09:52:47 -0300] "POST /cormun/servlet/solicitudot?f30b6c0ab42cf8d2a38d07a460564bed,INS,0,0,false,,gx-no-cache=1760360082030 HTTP/1.1" 200 13015
190.95.67.91 - - [13/Oct/2025:09:52:53 -0300] "GET /cormun/servlet/solicitudot?032d83efb8d4107353cdb7a4a330a755ba42c433bb93a2f016e86d64e9b2d2be434f7d51244f67e3b4ea90a3f03cab9d,gx-no-cache=1760360088215 HTTP/1.1" 200 30
10.40.40.2 - - [13/Oct/2025:09:52:53 -0300] "POST /cormun/servlet/trlicenciasgenerales?0c69f83a4ffff5241bde2472d79ae6f6,,gx-no-cache=1760360058937 HTTP/1.1" 200 13091
10.40.40.2 - - [13/Oct/2025:09:53:08 -0300] "POST /cormun/servlet/trlicenciasgenerales?0c69f83a4ffff5241bde2472d79ae6f6,,gx-no-cache=1760360074074 HTTP/1.1" 200 7951
10.40.40.2 - - [13/Oct/2025:09:53:23 -0300] "POST /cormun/servlet/trlicenciasgenerales?0c69f83a4ffff5241bde2472d79ae6f6,,gx-no-cache=1760360088800 HTTP/1.1" 200 11099
201.186.225.193 - - [13/Oct/2025:09:53:24 -0300] "POST /cormun/servlet/trlicencias?ad98922fcbc56e6e3f42b3c9bbddefd1,,gx-no-cache=1760360119572 HTTP/1.1" 200 4452
179.57.78.55 - - [13/Oct/2025:09:53:26 -0300] "GET /cormun/servlet/permisosingoce?cbef9bcc32a8dfe383b913009187fcf8fc9fec176673edda85d27e679ab97cd0dd3c3ff050444eaf644c04a0b96ae28e6e3a480fff5334a42ad694d0e58fa7ad,gx-no-cache=1760360121122 HTTP/1.1" 200 81
201.186.225.193 - - [13/Oct/2025:09:53:27 -0300] "POST /cormun/servlet/trlicencias?ad98922fcbc56e6e3f42b3c9bbddefd1,,gx-no-cache=1760360122659 HTTP/1.1" 200 4454
179.57.78.55 - - [13/Oct/2025:09:53:27 -0300] "GET /cormun/static/menuarrow.gif HTTP/1.1" 404 1015
10.40.40.2 - - [13/Oct/2025:09:53:33 -0300] "POST /cormun/servlet/trlicenciasgenerales?0c69f83a4ffff5241bde2472d79ae6f6,,gx-no-cache=1760360098608 HTTP/1.1" 200 13092
179.57.78.55 - - [13/Oct/2025:09:53:34 -0300] "GET /cormun/servlet/permisosingoce?cbef9bcc32a8dfe383b913009187fcf840c19a23276a06d0ced2d3973559a3849279cf2cd369e1e16dd8c046959c481e,gx-no-cache=1760360128934 HTTP/1.1" 200 33
179.57.78.55 - - [13/Oct/2025:09:53:36 -0300] "GET /cormun/servlet/permisosingoce?cbef9bcc32a8dfe383b913009187fcf82f13b79ba91d54e2a79c7fda279254fde630575caabe62ddf5d2eee79f4621340ada10293ec735fb9009df2747b2267f76061dbe9c7644787570cc721605896191a2c8311cb9035a61f94abd41a43c1671a46ec3c557c39adc38f5af2bba6d45af312ac27f11da45bdcb658ff9596cc07584a786e9a82666a11f299e129c4833,gx-no-cache=1760360131188 HTTP/1.1" 200 40
190.95.67.91 - - [13/Oct/2025:09:53:39 -0300] "GET /cormun/servlet/solicitudot?032d83efb8d4107353cdb7a4a330a7555a651af461eccb4d83cfae807046019a4aa5dcb2ed3639bf7abd61962e1883503374b513d901186aca2c537da4846592,gx-no-cache=1760360134858 HTTP/1.1" 200 30
190.95.67.91 - - [13/Oct/2025:09:53:39 -0300] "GET /cormun/servlet/solicitudot?032d83efb8d4107353cdb7a4a330a755cf234c0b3e7c6168e0d6bcbfed43aa67,gx-no-cache=1760360134881 HTTP/1.1" 200 53
190.95.67.91 - - [13/Oct/2025:09:53:40 -0300] "POST /cormun/servlet/solicitudot?gx-no-cache=1760360134900 HTTP/1.1" 200 297
190.95.67.91 - - [13/Oct/2025:09:53:40 -0300] "GET /cormun/servlet/solicitudot?032d83efb8d4107353cdb7a4a330a75572c44286fe3c65cb894558abc9dc720fba4216e0510f48ac0b0031683ca1abe75815afa63b2ef91a3e8380bebd65b31bf94458f92f2050ad859093a8cdbfd6224b75ad9148fba8949f12ff8e83747bd5a8cf3dd500f67c20e1132e76fc4c9eac372df71694e67b39d9c30d03267ac69ae3f06012b1745f10c378182e0096177f2504c2ff055335a849be082e8f46ffb59baa0066ea9f0cbaf4a860b5b2b886acdfd90d950363c86dfad3d9ba803342c5a6799ca9f1846f993f1908dec702d2ae4ef2c4c518e87d4afdfea7951773e5344e1a4f4672d030951fc60359f548752b81c75a00f79fd1a0bd8d59e1e707121f2d3eb6ab4f26c49a954ef24535647fce31cdb9d32d84410f9f6308f02b5e51c069d6d9a3a84e1c84f7ecd6cd1c9729ba5d284591dbce108270337c1457c55a323d542b53a93216b92cc58ecd93ff5c0d6b35525188dcb260dbe288273cb00d3ee28f530e1628823adfe3eb952215ef3c6a90f19f86ff048f9e9c805b1fa26d217c0e2d4adf59dbbd310aaf09e61b17b4,gx-no-cache=1760360134920 HTTP/1.1" 200 30
179.57.78.55 - - [13/Oct/2025:09:53:41 -0300] "POST /cormun/servlet/permisosingoce?ea70c993007f93526e371cfe649af214,INS,0,,gx-no-cache=1760360136045 HTTP/1.1" 200 4371
190.95.67.91 - - [13/Oct/2025:09:53:49 -0300] "POST /cormun/servlet/solicitudot?gx-no-cache=1760360144396 HTTP/1.1" 200 30
190.95.67.91 - - [13/Oct/2025:09:53:57 -0300] "POST /cormun/servlet/solicitudot?gx-no-cache=1760360152270 HTTP/1.1" 200 1482
190.95.67.91 - - [13/Oct/2025:09:53:58 -0300] "GET /cormun/static/Resources/resize.gif HTTP/1.1" 200 77
190.95.67.91 - - [13/Oct/2025:09:53:58 -0300] "GET /cormun/static/Resources/PXTools/ClosePrompt.png HTTP/1.1" 200 1036
190.95.67.91 - - [13/Oct/2025:09:53:58 -0300] "GET /cormun/servlet/prlicenciaspermisos?17137328,L,,MD,,gxPopupLevel%3D0%3B HTTP/1.1" 200 7603
190.95.67.91 - - [13/Oct/2025:09:53:58 -0300] "GET /cormun/static/gxcfg.js?2020121559567 HTTP/1.1" 200 953
190.95.67.91 - - [13/Oct/2025:09:53:58 -0300] "GET /cormun/static/Resources/PXToolsMenuSearch.png HTTP/1.1" 200 336
190.95.67.91 - - [13/Oct/2025:09:53:58 -0300] "GET /cormun/static/menusearch.js?20201214473581 HTTP/1.1" 200 1424
190.95.67.91 - - [13/Oct/2025:09:53:58 -0300] "GET /cormun/static/prlicenciaspermisos.js?2020121559821 HTTP/1.1" 200 13379
190.95.67.91 - - [13/Oct/2025:09:53:58 -0300] "GET /cormun/static/hmpwkw011.js?202211298443482 HTTP/1.1" 200 1968
190.95.67.91 - - [13/Oct/2025:09:53:58 -0300] "GET /cormun/static/Resources/PXToolsMenuSearchCancel.png HTTP/1.1" 200 306
190.95.67.91 - - [13/Oct/2025:09:54:02 -0300] "POST /cormun/servlet/solicitudot?gx-no-cache=1760360157374 HTTP/1.1" 200 41
179.57.78.55 - - [13/Oct/2025:09:54:12 -0300] "GET /cormun/servlet/permisosingoce?cbef9bcc32a8dfe383b913009187fcf82f13b79ba91d54e2a79c7fda279254fde630575caabe62ddf5d2eee79f4621340ada10293ec735fb9009df2747b2267f76061dbe9c7644787570cc721605896191a2c8311cb9035a61f94abd41a43c1671a46ec3c557c39adc38f5af2bba6d45af312ac27f11da45bdcb658ff9596cc041736e0e66ddbee7370a578092b8af69c662f1f50816f32236165689b5a66ef6,gx-no-cache=1760360167070 HTTP/1.1" 200 41
190.95.67.91 - - [13/Oct/2025:09:54:13 -0300] "GET /cormun/servlet/solicitudot?032d83efb8d4107353cdb7a4a330a75596bcd75ad90747beb2d09f62fecd8ffe13ed6caaac516c330ad3d0f511cae8b9912f8be5fa4b34192defde480a87aa6174d22a79c2500c3b358401616a0b27ec94c172fcc6a70b7a2962df4891a5781c4f5f3a48e2634abca5d9886d1554e37e,gx-no-cache=1760360168352 HTTP/1.1" 200 110
190.95.67.91 - - [13/Oct/2025:09:54:13 -0300] "POST /cormun/servlet/solicitudot?gx-no-cache=1760360168373 HTTP/1.1" 200 64
190.95.67.91 - - [13/Oct/2025:09:54:17 -0300] "GET /cormun/servlet/solicitudot?032d83efb8d4107353cdb7a4a330a7557c3e86ed1266c1cdbd0c735c9b55042b8197390fbefc9a5f51e40d571fb0d03b1bb7f0234f1ff4c2cc98ca596a3d85743abce937d8042e792730386b73cf2d4232f92bc241af97d3127e1cd61059f6b89f4ca7c498348fc57786bd9e5063d671,gx-no-cache=1760360172740 HTTP/1.1" 200 29
190.95.67.91 - - [13/Oct/2025:09:54:17 -0300] "GET /cormun/static/menuarrow.gif HTTP/1.1" 404 1015
190.95.67.91 - - [13/Oct/2025:09:54:23 -0300] "GET /cormun/servlet/solicitudot?032d83efb8d4107353cdb7a4a330a75507d9519069d9ad859bb66de7a3273f6ce2602687f53a86bf8ed7b7d005f355d9,gx-no-cache=1760360177920 HTTP/1.1" 200 30
190.95.67.91 - - [13/Oct/2025:09:54:23 -0300] "POST /cormun/servlet/solicitudot?gx-no-cache=1760360177935 HTTP/1.1" 200 34
179.57.78.55 - - [13/Oct/2025:09:54:26 -0300] "POST /cormun/servlet/permisosingoce?ea70c993007f93526e371cfe649af214,INS,0,,gx-no-cache=1760360181508 HTTP/1.1" 200 93
179.57.78.55 - - [13/Oct/2025:09:54:26 -0300] "GET /cormun/servlet/hpexe_return? HTTP/1.1" 200 1005
179.57.78.55 - - [13/Oct/2025:09:54:27 -0300] "GET /cormun/servlet/trpermisosingoce HTTP/1.1" 200 7798
201.186.225.193 - - [13/Oct/2025:09:54:27 -0300] "POST /cormun/servlet/trlicencias?ad98922fcbc56e6e3f42b3c9bbddefd1,,gx-no-cache=1760360182826 HTTP/1.1" 200 4460
201.186.225.193 - - [13/Oct/2025:09:54:29 -0300] "POST /cormun/servlet/trlicencias?ad98922fcbc56e6e3f42b3c9bbddefd1,,gx-no-cache=1760360184451 HTTP/1.1" 200 4458
190.95.67.91 - - [13/Oct/2025:09:54:32 -0300] "POST /cormun/servlet/solicitudot?f30b6c0ab42cf8d2a38d07a460564bed,INS,0,0,false,,gx-no-cache=1760360187149 HTTP/1.1" 200 93
190.95.67.91 - - [13/Oct/2025:09:54:32 -0300] "GET /cormun/servlet/hpexe_return? HTTP/1.1" 200 1005
190.95.67.91 - - [13/Oct/2025:09:54:33 -0300] "GET /cormun/servlet/trsolicitudot HTTP/1.1" 200 8843
190.95.67.91 - - [13/Oct/2025:09:54:33 -0300] "GET /cormun//static/Resources/PXToolsActionView.png HTTP/1.1" 200 398
190.95.67.91 - - [13/Oct/2025:09:54:33 -0300] "GET /cormun//static/Resources/PXToolsRemoveAllAction.png HTTP/1.1" 200 487
201.186.225.193 - - [13/Oct/2025:09:54:35 -0300] "GET /cormun/servlet/trlicencias? HTTP/1.1" 200 7271
179.57.78.55 - - [13/Oct/2025:09:54:42 -0300] "GET /cormun/servlet/permisosingoce?UPD,677, HTTP/1.1" 200 6835
179.57.78.55 - - [13/Oct/2025:09:54:50 -0300] "GET /cormun/servlet/permisosingoce?cbef9bcc32a8dfe383b913009187fcf8fc9fec176673edda85d27e679ab97cd0bf7a0d0b2da634b3d76ed2435f16437803ece1e640e15276dcf7a668c09c37fd,gx-no-cache=1760360205168 HTTP/1.1" 200 82
179.57.78.55 - - [13/Oct/2025:09:54:50 -0300] "GET /cormun/servlet/permisosingoce?cbef9bcc32a8dfe383b913009187fcf840c19a23276a06d0ced2d3973559a384325db4586fa3d976fb20da19284ec82c,gx-no-cache=1760360205274 HTTP/1.1" 200 33
179.57.78.55 - - [13/Oct/2025:09:54:52 -0300] "GET /cormun/servlet/permisosingoce?cbef9bcc32a8dfe383b913009187fcf82f13b79ba91d54e2a79c7fda279254fde630575caabe62ddf5d2eee79f4621340ada10293ec735fb9009df2747b2267f76061dbe9c7644787570cc721605896191a2c8311cb9035a61f94abd41a43c1671a46ec3c557c39adc38f5af2bba6d45af312ac27f11da45bdcb658ff9596cc0193bb935b52dc11427f082dee5217f24c4e3a5affe221125acfde5ad0f92ae79,gx-no-cache=1760360207552 HTTP/1.1" 200 40
201.186.225.193 - - [13/Oct/2025:09:54:54 -0300] "POST /cormun/servlet/trlicencias?ad98922fcbc56e6e3f42b3c9bbddefd1,,gx-no-cache=1760360209547 HTTP/1.1" 200 5993
179.57.78.55 - - [13/Oct/2025:09:54:54 -0300] "POST /cormun/servlet/permisosingoce?ea70c993007f93526e371cfe649af214,UPD,677,,gx-no-cache=1760360209445 HTTP/1.1" 200 93
179.57.78.55 - - [13/Oct/2025:09:54:54 -0300] "GET /cormun/servlet/hpexe_return? HTTP/1.1" 200 1007
179.57.78.55 - - [13/Oct/2025:09:54:54 -0300] "GET /cormun/servlet/trpermisosingoce HTTP/1.1" 200 7799
179.57.78.55 - - [13/Oct/2025:09:54:57 -0300] "GET /cormun/servlet/apermisosingoceprn?677,PU HTTP/1.1" 200 1642
201.186.225.193 - - [13/Oct/2025:09:54:58 -0300] "GET /cormun/servlet/alicenciaprn?19852628,L,20250423000000,PU HTTP/1.1" 200 1542
179.57.78.55 - - [13/Oct/2025:09:55:02 -0300] "GET /cormun/servlet/permisosingoce?INS,0, HTTP/1.1" 200 6782
201.186.225.193 - - [13/Oct/2025:09:55:04 -0300] "GET /cormun/servlet/alicenciaprn?19852628,L,20250303000000,PU HTTP/1.1" 200 1545
179.57.78.55 - - [13/Oct/2025:09:55:08 -0300] "GET /cormun/servlet/permisosingoce?cbef9bcc32a8dfe383b913009187fcf8fc9fec176673edda85d27e679ab97cd0dd3c3ff050444eaf644c04a0b96ae28e6e3a480fff5334a42ad694d0e58fa7ad,gx-no-cache=1760360223712 HTTP/1.1" 200 81
179.57.78.55 - - [13/Oct/2025:09:55:12 -0300] "GET /cormun/servlet/permisosingoce?cbef9bcc32a8dfe383b913009187fcf840c19a23276a06d0ced2d3973559a38496a98e4ded967e7c84f2a4d180c67caf,gx-no-cache=1760360227173 HTTP/1.1" 200 33
179.57.78.55 - - [13/Oct/2025:09:55:14 -0300] "GET /cormun/servlet/permisosingoce?cbef9bcc32a8dfe383b913009187fcf82f13b79ba91d54e2a79c7fda279254fde630575caabe62ddf5d2eee79f4621340ada10293ec735fb9009df2747b2267f76061dbe9c7644787570cc721605896191a2c8311cb9035a61f94abd41a43c1671a46ec3c557c39adc38f5af2bba6d45af312ac27f11da45bdcb658ff9596cc07db36b29a18c8dbb61ab66e9f264317f,gx-no-cache=1760360229208 HTTP/1.1" 200 41
179.57.78.55 - - [13/Oct/2025:09:55:18 -0300] "POST /cormun/servlet/permisosingoce?ea70c993007f93526e371cfe649af214,INS,0,,gx-no-cache=1760360232724 HTTP/1.1" 200 93
179.57.78.55 - - [13/Oct/2025:09:55:18 -0300] "GET /cormun/servlet/hpexe_return? HTTP/1.1" 200 1005
179.57.78.55 - - [13/Oct/2025:09:55:18 -0300] "GET /cormun/servlet/trpermisosingoce HTTP/1.1" 200 8006
179.57.78.55 - - [13/Oct/2025:09:55:25 -0300] "GET /cormun/servlet/apermisosingoceprn?678,PU HTTP/1.1" 200 1641
190.95.67.91 - - [13/Oct/2025:09:55:29 -0300] "POST /cormun/servlet/trsolicitudot?f30b6c0ab42cf8d2a38d07a460564bed,gx-no-cache=1760360243943 HTTP/1.1" 200 106
190.95.67.91 - - [13/Oct/2025:09:55:29 -0300] "GET /cormun/servlet/trsolicitudadjuntos?2025,23020, HTTP/1.1" 200 6344
190.95.67.91 - - [13/Oct/2025:09:55:29 -0300] "GET /cormun/static/gxcfg.js?20201215574222 HTTP/1.1" 200 953
190.95.67.91 - - [13/Oct/2025:09:55:29 -0300] "GET /cormun/static/Resources/PXToolsGridNew.png HTTP/1.1" 200 427
190.95.67.91 - - [13/Oct/2025:09:55:29 -0300] "GET /cormun/static/trsolicitudadjuntos.js?20201215574932 HTTP/1.1" 200 17921
190.95.67.91 - - [13/Oct/2025:09:55:32 -0300] "GET /cormun/servlet/solicitudotadjuntos?INS,2025,23020,,1, HTTP/1.1" 200 6293
190.95.67.91 - - [13/Oct/2025:09:55:33 -0300] "GET /cormun/static/solicitudotadjuntos.js?202211298385196 HTTP/1.1" 200 11771
190.95.67.91 - - [13/Oct/2025:09:55:33 -0300] "GET /cormun/static/gxcfg.js?202211298385187 HTTP/1.1" 200 953
190.95.67.91 - - [13/Oct/2025:09:55:33 -0300] "GET /cormun/static/about:blank HTTP/1.1" 404 1011
190.95.67.91 - - [13/Oct/2025:09:55:33 -0300] "GET /cormun/servlet/solicitudotadjuntos?032d83efb8d4107353cdb7a4a330a755e1b8086e9b89c613eddc3e9ad0f88f24d569fc660f09db5d0d66c31713e8979b,gx-no-cache=1760360248526 HTTP/1.1" 200 30
190.95.67.91 - - [13/Oct/2025:09:55:33 -0300] "POST /cormun/servlet/solicitudotadjuntos?f30b6c0ab42cf8d2a38d07a460564bed,INS,2025,23020,,1,,gx-no-cache=1760360248543 HTTP/1.1" 200 4149
190.95.67.91 - - [13/Oct/2025:09:55:35 -0300] "POST /cormun/servlet/solicitudotadjuntos?gx-no-cache=1760360250233 HTTP/1.1" 200 26
190.95.67.91 - - [13/Oct/2025:09:55:53 -0300] "GET /cormun/servlet/solicitudotadjuntos?032d83efb8d4107353cdb7a4a330a75516a3fbe479ffc676963e6e366ab6a813,gx-no-cache=1760360268460 HTTP/1.1" 200 30
190.95.67.91 - - [13/Oct/2025:09:55:53 -0300] "GET /cormun/servlet/solicitudotadjuntos?032d83efb8d4107353cdb7a4a330a75516a3fbe479ffc676963e6e366ab6a813,gx-no-cache=1760360268471 HTTP/1.1" 200 30
190.95.67.91 - - [13/Oct/2025:09:55:53 -0300] "POST /cormun/servlet/solicitudotadjuntos?f30b6c0ab42cf8d2a38d07a460564bed,INS,2025,23020,,1, HTTP/1.1" 200 116
190.95.67.91 - - [13/Oct/2025:09:55:53 -0300] "GET /cormun/servlet/hpexe_return? HTTP/1.1" 200 1022
190.95.67.91 - - [13/Oct/2025:09:55:53 -0300] "GET /cormun/servlet/trsolicitudadjuntos?2025,23020, HTTP/1.1" 200 9490
190.95.67.91 - - [13/Oct/2025:09:55:55 -0300] "GET /cormun/servlet/solicitudotadjuntos?INS,2025,23020,,1, HTTP/1.1" 200 6293
190.95.67.91 - - [13/Oct/2025:09:55:55 -0300] "GET /cormun/static/about:blank HTTP/1.1" 404 1011
190.95.67.91 - - [13/Oct/2025:09:55:56 -0300] "GET /cormun/servlet/solicitudotadjuntos?032d83efb8d4107353cdb7a4a330a755e1b8086e9b89c613eddc3e9ad0f88f24d569fc660f09db5d0d66c31713e8979b,gx-no-cache=1760360271147 HTTP/1.1" 200 30
190.95.67.91 - - [13/Oct/2025:09:55:56 -0300] "POST /cormun/servlet/solicitudotadjuntos?f30b6c0ab42cf8d2a38d07a460564bed,INS,2025,23020,,1,,gx-no-cache=1760360271159 HTTP/1.1" 200 4149
190.95.67.91 - - [13/Oct/2025:09:55:58 -0300] "POST /cormun/servlet/solicitudotadjuntos?gx-no-cache=1760360272956 HTTP/1.1" 200 26
190.95.67.91 - - [13/Oct/2025:09:56:23 -0300] "GET /cormun/servlet/solicitudotadjuntos?032d83efb8d4107353cdb7a4a330a75516a3fbe479ffc676963e6e366ab6a813,gx-no-cache=1760360298004 HTTP/1.1" 200 30
190.95.67.91 - - [13/Oct/2025:09:56:23 -0300] "GET /cormun/servlet/solicitudotadjuntos?032d83efb8d4107353cdb7a4a330a75516a3fbe479ffc676963e6e366ab6a813,gx-no-cache=1760360298033 HTTP/1.1" 200 30
190.95.67.91 - - [13/Oct/2025:09:56:24 -0300] "POST /cormun/servlet/solicitudotadjuntos?f30b6c0ab42cf8d2a38d07a460564bed,INS,2025,23020,,1, HTTP/1.1" 200 116
190.95.67.91 - - [13/Oct/2025:09:56:24 -0300] "GET /cormun/servlet/hpexe_return? HTTP/1.1" 200 1022
190.95.67.91 - - [13/Oct/2025:09:56:24 -0300] "GET /cormun/servlet/trsolicitudadjuntos?2025,23020, HTTP/1.1" 200 9744
190.95.67.91 - - [13/Oct/2025:09:56:26 -0300] "GET /cormun/servlet/solicitudotadjuntos?INS,2025,23020,,1, HTTP/1.1" 200 6292
190.95.67.91 - - [13/Oct/2025:09:56:26 -0300] "GET /cormun/static/about:blank HTTP/1.1" 404 1011
190.95.67.91 - - [13/Oct/2025:09:56:26 -0300] "GET /cormun/servlet/solicitudotadjuntos?032d83efb8d4107353cdb7a4a330a755e1b8086e9b89c613eddc3e9ad0f88f24d569fc660f09db5d0d66c31713e8979b,gx-no-cache=1760360301731 HTTP/1.1" 200 30
190.95.67.91 - - [13/Oct/2025:09:56:26 -0300] "POST /cormun/servlet/solicitudotadjuntos?f30b6c0ab42cf8d2a38d07a460564bed,INS,2025,23020,,1,,gx-no-cache=1760360301744 HTTP/1.1" 200 4149
190.95.67.91 - - [13/Oct/2025:09:56:28 -0300] "POST /cormun/servlet/solicitudotadjuntos?gx-no-cache=1760360303797 HTTP/1.1" 200 26
190.95.67.91 - - [13/Oct/2025:09:56:39 -0300] "GET /cormun/servlet/solicitudotadjuntos?032d83efb8d4107353cdb7a4a330a75516a3fbe479ffc676963e6e366ab6a813,gx-no-cache=1760360314468 HTTP/1.1" 200 30
190.95.67.91 - - [13/Oct/2025:09:56:39 -0300] "GET /cormun/servlet/solicitudotadjuntos?032d83efb8d4107353cdb7a4a330a75516a3fbe479ffc676963e6e366ab6a813,gx-no-cache=1760360314479 HTTP/1.1" 200 30
190.95.67.91 - - [13/Oct/2025:09:56:39 -0300] "POST /cormun/servlet/solicitudotadjuntos?f30b6c0ab42cf8d2a38d07a460564bed,INS,2025,23020,,1, HTTP/1.1" 200 116
190.95.67.91 - - [13/Oct/2025:09:56:39 -0300] "GET /cormun/servlet/hpexe_return? HTTP/1.1" 200 1022
190.95.67.91 - - [13/Oct/2025:09:56:39 -0300] "GET /cormun/servlet/trsolicitudadjuntos?2025,23020, HTTP/1.1" 200 9990
190.95.67.91 - - [13/Oct/2025:09:56:41 -0300] "GET /cormun/servlet/solicitudotadjuntos?INS,2025,23020,,1, HTTP/1.1" 200 6292
190.95.67.91 - - [13/Oct/2025:09:56:41 -0300] "GET /cormun/static/about:blank HTTP/1.1" 404 1011
201.186.225.193 - - [13/Oct/2025:09:56:42 -0300] "POST /cormun/servlet/trlicencias?ad98922fcbc56e6e3f42b3c9bbddefd1,,gx-no-cache=1760360317532 HTTP/1.1" 200 6700
190.95.67.91 - - [13/Oct/2025:09:56:42 -0300] "GET /cormun/servlet/solicitudotadjuntos?032d83efb8d4107353cdb7a4a330a755e1b8086e9b89c613eddc3e9ad0f88f24d569fc660f09db5d0d66c31713e8979b,gx-no-cache=1760360317290 HTTP/1.1" 200 30
190.95.67.91 - - [13/Oct/2025:09:56:42 -0300] "POST /cormun/servlet/solicitudotadjuntos?f30b6c0ab42cf8d2a38d07a460564bed,INS,2025,23020,,1,,gx-no-cache=1760360317303 HTTP/1.1" 200 4149
190.95.67.91 - - [13/Oct/2025:09:56:45 -0300] "POST /cormun/servlet/solicitudotadjuntos?gx-no-cache=1760360320604 HTTP/1.1" 200 26
201.186.225.193 - - [13/Oct/2025:09:56:47 -0300] "GET /cormun/servlet/alicenciaprn?18647251,L,20250601000000,PU HTTP/1.1" 200 1547
201.186.225.193 - - [13/Oct/2025:09:56:52 -0300] "GET /cormun/servlet/alicenciaprn?18647251,L,20250504000000,PU HTTP/1.1" 200 1549
190.95.67.91 - - [13/Oct/2025:09:56:56 -0300] "GET /cormun/servlet/solicitudotadjuntos?032d83efb8d4107353cdb7a4a330a75516a3fbe479ffc676963e6e366ab6a813,gx-no-cache=1760360331468 HTTP/1.1" 200 30
190.95.67.91 - - [13/Oct/2025:09:56:56 -0300] "GET /cormun/servlet/solicitudotadjuntos?032d83efb8d4107353cdb7a4a330a75516a3fbe479ffc676963e6e366ab6a813,gx-no-cache=1760360331479 HTTP/1.1" 200 30
190.95.67.91 - - [13/Oct/2025:09:56:56 -0300] "POST /cormun/servlet/solicitudotadjuntos?f30b6c0ab42cf8d2a38d07a460564bed,INS,2025,23020,,1, HTTP/1.1" 200 116
190.95.67.91 - - [13/Oct/2025:09:56:56 -0300] "GET /cormun/servlet/hpexe_return? HTTP/1.1" 200 1022
190.95.67.91 - - [13/Oct/2025:09:56:56 -0300] "GET /cormun/servlet/trsolicitudadjuntos?2025,23020, HTTP/1.1" 200 10261
201.186.225.193 - - [13/Oct/2025:09:56:57 -0300] "GET /cormun/servlet/alicenciaprn?18647251,L,20250413000000,PU HTTP/1.1" 200 1554
190.95.67.91 - - [13/Oct/2025:09:56:58 -0300] "GET /cormun/servlet/solicitudotadjuntos?INS,2025,23020,,1, HTTP/1.1" 200 6292
190.95.67.91 - - [13/Oct/2025:09:56:58 -0300] "GET /cormun/static/about:blank HTTP/1.1" 404 1011
190.95.67.91 - - [13/Oct/2025:09:56:59 -0300] "GET /cormun/servlet/solicitudotadjuntos?032d83efb8d4107353cdb7a4a330a755e1b8086e9b89c613eddc3e9ad0f88f24d569fc660f09db5d0d66c31713e8979b,gx-no-cache=1760360334205 HTTP/1.1" 200 30
190.95.67.91 - - [13/Oct/2025:09:56:59 -0300] "POST /cormun/servlet/solicitudotadjuntos?f30b6c0ab42cf8d2a38d07a460564bed,INS,2025,23020,,1,,gx-no-cache=1760360334228 HTTP/1.1" 200 4149
190.95.67.91 - - [13/Oct/2025:09:57:01 -0300] "POST /cormun/servlet/solicitudotadjuntos?gx-no-cache=1760360336284 HTTP/1.1" 200 26
201.186.225.193 - - [13/Oct/2025:09:57:03 -0300] "GET /cormun/servlet/alicenciaprn?18647251,L,20250329000000,PU HTTP/1.1" 200 1552
190.95.67.91 - - [13/Oct/2025:09:57:05 -0300] "GET /cormun/servlet/solicitudotadjuntos?032d83efb8d4107353cdb7a4a330a75516a3fbe479ffc676963e6e366ab6a813,gx-no-cache=1760360339900 HTTP/1.1" 200 30
190.95.67.91 - - [13/Oct/2025:09:57:05 -0300] "GET /cormun/servlet/solicitudotadjuntos?032d83efb8d4107353cdb7a4a330a75516a3fbe479ffc676963e6e366ab6a813,gx-no-cache=1760360339911 HTTP/1.1" 200 30
190.95.67.91 - - [13/Oct/2025:09:57:05 -0300] "POST /cormun/servlet/solicitudotadjuntos?f30b6c0ab42cf8d2a38d07a460564bed,INS,2025,23020,,1, HTTP/1.1" 200 116
190.95.67.91 - - [13/Oct/2025:09:57:05 -0300] "GET /cormun/servlet/hpexe_return? HTTP/1.1" 200 1022
190.95.67.91 - - [13/Oct/2025:09:57:05 -0300] "GET /cormun/servlet/trsolicitudadjuntos?2025,23020, HTTP/1.1" 200 10478
201.186.225.193 - - [13/Oct/2025:09:57:07 -0300] "GET /cormun/servlet/alicenciaprn?18647251,L,20250315000000,PU HTTP/1.1" 200 1546
190.95.67.91 - - [13/Oct/2025:09:57:07 -0300] "GET /cormun/servlet/solicitudotadjuntos?INS,2025,23020,,1, HTTP/1.1" 200 6292
190.95.67.91 - - [13/Oct/2025:09:57:07 -0300] "GET /cormun/static/about:blank HTTP/1.1" 404 1011
190.95.67.91 - - [13/Oct/2025:09:57:08 -0300] "GET /cormun/servlet/solicitudotadjuntos?032d83efb8d4107353cdb7a4a330a755e1b8086e9b89c613eddc3e9ad0f88f24d569fc660f09db5d0d66c31713e8979b,gx-no-cache=1760360343117 HTTP/1.1" 200 30
190.95.67.91 - - [13/Oct/2025:09:57:08 -0300] "POST /cormun/servlet/solicitudotadjuntos?f30b6c0ab42cf8d2a38d07a460564bed,INS,2025,23020,,1,,gx-no-cache=1760360343138 HTTP/1.1" 200 4149
190.95.67.91 - - [13/Oct/2025:09:57:10 -0300] "POST /cormun/servlet/solicitudotadjuntos?gx-no-cache=1760360345109 HTTP/1.1" 200 26
190.95.67.91 - - [13/Oct/2025:09:57:13 -0300] "GET /cormun/servlet/solicitudotadjuntos?032d83efb8d4107353cdb7a4a330a75516a3fbe479ffc676963e6e366ab6a813,gx-no-cache=1760360348732 HTTP/1.1" 200 30
190.95.67.91 - - [13/Oct/2025:09:57:13 -0300] "GET /cormun/servlet/solicitudotadjuntos?032d83efb8d4107353cdb7a4a330a75516a3fbe479ffc676963e6e366ab6a813,gx-no-cache=1760360348743 HTTP/1.1" 200 30
190.95.67.91 - - [13/Oct/2025:09:57:14 -0300] "POST /cormun/servlet/solicitudotadjuntos?f30b6c0ab42cf8d2a38d07a460564bed,INS,2025,23020,,1, HTTP/1.1" 200 116
190.95.67.91 - - [13/Oct/2025:09:57:14 -0300] "GET /cormun/servlet/hpexe_return? HTTP/1.1" 200 1022
190.95.67.91 - - [13/Oct/2025:09:57:14 -0300] "GET /cormun/servlet/trsolicitudadjuntos?2025,23020, HTTP/1.1" 200 10646
190.95.67.91 - - [13/Oct/2025:09:57:41 -0300] "POST /cormun/servlet/trsolicitudadjuntos?f30b6c0ab42cf8d2a38d07a460564bed,2025,23020,,gx-no-cache=1760360376046 HTTP/1.1" 200 90
190.95.67.91 - - [13/Oct/2025:09:57:41 -0300] "GET /cormun/servlet/hpexe_link HTTP/1.1" 200 963
190.95.67.91 - - [13/Oct/2025:09:57:41 -0300] "GET /cormun/servlet/trsolicitudot HTTP/1.1" 200 8840
190.95.67.91 - - [13/Oct/2025:09:57:56 -0300] "POST /cormun/servlet/trsolicitudot?f30b6c0ab42cf8d2a38d07a460564bed,gx-no-cache=1760360391439 HTTP/1.1" 200 106
190.95.67.91 - - [13/Oct/2025:09:57:56 -0300] "GET /cormun/servlet/trsolicitudadjuntos?2025,23020, HTTP/1.1" 200 10643
190.95.67.91 - - [13/Oct/2025:09:58:00 -0300] "POST /cormun/servlet/trsolicitudadjuntos?f30b6c0ab42cf8d2a38d07a460564bed,2025,23020,,gx-no-cache=1760360395372 HTTP/1.1" 200 90
190.95.67.91 - - [13/Oct/2025:09:58:00 -0300] "GET /cormun/servlet/hpexe_link HTTP/1.1" 200 963
190.95.67.91 - - [13/Oct/2025:09:58:00 -0300] "GET /cormun/servlet/trsolicitudot HTTP/1.1" 200 8840
190.95.67.91 - - [13/Oct/2025:09:58:06 -0300] "POST /cormun/servlet/trsolicitudot?f30b6c0ab42cf8d2a38d07a460564bed,gx-no-cache=1760360401663 HTTP/1.1" 200 4847
190.95.67.91 - - [13/Oct/2025:09:58:06 -0300] "GET /cormun/static/Shared/jqueryui/images/ui-bg_highlight-soft_100_c6c2c8_1x100.png HTTP/1.1" 404 1117
190.95.67.91 - - [13/Oct/2025:09:58:06 -0300] "GET /cormun/static/Shared/jqueryui/images/ui-icons_82798d_256x240.png HTTP/1.1" 404 1089
190.95.67.91 - - [13/Oct/2025:09:58:06 -0300] "GET /cormun/static/Shared/jqueryui/images/ui-icons_8d78a5_256x240.png HTTP/1.1" 404 1089
190.95.67.91 - - [13/Oct/2025:09:58:06 -0300] "GET /cormun/static/Shared/jqueryui/images/ui-bg_flat_55_fafafa_40x100.png HTTP/1.1" 404 1097
190.95.67.91 - - [13/Oct/2025:09:58:06 -0300] "POST /cormun/servlet/trsolicitudot?f30b6c0ab42cf8d2a38d07a460564bed,gx-no-cache=1760360401777 HTTP/1.1" 200 4603
190.95.67.91 - - [13/Oct/2025:09:58:13 -0300] "GET /cormun/servlet/trautorizarsolicitud? HTTP/1.1" 200 8737
190.95.67.91 - - [13/Oct/2025:09:58:13 -0300] "GET /cormun/static/gxcfg.js?202211298474254 HTTP/1.1" 200 953
190.95.67.91 - - [13/Oct/2025:09:58:13 -0300] "GET /cormun/static/trautorizarsolicitud.js?202211298474588 HTTP/1.1" 200 53909
190.95.67.91 - - [13/Oct/2025:09:58:21 -0300] "POST /cormun/servlet/trautorizarsolicitud?f30b6c0ab42cf8d2a38d07a460564bed,,gx-no-cache=1760360415823 HTTP/1.1" 200 4778
190.95.67.91 - - [13/Oct/2025:09:58:21 -0300] "POST /cormun/servlet/trautorizarsolicitud?f30b6c0ab42cf8d2a38d07a460564bed,,gx-no-cache=1760360415935 HTTP/1.1" 200 4537
201.186.225.193 - - [13/Oct/2025:09:58:29 -0300] "POST /cormun/servlet/trlicencias?ad98922fcbc56e6e3f42b3c9bbddefd1,,gx-no-cache=1760360425155 HTTP/1.1" 200 5687
201.186.225.193 - - [13/Oct/2025:09:58:33 -0300] "GET /cormun/servlet/alicenciaprn?13299940,L,20250922000000,PU HTTP/1.1" 200 1532
201.186.225.193 - - [13/Oct/2025:09:59:07 -0300] "POST /cormun/servlet/trlicencias?ad98922fcbc56e6e3f42b3c9bbddefd1,,gx-no-cache=1760360462530 HTTP/1.1" 200 5975
201.186.225.193 - - [13/Oct/2025:09:59:09 -0300] "GET /cormun/servlet/alicenciaprn?12372958,L,20250923000000,PU HTTP/1.1" 200 1531
201.186.225.193 - - [13/Oct/2025:09:59:14 -0300] "GET /cormun/servlet/alicenciaprn?12372958,L,20250827000000,PU HTTP/1.1" 200 1532
179.57.78.71 - - [13/Oct/2025:09:59:54 -0300] "GET /cormun/servlet/hlogin HTTP/1.1" 200 1724
179.57.78.71 - - [13/Oct/2025:09:59:54 -0300] "GET /cormun/servlet/hlogin HTTP/1.1" 200 1734
179.57.78.71 - - [13/Oct/2025:09:59:58 -0300] "POST /cormun/servlet/hlogin?f6ded216023f9a7b51aeea4863bbd5af,gx-no-cache=1760360513251 HTTP/1.1" 200 90
179.57.78.71 - - [13/Oct/2025:09:59:59 -0300] "GET /cormun/servlet/hpexe_link HTTP/1.1" 200 952
179.57.78.71 - - [13/Oct/2025:09:59:59 -0300] "GET /cormun/servlet/hhome HTTP/1.1" 200 4264
201.186.225.193 - - [13/Oct/2025:10:00:01 -0300] "POST /cormun/servlet/trlicencias?ad98922fcbc56e6e3f42b3c9bbddefd1,,gx-no-cache=1760360516651 HTTP/1.1" 200 5672
179.57.78.71 - - [13/Oct/2025:10:00:02 -0300] "GET /cormun/servlet/trlicencias? HTTP/1.1" 200 12996
201.186.225.193 - - [13/Oct/2025:10:00:04 -0300] "GET /cormun/servlet/alicenciaprn?11366320,L,20250327000000,PU HTTP/1.1" 200 1548
201.186.225.193 - - [13/Oct/2025:10:00:46 -0300] "POST /cormun/servlet/trlicencias?ad98922fcbc56e6e3f42b3c9bbddefd1,,gx-no-cache=1760360561466 HTTP/1.1" 200 5691
201.186.225.193 - - [13/Oct/2025:10:00:51 -0300] "GET /cormun/servlet/alicenciaprn?11142576,L,20251007000000,PU HTTP/1.1" 200 1539
201.186.225.193 - - [13/Oct/2025:10:03:02 -0300] "POST /cormun/servlet/trlicencias?ad98922fcbc56e6e3f42b3c9bbddefd1,,gx-no-cache=1760360697883 HTTP/1.1" 200 4463
201.186.225.193 - - [13/Oct/2025:10:03:04 -0300] "POST /cormun/servlet/trlicencias?ad98922fcbc56e6e3f42b3c9bbddefd1,,gx-no-cache=1760360699755 HTTP/1.1" 200 4459
223.109.207.39 - - [13/Oct/2025:10:05:26 -0300] "GET /docs/extras.html HTTP/1.1" 200 13983
201.186.225.193 - - [13/Oct/2025:10:08:55 -0300] "POST /cormun/servlet/trlicencias?ad98922fcbc56e6e3f42b3c9bbddefd1,,gx-no-cache=1760361050779 HTTP/1.1" 200 4460
201.186.225.193 - - [13/Oct/2025:10:09:21 -0300] "POST /cormun/servlet/trlicencias?ad98922fcbc56e6e3f42b3c9bbddefd1,,gx-no-cache=1760361076724 HTTP/1.1" 200 4459
201.186.225.193 - - [13/Oct/2025:10:09:28 -0300] "POST /cormun/servlet/trlicencias?ad98922fcbc56e6e3f42b3c9bbddefd1,,gx-no-cache=1760361084171 HTTP/1.1" 200 5685
201.186.225.193 - - [13/Oct/2025:10:09:30 -0300] "GET /cormun/servlet/alicenciaprn?9449907,L,20251003000000,PU HTTP/1.1" 200 1529
201.186.225.193 - - [13/Oct/2025:10:10:01 -0300] "POST /cormun/servlet/trlicencias?ad98922fcbc56e6e3f42b3c9bbddefd1,,gx-no-cache=1760361116547 HTTP/1.1" 200 4457
200.126.116.145 - - [13/Oct/2025:10:10:29 -0300] "GET /cormun/servlet/trpermisosgoce? HTTP/1.1" 200 6027
200.126.116.145 - - [13/Oct/2025:10:10:29 -0300] "GET /cormun/servlet/hlogin HTTP/1.1" 200 1733
200.126.116.145 - - [13/Oct/2025:10:10:42 -0300] "POST /cormun/servlet/hlogin?d1fd049d2dc6525bf51c40b7540107a9,gx-no-cache=1760361165425 HTTP/1.1" 200 90
200.126.116.145 - - [13/Oct/2025:10:10:42 -0300] "GET /cormun/servlet/hpexe_link HTTP/1.1" 200 951
200.126.116.145 - - [13/Oct/2025:10:10:43 -0300] "GET /cormun/servlet/trpermisosgoce HTTP/1.1" 200 13220
200.126.116.145 - - [13/Oct/2025:10:10:47 -0300] "GET /cormun/servlet/trpermisosgoce? HTTP/1.1" 200 13218
201.186.225.193 - - [13/Oct/2025:10:12:05 -0300] "POST /cormun/servlet/trlicencias?ad98922fcbc56e6e3f42b3c9bbddefd1,,gx-no-cache=1760361240931 HTTP/1.1" 200 4465
201.186.225.193 - - [13/Oct/2025:10:12:29 -0300] "POST /cormun/servlet/trlicencias?ad98922fcbc56e6e3f42b3c9bbddefd1,,gx-no-cache=1760361264779 HTTP/1.1" 200 5700
201.186.225.193 - - [13/Oct/2025:10:12:32 -0300] "GET /cormun/servlet/alicenciaprn?20030815,L,20250320000000,PU HTTP/1.1" 200 1557
201.186.225.193 - - [13/Oct/2025:10:12:56 -0300] "POST /cormun/servlet/trlicencias?ad98922fcbc56e6e3f42b3c9bbddefd1,,gx-no-cache=1760361291794 HTTP/1.1" 200 6711
201.186.225.193 - - [13/Oct/2025:10:13:22 -0300] "GET /cormun/servlet/alicenciaprn?9305578,L,20251002000000,PU HTTP/1.1" 200 1549
201.186.225.193 - - [13/Oct/2025:10:13:27 -0300] "GET /cormun/servlet/alicenciaprn?9305578,L,20250902000000,PU HTTP/1.1" 200 1557
201.186.225.193 - - [13/Oct/2025:10:13:33 -0300] "GET /cormun/servlet/alicenciaprn?9305578,L,20250704000000,PU HTTP/1.1" 200 1553
201.186.225.193 - - [13/Oct/2025:10:13:38 -0300] "GET /cormun/servlet/alicenciaprn?9305578,L,20250505000000,PU HTTP/1.1" 200 1556
201.186.225.193 - - [13/Oct/2025:10:13:44 -0300] "GET /cormun/servlet/alicenciaprn?9305578,L,20250306000000,PU HTTP/1.1" 200 1554
201.186.225.193 - - [13/Oct/2025:10:14:25 -0300] "POST /cormun/servlet/trlicencias?ad98922fcbc56e6e3f42b3c9bbddefd1,,gx-no-cache=1760361380915 HTTP/1.1" 200 4464
201.186.225.193 - - [13/Oct/2025:10:14:52 -0300] "POST /cormun/servlet/trlicencias?ad98922fcbc56e6e3f42b3c9bbddefd1,,gx-no-cache=1760361407747 HTTP/1.1" 200 4463
201.186.225.193 - - [13/Oct/2025:10:15:22 -0300] "POST /cormun/servlet/trlicencias?ad98922fcbc56e6e3f42b3c9bbddefd1,,gx-no-cache=1760361438179 HTTP/1.1" 200 4458
201.186.225.193 - - [13/Oct/2025:10:15:24 -0300] "POST /cormun/servlet/trlicencias?ad98922fcbc56e6e3f42b3c9bbddefd1,,gx-no-cache=1760361439475 HTTP/1.1" 200 4457
200.126.116.145 - - [13/Oct/2025:10:17:41 -0300] "GET /cormun/servlet/trpermisosadjuntos?16493068,20251001085234,P, HTTP/1.1" 200 6642
200.126.116.145 - - [13/Oct/2025:10:17:41 -0300] "GET /cormun/static/gxcfg.js?2020121641683 HTTP/1.1" 200 953
200.126.116.145 - - [13/Oct/2025:10:17:41 -0300] "GET /cormun/static/trpermisosadjuntos.js?2020121642996 HTTP/1.1" 200 20158
200.126.116.145 - - [13/Oct/2025:10:17:43 -0300] "GET /cormun/servlet/permisosadjuntos?INS,16493068,P,20251001085234,, HTTP/1.1" 200 5972
200.126.116.145 - - [13/Oct/2025:10:17:43 -0300] "GET /cormun/static/permisosadjuntos.js?20201215134285 HTTP/1.1" 200 8724
200.126.116.145 - - [13/Oct/2025:10:17:43 -0300] "GET /cormun/static/gxcfg.js?20201215134212 HTTP/1.1" 200 953
200.126.116.145 - - [13/Oct/2025:10:17:43 -0300] "GET /cormun/static/about:blank HTTP/1.1" 404 1011
200.126.116.145 - - [13/Oct/2025:10:18:00 -0300] "POST /cormun/servlet/permisosadjuntos?d1fd049d2dc6525bf51c40b7540107a9,INS,16493068,P,20251001085234,, HTTP/1.1" 200 116
200.126.116.145 - - [13/Oct/2025:10:18:00 -0300] "GET /cormun/servlet/hpexe_return? HTTP/1.1" 200 1033
200.126.116.145 - - [13/Oct/2025:10:18:01 -0300] "GET /cormun/servlet/trpermisosadjuntos?16493068,20251001085234,P, HTTP/1.1" 200 7179
200.126.116.145 - - [13/Oct/2025:10:18:30 -0300] "GET /cormun/servlet/trpermisosgoce? HTTP/1.1" 200 13219
200.126.116.145 - - [13/Oct/2025:10:18:37 -0300] "POST /cormun/servlet/trpermisosgoce?d1fd049d2dc6525bf51c40b7540107a9,,gx-no-cache=1760361640250 HTTP/1.1" 200 10212
200.126.116.145 - - [13/Oct/2025:10:18:38 -0300] "GET /cormun/static/Shared/jqueryui/images/ui-bg_highlight-soft_100_c6c2c8_1x100.png HTTP/1.1" 404 1117
200.126.116.145 - - [13/Oct/2025:10:18:38 -0300] "GET /cormun/static/Shared/jqueryui/images/ui-bg_flat_55_fafafa_40x100.png HTTP/1.1" 404 1097
200.126.116.145 - - [13/Oct/2025:10:18:38 -0300] "GET /cormun/static/Shared/jqueryui/images/ui-icons_82798d_256x240.png HTTP/1.1" 404 1089
200.126.116.145 - - [13/Oct/2025:10:18:38 -0300] "GET /cormun/static/Shared/jqueryui/images/ui-icons_8d78a5_256x240.png HTTP/1.1" 404 1089
190.95.15.9 - - [13/Oct/2025:10:18:43 -0300] "GET /cormun/servlet/hlogin HTTP/1.1" 200 1725
200.126.116.145 - - [13/Oct/2025:10:18:46 -0300] "GET /cormun/servlet/trpermisosadjuntos?16856630,20251007162536,P, HTTP/1.1" 200 6638
200.126.116.145 - - [13/Oct/2025:10:18:55 -0300] "GET /cormun/servlet/trpermisosgoce? HTTP/1.1" 200 13220
190.95.15.9 - - [13/Oct/2025:10:19:02 -0300] "POST /cormun/servlet/hlogin?8db059bf2005d71e57a481c0b76d70a0,gx-no-cache=1760361657095 HTTP/1.1" 200 90
190.95.15.9 - - [13/Oct/2025:10:19:02 -0300] "GET /cormun/servlet/hpexe_link HTTP/1.1" 200 954
190.95.15.9 - - [13/Oct/2025:10:19:02 -0300] "GET /cormun/servlet/hhome HTTP/1.1" 200 4291
200.126.116.145 - - [13/Oct/2025:10:19:03 -0300] "GET /cormun/servlet/trpermisosadjuntos?16856630,20251007162536,P, HTTP/1.1" 200 6638
200.126.116.145 - - [13/Oct/2025:10:19:05 -0300] "GET /cormun/servlet/permisosadjuntos?INS,16856630,P,20251007162536,, HTTP/1.1" 200 5965
200.126.116.145 - - [13/Oct/2025:10:19:05 -0300] "GET /cormun/static/about:blank HTTP/1.1" 404 1011
200.126.116.145 - - [13/Oct/2025:10:19:11 -0300] "POST /cormun/servlet/permisosadjuntos?d1fd049d2dc6525bf51c40b7540107a9,INS,16856630,P,20251007162536,, HTTP/1.1" 200 116
200.126.116.145 - - [13/Oct/2025:10:19:11 -0300] "GET /cormun/servlet/hpexe_return? HTTP/1.1" 200 1033
200.126.116.145 - - [13/Oct/2025:10:19:11 -0300] "GET /cormun/servlet/trpermisosadjuntos?16856630,20251007162536,P, HTTP/1.1" 200 7168
190.95.15.9 - - [13/Oct/2025:10:19:16 -0300] "GET /cormun/servlet/trlicencias? HTTP/1.1" 200 13323
200.126.116.145 - - [13/Oct/2025:10:19:16 -0300] "GET /cormun/servlet/trpermisosgoce? HTTP/1.1" 200 13220
200.126.116.145 - - [13/Oct/2025:10:19:27 -0300] "POST /cormun/servlet/trpermisosgoce?d1fd049d2dc6525bf51c40b7540107a9,,gx-no-cache=1760361690046 HTTP/1.1" 200 10225
190.95.15.9 - - [13/Oct/2025:10:19:27 -0300] "POST /cormun/servlet/trlicencias?8db059bf2005d71e57a481c0b76d70a0,,gx-no-cache=1760361682353 HTTP/1.1" 200 11113
200.126.116.145 - - [13/Oct/2025:10:19:32 -0300] "GET /cormun/servlet/trpermisosadjuntos?19020148,20251008165302,P, HTTP/1.1" 200 6640
200.126.116.145 - - [13/Oct/2025:10:19:33 -0300] "GET /cormun/servlet/permisosadjuntos?INS,19020148,P,20251008165302,, HTTP/1.1" 200 5966
200.126.116.145 - - [13/Oct/2025:10:19:33 -0300] "GET /cormun/static/about:blank HTTP/1.1" 404 1011
200.126.116.145 - - [13/Oct/2025:10:19:41 -0300] "POST /cormun/servlet/permisosadjuntos?d1fd049d2dc6525bf51c40b7540107a9,INS,19020148,P,20251008165302,, HTTP/1.1" 200 116
200.126.116.145 - - [13/Oct/2025:10:19:41 -0300] "GET /cormun/servlet/hpexe_return? HTTP/1.1" 200 1033
200.126.116.145 - - [13/Oct/2025:10:19:41 -0300] "GET /cormun/servlet/trpermisosadjuntos?19020148,20251008165302,P, HTTP/1.1" 200 7156
200.126.116.145 - - [13/Oct/2025:10:19:45 -0300] "GET /cormun/servlet/trpermisosgoce? HTTP/1.1" 200 13223
200.126.116.145 - - [13/Oct/2025:10:19:50 -0300] "POST /cormun/servlet/trpermisosgoce?d1fd049d2dc6525bf51c40b7540107a9,,gx-no-cache=1760361713009 HTTP/1.1" 200 10226
200.126.116.145 - - [13/Oct/2025:10:19:54 -0300] "GET /cormun/servlet/trpermisosadjuntos?11274563,20251008152206,P, HTTP/1.1" 200 6643
200.126.116.145 - - [13/Oct/2025:10:19:56 -0300] "GET /cormun/servlet/permisosadjuntos?INS,11274563,P,20251008152206,, HTTP/1.1" 200 5974
200.126.116.145 - - [13/Oct/2025:10:19:56 -0300] "GET /cormun/static/about:blank HTTP/1.1" 404 1011
200.126.116.145 - - [13/Oct/2025:10:20:01 -0300] "POST /cormun/servlet/permisosadjuntos?d1fd049d2dc6525bf51c40b7540107a9,INS,11274563,P,20251008152206,, HTTP/1.1" 200 116
200.126.116.145 - - [13/Oct/2025:10:20:01 -0300] "GET /cormun/servlet/hpexe_return? HTTP/1.1" 200 1034
200.126.116.145 - - [13/Oct/2025:10:20:01 -0300] "GET /cormun/servlet/trpermisosadjuntos?11274563,20251008152206,P, HTTP/1.1" 200 7167
200.126.116.145 - - [13/Oct/2025:10:20:06 -0300] "GET /cormun/servlet/trpermisosgoce? HTTP/1.1" 200 13237
200.126.116.145 - - [13/Oct/2025:10:20:11 -0300] "POST /cormun/servlet/trpermisosgoce?d1fd049d2dc6525bf51c40b7540107a9,,gx-no-cache=1760361733593 HTTP/1.1" 200 10222
200.126.116.145 - - [13/Oct/2025:10:20:37 -0300] "GET /cormun/servlet/trpermisosadjuntos?8298048,20251008101202,P, HTTP/1.1" 200 6640
200.126.116.145 - - [13/Oct/2025:10:20:39 -0300] "GET /cormun/servlet/permisosadjuntos?INS,8298048,P,20251008101202,, HTTP/1.1" 200 5969
200.126.116.145 - - [13/Oct/2025:10:20:39 -0300] "GET /cormun/static/about:blank HTTP/1.1" 404 1011
200.126.116.145 - - [13/Oct/2025:10:20:46 -0300] "POST /cormun/servlet/permisosadjuntos?d1fd049d2dc6525bf51c40b7540107a9,INS,8298048,P,20251008101202,, HTTP/1.1" 200 116
200.126.116.145 - - [13/Oct/2025:10:20:46 -0300] "GET /cormun/servlet/hpexe_return? HTTP/1.1" 200 1031
200.126.116.145 - - [13/Oct/2025:10:20:46 -0300] "GET /cormun/servlet/trpermisosadjuntos?8298048,20251008101202,P, HTTP/1.1" 200 7161
5.138.19.168 - - [13/Oct/2025:10:20:49 -0300] "-" 400 -
200.126.116.145 - - [13/Oct/2025:10:20:49 -0300] "GET /cormun/servlet/trpermisosgoce? HTTP/1.1" 200 13232
5.138.19.168 - - [13/Oct/2025:10:20:49 -0300] "-" 400 -
5.138.19.168 - - [13/Oct/2025:10:20:50 -0300] "-" 400 -
5.138.19.168 - - [13/Oct/2025:10:20:51 -0300] "-" 400 -
5.138.19.168 - - [13/Oct/2025:10:20:51 -0300] "-" 400 -
200.126.116.145 - - [13/Oct/2025:10:20:56 -0300] "POST /cormun/servlet/trpermisosgoce?d1fd049d2dc6525bf51c40b7540107a9,,gx-no-cache=1760361778575 HTTP/1.1" 200 10222
200.126.116.145 - - [13/Oct/2025:10:20:58 -0300] "GET /cormun/servlet/trpermisosadjuntos?20661483,20251008122323,P, HTTP/1.1" 200 6630
200.126.116.145 - - [13/Oct/2025:10:21:00 -0300] "GET /cormun/servlet/permisosadjuntos?INS,20661483,P,20251008122323,, HTTP/1.1" 200 5960
200.126.116.145 - - [13/Oct/2025:10:21:00 -0300] "GET /cormun/static/about:blank HTTP/1.1" 404 1011
200.126.116.145 - - [13/Oct/2025:10:21:07 -0300] "POST /cormun/servlet/permisosadjuntos?d1fd049d2dc6525bf51c40b7540107a9,INS,20661483,P,20251008122323,, HTTP/1.1" 200 116
200.126.116.145 - - [13/Oct/2025:10:21:07 -0300] "GET /cormun/servlet/hpexe_return? HTTP/1.1" 200 1032
200.126.116.145 - - [13/Oct/2025:10:21:07 -0300] "GET /cormun/servlet/trpermisosadjuntos?20661483,20251008122323,P, HTTP/1.1" 200 7158
200.126.116.145 - - [13/Oct/2025:10:21:11 -0300] "GET /cormun/servlet/trpermisosgoce? HTTP/1.1" 200 13234
200.126.116.145 - - [13/Oct/2025:10:21:20 -0300] "POST /cormun/servlet/trpermisosgoce?d1fd049d2dc6525bf51c40b7540107a9,,gx-no-cache=1760361802497 HTTP/1.1" 200 10215
200.126.116.145 - - [13/Oct/2025:10:21:25 -0300] "GET /cormun/servlet/trpermisosadjuntos?16856630,20251009153556,P, HTTP/1.1" 200 6638
200.126.116.145 - - [13/Oct/2025:10:21:27 -0300] "GET /cormun/servlet/permisosadjuntos?INS,16856630,P,20251009153556,, HTTP/1.1" 200 5963
200.126.116.145 - - [13/Oct/2025:10:21:27 -0300] "GET /cormun/static/about:blank HTTP/1.1" 404 1011
10.40.40.2 - - [13/Oct/2025:10:21:54 -0300] "GET /cormun/servlet/hlogin HTTP/1.1" 200 1718
10.40.40.2 - - [13/Oct/2025:10:21:55 -0300] "GET /cormun/static/Resources/Spanish/PXTools.css?1759030 HTTP/1.1" 200 100853
10.40.40.2 - - [13/Oct/2025:10:21:56 -0300] "GET /cormun/servlet/hlogin HTTP/1.1" 200 1729
10.40.40.2 - - [13/Oct/2025:10:22:00 -0300] "POST /cormun/servlet/hlogin?cb17ed5908a71ad8c2b5669a292c4fd2,gx-no-cache=1760361806194 HTTP/1.1" 200 90
