190.95.15.9 - - [08/Oct/2025:09:28:46 -0300] "POST /cormun/servlet/trlicencias?0c4a259e9b90afde87403e706ad0485a,gx-no-cache=1759926648097 HTTP/1.1" 200 11236
190.95.1.187 - - [08/Oct/2025:09:29:16 -0300] "GET /cormun/servlet/hlogin HTTP/1.1" 200 1719
190.95.1.187 - - [08/Oct/2025:09:29:19 -0300] "POST /cormun/servlet/hlogin?5e8c78d3a8e2d696d91f2330817b03b4,gx-no-cache=1759926678959 HTTP/1.1" 200 90
190.95.1.187 - - [08/Oct/2025:09:29:19 -0300] "GET /cormun/servlet/hpexe_link HTTP/1.1" 200 950
190.95.1.187 - - [08/Oct/2025:09:29:19 -0300] "GET /cormun/servlet/hhome HTTP/1.1" 200 4017
190.95.1.187 - - [08/Oct/2025:09:29:21 -0300] "GET /cormun/servlet/trlicencias? HTTP/1.1" 200 15377
190.95.2.163 - - [08/Oct/2025:09:29:56 -0300] "GET /cormun/servlet/hlogin HTTP/1.1" 200 1716
190.95.2.163 - - [08/Oct/2025:09:30:01 -0300] "POST /cormun/servlet/hlogin?243131674c32021c801eb3ee5291bd51,gx-no-cache=1759926724535 HTTP/1.1" 200 90
190.95.2.163 - - [08/Oct/2025:09:30:01 -0300] "GET /cormun/servlet/hpexe_link HTTP/1.1" 200 947
190.95.2.163 - - [08/Oct/2025:09:30:02 -0300] "GET /cormun/servlet/hhome HTTP/1.1" 200 3991
190.95.15.17 - - [08/Oct/2025:09:30:04 -0300] "GET /cormun/servlet/hlogin HTTP/1.1" 200 1723
190.95.15.17 - - [08/Oct/2025:09:30:04 -0300] "GET /cormun/servlet/hlogin HTTP/1.1" 200 1733
190.95.2.163 - - [08/Oct/2025:09:30:08 -0300] "GET /cormun/servlet/trpermisosgoce? HTTP/1.1" 200 11038
190.95.15.17 - - [08/Oct/2025:09:30:08 -0300] "POST /cormun/servlet/hlogin?b345b1c6f5957616bdaf7c0fd5c94385,gx-no-cache=1759926805642 HTTP/1.1" 200 90
190.95.15.17 - - [08/Oct/2025:09:30:08 -0300] "GET /cormun/servlet/hpexe_link HTTP/1.1" 200 953
190.95.15.17 - - [08/Oct/2025:09:30:09 -0300] "GET /cormun/servlet/hhome HTTP/1.1" 200 4382
190.95.2.163 - - [08/Oct/2025:09:30:13 -0300] "GET /cormun/servlet/permisogoce?INS,0,,, HTTP/1.1" 200 6855
190.95.15.17 - - [08/Oct/2025:09:30:14 -0300] "GET /cormun/servlet/trpermisosgoce? HTTP/1.1" 200 10268
190.95.15.17 - - [08/Oct/2025:09:30:14 -0300] "GET /cormun/static/gxcfg.js?2020121631564 HTTP/1.1" 200 953
190.95.15.17 - - [08/Oct/2025:09:30:14 -0300] "GET /cormun/static/trpermisosgoce.js?2020121633681 HTTP/1.1" 200 35904
190.95.15.17 - - [08/Oct/2025:09:30:24 -0300] "GET /cormun/servlet/permisogoce?INS,0,,, HTTP/1.1" 200 7278
190.95.15.17 - - [08/Oct/2025:09:30:24 -0300] "GET /cormun/static/Resources/prompt.gif HTTP/1.1" 200 902
190.95.15.17 - - [08/Oct/2025:09:30:24 -0300] "GET /cormun/static/gxcfg.js?20201215124560 HTTP/1.1" 200 953
190.95.15.17 - - [08/Oct/2025:09:30:24 -0300] "GET /cormun/static/permisogoce.js?20201215124939 HTTP/1.1" 200 27790
190.95.2.163 - - [08/Oct/2025:09:30:27 -0300] "GET /cormun/servlet/permisogoce?521653deecde5e0ae40559e95f22b1bf8d3d8784baee267d07bf83471436f05bdeafc3d8fc1c51cef94b3b954f74986cdf4c5d4c6b9f626b8e14d36dc409a87a,gx-no-cache=1759926749751 HTTP/1.1" 200 88
190.95.2.163 - - [08/Oct/2025:09:30:27 -0300] "GET /cormun/static/menuarrow.gif HTTP/1.1" 404 1015
190.95.2.163 - - [08/Oct/2025:09:30:36 -0300] "GET /cormun/servlet/permisogoce?521653deecde5e0ae40559e95f22b1bf6f9e687b804fbc29203f2e428495a44eca315549a9d6c62ebcc00b8feb6e6271ca2f4141de2e5cb42de6f04152e4aff1,gx-no-cache=1759926759516 HTTP/1.1" 200 48
190.95.2.163 - - [08/Oct/2025:09:30:48 -0300] "POST /cormun/servlet/permisogoce?243131674c32021c801eb3ee5291bd51,INS,0,,,,gx-no-cache=1759926762261 HTTP/1.1" 200 93
190.95.2.163 - - [08/Oct/2025:09:30:48 -0300] "GET /cormun/servlet/hpexe_return? HTTP/1.1" 200 1006
190.95.2.163 - - [08/Oct/2025:09:30:52 -0300] "GET /cormun/servlet/trpermisosgoce HTTP/1.1" 200 11327
190.95.2.163 - - [08/Oct/2025:09:31:01 -0300] "GET /cormun/servlet/apermisogoceprn?9818337,P,20251008093206,PU HTTP/1.1" 200 1659
190.95.15.17 - - [08/Oct/2025:09:31:04 -0300] "GET /cormun/servlet/permisogoce?1b03b33f9694ccdb97f57e5d0a23212813db02e11ca587b7ca7f12cc796de45ff9b8fc35371fa4596f52fb4811a9cc66502ab0fda341751bd1e56774f5fb2b26,gx-no-cache=1759926861626 HTTP/1.1" 200 79
190.95.15.17 - - [08/Oct/2025:09:31:04 -0300] "GET /cormun/static/menuarrow.gif HTTP/1.1" 404 1015
190.95.15.17 - - [08/Oct/2025:09:31:20 -0300] "GET /cormun/servlet/permisogoce?1b03b33f9694ccdb97f57e5d0a23212872c8053571b134ed6d7b3eb596fd7fc5659343f119cd41715bae22eb57cde238c5b44b731bd4bb0d6ec1fbff56bc8169,gx-no-cache=1759926877544 HTTP/1.1" 200 47
190.95.15.17 - - [08/Oct/2025:09:31:33 -0300] "POST /cormun/servlet/permisogoce?b345b1c6f5957616bdaf7c0fd5c94385,INS,0,,,,gx-no-cache=1759926889210 HTTP/1.1" 200 93
190.95.15.17 - - [08/Oct/2025:09:31:33 -0300] "GET /cormun/servlet/hpexe_return? HTTP/1.1" 200 1012
190.95.15.17 - - [08/Oct/2025:09:31:33 -0300] "GET /cormun/static/gxcfg.js?20221129846035 HTTP/1.1" 200 953
190.95.15.17 - - [08/Oct/2025:09:31:33 -0300] "GET /cormun/static/hpexe_return.js?20221129846037 HTTP/1.1" 200 1633
190.95.15.17 - - [08/Oct/2025:09:31:33 -0300] "GET /cormun/servlet/trpermisosgoce HTTP/1.1" 200 10548
3.131.215.38 - - [08/Oct/2025:09:31:35 -0300] "GET / HTTP/1.1" 200 11217
190.95.15.17 - - [08/Oct/2025:09:31:38 -0300] "GET /cormun/servlet/trpermisosadjuntos?19084063,20251008093217,P, HTTP/1.1" 200 6705
190.95.15.17 - - [08/Oct/2025:09:31:38 -0300] "GET /cormun/static/gxcfg.js?2020121641683 HTTP/1.1" 200 953
190.95.15.17 - - [08/Oct/2025:09:31:38 -0300] "GET /cormun/static/trpermisosadjuntos.js?2020121642996 HTTP/1.1" 200 20158
190.95.67.91 - - [08/Oct/2025:09:32:49 -0300] "POST /cormun/servlet/trlicencias?972f22aaebf0df0a791ed63ff3a7bb87,gx-no-cache=1759926891596 HTTP/1.1" 440 972
190.95.67.91 - - [08/Oct/2025:09:32:50 -0300] "GET /cormun/servlet/trlicencias HTTP/1.1" 200 6050
190.95.67.91 - - [08/Oct/2025:09:32:51 -0300] "GET /cormun/servlet/hlogin HTTP/1.1" 200 1739
190.95.67.91 - - [08/Oct/2025:09:32:51 -0300] "GET /cormun/servlet/trlicencias HTTP/1.1" 200 6050
3.131.215.38 - - [08/Oct/2025:09:32:57 -0300] "GET / HTTP/1.1" 200 11217
190.95.67.91 - - [08/Oct/2025:09:32:58 -0300] "POST /cormun/servlet/hlogin?6458262be1a256eaee4a87367d2a1fa0,gx-no-cache=1759926900253 HTTP/1.1" 200 451
190.95.67.91 - - [08/Oct/2025:09:33:03 -0300] "POST /cormun/servlet/hlogin?6458262be1a256eaee4a87367d2a1fa0,gx-no-cache=1759926905043 HTTP/1.1" 200 90
190.95.67.91 - - [08/Oct/2025:09:33:03 -0300] "GET /cormun/servlet/hpexe_link HTTP/1.1" 200 956
190.95.67.91 - - [08/Oct/2025:09:33:03 -0300] "GET /cormun/servlet/trlicencias HTTP/1.1" 200 18509
190.95.1.129 - - [08/Oct/2025:09:33:49 -0300] "GET /cormun/servlet/trlicencias? HTTP/1.1" 200 12014
190.95.1.129 - - [08/Oct/2025:09:33:55 -0300] "POST /cormun/servlet/trlicencias?66fd3f58dcb4ec669c4a1b3c9fcc71f0,,gx-no-cache=1759926957631 HTTP/1.1" 200 101
190.95.1.129 - - [08/Oct/2025:09:33:55 -0300] "POST /cormun/servlet/trlicencias?66fd3f58dcb4ec669c4a1b3c9fcc71f0,,gx-no-cache=1759926957728 HTTP/1.1" 200 9406
190.95.1.129 - - [08/Oct/2025:09:33:55 -0300] "GET /cormun/Licencias-2135.xls HTTP/1.1" 200 9728
190.95.67.91 - - [08/Oct/2025:09:34:06 -0300] "GET /cormun/servlet/trpermisosgoce? HTTP/1.1" 200 19490
190.95.67.91 - - [08/Oct/2025:09:34:09 -0300] "GET /cormun/servlet/permisogoce?INS,0,,, HTTP/1.1" 200 7132
200.126.116.145 - - [08/Oct/2025:09:34:18 -0300] "POST /cormun/servlet/trlicencias?130f585438c391d6ada1bf828c79fa88,,gx-no-cache=1759926982356 HTTP/1.1" 200 10601
190.95.67.91 - - [08/Oct/2025:09:34:19 -0300] "GET /cormun/servlet/permisogoce?cc8890dc5c052212cbae7060b96d81755b055a5e72993f45ec4f7aebf074cb4a1120d33a7df19d6a5f52a9316cbc18fe159a898c67d02895f58ef21a4cc99894,gx-no-cache=1759926981134 HTTP/1.1" 200 80
190.95.67.91 - - [08/Oct/2025:09:34:20 -0300] "GET /cormun/static/menuarrow.gif HTTP/1.1" 404 1015
190.95.67.91 - - [08/Oct/2025:09:34:25 -0300] "GET /cormun/servlet/permisogoce?cc8890dc5c052212cbae7060b96d817597e78fe44572eadafb0e778cbd965344e7a6765182ef247b7120d28477a46b3fd3f997390d4771d84520cb27407bb394,gx-no-cache=1759926986995 HTTP/1.1" 200 47
200.126.116.145 - - [08/Oct/2025:09:34:43 -0300] "POST /cormun/servlet/trlicencias?130f585438c391d6ada1bf828c79fa88,,gx-no-cache=1759927007223 HTTP/1.1" 200 10839
200.126.116.145 - - [08/Oct/2025:09:34:45 -0300] "POST /cormun/servlet/trlicencias?130f585438c391d6ada1bf828c79fa88,,gx-no-cache=1759927008414 HTTP/1.1" 200 10840
200.126.116.145 - - [08/Oct/2025:09:35:02 -0300] "POST /cormun/servlet/trlicencias?130f585438c391d6ada1bf828c79fa88,,gx-no-cache=1759927025576 HTTP/1.1" 200 10841
200.126.116.145 - - [08/Oct/2025:09:35:02 -0300] "POST /cormun/servlet/trlicencias?130f585438c391d6ada1bf828c79fa88,,gx-no-cache=1759927026368 HTTP/1.1" 200 10842
190.95.67.91 - - [08/Oct/2025:09:35:14 -0300] "POST /cormun/servlet/permisogoce?6458262be1a256eaee4a87367d2a1fa0,INS,0,,,,gx-no-cache=1759927036014 HTTP/1.1" 200 93
190.95.67.91 - - [08/Oct/2025:09:35:14 -0300] "GET /cormun/servlet/hpexe_return? HTTP/1.1" 200 1010
190.95.67.91 - - [08/Oct/2025:09:35:14 -0300] "GET /cormun/servlet/trpermisosgoce HTTP/1.1" 200 19663
190.95.67.91 - - [08/Oct/2025:09:35:32 -0300] "GET /cormun/servlet/trpermisosadjuntos?11792569,20251008093602,P, HTTP/1.1" 200 6563
179.57.78.9 - - [08/Oct/2025:09:35:33 -0300] "GET /cormun/servlet/hlogin HTTP/1.1" 200 1723
179.57.78.9 - - [08/Oct/2025:09:35:33 -0300] "GET /cormun/servlet/hlogin HTTP/1.1" 200 1733
190.95.67.91 - - [08/Oct/2025:09:35:34 -0300] "GET /cormun/servlet/permisosadjuntos?INS,11792569,P,20251008093602,, HTTP/1.1" 200 5890
190.95.67.91 - - [08/Oct/2025:09:35:34 -0300] "GET /cormun/static/about:blank HTTP/1.1" 404 1011
179.57.78.9 - - [08/Oct/2025:09:35:36 -0300] "POST /cormun/servlet/hlogin?ea9c7ae24c7b44c37380a36429f46482,gx-no-cache=1759927077054 HTTP/1.1" 200 90
179.57.78.9 - - [08/Oct/2025:09:35:36 -0300] "GET /cormun/servlet/hpexe_link HTTP/1.1" 200 954
179.57.78.9 - - [08/Oct/2025:09:35:36 -0300] "GET /cormun/servlet/hhome HTTP/1.1" 200 4350
179.57.78.9 - - [08/Oct/2025:09:35:38 -0300] "GET /cormun/servlet/trlicencias? HTTP/1.1" 200 12594
190.95.67.91 - - [08/Oct/2025:09:35:42 -0300] "POST /cormun/servlet/permisosadjuntos?6458262be1a256eaee4a87367d2a1fa0,INS,11792569,P,20251008093602,, HTTP/1.1" 200 116
190.95.67.91 - - [08/Oct/2025:09:35:42 -0300] "GET /cormun/servlet/hpexe_return? HTTP/1.1" 200 1039
190.95.67.91 - - [08/Oct/2025:09:35:42 -0300] "GET /cormun/servlet/trpermisosadjuntos?11792569,20251008093602,P, HTTP/1.1" 200 7103
190.95.67.91 - - [08/Oct/2025:09:35:58 -0300] "POST /cormun/servlet/trpermisosadjuntos?6458262be1a256eaee4a87367d2a1fa0,11792569,20251008093602,P,,gx-no-cache=1759927080103 HTTP/1.1" 200 90
190.95.67.91 - - [08/Oct/2025:09:35:58 -0300] "GET /cormun/servlet/hpexe_link HTTP/1.1" 200 984
190.95.67.91 - - [08/Oct/2025:09:35:58 -0300] "GET /cormun/servlet/trpermisosgoce HTTP/1.1" 200 19660
190.95.1.129 - - [08/Oct/2025:09:35:58 -0300] "POST /cormun/servlet/trlicencias?66fd3f58dcb4ec669c4a1b3c9fcc71f0,,gx-no-cache=1759927080925 HTTP/1.1" 200 7169
190.95.67.91 - - [08/Oct/2025:09:36:00 -0300] "POST /cormun/servlet/trpermisosgoce?6458262be1a256eaee4a87367d2a1fa0,gx-no-cache=1759927081856 HTTP/1.1" 200 16930
190.95.67.91 - - [08/Oct/2025:09:36:00 -0300] "GET /cormun/static/Shared/jqueryui/images/ui-bg_highlight-soft_100_c6c2c8_1x100.png HTTP/1.1" 404 1117
190.95.67.91 - - [08/Oct/2025:09:36:00 -0300] "GET /cormun/static/Shared/jqueryui/images/ui-icons_82798d_256x240.png HTTP/1.1" 404 1089
190.95.67.91 - - [08/Oct/2025:09:36:00 -0300] "GET /cormun/static/Shared/jqueryui/images/ui-bg_flat_55_fafafa_40x100.png HTTP/1.1" 404 1097
190.95.67.91 - - [08/Oct/2025:09:36:00 -0300] "GET /cormun/static/Shared/jqueryui/images/ui-icons_8d78a5_256x240.png HTTP/1.1" 404 1089
190.95.67.91 - - [08/Oct/2025:09:36:01 -0300] "GET /cormun/servlet/permisogoce?INS,0,,, HTTP/1.1" 200 7131
190.95.1.129 - - [08/Oct/2025:09:36:03 -0300] "POST /cormun/servlet/trlicencias?66fd3f58dcb4ec669c4a1b3c9fcc71f0,,gx-no-cache=1759927085886 HTTP/1.1" 200 101
190.95.1.129 - - [08/Oct/2025:09:36:03 -0300] "POST /cormun/servlet/trlicencias?66fd3f58dcb4ec669c4a1b3c9fcc71f0,,gx-no-cache=1759927085929 HTTP/1.1" 200 7147
190.95.1.129 - - [08/Oct/2025:09:36:03 -0300] "GET /cormun/Licencias-7873.xls HTTP/1.1" 200 6656
190.95.15.15 - - [08/Oct/2025:09:36:15 -0300] "GET /cormun/servlet/trlicencias? HTTP/1.1" 200 6054
190.95.15.15 - - [08/Oct/2025:09:36:15 -0300] "GET /cormun/servlet/hlogin HTTP/1.1" 200 1741
3.131.215.38 - - [08/Oct/2025:09:36:15 -0300] "-" 400 -
190.95.67.91 - - [08/Oct/2025:09:36:18 -0300] "GET /cormun/servlet/permisogoce?cc8890dc5c052212cbae7060b96d81753ceef25040808ef6d4a13ef2c418d3531120d33a7df19d6a5f52a9316cbc18fe159a898c67d02895f58ef21a4cc99894,gx-no-cache=1759927100176 HTTP/1.1" 200 83
200.126.116.145 - - [08/Oct/2025:09:36:21 -0300] "POST /cormun/servlet/trlicencias?130f585438c391d6ada1bf828c79fa88,,gx-no-cache=1759927104425 HTTP/1.1" 200 10840
190.95.15.15 - - [08/Oct/2025:09:36:21 -0300] "POST /cormun/servlet/hlogin?1d636100f8bc710133e36f1a302f6539,gx-no-cache=1759927103403 HTTP/1.1" 200 90
190.95.15.15 - - [08/Oct/2025:09:36:21 -0300] "GET /cormun/servlet/hpexe_link HTTP/1.1" 200 961
190.95.15.15 - - [08/Oct/2025:09:36:21 -0300] "GET /cormun/servlet/trlicencias HTTP/1.1" 200 13409
200.126.116.145 - - [08/Oct/2025:09:36:22 -0300] "POST /cormun/servlet/trlicencias?130f585438c391d6ada1bf828c79fa88,,gx-no-cache=1759927105505 HTTP/1.1" 200 10840
200.126.116.145 - - [08/Oct/2025:09:36:22 -0300] "POST /cormun/servlet/trlicencias?130f585438c391d6ada1bf828c79fa88,,gx-no-cache=1759927105961 HTTP/1.1" 200 10841
200.126.116.145 - - [08/Oct/2025:09:36:22 -0300] "POST /cormun/servlet/trlicencias?130f585438c391d6ada1bf828c79fa88,,gx-no-cache=1759927106273 HTTP/1.1" 200 10840
200.126.116.145 - - [08/Oct/2025:09:36:23 -0300] "POST /cormun/servlet/trlicencias?130f585438c391d6ada1bf828c79fa88,,gx-no-cache=1759927106530 HTTP/1.1" 200 10841
200.126.116.145 - - [08/Oct/2025:09:36:23 -0300] "POST /cormun/servlet/trlicencias?130f585438c391d6ada1bf828c79fa88,,gx-no-cache=1759927106777 HTTP/1.1" 200 10841
200.126.116.145 - - [08/Oct/2025:09:36:23 -0300] "POST /cormun/servlet/trlicencias?130f585438c391d6ada1bf828c79fa88,,gx-no-cache=1759927107369 HTTP/1.1" 200 10841
200.126.116.145 - - [08/Oct/2025:09:36:24 -0300] "POST /cormun/servlet/trlicencias?130f585438c391d6ada1bf828c79fa88,,gx-no-cache=1759927107657 HTTP/1.1" 200 10840
200.126.116.145 - - [08/Oct/2025:09:36:24 -0300] "POST /cormun/servlet/trlicencias?130f585438c391d6ada1bf828c79fa88,,gx-no-cache=1759927107953 HTTP/1.1" 200 10840
200.126.116.145 - - [08/Oct/2025:09:36:24 -0300] "POST /cormun/servlet/trlicencias?130f585438c391d6ada1bf828c79fa88,,gx-no-cache=1759927108297 HTTP/1.1" 200 10840
200.126.116.145 - - [08/Oct/2025:09:36:25 -0300] "POST /cormun/servlet/trlicencias?130f585438c391d6ada1bf828c79fa88,,gx-no-cache=1759927108584 HTTP/1.1" 200 10841
200.126.116.145 - - [08/Oct/2025:09:36:25 -0300] "POST /cormun/servlet/trlicencias?130f585438c391d6ada1bf828c79fa88,,gx-no-cache=1759927108849 HTTP/1.1" 200 10840
200.126.116.145 - - [08/Oct/2025:09:36:25 -0300] "POST /cormun/servlet/trlicencias?130f585438c391d6ada1bf828c79fa88,,gx-no-cache=1759927109130 HTTP/1.1" 200 10840
190.95.67.91 - - [08/Oct/2025:09:36:25 -0300] "GET /cormun/servlet/permisogoce?cc8890dc5c052212cbae7060b96d81756458c5d0d29911e5b0ea5174fa7bce136841dd220c063ac371dc6f67325d2c59d3f997390d4771d84520cb27407bb394,gx-no-cache=1759927107781 HTTP/1.1" 200 47
190.95.67.91 - - [08/Oct/2025:09:36:28 -0300] "POST /cormun/servlet/permisogoce?6458262be1a256eaee4a87367d2a1fa0,INS,0,,,,gx-no-cache=1759927110293 HTTP/1.1" 200 93
190.95.67.91 - - [08/Oct/2025:09:36:28 -0300] "GET /cormun/servlet/hpexe_return? HTTP/1.1" 200 1032
190.95.67.91 - - [08/Oct/2025:09:36:29 -0300] "GET /cormun/servlet/trpermisosgoce?gx-no-cache=1759927081856 HTTP/1.1" 200 19683
190.95.67.91 - - [08/Oct/2025:09:36:31 -0300] "GET /cormun/servlet/trpermisosadjuntos?15104576,20251008093754,P, HTTP/1.1" 200 6585
190.95.67.91 - - [08/Oct/2025:09:36:32 -0300] "GET /cormun/servlet/permisosadjuntos?INS,15104576,P,20251008093754,, HTTP/1.1" 200 5888
190.95.67.91 - - [08/Oct/2025:09:36:32 -0300] "GET /cormun/static/about:blank HTTP/1.1" 404 1011
190.95.67.91 - - [08/Oct/2025:09:36:40 -0300] "POST /cormun/servlet/permisosadjuntos?6458262be1a256eaee4a87367d2a1fa0,INS,15104576,P,20251008093754,, HTTP/1.1" 200 116
190.95.67.91 - - [08/Oct/2025:09:36:40 -0300] "GET /cormun/servlet/hpexe_return? HTTP/1.1" 200 1039
190.95.67.91 - - [08/Oct/2025:09:36:40 -0300] "GET /cormun/servlet/trpermisosadjuntos?15104576,20251008093754,P, HTTP/1.1" 200 7092
190.95.67.91 - - [08/Oct/2025:09:36:43 -0300] "POST /cormun/servlet/trpermisosadjuntos?6458262be1a256eaee4a87367d2a1fa0,15104576,20251008093754,P,,gx-no-cache=1759927125150 HTTP/1.1" 200 90
190.95.67.91 - - [08/Oct/2025:09:36:43 -0300] "GET /cormun/servlet/hpexe_link HTTP/1.1" 200 1005
190.95.67.91 - - [08/Oct/2025:09:36:43 -0300] "GET /cormun/servlet/trpermisosgoce?gx-no-cache=1759927081856 HTTP/1.1" 200 19680
190.95.67.91 - - [08/Oct/2025:09:36:45 -0300] "POST /cormun/servlet/trpermisosgoce?6458262be1a256eaee4a87367d2a1fa0,gx-no-cache=1759927081856,gx-no-cache=1759927126928 HTTP/1.1" 200 16959
200.126.116.145 - - [08/Oct/2025:09:36:46 -0300] "POST /cormun/servlet/trlicencias?130f585438c391d6ada1bf828c79fa88,,gx-no-cache=1759927129828 HTTP/1.1" 200 9670
200.126.116.145 - - [08/Oct/2025:09:36:47 -0300] "POST /cormun/servlet/trlicencias?130f585438c391d6ada1bf828c79fa88,,gx-no-cache=1759927130739 HTTP/1.1" 200 9669
200.126.116.145 - - [08/Oct/2025:09:36:47 -0300] "POST /cormun/servlet/trlicencias?130f585438c391d6ada1bf828c79fa88,,gx-no-cache=1759927131227 HTTP/1.1" 200 9670
190.95.67.91 - - [08/Oct/2025:09:36:53 -0300] "GET /cormun/servlet/permisogoce?INS,0,,, HTTP/1.1" 200 7154
190.95.67.91 - - [08/Oct/2025:09:37:03 -0300] "GET /cormun/servlet/permisogoce?cc8890dc5c052212cbae7060b96d817569ef97d007f829248014995c64225d7f07c7ce7aca0343235b91f576005c3f2b30a607117ba973135e73addccb63ac30,gx-no-cache=1759927144960 HTTP/1.1" 200 80
190.95.67.91 - - [08/Oct/2025:09:37:13 -0300] "GET /cormun/servlet/permisogoce?cc8890dc5c052212cbae7060b96d8175fdb3f03797bad2b62e2a100da7ba531beecf149f1abe77e0505ed4729897f12960239b98d99e53a5c08fde7544fbedec,gx-no-cache=1759927155317 HTTP/1.1" 200 46
190.95.67.91 - - [08/Oct/2025:09:37:21 -0300] "POST /cormun/servlet/permisogoce?6458262be1a256eaee4a87367d2a1fa0,INS,0,,,,gx-no-cache=1759927163101 HTTP/1.1" 200 93
190.95.67.91 - - [08/Oct/2025:09:37:21 -0300] "GET /cormun/servlet/hpexe_return? HTTP/1.1" 200 1032
190.95.67.91 - - [08/Oct/2025:09:37:21 -0300] "GET /cormun/servlet/trpermisosgoce?gx-no-cache=1759927081856 HTTP/1.1" 200 19672
190.95.67.91 - - [08/Oct/2025:09:37:24 -0300] "GET /cormun/servlet/trpermisosadjuntos?9595204,20251008093846,P, HTTP/1.1" 200 6584
190.95.67.91 - - [08/Oct/2025:09:37:25 -0300] "GET /cormun/servlet/permisosadjuntos?INS,9595204,P,20251008093846,, HTTP/1.1" 200 5886
190.95.67.91 - - [08/Oct/2025:09:37:25 -0300] "GET /cormun/static/about:blank HTTP/1.1" 404 1011
190.95.15.17 - - [08/Oct/2025:09:37:29 -0300] "GET /cormun/servlet/permisosadjuntos?INS,19084063,P,20251008093217,, HTTP/1.1" 200 6034
190.95.15.17 - - [08/Oct/2025:09:37:29 -0300] "GET /cormun/static/gxcfg.js?20201215134212 HTTP/1.1" 200 953
190.95.15.17 - - [08/Oct/2025:09:37:29 -0300] "GET /cormun/static/permisosadjuntos.js?20201215134285 HTTP/1.1" 200 8724
190.95.15.17 - - [08/Oct/2025:09:37:30 -0300] "GET /cormun/static/about:blank HTTP/1.1" 404 1011
190.95.67.91 - - [08/Oct/2025:09:37:37 -0300] "POST /cormun/servlet/permisosadjuntos?6458262be1a256eaee4a87367d2a1fa0,INS,9595204,P,20251008093846,, HTTP/1.1" 200 116
190.95.67.91 - - [08/Oct/2025:09:37:37 -0300] "GET /cormun/servlet/hpexe_return? HTTP/1.1" 200 1038
190.95.67.91 - - [08/Oct/2025:09:37:37 -0300] "GET /cormun/servlet/trpermisosadjuntos?9595204,20251008093846,P, HTTP/1.1" 200 7092
190.95.15.17 - - [08/Oct/2025:09:37:42 -0300] "POST /cormun/servlet/permisosadjuntos?b345b1c6f5957616bdaf7c0fd5c94385,INS,19084063,P,20251008093217,, HTTP/1.1" 200 116
190.95.15.17 - - [08/Oct/2025:09:37:42 -0300] "GET /cormun/servlet/hpexe_return? HTTP/1.1" 200 1041
190.95.15.17 - - [08/Oct/2025:09:37:43 -0300] "GET /cormun/servlet/trpermisosadjuntos?19084063,20251008093217,P, HTTP/1.1" 200 7226
190.95.67.91 - - [08/Oct/2025:09:37:45 -0300] "POST /cormun/servlet/trpermisosadjuntos?6458262be1a256eaee4a87367d2a1fa0,9595204,20251008093846,P,,gx-no-cache=1759927187237 HTTP/1.1" 200 90
190.95.67.91 - - [08/Oct/2025:09:37:45 -0300] "GET /cormun/servlet/hpexe_link HTTP/1.1" 200 1006
190.95.67.91 - - [08/Oct/2025:09:37:45 -0300] "GET /cormun/servlet/trpermisosgoce?gx-no-cache=1759927081856 HTTP/1.1" 200 19668
190.95.15.17 - - [08/Oct/2025:09:37:46 -0300] "POST /cormun/servlet/trpermisosadjuntos?b345b1c6f5957616bdaf7c0fd5c94385,19084063,20251008093217,P,,gx-no-cache=1759927262805 HTTP/1.1" 200 90
190.95.15.17 - - [08/Oct/2025:09:37:46 -0300] "GET /cormun/servlet/hpexe_link HTTP/1.1" 200 986
190.95.15.17 - - [08/Oct/2025:09:37:46 -0300] "GET /cormun/servlet/trpermisosgoce HTTP/1.1" 200 10545
190.95.67.91 - - [08/Oct/2025:09:37:48 -0300] "POST /cormun/servlet/trpermisosgoce?6458262be1a256eaee4a87367d2a1fa0,gx-no-cache=1759927081856,gx-no-cache=1759927190118 HTTP/1.1" 200 16920
190.95.15.17 - - [08/Oct/2025:09:37:53 -0300] "POST /cormun/servlet/trpermisosgoce?b345b1c6f5957616bdaf7c0fd5c94385,gx-no-cache=1759927269763 HTTP/1.1" 200 7688
190.95.15.17 - - [08/Oct/2025:09:37:53 -0300] "GET /cormun/static/Shared/jqueryui/images/ui-bg_highlight-soft_100_c6c2c8_1x100.png HTTP/1.1" 404 1117
190.95.15.17 - - [08/Oct/2025:09:37:53 -0300] "GET /cormun/static/Shared/jqueryui/images/ui-icons_82798d_256x240.png HTTP/1.1" 404 1089
190.95.15.17 - - [08/Oct/2025:09:37:53 -0300] "GET /cormun/static/Shared/jqueryui/images/ui-bg_flat_55_fafafa_40x100.png HTTP/1.1" 404 1097
190.95.15.17 - - [08/Oct/2025:09:37:53 -0300] "GET /cormun/static/Shared/jqueryui/images/ui-icons_8d78a5_256x240.png HTTP/1.1" 404 1089
190.95.15.17 - - [08/Oct/2025:09:38:27 -0300] "POST /cormun/servlet/trpermisosgoce?b345b1c6f5957616bdaf7c0fd5c94385,gx-no-cache=1759927304084 HTTP/1.1" 200 7642
190.95.15.17 - - [08/Oct/2025:09:38:45 -0300] "GET /cormun/servlet/permisogoce?INS,0,,, HTTP/1.1" 200 7278
190.95.67.91 - - [08/Oct/2025:09:38:57 -0300] "GET /cormun/servlet/permisogoce?INS,0,,, HTTP/1.1" 200 7153
190.95.67.91 - - [08/Oct/2025:09:39:03 -0300] "GET /cormun/servlet/permisogoce?cc8890dc5c052212cbae7060b96d8175b7735ffefb8f793abf2711dd4a3966d007c7ce7aca0343235b91f576005c3f2b30a607117ba973135e73addccb63ac30,gx-no-cache=1759927265336 HTTP/1.1" 200 80
190.95.67.91 - - [08/Oct/2025:09:39:10 -0300] "GET /cormun/servlet/permisogoce?cc8890dc5c052212cbae7060b96d8175f26039ae9779254c47f66e15ae2dd3f90cdb999adb1df7eff05eea57fde6571960239b98d99e53a5c08fde7544fbedec,gx-no-cache=1759927272447 HTTP/1.1" 200 46
190.95.1.129 - - [08/Oct/2025:09:39:10 -0300] "POST /cormun/servlet/trlicencias?66fd3f58dcb4ec669c4a1b3c9fcc71f0,,gx-no-cache=1759927272908 HTTP/1.1" 200 7171
190.95.67.91 - - [08/Oct/2025:09:39:16 -0300] "POST /cormun/servlet/permisogoce?6458262be1a256eaee4a87367d2a1fa0,INS,0,,,,gx-no-cache=1759927278149 HTTP/1.1" 200 93
190.95.67.91 - - [08/Oct/2025:09:39:16 -0300] "GET /cormun/servlet/hpexe_return? HTTP/1.1" 200 1032
190.95.67.91 - - [08/Oct/2025:09:39:16 -0300] "GET /cormun/servlet/trpermisosgoce?gx-no-cache=1759927081856 HTTP/1.1" 200 19619
190.95.67.91 - - [08/Oct/2025:09:39:19 -0300] "GET /cormun/servlet/trpermisosadjuntos?9820732,20251008094050,P, HTTP/1.1" 200 6585
190.95.67.91 - - [08/Oct/2025:09:39:20 -0300] "GET /cormun/servlet/permisosadjuntos?INS,9820732,P,20251008094050,, HTTP/1.1" 200 5889
190.95.67.91 - - [08/Oct/2025:09:39:21 -0300] "GET /cormun/static/about:blank HTTP/1.1" 404 1011
190.95.67.91 - - [08/Oct/2025:09:39:26 -0300] "POST /cormun/servlet/permisosadjuntos?6458262be1a256eaee4a87367d2a1fa0,INS,9820732,P,20251008094050,, HTTP/1.1" 200 116
190.95.67.91 - - [08/Oct/2025:09:39:26 -0300] "GET /cormun/servlet/hpexe_return? HTTP/1.1" 200 1038
190.95.67.91 - - [08/Oct/2025:09:39:26 -0300] "GET /cormun/servlet/trpermisosadjuntos?9820732,20251008094050,P, HTTP/1.1" 200 7080
190.95.1.129 - - [08/Oct/2025:09:39:34 -0300] "POST /cormun/servlet/trlicencias?66fd3f58dcb4ec669c4a1b3c9fcc71f0,,gx-no-cache=1759927296948 HTTP/1.1" 200 11855
190.95.67.91 - - [08/Oct/2025:09:39:36 -0300] "POST /cormun/servlet/trpermisosadjuntos?6458262be1a256eaee4a87367d2a1fa0,9820732,20251008094050,P,,gx-no-cache=1759927298861 HTTP/1.1" 200 90
190.95.67.91 - - [08/Oct/2025:09:39:36 -0300] "GET /cormun/servlet/hpexe_link HTTP/1.1" 200 1005
190.95.67.91 - - [08/Oct/2025:09:39:37 -0300] "GET /cormun/servlet/trpermisosgoce?gx-no-cache=1759927081856 HTTP/1.1" 200 19615
190.95.1.129 - - [08/Oct/2025:09:39:37 -0300] "POST /cormun/servlet/trlicencias?66fd3f58dcb4ec669c4a1b3c9fcc71f0,,gx-no-cache=1759927299188 HTTP/1.1" 200 101
190.95.1.129 - - [08/Oct/2025:09:39:37 -0300] "POST /cormun/servlet/trlicencias?66fd3f58dcb4ec669c4a1b3c9fcc71f0,,gx-no-cache=1759927299360 HTTP/1.1" 200 11833
190.95.1.129 - - [08/Oct/2025:09:39:37 -0300] "GET /cormun/Licencias-3071.xls HTTP/1.1" 200 13312
190.95.67.91 - - [08/Oct/2025:09:39:39 -0300] "POST /cormun/servlet/trpermisosgoce?6458262be1a256eaee4a87367d2a1fa0,gx-no-cache=1759927081856,gx-no-cache=1759927300768 HTTP/1.1" 200 16939
190.95.67.91 - - [08/Oct/2025:09:39:41 -0300] "GET /cormun/servlet/permisogoce?INS,0,,, HTTP/1.1" 200 7155
190.95.67.91 - - [08/Oct/2025:09:39:48 -0300] "GET /cormun/servlet/permisogoce?cc8890dc5c052212cbae7060b96d81758b2f9bd29deaf8d62ba99e85ef8761791120d33a7df19d6a5f52a9316cbc18fe159a898c67d02895f58ef21a4cc99894,gx-no-cache=1759927310392 HTTP/1.1" 200 79
179.57.78.71 - - [08/Oct/2025:09:39:49 -0300] "GET /cormun/servlet/trlicencias? HTTP/1.1" 200 6051
179.57.78.71 - - [08/Oct/2025:09:39:49 -0300] "GET /cormun/servlet/hlogin HTTP/1.1" 200 1739
179.57.78.71 - - [08/Oct/2025:09:39:49 -0300] "GET /cormun/servlet/trlicencias? HTTP/1.1" 200 6050
179.57.78.71 - - [08/Oct/2025:09:39:53 -0300] "POST /cormun/servlet/hlogin?35b8278b9809d37cd10a43501989e348,gx-no-cache=1759927314629 HTTP/1.1" 200 90
179.57.78.71 - - [08/Oct/2025:09:39:53 -0300] "GET /cormun/servlet/hpexe_link HTTP/1.1" 200 958
179.57.78.71 - - [08/Oct/2025:09:39:53 -0300] "GET /cormun/servlet/trlicencias HTTP/1.1" 200 12588
179.57.78.71 - - [08/Oct/2025:09:39:56 -0300] "GET /cormun/servlet/trlicencias? HTTP/1.1" 200 12584
190.95.67.91 - - [08/Oct/2025:09:39:59 -0300] "GET /cormun/servlet/permisogoce?cc8890dc5c052212cbae7060b96d8175ae621f1ee2de63482db8291389b10bbe7533e917a0faa2ff88f69c8408fcd13bd3f997390d4771d84520cb27407bb394,gx-no-cache=1759927321272 HTTP/1.1" 200 47
190.95.67.91 - - [08/Oct/2025:09:40:02 -0300] "POST /cormun/servlet/permisogoce?6458262be1a256eaee4a87367d2a1fa0,INS,0,,,,gx-no-cache=1759927323845 HTTP/1.1" 200 93
190.95.67.91 - - [08/Oct/2025:09:40:02 -0300] "GET /cormun/servlet/hpexe_return? HTTP/1.1" 200 1032
190.95.67.91 - - [08/Oct/2025:09:40:02 -0300] "GET /cormun/servlet/trpermisosgoce?gx-no-cache=1759927081856 HTTP/1.1" 200 19639
190.95.1.129 - - [08/Oct/2025:09:40:03 -0300] "POST /cormun/servlet/trlicencias?66fd3f58dcb4ec669c4a1b3c9fcc71f0,,gx-no-cache=1759927325884 HTTP/1.1" 200 10756
190.95.67.91 - - [08/Oct/2025:09:40:04 -0300] "GET /cormun/servlet/trpermisosadjuntos?17508246,20251008094134,P, HTTP/1.1" 200 6583
190.95.67.91 - - [08/Oct/2025:09:40:05 -0300] "GET /cormun/servlet/permisosadjuntos?INS,17508246,P,20251008094134,, HTTP/1.1" 200 5886
190.95.67.91 - - [08/Oct/2025:09:40:05 -0300] "GET /cormun/static/about:blank HTTP/1.1" 404 1011
190.95.1.129 - - [08/Oct/2025:09:40:07 -0300] "POST /cormun/servlet/trlicencias?66fd3f58dcb4ec669c4a1b3c9fcc71f0,,gx-no-cache=1759927329364 HTTP/1.1" 200 101
190.95.1.129 - - [08/Oct/2025:09:40:07 -0300] "POST /cormun/servlet/trlicencias?66fd3f58dcb4ec669c4a1b3c9fcc71f0,,gx-no-cache=1759927329439 HTTP/1.1" 200 10733
190.95.1.129 - - [08/Oct/2025:09:40:07 -0300] "GET /cormun/Licencias-4160.xls HTTP/1.1" 200 11264
190.95.67.91 - - [08/Oct/2025:09:40:11 -0300] "POST /cormun/servlet/permisosadjuntos?6458262be1a256eaee4a87367d2a1fa0,INS,17508246,P,20251008094134,, HTTP/1.1" 200 116
190.95.67.91 - - [08/Oct/2025:09:40:11 -0300] "GET /cormun/servlet/hpexe_return? HTTP/1.1" 200 1039
190.95.67.91 - - [08/Oct/2025:09:40:11 -0300] "GET /cormun/servlet/trpermisosadjuntos?17508246,20251008094134,P, HTTP/1.1" 200 7089
190.95.67.91 - - [08/Oct/2025:09:40:14 -0300] "POST /cormun/servlet/trpermisosadjuntos?6458262be1a256eaee4a87367d2a1fa0,17508246,20251008094134,P,,gx-no-cache=1759927335990 HTTP/1.1" 200 90
190.95.67.91 - - [08/Oct/2025:09:40:14 -0300] "GET /cormun/servlet/hpexe_link HTTP/1.1" 200 1006
190.95.67.91 - - [08/Oct/2025:09:40:14 -0300] "GET /cormun/servlet/trpermisosgoce?gx-no-cache=1759927081856 HTTP/1.1" 200 19635
190.95.67.91 - - [08/Oct/2025:09:40:17 -0300] "POST /cormun/servlet/trpermisosgoce?6458262be1a256eaee4a87367d2a1fa0,gx-no-cache=1759927081856,gx-no-cache=1759927338710 HTTP/1.1" 200 16958
190.95.1.129 - - [08/Oct/2025:09:40:33 -0300] "POST /cormun/servlet/trlicencias?66fd3f58dcb4ec669c4a1b3c9fcc71f0,,gx-no-cache=1759927355620 HTTP/1.1" 200 101
190.95.1.129 - - [08/Oct/2025:09:40:33 -0300] "POST /cormun/servlet/trlicencias?66fd3f58dcb4ec669c4a1b3c9fcc71f0,,gx-no-cache=1759927355709 HTTP/1.1" 200 10733
190.95.1.129 - - [08/Oct/2025:09:40:33 -0300] "GET /cormun/Licencias-7675.xls HTTP/1.1" 200 11264
190.95.15.17 - - [08/Oct/2025:09:41:10 -0300] "GET /cormun/servlet/permisogoce?1b03b33f9694ccdb97f57e5d0a232128a05380eb36990ebebb629b471416c64ff9b8fc35371fa4596f52fb4811a9cc66502ab0fda341751bd1e56774f5fb2b26,gx-no-cache=1759927467688 HTTP/1.1" 200 86
190.95.15.17 - - [08/Oct/2025:09:41:23 -0300] "GET /cormun/servlet/permisogoce?1b03b33f9694ccdb97f57e5d0a232128cee6ae04330233df6b0465afe49140086607d180129276fe4e2b955f6fcac812c5b44b731bd4bb0d6ec1fbff56bc8169,gx-no-cache=1759927480351 HTTP/1.1" 200 47
190.95.2.163 - - [08/Oct/2025:09:41:25 -0300] "GET /cormun/servlet/hlogin HTTP/1.1" 200 1716
190.95.2.163 - - [08/Oct/2025:09:41:38 -0300] "POST /cormun/servlet/hlogin?243131674c32021c801eb3ee5291bd51,gx-no-cache=1759927421323 HTTP/1.1" 200 90
190.95.2.163 - - [08/Oct/2025:09:41:38 -0300] "GET /cormun/servlet/hpexe_link HTTP/1.1" 200 952
190.95.2.163 - - [08/Oct/2025:09:41:38 -0300] "GET /cormun/servlet/trpermisosgoce HTTP/1.1" 200 11326
190.95.15.17 - - [08/Oct/2025:09:41:46 -0300] "POST /cormun/servlet/permisogoce?b345b1c6f5957616bdaf7c0fd5c94385,INS,0,,,,gx-no-cache=1759927503289 HTTP/1.1" 200 93
190.95.15.17 - - [08/Oct/2025:09:41:46 -0300] "GET /cormun/servlet/hpexe_return? HTTP/1.1" 200 1034
190.95.15.17 - - [08/Oct/2025:09:41:47 -0300] "GET /cormun/servlet/trpermisosgoce?gx-no-cache=1759927304084 HTTP/1.1" 200 10786
190.95.15.17 - - [08/Oct/2025:09:41:51 -0300] "GET /cormun/servlet/trpermisosadjuntos?19018155,20251008094039,P, HTTP/1.1" 200 6724
200.126.117.15 - - [08/Oct/2025:09:41:53 -0300] "GET /cormun/servlet/hlogin HTTP/1.1" 200 1724
200.126.117.15 - - [08/Oct/2025:09:41:53 -0300] "GET /cormun/servlet/hlogin HTTP/1.1" 200 1735
190.95.15.17 - - [08/Oct/2025:09:41:55 -0300] "GET /cormun/servlet/permisosadjuntos?INS,19018155,P,20251008094039,, HTTP/1.1" 200 6031
190.95.15.17 - - [08/Oct/2025:09:41:55 -0300] "GET /cormun/static/about:blank HTTP/1.1" 404 1011
190.95.67.91 - - [08/Oct/2025:09:42:03 -0300] "GET /cormun/servlet/permisogoce?INS,0,,, HTTP/1.1" 200 7154
200.126.117.15 - - [08/Oct/2025:09:42:04 -0300] "POST /cormun/servlet/hlogin?e557713152f66d6b47f1413b299088e8,gx-no-cache=1759927446255 HTTP/1.1" 200 90
200.126.117.15 - - [08/Oct/2025:09:42:04 -0300] "GET /cormun/servlet/hpexe_link HTTP/1.1" 200 954
200.126.117.15 - - [08/Oct/2025:09:42:04 -0300] "GET /cormun/servlet/hhome HTTP/1.1" 200 4325
200.126.117.15 - - [08/Oct/2025:09:42:09 -0300] "GET /cormun/servlet/trlicencias? HTTP/1.1" 200 9170
190.95.67.91 - - [08/Oct/2025:09:42:10 -0300] "GET /cormun/servlet/permisogoce?cc8890dc5c052212cbae7060b96d81759f5e9a713b5262ba1a931aaf2f9f73621120d33a7df19d6a5f52a9316cbc18fe159a898c67d02895f58ef21a4cc99894,gx-no-cache=1759927452568 HTTP/1.1" 200 77
190.95.15.17 - - [08/Oct/2025:09:42:12 -0300] "POST /cormun/servlet/permisosadjuntos?b345b1c6f5957616bdaf7c0fd5c94385,INS,19018155,P,20251008094039,, HTTP/1.1" 200 116
190.95.15.17 - - [08/Oct/2025:09:42:12 -0300] "GET /cormun/servlet/hpexe_return? HTTP/1.1" 200 1041
190.95.15.17 - - [08/Oct/2025:09:42:13 -0300] "GET /cormun/servlet/trpermisosadjuntos?19018155,20251008094039,P, HTTP/1.1" 200 7212
190.95.15.17 - - [08/Oct/2025:09:42:16 -0300] "POST /cormun/servlet/trpermisosadjuntos?b345b1c6f5957616bdaf7c0fd5c94385,19018155,20251008094039,P,,gx-no-cache=1759927533690 HTTP/1.1" 200 90
190.95.15.17 - - [08/Oct/2025:09:42:16 -0300] "GET /cormun/servlet/hpexe_link HTTP/1.1" 200 1008
190.95.15.17 - - [08/Oct/2025:09:42:17 -0300] "GET /cormun/servlet/trpermisosgoce?gx-no-cache=1759927304084 HTTP/1.1" 200 10783
190.95.15.17 - - [08/Oct/2025:09:42:20 -0300] "POST /cormun/servlet/trpermisosgoce?b345b1c6f5957616bdaf7c0fd5c94385,gx-no-cache=1759927304084,gx-no-cache=1759927536954 HTTP/1.1" 200 7921
190.95.67.91 - - [08/Oct/2025:09:42:22 -0300] "GET /cormun/servlet/permisogoce?cc8890dc5c052212cbae7060b96d81757f2a094d09d17d330272b48a6d17468dc1956891feb2988cd5744bdf926c79e33f9d48760cc2d71f13aabe18d7994e0d,gx-no-cache=1759927464152 HTTP/1.1" 200 47
190.95.67.91 - - [08/Oct/2025:09:42:30 -0300] "POST /cormun/servlet/permisogoce?6458262be1a256eaee4a87367d2a1fa0,INS,0,,,,gx-no-cache=1759927472429 HTTP/1.1" 200 93
190.95.67.91 - - [08/Oct/2025:09:42:30 -0300] "GET /cormun/servlet/hpexe_return? HTTP/1.1" 200 1032
190.95.67.91 - - [08/Oct/2025:09:42:31 -0300] "GET /cormun/servlet/trpermisosgoce?gx-no-cache=1759927081856 HTTP/1.1" 200 19591
190.95.15.17 - - [08/Oct/2025:09:42:31 -0300] "GET /cormun/servlet/permisogoce?INS,0,,, HTTP/1.1" 200 7300
190.95.67.91 - - [08/Oct/2025:09:42:33 -0300] "GET /cormun/servlet/trpermisosadjuntos?15569821,20251008094357,P, HTTP/1.1" 200 6580
190.95.67.91 - - [08/Oct/2025:09:42:35 -0300] "GET /cormun/servlet/permisosadjuntos?INS,15569821,P,20251008094357,, HTTP/1.1" 200 5886
190.95.67.91 - - [08/Oct/2025:09:42:35 -0300] "GET /cormun/static/about:blank HTTP/1.1" 404 1011
190.95.67.91 - - [08/Oct/2025:09:42:47 -0300] "POST /cormun/servlet/permisosadjuntos?6458262be1a256eaee4a87367d2a1fa0,INS,15569821,P,20251008094357,, HTTP/1.1" 200 116
190.95.67.91 - - [08/Oct/2025:09:42:47 -0300] "GET /cormun/servlet/hpexe_return? HTTP/1.1" 200 1040
190.95.67.91 - - [08/Oct/2025:09:42:47 -0300] "GET /cormun/servlet/trpermisosadjuntos?15569821,20251008094357,P, HTTP/1.1" 200 7074
190.95.67.91 - - [08/Oct/2025:09:42:50 -0300] "POST /cormun/servlet/trpermisosadjuntos?6458262be1a256eaee4a87367d2a1fa0,15569821,20251008094357,P,,gx-no-cache=1759927491990 HTTP/1.1" 200 90
190.95.67.91 - - [08/Oct/2025:09:42:50 -0300] "GET /cormun/servlet/hpexe_link HTTP/1.1" 200 1006
200.126.117.15 - - [08/Oct/2025:09:42:50 -0300] "GET /cormun/servlet/licenciaspermisos?DSP,15542845,L,20251002000000, HTTP/1.1" 200 7445
190.95.67.91 - - [08/Oct/2025:09:42:50 -0300] "GET /cormun/servlet/trpermisosgoce?gx-no-cache=1759927081856 HTTP/1.1" 200 19588
200.126.117.15 - - [08/Oct/2025:09:42:50 -0300] "GET /cormun/static/gxcfg.js?202012153173 HTTP/1.1" 200 953
200.126.117.15 - - [08/Oct/2025:09:42:50 -0300] "GET /cormun/static/Resources/prompt.gif HTTP/1.1" 200 902
200.126.117.15 - - [08/Oct/2025:09:42:50 -0300] "GET /cormun/static/licenciaspermisos.js?2020121532136 HTTP/1.1" 200 38753
190.95.67.91 - - [08/Oct/2025:09:42:52 -0300] "POST /cormun/servlet/trpermisosgoce?6458262be1a256eaee4a87367d2a1fa0,gx-no-cache=1759927081856,gx-no-cache=1759927493960 HTTP/1.1" 200 16914
190.95.15.17 - - [08/Oct/2025:09:43:00 -0300] "GET /cormun/servlet/permisogoce?1b03b33f9694ccdb97f57e5d0a2321287874f58a93e559c297cfce0e6c57f17ef9b8fc35371fa4596f52fb4811a9cc66502ab0fda341751bd1e56774f5fb2b26,gx-no-cache=1759927577704 HTTP/1.1" 200 82
200.126.117.15 - - [08/Oct/2025:09:43:04 -0300] "GET /cormun/servlet/trlicencias? HTTP/1.1" 200 9170
190.95.1.129 - - [08/Oct/2025:09:43:12 -0300] "GET /cormun/servlet/trlicencias? HTTP/1.1" 200 13117
190.95.15.17 - - [08/Oct/2025:09:43:15 -0300] "GET /cormun/servlet/permisogoce?1b03b33f9694ccdb97f57e5d0a23212889c468bbd27662404f41020a92188a9b370a5a567f1f00bc7ec2afb994e2714d861bea11307a8ba0972d23ba2a80786f,gx-no-cache=1759927592543 HTTP/1.1" 200 47
190.95.1.129 - - [08/Oct/2025:09:43:20 -0300] "POST /cormun/servlet/trlicencias?66fd3f58dcb4ec669c4a1b3c9fcc71f0,,gx-no-cache=1759927521501 HTTP/1.1" 200 18160
190.95.67.91 - - [08/Oct/2025:09:43:34 -0300] "GET /cormun/servlet/permisogoce?INS,0,,, HTTP/1.1" 200 7154
190.95.67.91 - - [08/Oct/2025:09:43:40 -0300] "GET /cormun/servlet/permisogoce?cc8890dc5c052212cbae7060b96d81757fcc99cac4985dce6477123a59d3f13e1120d33a7df19d6a5f52a9316cbc18fe159a898c67d02895f58ef21a4cc99894,gx-no-cache=1759927542897 HTTP/1.1" 200 89
190.95.15.17 - - [08/Oct/2025:09:43:42 -0300] "POST /cormun/servlet/permisogoce?b345b1c6f5957616bdaf7c0fd5c94385,INS,0,,,,gx-no-cache=1759927596913 HTTP/1.1" 200 93
190.95.15.17 - - [08/Oct/2025:09:43:42 -0300] "GET /cormun/servlet/hpexe_return? HTTP/1.1" 200 1034
190.95.15.17 - - [08/Oct/2025:09:43:43 -0300] "GET /cormun/servlet/trpermisosgoce?gx-no-cache=1759927304084 HTTP/1.1" 200 11003
190.95.67.91 - - [08/Oct/2025:09:43:48 -0300] "GET /cormun/servlet/permisogoce?cc8890dc5c052212cbae7060b96d8175249cf9ed1aeaa83bd8d805ba24c8415aaaa98c1bc06e6420d35c3b355b8a86ebd3f997390d4771d84520cb27407bb394,gx-no-cache=1759927550272 HTTP/1.1" 200 46
190.95.15.17 - - [08/Oct/2025:09:43:59 -0300] "GET /cormun/servlet/trpermisosadjuntos?15122330,20251008094424,P, HTTP/1.1" 200 6725
190.95.15.17 - - [08/Oct/2025:09:44:04 -0300] "GET /cormun/servlet/permisosadjuntos?INS,15122330,P,20251008094424,, HTTP/1.1" 200 6032
190.95.15.17 - - [08/Oct/2025:09:44:04 -0300] "GET /cormun/static/about:blank HTTP/1.1" 404 1011
190.95.67.91 - - [08/Oct/2025:09:44:16 -0300] "POST /cormun/servlet/permisogoce?6458262be1a256eaee4a87367d2a1fa0,INS,0,,,,gx-no-cache=1759927559597 HTTP/1.1" 200 93
190.95.67.91 - - [08/Oct/2025:09:44:16 -0300] "GET /cormun/servlet/hpexe_return? HTTP/1.1" 200 1032
190.95.67.91 - - [08/Oct/2025:09:44:17 -0300] "GET /cormun/servlet/trpermisosgoce?gx-no-cache=1759927081856 HTTP/1.1" 200 19574
190.95.15.17 - - [08/Oct/2025:09:44:21 -0300] "POST /cormun/servlet/permisosadjuntos?b345b1c6f5957616bdaf7c0fd5c94385,INS,15122330,P,20251008094424,, HTTP/1.1" 200 116
190.95.15.17 - - [08/Oct/2025:09:44:21 -0300] "GET /cormun/servlet/hpexe_return? HTTP/1.1" 200 1041
190.95.15.17 - - [08/Oct/2025:09:44:21 -0300] "GET /cormun/servlet/trpermisosadjuntos?15122330,20251008094424,P, HTTP/1.1" 200 7221
190.95.15.17 - - [08/Oct/2025:09:44:25 -0300] "POST /cormun/servlet/trpermisosadjuntos?b345b1c6f5957616bdaf7c0fd5c94385,15122330,20251008094424,P,,gx-no-cache=1759927662233 HTTP/1.1" 200 90
190.95.15.17 - - [08/Oct/2025:09:44:25 -0300] "GET /cormun/servlet/hpexe_link HTTP/1.1" 200 1008
190.95.15.17 - - [08/Oct/2025:09:44:25 -0300] "GET /cormun/servlet/trpermisosgoce?gx-no-cache=1759927304084 HTTP/1.1" 200 11000
190.95.67.91 - - [08/Oct/2025:09:44:39 -0300] "GET /cormun/servlet/trpermisosadjuntos?19020693,20251008094527,P, HTTP/1.1" 200 6590
190.95.67.91 - - [08/Oct/2025:09:44:39 -0300] "GET /cormun/servlet/trpermisosadjuntos?19020693,20251008094527,P, HTTP/1.1" 200 6590
190.95.67.91 - - [08/Oct/2025:09:44:41 -0300] "GET /cormun/servlet/permisosadjuntos?INS,19020693,P,20251008094527,, HTTP/1.1" 200 5894
190.95.67.91 - - [08/Oct/2025:09:44:41 -0300] "GET /cormun/static/about:blank HTTP/1.1" 404 1011
190.95.15.17 - - [08/Oct/2025:09:44:55 -0300] "POST /cormun/servlet/trpermisosgoce?b345b1c6f5957616bdaf7c0fd5c94385,gx-no-cache=1759927304084,gx-no-cache=1759927666841 HTTP/1.1" 200 8143
190.95.67.91 - - [08/Oct/2025:09:46:00 -0300] "POST /cormun/servlet/permisosadjuntos?6458262be1a256eaee4a87367d2a1fa0,INS,19020693,P,20251008094527,, HTTP/1.1" 200 116
190.95.67.91 - - [08/Oct/2025:09:46:00 -0300] "GET /cormun/servlet/hpexe_return? HTTP/1.1" 200 1040
190.95.67.91 - - [08/Oct/2025:09:46:00 -0300] "GET /cormun/servlet/trpermisosadjuntos?19020693,20251008094527,P, HTTP/1.1" 200 7091
190.95.67.91 - - [08/Oct/2025:09:48:13 -0300] "POST /cormun/servlet/trpermisosadjuntos?6458262be1a256eaee4a87367d2a1fa0,19020693,20251008094527,P,,gx-no-cache=1759927814999 HTTP/1.1" 200 90
190.95.67.91 - - [08/Oct/2025:09:48:13 -0300] "GET /cormun/servlet/hpexe_link HTTP/1.1" 200 1007
190.95.67.91 - - [08/Oct/2025:09:48:13 -0300] "GET /cormun/servlet/trpermisosgoce?gx-no-cache=1759927081856 HTTP/1.1" 200 19571
190.95.67.91 - - [08/Oct/2025:09:48:41 -0300] "POST /cormun/servlet/trpermisosgoce?6458262be1a256eaee4a87367d2a1fa0,gx-no-cache=1759927081856,gx-no-cache=1759927817135 HTTP/1.1" 200 16901
5.189.141.59 - - [08/Oct/2025:09:49:06 -0300] "GET / HTTP/1.1" 200 11217
200.126.116.145 - - [08/Oct/2025:09:49:53 -0300] "POST /cormun/servlet/trlicencias?130f585438c391d6ada1bf828c79fa88,,gx-no-cache=1759927917338 HTTP/1.1" 200 6491
200.126.116.145 - - [08/Oct/2025:09:51:27 -0300] "POST /cormun/servlet/trlicencias?130f585438c391d6ada1bf828c79fa88,,gx-no-cache=1759928010835 HTTP/1.1" 200 7397
190.95.15.17 - - [08/Oct/2025:09:51:58 -0300] "GET /cormun/servlet/permisogoce?INS,0,,, HTTP/1.1" 200 7299
190.95.15.17 - - [08/Oct/2025:09:52:19 -0300] "GET /cormun/servlet/permisogoce?1b03b33f9694ccdb97f57e5d0a23212861aec0a3c346ae7fb14dfa25ca14ac9bf9b8fc35371fa4596f52fb4811a9cc66502ab0fda341751bd1e56774f5fb2b26,gx-no-cache=1759928136695 HTTP/1.1" 200 87
190.95.15.17 - - [08/Oct/2025:09:52:32 -0300] "GET /cormun/servlet/permisogoce?1b03b33f9694ccdb97f57e5d0a232128fab52f5b53c40acdf64e080c1a881a29cf28ec722c8b1b659ac459b9ea462dacc5b44b731bd4bb0d6ec1fbff56bc8169,gx-no-cache=1759928149614 HTTP/1.1" 200 124
190.95.15.17 - - [08/Oct/2025:09:52:32 -0300] "GET /cormun/static/Shared/jqueryui/images/ui-bg_flat_55_994d53_40x100.png HTTP/1.1" 404 1097
190.95.15.17 - - [08/Oct/2025:09:52:32 -0300] "GET /cormun/static/Shared/jqueryui/images/ui-icons_ebccce_256x240.png HTTP/1.1" 404 1089
190.95.15.17 - - [08/Oct/2025:09:53:19 -0300] "POST /cormun/servlet/permisogoce?b345b1c6f5957616bdaf7c0fd5c94385,INS,0,,,,gx-no-cache=1759928195879 HTTP/1.1" 200 93
190.95.15.17 - - [08/Oct/2025:09:53:19 -0300] "GET /cormun/servlet/hpexe_return? HTTP/1.1" 200 1034
190.95.15.17 - - [08/Oct/2025:09:53:19 -0300] "GET /cormun/servlet/trpermisosgoce?gx-no-cache=1759927304084 HTTP/1.1" 200 10967
190.95.15.17 - - [08/Oct/2025:09:53:23 -0300] "GET /cormun/servlet/permisogoce?INS,0,,, HTTP/1.1" 200 7300
190.95.15.17 - - [08/Oct/2025:09:53:37 -0300] "POST /cormun/servlet/permisogoce?b345b1c6f5957616bdaf7c0fd5c94385,INS,0,,,,gx-no-cache=1759928214527 HTTP/1.1" 200 93
190.95.15.17 - - [08/Oct/2025:09:53:37 -0300] "GET /cormun/servlet/hpexe_return? HTTP/1.1" 200 1034
190.95.15.17 - - [08/Oct/2025:09:53:37 -0300] "GET /cormun/servlet/trpermisosgoce?gx-no-cache=1759927304084 HTTP/1.1" 200 10967
190.95.15.17 - - [08/Oct/2025:09:56:31 -0300] "POST /cormun/servlet/trpermisosgoce?b345b1c6f5957616bdaf7c0fd5c94385,gx-no-cache=1759927304084,gx-no-cache=1759928387856 HTTP/1.1" 200 4507
190.95.15.17 - - [08/Oct/2025:09:56:34 -0300] "POST /cormun/servlet/trpermisosgoce?b345b1c6f5957616bdaf7c0fd5c94385,gx-no-cache=1759927304084,gx-no-cache=1759928390902 HTTP/1.1" 200 4507
190.95.15.17 - - [08/Oct/2025:09:56:41 -0300] "POST /cormun/servlet/trpermisosgoce?b345b1c6f5957616bdaf7c0fd5c94385,gx-no-cache=1759927304084,gx-no-cache=1759928398070 HTTP/1.1" 200 5355
190.95.15.17 - - [08/Oct/2025:09:57:31 -0300] "POST /cormun/servlet/trpermisosgoce?b345b1c6f5957616bdaf7c0fd5c94385,gx-no-cache=1759927304084,gx-no-cache=1759928447832 HTTP/1.1" 200 5332
190.95.15.17 - - [08/Oct/2025:09:57:37 -0300] "POST /cormun/servlet/trpermisosgoce?b345b1c6f5957616bdaf7c0fd5c94385,gx-no-cache=1759927304084,gx-no-cache=1759928454247 HTTP/1.1" 200 5332
200.126.116.145 - - [08/Oct/2025:09:58:21 -0300] "POST /cormun/servlet/trlicencias?130f585438c391d6ada1bf828c79fa88,,gx-no-cache=1759928425388 HTTP/1.1" 200 9671
190.95.67.91 - - [08/Oct/2025:09:59:37 -0300] "GET /cormun/servlet/permisogoce?INS,0,,, HTTP/1.1" 200 7153
190.95.67.91 - - [08/Oct/2025:09:59:44 -0300] "GET /cormun/servlet/permisogoce?cc8890dc5c052212cbae7060b96d81757bf676511c59ad08d944683225066fc61120d33a7df19d6a5f52a9316cbc18fe159a898c67d02895f58ef21a4cc99894,gx-no-cache=1759928506338 HTTP/1.1" 200 81
190.95.67.91 - - [08/Oct/2025:09:59:46 -0300] "GET /cormun/static/menuarrow.gif HTTP/1.1" 404 1015
190.95.67.91 - - [08/Oct/2025:10:00:12 -0300] "GET /cormun/servlet/permisogoce?cc8890dc5c052212cbae7060b96d81756dd98165beeea92c1fd58476d50687d2f447e5c9a5874c2d48392999e6f85c33d3f997390d4771d84520cb27407bb394,gx-no-cache=1759928534785 HTTP/1.1" 200 130
190.95.67.91 - - [08/Oct/2025:10:00:12 -0300] "GET /cormun/static/Shared/jqueryui/images/ui-bg_highlight-soft_100_c6c2c8_1x100.png HTTP/1.1" 404 1117
190.95.67.91 - - [08/Oct/2025:10:00:12 -0300] "GET /cormun/static/Shared/jqueryui/images/ui-icons_82798d_256x240.png HTTP/1.1" 404 1089
190.95.67.91 - - [08/Oct/2025:10:00:12 -0300] "GET /cormun/static/Shared/jqueryui/images/ui-bg_flat_55_994d53_40x100.png HTTP/1.1" 404 1097
190.95.67.91 - - [08/Oct/2025:10:00:12 -0300] "GET /cormun/static/Shared/jqueryui/images/ui-icons_ebccce_256x240.png HTTP/1.1" 404 1089
190.95.67.91 - - [08/Oct/2025:10:00:21 -0300] "GET /cormun/servlet/permisogoce?cc8890dc5c052212cbae7060b96d81756dd98165beeea92c1fd58476d50687d29d3a53965e117c4e16af56838f30f560d3f997390d4771d84520cb27407bb394,gx-no-cache=1759928543879 HTTP/1.1" 200 47
190.95.67.91 - - [08/Oct/2025:10:00:35 -0300] "POST /cormun/servlet/permisogoce?6458262be1a256eaee4a87367d2a1fa0,INS,0,,,,gx-no-cache=1759928556606 HTTP/1.1" 200 93
190.95.67.91 - - [08/Oct/2025:10:00:35 -0300] "GET /cormun/servlet/hpexe_return? HTTP/1.1" 200 1032
190.95.67.91 - - [08/Oct/2025:10:00:35 -0300] "GET /cormun/servlet/trpermisosgoce?gx-no-cache=1759927081856 HTTP/1.1" 200 19670
190.95.67.91 - - [08/Oct/2025:10:02:40 -0300] "GET /cormun/servlet/permisogoce?INS,0,,, HTTP/1.1" 200 7153
190.95.67.91 - - [08/Oct/2025:10:02:46 -0300] "GET /cormun/servlet/trpermisosgoce? HTTP/1.1" 200 19673
190.95.67.91 - - [08/Oct/2025:10:02:48 -0300] "GET /cormun/servlet/trpermisosadjuntos?12163978,20251008100130,P, HTTP/1.1" 200 6553
200.126.116.145 - - [08/Oct/2025:10:02:50 -0300] "POST /cormun/servlet/trlicencias?130f585438c391d6ada1bf828c79fa88,,gx-no-cache=1759928693839 HTTP/1.1" 200 8427
190.95.67.91 - - [08/Oct/2025:10:02:50 -0300] "GET /cormun/servlet/permisosadjuntos?INS,12163978,P,20251008100130,, HTTP/1.1" 200 5883
190.95.67.91 - - [08/Oct/2025:10:02:50 -0300] "GET /cormun/static/about:blank HTTP/1.1" 404 1011
200.126.116.145 - - [08/Oct/2025:10:02:51 -0300] "POST /cormun/servlet/trlicencias?130f585438c391d6ada1bf828c79fa88,,gx-no-cache=1759928694823 HTTP/1.1" 200 8426
190.95.67.91 - - [08/Oct/2025:10:02:55 -0300] "POST /cormun/servlet/permisosadjuntos?6458262be1a256eaee4a87367d2a1fa0,INS,12163978,P,20251008100130,, HTTP/1.1" 200 116
190.95.67.91 - - [08/Oct/2025:10:02:55 -0300] "GET /cormun/servlet/hpexe_return? HTTP/1.1" 200 1038
190.95.67.91 - - [08/Oct/2025:10:02:55 -0300] "GET /cormun/servlet/trpermisosadjuntos?12163978,20251008100130,P, HTTP/1.1" 200 7091
190.95.67.91 - - [08/Oct/2025:10:02:58 -0300] "POST /cormun/servlet/trpermisosadjuntos?6458262be1a256eaee4a87367d2a1fa0,12163978,20251008100130,P,,gx-no-cache=1759928700103 HTTP/1.1" 200 90
190.95.67.91 - - [08/Oct/2025:10:02:58 -0300] "GET /cormun/servlet/hpexe_link HTTP/1.1" 200 983
190.95.67.91 - - [08/Oct/2025:10:02:58 -0300] "GET /cormun/servlet/trpermisosgoce HTTP/1.1" 200 19667
190.95.67.91 - - [08/Oct/2025:10:03:01 -0300] "POST /cormun/servlet/trpermisosgoce?6458262be1a256eaee4a87367d2a1fa0,gx-no-cache=1759928702599 HTTP/1.1" 200 16991
190.95.67.91 - - [08/Oct/2025:10:03:01 -0300] "GET /cormun/static/Shared/jqueryui/images/ui-bg_flat_55_fafafa_40x100.png HTTP/1.1" 404 1097
190.95.67.91 - - [08/Oct/2025:10:03:01 -0300] "GET /cormun/static/Shared/jqueryui/images/ui-icons_8d78a5_256x240.png HTTP/1.1" 404 1089
190.95.15.15 - - [08/Oct/2025:10:03:03 -0300] "GET /cormun/servlet/hlogin HTTP/1.1" 200 1715
190.95.15.15 - - [08/Oct/2025:10:03:03 -0300] "GET /cormun/servlet/hlogin HTTP/1.1" 200 1725
190.95.15.15 - - [08/Oct/2025:10:03:03 -0300] "GET /favicon.ico HTTP/1.1" 200 21630
190.95.15.15 - - [08/Oct/2025:10:03:06 -0300] "POST /cormun/servlet/hlogin?c084ba5eea0f0ed8b0fb43c00f36e316,gx-no-cache=1759928708602 HTTP/1.1" 200 90
190.95.15.15 - - [08/Oct/2025:10:03:06 -0300] "GET /cormun/servlet/hpexe_link HTTP/1.1" 200 943
190.95.15.15 - - [08/Oct/2025:10:03:06 -0300] "GET /cormun/servlet/hhome HTTP/1.1" 200 3982
190.95.15.15 - - [08/Oct/2025:10:03:11 -0300] "GET /cormun/servlet/trlicencias? HTTP/1.1" 200 13545
190.95.67.91 - - [08/Oct/2025:10:03:22 -0300] "GET /cormun/servlet/permisogoce?INS,0,,, HTTP/1.1" 200 7132
190.95.15.15 - - [08/Oct/2025:10:03:35 -0300] "GET /cormun/servlet/licenciaspermisos?DSP,15126684,L,20250928000000, HTTP/1.1" 200 7133
190.95.15.15 - - [08/Oct/2025:10:03:36 -0300] "GET /cormun/static/gxcfg.js?202012153173 HTTP/1.1" 200 953
190.95.15.15 - - [08/Oct/2025:10:03:36 -0300] "GET /cormun/static/Resources/prompt.gif HTTP/1.1" 200 902
190.95.15.15 - - [08/Oct/2025:10:03:36 -0300] "GET /cormun/static/licenciaspermisos.js?2020121532136 HTTP/1.1" 200 38753
190.95.15.15 - - [08/Oct/2025:10:03:45 -0300] "POST /cormun/servlet/licenciaspermisos?c084ba5eea0f0ed8b0fb43c00f36e316,DSP,15126684,L,20250928000000,,gx-no-cache=1759928747131 HTTP/1.1" 200 93
190.95.15.15 - - [08/Oct/2025:10:03:45 -0300] "GET /cormun/servlet/hpexe_return? HTTP/1.1" 200 1020
190.95.15.15 - - [08/Oct/2025:10:03:45 -0300] "GET /cormun/static/gxcfg.js?20221129846035 HTTP/1.1" 200 953
190.95.15.15 - - [08/Oct/2025:10:03:45 -0300] "GET /cormun/static/hpexe_return.js?20221129846037 HTTP/1.1" 200 1633
190.95.15.15 - - [08/Oct/2025:10:03:45 -0300] "GET /cormun/servlet/trlicencias HTTP/1.1" 200 13546
