190.95.1.185 - - [07/Oct/2025:15:38:46 -0300] "GET /cormun/servlet/permisogoce?00abb7807c8afbfd4438b7bf1d001e57663c1d0520751ef9124c657116566f4fef41dc3057632231e94c59c0cca40d30a2601efeacb706dd756a85b1dc4c26ec,gx-no-cache=1759862446149 HTTP/1.1" 200 48
201.186.225.193 - - [07/Oct/2025:15:38:50 -0300] "GET /cormun/servlet/alicenciaprn?17235203,L,20240825000000,PU HTTP/1.1" 200 1555
201.186.225.183 - - [07/Oct/2025:15:38:52 -0300] "GET /cormun/servlet/permisogoce?INS,0,,, HTTP/1.1" 200 6826
190.95.1.185 - - [07/Oct/2025:15:38:54 -0300] "POST /cormun/servlet/permisogoce?88eb6b73857401e9b0a72cd970faa37f,INS,0,,,,gx-no-cache=1759862456916 HTTP/1.1" 200 93
190.95.1.185 - - [07/Oct/2025:15:38:54 -0300] "GET /cormun/servlet/hpexe_return? HTTP/1.1" 200 1009
190.95.1.185 - - [07/Oct/2025:15:38:54 -0300] "GET /cormun/servlet/trpermisosgoce HTTP/1.1" 200 14640
201.186.225.193 - - [07/Oct/2025:15:38:55 -0300] "GET /cormun/servlet/alicenciaprn?17235203,L,20240731000000,PU HTTP/1.1" 200 1558
201.186.225.183 - - [07/Oct/2025:15:38:59 -0300] "GET /cormun/servlet/permisogoce?8024981333bfcdc151996178a1b0b7f591340e75a546026f8b2c5f52d5a7484fb5cc1af84e888eb0beb40c6be0db6319c4728794bbd5726b2c339ac935b58aa7,gx-no-cache=1759862462679 HTTP/1.1" 200 79
201.186.225.183 - - [07/Oct/2025:15:39:04 -0300] "GET /cormun/servlet/permisogoce?8024981333bfcdc151996178a1b0b7f57f914885aa308135485b738cbb5b58e51461a3fc687aab3766394118daf260230dd5d026f5032813ad7f9cf4fb6cb978,gx-no-cache=1759862467712 HTTP/1.1" 200 47
201.186.225.183 - - [07/Oct/2025:15:39:05 -0300] "POST /cormun/servlet/permisogoce?c850ca34ce525b33b6f7ac4c61fdc58c,INS,0,,,,gx-no-cache=1759862468512 HTTP/1.1" 200 93
201.186.225.183 - - [07/Oct/2025:15:39:05 -0300] "GET /cormun/servlet/hpexe_return? HTTP/1.1" 200 1006
201.186.225.183 - - [07/Oct/2025:15:39:05 -0300] "GET /cormun/servlet/trpermisosgoce HTTP/1.1" 200 18616
201.186.225.193 - - [07/Oct/2025:15:39:07 -0300] "GET /cormun/servlet/alicenciaprn?17235203,L,20240716000000,PU HTTP/1.1" 200 1557
190.95.1.185 - - [07/Oct/2025:15:39:07 -0300] "GET /cormun/servlet/apermisogoceprn?15724008,P,20251007154014,PU HTTP/1.1" 200 1670
201.186.225.183 - - [07/Oct/2025:15:39:10 -0300] "GET /cormun/servlet/apermisogoceprn?20371772,P,20251007154048,PU HTTP/1.1" 200 1662
201.186.225.193 - - [07/Oct/2025:15:39:18 -0300] "GET /cormun/servlet/alicenciaprn?17235203,L,20240616000000,PU HTTP/1.1" 200 1560
201.186.225.183 - - [07/Oct/2025:15:39:25 -0300] "GET /cormun/servlet/permisogoce?INS,0,,, HTTP/1.1" 200 6826
201.186.225.193 - - [07/Oct/2025:15:39:25 -0300] "GET /cormun/servlet/alicenciaprn?17235203,L,20240517000000,PU HTTP/1.1" 200 1559
201.186.225.183 - - [07/Oct/2025:15:39:31 -0300] "GET /cormun/servlet/permisogoce?8024981333bfcdc151996178a1b0b7f5e36bd92613b2df9d5aa08b2668933dcaddde8a90dc351f32432374adc541d6c00a981290cdbae91d8b56d01b1ea76e18,gx-no-cache=1759862494879 HTTP/1.1" 200 79
201.186.225.183 - - [07/Oct/2025:15:39:37 -0300] "GET /cormun/servlet/permisogoce?8024981333bfcdc151996178a1b0b7f5d96d31b0e0c9690e81fa776482c7d6bb883ebadf834c9adad2e90f28222b698a86b70536e53dc6accaae06cd18419014,gx-no-cache=1759862501281 HTTP/1.1" 200 48
201.186.225.183 - - [07/Oct/2025:15:39:39 -0300] "POST /cormun/servlet/permisogoce?c850ca34ce525b33b6f7ac4c61fdc58c,INS,0,,,,gx-no-cache=1759862502280 HTTP/1.1" 200 93
201.186.225.183 - - [07/Oct/2025:15:39:39 -0300] "GET /cormun/servlet/hpexe_return? HTTP/1.1" 200 1006
201.186.225.183 - - [07/Oct/2025:15:39:39 -0300] "GET /cormun/servlet/trpermisosgoce HTTP/1.1" 200 18625
201.186.225.183 - - [07/Oct/2025:15:39:43 -0300] "GET /cormun/servlet/apermisogoceprn?9937765,P,20251007154121,PU HTTP/1.1" 200 1645
201.186.225.183 - - [07/Oct/2025:15:39:55 -0300] "GET /cormun/servlet/permisogoce?INS,0,,, HTTP/1.1" 200 6826
201.186.225.183 - - [07/Oct/2025:15:40:04 -0300] "GET /cormun/servlet/permisogoce?8024981333bfcdc151996178a1b0b7f50f7630266cf7732858a88ee042f44fc8b5cc1af84e888eb0beb40c6be0db6319c4728794bbd5726b2c339ac935b58aa7,gx-no-cache=1759862527934 HTTP/1.1" 200 84
201.186.225.183 - - [07/Oct/2025:15:40:09 -0300] "GET /cormun/servlet/permisogoce?8024981333bfcdc151996178a1b0b7f5418f16ba65aa8ca32e193768c422e5c1cdda333b3280ad657655131cbd88329b0dd5d026f5032813ad7f9cf4fb6cb978,gx-no-cache=1759862532504 HTTP/1.1" 200 46
201.186.225.183 - - [07/Oct/2025:15:40:10 -0300] "POST /cormun/servlet/permisogoce?c850ca34ce525b33b6f7ac4c61fdc58c,INS,0,,,,gx-no-cache=1759862533264 HTTP/1.1" 200 93
201.186.225.183 - - [07/Oct/2025:15:40:10 -0300] "GET /cormun/servlet/hpexe_return? HTTP/1.1" 200 1006
201.186.225.183 - - [07/Oct/2025:15:40:10 -0300] "GET /cormun/servlet/trpermisosgoce HTTP/1.1" 200 18669
201.186.225.183 - - [07/Oct/2025:15:40:14 -0300] "GET /cormun/servlet/apermisogoceprn?13501824,P,20251007154151,PU HTTP/1.1" 200 1656
201.186.225.193 - - [07/Oct/2025:15:40:21 -0300] "GET /cormun/servlet/alicenciaprn?17235203,L,20240417000000,PU HTTP/1.1" 200 1560
201.186.225.183 - - [07/Oct/2025:15:40:26 -0300] "GET /cormun/servlet/permisogoce?INS,0,,, HTTP/1.1" 200 6826
201.186.225.193 - - [07/Oct/2025:15:40:32 -0300] "GET /cormun/servlet/alicenciaprn?17235203,L,20240417000000,PU HTTP/1.1" 200 1560
201.186.225.183 - - [07/Oct/2025:15:40:33 -0300] "GET /cormun/servlet/permisogoce?8024981333bfcdc151996178a1b0b7f5d9fd86af3463dc245b1c4d14c72823e1ddde8a90dc351f32432374adc541d6c00a981290cdbae91d8b56d01b1ea76e18,gx-no-cache=1759862557230 HTTP/1.1" 200 72
201.186.225.183 - - [07/Oct/2025:15:40:39 -0300] "GET /cormun/servlet/permisogoce?8024981333bfcdc151996178a1b0b7f5ba65b49a9bf3343e3a1b740e22b20a7e7be87ec255d227c2b15991142b26490286b70536e53dc6accaae06cd18419014,gx-no-cache=1759862562576 HTTP/1.1" 200 47
201.186.225.183 - - [07/Oct/2025:15:40:40 -0300] "POST /cormun/servlet/permisogoce?c850ca34ce525b33b6f7ac4c61fdc58c,INS,0,,,,gx-no-cache=1759862563816 HTTP/1.1" 200 93
201.186.225.183 - - [07/Oct/2025:15:40:40 -0300] "GET /cormun/servlet/hpexe_return? HTTP/1.1" 200 1006
201.186.225.183 - - [07/Oct/2025:15:40:40 -0300] "GET /cormun/servlet/trpermisosgoce HTTP/1.1" 200 18635
201.186.225.183 - - [07/Oct/2025:15:40:46 -0300] "GET /cormun/servlet/apermisogoceprn?8259312,P,20251007154222,PU HTTP/1.1" 200 1644
201.186.225.193 - - [07/Oct/2025:15:40:50 -0300] "GET /cormun/servlet/alicenciaprn?17235203,L,20240318000000,PU HTTP/1.1" 200 1559
201.186.225.193 - - [07/Oct/2025:15:40:59 -0300] "GET /cormun/servlet/alicenciaprn?17235203,L,20231018000000,PU HTTP/1.1" 200 1556
201.186.226.3 - - [07/Oct/2025:15:42:01 -0300] "GET /cormun/servlet/hlogin HTTP/1.1" 200 1735
201.186.225.193 - - [07/Oct/2025:15:42:02 -0300] "GET /cormun/servlet/alicenciaprn?17235203,L,20230502000000,PU HTTP/1.1" 200 1556
190.95.15.23 - - [07/Oct/2025:15:46:27 -0300] "GET /cormun/servlet/hlogin HTTP/1.1" 200 1717
190.95.15.23 - - [07/Oct/2025:15:46:31 -0300] "POST /cormun/servlet/hlogin?f7a47deb24f434e1a6efc6d27665ed84,gx-no-cache=1759862914722 HTTP/1.1" 200 90
190.95.15.23 - - [07/Oct/2025:15:46:31 -0300] "GET /cormun/servlet/hpexe_link HTTP/1.1" 200 948
190.95.15.23 - - [07/Oct/2025:15:46:31 -0300] "GET /cormun/servlet/hhome HTTP/1.1" 200 4327
190.95.15.23 - - [07/Oct/2025:15:46:37 -0300] "GET /cormun/servlet/trsolicitudot? HTTP/1.1" 200 7545
190.95.15.23 - - [07/Oct/2025:15:46:37 -0300] "GET /cormun/static/gxcfg.js?20221129846531 HTTP/1.1" 200 953
190.95.15.23 - - [07/Oct/2025:15:46:37 -0300] "GET /cormun/static/trsolicitudot.js?202211298465651 HTTP/1.1" 200 54040
190.95.15.23 - - [07/Oct/2025:15:46:47 -0300] "GET /cormun/servlet/solicitudot?INS,0,0,false, HTTP/1.1" 200 16322
190.95.15.23 - - [07/Oct/2025:15:46:47 -0300] "GET /cormun/static/gxcfg.js?20221129840861 HTTP/1.1" 200 953
190.95.15.23 - - [07/Oct/2025:15:46:47 -0300] "GET /cormun/static/solicitudot.js?20221129840983 HTTP/1.1" 200 74072
190.95.2.157 - - [07/Oct/2025:15:47:09 -0300] "GET /cormun/servlet/hlogin HTTP/1.1" 200 1716
190.95.2.157 - - [07/Oct/2025:15:47:10 -0300] "GET /cormun/static/gxtimezone.js?85251 HTTP/1.1" 200 5781
190.95.2.157 - - [07/Oct/2025:15:47:10 -0300] "GET /cormun/static/gxcfg.js?2022112219184450 HTTP/1.1" 200 953
190.95.2.157 - - [07/Oct/2025:15:47:10 -0300] "GET /cormun/static/Resources/CormunLogin.png HTTP/1.1" 200 19132
190.95.2.157 - - [07/Oct/2025:15:47:10 -0300] "GET /cormun/static/messages.spa.js?85251 HTTP/1.1" 200 30736
190.95.2.157 - - [07/Oct/2025:15:47:10 -0300] "GET /cormun/static/Resources/Spanish/PXTools.css?1759030 HTTP/1.1" 200 100853
190.95.2.157 - - [07/Oct/2025:15:47:10 -0300] "GET /cormun/static/hlogin.js?2022112219184458 HTTP/1.1" 200 2156
190.95.2.157 - - [07/Oct/2025:15:47:10 -0300] "GET /cormun/static/gxgral.js?85251 HTTP/1.1" 200 384558
190.95.2.157 - - [07/Oct/2025:15:47:10 -0300] "GET /cormun/static/Resources/PXToolsLoginTop.png HTTP/1.1" 200 1337
190.95.2.157 - - [07/Oct/2025:15:47:10 -0300] "GET /cormun/static/Resources/PXToolsButtonLeft.png HTTP/1.1" 200 1310
190.95.2.157 - - [07/Oct/2025:15:47:10 -0300] "GET /cormun/static/Resources/PXToolsLoginBackground.png HTTP/1.1" 200 1164
190.95.2.157 - - [07/Oct/2025:15:47:10 -0300] "GET /cormun/static/Resources/PXToolsLoginBottom.png HTTP/1.1" 200 1389
190.95.2.157 - - [07/Oct/2025:15:47:10 -0300] "GET /cormun/static/Resources/PXToolsButtonRight.png HTTP/1.1" 200 1294
190.95.2.157 - - [07/Oct/2025:15:47:10 -0300] "GET /cormun/static/Resources/PXToolsButtonBackground.png HTTP/1.1" 200 1176
190.95.2.157 - - [07/Oct/2025:15:47:10 -0300] "GET /cormun/static/Resources/indicator.gif HTTP/1.1" 200 1553
190.95.2.157 - - [07/Oct/2025:15:47:10 -0300] "GET /cormun/servlet/hlogin HTTP/1.1" 200 1727
190.95.2.157 - - [07/Oct/2025:15:47:10 -0300] "GET /favicon.ico HTTP/1.1" 200 21630
190.95.15.23 - - [07/Oct/2025:15:47:35 -0300] "POST /cormun/servlet/solicitudot?gx-no-cache=1759862978809 HTTP/1.1" 200 4114
190.95.15.23 - - [07/Oct/2025:15:47:35 -0300] "GET /cormun/static/Shared/jqueryui/images/ui-bg_highlight-soft_100_c6c2c8_1x100.png HTTP/1.1" 404 1117
190.95.15.23 - - [07/Oct/2025:15:47:35 -0300] "GET /cormun/static/Shared/jqueryui/images/ui-icons_82798d_256x240.png HTTP/1.1" 404 1089
190.95.15.23 - - [07/Oct/2025:15:47:35 -0300] "GET /cormun/static/Shared/jqueryui/images/ui-bg_flat_55_994d53_40x100.png HTTP/1.1" 404 1097
190.95.15.23 - - [07/Oct/2025:15:47:35 -0300] "GET /cormun/static/Shared/jqueryui/images/ui-icons_ebccce_256x240.png HTTP/1.1" 404 1089
190.95.15.23 - - [07/Oct/2025:15:48:02 -0300] "GET /cormun/servlet/solicitudot?32b4989cb476bc699d6f9c74173d096b30bb57240dfdf84ee6bec5d658ebbd11e87a584209d2a5c142cdbd4f1caf48ae,gx-no-cache=1759863005930 HTTP/1.1" 200 30
201.186.225.193 - - [07/Oct/2025:15:49:06 -0300] "POST /cormun/servlet/trlicencias?f2513a842ff126ce5f577025b343c2d9,,gx-no-cache=1759863069826 HTTP/1.1" 200 6734
201.186.225.193 - - [07/Oct/2025:15:49:10 -0300] "GET /cormun/servlet/alicenciaprn?11891600,L,20250401000000,PU HTTP/1.1" 200 1555
201.186.225.193 - - [07/Oct/2025:15:49:15 -0300] "GET /cormun/servlet/alicenciaprn?11891600,L,20240428000000,PU HTTP/1.1" 200 1554
201.186.225.193 - - [07/Oct/2025:15:49:22 -0300] "GET /cormun/servlet/alicenciaprn?11891600,L,20240416000000,PU HTTP/1.1" 200 1557
201.186.225.193 - - [07/Oct/2025:15:49:29 -0300] "GET /cormun/servlet/alicenciaprn?11891600,L,20231023000000,PU HTTP/1.1" 200 1558
201.186.225.193 - - [07/Oct/2025:15:49:34 -0300] "GET /cormun/servlet/alicenciaprn?11891600,L,20230509000000,PU HTTP/1.1" 200 1548
190.95.15.23 - - [07/Oct/2025:15:50:10 -0300] "GET /cormun/static/Resources/PXTools/ClosePrompt.png HTTP/1.1" 200 1036
190.95.15.23 - - [07/Oct/2025:15:50:10 -0300] "GET /cormun/static/Resources/resize.gif HTTP/1.1" 200 77
190.95.15.23 - - [07/Oct/2025:15:50:10 -0300] "GET /cormun/servlet/prbanco?,MD,,gxPopupLevel%3D0%3B HTTP/1.1" 200 6727
190.95.15.23 - - [07/Oct/2025:15:50:10 -0300] "GET /cormun/static/gxcfg.js?20201216131581 HTTP/1.1" 200 953
190.95.15.23 - - [07/Oct/2025:15:50:10 -0300] "GET /cormun/static/Resources/PXToolsMenuSearch.png HTTP/1.1" 200 336
190.95.15.23 - - [07/Oct/2025:15:50:10 -0300] "GET /cormun/static/Resources/PXToolsMenuSearchCancel.png HTTP/1.1" 200 306
190.95.15.23 - - [07/Oct/2025:15:50:10 -0300] "GET /cormun/static/menusearch.js?20201214473581 HTTP/1.1" 200 1424
190.95.15.23 - - [07/Oct/2025:15:50:10 -0300] "GET /cormun/static/prbanco.js?20201216132311 HTTP/1.1" 200 10693
190.95.15.23 - - [07/Oct/2025:15:50:10 -0300] "GET /cormun/static/hmpwkw011.js?202211298443482 HTTP/1.1" 200 1968
190.95.15.23 - - [07/Oct/2025:15:50:25 -0300] "GET /cormun/servlet/solicitudot?32b4989cb476bc699d6f9c74173d096b2e2714b389fdb7d98ac5d315bed4adae644bbc0ad69ca8c2ed59a67751066631ee6518f2182de45787d2666817a0e4e0,gx-no-cache=1759863148752 HTTP/1.1" 200 30
201.186.225.193 - - [07/Oct/2025:15:50:26 -0300] "POST /cormun/servlet/trlicencias?f2513a842ff126ce5f577025b343c2d9,,gx-no-cache=1759863149217 HTTP/1.1" 200 5683
190.95.15.23 - - [07/Oct/2025:15:50:27 -0300] "GET /cormun/servlet/solicitudot?32b4989cb476bc699d6f9c74173d096bed871c68b930825b4db0c8d0d2b06320,gx-no-cache=1759863150441 HTTP/1.1" 200 53
201.186.225.193 - - [07/Oct/2025:15:50:35 -0300] "POST /cormun/servlet/trlicencias?f2513a842ff126ce5f577025b343c2d9,,gx-no-cache=1759863158906 HTTP/1.1" 200 5682
201.186.225.193 - - [07/Oct/2025:15:50:37 -0300] "POST /cormun/servlet/trlicencias?f2513a842ff126ce5f577025b343c2d9,,gx-no-cache=1759863160801 HTTP/1.1" 200 5682
201.186.225.193 - - [07/Oct/2025:15:50:53 -0300] "POST /cormun/servlet/trlicencias?f2513a842ff126ce5f577025b343c2d9,,gx-no-cache=1759863176978 HTTP/1.1" 200 4455
190.95.15.23 - - [07/Oct/2025:15:50:54 -0300] "GET /cormun/servlet/solicitudot?32b4989cb476bc699d6f9c74173d096ba243a6d0d465cbdda9cad15fcc88f754d49c5089ff7783b681e2ff742514b615617565dce0e557bb5710a9b2dbbfbd6770a03447d4b474ea7ae84442fad551ca27f9a40b362087b6a195ba5e5de0daef4c870cc02f0e24822fbe0f598ffd8cdc11079e595ecd01cc77b05787d4ef9a3b8e7dc05ed3e8505a20ef7437cf3fcd49492bee3d307789e82da56fa6cc3ad914ccdfef9aa795dbd8308d6ed69c0e7054ae22f3ddb60244efd9221797c1b9cf096f46a2ce8828953effdcd222f747ac61f6e59496a2dcaa78c99b751465899c36d5992a49a596183b2edb7b02b25ff5d7188c82a2d37802f35da45b09b47f2ac432e47f5f69305f8e1a21d4bde3845be2e942355116198b82d0ca44760b1c09a5b80697de8d0d29fd387694c12e7113ebac343b91525f400a8b24401a064ec86a87c7b6080f3bbd4f5532f74fc6388baa,gx-no-cache=1759863177545 HTTP/1.1" 200 255
201.186.225.193 - - [07/Oct/2025:15:50:56 -0300] "POST /cormun/servlet/trlicencias?f2513a842ff126ce5f577025b343c2d9,,gx-no-cache=1759863179241 HTTP/1.1" 200 4454
190.95.15.23 - - [07/Oct/2025:15:50:58 -0300] "GET /cormun/servlet/solicitudot?32b4989cb476bc699d6f9c74173d096b10d1b2ed35f98440dfed59b59cffa784692bf153254c6ba3291704ba445ecae2d56e50970bc388ab44b007e975da35aab4cce421501e345217b142fd480610f8eecfa78cd1f4c80f1960d16696c09aa5910e02a1bf65c19c602cba15b39b304a49b0235fa9a50154860fbdd2ee636bd96eacc01d342ce3bd1f4283df4a33f5951f5f70cee6d3bd88426fef199241cdcc58c71fea93852d008fc620696a20a4e794c26b283e86914fd4ed3e70500d194189ad73f014cdc763d58415e661d0f0af0e849c8123656008568a77a6ed67dd1f8f047d10276d5fd9de7ccaf6909b5692efe36afe2cb8fb5cbfa96c791b65bed76ed34c4f096687b1cae15e839e1497a864509a4b67dfca115eca02da2d7fb58c39f2a049af08eaeeac0c9dfd133a2547c6e6324db2ddfc56cecb4c3fc702bb5ef4344be06965ccd2e8ee48df5a2fc45bbd82843ce26a9ff795d61fde007ee4fe21381edf25bb2af9c9a67db6fa306cd993e7117aadd2b48117bafc5dec4d13fb,gx-no-cache=1759863181721 HTTP/1.1" 200 30
201.186.225.193 - - [07/Oct/2025:15:51:32 -0300] "POST /cormun/servlet/trlicencias?f2513a842ff126ce5f577025b343c2d9,,gx-no-cache=1759863215673 HTTP/1.1" 200 4453
201.186.225.193 - - [07/Oct/2025:15:51:33 -0300] "POST /cormun/servlet/trlicencias?f2513a842ff126ce5f577025b343c2d9,,gx-no-cache=1759863217041 HTTP/1.1" 200 4457
190.95.15.23 - - [07/Oct/2025:15:51:35 -0300] "POST /cormun/servlet/solicitudot?gx-no-cache=1759863218624 HTTP/1.1" 200 30
190.95.15.23 - - [07/Oct/2025:15:51:37 -0300] "POST /cormun/servlet/solicitudot?gx-no-cache=1759863221150 HTTP/1.1" 200 1474
190.95.15.23 - - [07/Oct/2025:15:51:37 -0300] "POST /cormun/servlet/solicitudot?gx-no-cache=1759863221179 HTTP/1.1" 200 38
201.186.225.193 - - [07/Oct/2025:15:51:49 -0300] "POST /cormun/servlet/trlicencias?f2513a842ff126ce5f577025b343c2d9,,gx-no-cache=1759863232970 HTTP/1.1" 200 4456
201.186.225.193 - - [07/Oct/2025:15:51:51 -0300] "POST /cormun/servlet/trlicencias?f2513a842ff126ce5f577025b343c2d9,,gx-no-cache=1759863234609 HTTP/1.1" 200 4459
201.186.225.193 - - [07/Oct/2025:15:52:12 -0300] "POST /cormun/servlet/trlicencias?f2513a842ff126ce5f577025b343c2d9,,gx-no-cache=1759863256041 HTTP/1.1" 200 4457
201.186.225.193 - - [07/Oct/2025:15:52:13 -0300] "POST /cormun/servlet/trlicencias?f2513a842ff126ce5f577025b343c2d9,,gx-no-cache=1759863257048 HTTP/1.1" 200 4455
201.186.225.193 - - [07/Oct/2025:15:52:57 -0300] "POST /cormun/servlet/trlicencias?f2513a842ff126ce5f577025b343c2d9,,gx-no-cache=1759863300818 HTTP/1.1" 200 4454
201.186.225.193 - - [07/Oct/2025:15:52:59 -0300] "POST /cormun/servlet/trlicencias?f2513a842ff126ce5f577025b343c2d9,,gx-no-cache=1759863302505 HTTP/1.1" 200 4457
201.186.225.193 - - [07/Oct/2025:15:52:59 -0300] "POST /cormun/servlet/trlicencias?f2513a842ff126ce5f577025b343c2d9,,gx-no-cache=1759863303129 HTTP/1.1" 200 4458
201.186.225.193 - - [07/Oct/2025:15:53:34 -0300] "POST /cormun/servlet/trlicencias?f2513a842ff126ce5f577025b343c2d9,,gx-no-cache=1759863337873 HTTP/1.1" 200 4559
201.186.225.193 - - [07/Oct/2025:15:53:34 -0300] "GET /cormun/static/Resources/PXToolsGridNext.gif HTTP/1.1" 200 369
201.186.225.193 - - [07/Oct/2025:15:53:34 -0300] "GET /cormun/static/Resources/PXToolsGridLast.gif HTTP/1.1" 200 370
201.186.225.193 - - [07/Oct/2025:15:53:36 -0300] "POST /cormun/servlet/trlicencias?f2513a842ff126ce5f577025b343c2d9,,gx-no-cache=1759863339376 HTTP/1.1" 200 6237
201.186.225.193 - - [07/Oct/2025:15:53:44 -0300] "GET /cormun/servlet/alicenciaprn?17526245,L,20250929000000,PU HTTP/1.1" 200 1534
201.186.225.193 - - [07/Oct/2025:15:53:50 -0300] "GET /cormun/servlet/alicenciaprn?17526245,L,20250926000000,PU HTTP/1.1" 200 1537
201.186.225.193 - - [07/Oct/2025:15:53:54 -0300] "GET /cormun/servlet/alicenciaprn?17526245,L,20250819000000,PU HTTP/1.1" 200 1530
190.95.67.99 - - [07/Oct/2025:15:54:18 -0300] "GET /cormun/servlet/trpermisosgoce? HTTP/1.1" 200 12237
190.95.67.99 - - [07/Oct/2025:15:54:26 -0300] "GET /cormun/servlet/permisogoce?INS,0,,, HTTP/1.1" 200 7213
190.95.67.99 - - [07/Oct/2025:15:54:47 -0300] "GET /cormun/servlet/permisogoce?aba41d91e66ba342afd708412c1e10a473f87ad50bc9a172fa5f63b360b96dd2661f3c8c897db71c2e550848fb3ce6282514611d141413cc990c024ef3d782ba,gx-no-cache=1759863412426 HTTP/1.1" 200 78
190.95.67.99 - - [07/Oct/2025:15:54:57 -0300] "GET /cormun/servlet/permisogoce?aba41d91e66ba342afd708412c1e10a47cf59526bfae89fcc0aa0d405ce5dad9c67179802d69b4bbb6760b543efef497435e8ef7ab3de2f6f64054f7cca3c038,gx-no-cache=1759863422073 HTTP/1.1" 200 47
190.95.67.99 - - [07/Oct/2025:15:55:00 -0300] "POST /cormun/servlet/permisogoce?6e696cf4e550dd5318dbce4ab5673b1b,INS,0,,,,gx-no-cache=1759863424274 HTTP/1.1" 200 93
190.95.67.99 - - [07/Oct/2025:15:55:00 -0300] "GET /cormun/servlet/hpexe_return? HTTP/1.1" 200 1010
190.95.67.99 - - [07/Oct/2025:15:55:00 -0300] "GET /cormun/servlet/trpermisosgoce HTTP/1.1" 200 12458
190.95.67.99 - - [07/Oct/2025:15:55:06 -0300] "GET /cormun/servlet/apermisogoceprn?17522932,P,20251007155622,PU HTTP/1.1" 200 1661
190.95.67.93 - - [07/Oct/2025:15:55:56 -0300] "GET /cormun/servlet/trlicencias? HTTP/1.1" 200 6050
190.95.67.93 - - [07/Oct/2025:15:55:57 -0300] "GET /cormun/servlet/hlogin HTTP/1.1" 200 1741
200.126.116.145 - - [07/Oct/2025:15:56:41 -0300] "GET /cormun/servlet/trlicencias? HTTP/1.1" 200 6044
200.126.116.145 - - [07/Oct/2025:15:56:42 -0300] "GET /cormun/servlet/hlogin HTTP/1.1" 200 1735
172.225.83.59 - - [07/Oct/2025:15:58:41 -0300] "GET /cormun/servlet/hlogin HTTP/1.1" 200 1719
172.225.83.59 - - [07/Oct/2025:15:58:49 -0300] "POST /cormun/servlet/hlogin?22d94c75835c3bb44512409e109e9d06,gx-no-cache=1759863651629 HTTP/1.1" 200 90
172.225.83.59 - - [07/Oct/2025:15:58:49 -0300] "GET /cormun/servlet/hpexe_link HTTP/1.1" 200 948
172.225.83.59 - - [07/Oct/2025:15:58:50 -0300] "GET /cormun/servlet/hhome HTTP/1.1" 200 4261
172.225.83.59 - - [07/Oct/2025:15:58:52 -0300] "GET /cormun/servlet/trlicencias? HTTP/1.1" 200 12723
172.225.83.59 - - [07/Oct/2025:15:59:00 -0300] "GET /cormun/servlet/licenciaspermisos?DSP,19019395,L,20251003000000, HTTP/1.1" 200 7375
172.225.83.59 - - [07/Oct/2025:15:59:01 -0300] "GET /cormun/static/Resources/prompt.gif HTTP/1.1" 200 902
172.225.83.59 - - [07/Oct/2025:15:59:01 -0300] "ÿû“ž…QŽT¸}ä°§OrJŒ ÇÑÜËnO¤w´¯Ï ¢ÎŒçÉm¡Æê‡‰îè Mñ­Ìbià(wïaâ(R;‘×*ººÀ,À+Ì©À0À/̨À" 400 -
172.225.83.59 - - [07/Oct/2025:15:59:02 -0300] "GET /cormun/static/licenciaspermisos.js?2020121532136 HTTP/1.1" 200 38753
201.186.225.193 - - [07/Oct/2025:15:59:35 -0300] "POST /cormun/servlet/trlicencias?f2513a842ff126ce5f577025b343c2d9,,gx-no-cache=1759863698578 HTTP/1.1" 200 6914
201.186.225.193 - - [07/Oct/2025:15:59:47 -0300] "GET /cormun/servlet/alicenciaprn?11340821,L,20250821000000,PU HTTP/1.1" 200 1543
201.186.225.193 - - [07/Oct/2025:15:59:52 -0300] "GET /cormun/servlet/alicenciaprn?11340821,L,20250806000000,PU HTTP/1.1" 200 1549
201.186.225.193 - - [07/Oct/2025:15:59:56 -0300] "GET /cormun/servlet/alicenciaprn?11340821,L,20250722000000,PU HTTP/1.1" 200 1547
201.186.225.193 - - [07/Oct/2025:16:00:00 -0300] "GET /cormun/servlet/alicenciaprn?11340821,L,20250707000000,PU HTTP/1.1" 200 1546
201.186.225.193 - - [07/Oct/2025:16:00:35 -0300] "GET /cormun/servlet/alicenciaprn?11340821,L,20250707000000,PU HTTP/1.1" 200 1551
201.186.225.193 - - [07/Oct/2025:16:00:41 -0300] "GET /cormun/servlet/alicenciaprn?11340821,L,20250613000000,PU HTTP/1.1" 200 1547
201.186.225.193 - - [07/Oct/2025:16:00:45 -0300] "GET /cormun/servlet/alicenciaprn?11340821,L,20250530000000,PU HTTP/1.1" 200 1552
179.57.78.71 - - [07/Oct/2025:16:03:07 -0300] "GET /cormun/servlet/hlogin HTTP/1.1" 200 1724
179.57.78.71 - - [07/Oct/2025:16:03:11 -0300] "POST /cormun/servlet/hlogin?4edb0298dd954153795ec423e1699874,gx-no-cache=1759863915504 HTTP/1.1" 200 90
179.57.78.71 - - [07/Oct/2025:16:03:11 -0300] "GET /cormun/servlet/hpexe_link HTTP/1.1" 200 956
179.57.78.71 - - [07/Oct/2025:16:03:12 -0300] "GET /cormun/servlet/hhome HTTP/1.1" 200 4268
179.57.78.71 - - [07/Oct/2025:16:03:15 -0300] "GET /cormun/servlet/trlicencias? HTTP/1.1" 200 12728
190.95.1.185 - - [07/Oct/2025:16:03:26 -0300] "GET /cormun/servlet/hlogin HTTP/1.1" 200 1710
190.95.1.185 - - [07/Oct/2025:16:03:29 -0300] "POST /cormun/servlet/hlogin?c07cf979730a153661670217ca08c66c,gx-no-cache=1759867525200 HTTP/1.1" 200 90
190.95.1.185 - - [07/Oct/2025:16:03:29 -0300] "GET /cormun/servlet/hpexe_link HTTP/1.1" 200 942
190.95.1.185 - - [07/Oct/2025:16:03:29 -0300] "GET /cormun/servlet/hhome HTTP/1.1" 200 4471
190.95.1.185 - - [07/Oct/2025:16:03:32 -0300] "GET /cormun/servlet/trlicencias? HTTP/1.1" 200 10974
190.95.15.9 - - [07/Oct/2025:16:04:58 -0300] "POST /cormun/servlet/trlicencias?9a255c5c3a718dfb2a2a8e7da31165ed,gx-no-cache=1759864020549 HTTP/1.1" 440 972
190.95.15.9 - - [07/Oct/2025:16:05:00 -0300] "GET /cormun/servlet/trlicencias HTTP/1.1" 200 6047
190.95.15.9 - - [07/Oct/2025:16:05:01 -0300] "GET /cormun/servlet/hlogin HTTP/1.1" 200 1736
190.95.67.91 - - [07/Oct/2025:16:05:03 -0300] "POST /cormun/servlet/trlicencias?079771b90c7590cf4445085688612e7d,,gx-no-cache=1759864026535 HTTP/1.1" 200 16713
190.95.15.9 - - [07/Oct/2025:16:05:04 -0300] "POST /cormun/servlet/hlogin?3628b7c2eefad5d37b4f9b521f676e0a,gx-no-cache=1759864025983 HTTP/1.1" 200 90
190.95.15.9 - - [07/Oct/2025:16:05:04 -0300] "GET /cormun/servlet/hpexe_link HTTP/1.1" 200 955
190.95.15.9 - - [07/Oct/2025:16:05:04 -0300] "GET /cormun/servlet/trlicencias HTTP/1.1" 200 13559
190.95.15.23 - - [07/Oct/2025:16:05:45 -0300] "GET /cormun/servlet/solicitudot?32b4989cb476bc699d6f9c74173d096b221761fdda3c77b0bce0c4f7c4004da6213fcbac78957be458f6d5870827c4ab821926f52030227c874e704f3c860db38b9c60654572c9b3d5ef5a8df86faefbe138ed11cc4265fddb9364875d3f6d1e4e31ec6dceec7097641fd37eba17d309,gx-no-cache=1759864068695 HTTP/1.1" 200 110
190.95.1.185 - - [07/Oct/2025:16:06:00 -0300] "GET /cormun/servlet/hlogin HTTP/1.1" 200 1718
190.95.1.185 - - [07/Oct/2025:16:06:03 -0300] "POST /cormun/servlet/hlogin?88eb6b73857401e9b0a72cd970faa37f,gx-no-cache=1759864086593 HTTP/1.1" 200 90
190.95.1.185 - - [07/Oct/2025:16:06:17 -0300] "GET /cormun/servlet/hpexe_link HTTP/1.1" 200 955
190.95.1.185 - - [07/Oct/2025:16:06:17 -0300] "GET /cormun/servlet/trpermisosgoce HTTP/1.1" 200 14637
190.95.1.185 - - [07/Oct/2025:16:06:21 -0300] "GET /cormun/servlet/permisogoce?INS,0,,, HTTP/1.1" 200 7382
190.95.15.9 - - [07/Oct/2025:16:06:29 -0300] "POST /cormun/servlet/trlicencias?3628b7c2eefad5d37b4f9b521f676e0a,gx-no-cache=1759864110564 HTTP/1.1" 200 11235
190.95.1.185 - - [07/Oct/2025:16:06:46 -0300] "GET /cormun/servlet/permisogoce?00abb7807c8afbfd4438b7bf1d001e571ad25f4f9636a538f8b30e9a1a122046b6fd33322580765fe678d93ca340abecda1d3e02d8e19fb7c31b38b4cb7f42fb,gx-no-cache=1759864129353 HTTP/1.1" 200 91
190.95.1.185 - - [07/Oct/2025:16:06:46 -0300] "GET /cormun/static/menuarrow.gif HTTP/1.1" 404 1015
190.95.1.185 - - [07/Oct/2025:16:06:52 -0300] "GET /cormun/servlet/permisogoce?00abb7807c8afbfd4438b7bf1d001e573e89328ef286d16443ca99d5f15a1df453d108aa8f4a46b0ab2d21cb11f8f7cba2601efeacb706dd756a85b1dc4c26ec,gx-no-cache=1759864135167 HTTP/1.1" 200 47
190.95.1.185 - - [07/Oct/2025:16:07:03 -0300] "POST /cormun/servlet/permisogoce?88eb6b73857401e9b0a72cd970faa37f,INS,0,,,,gx-no-cache=1759864145746 HTTP/1.1" 200 93
190.95.1.185 - - [07/Oct/2025:16:07:03 -0300] "GET /cormun/servlet/hpexe_return? HTTP/1.1" 200 1009
190.95.1.185 - - [07/Oct/2025:16:07:03 -0300] "GET /cormun/servlet/trpermisosgoce HTTP/1.1" 200 14882
190.95.1.185 - - [07/Oct/2025:16:07:07 -0300] "GET /cormun/servlet/apermisogoceprn?16884603,P,20251007160817,PU HTTP/1.1" 200 1697
190.95.1.185 - - [07/Oct/2025:16:07:19 -0300] "GET /cormun/servlet/trpermisosadjuntos?17504273,20251007152533,P, HTTP/1.1" 200 6827
190.95.1.185 - - [07/Oct/2025:16:07:28 -0300] "GET /cormun/servlet/permisosadjuntos?INS,17504273,P,20251007152533,, HTTP/1.1" 200 6127
190.95.1.185 - - [07/Oct/2025:16:07:28 -0300] "GET /cormun/static/about:blank HTTP/1.1" 404 1011
190.95.15.23 - - [07/Oct/2025:16:07:33 -0300] "POST /cormun/servlet/solicitudot?gx-no-cache=1759864176217 HTTP/1.1" 200 97
190.95.1.185 - - [07/Oct/2025:16:07:39 -0300] "POST /cormun/servlet/permisosadjuntos?88eb6b73857401e9b0a72cd970faa37f,INS,17504273,P,20251007152533,, HTTP/1.1" 200 116
190.95.1.185 - - [07/Oct/2025:16:07:39 -0300] "GET /cormun/servlet/hpexe_return? HTTP/1.1" 200 1037
190.95.1.185 - - [07/Oct/2025:16:07:39 -0300] "GET /cormun/servlet/trpermisosadjuntos?17504273,20251007152533,P, HTTP/1.1" 200 7322
190.95.1.185 - - [07/Oct/2025:16:07:41 -0300] "POST /cormun/servlet/trpermisosadjuntos?88eb6b73857401e9b0a72cd970faa37f,17504273,20251007152533,P,,gx-no-cache=1759864184049 HTTP/1.1" 200 90
190.95.1.185 - - [07/Oct/2025:16:07:41 -0300] "GET /cormun/servlet/hpexe_link HTTP/1.1" 200 981
190.95.1.185 - - [07/Oct/2025:16:07:41 -0300] "GET /cormun/servlet/trpermisosgoce HTTP/1.1" 200 14879
190.95.15.23 - - [07/Oct/2025:16:07:51 -0300] "GET /cormun/servlet/solicitudot?32b4989cb476bc699d6f9c74173d096b3841160887e02e7df743979e9103e894188c82a2d37802f35da45b09b47f2ac432e47f5f69305f8e1a21d4bde3845be2d69cd8fe607dea25622323c7bcf682cf,gx-no-cache=1759864194566 HTTP/1.1" 200 29
190.95.15.23 - - [07/Oct/2025:16:07:51 -0300] "GET /cormun/static/menuarrow.gif HTTP/1.1" 404 1015
190.95.15.23 - - [07/Oct/2025:16:08:00 -0300] "GET /cormun/servlet/solicitudot?32b4989cb476bc699d6f9c74173d096bb872f0d74a58f6d699f698103b62a00b467b6500f4270d94eb1fe85c8eaacb50,gx-no-cache=1759864203854 HTTP/1.1" 200 134
190.95.1.185 - - [07/Oct/2025:16:08:08 -0300] "GET /cormun/servlet/trpermisosadjuntos?14449188,20251007152613,P, HTTP/1.1" 200 6821
190.95.1.185 - - [07/Oct/2025:16:08:09 -0300] "GET /cormun/servlet/permisosadjuntos?INS,14449188,P,20251007152613,, HTTP/1.1" 200 6120
190.95.1.185 - - [07/Oct/2025:16:08:09 -0300] "GET /cormun/static/about:blank HTTP/1.1" 404 1011
190.95.1.185 - - [07/Oct/2025:16:08:28 -0300] "POST /cormun/servlet/permisosadjuntos?88eb6b73857401e9b0a72cd970faa37f,INS,14449188,P,20251007152613,, HTTP/1.1" 200 116
190.95.1.185 - - [07/Oct/2025:16:08:28 -0300] "GET /cormun/servlet/hpexe_return? HTTP/1.1" 200 1038
190.95.1.185 - - [07/Oct/2025:16:08:28 -0300] "GET /cormun/servlet/trpermisosadjuntos?14449188,20251007152613,P, HTTP/1.1" 200 7316
147.185.132.126 - - [07/Oct/2025:16:08:35 -0300] "îê1•þ¶D@G`©#­"aäz;¸ILŠŸ€ Š—_‰† xîûq-%fåó°N,m,O=ÍuN#nâymsï&À+À/À,À0̨̩À ÀÀ" 400 -
147.185.132.126 - - [07/Oct/2025:16:08:35 -0300] "ÊÆ/Ø>}ÊV]}üúâÞ?„ƒ°Y:Qª˜åôÄå¢aBhÌÌÀ/À+À0À,ÀÀÀ'À#ÀÀ À(À$ÀÀ " 400 -
190.95.15.23 - - [07/Oct/2025:16:08:43 -0300] "GET /cormun/servlet/solicitudot?32b4989cb476bc699d6f9c74173d096baa44946b3dbb9a65e8f36b872ecda4d6,gx-no-cache=1759864246797 HTTP/1.1" 200 30
190.95.1.185 - - [07/Oct/2025:16:08:48 -0300] "GET /cormun/servlet/trpermisosgoce? HTTP/1.1" 200 14889
190.95.15.23 - - [07/Oct/2025:16:08:48 -0300] "POST /cormun/servlet/solicitudot?gx-no-cache=1759864251739 HTTP/1.1" 200 30
190.95.1.185 - - [07/Oct/2025:16:08:58 -0300] "GET /cormun/servlet/permisogoce?INS,0,,, HTTP/1.1" 200 7382
190.95.1.185 - - [07/Oct/2025:16:09:07 -0300] "GET /cormun/servlet/permisogoce?00abb7807c8afbfd4438b7bf1d001e57e676360e46ea7996bc54ae3950b07c5fb6fd33322580765fe678d93ca340abecda1d3e02d8e19fb7c31b38b4cb7f42fb,gx-no-cache=1759864270137 HTTP/1.1" 200 84
190.95.1.185 - - [07/Oct/2025:16:09:29 -0300] "GET /cormun/servlet/permisogoce?00abb7807c8afbfd4438b7bf1d001e57a0dfcb9b3387db5a2d69936c6518ad803dd925a5c4a0c054e9d1cab5ba608585a2601efeacb706dd756a85b1dc4c26ec,gx-no-cache=1759864292408 HTTP/1.1" 200 45
190.95.1.185 - - [07/Oct/2025:16:09:31 -0300] "POST /cormun/servlet/permisogoce?88eb6b73857401e9b0a72cd970faa37f,INS,0,,,,gx-no-cache=1759864293985 HTTP/1.1" 200 93
190.95.1.185 - - [07/Oct/2025:16:09:31 -0300] "GET /cormun/servlet/hpexe_return? HTTP/1.1" 200 1009
190.95.1.185 - - [07/Oct/2025:16:09:31 -0300] "GET /cormun/servlet/trpermisosgoce HTTP/1.1" 200 15092
179.57.78.71 - - [07/Oct/2025:16:09:38 -0300] "GET /cormun/servlet/hlogin HTTP/1.1" 200 1737
179.57.78.71 - - [07/Oct/2025:16:09:41 -0300] "POST /cormun/servlet/hlogin?ddb0705e3f8c481698729291ee3484a1,gx-no-cache=1759864304598 HTTP/1.1" 200 90
179.57.78.71 - - [07/Oct/2025:16:09:41 -0300] "GET /cormun/servlet/hpexe_link HTTP/1.1" 200 951
179.57.78.71 - - [07/Oct/2025:16:09:42 -0300] "GET /cormun/servlet/hhome HTTP/1.1" 200 4263
190.95.1.185 - - [07/Oct/2025:16:09:44 -0300] "GET /cormun/servlet/apermisogoceprn?15495088,P,20251007161054,PU HTTP/1.1" 200 1658
179.57.78.71 - - [07/Oct/2025:16:09:49 -0300] "GET /cormun/servlet/trlicencias? HTTP/1.1" 200 12725
190.95.1.185 - - [07/Oct/2025:16:09:54 -0300] "GET /cormun/servlet/permisogoce?UPD,14449188,P,20251007152613, HTTP/1.1" 200 7435
190.95.1.185 - - [07/Oct/2025:16:09:54 -0300] "GET /cormun/servlet/permisogoce?00abb7807c8afbfd4438b7bf1d001e5768c7db7b39f3eb8fc6c089592a5d68d22c8e0920d9d27e0a9ed4b6272e807c7bf36623f80f722ebaf4dc0789b208c065,gx-no-cache=1759864317925 HTTP/1.1" 200 77
190.95.1.185 - - [07/Oct/2025:16:09:57 -0300] "GET /cormun/servlet/permisogoce?00abb7807c8afbfd4438b7bf1d001e57516bbd2e8d6a33e89a76653eed44a1fe50e9f0c321d329c78ae2eb4c2f181c0e8cfa229a77a146d60c2252042ffe6201,gx-no-cache=1759864320944 HTTP/1.1" 200 47
190.95.1.185 - - [07/Oct/2025:16:09:58 -0300] "POST /cormun/servlet/permisogoce?88eb6b73857401e9b0a72cd970faa37f,UPD,14449188,P,20251007152613,,gx-no-cache=1759864320963 HTTP/1.1" 200 93
190.95.1.185 - - [07/Oct/2025:16:09:58 -0300] "GET /cormun/servlet/hpexe_return? HTTP/1.1" 200 1028
190.95.1.185 - - [07/Oct/2025:16:09:58 -0300] "GET /cormun/servlet/trpermisosgoce HTTP/1.1" 200 15093
190.95.15.23 - - [07/Oct/2025:16:10:00 -0300] "POST /cormun/servlet/solicitudot?f7a47deb24f434e1a6efc6d27665ed84,INS,0,0,false,,gx-no-cache=1759864323553 HTTP/1.1" 200 13271
190.95.1.185 - - [07/Oct/2025:16:10:01 -0300] "GET /cormun/servlet/apermisogoceprn?14449188,P,20251007152613,PU HTTP/1.1" 200 1663
190.95.1.185 - - [07/Oct/2025:16:10:42 -0300] "GET /cormun/servlet/trpermisosadjuntos?9390855,20251007153336,P, HTTP/1.1" 200 6821
190.95.1.185 - - [07/Oct/2025:16:10:44 -0300] "GET /cormun/servlet/permisosadjuntos?INS,9390855,P,20251007153336,, HTTP/1.1" 200 6118
190.95.1.185 - - [07/Oct/2025:16:10:44 -0300] "GET /cormun/static/about:blank HTTP/1.1" 404 1011
172.225.83.62 - - [07/Oct/2025:16:10:46 -0300] "-" 400 -
172.225.83.62 - - [07/Oct/2025:16:10:47 -0300] "GET /cormun/servlet/hlogin HTTP/1.1" 200 1735
190.95.1.185 - - [07/Oct/2025:16:11:04 -0300] "POST /cormun/servlet/permisosadjuntos?88eb6b73857401e9b0a72cd970faa37f,INS,9390855,P,20251007153336,, HTTP/1.1" 200 116
190.95.1.185 - - [07/Oct/2025:16:11:04 -0300] "GET /cormun/servlet/hpexe_return? HTTP/1.1" 200 1037
190.95.1.185 - - [07/Oct/2025:16:11:04 -0300] "GET /cormun/servlet/trpermisosadjuntos?9390855,20251007153336,P, HTTP/1.1" 200 7317
190.95.15.23 - - [07/Oct/2025:16:13:32 -0300] "POST /cormun/servlet/solicitudot?f7a47deb24f434e1a6efc6d27665ed84,INS,0,0,false,,gx-no-cache=1759864535583 HTTP/1.1" 200 13345
190.95.1.185 - - [07/Oct/2025:16:14:37 -0300] "POST /cormun/servlet/trpermisosadjuntos?88eb6b73857401e9b0a72cd970faa37f,9390855,20251007153336,P,,gx-no-cache=1759864600330 HTTP/1.1" 200 90
190.95.1.185 - - [07/Oct/2025:16:14:37 -0300] "GET /cormun/servlet/hpexe_link HTTP/1.1" 200 981
190.95.1.185 - - [07/Oct/2025:16:14:37 -0300] "GET /cormun/servlet/trpermisosgoce HTTP/1.1" 200 15090
190.95.1.185 - - [07/Oct/2025:16:14:52 -0300] "POST /cormun/servlet/trpermisosgoce?88eb6b73857401e9b0a72cd970faa37f,gx-no-cache=1759864606043 HTTP/1.1" 200 12231
190.95.1.185 - - [07/Oct/2025:16:14:52 -0300] "GET /cormun/static/Shared/jqueryui/images/ui-bg_highlight-soft_100_c6c2c8_1x100.png HTTP/1.1" 404 1117
190.95.1.185 - - [07/Oct/2025:16:14:52 -0300] "GET /cormun/static/Shared/jqueryui/images/ui-icons_82798d_256x240.png HTTP/1.1" 404 1089
190.95.1.185 - - [07/Oct/2025:16:14:52 -0300] "GET /cormun/static/Shared/jqueryui/images/ui-bg_flat_55_fafafa_40x100.png HTTP/1.1" 404 1097
190.95.1.185 - - [07/Oct/2025:16:14:52 -0300] "GET /cormun/static/Shared/jqueryui/images/ui-icons_8d78a5_256x240.png HTTP/1.1" 404 1089
190.95.1.185 - - [07/Oct/2025:16:15:48 -0300] "POST /cormun/servlet/trpermisosgoce?88eb6b73857401e9b0a72cd970faa37f,gx-no-cache=1759864670698 HTTP/1.1" 200 12208
190.95.1.185 - - [07/Oct/2025:16:15:52 -0300] "GET /cormun/servlet/trpermisosadjuntos?15724008,20251007154014,P, HTTP/1.1" 200 6827
190.95.1.185 - - [07/Oct/2025:16:15:53 -0300] "GET /cormun/servlet/permisosadjuntos?INS,15724008,P,20251007154014,, HTTP/1.1" 200 6127
190.95.1.185 - - [07/Oct/2025:16:15:53 -0300] "GET /cormun/static/about:blank HTTP/1.1" 404 1011
190.95.1.185 - - [07/Oct/2025:16:16:07 -0300] "POST /cormun/servlet/permisosadjuntos?88eb6b73857401e9b0a72cd970faa37f,INS,15724008,P,20251007154014,, HTTP/1.1" 200 116
190.95.1.185 - - [07/Oct/2025:16:16:07 -0300] "GET /cormun/servlet/hpexe_return? HTTP/1.1" 200 1037
190.95.1.185 - - [07/Oct/2025:16:16:07 -0300] "GET /cormun/servlet/trpermisosadjuntos?15724008,20251007154014,P, HTTP/1.1" 200 7321
190.95.1.185 - - [07/Oct/2025:16:16:11 -0300] "POST /cormun/servlet/trpermisosadjuntos?88eb6b73857401e9b0a72cd970faa37f,15724008,20251007154014,P,,gx-no-cache=1759864694358 HTTP/1.1" 200 90
190.95.1.185 - - [07/Oct/2025:16:16:11 -0300] "GET /cormun/servlet/hpexe_link HTTP/1.1" 200 1004
190.95.1.185 - - [07/Oct/2025:16:16:11 -0300] "GET /cormun/servlet/trpermisosgoce?gx-no-cache=1759864670698 HTTP/1.1" 200 15078
190.95.15.23 - - [07/Oct/2025:16:16:14 -0300] "GET /cormun/servlet/solicitudot?32b4989cb476bc699d6f9c74173d096b5b7322d4c1ea74d9c75ad0e4871027aefcb993eb4c604e426fb3df12a2dfab32,gx-no-cache=1759864697389 HTTP/1.1" 200 30
190.95.15.23 - - [07/Oct/2025:16:16:14 -0300] "POST /cormun/servlet/solicitudot?gx-no-cache=1759864697419 HTTP/1.1" 200 30
190.95.1.185 - - [07/Oct/2025:16:16:15 -0300] "POST /cormun/servlet/trpermisosgoce?88eb6b73857401e9b0a72cd970faa37f,gx-no-cache=1759864670698,gx-no-cache=1759864698483 HTTP/1.1" 200 12207
190.95.1.185 - - [07/Oct/2025:16:16:56 -0300] "GET /cormun/servlet/trautorizarpermisogoce? HTTP/1.1" 200 8940
190.95.1.185 - - [07/Oct/2025:16:17:13 -0300] "POST /cormun/servlet/trautorizarpermisogoce?88eb6b73857401e9b0a72cd970faa37f,,gx-no-cache=1759864756123 HTTP/1.1" 200 5792
190.95.15.23 - - [07/Oct/2025:16:18:44 -0300] "POST /cormun/servlet/solicitudot?f7a47deb24f434e1a6efc6d27665ed84,INS,0,0,false,,gx-no-cache=1759864848063 HTTP/1.1" 200 13445
190.95.15.23 - - [07/Oct/2025:16:18:48 -0300] "POST /cormun/servlet/solicitudot?f7a47deb24f434e1a6efc6d27665ed84,INS,0,0,false,,gx-no-cache=1759864851342 HTTP/1.1" 200 13506
190.95.15.23 - - [07/Oct/2025:16:19:23 -0300] "POST /cormun/servlet/solicitudot?f7a47deb24f434e1a6efc6d27665ed84,INS,0,0,false,,gx-no-cache=1759864886998 HTTP/1.1" 200 13565
190.95.15.23 - - [07/Oct/2025:16:19:25 -0300] "POST /cormun/servlet/solicitudot?f7a47deb24f434e1a6efc6d27665ed84,INS,0,0,false,,gx-no-cache=1759864889230 HTTP/1.1" 200 13603
190.95.15.23 - - [07/Oct/2025:16:19:26 -0300] "POST /cormun/servlet/solicitudot?f7a47deb24f434e1a6efc6d27665ed84,INS,0,0,false,,gx-no-cache=1759864889502 HTTP/1.1" 200 13649
190.95.15.23 - - [07/Oct/2025:16:19:28 -0300] "POST /cormun/servlet/solicitudot?f7a47deb24f434e1a6efc6d27665ed84,INS,0,0,false,,gx-no-cache=1759864891478 HTTP/1.1" 200 13692
190.95.15.23 - - [07/Oct/2025:16:19:28 -0300] "POST /cormun/servlet/solicitudot?f7a47deb24f434e1a6efc6d27665ed84,INS,0,0,false,,gx-no-cache=1759864891822 HTTP/1.1" 200 13736
190.95.1.185 - - [07/Oct/2025:16:19:57 -0300] "GET /cormun/servlet/trlicencias? HTTP/1.1" 200 10983
190.95.1.129 - - [07/Oct/2025:16:20:02 -0300] "GET /cormun/servlet/trpermisosgoce? HTTP/1.1" 200 6033
190.95.1.129 - - [07/Oct/2025:16:20:02 -0300] "GET /cormun/servlet/hlogin HTTP/1.1" 200 1744
190.95.1.129 - - [07/Oct/2025:16:20:11 -0300] "POST /cormun/servlet/hlogin?ba40ac509686342cd1cda4604f02189a,gx-no-cache=1759864935824 HTTP/1.1" 200 90
190.95.1.129 - - [07/Oct/2025:16:20:11 -0300] "GET /cormun/servlet/hpexe_link HTTP/1.1" 200 959
190.95.1.129 - - [07/Oct/2025:16:20:11 -0300] "GET /cormun/servlet/trpermisosgoce HTTP/1.1" 200 18623
190.95.1.129 - - [07/Oct/2025:16:20:21 -0300] "GET /cormun/servlet/permisogoce?UPD,19036652,P,20251007111913, HTTP/1.1" 200 7253
190.95.1.129 - - [07/Oct/2025:16:20:21 -0300] "GET /cormun/servlet/permisogoce?5c840301e1161157b9bc2f8fce04854d88b1ef64c073356fff5652f86a51ce31e04fe13dc03b5dd20799ab89940ce80045261b1036c373d0ac3334f396779031,gx-no-cache=1759864946573 HTTP/1.1" 200 76
190.95.1.129 - - [07/Oct/2025:16:20:27 -0300] "GET /cormun/servlet/permisogoce?5c840301e1161157b9bc2f8fce04854d26ac49160f559b68fdcc6f88b2961def7f7cd88f41bdb3650e01594119bf0ef9477f8fae7a382b0f4e71345d27805bc6,gx-no-cache=1759864952071 HTTP/1.1" 200 47
190.95.1.129 - - [07/Oct/2025:16:20:27 -0300] "POST /cormun/servlet/permisogoce?ba40ac509686342cd1cda4604f02189a,UPD,19036652,P,20251007111913,,gx-no-cache=1759864952089 HTTP/1.1" 200 93
190.95.1.129 - - [07/Oct/2025:16:20:27 -0300] "GET /cormun/servlet/hpexe_return? HTTP/1.1" 200 1032
190.95.1.129 - - [07/Oct/2025:16:20:27 -0300] "GET /cormun/servlet/trpermisosgoce HTTP/1.1" 200 18614
190.95.1.129 - - [07/Oct/2025:16:20:36 -0300] "GET /cormun/servlet/apermisogoceprn?19036652,P,20251007111913,PU HTTP/1.1" 200 1652
201.186.225.187 - - [07/Oct/2025:16:21:01 -0300] "GET /cormun/servlet/hlogin HTTP/1.1" 200 1722
201.186.225.187 - - [07/Oct/2025:16:21:07 -0300] "POST /cormun/servlet/hlogin?d7f429f50e041c7599fa31ecd50c1d8a,gx-no-cache=1759868596682 HTTP/1.1" 200 90
201.186.225.187 - - [07/Oct/2025:16:21:07 -0300] "GET /cormun/servlet/hpexe_link HTTP/1.1" 200 953
201.186.225.187 - - [07/Oct/2025:16:21:07 -0300] "GET /cormun/servlet/hhome HTTP/1.1" 200 3967
201.186.225.187 - - [07/Oct/2025:16:21:11 -0300] "GET /cormun/servlet/trlicencias? HTTP/1.1" 200 10750
201.186.225.187 - - [07/Oct/2025:16:21:11 -0300] "GET /cormun/servlet/trlicencias? HTTP/1.1" 200 10750
179.57.78.55 - - [07/Oct/2025:16:22:01 -0300] "GET /cormun/servlet/trlicencias? HTTP/1.1" 200 6045
179.57.78.55 - - [07/Oct/2025:16:22:01 -0300] "GET /cormun/servlet/hlogin HTTP/1.1" 200 1733
179.57.78.55 - - [07/Oct/2025:16:22:06 -0300] "POST /cormun/servlet/hlogin?9caa674fea71783cfa1781930ca00580,gx-no-cache=1759865049028 HTTP/1.1" 200 90
179.57.78.55 - - [07/Oct/2025:16:22:06 -0300] "GET /cormun/servlet/hpexe_link HTTP/1.1" 200 950
179.57.78.55 - - [07/Oct/2025:16:22:06 -0300] "GET /cormun/servlet/trlicencias HTTP/1.1" 200 10289
200.126.116.145 - - [07/Oct/2025:16:23:23 -0300] "POST /cormun/servlet/hlogin?4d29a6651d0c9dc2d49b424ef1721b7d,gx-no-cache=1759865127272 HTTP/1.1" 200 90
200.126.116.145 - - [07/Oct/2025:16:23:23 -0300] "GET /cormun/servlet/hpexe_link HTTP/1.1" 200 953
200.126.116.145 - - [07/Oct/2025:16:23:23 -0300] "GET /cormun/servlet/trlicencias HTTP/1.1" 200 15462
190.95.15.23 - - [07/Oct/2025:16:23:31 -0300] "GET /cormun/servlet/prfichaempleado?,MD,,gxPopupLevel%3D0%3B HTTP/1.1" 200 9285
190.95.15.23 - - [07/Oct/2025:16:23:31 -0300] "GET /cormun/static/gxcfg.js?20201215571085 HTTP/1.1" 200 953
200.126.116.145 - - [07/Oct/2025:16:23:31 -0300] "GET /cormun/servlet/trpermisosgoce? HTTP/1.1" 200 12312
190.95.15.23 - - [07/Oct/2025:16:23:31 -0300] "GET /cormun/static/prfichaempleado.js?20201215572193 HTTP/1.1" 200 16005
200.126.116.145 - - [07/Oct/2025:16:23:40 -0300] "GET /cormun/servlet/permisogoce?INS,0,,, HTTP/1.1" 200 7218
200.126.116.145 - - [07/Oct/2025:16:23:48 -0300] "GET /cormun/servlet/permisogoce?3a821af42f53283db062075601e9ed1e30796782ef002a12bd2feb82ef47cacfe404f7b0f8de5af44003c123fa6770cfdea9fa33bdd007220f5bcd5784e6b3ea,gx-no-cache=1759865152389 HTTP/1.1" 200 76
200.126.116.145 - - [07/Oct/2025:16:23:50 -0300] "GET /cormun/static/menuarrow.gif HTTP/1.1" 404 1015
200.126.116.145 - - [07/Oct/2025:16:23:57 -0300] "GET /cormun/servlet/permisogoce?3a821af42f53283db062075601e9ed1e2e7bc5b37746d799c4f34038bb4aa6a2b6e1decc587b9912631f97d002748895fcc189c8c9834d3c4cd0676717311fad,gx-no-cache=1759865161145 HTTP/1.1" 200 46
190.95.15.23 - - [07/Oct/2025:16:23:59 -0300] "POST /cormun/servlet/prfichaempleado?f7a47deb24f434e1a6efc6d27665ed84,,MD,,gxPopupLevel%3D0%3B,gx-no-cache=1759865162694 HTTP/1.1" 200 3173
200.126.116.145 - - [07/Oct/2025:16:23:59 -0300] "POST /cormun/servlet/permisogoce?4d29a6651d0c9dc2d49b424ef1721b7d,INS,0,,,,gx-no-cache=1759865162740 HTTP/1.1" 200 93
200.126.116.145 - - [07/Oct/2025:16:23:59 -0300] "GET /cormun/servlet/hpexe_return? HTTP/1.1" 200 1007
200.126.116.145 - - [07/Oct/2025:16:23:59 -0300] "GET /cormun/servlet/trpermisosgoce HTTP/1.1" 200 12589
200.126.116.145 - - [07/Oct/2025:16:24:17 -0300] "GET /cormun/servlet/apermisogoceprn?16856630,P,20251007162536,PU HTTP/1.1" 200 1667
190.95.15.23 - - [07/Oct/2025:16:24:33 -0300] "POST /cormun/servlet/solicitudot?gx-no-cache=1759865196416 HTTP/1.1" 200 4213
190.95.15.23 - - [07/Oct/2025:16:24:33 -0300] "GET /cormun/servlet/solicitudot?32b4989cb476bc699d6f9c74173d096b10d1b2ed35f98440dfed59b59cffa784692bf153254c6ba3291704ba445ecae2d56e50970bc388ab44b007e975da35aab4cce421501e345217b142fd480610f8eecfa78cd1f4c80f1960d16696c09aa5910e02a1bf65c19c602cba15b39b304a49b0235fa9a50154860fbdd2ee636bd96eacc01d342ce3bd1f4283df4a33f5951f5f70cee6d3bd88426fef199241cdcc58c71fea93852d008fc620696a20a4e794c26b283e86914fd4ed3e70500d194189ad73f014cdc763d58415e661d0f0af0e849c8123656008568a77a6ed67dd1f8f047d10276d5fd9de7ccaf6909b5692efe36afe2cb8fb5cbfa96c791b65bed76ed34c4f096687b1cae15e839e1497a864509a4b67dfca115eca02da2d7fb58c39f2a049af08eaeeac0c9dfd133a2547c6e6324db2ddfc56cecb4c3fc702bb5ef4344be06965ccd2e8ee48df5a2fc45bbd82843ce26a9ff795d61fde007ee4fe21381edf25bb2af9c9a67db6fa306cd9b478a4a9788032c14e1ba603f3369630,gx-no-cache=1759865196556 HTTP/1.1" 200 30
190.95.15.23 - - [07/Oct/2025:16:24:33 -0300] "POST /cormun/servlet/solicitudot?gx-no-cache=1759865196573 HTTP/1.1" 200 30
190.95.15.23 - - [07/Oct/2025:16:24:33 -0300] "POST /cormun/servlet/solicitudot?gx-no-cache=1759865196594 HTTP/1.1" 200 1482
190.95.15.23 - - [07/Oct/2025:16:24:33 -0300] "POST /cormun/servlet/solicitudot?gx-no-cache=1759865196623 HTTP/1.1" 200 41
190.95.15.23 - - [07/Oct/2025:16:24:33 -0300] "GET /cormun/servlet/solicitudot?32b4989cb476bc699d6f9c74173d096b221761fdda3c77b0bce0c4f7c4004da6213fcbac78957be458f6d5870827c4ab821926f52030227c874e704f3c860db38b9c60654572c9b3d5ef5a8df86faefbe138ed11cc4265fddb9364875d3f6d1e4e31ec6dceec7097641fd37eba17d309,gx-no-cache=1759865196641 HTTP/1.1" 200 110
190.95.15.23 - - [07/Oct/2025:16:24:33 -0300] "POST /cormun/servlet/solicitudot?gx-no-cache=1759865196662 HTTP/1.1" 200 97
190.95.15.23 - - [07/Oct/2025:16:24:33 -0300] "GET /cormun/servlet/solicitudot?32b4989cb476bc699d6f9c74173d096b5b7322d4c1ea74d9c75ad0e4871027aefcb993eb4c604e426fb3df12a2dfab32,gx-no-cache=1759865196684 HTTP/1.1" 200 30
190.95.15.23 - - [07/Oct/2025:16:24:33 -0300] "POST /cormun/servlet/solicitudot?gx-no-cache=1759865196705 HTTP/1.1" 200 30
190.95.15.23 - - [07/Oct/2025:16:24:33 -0300] "POST /cormun/servlet/solicitudot?f7a47deb24f434e1a6efc6d27665ed84,INS,0,0,false,,gx-no-cache=1759865196732 HTTP/1.1" 200 13871
190.95.15.23 - - [07/Oct/2025:16:24:37 -0300] "GET /cormun/servlet/prfichaempleado?,MD,,gxPopupLevel%3D0%3B HTTP/1.1" 200 9285
190.95.15.23 - - [07/Oct/2025:16:24:42 -0300] "POST /cormun/servlet/acontrolpreferencessavestate?None,MANTILLANCA,true HTTP/1.1" 200 35
190.95.15.23 - - [07/Oct/2025:16:24:54 -0300] "GET /cormun/servlet/solicitudot?INS,0,0,false, HTTP/1.1" 200 16327
190.95.15.23 - - [07/Oct/2025:16:25:14 -0300] "POST /cormun/servlet/solicitudot?gx-no-cache=1759865237594 HTTP/1.1" 200 4114
190.95.15.23 - - [07/Oct/2025:16:25:14 -0300] "GET /cormun/static/Shared/jqueryui/images/ui-bg_highlight-soft_100_c6c2c8_1x100.png HTTP/1.1" 404 1117
190.95.15.23 - - [07/Oct/2025:16:25:14 -0300] "GET /cormun/static/Shared/jqueryui/images/ui-icons_82798d_256x240.png HTTP/1.1" 404 1089
190.95.15.23 - - [07/Oct/2025:16:25:14 -0300] "GET /cormun/static/Shared/jqueryui/images/ui-bg_flat_55_994d53_40x100.png HTTP/1.1" 404 1097
190.95.15.23 - - [07/Oct/2025:16:25:14 -0300] "GET /cormun/static/Shared/jqueryui/images/ui-icons_ebccce_256x240.png HTTP/1.1" 404 1089
190.95.15.23 - - [07/Oct/2025:16:25:18 -0300] "GET /cormun/servlet/prfichaempleado?,MD,,gxPopupLevel%3D0%3B HTTP/1.1" 200 9291
190.95.15.23 - - [07/Oct/2025:16:25:24 -0300] "POST /cormun/servlet/acontrolpreferencessavestate?None,MANTILLANCA,true HTTP/1.1" 200 35
190.95.15.23 - - [07/Oct/2025:16:25:29 -0300] "POST /cormun/servlet/prfichaempleado?f7a47deb24f434e1a6efc6d27665ed84,,MD,,gxPopupLevel%3D0%3B,gx-no-cache=1759865252558 HTTP/1.1" 200 3173
190.95.15.23 - - [07/Oct/2025:16:25:33 -0300] "POST /cormun/servlet/solicitudot?gx-no-cache=1759865256532 HTTP/1.1" 200 4117
190.95.15.23 - - [07/Oct/2025:16:25:33 -0300] "GET /cormun/servlet/solicitudot?32b4989cb476bc699d6f9c74173d096b30bb57240dfdf84ee6bec5d658ebbd11e87a584209d2a5c142cdbd4f1caf48ae,gx-no-cache=1759865256638 HTTP/1.1" 200 30
190.95.15.23 - - [07/Oct/2025:16:26:08 -0300] "POST /cormun/servlet/solicitudot?gx-no-cache=1759865291281 HTTP/1.1" 200 4117
201.186.225.187 - - [07/Oct/2025:16:26:11 -0300] "GET /cormun/servlet/trpermisosgoce? HTTP/1.1" 200 10758
201.186.225.187 - - [07/Oct/2025:16:26:15 -0300] "GET /cormun/servlet/permisogoce?INS,0,,, HTTP/1.1" 200 6834
201.186.225.187 - - [07/Oct/2025:16:26:29 -0300] "GET /cormun/servlet/permisogoce?430272bbaabb0d271d95f2b7e814c187a7dd128ff46f8272a44a90dff681f6874e5f340a937ef34894818a2e0e805951e8e2562bb86bbef6a31e5c0142d20d26,gx-no-cache=1759868918247 HTTP/1.1" 200 83
201.186.225.187 - - [07/Oct/2025:16:26:32 -0300] "GET /cormun/static/menuarrow.gif HTTP/1.1" 404 1015
201.186.225.187 - - [07/Oct/2025:16:26:43 -0300] "GET /cormun/servlet/permisogoce?430272bbaabb0d271d95f2b7e814c18754f833cbc9687ade95cf5babe7f961b12cad351856af008fcd0761e1eba979b3aae17f0324561466836b916d546fdc1f,gx-no-cache=1759868932814 HTTP/1.1" 200 48
201.186.225.187 - - [07/Oct/2025:16:27:08 -0300] "POST /cormun/servlet/permisogoce?d7f429f50e041c7599fa31ecd50c1d8a,INS,0,,,,gx-no-cache=1759868956483 HTTP/1.1" 200 93
201.186.225.187 - - [07/Oct/2025:16:27:08 -0300] "GET /cormun/servlet/hpexe_return? HTTP/1.1" 200 1012
201.186.225.187 - - [07/Oct/2025:16:27:08 -0300] "GET /cormun/servlet/trpermisosgoce HTTP/1.1" 200 11034
179.57.78.55 - - [07/Oct/2025:16:27:41 -0300] "POST /cormun/servlet/trlicencias?9caa674fea71783cfa1781930ca00580,gx-no-cache=1759865383785 HTTP/1.1" 200 7696
179.57.78.55 - - [07/Oct/2025:16:27:43 -0300] "POST /cormun/servlet/trlicencias?9caa674fea71783cfa1781930ca00580,gx-no-cache=1759865385812 HTTP/1.1" 200 7696
201.186.225.187 - - [07/Oct/2025:16:27:54 -0300] "GET /cormun/servlet/apermisogoceprn?13459669,P,20251007162811,PU HTTP/1.1" 200 1662
190.95.15.23 - - [07/Oct/2025:16:28:16 -0300] "GET /cormun/servlet/prbanco?,MD,,gxPopupLevel%3D0%3B HTTP/1.1" 200 6727
190.95.15.23 - - [07/Oct/2025:16:28:19 -0300] "GET /cormun/servlet/solicitudot?32b4989cb476bc699d6f9c74173d096b2e2714b389fdb7d98ac5d315bed4adae644bbc0ad69ca8c2ed59a67751066631ee6518f2182de45787d2666817a0e4e0,gx-no-cache=1759865423259 HTTP/1.1" 200 30
190.95.15.23 - - [07/Oct/2025:16:28:21 -0300] "GET /cormun/servlet/solicitudot?32b4989cb476bc699d6f9c74173d096bed871c68b930825b4db0c8d0d2b06320,gx-no-cache=1759865424710 HTTP/1.1" 200 53
