201.186.225.183 - - [07/Oct/2025:15:19:07 -0300] "GET /cormun/servlet/permisogoce?8024981333bfcdc151996178a1b0b7f5a7cc929d4fd169a47466b71c507f6a1707dbef68028b3b9f754b5777c567cd320dd5d026f5032813ad7f9cf4fb6cb978,gx-no-cache=1759861270489 HTTP/1.1" 200 48
201.186.225.183 - - [07/Oct/2025:15:19:08 -0300] "POST /cormun/servlet/permisogoce?c850ca34ce525b33b6f7ac4c61fdc58c,INS,0,,,,gx-no-cache=1759861271417 HTTP/1.1" 200 93
201.186.225.183 - - [07/Oct/2025:15:19:08 -0300] "GET /cormun/servlet/hpexe_return? HTTP/1.1" 200 1006
201.186.225.183 - - [07/Oct/2025:15:19:08 -0300] "GET /cormun/servlet/trpermisosgoce HTTP/1.1" 200 14195
190.95.67.95 - - [07/Oct/2025:15:19:09 -0300] "POST /cormun/servlet/trpermisosgoce?d7fbc27199dd9e8bcacce538fb02b7d9,,gx-no-cache=1759861272283 HTTP/1.1" 200 9438
201.186.225.183 - - [07/Oct/2025:15:19:11 -0300] "GET /cormun/servlet/apermisogoceprn?16884606,P,20251007152047,PU HTTP/1.1" 200 1652
190.95.67.95 - - [07/Oct/2025:15:19:12 -0300] "GET /cormun/servlet/trpermisosadjuntos?19074676,20250924114812,P, HTTP/1.1" 200 6319
190.95.67.95 - - [07/Oct/2025:15:19:16 -0300] "GET /cormun/servlet/permisosadjuntos?INS,19074676,P,20250924114812,, HTTP/1.1" 200 5641
190.95.67.95 - - [07/Oct/2025:15:19:17 -0300] "GET /cormun/static/about:blank HTTP/1.1" 404 1011
190.95.67.95 - - [07/Oct/2025:15:19:30 -0300] "POST /cormun/servlet/permisosadjuntos?d7fbc27199dd9e8bcacce538fb02b7d9,INS,19074676,P,20250924114812,, HTTP/1.1" 200 116
190.95.67.95 - - [07/Oct/2025:15:19:30 -0300] "GET /cormun/servlet/hpexe_return? HTTP/1.1" 200 1034
190.95.67.95 - - [07/Oct/2025:15:19:30 -0300] "GET /cormun/servlet/trpermisosadjuntos?19074676,20250924114812,P, HTTP/1.1" 200 6832
190.95.67.95 - - [07/Oct/2025:15:19:35 -0300] "POST /cormun/servlet/trpermisosadjuntos?d7fbc27199dd9e8bcacce538fb02b7d9,19074676,20250924114812,P,,gx-no-cache=1759861298303 HTTP/1.1" 200 90
190.95.67.95 - - [07/Oct/2025:15:19:35 -0300] "GET /cormun/servlet/hpexe_link HTTP/1.1" 200 982
190.95.67.95 - - [07/Oct/2025:15:19:35 -0300] "GET /cormun/servlet/trpermisosgoce? HTTP/1.1" 200 12250
201.186.225.183 - - [07/Oct/2025:15:19:37 -0300] "GET /cormun/servlet/permisogoce?INS,0,,, HTTP/1.1" 200 6825
190.95.67.95 - - [07/Oct/2025:15:19:39 -0300] "POST /cormun/servlet/trpermisosgoce?d7fbc27199dd9e8bcacce538fb02b7d9,,gx-no-cache=1759861302171 HTTP/1.1" 200 9427
201.186.225.183 - - [07/Oct/2025:15:19:44 -0300] "GET /cormun/servlet/permisogoce?8024981333bfcdc151996178a1b0b7f51454ca90c18e1db3881bb025e75407a8b5cc1af84e888eb0beb40c6be0db6319c4728794bbd5726b2c339ac935b58aa7,gx-no-cache=1759861307536 HTTP/1.1" 200 77
190.95.67.95 - - [07/Oct/2025:15:19:44 -0300] "GET /cormun/servlet/trpermisosadjuntos?13500887,20250929105721,P, HTTP/1.1" 200 6323
190.95.67.95 - - [07/Oct/2025:15:19:48 -0300] "GET /cormun/servlet/permisosadjuntos?INS,13500887,P,20250929105721,, HTTP/1.1" 200 5649
190.95.67.95 - - [07/Oct/2025:15:19:48 -0300] "GET /cormun/static/about:blank HTTP/1.1" 404 1011
190.95.67.95 - - [07/Oct/2025:15:20:13 -0300] "POST /cormun/servlet/permisosadjuntos?d7fbc27199dd9e8bcacce538fb02b7d9,INS,13500887,P,20250929105721,, HTTP/1.1" 200 116
190.95.67.95 - - [07/Oct/2025:15:20:13 -0300] "GET /cormun/servlet/hpexe_return? HTTP/1.1" 200 1034
190.95.67.95 - - [07/Oct/2025:15:20:14 -0300] "GET /cormun/servlet/trpermisosadjuntos?13500887,20250929105721,P, HTTP/1.1" 200 6825
190.95.67.95 - - [07/Oct/2025:15:20:17 -0300] "POST /cormun/servlet/trpermisosadjuntos?d7fbc27199dd9e8bcacce538fb02b7d9,13500887,20250929105721,P,,gx-no-cache=1759861340095 HTTP/1.1" 200 90
190.95.67.95 - - [07/Oct/2025:15:20:17 -0300] "GET /cormun/servlet/hpexe_link HTTP/1.1" 200 983
190.95.67.95 - - [07/Oct/2025:15:20:17 -0300] "GET /cormun/servlet/trpermisosgoce? HTTP/1.1" 200 12239
190.95.67.95 - - [07/Oct/2025:15:20:21 -0300] "POST /cormun/servlet/trpermisosgoce?d7fbc27199dd9e8bcacce538fb02b7d9,,gx-no-cache=1759861343723 HTTP/1.1" 200 9419
201.186.225.183 - - [07/Oct/2025:15:20:22 -0300] "GET /cormun/servlet/permisogoce?8024981333bfcdc151996178a1b0b7f5c924ed88be861d5a8dc71393ac9a93f9fd1ba77d11abd3ca566e1d3d9a238874b4a5e4f56087889b6cd15d694a5bc979,gx-no-cache=1759861346093 HTTP/1.1" 200 48
190.95.67.95 - - [07/Oct/2025:15:20:23 -0300] "GET /cormun/servlet/trpermisosadjuntos?9059402,20250930090151,P, HTTP/1.1" 200 6329
201.186.225.183 - - [07/Oct/2025:15:20:25 -0300] "POST /cormun/servlet/permisogoce?c850ca34ce525b33b6f7ac4c61fdc58c,INS,0,,,,gx-no-cache=1759861348392 HTTP/1.1" 200 93
201.186.225.183 - - [07/Oct/2025:15:20:25 -0300] "GET /cormun/servlet/hpexe_return? HTTP/1.1" 200 1006
190.95.67.95 - - [07/Oct/2025:15:20:25 -0300] "GET /cormun/servlet/permisosadjuntos?INS,9059402,P,20250930090151,, HTTP/1.1" 200 5652
190.95.67.95 - - [07/Oct/2025:15:20:25 -0300] "GET /cormun/static/about:blank HTTP/1.1" 404 1011
201.186.225.183 - - [07/Oct/2025:15:20:25 -0300] "GET /cormun/servlet/trpermisosgoce HTTP/1.1" 200 14412
201.186.225.183 - - [07/Oct/2025:15:20:28 -0300] "GET /cormun/servlet/apermisogoceprn?11528777,P,20251007152133,PU HTTP/1.1" 200 1643
190.95.1.185 - - [07/Oct/2025:15:20:44 -0300] "GET /cormun/servlet/trpermisosadjuntos?19359584,20251001152354,P, HTTP/1.1" 200 6828
201.186.225.183 - - [07/Oct/2025:15:20:45 -0300] "GET /cormun/servlet/permisogoce?INS,0,,, HTTP/1.1" 200 6826
190.95.1.185 - - [07/Oct/2025:15:20:45 -0300] "GET /cormun/servlet/permisosadjuntos?INS,19359584,P,20251001152354,, HTTP/1.1" 200 6124
190.95.1.185 - - [07/Oct/2025:15:20:45 -0300] "GET /cormun/static/about:blank HTTP/1.1" 404 1011
190.95.67.95 - - [07/Oct/2025:15:20:48 -0300] "POST /cormun/servlet/permisosadjuntos?d7fbc27199dd9e8bcacce538fb02b7d9,INS,9059402,P,20250930090151,, HTTP/1.1" 200 116
190.95.67.95 - - [07/Oct/2025:15:20:48 -0300] "GET /cormun/servlet/hpexe_return? HTTP/1.1" 200 1033
190.95.67.95 - - [07/Oct/2025:15:20:48 -0300] "GET /cormun/servlet/trpermisosadjuntos?9059402,20250930090151,P, HTTP/1.1" 200 6814
201.186.225.183 - - [07/Oct/2025:15:20:52 -0300] "GET /cormun/servlet/permisogoce?8024981333bfcdc151996178a1b0b7f51fefc16aa3e862963a8fc4efa4cda452b5cc1af84e888eb0beb40c6be0db6319c4728794bbd5726b2c339ac935b58aa7,gx-no-cache=1759861376351 HTTP/1.1" 200 85
201.186.225.183 - - [07/Oct/2025:15:20:57 -0300] "GET /cormun/servlet/permisogoce?8024981333bfcdc151996178a1b0b7f55a2a736297b3d51d40ac4287e2080973e2cf268fca4255d7422f9c38d2058bab0dd5d026f5032813ad7f9cf4fb6cb978,gx-no-cache=1759861381353 HTTP/1.1" 200 48
201.186.225.183 - - [07/Oct/2025:15:20:59 -0300] "POST /cormun/servlet/permisogoce?c850ca34ce525b33b6f7ac4c61fdc58c,INS,0,,,,gx-no-cache=1759861382368 HTTP/1.1" 200 93
201.186.225.183 - - [07/Oct/2025:15:20:59 -0300] "GET /cormun/servlet/hpexe_return? HTTP/1.1" 200 1006
201.186.225.183 - - [07/Oct/2025:15:20:59 -0300] "GET /cormun/servlet/trpermisosgoce HTTP/1.1" 200 14647
190.95.67.95 - - [07/Oct/2025:15:20:59 -0300] "POST /cormun/servlet/trpermisosadjuntos?d7fbc27199dd9e8bcacce538fb02b7d9,9059402,20250930090151,P,,gx-no-cache=1759861382509 HTTP/1.1" 200 90
190.95.67.95 - - [07/Oct/2025:15:20:59 -0300] "GET /cormun/servlet/hpexe_link HTTP/1.1" 200 981
190.95.1.185 - - [07/Oct/2025:15:20:59 -0300] "POST /cormun/servlet/permisosadjuntos?88eb6b73857401e9b0a72cd970faa37f,INS,19359584,P,20251001152354,, HTTP/1.1" 200 116
190.95.1.185 - - [07/Oct/2025:15:20:59 -0300] "GET /cormun/servlet/hpexe_return? HTTP/1.1" 200 1037
190.95.67.95 - - [07/Oct/2025:15:20:59 -0300] "GET /cormun/servlet/trpermisosgoce? HTTP/1.1" 200 12233
190.95.1.185 - - [07/Oct/2025:15:20:59 -0300] "GET /cormun/servlet/trpermisosadjuntos?19359584,20251001152354,P, HTTP/1.1" 200 7324
190.95.1.185 - - [07/Oct/2025:15:21:01 -0300] "POST /cormun/servlet/trpermisosadjuntos?88eb6b73857401e9b0a72cd970faa37f,19359584,20251001152354,P,,gx-no-cache=1759861384892 HTTP/1.1" 200 90
190.95.1.185 - - [07/Oct/2025:15:21:01 -0300] "GET /cormun/servlet/hpexe_link HTTP/1.1" 200 984
190.95.1.185 - - [07/Oct/2025:15:21:02 -0300] "GET /cormun/servlet/trpermisosgoce? HTTP/1.1" 200 13005
201.186.225.183 - - [07/Oct/2025:15:21:02 -0300] "GET /cormun/servlet/apermisogoceprn?17296006,P,20251007152241,PU HTTP/1.1" 200 1644
190.95.67.95 - - [07/Oct/2025:15:21:03 -0300] "POST /cormun/servlet/trpermisosgoce?d7fbc27199dd9e8bcacce538fb02b7d9,,gx-no-cache=1759861386395 HTTP/1.1" 200 9413
190.95.1.185 - - [07/Oct/2025:15:21:04 -0300] "GET /cormun/servlet/trpermisosadjuntos?11150678,20251001172918,P, HTTP/1.1" 200 6820
190.95.67.95 - - [07/Oct/2025:15:21:06 -0300] "GET /cormun/servlet/trpermisosadjuntos?15984205,20250930160022,P, HTTP/1.1" 200 6322
190.95.1.185 - - [07/Oct/2025:15:21:07 -0300] "GET /cormun/servlet/permisosadjuntos?INS,11150678,P,20251001172918,, HTTP/1.1" 200 6122
190.95.1.185 - - [07/Oct/2025:15:21:07 -0300] "GET /cormun/static/about:blank HTTP/1.1" 404 1011
190.95.67.95 - - [07/Oct/2025:15:21:08 -0300] "GET /cormun/servlet/permisosadjuntos?INS,15984205,P,20250930160022,, HTTP/1.1" 200 5645
190.95.67.95 - - [07/Oct/2025:15:21:08 -0300] "GET /cormun/static/about:blank HTTP/1.1" 404 1011
190.95.1.185 - - [07/Oct/2025:15:21:14 -0300] "POST /cormun/servlet/permisosadjuntos?88eb6b73857401e9b0a72cd970faa37f,INS,11150678,P,20251001172918,, HTTP/1.1" 200 116
190.95.1.185 - - [07/Oct/2025:15:21:14 -0300] "GET /cormun/servlet/hpexe_return? HTTP/1.1" 200 1037
190.95.1.185 - - [07/Oct/2025:15:21:14 -0300] "GET /cormun/servlet/trpermisosadjuntos?11150678,20251001172918,P, HTTP/1.1" 200 7320
190.95.1.185 - - [07/Oct/2025:15:21:17 -0300] "POST /cormun/servlet/trpermisosadjuntos?88eb6b73857401e9b0a72cd970faa37f,11150678,20251001172918,P,,gx-no-cache=1759861400132 HTTP/1.1" 200 90
190.95.1.185 - - [07/Oct/2025:15:21:17 -0300] "GET /cormun/servlet/hpexe_link HTTP/1.1" 200 981
190.95.1.185 - - [07/Oct/2025:15:21:17 -0300] "GET /cormun/servlet/trpermisosgoce HTTP/1.1" 200 13005
201.186.225.183 - - [07/Oct/2025:15:21:17 -0300] "GET /cormun/servlet/permisogoce?INS,0,,, HTTP/1.1" 200 6826
190.95.1.185 - - [07/Oct/2025:15:21:20 -0300] "POST /cormun/servlet/trpermisosgoce?88eb6b73857401e9b0a72cd970faa37f,gx-no-cache=1759861403077 HTTP/1.1" 200 10028
190.95.1.185 - - [07/Oct/2025:15:21:23 -0300] "GET /cormun/servlet/trpermisosgoce? HTTP/1.1" 200 12999
201.186.225.183 - - [07/Oct/2025:15:21:23 -0300] "GET /cormun/servlet/permisogoce?8024981333bfcdc151996178a1b0b7f5e35debd5102a740511e61ababe2a2ceeddde8a90dc351f32432374adc541d6c00a981290cdbae91d8b56d01b1ea76e18,gx-no-cache=1759861407148 HTTP/1.1" 200 82
190.95.67.95 - - [07/Oct/2025:15:21:26 -0300] "POST /cormun/servlet/permisosadjuntos?d7fbc27199dd9e8bcacce538fb02b7d9,INS,15984205,P,20250930160022,, HTTP/1.1" 200 116
190.95.67.95 - - [07/Oct/2025:15:21:26 -0300] "GET /cormun/servlet/hpexe_return? HTTP/1.1" 200 1033
190.95.1.185 - - [07/Oct/2025:15:21:26 -0300] "GET /cormun/servlet/trautorizarpermisogoce? HTTP/1.1" 200 8773
190.95.67.95 - - [07/Oct/2025:15:21:26 -0300] "GET /cormun/servlet/trpermisosadjuntos?15984205,20250930160022,P, HTTP/1.1" 200 6823
201.186.225.183 - - [07/Oct/2025:15:21:29 -0300] "GET /cormun/servlet/permisogoce?8024981333bfcdc151996178a1b0b7f5d3981b177924524fae21e86cb2e8fedc79adcf7b00a3413f909174deab79e83586b70536e53dc6accaae06cd18419014,gx-no-cache=1759861413101 HTTP/1.1" 200 47
190.95.67.95 - - [07/Oct/2025:15:21:29 -0300] "POST /cormun/servlet/trpermisosadjuntos?d7fbc27199dd9e8bcacce538fb02b7d9,15984205,20250930160022,P,,gx-no-cache=1759861412475 HTTP/1.1" 200 90
190.95.67.95 - - [07/Oct/2025:15:21:29 -0300] "GET /cormun/servlet/hpexe_link HTTP/1.1" 200 980
190.95.67.95 - - [07/Oct/2025:15:21:29 -0300] "GET /cormun/servlet/trpermisosgoce? HTTP/1.1" 200 12230
201.186.225.183 - - [07/Oct/2025:15:21:31 -0300] "POST /cormun/servlet/permisogoce?c850ca34ce525b33b6f7ac4c61fdc58c,INS,0,,,,gx-no-cache=1759861414564 HTTP/1.1" 200 93
201.186.225.183 - - [07/Oct/2025:15:21:31 -0300] "GET /cormun/servlet/hpexe_return? HTTP/1.1" 200 1006
201.186.225.183 - - [07/Oct/2025:15:21:31 -0300] "GET /cormun/servlet/trpermisosgoce HTTP/1.1" 200 14862
190.95.67.95 - - [07/Oct/2025:15:21:34 -0300] "POST /cormun/servlet/trpermisosgoce?d7fbc27199dd9e8bcacce538fb02b7d9,,gx-no-cache=1759861416947 HTTP/1.1" 200 9403
190.95.1.185 - - [07/Oct/2025:15:21:34 -0300] "POST /cormun/servlet/trautorizarpermisogoce?88eb6b73857401e9b0a72cd970faa37f,,gx-no-cache=1759861417628 HTTP/1.1" 200 5590
190.95.1.185 - - [07/Oct/2025:15:21:38 -0300] "POST /cormun/servlet/trautorizarpermisogoce?88eb6b73857401e9b0a72cd970faa37f,,gx-no-cache=1759861421100 HTTP/1.1" 200 5287
190.95.1.185 - - [07/Oct/2025:15:21:43 -0300] "GET /cormun/servlet/trpermisosgoce? HTTP/1.1" 200 12996
201.186.225.183 - - [07/Oct/2025:15:22:09 -0300] "GET /cormun/servlet/apermisogoceprn?8595097,P,20251007152313,PU HTTP/1.1" 200 1650
190.95.67.93 - - [07/Oct/2025:15:23:17 -0300] "GET /cormun/servlet/hlogin HTTP/1.1" 200 1747
190.95.67.93 - - [07/Oct/2025:15:23:20 -0300] "POST /cormun/servlet/hlogin?bbc5dca11b9d960b8f3a29cfe760cfff,gx-no-cache=1759861523450 HTTP/1.1" 200 90
190.95.67.93 - - [07/Oct/2025:15:23:20 -0300] "GET /cormun/servlet/hpexe_link HTTP/1.1" 200 958
190.95.67.93 - - [07/Oct/2025:15:23:20 -0300] "GET /cormun/servlet/hhome HTTP/1.1" 200 4349
190.95.67.93 - - [07/Oct/2025:15:23:23 -0300] "GET /cormun/servlet/trlicencias? HTTP/1.1" 200 11516
201.186.225.183 - - [07/Oct/2025:15:23:23 -0300] "GET /cormun/servlet/permisogoce?INS,0,,, HTTP/1.1" 200 6826
201.186.225.183 - - [07/Oct/2025:15:23:29 -0300] "GET /cormun/servlet/permisogoce?8024981333bfcdc151996178a1b0b7f5d83c6cd66a3a7c39956f2a0ad9bd295cb5cc1af84e888eb0beb40c6be0db6319c4728794bbd5726b2c339ac935b58aa7,gx-no-cache=1759861533151 HTTP/1.1" 200 82
190.95.1.185 - - [07/Oct/2025:15:23:37 -0300] "GET /cormun/servlet/permisogoce?INS,0,,, HTTP/1.1" 200 7382
190.95.1.185 - - [07/Oct/2025:15:23:40 -0300] "GET /cormun/servlet/prfichaempleado?,MD,,gxPopupLevel%3D0%3B HTTP/1.1" 200 9452
201.186.225.183 - - [07/Oct/2025:15:23:41 -0300] "GET /cormun/servlet/permisogoce?8024981333bfcdc151996178a1b0b7f5c2fc1090c258abfc7e97b2be949f5a0d769c52cff5fd83fe89bfbe983327c3a00dd5d026f5032813ad7f9cf4fb6cb978,gx-no-cache=1759861545366 HTTP/1.1" 200 48
201.186.225.183 - - [07/Oct/2025:15:23:44 -0300] "POST /cormun/servlet/permisogoce?c850ca34ce525b33b6f7ac4c61fdc58c,INS,0,,,,gx-no-cache=1759861547012 HTTP/1.1" 200 93
201.186.225.183 - - [07/Oct/2025:15:23:44 -0300] "GET /cormun/servlet/hpexe_return? HTTP/1.1" 200 1006
201.186.225.183 - - [07/Oct/2025:15:23:44 -0300] "GET /cormun/servlet/trpermisosgoce HTTP/1.1" 200 15083
190.95.1.185 - - [07/Oct/2025:15:23:45 -0300] "POST /cormun/servlet/prfichaempleado?88eb6b73857401e9b0a72cd970faa37f,,MD,,gxPopupLevel%3D0%3B,gx-no-cache=1759861548442 HTTP/1.1" 200 3412
190.95.1.185 - - [07/Oct/2025:15:23:48 -0300] "GET /cormun/servlet/permisogoce?00abb7807c8afbfd4438b7bf1d001e5751756e37d96c3f8ac908b75e0195cfc3b6fd33322580765fe678d93ca340abecda1d3e02d8e19fb7c31b38b4cb7f42fb,gx-no-cache=1759861551636 HTTP/1.1" 200 83
190.95.1.185 - - [07/Oct/2025:15:23:48 -0300] "GET /cormun/static/menuarrow.gif HTTP/1.1" 404 1015
201.186.225.183 - - [07/Oct/2025:15:23:50 -0300] "GET /cormun/servlet/apermisogoceprn?17134680,P,20251007152519,PU HTTP/1.1" 200 1653
190.95.1.185 - - [07/Oct/2025:15:23:51 -0300] "GET /cormun/servlet/permisogoce?00abb7807c8afbfd4438b7bf1d001e57898788d5b322d5b4bf2c271d1a762559e04c656d80fb881836f92f71de7fb1cfa2601efeacb706dd756a85b1dc4c26ec,gx-no-cache=1759861554424 HTTP/1.1" 200 46
190.95.1.185 - - [07/Oct/2025:15:24:05 -0300] "POST /cormun/servlet/permisogoce?88eb6b73857401e9b0a72cd970faa37f,INS,0,,,,gx-no-cache=1759861567588 HTTP/1.1" 200 93
190.95.1.185 - - [07/Oct/2025:15:24:05 -0300] "GET /cormun/servlet/hpexe_return? HTTP/1.1" 200 1009
190.95.1.185 - - [07/Oct/2025:15:24:05 -0300] "GET /cormun/servlet/trpermisosgoce HTTP/1.1" 200 13268
190.95.1.185 - - [07/Oct/2025:15:24:09 -0300] "GET /cormun/servlet/apermisogoceprn?17504273,P,20251007152533,PU HTTP/1.1" 200 1677
201.186.225.183 - - [07/Oct/2025:15:24:11 -0300] "GET /cormun/servlet/permisogoce?INS,0,,, HTTP/1.1" 200 6826
190.95.1.185 - - [07/Oct/2025:15:24:17 -0300] "GET /cormun/servlet/permisogoce?INS,0,,, HTTP/1.1" 200 7382
201.186.225.183 - - [07/Oct/2025:15:24:18 -0300] "GET /cormun/servlet/permisogoce?8024981333bfcdc151996178a1b0b7f5b9122a5915a6bebc4ff576c3408ccd1fb5cc1af84e888eb0beb40c6be0db6319c4728794bbd5726b2c339ac935b58aa7,gx-no-cache=1759861582246 HTTP/1.1" 200 86
201.186.225.183 - - [07/Oct/2025:15:24:28 -0300] "GET /cormun/servlet/permisogoce?8024981333bfcdc151996178a1b0b7f59fde090fa71d26d1c5de30460e0a5887156a2f00f3fac3ad37d0dfe20ac2ff500dd5d026f5032813ad7f9cf4fb6cb978,gx-no-cache=1759861592286 HTTP/1.1" 200 48
201.186.225.183 - - [07/Oct/2025:15:24:30 -0300] "POST /cormun/servlet/permisogoce?c850ca34ce525b33b6f7ac4c61fdc58c,INS,0,,,,gx-no-cache=1759861593245 HTTP/1.1" 200 93
201.186.225.183 - - [07/Oct/2025:15:24:30 -0300] "GET /cormun/servlet/hpexe_return? HTTP/1.1" 200 1006
201.186.225.183 - - [07/Oct/2025:15:24:30 -0300] "GET /cormun/servlet/trpermisosgoce HTTP/1.1" 200 15284
201.186.225.183 - - [07/Oct/2025:15:24:33 -0300] "GET /cormun/servlet/apermisogoceprn?19592816,P,20251007152607,PU HTTP/1.1" 200 1660
190.95.1.185 - - [07/Oct/2025:15:24:40 -0300] "GET /cormun/servlet/prfichaempleado?,MD,,gxPopupLevel%3D0%3B HTTP/1.1" 200 9452
190.95.1.185 - - [07/Oct/2025:15:24:46 -0300] "POST /cormun/servlet/prfichaempleado?88eb6b73857401e9b0a72cd970faa37f,,MD,,gxPopupLevel%3D0%3B,gx-no-cache=1759861609669 HTTP/1.1" 200 3180
190.95.1.185 - - [07/Oct/2025:15:24:50 -0300] "POST /cormun/servlet/prfichaempleado?88eb6b73857401e9b0a72cd970faa37f,,MD,,gxPopupLevel%3D0%3B,gx-no-cache=1759861613465 HTTP/1.1" 200 3465
190.95.1.185 - - [07/Oct/2025:15:24:54 -0300] "GET /cormun/servlet/permisogoce?00abb7807c8afbfd4438b7bf1d001e5768c7db7b39f3eb8fc6c089592a5d68d2b6fd33322580765fe678d93ca340abecda1d3e02d8e19fb7c31b38b4cb7f42fb,gx-no-cache=1759861617028 HTTP/1.1" 200 77
201.186.225.183 - - [07/Oct/2025:15:24:55 -0300] "GET /cormun/servlet/permisogoce?INS,0,,, HTTP/1.1" 200 6826
190.95.1.185 - - [07/Oct/2025:15:24:59 -0300] "GET /cormun/servlet/permisogoce?00abb7807c8afbfd4438b7bf1d001e57516bbd2e8d6a33e89a76653eed44a1fedf05320eaf6bd2c565bc266f531a1bf9a2601efeacb706dd756a85b1dc4c26ec,gx-no-cache=1759861622692 HTTP/1.1" 200 47
190.95.1.185 - - [07/Oct/2025:15:25:02 -0300] "POST /cormun/servlet/permisogoce?88eb6b73857401e9b0a72cd970faa37f,INS,0,,,,gx-no-cache=1759861625276 HTTP/1.1" 200 93
201.186.225.183 - - [07/Oct/2025:15:25:03 -0300] "GET /cormun/servlet/permisogoce?8024981333bfcdc151996178a1b0b7f574093c13677b893c6a9459be078cd529b5cc1af84e888eb0beb40c6be0db6319c4728794bbd5726b2c339ac935b58aa7,gx-no-cache=1759861627192 HTTP/1.1" 200 82
201.186.225.183 - - [07/Oct/2025:15:25:09 -0300] "GET /cormun/servlet/permisogoce?8024981333bfcdc151996178a1b0b7f5204710ae8a52ddcb946c87201a58be350d461caf1e9bfbfb760939d678a9215cb4a5e4f56087889b6cd15d694a5bc979,gx-no-cache=1759861633058 HTTP/1.1" 200 47
201.186.225.183 - - [07/Oct/2025:15:25:10 -0300] "POST /cormun/servlet/permisogoce?c850ca34ce525b33b6f7ac4c61fdc58c,INS,0,,,,gx-no-cache=1759861633844 HTTP/1.1" 200 93
201.186.225.183 - - [07/Oct/2025:15:25:10 -0300] "GET /cormun/servlet/hpexe_return? HTTP/1.1" 200 1006
201.186.225.183 - - [07/Oct/2025:15:25:10 -0300] "GET /cormun/servlet/trpermisosgoce HTTP/1.1" 200 15520
201.186.225.183 - - [07/Oct/2025:15:25:20 -0300] "GET /cormun/servlet/apermisogoceprn?13598462,P,20251007152651,PU HTTP/1.1" 200 1649
190.95.1.185 - - [07/Oct/2025:15:25:59 -0300] "GET /cormun/servlet/hpexe_return? HTTP/1.1" 200 1009
190.95.1.185 - - [07/Oct/2025:15:25:59 -0300] "GET /cormun/servlet/trpermisosgoce HTTP/1.1" 200 13504
201.186.225.183 - - [07/Oct/2025:15:26:02 -0300] "GET /cormun/servlet/permisogoce?INS,0,,, HTTP/1.1" 200 6825
190.95.1.185 - - [07/Oct/2025:15:26:09 -0300] "GET /cormun/servlet/apermisogoceprn?14449188,P,20251007152613,PU HTTP/1.1" 200 1668
201.186.225.183 - - [07/Oct/2025:15:26:10 -0300] "GET /cormun/servlet/permisogoce?8024981333bfcdc151996178a1b0b7f53e4bdd3d1137ff947c216773f5ee8970b5cc1af84e888eb0beb40c6be0db6319c4728794bbd5726b2c339ac935b58aa7,gx-no-cache=1759861694351 HTTP/1.1" 200 76
201.186.225.183 - - [07/Oct/2025:15:26:19 -0300] "GET /cormun/servlet/permisogoce?8024981333bfcdc151996178a1b0b7f537342780d0fc11dc069db7bd9ae317342df3287c339b9d97df03c84f977633af0dd5d026f5032813ad7f9cf4fb6cb978,gx-no-cache=1759861702913 HTTP/1.1" 200 48
190.95.1.185 - - [07/Oct/2025:15:26:21 -0300] "GET /cormun/servlet/permisogoce?INS,0,,, HTTP/1.1" 200 7382
190.95.1.185 - - [07/Oct/2025:15:26:23 -0300] "GET /cormun/servlet/permisogoce?00abb7807c8afbfd4438b7bf1d001e5768c7db7b39f3eb8fc6c089592a5d68d2b6fd33322580765fe678d93ca340abecda1d3e02d8e19fb7c31b38b4cb7f42fb,gx-no-cache=1759861706447 HTTP/1.1" 200 77
190.95.1.185 - - [07/Oct/2025:15:26:27 -0300] "GET /cormun/servlet/permisogoce?00abb7807c8afbfd4438b7bf1d001e57516bbd2e8d6a33e89a76653eed44a1feb32539fa7e58d7c7e5b0b5accde23e94a2601efeacb706dd756a85b1dc4c26ec,gx-no-cache=1759861710391 HTTP/1.1" 200 48
201.186.225.183 - - [07/Oct/2025:15:26:29 -0300] "POST /cormun/servlet/permisogoce?c850ca34ce525b33b6f7ac4c61fdc58c,INS,0,,,,gx-no-cache=1759861712648 HTTP/1.1" 200 93
201.186.225.183 - - [07/Oct/2025:15:26:29 -0300] "GET /cormun/servlet/hpexe_return? HTTP/1.1" 200 1006
201.186.225.183 - - [07/Oct/2025:15:26:29 -0300] "GET /cormun/servlet/trpermisosgoce HTTP/1.1" 200 15685
201.186.225.193 - - [07/Oct/2025:15:26:33 -0300] "GET /cormun/servlet/hhome HTTP/1.1" 200 3319
201.186.225.193 - - [07/Oct/2025:15:26:33 -0300] "GET /cormun/servlet/hlogin HTTP/1.1" 200 1730
201.186.225.183 - - [07/Oct/2025:15:26:35 -0300] "GET /cormun/servlet/apermisogoceprn?16879891,P,20251007152758,PU HTTP/1.1" 200 1647
201.186.225.193 - - [07/Oct/2025:15:26:35 -0300] "POST /cormun/servlet/hlogin?f2513a842ff126ce5f577025b343c2d9,gx-no-cache=1759861719124 HTTP/1.1" 200 90
201.186.225.193 - - [07/Oct/2025:15:26:35 -0300] "GET /cormun/servlet/hpexe_link HTTP/1.1" 200 947
201.186.225.193 - - [07/Oct/2025:15:26:36 -0300] "GET /cormun/servlet/hhome HTTP/1.1" 200 4290
201.186.225.193 - - [07/Oct/2025:15:26:38 -0300] "GET /cormun/servlet/trlicencias? HTTP/1.1" 200 12743
190.95.1.185 - - [07/Oct/2025:15:27:03 -0300] "POST /cormun/servlet/permisogoce?88eb6b73857401e9b0a72cd970faa37f,INS,0,,,,gx-no-cache=1759861745765 HTTP/1.1" 200 93
190.95.1.185 - - [07/Oct/2025:15:27:03 -0300] "GET /cormun/servlet/hpexe_return? HTTP/1.1" 200 1009
190.95.1.185 - - [07/Oct/2025:15:27:03 -0300] "GET /cormun/servlet/trpermisosgoce HTTP/1.1" 200 13698
201.186.225.183 - - [07/Oct/2025:15:27:04 -0300] "GET /cormun/servlet/permisogoce?INS,0,,, HTTP/1.1" 200 6826
190.95.1.185 - - [07/Oct/2025:15:27:08 -0300] "GET /cormun/servlet/apermisogoceprn?14449188,P,20251007152817,PU HTTP/1.1" 200 1659
201.186.225.183 - - [07/Oct/2025:15:27:11 -0300] "GET /cormun/servlet/permisogoce?8024981333bfcdc151996178a1b0b7f55d2fe9ea20f15d39ebe5288ed37846a2b5cc1af84e888eb0beb40c6be0db6319c4728794bbd5726b2c339ac935b58aa7,gx-no-cache=1759861755018 HTTP/1.1" 200 76
201.186.225.193 - - [07/Oct/2025:15:27:12 -0300] "GET /cormun/static/menuarrow.gif HTTP/1.1" 404 1015
201.186.225.183 - - [07/Oct/2025:15:27:21 -0300] "GET /cormun/servlet/permisogoce?8024981333bfcdc151996178a1b0b7f5152100d38228e7ed23308bc1e3f86d32def78b104a85d11966fc486443b644670dd5d026f5032813ad7f9cf4fb6cb978,gx-no-cache=1759861764801 HTTP/1.1" 200 47
201.186.225.183 - - [07/Oct/2025:15:27:22 -0300] "POST /cormun/servlet/permisogoce?c850ca34ce525b33b6f7ac4c61fdc58c,INS,0,,,,gx-no-cache=1759861765600 HTTP/1.1" 200 93
201.186.225.183 - - [07/Oct/2025:15:27:22 -0300] "GET /cormun/servlet/hpexe_return? HTTP/1.1" 200 1006
201.186.225.183 - - [07/Oct/2025:15:27:22 -0300] "GET /cormun/servlet/trpermisosgoce HTTP/1.1" 200 15937
201.186.226.3 - - [07/Oct/2025:15:27:23 -0300] "GET /cormun/servlet/hlogin HTTP/1.1" 200 1717
201.186.225.183 - - [07/Oct/2025:15:27:28 -0300] "GET /cormun/servlet/apermisogoceprn?17521323,P,20251007152900,PU HTTP/1.1" 200 1644
201.186.225.193 - - [07/Oct/2025:15:27:31 -0300] "POST /cormun/servlet/trlicencias?f2513a842ff126ce5f577025b343c2d9,,gx-no-cache=1759861774950 HTTP/1.1" 200 4441
201.186.225.193 - - [07/Oct/2025:15:27:33 -0300] "POST /cormun/servlet/trlicencias?f2513a842ff126ce5f577025b343c2d9,,gx-no-cache=1759861776971 HTTP/1.1" 200 4439
201.186.226.3 - - [07/Oct/2025:15:27:34 -0300] "POST /cormun/servlet/hlogin?2d6f6784b1c9cc26dae80060c436e5c4,gx-no-cache=1759861778195 HTTP/1.1" 200 90
201.186.226.3 - - [07/Oct/2025:15:27:34 -0300] "GET /cormun/servlet/hpexe_link HTTP/1.1" 200 949
201.186.226.3 - - [07/Oct/2025:15:27:34 -0300] "GET /cormun/servlet/hhome HTTP/1.1" 200 3925
201.186.226.3 - - [07/Oct/2025:15:27:39 -0300] "GET /cormun/servlet/trpermisosgoce? HTTP/1.1" 200 11189
201.186.226.3 - - [07/Oct/2025:15:27:44 -0300] "GET /cormun/servlet/permisogoce?INS,0,,, HTTP/1.1" 200 6786
190.95.1.185 - - [07/Oct/2025:15:28:00 -0300] "GET /cormun/servlet/apermisogoceprn?14449188,P,20251007152817,PU HTTP/1.1" 200 1653
201.186.225.183 - - [07/Oct/2025:15:28:00 -0300] "GET /cormun/servlet/permisogoce?INS,0,,, HTTP/1.1" 200 6826
201.186.225.183 - - [07/Oct/2025:15:28:06 -0300] "GET /cormun/servlet/permisogoce?8024981333bfcdc151996178a1b0b7f5695be0c546a5a613a741bb357bfd6d3ab5cc1af84e888eb0beb40c6be0db6319c4728794bbd5726b2c339ac935b58aa7,gx-no-cache=1759861809520 HTTP/1.1" 200 76
201.186.225.193 - - [07/Oct/2025:15:28:14 -0300] "POST /cormun/servlet/trlicencias?f2513a842ff126ce5f577025b343c2d9,,gx-no-cache=1759861817506 HTTP/1.1" 200 4457
201.186.225.183 - - [07/Oct/2025:15:28:14 -0300] "GET /cormun/servlet/permisogoce?8024981333bfcdc151996178a1b0b7f569988c8bac593e71e466f4341140b8983b6d48720b53057a166e16f2a92d4e430dd5d026f5032813ad7f9cf4fb6cb978,gx-no-cache=1759861818184 HTTP/1.1" 200 47
201.186.225.193 - - [07/Oct/2025:15:28:15 -0300] "POST /cormun/servlet/trlicencias?f2513a842ff126ce5f577025b343c2d9,,gx-no-cache=1759861819010 HTTP/1.1" 200 4455
201.186.225.183 - - [07/Oct/2025:15:28:16 -0300] "POST /cormun/servlet/permisogoce?c850ca34ce525b33b6f7ac4c61fdc58c,INS,0,,,,gx-no-cache=1759861819280 HTTP/1.1" 200 93
201.186.225.183 - - [07/Oct/2025:15:28:16 -0300] "GET /cormun/servlet/hpexe_return? HTTP/1.1" 200 1006
201.186.225.183 - - [07/Oct/2025:15:28:16 -0300] "GET /cormun/servlet/trpermisosgoce HTTP/1.1" 200 16154
201.186.225.193 - - [07/Oct/2025:15:28:17 -0300] "POST /cormun/servlet/trlicencias?f2513a842ff126ce5f577025b343c2d9,,gx-no-cache=1759861821066 HTTP/1.1" 200 4453
201.186.225.183 - - [07/Oct/2025:15:28:22 -0300] "GET /cormun/servlet/apermisogoceprn?12961977,P,20251007152956,PU HTTP/1.1" 200 1643
201.186.225.193 - - [07/Oct/2025:15:28:29 -0300] "POST /cormun/servlet/trlicencias?f2513a842ff126ce5f577025b343c2d9,,gx-no-cache=1759861833203 HTTP/1.1" 200 4455
201.186.225.193 - - [07/Oct/2025:15:28:31 -0300] "POST /cormun/servlet/trlicencias?f2513a842ff126ce5f577025b343c2d9,,gx-no-cache=1759861834731 HTTP/1.1" 200 4458
201.186.225.183 - - [07/Oct/2025:15:28:42 -0300] "GET /cormun/servlet/permisogoce?INS,0,,, HTTP/1.1" 200 6828
201.186.225.183 - - [07/Oct/2025:15:28:49 -0300] "GET /cormun/servlet/permisogoce?8024981333bfcdc151996178a1b0b7f56f3ae193f8fa1ddb2235852d2459d255b5cc1af84e888eb0beb40c6be0db6319c4728794bbd5726b2c339ac935b58aa7,gx-no-cache=1759861852634 HTTP/1.1" 200 74
201.186.225.193 - - [07/Oct/2025:15:28:50 -0300] "POST /cormun/servlet/trlicencias?f2513a842ff126ce5f577025b343c2d9,,gx-no-cache=1759861853954 HTTP/1.1" 200 4456
201.186.225.193 - - [07/Oct/2025:15:28:52 -0300] "POST /cormun/servlet/trlicencias?f2513a842ff126ce5f577025b343c2d9,,gx-no-cache=1759861855690 HTTP/1.1" 200 4453
201.186.225.183 - - [07/Oct/2025:15:29:09 -0300] "GET /cormun/servlet/permisogoce?8024981333bfcdc151996178a1b0b7f5638c9686974e62b0b5a238c67603fd4ab3be7ff6374f725d00db6e1463bd53020dd5d026f5032813ad7f9cf4fb6cb978,gx-no-cache=1759861872578 HTTP/1.1" 200 44
201.186.225.193 - - [07/Oct/2025:15:29:10 -0300] "POST /cormun/servlet/trlicencias?f2513a842ff126ce5f577025b343c2d9,,gx-no-cache=1759861873771 HTTP/1.1" 200 4454
201.186.225.183 - - [07/Oct/2025:15:29:10 -0300] "POST /cormun/servlet/permisogoce?c850ca34ce525b33b6f7ac4c61fdc58c,INS,0,,,,gx-no-cache=1759861873592 HTTP/1.1" 200 93
201.186.225.183 - - [07/Oct/2025:15:29:10 -0300] "GET /cormun/servlet/hpexe_return? HTTP/1.1" 200 1006
201.186.225.183 - - [07/Oct/2025:15:29:11 -0300] "GET /cormun/servlet/trpermisosgoce HTTP/1.1" 200 16375
201.186.226.3 - - [07/Oct/2025:15:29:12 -0300] "GET /cormun/servlet/permisogoce?a19b5e562557bdd3aa00d11c35a501a853bd32f90d152b8a5b200dbac8b25d326ea9c18112ece6112edd8d76913719b254ba9efdb78a3954f1cb879281e56e97,gx-no-cache=1759861876120 HTTP/1.1" 200 85
201.186.225.193 - - [07/Oct/2025:15:29:13 -0300] "POST /cormun/servlet/trlicencias?f2513a842ff126ce5f577025b343c2d9,,gx-no-cache=1759861876658 HTTP/1.1" 200 4457
201.186.226.3 - - [07/Oct/2025:15:29:14 -0300] "GET /cormun/static/menuarrow.gif HTTP/1.1" 404 1015
201.186.225.183 - - [07/Oct/2025:15:29:16 -0300] "GET /cormun/servlet/apermisogoceprn?13151124,P,20251007153039,PU HTTP/1.1" 200 1643
201.186.226.3 - - [07/Oct/2025:15:29:22 -0300] "GET /cormun/servlet/permisogoce?a19b5e562557bdd3aa00d11c35a501a819d5353fcf1162287aaf9fc9fedb0f4c8ff1b53ca6e15073dee8fc687e4be6035422fbbf80693496f453870edc58ac69,gx-no-cache=1759861886457 HTTP/1.1" 200 47
201.186.225.183 - - [07/Oct/2025:15:29:27 -0300] "GET /cormun/servlet/permisogoce?INS,0,,, HTTP/1.1" 200 6826
201.186.226.3 - - [07/Oct/2025:15:29:28 -0300] "POST /cormun/servlet/permisogoce?2d6f6784b1c9cc26dae80060c436e5c4,INS,0,,,,gx-no-cache=1759861890471 HTTP/1.1" 200 93
201.186.226.3 - - [07/Oct/2025:15:29:28 -0300] "GET /cormun/servlet/hpexe_return? HTTP/1.1" 200 1007
201.186.226.3 - - [07/Oct/2025:15:29:28 -0300] "GET /cormun/servlet/trpermisosgoce HTTP/1.1" 200 11500
201.186.225.193 - - [07/Oct/2025:15:29:33 -0300] "POST /cormun/servlet/trlicencias?f2513a842ff126ce5f577025b343c2d9,,gx-no-cache=1759861896234 HTTP/1.1" 200 4458
201.186.225.183 - - [07/Oct/2025:15:29:33 -0300] "GET /cormun/servlet/permisogoce?8024981333bfcdc151996178a1b0b7f56f3ae193f8fa1ddb2235852d2459d255b5cc1af84e888eb0beb40c6be0db6319c4728794bbd5726b2c339ac935b58aa7,gx-no-cache=1759861896535 HTTP/1.1" 200 76
201.186.226.3 - - [07/Oct/2025:15:29:34 -0300] "GET /cormun/servlet/apermisogoceprn?11889625,P,20251007152940,PU HTTP/1.1" 200 1655
201.186.225.193 - - [07/Oct/2025:15:29:34 -0300] "POST /cormun/servlet/trlicencias?f2513a842ff126ce5f577025b343c2d9,,gx-no-cache=1759861897890 HTTP/1.1" 200 4457
201.186.225.183 - - [07/Oct/2025:15:29:39 -0300] "GET /cormun/servlet/permisogoce?8024981333bfcdc151996178a1b0b7f5638c9686974e62b0b5a238c67603fd4af2ed2662abb76098a0a88861d0d5742c0dd5d026f5032813ad7f9cf4fb6cb978,gx-no-cache=1759861903289 HTTP/1.1" 200 48
201.186.225.183 - - [07/Oct/2025:15:29:40 -0300] "POST /cormun/servlet/permisogoce?c850ca34ce525b33b6f7ac4c61fdc58c,INS,0,,,,gx-no-cache=1759861904064 HTTP/1.1" 200 93
201.186.225.183 - - [07/Oct/2025:15:29:40 -0300] "GET /cormun/servlet/hpexe_return? HTTP/1.1" 200 1006
201.186.225.183 - - [07/Oct/2025:15:29:41 -0300] "GET /cormun/servlet/trpermisosgoce HTTP/1.1" 200 16583
201.186.225.183 - - [07/Oct/2025:15:29:47 -0300] "GET /cormun/servlet/apermisogoceprn?13151124,P,20251007153123,PU HTTP/1.1" 200 1642
201.186.225.183 - - [07/Oct/2025:15:30:06 -0300] "GET /cormun/servlet/permisogoce?INS,0,,, HTTP/1.1" 200 6826
201.186.225.193 - - [07/Oct/2025:15:30:08 -0300] "POST /cormun/servlet/trlicencias?f2513a842ff126ce5f577025b343c2d9,,gx-no-cache=1759861931266 HTTP/1.1" 200 5975
201.186.225.183 - - [07/Oct/2025:15:30:17 -0300] "GET /cormun/servlet/permisogoce?8024981333bfcdc151996178a1b0b7f56f3ae193f8fa1ddb2235852d2459d255b5cc1af84e888eb0beb40c6be0db6319c4728794bbd5726b2c339ac935b58aa7,gx-no-cache=1759861940826 HTTP/1.1" 200 77
201.186.225.193 - - [07/Oct/2025:15:30:19 -0300] "GET /cormun/servlet/alicenciaprn?14024455,L,20250813000000,PU HTTP/1.1" 200 1565
201.186.225.193 - - [07/Oct/2025:15:30:30 -0300] "GET /cormun/servlet/alicenciaprn?14024455,L,20250811000000,PU HTTP/1.1" 200 1566
201.186.225.183 - - [07/Oct/2025:15:30:44 -0300] "GET /cormun/servlet/permisogoce?8024981333bfcdc151996178a1b0b7f5638c9686974e62b0b5a238c67603fd4ae7045895f6da5375425e4d8bb58027d60dd5d026f5032813ad7f9cf4fb6cb978,gx-no-cache=1759861968281 HTTP/1.1" 200 47
201.186.225.183 - - [07/Oct/2025:15:30:46 -0300] "POST /cormun/servlet/permisogoce?c850ca34ce525b33b6f7ac4c61fdc58c,INS,0,,,,gx-no-cache=1759861969704 HTTP/1.1" 200 93
201.186.225.183 - - [07/Oct/2025:15:30:46 -0300] "GET /cormun/servlet/hpexe_return? HTTP/1.1" 200 1006
201.186.225.183 - - [07/Oct/2025:15:30:46 -0300] "GET /cormun/servlet/trpermisosgoce HTTP/1.1" 200 16741
201.186.225.183 - - [07/Oct/2025:15:30:51 -0300] "GET /cormun/servlet/apermisogoceprn?13151124,P,20251007153202,PU HTTP/1.1" 200 1636
201.186.225.183 - - [07/Oct/2025:15:31:22 -0300] "GET /cormun/servlet/permisogoce?INS,0,,, HTTP/1.1" 200 6826
201.186.225.183 - - [07/Oct/2025:15:31:29 -0300] "GET /cormun/servlet/permisogoce?8024981333bfcdc151996178a1b0b7f57713ecc85818c92ef43175951e0147a9b5cc1af84e888eb0beb40c6be0db6319c4728794bbd5726b2c339ac935b58aa7,gx-no-cache=1759862013194 HTTP/1.1" 200 69
201.186.225.183 - - [07/Oct/2025:15:31:34 -0300] "GET /cormun/servlet/permisogoce?8024981333bfcdc151996178a1b0b7f59d445ea3bb4064716b706f6f0ff9d3ee1ad04bccaa20517c22f99ac62bede7db0dd5d026f5032813ad7f9cf4fb6cb978,gx-no-cache=1759862017498 HTTP/1.1" 200 47
201.186.225.183 - - [07/Oct/2025:15:31:35 -0300] "POST /cormun/servlet/permisogoce?c850ca34ce525b33b6f7ac4c61fdc58c,INS,0,,,,gx-no-cache=1759862018504 HTTP/1.1" 200 93
201.186.225.183 - - [07/Oct/2025:15:31:35 -0300] "GET /cormun/servlet/hpexe_return? HTTP/1.1" 200 1006
201.186.225.183 - - [07/Oct/2025:15:31:35 -0300] "GET /cormun/servlet/trpermisosgoce HTTP/1.1" 200 16917
190.95.67.99 - - [07/Oct/2025:15:31:40 -0300] "GET /cormun/servlet/trlicencias HTTP/1.1" 200 6052
190.95.1.185 - - [07/Oct/2025:15:31:40 -0300] "GET /cormun/servlet/permisogoce?INS,0,,, HTTP/1.1" 200 7382
201.186.225.183 - - [07/Oct/2025:15:31:42 -0300] "GET /cormun/servlet/apermisogoceprn?17501650,P,20251007153318,PU HTTP/1.1" 200 1651
190.95.1.185 - - [07/Oct/2025:15:31:43 -0300] "GET /cormun/servlet/prfichaempleado?,MD,,gxPopupLevel%3D0%3B HTTP/1.1" 200 9452
190.95.67.99 - - [07/Oct/2025:15:31:43 -0300] "GET /cormun/servlet/hlogin HTTP/1.1" 200 1738
190.95.1.185 - - [07/Oct/2025:15:31:48 -0300] "POST /cormun/servlet/prfichaempleado?88eb6b73857401e9b0a72cd970faa37f,,MD,,gxPopupLevel%3D0%3B,gx-no-cache=1759862031174 HTTP/1.1" 200 3174
190.95.1.185 - - [07/Oct/2025:15:31:51 -0300] "POST /cormun/servlet/prfichaempleado?88eb6b73857401e9b0a72cd970faa37f,,MD,,gxPopupLevel%3D0%3B,gx-no-cache=1759862034153 HTTP/1.1" 200 3181
190.95.1.185 - - [07/Oct/2025:15:31:53 -0300] "POST /cormun/servlet/prfichaempleado?88eb6b73857401e9b0a72cd970faa37f,,MD,,gxPopupLevel%3D0%3B,gx-no-cache=1759862036331 HTTP/1.1" 200 3181
190.95.67.99 - - [07/Oct/2025:15:31:59 -0300] "POST /cormun/servlet/hlogin?6e696cf4e550dd5318dbce4ab5673b1b,gx-no-cache=1759862044499 HTTP/1.1" 200 90
190.95.67.99 - - [07/Oct/2025:15:31:59 -0300] "GET /cormun/servlet/hpexe_link HTTP/1.1" 200 956
190.95.67.99 - - [07/Oct/2025:15:32:00 -0300] "GET /cormun/servlet/trlicencias HTTP/1.1" 200 9594
190.95.1.185 - - [07/Oct/2025:15:32:01 -0300] "POST /cormun/servlet/prfichaempleado?88eb6b73857401e9b0a72cd970faa37f,,MD,,gxPopupLevel%3D0%3B,gx-no-cache=1759862044184 HTTP/1.1" 200 3404
190.95.1.185 - - [07/Oct/2025:15:32:04 -0300] "GET /cormun/servlet/permisogoce?00abb7807c8afbfd4438b7bf1d001e5752683b88ac3e4623929c4a7adce7a62f5d250a70fb7b5b2f17f61aab7f34f9986bc733f355630fa50fd25cfb5067cc6a,gx-no-cache=1759862047408 HTTP/1.1" 200 74
201.186.225.183 - - [07/Oct/2025:15:32:10 -0300] "GET /cormun/servlet/permisogoce?INS,0,,, HTTP/1.1" 200 6826
190.95.1.185 - - [07/Oct/2025:15:32:12 -0300] "GET /cormun/servlet/permisogoce?00abb7807c8afbfd4438b7bf1d001e57117ebdaa4bfd325369e7b56e710087760174b84323cdb4b780edbdce3b0edcc14e637a4e9062cae9282c6803e1c4a065,gx-no-cache=1759862055771 HTTP/1.1" 200 47
201.186.225.183 - - [07/Oct/2025:15:32:16 -0300] "GET /cormun/servlet/permisogoce?8024981333bfcdc151996178a1b0b7f5a8a4b03b2e951b7ad2ea5b65f75dbe22b5cc1af84e888eb0beb40c6be0db6319c4728794bbd5726b2c339ac935b58aa7,gx-no-cache=1759862060150 HTTP/1.1" 200 81
201.186.225.183 - - [07/Oct/2025:15:32:20 -0300] "GET /cormun/servlet/permisogoce?8024981333bfcdc151996178a1b0b7f5aaea1e01718da174b19b5f3d58dd90986eca0d0797ca4b3b0b094d97dfe2db140dd5d026f5032813ad7f9cf4fb6cb978,gx-no-cache=1759862064177 HTTP/1.1" 200 47
201.186.225.183 - - [07/Oct/2025:15:32:22 -0300] "POST /cormun/servlet/permisogoce?c850ca34ce525b33b6f7ac4c61fdc58c,INS,0,,,,gx-no-cache=1759862065124 HTTP/1.1" 200 93
201.186.225.183 - - [07/Oct/2025:15:32:22 -0300] "GET /cormun/servlet/hpexe_return? HTTP/1.1" 200 1006
201.186.225.183 - - [07/Oct/2025:15:32:22 -0300] "GET /cormun/servlet/trpermisosgoce HTTP/1.1" 200 17147
201.186.225.183 - - [07/Oct/2025:15:32:28 -0300] "GET /cormun/servlet/apermisogoceprn?16817230,P,20251007153406,PU HTTP/1.1" 200 1659
190.95.1.185 - - [07/Oct/2025:15:32:37 -0300] "POST /cormun/servlet/permisogoce?88eb6b73857401e9b0a72cd970faa37f,INS,0,,,,gx-no-cache=1759862071003 HTTP/1.1" 200 93
190.95.1.185 - - [07/Oct/2025:15:32:38 -0300] "GET /cormun/servlet/hpexe_return? HTTP/1.1" 200 1009
190.95.1.185 - - [07/Oct/2025:15:32:38 -0300] "GET /cormun/servlet/trpermisosgoce HTTP/1.1" 200 13936
201.186.225.193 - - [07/Oct/2025:15:32:51 -0300] "POST /cormun/servlet/trlicencias?f2513a842ff126ce5f577025b343c2d9,,gx-no-cache=1759862094434 HTTP/1.1" 200 4461
201.186.225.193 - - [07/Oct/2025:15:32:53 -0300] "POST /cormun/servlet/trlicencias?f2513a842ff126ce5f577025b343c2d9,,gx-no-cache=1759862096241 HTTP/1.1" 200 4459
201.186.225.183 - - [07/Oct/2025:15:32:56 -0300] "GET /cormun/servlet/permisogoce?INS,0,,, HTTP/1.1" 200 6826
201.186.225.183 - - [07/Oct/2025:15:33:01 -0300] "GET /cormun/servlet/permisogoce?8024981333bfcdc151996178a1b0b7f5fad810a2919f75b50c037c22d3943f39b5cc1af84e888eb0beb40c6be0db6319c4728794bbd5726b2c339ac935b58aa7,gx-no-cache=1759862105238 HTTP/1.1" 200 88
201.186.225.183 - - [07/Oct/2025:15:33:06 -0300] "GET /cormun/servlet/permisogoce?8024981333bfcdc151996178a1b0b7f5999162bad22f4b4f0f43b86d53b983aca515a31ef43d1dbf0e73696d6f60b3250dd5d026f5032813ad7f9cf4fb6cb978,gx-no-cache=1759862110056 HTTP/1.1" 200 47
201.186.225.183 - - [07/Oct/2025:15:33:07 -0300] "POST /cormun/servlet/permisogoce?c850ca34ce525b33b6f7ac4c61fdc58c,INS,0,,,,gx-no-cache=1759862111036 HTTP/1.1" 200 93
201.186.225.183 - - [07/Oct/2025:15:33:08 -0300] "GET /cormun/servlet/hpexe_return? HTTP/1.1" 200 1006
201.186.225.183 - - [07/Oct/2025:15:33:08 -0300] "GET /cormun/servlet/trpermisosgoce HTTP/1.1" 200 17346
201.186.225.183 - - [07/Oct/2025:15:33:12 -0300] "GET /cormun/servlet/apermisogoceprn?20369080,P,20251007153452,PU HTTP/1.1" 200 1653
201.186.225.183 - - [07/Oct/2025:15:33:35 -0300] "GET /cormun/servlet/permisogoce?INS,0,,, HTTP/1.1" 200 6825
201.186.225.183 - - [07/Oct/2025:15:33:48 -0300] "GET /cormun/servlet/permisogoce?8024981333bfcdc151996178a1b0b7f58de7606de6f494b9bc3519058be2da7ab5cc1af84e888eb0beb40c6be0db6319c4728794bbd5726b2c339ac935b58aa7,gx-no-cache=1759862152083 HTTP/1.1" 200 82
201.186.225.183 - - [07/Oct/2025:15:33:54 -0300] "GET /cormun/servlet/permisogoce?8024981333bfcdc151996178a1b0b7f5854e69ad5f97adb8e2e94dfc727d120b2e8b3f7fb2970059a6fc7e0f4618790fb4a5e4f56087889b6cd15d694a5bc979,gx-no-cache=1759862158053 HTTP/1.1" 200 47
201.186.225.193 - - [07/Oct/2025:15:33:56 -0300] "POST /cormun/servlet/trlicencias?f2513a842ff126ce5f577025b343c2d9,,gx-no-cache=1759862160049 HTTP/1.1" 200 7213
201.186.225.183 - - [07/Oct/2025:15:33:59 -0300] "POST /cormun/servlet/permisogoce?c850ca34ce525b33b6f7ac4c61fdc58c,INS,0,,,,gx-no-cache=1759862162668 HTTP/1.1" 200 93
201.186.225.183 - - [07/Oct/2025:15:33:59 -0300] "GET /cormun/servlet/hpexe_return? HTTP/1.1" 200 1006
201.186.225.183 - - [07/Oct/2025:15:33:59 -0300] "GET /cormun/servlet/trpermisosgoce HTTP/1.1" 200 17576
201.186.225.183 - - [07/Oct/2025:15:34:04 -0300] "GET /cormun/servlet/apermisogoceprn?12359432,P,20251007153531,PU HTTP/1.1" 200 1648
190.95.1.185 - - [07/Oct/2025:15:34:11 -0300] "GET /cormun/servlet/apermisogoceprn?9390855,P,20251007153336,PU HTTP/1.1" 200 1657
201.186.225.183 - - [07/Oct/2025:15:34:30 -0300] "GET /cormun/servlet/permisogoce?INS,0,,, HTTP/1.1" 200 6826
201.186.225.193 - - [07/Oct/2025:15:34:35 -0300] "POST /cormun/servlet/trlicencias?f2513a842ff126ce5f577025b343c2d9,,gx-no-cache=1759862199083 HTTP/1.1" 200 10660
201.186.225.183 - - [07/Oct/2025:15:34:38 -0300] "GET /cormun/servlet/permisogoce?8024981333bfcdc151996178a1b0b7f5bcf86dfc43be220a842b2d7c02d7254fb5cc1af84e888eb0beb40c6be0db6319c4728794bbd5726b2c339ac935b58aa7,gx-no-cache=1759862201485 HTTP/1.1" 200 80
190.95.1.185 - - [07/Oct/2025:15:34:41 -0300] "GET /cormun/servlet/permisogoce?INS,0,,, HTTP/1.1" 200 7382
190.95.1.185 - - [07/Oct/2025:15:34:44 -0300] "GET /cormun/servlet/prfichaempleado?,MD,,gxPopupLevel%3D0%3B HTTP/1.1" 200 9452
201.186.225.183 - - [07/Oct/2025:15:34:45 -0300] "GET /cormun/servlet/permisogoce?8024981333bfcdc151996178a1b0b7f598641415dde88644ff35429357c4b8fb6a06a441cabba69c8c1c7c810b4e1ab30dd5d026f5032813ad7f9cf4fb6cb978,gx-no-cache=1759862209117 HTTP/1.1" 200 47
201.186.225.183 - - [07/Oct/2025:15:34:46 -0300] "POST /cormun/servlet/permisogoce?c850ca34ce525b33b6f7ac4c61fdc58c,INS,0,,,,gx-no-cache=1759862209892 HTTP/1.1" 200 93
201.186.225.183 - - [07/Oct/2025:15:34:46 -0300] "GET /cormun/servlet/hpexe_return? HTTP/1.1" 200 1006
201.186.225.183 - - [07/Oct/2025:15:34:47 -0300] "GET /cormun/servlet/trpermisosgoce HTTP/1.1" 200 17778
201.186.225.193 - - [07/Oct/2025:15:34:49 -0300] "GET /cormun/servlet/alicenciaprn?17235203,L,20250729000000,PU HTTP/1.1" 200 1555
201.186.225.183 - - [07/Oct/2025:15:34:52 -0300] "GET /cormun/servlet/apermisogoceprn?18042029,P,20251007153626,PU HTTP/1.1" 200 1643
201.186.225.193 - - [07/Oct/2025:15:34:54 -0300] "GET /cormun/servlet/alicenciaprn?17235203,L,20250629000000,PU HTTP/1.1" 200 1553
201.186.225.193 - - [07/Oct/2025:15:34:58 -0300] "GET /cormun/servlet/alicenciaprn?17235203,L,20250530000000,PU HTTP/1.1" 200 1551
190.95.1.185 - - [07/Oct/2025:15:34:59 -0300] "POST /cormun/servlet/prfichaempleado?88eb6b73857401e9b0a72cd970faa37f,,MD,,gxPopupLevel%3D0%3B,gx-no-cache=1759862215121 HTTP/1.1" 200 3412
190.95.1.185 - - [07/Oct/2025:15:35:02 -0300] "GET /cormun/servlet/permisogoce?00abb7807c8afbfd4438b7bf1d001e57c2cc0a007f21bca9efe788812885b76e5d250a70fb7b5b2f17f61aab7f34f9986bc733f355630fa50fd25cfb5067cc6a,gx-no-cache=1759862225491 HTTP/1.1" 200 83
201.186.225.193 - - [07/Oct/2025:15:35:04 -0300] "GET /cormun/servlet/alicenciaprn?17235203,L,20250430000000,PU HTTP/1.1" 200 1550
190.95.1.185 - - [07/Oct/2025:15:35:04 -0300] "GET /cormun/servlet/permisogoce?00abb7807c8afbfd4438b7bf1d001e57c7556f3fd83eab6d2f8d62d2cafe48fb52601e738eca9b3ad12c51ab44a75f0b4e637a4e9062cae9282c6803e1c4a065,gx-no-cache=1759862227470 HTTP/1.1" 200 47
190.95.1.185 - - [07/Oct/2025:15:35:06 -0300] "POST /cormun/servlet/permisogoce?88eb6b73857401e9b0a72cd970faa37f,INS,0,,,,gx-no-cache=1759862229587 HTTP/1.1" 200 93
190.95.1.185 - - [07/Oct/2025:15:35:06 -0300] "GET /cormun/servlet/hpexe_return? HTTP/1.1" 200 1009
190.95.1.185 - - [07/Oct/2025:15:35:07 -0300] "GET /cormun/servlet/trpermisosgoce HTTP/1.1" 200 14166
190.95.1.185 - - [07/Oct/2025:15:35:10 -0300] "GET /cormun/servlet/apermisogoceprn?8721654,P,20251007153637,PU HTTP/1.1" 200 1660
190.95.1.185 - - [07/Oct/2025:15:35:28 -0300] "GET /cormun/servlet/permisogoce?INS,0,,, HTTP/1.1" 200 7382
190.95.1.185 - - [07/Oct/2025:15:35:30 -0300] "GET /cormun/servlet/prfichaempleado?,MD,,gxPopupLevel%3D0%3B HTTP/1.1" 200 9452
40.77.167.14 - - [07/Oct/2025:15:35:40 -0300] "GET /cormun/servlet/hlogin HTTP/1.1" 200 1721
190.95.1.185 - - [07/Oct/2025:15:35:42 -0300] "POST /cormun/servlet/prfichaempleado?88eb6b73857401e9b0a72cd970faa37f,,MD,,gxPopupLevel%3D0%3B,gx-no-cache=1759862258769 HTTP/1.1" 200 3471
190.95.67.91 - - [07/Oct/2025:15:35:46 -0300] "POST /cormun/servlet/trlicencias?079771b90c7590cf4445085688612e7d,,gx-no-cache=1759862269822 HTTP/1.1" 200 16714
190.95.1.185 - - [07/Oct/2025:15:35:59 -0300] "GET /cormun/servlet/permisogoce?00abb7807c8afbfd4438b7bf1d001e5706f8e74753afcec9b291619ec9ef7b7fb6fd33322580765fe678d93ca340abecda1d3e02d8e19fb7c31b38b4cb7f42fb,gx-no-cache=1759862275690 HTTP/1.1" 200 82
190.95.1.185 - - [07/Oct/2025:15:36:05 -0300] "GET /cormun/servlet/permisogoce?00abb7807c8afbfd4438b7bf1d001e572f8ad618e7310fd18035432d8187d09b0b9b9f95ff389264f66abf789ca15b05a2601efeacb706dd756a85b1dc4c26ec,gx-no-cache=1759862288842 HTTP/1.1" 200 48
190.95.1.185 - - [07/Oct/2025:15:36:06 -0300] "POST /cormun/servlet/permisogoce?88eb6b73857401e9b0a72cd970faa37f,INS,0,,,,gx-no-cache=1759862288867 HTTP/1.1" 200 93
190.95.1.185 - - [07/Oct/2025:15:36:06 -0300] "GET /cormun/servlet/hpexe_return? HTTP/1.1" 200 1009
190.95.1.185 - - [07/Oct/2025:15:36:06 -0300] "GET /cormun/servlet/trpermisosgoce HTTP/1.1" 200 14404
190.95.1.185 - - [07/Oct/2025:15:36:11 -0300] "GET /cormun/servlet/apermisogoceprn?10812480,P,20251007153724,PU HTTP/1.1" 200 1665
201.186.225.183 - - [07/Oct/2025:15:36:48 -0300] "GET /cormun/servlet/permisogoce?INS,0,,, HTTP/1.1" 200 6826
201.186.225.183 - - [07/Oct/2025:15:36:53 -0300] "GET /cormun/servlet/permisogoce?8024981333bfcdc151996178a1b0b7f5465366fda556775ec74b1c9cdd521986ddde8a90dc351f32432374adc541d6c00a981290cdbae91d8b56d01b1ea76e18,gx-no-cache=1759862337324 HTTP/1.1" 200 76
201.186.225.183 - - [07/Oct/2025:15:37:07 -0300] "GET /cormun/servlet/permisogoce?8024981333bfcdc151996178a1b0b7f55b9a1c3a01b378d31a1e0f9ebe917e413f59dbea0b6c5fcddebd7d373db3d45586b70536e53dc6accaae06cd18419014,gx-no-cache=1759862350822 HTTP/1.1" 200 46
201.186.225.183 - - [07/Oct/2025:15:37:08 -0300] "POST /cormun/servlet/permisogoce?c850ca34ce525b33b6f7ac4c61fdc58c,INS,0,,,,gx-no-cache=1759862351912 HTTP/1.1" 200 93
201.186.225.183 - - [07/Oct/2025:15:37:08 -0300] "GET /cormun/servlet/hpexe_return? HTTP/1.1" 200 1006
201.186.225.183 - - [07/Oct/2025:15:37:09 -0300] "GET /cormun/servlet/trpermisosgoce HTTP/1.1" 200 17976
201.186.225.193 - - [07/Oct/2025:15:37:14 -0300] "GET /cormun/servlet/alicenciaprn?17235203,L,20250331000000,PU HTTP/1.1" 200 1556
201.186.225.183 - - [07/Oct/2025:15:37:16 -0300] "GET /cormun/servlet/apermisogoceprn?9528102,P,20251007153844,PU HTTP/1.1" 200 1647
201.186.225.193 - - [07/Oct/2025:15:37:20 -0300] "GET /cormun/servlet/alicenciaprn?17235203,L,20250316000000,PU HTTP/1.1" 200 1553
201.186.225.193 - - [07/Oct/2025:15:37:27 -0300] "GET /cormun/servlet/alicenciaprn?17235203,L,20250309000000,PU HTTP/1.1" 200 1557
201.186.225.183 - - [07/Oct/2025:15:37:34 -0300] "GET /cormun/servlet/permisogoce?INS,0,,, HTTP/1.1" 200 6825
201.186.225.193 - - [07/Oct/2025:15:37:36 -0300] "GET /cormun/servlet/alicenciaprn?17235203,L,20250302000000,PU HTTP/1.1" 200 1555
201.186.225.183 - - [07/Oct/2025:15:37:44 -0300] "GET /cormun/servlet/permisogoce?8024981333bfcdc151996178a1b0b7f5891be4b9863fc2e2d1b7f727010dd681b5cc1af84e888eb0beb40c6be0db6319c4728794bbd5726b2c339ac935b58aa7,gx-no-cache=1759862387851 HTTP/1.1" 200 89
201.186.225.193 - - [07/Oct/2025:15:37:44 -0300] "GET /cormun/servlet/alicenciaprn?17235203,L,20250223000000,PU HTTP/1.1" 200 1553
201.186.225.183 - - [07/Oct/2025:15:37:50 -0300] "GET /cormun/servlet/permisogoce?8024981333bfcdc151996178a1b0b7f587a42d0af0553b43fafedc15f889c2e74289b010e78e9391ffe0448b417aed850dd5d026f5032813ad7f9cf4fb6cb978,gx-no-cache=1759862394418 HTTP/1.1" 200 47
201.186.225.183 - - [07/Oct/2025:15:37:52 -0300] "POST /cormun/servlet/permisogoce?c850ca34ce525b33b6f7ac4c61fdc58c,INS,0,,,,gx-no-cache=1759862395235 HTTP/1.1" 200 93
201.186.225.183 - - [07/Oct/2025:15:37:52 -0300] "GET /cormun/servlet/hpexe_return? HTTP/1.1" 200 1006
201.186.225.183 - - [07/Oct/2025:15:37:52 -0300] "GET /cormun/servlet/trpermisosgoce HTTP/1.1" 200 18192
201.186.225.183 - - [07/Oct/2025:15:37:59 -0300] "GET /cormun/servlet/apermisogoceprn?17235429,P,20251007153930,PU HTTP/1.1" 200 1660
201.186.225.183 - - [07/Oct/2025:15:38:14 -0300] "GET /cormun/servlet/permisogoce?INS,0,,, HTTP/1.1" 200 6826
201.186.225.193 - - [07/Oct/2025:15:38:16 -0300] "GET /cormun/servlet/alicenciaprn?17235203,L,20250216000000,PU HTTP/1.1" 200 1557
190.95.1.185 - - [07/Oct/2025:15:38:18 -0300] "GET /cormun/servlet/permisogoce?INS,0,,, HTTP/1.1" 200 7382
201.186.225.183 - - [07/Oct/2025:15:38:23 -0300] "GET /cormun/servlet/permisogoce?8024981333bfcdc151996178a1b0b7f5a14b8fbe0fc75c3ed1615497801b733cb5cc1af84e888eb0beb40c6be0db6319c4728794bbd5726b2c339ac935b58aa7,gx-no-cache=1759862426671 HTTP/1.1" 200 82
201.186.225.183 - - [07/Oct/2025:15:38:30 -0300] "GET /cormun/servlet/permisogoce?8024981333bfcdc151996178a1b0b7f51a40917f176af0e300775b0bd852192b6aab2fe1888e37586b9091c53567ae3a0dd5d026f5032813ad7f9cf4fb6cb978,gx-no-cache=1759862434368 HTTP/1.1" 200 47
190.95.1.185 - - [07/Oct/2025:15:38:31 -0300] "GET /cormun/servlet/permisogoce?00abb7807c8afbfd4438b7bf1d001e5726259c3de58ab77157af962f28e8a959b6fd33322580765fe678d93ca340abecda1d3e02d8e19fb7c31b38b4cb7f42fb,gx-no-cache=1759862434306 HTTP/1.1" 200 86
201.186.225.183 - - [07/Oct/2025:15:38:33 -0300] "POST /cormun/servlet/permisogoce?c850ca34ce525b33b6f7ac4c61fdc58c,INS,0,,,,gx-no-cache=1759862436712 HTTP/1.1" 200 93
201.186.225.183 - - [07/Oct/2025:15:38:33 -0300] "GET /cormun/servlet/hpexe_return? HTTP/1.1" 200 1006
201.186.225.183 - - [07/Oct/2025:15:38:33 -0300] "GET /cormun/servlet/trpermisosgoce HTTP/1.1" 200 18430
201.186.225.183 - - [07/Oct/2025:15:38:38 -0300] "GET /cormun/servlet/apermisogoceprn?13944984,P,20251007154010,PU HTTP/1.1" 200 1645
201.186.225.193 - - [07/Oct/2025:15:38:39 -0300] "GET /cormun/servlet/alicenciaprn?17235203,L,20250209000000,PU HTTP/1.1" 200 1556
201.186.225.193 - - [07/Oct/2025:15:38:45 -0300] "GET /cormun/servlet/alicenciaprn?17235203,L,20241117000000,PU HTTP/1.1" 200 1558
