190.95.15.9 - - [29/Sep/2025:09:17:11 -0300] "POST /cormun/servlet/trlicencias?3151bcafec2c779cbe5c882aff726b13,,gx-no-cache=1759148365953 HTTP/1.1" 200 9641
201.186.225.187 - - [29/Sep/2025:09:17:17 -0300] "GET /cormun/servlet/trpermisosadjuntos?19358822,20250925122134,P, HTTP/1.1" 200 6290
201.186.225.187 - - [29/Sep/2025:09:17:19 -0300] "GET /cormun/servlet/permisosadjuntos?INS,19358822,P,20250925122134,, HTTP/1.1" 200 5612
201.186.225.187 - - [29/Sep/2025:09:17:19 -0300] "GET /cormun/static/about:blank HTTP/1.1" 404 1011
201.186.225.187 - - [29/Sep/2025:09:18:00 -0300] "POST /cormun/servlet/permisosadjuntos?dea1afa7e26007a6e60afeaf9fa75240,INS,19358822,P,20250925122134,, HTTP/1.1" 200 116
201.186.225.187 - - [29/Sep/2025:09:18:00 -0300] "GET /cormun/servlet/hpexe_return? HTTP/1.1" 200 1039
201.186.225.187 - - [29/Sep/2025:09:18:00 -0300] "GET /cormun/servlet/trpermisosadjuntos?19358822,20250925122134,P, HTTP/1.1" 200 6767
201.186.225.187 - - [29/Sep/2025:09:18:03 -0300] "GET /cormun/servlet/trpermisosgoce? HTTP/1.1" 200 9448
201.186.225.187 - - [29/Sep/2025:09:18:06 -0300] "POST /cormun/servlet/trpermisosgoce?dea1afa7e26007a6e60afeaf9fa75240,,gx-no-cache=1759152023962 HTTP/1.1" 200 6746
201.186.225.187 - - [29/Sep/2025:09:18:07 -0300] "GET /cormun/static/Shared/jqueryui/images/ui-bg_highlight-soft_100_c6c2c8_1x100.png HTTP/1.1" 404 1117
201.186.225.187 - - [29/Sep/2025:09:18:07 -0300] "GET /cormun/static/Shared/jqueryui/images/ui-icons_82798d_256x240.png HTTP/1.1" 404 1089
201.186.225.187 - - [29/Sep/2025:09:18:07 -0300] "GET /cormun/static/Shared/jqueryui/images/ui-icons_8d78a5_256x240.png HTTP/1.1" 404 1089
201.186.225.187 - - [29/Sep/2025:09:18:07 -0300] "GET /cormun/static/Shared/jqueryui/images/ui-bg_flat_55_fafafa_40x100.png HTTP/1.1" 404 1097
190.95.15.17 - - [29/Sep/2025:09:21:32 -0300] "POST /cormun/servlet/trlicencias?bf631ecca92b9d2487a65bf046d152d8,gx-no-cache=1759148627428 HTTP/1.1" 200 10248
190.95.15.17 - - [29/Sep/2025:09:21:34 -0300] "POST /cormun/servlet/trlicencias?bf631ecca92b9d2487a65bf046d152d8,gx-no-cache=1759148629101 HTTP/1.1" 200 10248
190.95.67.93 - - [29/Sep/2025:09:25:33 -0300] "GET /cormun/servlet/trlicencias? HTTP/1.1" 200 11063
190.95.67.93 - - [29/Sep/2025:09:25:35 -0300] "GET /cormun/servlet/trlicencias? HTTP/1.1" 200 11063
201.186.225.185 - - [29/Sep/2025:09:27:29 -0300] "GET /cormun/servlet/hlogin HTTP/1.1" 200 1722
201.186.225.185 - - [29/Sep/2025:09:27:29 -0300] "GET /cormun/static/gxtimezone.js?85251 HTTP/1.1" 200 5781
201.186.225.185 - - [29/Sep/2025:09:27:29 -0300] "GET /cormun/static/Resources/Spanish/PXTools.css?1759030 HTTP/1.1" 200 100853
201.186.225.185 - - [29/Sep/2025:09:27:31 -0300] "GET /cormun/static/gxgral.js?85251 HTTP/1.1" 200 384558
201.186.225.185 - - [29/Sep/2025:09:27:31 -0300] "GET /cormun/servlet/hlogin HTTP/1.1" 200 1732
201.186.225.185 - - [29/Sep/2025:09:27:35 -0300] "POST /cormun/servlet/hlogin?b57afcfc1a0c62b0c68241c52b617e8a,gx-no-cache=1759148989575 HTTP/1.1" 200 90
201.186.225.185 - - [29/Sep/2025:09:27:35 -0300] "GET /cormun/servlet/hpexe_link HTTP/1.1" 200 953
201.186.225.185 - - [29/Sep/2025:09:27:35 -0300] "GET /cormun/static/Resources/Spanish/PXTools.css?8354383 HTTP/1.1" 200 100853
201.186.225.185 - - [29/Sep/2025:09:27:36 -0300] "GET /cormun/servlet/hhome HTTP/1.1" 200 4114
201.186.225.185 - - [29/Sep/2025:09:27:36 -0300] "GET /cormun/static/SmoothNavMenu/resources/ddsmoothmenu.css?1112540 HTTP/1.1" 200 2223
201.186.225.185 - - [29/Sep/2025:09:27:36 -0300] "GET /cormun/static/SmoothNavMenu/resources/ddsmoothmenu-v.css?1112540 HTTP/1.1" 200 1188
201.186.225.185 - - [29/Sep/2025:09:27:36 -0300] "GET /cormun/static/scaMessage/css/jquery.pnotify.default.css?1816380 HTTP/1.1" 200 1707
201.186.225.185 - - [29/Sep/2025:09:27:36 -0300] "GET /cormun/static/PXToolsJavascripts/pexe_autoreload.js HTTP/1.1" 200 1762
201.186.225.185 - - [29/Sep/2025:09:27:36 -0300] "GET /cormun/static/PXToolsJavascripts/pexe_link.js HTTP/1.1" 200 5671
201.186.225.185 - - [29/Sep/2025:09:27:36 -0300] "GET /cormun/static/PXToolsJavascripts/pexe_cookies.js HTTP/1.1" 200 792
201.186.225.185 - - [29/Sep/2025:09:27:36 -0300] "GET /cormun/static/Resources/Spanish/PXTools.css?14345360 HTTP/1.1" 200 100853
201.186.225.185 - - [29/Sep/2025:09:27:36 -0300] "GET /cormun/static/PXToolsJavascripts/pexe_windows.js HTTP/1.1" 200 15249
201.186.225.185 - - [29/Sep/2025:09:27:36 -0300] "GET /cormun/static/PXToolsJavascripts/pexe_menudivfix.js HTTP/1.1" 200 333
201.186.225.185 - - [29/Sep/2025:09:27:36 -0300] "GET /cormun/static/PXToolsJavascripts/pexe_layers.js HTTP/1.1" 200 4114
201.186.225.185 - - [29/Sep/2025:09:27:36 -0300] "GET /cormun/static/PXToolsJavascripts/pexe_menus.js HTTP/1.1" 200 1286
201.186.225.185 - - [29/Sep/2025:09:27:36 -0300] "GET /cormun/static/PXToolsJavascripts/pexe_oav.js HTTP/1.1" 200 645
201.186.225.185 - - [29/Sep/2025:09:27:36 -0300] "GET /cormun/static/PXToolsJavascripts/pexe_oavdivfix.js HTTP/1.1" 200 639
201.186.225.185 - - [29/Sep/2025:09:27:36 -0300] "GET /cormun/static/PXToolsJavascripts/pexe_picture.js HTTP/1.1" 200 689
201.186.225.185 - - [29/Sep/2025:09:27:36 -0300] "GET /cormun/static/PXToolsJavascripts/pexe_scrolldiv.js HTTP/1.1" 200 4138
201.186.225.185 - - [29/Sep/2025:09:27:36 -0300] "GET /cormun/static/PXToolsJavascripts/pexe_tabs.js HTTP/1.1" 200 3748
201.186.225.185 - - [29/Sep/2025:09:27:36 -0300] "GET /cormun/static/PXToolsJavascripts/pexe_upload.js HTTP/1.1" 200 1423
201.186.225.185 - - [29/Sep/2025:09:27:36 -0300] "GET /cormun/static/PXToolsJavascripts/pexe_tabdivfix.js HTTP/1.1" 200 898
201.186.225.185 - - [29/Sep/2025:09:27:36 -0300] "GET /cormun/static/PXToolsJavascripts/pexe_popup.js HTTP/1.1" 200 15149
201.186.225.185 - - [29/Sep/2025:09:27:36 -0300] "GET /cormun/static/RunJS/RunJS.js HTTP/1.1" 200 288
201.186.225.185 - - [29/Sep/2025:09:27:36 -0300] "GET /cormun/static/PXToolsJavascripts/PXToolsJavascriptsRender.js HTTP/1.1" 200 367
201.186.225.185 - - [29/Sep/2025:09:27:37 -0300] "GET /cormun/static/SmoothNavMenu/resources/SmoothNavMenuRender.js HTTP/1.1" 200 5951
201.186.225.185 - - [29/Sep/2025:09:27:37 -0300] "GET /cormun/static/Shared/jquery/jquery-1.10.2.min.js HTTP/1.1" 200 273199
201.186.225.185 - - [29/Sep/2025:09:27:39 -0300] "GET /cormun/static/Shared/jqueryui/jquery-ui.min.js HTTP/1.1" 200 240427
201.186.225.185 - - [29/Sep/2025:09:27:41 -0300] "GET /cormun/static/Shared/ext/ext-all.js HTTP/1.1" 200 1289687
201.186.225.185 - - [29/Sep/2025:09:27:41 -0300] "GET /cormun/static/SmoothNavMenu/resources/images/down.gif HTTP/1.1" 200 854
201.186.225.185 - - [29/Sep/2025:09:27:41 -0300] "GET /cormun/static/SmoothNavMenu/resources/images/right.gif HTTP/1.1" 200 860
201.186.225.185 - - [29/Sep/2025:09:27:47 -0300] "GET /cormun/servlet/trlicencias? HTTP/1.1" 200 14776
201.186.225.185 - - [29/Sep/2025:09:27:48 -0300] "GET /cormun/static/calendar-setup.js?85251 HTTP/1.1" 200 2588
201.186.225.185 - - [29/Sep/2025:09:27:48 -0300] "GET /cormun/static/calendar-es.js?85251 HTTP/1.1" 200 1901
201.186.225.185 - - [29/Sep/2025:09:27:48 -0300] "GET /cormun/static/gxui/gxui-all.css?120300 HTTP/1.1" 200 2179
201.186.225.185 - - [29/Sep/2025:09:27:48 -0300] "GET /cormun/static/calendar-system.css?85620 HTTP/1.1" 200 5572
201.186.225.185 - - [29/Sep/2025:09:27:51 -0300] "GET /cormun/static/Shared/ext/resources/css/ext-all.css?215870 HTTP/1.1" 200 416045
201.186.225.185 - - [29/Sep/2025:09:27:52 -0300] "GET /cormun/static/Shared/ext/resources/themes/images/default/panel/bg-headersPanel.png HTTP/1.1" 200 255
201.186.225.185 - - [29/Sep/2025:09:27:52 -0300] "GET /cormun/static/Shared/ext/resources/themes/images/default/tools/tool-sprites.gif HTTP/1.1" 200 5434
201.186.225.185 - - [29/Sep/2025:09:28:18 -0300] "GET /cormun/static/menuarrow.gif HTTP/1.1" 404 1015
200.126.116.145 - - [29/Sep/2025:09:28:23 -0300] "GET /cormun/servlet/trpermisosadjuntos?18649265,20250922114935,P, HTTP/1.1" 200 5456
200.126.116.145 - - [29/Sep/2025:09:28:23 -0300] "GET /cormun/static/gxcfg.js?2020121641683 HTTP/1.1" 200 953
200.126.116.145 - - [29/Sep/2025:09:28:23 -0300] "GET /cormun/static/trpermisosadjuntos.js?2020121642996 HTTP/1.1" 200 20158
200.126.116.145 - - [29/Sep/2025:09:28:24 -0300] "GET /cormun/servlet/hlogin HTTP/1.1" 200 1761
201.186.225.185 - - [29/Sep/2025:09:28:25 -0300] "POST /cormun/servlet/trlicencias?b57afcfc1a0c62b0c68241c52b617e8a,,gx-no-cache=1759149039628 HTTP/1.1" 200 12853
200.126.116.145 - - [29/Sep/2025:09:28:37 -0300] "POST /cormun/servlet/hlogin?a8ce46840a8ba62a59a24f01e58b810f,gx-no-cache=1759149059921 HTTP/1.1" 200 90
200.126.116.145 - - [29/Sep/2025:09:28:37 -0300] "GET /cormun/servlet/hpexe_link HTTP/1.1" 200 978
200.126.116.145 - - [29/Sep/2025:09:28:37 -0300] "GET /cormun/servlet/trpermisosadjuntos?18649265,20250922114935,P, HTTP/1.1" 200 6468
200.126.116.145 - - [29/Sep/2025:09:28:48 -0300] "GET /cormun/servlet/trpermisosgoce? HTTP/1.1" 200 12195
200.126.116.145 - - [29/Sep/2025:09:28:52 -0300] "GET /cormun/servlet/trpermisosadjuntos?18649265,20250922114935,P, HTTP/1.1" 200 6466
200.126.116.145 - - [29/Sep/2025:09:28:54 -0300] "GET /cormun/servlet/permisosadjuntos?INS,18649265,P,20250922114935,, HTTP/1.1" 200 5974
200.126.116.145 - - [29/Sep/2025:09:28:54 -0300] "GET /cormun/static/permisosadjuntos.js?20201215134285 HTTP/1.1" 200 8724
200.126.116.145 - - [29/Sep/2025:09:28:54 -0300] "GET /cormun/static/gxcfg.js?20201215134212 HTTP/1.1" 200 953
200.126.116.145 - - [29/Sep/2025:09:28:54 -0300] "GET /cormun/static/about:blank HTTP/1.1" 404 1011
200.126.116.145 - - [29/Sep/2025:09:29:05 -0300] "POST /cormun/servlet/permisosadjuntos?a8ce46840a8ba62a59a24f01e58b810f,INS,18649265,P,20250922114935,, HTTP/1.1" 200 116
200.126.116.145 - - [29/Sep/2025:09:29:05 -0300] "GET /cormun/servlet/hpexe_return? HTTP/1.1" 200 1033
200.126.116.145 - - [29/Sep/2025:09:29:05 -0300] "GET /cormun/servlet/trpermisosadjuntos?18649265,20250922114935,P, HTTP/1.1" 200 7046
200.126.116.145 - - [29/Sep/2025:09:29:09 -0300] "GET /cormun/servlet/trpermisosgoce? HTTP/1.1" 200 12206
200.126.116.145 - - [29/Sep/2025:09:29:12 -0300] "POST /cormun/servlet/trpermisosgoce?a8ce46840a8ba62a59a24f01e58b810f,,gx-no-cache=1759149094847 HTTP/1.1" 200 9463
200.126.116.145 - - [29/Sep/2025:09:29:12 -0300] "GET /cormun/static/Shared/jqueryui/images/ui-icons_82798d_256x240.png HTTP/1.1" 404 1089
200.126.116.145 - - [29/Sep/2025:09:29:12 -0300] "GET /cormun/static/Shared/jqueryui/images/ui-bg_highlight-soft_100_c6c2c8_1x100.png HTTP/1.1" 404 1117
200.126.116.145 - - [29/Sep/2025:09:29:12 -0300] "GET /cormun/static/Shared/jqueryui/images/ui-bg_flat_55_fafafa_40x100.png HTTP/1.1" 404 1097
200.126.116.145 - - [29/Sep/2025:09:29:12 -0300] "GET /cormun/static/Shared/jqueryui/images/ui-icons_8d78a5_256x240.png HTTP/1.1" 404 1089
201.186.225.189 - - [29/Sep/2025:09:29:42 -0300] "GET /cormun/static/menuarrow.gif HTTP/1.1" 404 1015
200.126.116.145 - - [29/Sep/2025:09:30:12 -0300] "GET /cormun/servlet/trpermisosadjuntos?8298048,20250910112059,P, HTTP/1.1" 200 6461
200.126.116.145 - - [29/Sep/2025:09:30:14 -0300] "GET /cormun/servlet/permisosadjuntos?INS,8298048,P,20250910112059,, HTTP/1.1" 200 5969
200.126.116.145 - - [29/Sep/2025:09:30:14 -0300] "GET /cormun/static/about:blank HTTP/1.1" 404 1011
200.126.116.145 - - [29/Sep/2025:09:30:27 -0300] "POST /cormun/servlet/permisosadjuntos?a8ce46840a8ba62a59a24f01e58b810f,INS,8298048,P,20250910112059,, HTTP/1.1" 200 116
200.126.116.145 - - [29/Sep/2025:09:30:27 -0300] "GET /cormun/servlet/hpexe_return? HTTP/1.1" 200 1032
200.126.116.145 - - [29/Sep/2025:09:30:27 -0300] "GET /cormun/servlet/trpermisosadjuntos?8298048,20250910112059,P, HTTP/1.1" 200 7041
200.126.116.145 - - [29/Sep/2025:09:30:34 -0300] "GET /cormun/servlet/trpermisosgoce? HTTP/1.1" 200 12199
200.126.116.145 - - [29/Sep/2025:09:30:38 -0300] "POST /cormun/servlet/trpermisosgoce?a8ce46840a8ba62a59a24f01e58b810f,,gx-no-cache=1759149181047 HTTP/1.1" 200 9440
201.186.225.189 - - [29/Sep/2025:09:31:02 -0300] "POST /cormun/servlet/trlicencias?eb4811fa1ff7a8c07a7a8eaaeec3051f,,gx-no-cache=1759149196641 HTTP/1.1" 440 972
201.186.225.189 - - [29/Sep/2025:09:31:04 -0300] "GET /cormun/servlet/trlicencias? HTTP/1.1" 200 6049
201.186.225.189 - - [29/Sep/2025:09:31:05 -0300] "GET /cormun/servlet/hlogin HTTP/1.1" 200 1737
201.186.225.189 - - [29/Sep/2025:09:31:05 -0300] "GET /favicon.ico HTTP/1.1" 200 21630
201.186.225.189 - - [29/Sep/2025:09:31:11 -0300] "POST /cormun/servlet/hlogin?7b602c65cc475f9d6290f81790e96d3e,gx-no-cache=1759149206264 HTTP/1.1" 200 90
201.186.225.189 - - [29/Sep/2025:09:31:11 -0300] "GET /cormun/servlet/hpexe_link HTTP/1.1" 200 955
201.186.225.189 - - [29/Sep/2025:09:31:11 -0300] "GET /cormun/servlet/trlicencias HTTP/1.1" 200 10221
200.126.116.145 - - [29/Sep/2025:09:31:13 -0300] "GET /cormun/servlet/trpermisosadjuntos?18376644,20250909120525,P, HTTP/1.1" 200 6460
200.126.116.145 - - [29/Sep/2025:09:31:15 -0300] "GET /cormun/servlet/permisosadjuntos?INS,18376644,P,20250909120525,, HTTP/1.1" 200 5969
200.126.116.145 - - [29/Sep/2025:09:31:15 -0300] "GET /cormun/static/about:blank HTTP/1.1" 404 1011
201.186.225.189 - - [29/Sep/2025:09:31:15 -0300] "GET /cormun/static/menuarrow.gif HTTP/1.1" 404 1015
200.126.116.145 - - [29/Sep/2025:09:31:24 -0300] "POST /cormun/servlet/permisosadjuntos?a8ce46840a8ba62a59a24f01e58b810f,INS,18376644,P,20250909120525,, HTTP/1.1" 200 116
200.126.116.145 - - [29/Sep/2025:09:31:24 -0300] "GET /cormun/servlet/hpexe_return? HTTP/1.1" 200 1034
200.126.116.145 - - [29/Sep/2025:09:31:25 -0300] "GET /cormun/servlet/trpermisosadjuntos?18376644,20250909120525,P, HTTP/1.1" 200 7034
200.126.116.145 - - [29/Sep/2025:09:31:27 -0300] "GET /cormun/servlet/trpermisosgoce? HTTP/1.1" 200 12207
200.126.116.145 - - [29/Sep/2025:09:31:33 -0300] "POST /cormun/servlet/trpermisosgoce?a8ce46840a8ba62a59a24f01e58b810f,,gx-no-cache=1759149235508 HTTP/1.1" 200 9440
201.186.225.189 - - [29/Sep/2025:09:31:45 -0300] "POST /cormun/servlet/trlicencias?7b602c65cc475f9d6290f81790e96d3e,gx-no-cache=1759149239914 HTTP/1.1" 200 7435
201.186.226.5 - - [29/Sep/2025:09:32:03 -0300] "GET /cormun/servlet/hlogin HTTP/1.1" 200 1726
201.186.226.5 - - [29/Sep/2025:09:32:03 -0300] "GET /favicon.ico HTTP/1.1" 200 21630
200.126.116.145 - - [29/Sep/2025:09:32:05 -0300] "GET /cormun/servlet/trpermisosadjuntos?16884381,20250924074837,P, HTTP/1.1" 200 6468
200.126.116.145 - - [29/Sep/2025:09:32:07 -0300] "GET /cormun/servlet/permisosadjuntos?INS,16884381,P,20250924074837,, HTTP/1.1" 200 5974
200.126.116.145 - - [29/Sep/2025:09:32:07 -0300] "GET /cormun/static/about:blank HTTP/1.1" 404 1011
201.186.226.5 - - [29/Sep/2025:09:32:07 -0300] "POST /cormun/servlet/hlogin?a5fa6900ea2411ecfe13069b545aad14,gx-no-cache=1759149262316 HTTP/1.1" 200 90
201.186.226.5 - - [29/Sep/2025:09:32:07 -0300] "GET /cormun/servlet/hpexe_link HTTP/1.1" 200 955
201.186.226.5 - - [29/Sep/2025:09:32:07 -0300] "GET /cormun/servlet/hhome HTTP/1.1" 200 3995
201.186.226.5 - - [29/Sep/2025:09:32:08 -0300] "GET /cormun/static/gxcfg.js?20201215495537 HTTP/1.1" 200 953
201.186.226.5 - - [29/Sep/2025:09:32:08 -0300] "GET /cormun/static/Resources/Spanish/PXTools.css?14345360 HTTP/1.1" 200 100853
201.186.226.5 - - [29/Sep/2025:09:32:08 -0300] "GET /cormun/static/hhome.js?20201215495544 HTTP/1.1" 200 777
201.186.225.189 - - [29/Sep/2025:09:32:15 -0300] "GET /cormun/PXToolsDataTitle.png HTTP/1.1" 404 1015
200.126.116.145 - - [29/Sep/2025:09:32:18 -0300] "POST /cormun/servlet/permisosadjuntos?a8ce46840a8ba62a59a24f01e58b810f,INS,16884381,P,20250924074837,, HTTP/1.1" 200 116
200.126.116.145 - - [29/Sep/2025:09:32:18 -0300] "GET /cormun/servlet/hpexe_return? HTTP/1.1" 200 1034
200.126.116.145 - - [29/Sep/2025:09:32:18 -0300] "GET /cormun/servlet/trpermisosadjuntos?16884381,20250924074837,P, HTTP/1.1" 200 7042
201.186.225.189 - - [29/Sep/2025:09:32:20 -0300] "GET /cormun/PXToolsDataTitle.png HTTP/1.1" 404 1015
201.186.226.5 - - [29/Sep/2025:09:32:20 -0300] "GET /cormun/servlet/trlicencias? HTTP/1.1" 200 8636
200.126.116.145 - - [29/Sep/2025:09:32:23 -0300] "GET /cormun/servlet/trpermisosgoce? HTTP/1.1" 200 12205
200.126.116.145 - - [29/Sep/2025:09:32:27 -0300] "POST /cormun/servlet/trpermisosgoce?a8ce46840a8ba62a59a24f01e58b810f,,gx-no-cache=1759149289474 HTTP/1.1" 200 9434
200.126.116.145 - - [29/Sep/2025:09:33:38 -0300] "GET /cormun/servlet/trpermisosadjuntos?20660550,20250925145508,P, HTTP/1.1" 200 6455
200.126.116.145 - - [29/Sep/2025:09:33:39 -0300] "GET /cormun/servlet/permisosadjuntos?INS,20660550,P,20250925145508,, HTTP/1.1" 200 5963
200.126.116.145 - - [29/Sep/2025:09:33:39 -0300] "GET /cormun/static/about:blank HTTP/1.1" 404 1011
200.126.116.145 - - [29/Sep/2025:09:33:54 -0300] "POST /cormun/servlet/permisosadjuntos?a8ce46840a8ba62a59a24f01e58b810f,INS,20660550,P,20250925145508,, HTTP/1.1" 200 116
200.126.116.145 - - [29/Sep/2025:09:33:54 -0300] "GET /cormun/servlet/hpexe_return? HTTP/1.1" 200 1031
200.126.116.145 - - [29/Sep/2025:09:33:54 -0300] "GET /cormun/servlet/trpermisosadjuntos?20660550,20250925145508,P, HTTP/1.1" 200 7022
200.126.116.145 - - [29/Sep/2025:09:33:57 -0300] "GET /cormun/servlet/trpermisosgoce? HTTP/1.1" 200 12220
200.126.116.145 - - [29/Sep/2025:09:34:01 -0300] "POST /cormun/servlet/trpermisosgoce?a8ce46840a8ba62a59a24f01e58b810f,,gx-no-cache=1759149384051 HTTP/1.1" 200 9448
190.95.67.91 - - [29/Sep/2025:09:34:26 -0300] "POST /cormun/servlet/trlicencias?1ad57f69fdde435a20056fd23a89635a,gx-no-cache=1759149400895 HTTP/1.1" 440 972
190.95.67.91 - - [29/Sep/2025:09:34:27 -0300] "GET /cormun/servlet/trlicencias HTTP/1.1" 200 6050
190.95.67.91 - - [29/Sep/2025:09:34:28 -0300] "GET /cormun/servlet/hlogin HTTP/1.1" 200 1736
190.95.15.17 - - [29/Sep/2025:09:34:31 -0300] "POST /cormun/servlet/trlicencias?bf631ecca92b9d2487a65bf046d152d8,gx-no-cache=1759149405706 HTTP/1.1" 200 10247
200.126.116.145 - - [29/Sep/2025:09:34:33 -0300] "GET /cormun/servlet/trpermisosadjuntos?19590652,20250926111206,P, HTTP/1.1" 200 6465
200.126.116.145 - - [29/Sep/2025:09:34:34 -0300] "GET /cormun/servlet/permisosadjuntos?INS,19590652,P,20250926111206,, HTTP/1.1" 200 5970
200.126.116.145 - - [29/Sep/2025:09:34:35 -0300] "GET /cormun/static/about:blank HTTP/1.1" 404 1011
190.95.67.91 - - [29/Sep/2025:09:34:35 -0300] "POST /cormun/servlet/hlogin?ec2fc2b6e236ed3ccca24727f092a055,gx-no-cache=1759149409742 HTTP/1.1" 200 90
190.95.67.91 - - [29/Sep/2025:09:34:35 -0300] "GET /cormun/servlet/hpexe_link HTTP/1.1" 200 954
190.95.15.17 - - [29/Sep/2025:09:34:35 -0300] "GET /cormun/servlet/hlogin HTTP/1.1" 200 1736
190.95.67.91 - - [29/Sep/2025:09:34:35 -0300] "GET /cormun/servlet/trlicencias HTTP/1.1" 200 18122
200.126.116.145 - - [29/Sep/2025:09:34:43 -0300] "POST /cormun/servlet/permisosadjuntos?a8ce46840a8ba62a59a24f01e58b810f,INS,19590652,P,20250926111206,, HTTP/1.1" 200 116
200.126.116.145 - - [29/Sep/2025:09:34:43 -0300] "GET /cormun/servlet/hpexe_return? HTTP/1.1" 200 1034
200.126.116.145 - - [29/Sep/2025:09:34:43 -0300] "GET /cormun/servlet/trpermisosadjuntos?19590652,20250926111206,P, HTTP/1.1" 200 7040
200.126.116.145 - - [29/Sep/2025:09:34:48 -0300] "GET /cormun/servlet/trpermisosgoce? HTTP/1.1" 200 12218
200.126.116.145 - - [29/Sep/2025:09:34:52 -0300] "POST /cormun/servlet/trpermisosgoce?a8ce46840a8ba62a59a24f01e58b810f,,gx-no-cache=1759149434704 HTTP/1.1" 200 9441
190.95.67.91 - - [29/Sep/2025:09:35:04 -0300] "GET /cormun/servlet/trpermisosgoce? HTTP/1.1" 200 19200
190.95.67.91 - - [29/Sep/2025:09:35:06 -0300] "GET /cormun/servlet/permisogoce?INS,0,,, HTTP/1.1" 200 7127
190.95.67.91 - - [29/Sep/2025:09:35:14 -0300] "GET /cormun/servlet/permisogoce?f741e1b2be38d68073fabfaca8c611c228e85a15da2280ee905dbad6a322582d31a07a90f2ae2187d6b938c7b936ac15859413e700688d423a1e46e2107321dd,gx-no-cache=1759149448730 HTTP/1.1" 200 78
190.95.67.91 - - [29/Sep/2025:09:35:17 -0300] "GET /cormun/static/menuarrow.gif HTTP/1.1" 404 1015
190.95.67.91 - - [29/Sep/2025:09:35:23 -0300] "GET /cormun/servlet/permisogoce?f741e1b2be38d68073fabfaca8c611c2b1a12b85dc3f3d83ad89783e53b1303a1fed3c26a0eec477dfc02e71690186585e7074c47c7d2dc51accd14e64da293c,gx-no-cache=1759149458185 HTTP/1.1" 200 48
200.126.116.145 - - [29/Sep/2025:09:35:28 -0300] "GET /cormun/servlet/trpermisosadjuntos?15804738,20250926125157,P, HTTP/1.1" 200 6465
200.126.116.145 - - [29/Sep/2025:09:35:30 -0300] "GET /cormun/servlet/permisosadjuntos?INS,15804738,P,20250926125157,, HTTP/1.1" 200 5969
200.126.116.145 - - [29/Sep/2025:09:35:30 -0300] "GET /cormun/static/about:blank HTTP/1.1" 404 1011
201.186.225.185 - - [29/Sep/2025:09:35:35 -0300] "POST /cormun/servlet/trlicencias?b57afcfc1a0c62b0c68241c52b617e8a,,gx-no-cache=1759149469484 HTTP/1.1" 200 18289
201.186.225.185 - - [29/Sep/2025:09:35:35 -0300] "GET /cormun/static/Resources/PXToolsGridNext.gif HTTP/1.1" 304 -
201.186.225.185 - - [29/Sep/2025:09:35:35 -0300] "GET /cormun/static/Resources/PXToolsGridLast.gif HTTP/1.1" 304 -
190.95.67.91 - - [29/Sep/2025:09:35:36 -0300] "POST /cormun/servlet/permisogoce?ec2fc2b6e236ed3ccca24727f092a055,INS,0,,,,gx-no-cache=1759149470438 HTTP/1.1" 200 93
190.95.67.91 - - [29/Sep/2025:09:35:36 -0300] "GET /cormun/servlet/hpexe_return? HTTP/1.1" 200 1008
190.95.67.91 - - [29/Sep/2025:09:35:36 -0300] "GET /cormun/servlet/trpermisosgoce HTTP/1.1" 200 19311
200.126.116.145 - - [29/Sep/2025:09:35:40 -0300] "POST /cormun/servlet/permisosadjuntos?a8ce46840a8ba62a59a24f01e58b810f,INS,15804738,P,20250926125157,, HTTP/1.1" 200 116
200.126.116.145 - - [29/Sep/2025:09:35:40 -0300] "GET /cormun/servlet/hpexe_return? HTTP/1.1" 200 1034
200.126.116.145 - - [29/Sep/2025:09:35:40 -0300] "GET /cormun/servlet/trpermisosadjuntos?15804738,20250926125157,P, HTTP/1.1" 200 7048
190.95.67.91 - - [29/Sep/2025:09:35:40 -0300] "GET /cormun/servlet/trpermisosadjuntos?12824357,20250929093719,P, HTTP/1.1" 200 6558
201.186.225.185 - - [29/Sep/2025:09:35:41 -0300] "POST /cormun/servlet/trlicencias?b57afcfc1a0c62b0c68241c52b617e8a,,gx-no-cache=1759149475443 HTTP/1.1" 200 5982
190.95.67.91 - - [29/Sep/2025:09:35:42 -0300] "GET /cormun/servlet/permisosadjuntos?INS,12824357,P,20250929093719,, HTTP/1.1" 200 5884
190.95.67.91 - - [29/Sep/2025:09:35:42 -0300] "GET /cormun/static/about:blank HTTP/1.1" 404 1011
200.126.116.145 - - [29/Sep/2025:09:35:44 -0300] "GET /cormun/servlet/trpermisosgoce? HTTP/1.1" 200 12195
200.126.116.145 - - [29/Sep/2025:09:35:48 -0300] "POST /cormun/servlet/trpermisosgoce?a8ce46840a8ba62a59a24f01e58b810f,,gx-no-cache=1759149490925 HTTP/1.1" 200 9429
190.95.67.91 - - [29/Sep/2025:09:35:53 -0300] "POST /cormun/servlet/permisosadjuntos?ec2fc2b6e236ed3ccca24727f092a055,INS,12824357,P,20250929093719,, HTTP/1.1" 200 116
190.95.67.91 - - [29/Sep/2025:09:35:53 -0300] "GET /cormun/servlet/hpexe_return? HTTP/1.1" 200 1037
190.95.67.91 - - [29/Sep/2025:09:35:53 -0300] "GET /cormun/servlet/trpermisosadjuntos?12824357,20250929093719,P, HTTP/1.1" 200 7094
200.126.116.145 - - [29/Sep/2025:09:36:29 -0300] "GET /cormun/servlet/trpermisosadjuntos?16816694,20250909085427,P, HTTP/1.1" 200 6460
200.126.116.145 - - [29/Sep/2025:09:36:30 -0300] "GET /cormun/servlet/permisosadjuntos?INS,16816694,P,20250909085427,, HTTP/1.1" 200 5967
200.126.116.145 - - [29/Sep/2025:09:36:30 -0300] "GET /cormun/static/about:blank HTTP/1.1" 404 1011
200.126.116.145 - - [29/Sep/2025:09:36:38 -0300] "POST /cormun/servlet/permisosadjuntos?a8ce46840a8ba62a59a24f01e58b810f,INS,16816694,P,20250909085427,, HTTP/1.1" 200 116
200.126.116.145 - - [29/Sep/2025:09:36:38 -0300] "GET /cormun/servlet/hpexe_return? HTTP/1.1" 200 1034
200.126.116.145 - - [29/Sep/2025:09:36:38 -0300] "GET /cormun/servlet/trpermisosadjuntos?16816694,20250909085427,P, HTTP/1.1" 200 7031
200.126.116.145 - - [29/Sep/2025:09:36:43 -0300] "GET /cormun/servlet/trpermisosgoce? HTTP/1.1" 200 12176
200.126.116.145 - - [29/Sep/2025:09:36:46 -0300] "POST /cormun/servlet/trpermisosgoce?a8ce46840a8ba62a59a24f01e58b810f,,gx-no-cache=1759149549427 HTTP/1.1" 200 9417
190.95.67.91 - - [29/Sep/2025:09:36:47 -0300] "POST /cormun/servlet/trpermisosadjuntos?ec2fc2b6e236ed3ccca24727f092a055,12824357,20250929093719,P,,gx-no-cache=1759149542249 HTTP/1.1" 200 90
190.95.67.91 - - [29/Sep/2025:09:36:47 -0300] "GET /cormun/servlet/hpexe_link HTTP/1.1" 200 981
190.95.67.91 - - [29/Sep/2025:09:36:47 -0300] "GET /cormun/servlet/trpermisosgoce HTTP/1.1" 200 19308
190.95.67.91 - - [29/Sep/2025:09:36:50 -0300] "POST /cormun/servlet/trpermisosgoce?ec2fc2b6e236ed3ccca24727f092a055,gx-no-cache=1759149545192 HTTP/1.1" 200 16611
190.95.67.91 - - [29/Sep/2025:09:36:51 -0300] "GET /cormun/static/Shared/jqueryui/images/ui-icons_82798d_256x240.png HTTP/1.1" 404 1089
190.95.67.91 - - [29/Sep/2025:09:36:51 -0300] "GET /cormun/static/Shared/jqueryui/images/ui-bg_highlight-soft_100_c6c2c8_1x100.png HTTP/1.1" 404 1117
190.95.67.91 - - [29/Sep/2025:09:36:51 -0300] "GET /cormun/static/Shared/jqueryui/images/ui-icons_8d78a5_256x240.png HTTP/1.1" 404 1089
190.95.67.91 - - [29/Sep/2025:09:36:51 -0300] "GET /cormun/static/Shared/jqueryui/images/ui-bg_flat_55_fafafa_40x100.png HTTP/1.1" 404 1097
190.95.67.91 - - [29/Sep/2025:09:37:05 -0300] "GET /cormun/servlet/permisogoce?INS,0,,, HTTP/1.1" 200 7128
190.95.67.91 - - [29/Sep/2025:09:37:17 -0300] "GET /cormun/servlet/permisogoce?f741e1b2be38d68073fabfaca8c611c250744e322668b9b89dfc292bcc1fe6b031a07a90f2ae2187d6b938c7b936ac15859413e700688d423a1e46e2107321dd,gx-no-cache=1759149572057 HTTP/1.1" 200 78
190.95.15.9 - - [29/Sep/2025:09:37:20 -0300] "POST /cormun/servlet/trlicencias?3151bcafec2c779cbe5c882aff726b13,,gx-no-cache=1759149574147 HTTP/1.1" 200 9640
200.126.116.145 - - [29/Sep/2025:09:37:22 -0300] "GET /cormun/servlet/trpermisosadjuntos?18039338,20250909083349,P, HTTP/1.1" 200 6454
200.126.116.145 - - [29/Sep/2025:09:37:23 -0300] "GET /cormun/servlet/permisosadjuntos?INS,18039338,P,20250909083349,, HTTP/1.1" 200 5960
200.126.116.145 - - [29/Sep/2025:09:37:23 -0300] "GET /cormun/static/about:blank HTTP/1.1" 404 1011
200.126.116.145 - - [29/Sep/2025:09:37:40 -0300] "POST /cormun/servlet/permisosadjuntos?a8ce46840a8ba62a59a24f01e58b810f,INS,18039338,P,20250909083349,, HTTP/1.1" 200 116
200.126.116.145 - - [29/Sep/2025:09:37:40 -0300] "GET /cormun/servlet/hpexe_return? HTTP/1.1" 200 1033
200.126.116.145 - - [29/Sep/2025:09:37:40 -0300] "GET /cormun/servlet/trpermisosadjuntos?18039338,20250909083349,P, HTTP/1.1" 200 7021
190.95.67.93 - - [29/Sep/2025:09:37:42 -0300] "GET /cormun/servlet/trlicencias? HTTP/1.1" 200 11063
200.126.116.145 - - [29/Sep/2025:09:37:45 -0300] "GET /cormun/servlet/trpermisosgoce? HTTP/1.1" 200 12151
190.95.67.93 - - [29/Sep/2025:09:37:46 -0300] "GET /cormun/servlet/trpermisosingoce? HTTP/1.1" 200 8129
190.95.67.93 - - [29/Sep/2025:09:37:46 -0300] "GET /cormun/static/gxcfg.js?2020121653066 HTTP/1.1" 200 953
190.95.67.93 - - [29/Sep/2025:09:37:46 -0300] "GET /cormun/static/trpermisosingoce.js?2020121655097 HTTP/1.1" 200 34472
200.126.116.145 - - [29/Sep/2025:09:37:50 -0300] "POST /cormun/servlet/trpermisosgoce?a8ce46840a8ba62a59a24f01e58b810f,,gx-no-cache=1759149612585 HTTP/1.1" 200 9411
190.95.67.91 - - [29/Sep/2025:09:38:01 -0300] "GET /cormun/servlet/permisogoce?f741e1b2be38d68073fabfaca8c611c206c602504cf491d39c97b4a251d00a6f67758f63c0652502e998046f32e540c7b036aace183fc36f58348682a88a7523,gx-no-cache=1759149615825 HTTP/1.1" 200 47
190.95.67.91 - - [29/Sep/2025:09:38:17 -0300] "POST /cormun/servlet/permisogoce?ec2fc2b6e236ed3ccca24727f092a055,INS,0,,,,gx-no-cache=1759149631942 HTTP/1.1" 200 93
190.95.67.91 - - [29/Sep/2025:09:38:17 -0300] "GET /cormun/servlet/hpexe_return? HTTP/1.1" 200 1030
190.95.67.91 - - [29/Sep/2025:09:38:17 -0300] "GET /cormun/servlet/trpermisosgoce?gx-no-cache=1759149545192 HTTP/1.1" 200 19317
190.95.67.91 - - [29/Sep/2025:09:38:20 -0300] "GET /cormun/servlet/trpermisosadjuntos?16987356,20250929093918,P, HTTP/1.1" 200 6577
190.95.67.91 - - [29/Sep/2025:09:38:22 -0300] "GET /cormun/servlet/permisosadjuntos?INS,16987356,P,20250929093918,, HTTP/1.1" 200 5881
190.95.67.91 - - [29/Sep/2025:09:38:22 -0300] "GET /cormun/static/about:blank HTTP/1.1" 404 1011
200.126.116.145 - - [29/Sep/2025:09:38:22 -0300] "GET /cormun/servlet/trpermisosadjuntos?15738078,20250909112746,P, HTTP/1.1" 200 6470
200.126.116.145 - - [29/Sep/2025:09:38:24 -0300] "GET /cormun/servlet/permisosadjuntos?INS,15738078,P,20250909112746,, HTTP/1.1" 200 5978
200.126.116.145 - - [29/Sep/2025:09:38:24 -0300] "GET /cormun/static/about:blank HTTP/1.1" 404 1011
200.126.116.145 - - [29/Sep/2025:09:38:34 -0300] "POST /cormun/servlet/permisosadjuntos?a8ce46840a8ba62a59a24f01e58b810f,INS,15738078,P,20250909112746,, HTTP/1.1" 200 116
200.126.116.145 - - [29/Sep/2025:09:38:34 -0300] "GET /cormun/servlet/hpexe_return? HTTP/1.1" 200 1032
200.126.116.145 - - [29/Sep/2025:09:38:34 -0300] "GET /cormun/servlet/trpermisosadjuntos?15738078,20250909112746,P, HTTP/1.1" 200 7043
200.126.116.145 - - [29/Sep/2025:09:38:37 -0300] "GET /cormun/servlet/trpermisosgoce? HTTP/1.1" 200 12158
190.95.67.91 - - [29/Sep/2025:09:38:37 -0300] "POST /cormun/servlet/permisosadjuntos?ec2fc2b6e236ed3ccca24727f092a055,INS,16987356,P,20250929093918,, HTTP/1.1" 200 116
190.95.67.91 - - [29/Sep/2025:09:38:37 -0300] "GET /cormun/servlet/hpexe_return? HTTP/1.1" 200 1038
190.95.67.91 - - [29/Sep/2025:09:38:37 -0300] "GET /cormun/servlet/trpermisosadjuntos?16987356,20250929093918,P, HTTP/1.1" 200 7073
200.126.116.145 - - [29/Sep/2025:09:38:42 -0300] "POST /cormun/servlet/trpermisosgoce?a8ce46840a8ba62a59a24f01e58b810f,,gx-no-cache=1759149664543 HTTP/1.1" 200 9391
190.95.67.91 - - [29/Sep/2025:09:38:46 -0300] "POST /cormun/servlet/trpermisosadjuntos?ec2fc2b6e236ed3ccca24727f092a055,16987356,20250929093918,P,,gx-no-cache=1759149661486 HTTP/1.1" 200 90
190.95.67.91 - - [29/Sep/2025:09:38:46 -0300] "GET /cormun/servlet/hpexe_link HTTP/1.1" 200 1004
190.95.67.91 - - [29/Sep/2025:09:38:47 -0300] "GET /cormun/servlet/trpermisosgoce?gx-no-cache=1759149545192 HTTP/1.1" 200 19313
190.95.67.91 - - [29/Sep/2025:09:38:49 -0300] "POST /cormun/servlet/trpermisosgoce?ec2fc2b6e236ed3ccca24727f092a055,gx-no-cache=1759149545192,gx-no-cache=1759149663881 HTTP/1.1" 200 16629
190.95.67.91 - - [29/Sep/2025:09:38:53 -0300] "GET /cormun/servlet/permisogoce?INS,0,,, HTTP/1.1" 200 7149
190.95.67.91 - - [29/Sep/2025:09:38:59 -0300] "GET /cormun/servlet/permisogoce?f741e1b2be38d68073fabfaca8c611c26dd1500319299a2b59057374374148d031a07a90f2ae2187d6b938c7b936ac15859413e700688d423a1e46e2107321dd,gx-no-cache=1759149674048 HTTP/1.1" 200 226
190.95.67.91 - - [29/Sep/2025:09:38:59 -0300] "GET /cormun/static/Shared/jqueryui/images/ui-bg_flat_55_994d53_40x100.png HTTP/1.1" 404 1097
190.95.67.91 - - [29/Sep/2025:09:38:59 -0300] "GET /cormun/static/Shared/jqueryui/images/ui-icons_ebccce_256x240.png HTTP/1.1" 404 1089
190.95.15.31 - - [29/Sep/2025:09:39:06 -0300] "GET /cormun/servlet/trautorizarsolicitud? HTTP/1.1" 200 7470
200.126.116.145 - - [29/Sep/2025:09:39:14 -0300] "GET /cormun/servlet/trpermisosadjuntos?17135257,20250909145823,P, HTTP/1.1" 200 6457
200.126.116.145 - - [29/Sep/2025:09:39:16 -0300] "GET /cormun/servlet/permisosadjuntos?INS,17135257,P,20250909145823,, HTTP/1.1" 200 5964
200.126.116.145 - - [29/Sep/2025:09:39:16 -0300] "GET /cormun/static/about:blank HTTP/1.1" 404 1011
190.95.15.31 - - [29/Sep/2025:09:39:21 -0300] "POST /cormun/servlet/trautorizarsolicitud?cd9e6aa88e631d8b2a50ed9e01560140,,gx-no-cache=1759149695789 HTTP/1.1" 200 4558
190.95.15.31 - - [29/Sep/2025:09:39:24 -0300] "POST /cormun/servlet/trautorizarsolicitud?cd9e6aa88e631d8b2a50ed9e01560140,,gx-no-cache=1759149698299 HTTP/1.1" 200 109
190.95.15.31 - - [29/Sep/2025:09:39:24 -0300] "POST /cormun/servlet/trautorizarsolicitud?cd9e6aa88e631d8b2a50ed9e01560140,,gx-no-cache=1759149698380 HTTP/1.1" 200 4540
190.95.15.31 - - [29/Sep/2025:09:39:24 -0300] "GET /cormun/AutorizarSolicitud-514.xls HTTP/1.1" 200 4608
200.126.116.145 - - [29/Sep/2025:09:39:24 -0300] "POST /cormun/servlet/permisosadjuntos?a8ce46840a8ba62a59a24f01e58b810f,INS,17135257,P,20250909145823,, HTTP/1.1" 200 116
200.126.116.145 - - [29/Sep/2025:09:39:24 -0300] "GET /cormun/servlet/hpexe_return? HTTP/1.1" 200 1035
200.126.116.145 - - [29/Sep/2025:09:39:24 -0300] "GET /cormun/servlet/trpermisosadjuntos?17135257,20250909145823,P, HTTP/1.1" 200 7026
200.126.116.145 - - [29/Sep/2025:09:39:27 -0300] "GET /cormun/servlet/trpermisosgoce? HTTP/1.1" 200 12122
190.95.15.31 - - [29/Sep/2025:09:39:29 -0300] "GET /cormun/servlet/trsolicitudot? HTTP/1.1" 200 7576
190.95.67.91 - - [29/Sep/2025:09:39:31 -0300] "GET /cormun/servlet/permisogoce?f741e1b2be38d68073fabfaca8c611c22900c9a4aaf6effbed5e1ea94826480531a07a90f2ae2187d6b938c7b936ac15859413e700688d423a1e46e2107321dd,gx-no-cache=1759149706160 HTTP/1.1" 200 84
200.126.116.145 - - [29/Sep/2025:09:39:31 -0300] "POST /cormun/servlet/trpermisosgoce?a8ce46840a8ba62a59a24f01e58b810f,,gx-no-cache=1759149714027 HTTP/1.1" 200 9380
190.95.15.31 - - [29/Sep/2025:09:39:32 -0300] "GET /cormun/servlet/solicitudot?INS,0,0,false, HTTP/1.1" 200 16364
190.95.15.31 - - [29/Sep/2025:09:39:46 -0300] "POST /cormun/servlet/solicitudot?gx-no-cache=1759149720707 HTTP/1.1" 200 4046
190.95.15.31 - - [29/Sep/2025:09:39:46 -0300] "POST /cormun/servlet/solicitudot?cd9e6aa88e631d8b2a50ed9e01560140,INS,0,0,false,,gx-no-cache=1759149720849 HTTP/1.1" 200 12902
190.95.67.91 - - [29/Sep/2025:09:39:48 -0300] "GET /cormun/servlet/permisogoce?f741e1b2be38d68073fabfaca8c611c229cd1fcbbdccf96e12885856f6e2da69841ace75be657b2cc652d0ce85332c9bb036aace183fc36f58348682a88a7523,gx-no-cache=1759149722793 HTTP/1.1" 200 47
190.95.15.31 - - [29/Sep/2025:09:39:50 -0300] "GET /cormun/servlet/solicitudot?823db44f6cafb5ae9a23e5eb07a859265918ad825eea7431faf52e3bb48550ffc8546303c2c7c821c008639a83ad7b87,gx-no-cache=1759149724381 HTTP/1.1" 200 30
190.95.67.91 - - [29/Sep/2025:09:39:57 -0300] "POST /cormun/servlet/permisogoce?ec2fc2b6e236ed3ccca24727f092a055,INS,0,,,,gx-no-cache=1759149731871 HTTP/1.1" 200 93
190.95.67.91 - - [29/Sep/2025:09:39:57 -0300] "GET /cormun/servlet/hpexe_return? HTTP/1.1" 200 1030
190.95.67.91 - - [29/Sep/2025:09:39:58 -0300] "GET /cormun/servlet/trpermisosgoce?gx-no-cache=1759149545192 HTTP/1.1" 200 19309
190.95.67.91 - - [29/Sep/2025:09:40:00 -0300] "GET /cormun/servlet/trpermisosadjuntos?18799587,20250929094106,P, HTTP/1.1" 200 6582
190.95.67.91 - - [29/Sep/2025:09:40:01 -0300] "GET /cormun/servlet/permisosadjuntos?INS,18799587,P,20250929094106,, HTTP/1.1" 200 5887
190.95.67.91 - - [29/Sep/2025:09:40:01 -0300] "GET /cormun/static/about:blank HTTP/1.1" 404 1011
200.126.116.145 - - [29/Sep/2025:09:40:04 -0300] "GET /cormun/servlet/trpermisosadjuntos?18445873,20250909145048,P, HTTP/1.1" 200 6461
200.126.116.145 - - [29/Sep/2025:09:40:06 -0300] "GET /cormun/servlet/permisosadjuntos?INS,18445873,P,20250909145048,, HTTP/1.1" 200 5969
200.126.116.145 - - [29/Sep/2025:09:40:06 -0300] "GET /cormun/static/about:blank HTTP/1.1" 404 1011
190.95.67.91 - - [29/Sep/2025:09:40:10 -0300] "POST /cormun/servlet/permisosadjuntos?ec2fc2b6e236ed3ccca24727f092a055,INS,18799587,P,20250929094106,, HTTP/1.1" 200 116
190.95.67.91 - - [29/Sep/2025:09:40:10 -0300] "GET /cormun/servlet/hpexe_return? HTTP/1.1" 200 1037
190.95.67.91 - - [29/Sep/2025:09:40:10 -0300] "GET /cormun/servlet/trpermisosadjuntos?18799587,20250929094106,P, HTTP/1.1" 200 7083
200.126.116.145 - - [29/Sep/2025:09:40:14 -0300] "POST /cormun/servlet/permisosadjuntos?a8ce46840a8ba62a59a24f01e58b810f,INS,18445873,P,20250909145048,, HTTP/1.1" 200 116
200.126.116.145 - - [29/Sep/2025:09:40:14 -0300] "GET /cormun/servlet/hpexe_return? HTTP/1.1" 200 1034
200.126.116.145 - - [29/Sep/2025:09:40:14 -0300] "GET /cormun/servlet/trpermisosadjuntos?18445873,20250909145048,P, HTTP/1.1" 200 7033
200.126.116.145 - - [29/Sep/2025:09:40:19 -0300] "GET /cormun/servlet/trpermisosgoce? HTTP/1.1" 200 12123
200.126.116.145 - - [29/Sep/2025:09:40:22 -0300] "POST /cormun/servlet/trpermisosgoce?a8ce46840a8ba62a59a24f01e58b810f,,gx-no-cache=1759149764929 HTTP/1.1" 200 9351
190.95.67.91 - - [29/Sep/2025:09:40:23 -0300] "POST /cormun/servlet/trpermisosadjuntos?ec2fc2b6e236ed3ccca24727f092a055,18799587,20250929094106,P,,gx-no-cache=1759149758647 HTTP/1.1" 200 90
190.95.67.91 - - [29/Sep/2025:09:40:23 -0300] "GET /cormun/servlet/hpexe_link HTTP/1.1" 200 1004
190.95.67.91 - - [29/Sep/2025:09:40:24 -0300] "GET /cormun/servlet/trpermisosgoce?gx-no-cache=1759149545192 HTTP/1.1" 200 19274
190.95.67.91 - - [29/Sep/2025:09:40:27 -0300] "POST /cormun/servlet/trpermisosgoce?ec2fc2b6e236ed3ccca24727f092a055,gx-no-cache=1759149545192,gx-no-cache=1759149762001 HTTP/1.1" 200 16622
190.95.67.91 - - [29/Sep/2025:09:40:29 -0300] "GET /cormun/servlet/permisogoce?INS,0,,, HTTP/1.1" 200 7147
190.95.67.91 - - [29/Sep/2025:09:40:38 -0300] "GET /cormun/servlet/permisogoce?f741e1b2be38d68073fabfaca8c611c2f7d3428aac27d3786fd86d26618a64f631a07a90f2ae2187d6b938c7b936ac15859413e700688d423a1e46e2107321dd,gx-no-cache=1759149773290 HTTP/1.1" 200 85
190.95.67.91 - - [29/Sep/2025:09:41:40 -0300] "GET /cormun/servlet/permisogoce?f741e1b2be38d68073fabfaca8c611c2b8a92f72866967fc68d3ed771e7c809ac8c5c947068c58f149d79c30fc897601b036aace183fc36f58348682a88a7523,gx-no-cache=1759149835296 HTTP/1.1" 200 47
190.95.67.91 - - [29/Sep/2025:09:41:51 -0300] "POST /cormun/servlet/permisogoce?ec2fc2b6e236ed3ccca24727f092a055,INS,0,,,,gx-no-cache=1759149845878 HTTP/1.1" 200 93
190.95.67.91 - - [29/Sep/2025:09:41:51 -0300] "GET /cormun/servlet/hpexe_return? HTTP/1.1" 200 1030
190.95.67.91 - - [29/Sep/2025:09:41:51 -0300] "GET /cormun/servlet/trpermisosgoce?gx-no-cache=1759149545192 HTTP/1.1" 200 19339
190.95.67.91 - - [29/Sep/2025:09:42:01 -0300] "GET /cormun/servlet/trpermisosadjuntos?14200276,20250929094242,P, HTTP/1.1" 200 6583
190.95.67.91 - - [29/Sep/2025:09:42:04 -0300] "GET /cormun/servlet/permisosadjuntos?INS,14200276,P,20250929094242,, HTTP/1.1" 200 5889
190.95.67.91 - - [29/Sep/2025:09:42:04 -0300] "GET /cormun/static/about:blank HTTP/1.1" 404 1011
190.95.67.91 - - [29/Sep/2025:09:42:15 -0300] "POST /cormun/servlet/permisosadjuntos?ec2fc2b6e236ed3ccca24727f092a055,INS,14200276,P,20250929094242,, HTTP/1.1" 200 116
190.95.67.91 - - [29/Sep/2025:09:42:15 -0300] "GET /cormun/servlet/hpexe_return? HTTP/1.1" 200 1037
190.95.67.91 - - [29/Sep/2025:09:42:15 -0300] "GET /cormun/servlet/trpermisosadjuntos?14200276,20250929094242,P, HTTP/1.1" 200 7088
190.95.67.91 - - [29/Sep/2025:09:42:18 -0300] "POST /cormun/servlet/trpermisosadjuntos?ec2fc2b6e236ed3ccca24727f092a055,14200276,20250929094242,P,,gx-no-cache=1759149872711 HTTP/1.1" 200 90
190.95.67.91 - - [29/Sep/2025:09:42:18 -0300] "GET /cormun/servlet/hpexe_link HTTP/1.1" 200 1004
190.95.67.91 - - [29/Sep/2025:09:42:18 -0300] "GET /cormun/servlet/trpermisosgoce?gx-no-cache=1759149545192 HTTP/1.1" 200 19336
190.95.67.91 - - [29/Sep/2025:09:42:20 -0300] "POST /cormun/servlet/trpermisosgoce?ec2fc2b6e236ed3ccca24727f092a055,gx-no-cache=1759149545192,gx-no-cache=1759149874722 HTTP/1.1" 200 16654
190.95.67.91 - - [29/Sep/2025:09:42:24 -0300] "GET /cormun/servlet/permisogoce?INS,0,,, HTTP/1.1" 200 7148
190.95.67.91 - - [29/Sep/2025:09:42:30 -0300] "GET /cormun/servlet/permisogoce?f741e1b2be38d68073fabfaca8c611c20f144a6136e5987b279d1bcdec42183431a07a90f2ae2187d6b938c7b936ac15859413e700688d423a1e46e2107321dd,gx-no-cache=1759149884841 HTTP/1.1" 200 88
190.95.67.91 - - [29/Sep/2025:09:42:36 -0300] "GET /cormun/servlet/permisogoce?f741e1b2be38d68073fabfaca8c611c24ddf4372c0d05215a3a1d6e3625d1fac99a7fedd9fb611bc61324583d294aff4b036aace183fc36f58348682a88a7523,gx-no-cache=1759149891056 HTTP/1.1" 200 48
190.95.67.91 - - [29/Sep/2025:09:42:39 -0300] "POST /cormun/servlet/permisogoce?ec2fc2b6e236ed3ccca24727f092a055,INS,0,,,,gx-no-cache=1759149893870 HTTP/1.1" 200 93
190.95.67.91 - - [29/Sep/2025:09:42:39 -0300] "GET /cormun/servlet/hpexe_return? HTTP/1.1" 200 1030
190.95.67.91 - - [29/Sep/2025:09:42:39 -0300] "GET /cormun/servlet/trpermisosgoce?gx-no-cache=1759149545192 HTTP/1.1" 200 19309
190.95.67.91 - - [29/Sep/2025:09:42:42 -0300] "GET /cormun/servlet/trpermisosadjuntos?19265641,20250929094437,P, HTTP/1.1" 200 6585
190.95.67.91 - - [29/Sep/2025:09:42:43 -0300] "GET /cormun/servlet/permisosadjuntos?INS,19265641,P,20250929094437,, HTTP/1.1" 200 5888
190.95.67.91 - - [29/Sep/2025:09:42:43 -0300] "GET /cormun/static/about:blank HTTP/1.1" 404 1011
190.95.15.31 - - [29/Sep/2025:09:42:53 -0300] "GET /cormun/servlet/prbanco?,MD,,gxPopupLevel%3D0%3B HTTP/1.1" 200 6772
190.95.15.31 - - [29/Sep/2025:09:42:53 -0300] "GET /cormun/static/gxcfg.js?20201216131581 HTTP/1.1" 200 953
190.95.15.31 - - [29/Sep/2025:09:42:53 -0300] "GET /cormun/static/prbanco.js?20201216132311 HTTP/1.1" 200 10693
190.95.15.31 - - [29/Sep/2025:09:42:58 -0300] "GET /cormun/servlet/solicitudot?823db44f6cafb5ae9a23e5eb07a859266cc9feef1326201da13313b909d4fb6b176373c89dcc5e4ae6342a8d09c7c7409d90d137d07d489983a0e1aa618c8bc4,gx-no-cache=1759149912339 HTTP/1.1" 200 30
201.186.225.185 - - [29/Sep/2025:09:43:02 -0300] "POST /cormun/servlet/trlicencias?669de68d6f07e63bdf19c6071b2a43ff,,gx-no-cache=1759149916419 HTTP/1.1" 440 972
190.95.15.31 - - [29/Sep/2025:09:43:02 -0300] "GET /cormun/servlet/solicitudot?823db44f6cafb5ae9a23e5eb07a859261dd7bb572488dd0a0a0182153207ac23,gx-no-cache=1759149917085 HTTP/1.1" 200 45
201.186.225.185 - - [29/Sep/2025:09:43:04 -0300] "GET /cormun/servlet/trlicencias? HTTP/1.1" 200 6050
201.186.225.185 - - [29/Sep/2025:09:43:05 -0300] "GET /cormun/servlet/hlogin HTTP/1.1" 200 1736
190.95.67.91 - - [29/Sep/2025:09:43:05 -0300] "POST /cormun/servlet/permisosadjuntos?ec2fc2b6e236ed3ccca24727f092a055,INS,19265641,P,20250929094437,, HTTP/1.1" 200 116
190.95.67.91 - - [29/Sep/2025:09:43:05 -0300] "GET /cormun/servlet/hpexe_return? HTTP/1.1" 200 1038
190.95.67.91 - - [29/Sep/2025:09:43:05 -0300] "GET /cormun/servlet/trpermisosadjuntos?19265641,20250929094437,P, HTTP/1.1" 200 7100
201.186.225.185 - - [29/Sep/2025:09:43:07 -0300] "POST /cormun/servlet/hlogin?06ec356396325068c9d9f1b0366211e3,gx-no-cache=1759149921719 HTTP/1.1" 200 90
201.186.225.185 - - [29/Sep/2025:09:43:07 -0300] "GET /cormun/servlet/hpexe_link HTTP/1.1" 200 955
201.186.225.185 - - [29/Sep/2025:09:43:07 -0300] "GET /cormun/servlet/trlicencias HTTP/1.1" 200 14726
190.95.15.17 - - [29/Sep/2025:09:43:10 -0300] "GET /cormun/servlet/trpermisosgoce? HTTP/1.1" 200 9569
190.95.15.17 - - [29/Sep/2025:09:43:11 -0300] "GET /cormun/static/gxcfg.js?2020121631564 HTTP/1.1" 200 953
190.95.15.17 - - [29/Sep/2025:09:43:11 -0300] "GET /cormun/static/trpermisosgoce.js?2020121633681 HTTP/1.1" 200 35904
190.95.15.17 - - [29/Sep/2025:09:43:11 -0300] "GET /cormun//static/Resources/PXToolsGridDelete.png HTTP/1.1" 200 538
201.186.225.185 - - [29/Sep/2025:09:43:14 -0300] "GET /cormun/servlet/trlicencias? HTTP/1.1" 200 14724
179.57.78.9 - - [29/Sep/2025:09:43:15 -0300] "GET /cormun/servlet/hlogin HTTP/1.1" 200 1719
201.186.225.185 - - [29/Sep/2025:09:43:16 -0300] "POST /cormun/servlet/trlicencias?06ec356396325068c9d9f1b0366211e3,,gx-no-cache=1759149930114 HTTP/1.1" 200 12560
190.95.15.31 - - [29/Sep/2025:09:43:18 -0300] "POST /cormun/servlet/solicitudot?cd9e6aa88e631d8b2a50ed9e01560140,INS,0,0,false,,gx-no-cache=1759149932772 HTTP/1.1" 200 13095
190.95.15.31 - - [29/Sep/2025:09:43:18 -0300] "GET /cormun/static/Shared/jqueryui/images/ui-bg_highlight-soft_100_c6c2c8_1x100.png HTTP/1.1" 404 1117
190.95.15.31 - - [29/Sep/2025:09:43:18 -0300] "GET /cormun/static/Shared/jqueryui/images/ui-icons_82798d_256x240.png HTTP/1.1" 404 1089
190.95.15.31 - - [29/Sep/2025:09:43:18 -0300] "GET /cormun/static/Shared/jqueryui/images/ui-icons_8d78a5_256x240.png HTTP/1.1" 404 1089
190.95.15.31 - - [29/Sep/2025:09:43:18 -0300] "GET /cormun/static/Shared/jqueryui/images/ui-bg_flat_55_fafafa_40x100.png HTTP/1.1" 404 1097
190.95.15.17 - - [29/Sep/2025:09:43:20 -0300] "GET /cormun/servlet/permisogoce?INS,0,,, HTTP/1.1" 200 7259
190.95.15.17 - - [29/Sep/2025:09:43:20 -0300] "GET /cormun/static/gxcfg.js?20201215124560 HTTP/1.1" 200 953
190.95.15.17 - - [29/Sep/2025:09:43:20 -0300] "GET /cormun/static/Resources/prompt.gif HTTP/1.1" 200 902
190.95.15.17 - - [29/Sep/2025:09:43:20 -0300] "GET /cormun/static/permisogoce.js?20201215124939 HTTP/1.1" 200 27790
190.95.15.31 - - [29/Sep/2025:09:43:21 -0300] "GET /cormun/servlet/solicitudot?823db44f6cafb5ae9a23e5eb07a8592655271e297cfab92c78c1d46459589ee03ff2ec9e4145a30b09bbb9ab4e598873,gx-no-cache=1759149935687 HTTP/1.1" 200 45
190.95.15.31 - - [29/Sep/2025:09:43:23 -0300] "POST /cormun/servlet/solicitudot?gx-no-cache=1759149937627 HTTP/1.1" 200 240
179.57.78.9 - - [29/Sep/2025:09:43:26 -0300] "POST /cormun/servlet/hlogin?dcd46994f3eacd817f3842c18dc20480,gx-no-cache=1759149942093 HTTP/1.1" 200 90
179.57.78.9 - - [29/Sep/2025:09:43:26 -0300] "GET /cormun/servlet/hpexe_link HTTP/1.1" 200 951
179.57.78.9 - - [29/Sep/2025:09:43:26 -0300] "GET /cormun/servlet/hhome HTTP/1.1" 200 4348
179.57.78.9 - - [29/Sep/2025:09:44:13 -0300] "GET /cormun/servlet/trsolicitudot? HTTP/1.1" 200 7570
179.57.78.9 - - [29/Sep/2025:09:44:16 -0300] "GET /cormun/servlet/solicitudot?INS,0,0,false, HTTP/1.1" 200 16338
129.222.173.48 - - [29/Sep/2025:09:44:21 -0300] "GET /cormun/servlet/hlogin HTTP/1.1" 200 1722
129.222.173.48 - - [29/Sep/2025:09:44:24 -0300] "POST /cormun/servlet/hlogin?4af0ce7b6b9df91332101f9a9782e562,gx-no-cache=1759149998765 HTTP/1.1" 200 90
129.222.173.48 - - [29/Sep/2025:09:44:24 -0300] "GET /cormun/servlet/hpexe_link HTTP/1.1" 200 954
129.222.173.48 - - [29/Sep/2025:09:44:24 -0300] "GET /cormun/servlet/hhome HTTP/1.1" 200 3951
129.222.173.48 - - [29/Sep/2025:09:44:27 -0300] "GET /cormun/servlet/trpermisosgoce? HTTP/1.1" 200 9090
129.222.173.48 - - [29/Sep/2025:09:44:27 -0300] "GET /cormun/static/gxcfg.js?2020121631564 HTTP/1.1" 200 953
129.222.173.48 - - [29/Sep/2025:09:44:27 -0300] "GET /cormun/static/trpermisosgoce.js?2020121633681 HTTP/1.1" 200 35904
129.222.173.48 - - [29/Sep/2025:09:44:27 -0300] "GET /cormun//static/Resources/PXToolsGridDelete.png HTTP/1.1" 200 538
129.222.173.48 - - [29/Sep/2025:09:44:29 -0300] "GET /cormun/static/menuarrow.gif HTTP/1.1" 404 1015
179.57.78.9 - - [29/Sep/2025:09:44:33 -0300] "POST /cormun/servlet/solicitudot?gx-no-cache=1759150008634 HTTP/1.1" 200 4039
179.57.78.9 - - [29/Sep/2025:09:44:33 -0300] "POST /cormun/servlet/solicitudot?dcd46994f3eacd817f3842c18dc20480,INS,0,0,false,,gx-no-cache=1759150008745 HTTP/1.1" 200 12889
129.222.173.48 - - [29/Sep/2025:09:44:34 -0300] "POST /cormun/servlet/trpermisosgoce?4af0ce7b6b9df91332101f9a9782e562,,gx-no-cache=1759150009318 HTTP/1.1" 200 15313
129.222.173.48 - - [29/Sep/2025:09:44:35 -0300] "GET /cormun//static/Resources/PXToolsGridUpdate.png HTTP/1.1" 200 470
129.222.173.48 - - [29/Sep/2025:09:44:41 -0300] "POST /cormun/servlet/trpermisosgoce?4af0ce7b6b9df91332101f9a9782e562,,gx-no-cache=1759150015638 HTTP/1.1" 200 5044
179.57.78.9 - - [29/Sep/2025:09:44:50 -0300] "GET /cormun/servlet/solicitudot?f8f63a5a33060909ba510ae34e1e784e1d17928866546dcd60f995527ffe07239ed7fc2630d20d3bb6de75c46378d477,gx-no-cache=1759150026299 HTTP/1.1" 200 30
129.222.173.48 - - [29/Sep/2025:09:44:54 -0300] "POST /cormun/servlet/trpermisosgoce?4af0ce7b6b9df91332101f9a9782e562,,gx-no-cache=1759150028661 HTTP/1.1" 200 4196
129.222.173.48 - - [29/Sep/2025:09:45:06 -0300] "POST /cormun/servlet/trpermisosgoce?4af0ce7b6b9df91332101f9a9782e562,,gx-no-cache=1759150041013 HTTP/1.1" 200 5039
129.222.173.48 - - [29/Sep/2025:09:45:19 -0300] "POST /cormun/servlet/trpermisosgoce?4af0ce7b6b9df91332101f9a9782e562,,gx-no-cache=1759150054140 HTTP/1.1" 200 5039
129.222.173.48 - - [29/Sep/2025:09:45:31 -0300] "POST /cormun/servlet/trpermisosgoce?4af0ce7b6b9df91332101f9a9782e562,,gx-no-cache=1759150066380 HTTP/1.1" 200 5042
190.95.15.31 - - [29/Sep/2025:09:45:33 -0300] "GET /cormun/servlet/solicitudot?823db44f6cafb5ae9a23e5eb07a859268f87b25f315a743367ad3fe1d9689ed3d0987062fa0f9c6e161536806b4194ddb3f1ea9d38ee14b2b01966e159d69130a3c6d2e0475cd9e8edde93af0fd262e21b9687323c0f92014ded14415213f128f0088af4537d6b17f1b1083800181c1c69395af9ddd3b9e47887ed37e262f72be56d25ce2534b8fc120eb07ee312c39211cc51277343175491a0c67a81c01b1502959326d606e06091488629d837804a4bb20e214883a9cf5ceb3aa46df52dfb58a3d98ff16cb1983af22760691dd82c449c832b37be118328872dde0e2f582bf64f855fe5e7329ce67543c10cfe1c281a70b683d6705eb07c8e5ec72013bb279d3ebe99ad44c47d76488c3a8324c8e7c1a44b3b0b30cdc44b678f6214fd5293dff90d9ef94f0808e897b68f4c9e6a6b5860705f3c020a7fed145017dc7a1ca1eb6c38e8f3185bc30f9a116dfb0febe2e72ab09a3b820363a49258d8a4f627da4250386cb10fc3c3f6ebf445a049729445ea8317e5f205ae20c0a97786c6b54e,gx-no-cache=1759150067638 HTTP/1.1" 200 30
190.95.15.31 - - [29/Sep/2025:09:45:37 -0300] "POST /cormun/servlet/solicitudot?gx-no-cache=1759150071827 HTTP/1.1" 200 30
129.222.173.48 - - [29/Sep/2025:09:45:47 -0300] "POST /cormun/servlet/trpermisosgoce?4af0ce7b6b9df91332101f9a9782e562,,gx-no-cache=1759150082100 HTTP/1.1" 200 5279
190.95.15.31 - - [29/Sep/2025:09:45:51 -0300] "GET /cormun/servlet/prlicenciaspermisos?19083486,L,,MD,,gxPopupLevel%3D0%3B HTTP/1.1" 200 5718
190.95.15.31 - - [29/Sep/2025:09:45:51 -0300] "GET /cormun/static/gxcfg.js?2020121559567 HTTP/1.1" 200 953
190.95.15.31 - - [29/Sep/2025:09:45:52 -0300] "GET /cormun/static/prlicenciaspermisos.js?2020121559821 HTTP/1.1" 200 13379
190.95.15.31 - - [29/Sep/2025:09:45:54 -0300] "POST /cormun/servlet/solicitudot?gx-no-cache=1759150088685 HTTP/1.1" 200 1481
190.95.15.31 - - [29/Sep/2025:09:45:56 -0300] "POST /cormun/servlet/solicitudot?gx-no-cache=1759150090614 HTTP/1.1" 200 41
129.222.173.48 - - [29/Sep/2025:09:45:58 -0300] "POST /cormun/servlet/trpermisosgoce?4af0ce7b6b9df91332101f9a9782e562,,gx-no-cache=1759150092588 HTTP/1.1" 200 5282
190.95.15.31 - - [29/Sep/2025:09:46:08 -0300] "GET /cormun/servlet/solicitudot?823db44f6cafb5ae9a23e5eb07a85926e36e4d54dc63583a0dc9a2a9ba112c6c00a1644be4f5890ac3b032a5e1a4bfe1649f39c9a801251fe3bcae7039729538b4fa4386f1bebb1591614c517b5f0d2a11895e20300d01c9696ffbd708111ff3a931ef0278d1924077172e7c89ed2a6a,gx-no-cache=1759150103099 HTTP/1.1" 200 110
