179.57.78.9 - - [29/Sep/2025:10:04:53 -0300] "GET /cormun/servlet/solicitudotadjuntos?a8ed453c999789c6cc19d82f42c5ebaab09caa5154b97782c998915962610cf0fef6651951c68238f46b59ffb518901e,gx-no-cache=1759151232720 HTTP/1.1" 200 30
179.57.78.9 - - [29/Sep/2025:10:04:53 -0300] "POST /cormun/servlet/solicitudotadjuntos?910d2ef78853d887396e693215557a53,INS,2025,22977,,1,,gx-no-cache=1759151232736 HTTP/1.1" 200 4182
179.57.78.9 - - [29/Sep/2025:10:04:54 -0300] "POST /cormun/servlet/solicitudotadjuntos?gx-no-cache=1759151234009 HTTP/1.1" 200 26
190.95.67.93 - - [29/Sep/2025:10:04:55 -0300] "GET /cormun/servlet/trpermisosgoce? HTTP/1.1" 200 14765
190.95.15.17 - - [29/Sep/2025:10:05:15 -0300] "POST /cormun/servlet/trpermisosgoce?192a86865ef58206512d7d54f59b7a14,,gx-no-cache=1759151311111 HTTP/1.1" 200 6977
190.95.67.93 - - [29/Sep/2025:10:05:25 -0300] "GET /cormun/servlet/permisogoce?INS,0,,, HTTP/1.1" 200 7221
190.95.67.93 - - [29/Sep/2025:10:05:35 -0300] "GET /cormun/servlet/permisogoce?6969d62d4f443768877c3d9dff98e8c5ff713aa0f4757875e70a205ac22f31fd3452253658c38dc326ba35d9fd875a4d671ab9800b27d1a0257e98ebbcc014cc,gx-no-cache=1759151270116 HTTP/1.1" 200 80
179.57.78.9 - - [29/Sep/2025:10:05:36 -0300] "GET /cormun/servlet/solicitudotadjuntos?a8ed453c999789c6cc19d82f42c5ebaa64d8d8059a0f0f5210a73185cfa8cf62,gx-no-cache=1759151276196 HTTP/1.1" 200 30
179.57.78.9 - - [29/Sep/2025:10:05:36 -0300] "GET /cormun/servlet/solicitudotadjuntos?a8ed453c999789c6cc19d82f42c5ebaa64d8d8059a0f0f5210a73185cfa8cf62,gx-no-cache=1759151276219 HTTP/1.1" 200 30
179.57.78.9 - - [29/Sep/2025:10:05:37 -0300] "POST /cormun/servlet/solicitudotadjuntos?910d2ef78853d887396e693215557a53,INS,2025,22977,,1, HTTP/1.1" 200 116
179.57.78.9 - - [29/Sep/2025:10:05:37 -0300] "GET /cormun/servlet/hpexe_return? HTTP/1.1" 200 1023
179.57.78.9 - - [29/Sep/2025:10:05:37 -0300] "GET /cormun/servlet/trsolicitudadjuntos?2025,22977, HTTP/1.1" 200 9594
190.95.67.93 - - [29/Sep/2025:10:05:37 -0300] "GET /cormun/static/menuarrow.gif HTTP/1.1" 404 1015
179.57.78.9 - - [29/Sep/2025:10:05:38 -0300] "GET /cormun/servlet/solicitudotadjuntos?INS,2025,22977,,1, HTTP/1.1" 200 6394
179.57.78.9 - - [29/Sep/2025:10:05:38 -0300] "GET /cormun/static/about:blank HTTP/1.1" 404 1011
179.57.78.9 - - [29/Sep/2025:10:05:39 -0300] "GET /cormun/servlet/solicitudotadjuntos?a8ed453c999789c6cc19d82f42c5ebaab09caa5154b97782c998915962610cf0fef6651951c68238f46b59ffb518901e,gx-no-cache=1759151278687 HTTP/1.1" 200 30
179.57.78.9 - - [29/Sep/2025:10:05:39 -0300] "POST /cormun/servlet/solicitudotadjuntos?910d2ef78853d887396e693215557a53,INS,2025,22977,,1,,gx-no-cache=1759151278703 HTTP/1.1" 200 4182
179.57.78.9 - - [29/Sep/2025:10:05:41 -0300] "POST /cormun/servlet/solicitudotadjuntos?gx-no-cache=1759151280909 HTTP/1.1" 200 26
190.95.67.93 - - [29/Sep/2025:10:05:43 -0300] "GET /cormun/servlet/permisogoce?6969d62d4f443768877c3d9dff98e8c5496e159bbeb2bb78492595e2267cd99bb0b9aa4c86dc653e1b9f3eb723c630a4ebdc7107704daee438d02eddd6244adc,gx-no-cache=1759151277684 HTTP/1.1" 200 47
190.95.67.93 - - [29/Sep/2025:10:05:46 -0300] "POST /cormun/servlet/permisogoce?f4cb0ec7a391643e853ba92d87fd76ca,INS,0,,,,gx-no-cache=1759151280431 HTTP/1.1" 200 93
190.95.67.93 - - [29/Sep/2025:10:05:46 -0300] "GET /cormun/servlet/hpexe_return? HTTP/1.1" 200 1003
190.95.67.93 - - [29/Sep/2025:10:05:46 -0300] "GET /cormun/servlet/trpermisosgoce HTTP/1.1" 200 15022
179.57.78.9 - - [29/Sep/2025:10:05:47 -0300] "GET /cormun/servlet/solicitudotadjuntos?a8ed453c999789c6cc19d82f42c5ebaa64d8d8059a0f0f5210a73185cfa8cf62,gx-no-cache=1759151286853 HTTP/1.1" 200 30
179.57.78.9 - - [29/Sep/2025:10:05:47 -0300] "GET /cormun/servlet/solicitudotadjuntos?a8ed453c999789c6cc19d82f42c5ebaa64d8d8059a0f0f5210a73185cfa8cf62,gx-no-cache=1759151286866 HTTP/1.1" 200 30
179.57.78.9 - - [29/Sep/2025:10:05:47 -0300] "POST /cormun/servlet/solicitudotadjuntos?910d2ef78853d887396e693215557a53,INS,2025,22977,,1, HTTP/1.1" 200 116
179.57.78.9 - - [29/Sep/2025:10:05:47 -0300] "GET /cormun/servlet/hpexe_return? HTTP/1.1" 200 1023
179.57.78.9 - - [29/Sep/2025:10:05:47 -0300] "GET /cormun/servlet/trsolicitudadjuntos?2025,22977, HTTP/1.1" 200 9834
179.57.78.9 - - [29/Sep/2025:10:05:49 -0300] "GET /cormun/servlet/solicitudotadjuntos?INS,2025,22977,,1, HTTP/1.1" 200 6394
179.57.78.9 - - [29/Sep/2025:10:05:49 -0300] "GET /cormun/static/about:blank HTTP/1.1" 404 1011
179.57.78.9 - - [29/Sep/2025:10:05:50 -0300] "GET /cormun/servlet/solicitudotadjuntos?a8ed453c999789c6cc19d82f42c5ebaab09caa5154b97782c998915962610cf0fef6651951c68238f46b59ffb518901e,gx-no-cache=1759151289358 HTTP/1.1" 200 30
179.57.78.9 - - [29/Sep/2025:10:05:50 -0300] "POST /cormun/servlet/solicitudotadjuntos?910d2ef78853d887396e693215557a53,INS,2025,22977,,1,,gx-no-cache=1759151289376 HTTP/1.1" 200 4183
190.95.67.93 - - [29/Sep/2025:10:05:50 -0300] "GET /cormun/servlet/apermisogoceprn?14332274,P,20250929100738,PU HTTP/1.1" 200 1656
179.57.78.9 - - [29/Sep/2025:10:05:51 -0300] "POST /cormun/servlet/solicitudotadjuntos?gx-no-cache=1759151291158 HTTP/1.1" 200 26
179.57.78.9 - - [29/Sep/2025:10:05:57 -0300] "GET /cormun/servlet/solicitudotadjuntos?a8ed453c999789c6cc19d82f42c5ebaa64d8d8059a0f0f5210a73185cfa8cf62,gx-no-cache=1759151296406 HTTP/1.1" 200 30
179.57.78.9 - - [29/Sep/2025:10:05:57 -0300] "GET /cormun/servlet/solicitudotadjuntos?a8ed453c999789c6cc19d82f42c5ebaa64d8d8059a0f0f5210a73185cfa8cf62,gx-no-cache=1759151296421 HTTP/1.1" 200 30
179.57.78.9 - - [29/Sep/2025:10:05:57 -0300] "POST /cormun/servlet/solicitudotadjuntos?910d2ef78853d887396e693215557a53,INS,2025,22977,,1, HTTP/1.1" 200 116
179.57.78.9 - - [29/Sep/2025:10:05:57 -0300] "GET /cormun/servlet/hpexe_return? HTTP/1.1" 200 1023
179.57.78.9 - - [29/Sep/2025:10:05:57 -0300] "GET /cormun/servlet/trsolicitudadjuntos?2025,22977, HTTP/1.1" 200 10086
179.57.78.9 - - [29/Sep/2025:10:05:59 -0300] "GET /cormun/servlet/solicitudotadjuntos?INS,2025,22977,,1, HTTP/1.1" 200 6394
179.57.78.9 - - [29/Sep/2025:10:05:59 -0300] "GET /cormun/static/about:blank HTTP/1.1" 404 1011
179.57.78.9 - - [29/Sep/2025:10:06:00 -0300] "GET /cormun/servlet/solicitudotadjuntos?a8ed453c999789c6cc19d82f42c5ebaab09caa5154b97782c998915962610cf0fef6651951c68238f46b59ffb518901e,gx-no-cache=1759151299370 HTTP/1.1" 200 30
179.57.78.9 - - [29/Sep/2025:10:06:00 -0300] "POST /cormun/servlet/solicitudotadjuntos?910d2ef78853d887396e693215557a53,INS,2025,22977,,1,,gx-no-cache=1759151299388 HTTP/1.1" 200 4183
179.57.78.9 - - [29/Sep/2025:10:06:03 -0300] "POST /cormun/servlet/solicitudotadjuntos?gx-no-cache=1759151302494 HTTP/1.1" 200 26
179.57.78.9 - - [29/Sep/2025:10:06:08 -0300] "GET /cormun/servlet/solicitudotadjuntos?a8ed453c999789c6cc19d82f42c5ebaa64d8d8059a0f0f5210a73185cfa8cf62,gx-no-cache=1759151307622 HTTP/1.1" 200 30
179.57.78.9 - - [29/Sep/2025:10:06:08 -0300] "GET /cormun/servlet/solicitudotadjuntos?a8ed453c999789c6cc19d82f42c5ebaa64d8d8059a0f0f5210a73185cfa8cf62,gx-no-cache=1759151307635 HTTP/1.1" 200 30
179.57.78.9 - - [29/Sep/2025:10:06:08 -0300] "POST /cormun/servlet/solicitudotadjuntos?910d2ef78853d887396e693215557a53,INS,2025,22977,,1, HTTP/1.1" 200 116
179.57.78.9 - - [29/Sep/2025:10:06:08 -0300] "GET /cormun/servlet/hpexe_return? HTTP/1.1" 200 1023
179.57.78.9 - - [29/Sep/2025:10:06:08 -0300] "GET /cormun/servlet/trsolicitudadjuntos?2025,22977, HTTP/1.1" 200 10361
179.57.78.9 - - [29/Sep/2025:10:06:10 -0300] "GET /cormun/servlet/solicitudotadjuntos?INS,2025,22977,,1, HTTP/1.1" 200 6394
179.57.78.9 - - [29/Sep/2025:10:06:10 -0300] "GET /cormun/static/about:blank HTTP/1.1" 404 1011
186.189.95.119 - - [29/Sep/2025:10:06:11 -0300] "GET /cormun/servlet/hlogin HTTP/1.1" 200 1765
186.189.95.119 - - [29/Sep/2025:10:06:11 -0300] "GET /cormun/static/gxtimezone.js?85251 HTTP/1.1" 200 5781
186.189.95.119 - - [29/Sep/2025:10:06:11 -0300] "GET /cormun/static/gxtypesSD.js?85251 HTTP/1.1" 200 24551
186.189.95.119 - - [29/Sep/2025:10:06:11 -0300] "GET /cormun/static/gxfxSD.js?85251 HTTP/1.1" 200 15384
186.189.95.119 - - [29/Sep/2025:10:06:11 -0300] "GET /cormun/static/Resources/Spanish/PXTools.css?1759030 HTTP/1.1" 200 100853
179.57.78.9 - - [29/Sep/2025:10:06:11 -0300] "GET /cormun/servlet/solicitudotadjuntos?a8ed453c999789c6cc19d82f42c5ebaab09caa5154b97782c998915962610cf0fef6651951c68238f46b59ffb518901e,gx-no-cache=1759151310557 HTTP/1.1" 200 30
186.189.95.119 - - [29/Sep/2025:10:06:11 -0300] "GET /cormun/static/gxhtmlSD.js?85251 HTTP/1.1" 200 50424
186.189.95.119 - - [29/Sep/2025:10:06:11 -0300] "GET /cormun/static/gxpopupSD.js?85251 HTTP/1.1" 200 22377
186.189.95.119 - - [29/Sep/2025:10:06:11 -0300] "GET /cormun/static/gxapiSD.js?85251 HTTP/1.1" 200 78773
186.189.95.119 - - [29/Sep/2025:10:06:11 -0300] "GET /cormun/static/gxgridSD.js?85251 HTTP/1.1" 200 50735
186.189.95.119 - - [29/Sep/2025:10:06:11 -0300] "GET /cormun/static/JavaScripTableSD.js?85251 HTTP/1.1" 200 25100
186.189.95.119 - - [29/Sep/2025:10:06:11 -0300] "GET /cormun/static/rijndaelSD.js?85251 HTTP/1.1" 200 6763
186.189.95.119 - - [29/Sep/2025:10:06:11 -0300] "GET /cormun/static/gxgralSD.js?85251 HTTP/1.1" 200 20927
179.57.78.9 - - [29/Sep/2025:10:06:11 -0300] "POST /cormun/servlet/solicitudotadjuntos?910d2ef78853d887396e693215557a53,INS,2025,22977,,1,,gx-no-cache=1759151310577 HTTP/1.1" 200 4183
186.189.95.119 - - [29/Sep/2025:10:06:11 -0300] "GET /cormun/static/gxcfg.js?85251 HTTP/1.1" 200 953
186.189.95.119 - - [29/Sep/2025:10:06:11 -0300] "GET /cormun/static/gxfrmutlSD.js?85251 HTTP/1.1" 200 89044
186.189.95.119 - - [29/Sep/2025:10:06:11 -0300] "GET /cormun/static/hlogin.js?2022112219184458 HTTP/1.1" 200 2156
186.189.95.119 - - [29/Sep/2025:10:06:11 -0300] "GET /cormun/static/messages.spa.js?85251 HTTP/1.1" 200 30736
186.189.95.119 - - [29/Sep/2025:10:06:11 -0300] "GET /cormun/static/Resources/CormunLogin.png HTTP/1.1" 200 19132
186.189.95.119 - - [29/Sep/2025:10:06:11 -0300] "GET /cormun/static/Resources/PXToolsLoginTop.png HTTP/1.1" 200 1337
186.189.95.119 - - [29/Sep/2025:10:06:11 -0300] "GET /cormun/static/Resources/PXToolsButtonBackground.png HTTP/1.1" 200 1176
186.189.95.119 - - [29/Sep/2025:10:06:11 -0300] "GET /cormun/static/Resources/PXToolsLoginBottom.png HTTP/1.1" 200 1389
186.189.95.119 - - [29/Sep/2025:10:06:11 -0300] "GET /cormun/static/Resources/PXToolsButtonRight.png HTTP/1.1" 200 1294
186.189.95.119 - - [29/Sep/2025:10:06:11 -0300] "GET /cormun/servlet/hlogin HTTP/1.1" 200 1775
186.189.95.119 - - [29/Sep/2025:10:06:11 -0300] "GET /cormun/static/Resources/indicator.gif HTTP/1.1" 200 1553
186.189.95.119 - - [29/Sep/2025:10:06:11 -0300] "GET /cormun/static/Resources/CormunLogin.png HTTP/1.1" 200 19132
186.189.95.119 - - [29/Sep/2025:10:06:11 -0300] "GET /cormun/static/Resources/PXToolsButtonRight.png HTTP/1.1" 200 1294
186.189.95.119 - - [29/Sep/2025:10:06:11 -0300] "GET /cormun/static/Resources/PXToolsButtonLeft.png HTTP/1.1" 200 1310
186.189.95.119 - - [29/Sep/2025:10:06:11 -0300] "GET /cormun/static/Resources/PXToolsLoginBottom.png HTTP/1.1" 200 1389
186.189.95.119 - - [29/Sep/2025:10:06:11 -0300] "GET /cormun/static/Resources/PXToolsButtonBackground.png HTTP/1.1" 200 1176
186.189.95.119 - - [29/Sep/2025:10:06:11 -0300] "GET /cormun/static/Resources/PXToolsLoginTop.png HTTP/1.1" 200 1337
186.189.95.119 - - [29/Sep/2025:10:06:11 -0300] "GET /cormun/static/Resources/PXToolsLoginBackground.png HTTP/1.1" 200 1164
179.57.78.9 - - [29/Sep/2025:10:06:14 -0300] "POST /cormun/servlet/solicitudotadjuntos?gx-no-cache=1759151313358 HTTP/1.1" 200 26
179.57.78.9 - - [29/Sep/2025:10:06:19 -0300] "GET /cormun/servlet/solicitudotadjuntos?a8ed453c999789c6cc19d82f42c5ebaa64d8d8059a0f0f5210a73185cfa8cf62,gx-no-cache=1759151318685 HTTP/1.1" 200 30
179.57.78.9 - - [29/Sep/2025:10:06:19 -0300] "GET /cormun/servlet/solicitudotadjuntos?a8ed453c999789c6cc19d82f42c5ebaa64d8d8059a0f0f5210a73185cfa8cf62,gx-no-cache=1759151318698 HTTP/1.1" 200 30
179.57.78.9 - - [29/Sep/2025:10:06:20 -0300] "POST /cormun/servlet/solicitudotadjuntos?910d2ef78853d887396e693215557a53,INS,2025,22977,,1, HTTP/1.1" 200 116
179.57.78.9 - - [29/Sep/2025:10:06:20 -0300] "GET /cormun/servlet/hpexe_return? HTTP/1.1" 200 1023
179.57.78.9 - - [29/Sep/2025:10:06:20 -0300] "GET /cormun/servlet/trsolicitudadjuntos?2025,22977, HTTP/1.1" 200 10586
179.57.78.9 - - [29/Sep/2025:10:06:22 -0300] "GET /cormun/servlet/solicitudotadjuntos?INS,2025,22977,,1, HTTP/1.1" 200 6394
179.57.78.9 - - [29/Sep/2025:10:06:22 -0300] "GET /cormun/static/about:blank HTTP/1.1" 404 1011
179.57.78.9 - - [29/Sep/2025:10:06:23 -0300] "GET /cormun/servlet/solicitudotadjuntos?a8ed453c999789c6cc19d82f42c5ebaab09caa5154b97782c998915962610cf0fef6651951c68238f46b59ffb518901e,gx-no-cache=1759151322471 HTTP/1.1" 200 30
179.57.78.9 - - [29/Sep/2025:10:06:23 -0300] "POST /cormun/servlet/solicitudotadjuntos?910d2ef78853d887396e693215557a53,INS,2025,22977,,1,,gx-no-cache=1759151322488 HTTP/1.1" 200 4183
179.57.78.9 - - [29/Sep/2025:10:06:27 -0300] "POST /cormun/servlet/solicitudotadjuntos?gx-no-cache=1759151326566 HTTP/1.1" 200 26
186.189.95.119 - - [29/Sep/2025:10:06:27 -0300] "POST /cormun/servlet/hlogin?b41a27a7a4a9084425891fa8cb0a0f3a,gx-no-cache=1759151322165 HTTP/1.1" 200 90
186.189.95.119 - - [29/Sep/2025:10:06:27 -0300] "GET /cormun/servlet/hpexe_link HTTP/1.1" 200 1001
186.189.95.119 - - [29/Sep/2025:10:06:27 -0300] "GET /cormun/static/hpexe_link.js?20221129847423 HTTP/1.1" 200 625
186.189.95.119 - - [29/Sep/2025:10:06:27 -0300] "GET /cormun/static/Resources/Spanish/PXTools.css?8354383 HTTP/1.1" 200 100853
186.189.95.119 - - [29/Sep/2025:10:06:28 -0300] "GET /cormun/servlet/hhome HTTP/1.1" 200 4309
186.189.95.119 - - [29/Sep/2025:10:06:28 -0300] "GET /cormun/static/SmoothNavMenu/resources/ddsmoothmenu-v.css?1112540 HTTP/1.1" 200 1188
186.189.95.119 - - [29/Sep/2025:10:06:28 -0300] "GET /cormun/static/PXToolsJavascripts/pexe_autoreload.js HTTP/1.1" 200 1762
186.189.95.119 - - [29/Sep/2025:10:06:28 -0300] "GET /cormun/static/SmoothNavMenu/resources/ddsmoothmenu.css?1112540 HTTP/1.1" 200 2223
186.189.95.119 - - [29/Sep/2025:10:06:28 -0300] "GET /cormun/static/scaMessage/css/jquery.pnotify.default.css?1816380 HTTP/1.1" 200 1707
186.189.95.119 - - [29/Sep/2025:10:06:28 -0300] "GET /cormun/static/Shared/jqueryui/jquery-ui.min.css?1345370 HTTP/1.1" 200 30288
186.189.95.119 - - [29/Sep/2025:10:06:28 -0300] "GET /cormun/static/Resources/Spanish/PXTools.css?14345360 HTTP/1.1" 200 100853
186.189.95.119 - - [29/Sep/2025:10:06:28 -0300] "GET /cormun/static/PXToolsJavascripts/pexe_cookies.js HTTP/1.1" 200 792
186.189.95.119 - - [29/Sep/2025:10:06:28 -0300] "GET /cormun/static/PXToolsJavascripts/pexe_griddivfix.js HTTP/1.1" 200 6946
186.189.95.119 - - [29/Sep/2025:10:06:28 -0300] "GET /cormun/static/PXToolsJavascripts/pexe_grid.js HTTP/1.1" 200 7559
186.189.95.119 - - [29/Sep/2025:10:06:28 -0300] "GET /cormun/static/PXToolsJavascripts/pexe_menus.js HTTP/1.1" 200 1286
186.189.95.119 - - [29/Sep/2025:10:06:28 -0300] "GET /cormun/static/PXToolsJavascripts/pexe_windows.js HTTP/1.1" 200 15249
186.189.95.119 - - [29/Sep/2025:10:06:28 -0300] "GET /cormun/static/PXToolsJavascripts/pexe_link.js HTTP/1.1" 200 5671
186.189.95.119 - - [29/Sep/2025:10:06:28 -0300] "GET /cormun/static/PXToolsJavascripts/pexe_layers.js HTTP/1.1" 200 4114
186.189.95.119 - - [29/Sep/2025:10:06:28 -0300] "GET /cormun/static/PXToolsJavascripts/pexe_menudivfix.js HTTP/1.1" 200 333
186.189.95.119 - - [29/Sep/2025:10:06:28 -0300] "GET /cormun/static/PXToolsJavascripts/pexe_oav.js HTTP/1.1" 200 645
186.189.95.119 - - [29/Sep/2025:10:06:28 -0300] "GET /cormun/static/PXToolsJavascripts/pexe_scrolldiv.js HTTP/1.1" 200 4138
186.189.95.119 - - [29/Sep/2025:10:06:28 -0300] "GET /cormun/static/PXToolsJavascripts/pexe_picture.js HTTP/1.1" 200 689
186.189.95.119 - - [29/Sep/2025:10:06:28 -0300] "GET /cormun/static/PXToolsJavascripts/pexe_oavdivfix.js HTTP/1.1" 200 639
186.189.95.119 - - [29/Sep/2025:10:06:28 -0300] "GET /cormun/static/PXToolsJavascripts/pexe_popup.js HTTP/1.1" 200 15149
186.189.95.119 - - [29/Sep/2025:10:06:28 -0300] "GET /cormun/static/PXToolsJavascripts/pexe_tabdivfix.js HTTP/1.1" 200 898
186.189.95.119 - - [29/Sep/2025:10:06:28 -0300] "GET /cormun/static/PXToolsJavascripts/pexe_tabs.js HTTP/1.1" 200 3748
186.189.95.119 - - [29/Sep/2025:10:06:28 -0300] "GET /cormun/static/PXToolsJavascripts/PXToolsJavascriptsRender.js HTTP/1.1" 200 367
186.189.95.119 - - [29/Sep/2025:10:06:28 -0300] "GET /cormun/static/PXToolsJavascripts/pexe_upload.js HTTP/1.1" 200 1423
186.189.95.119 - - [29/Sep/2025:10:06:28 -0300] "GET /cormun/static/RunJS/RunJS.js HTTP/1.1" 200 288
186.189.95.119 - - [29/Sep/2025:10:06:28 -0300] "GET /cormun/static/Shared/ext/locale/ext-lang-en.js HTTP/1.1" 200 10940
186.189.95.119 - - [29/Sep/2025:10:06:28 -0300] "GET /cormun/static/hhome.js?20201215495544 HTTP/1.1" 200 777
186.189.95.119 - - [29/Sep/2025:10:06:28 -0300] "GET /cormun/static/hwchdr01.js?2022112219251119 HTTP/1.1" 200 996
186.189.95.119 - - [29/Sep/2025:10:06:28 -0300] "GET /cormun/static/hpexe_recentlink.js?20201214471090 HTTP/1.1" 200 2144
186.189.95.119 - - [29/Sep/2025:10:06:28 -0300] "GET /cormun/static/hpexe_messagecontroller.js?202211298371222 HTTP/1.1" 200 870
186.189.95.119 - - [29/Sep/2025:10:06:28 -0300] "GET /cormun/static/hpexe_scripts.js?20201214471411 HTTP/1.1" 200 1544
186.189.95.119 - - [29/Sep/2025:10:06:28 -0300] "GET /cormun/static/hpexe_messagepopupcomponent.js?2020121447232 HTTP/1.1" 200 605
186.189.95.119 - - [29/Sep/2025:10:06:28 -0300] "GET /cormun/static/hpexe_messagegenexuscomponent.js?20221129836373 HTTP/1.1" 200 587
186.189.95.119 - - [29/Sep/2025:10:06:28 -0300] "GET /cormun/static/gxui/gxui-all.js HTTP/1.1" 200 107772
186.189.95.119 - - [29/Sep/2025:10:06:28 -0300] "GET /cormun/static/cmcontrolpreferences.js?20199141926336 HTTP/1.1" 200 1375
186.189.95.119 - - [29/Sep/2025:10:06:28 -0300] "GET /cormun/static/SmoothNavMenu/resources/ddsmoothmenu.js HTTP/1.1" 200 12712
186.189.95.119 - - [29/Sep/2025:10:06:28 -0300] "GET /cormun/static/SmoothNavMenu/resources/SmoothNavMenuRender.js HTTP/1.1" 200 5951
186.189.95.119 - - [29/Sep/2025:10:06:28 -0300] "GET /cormun/static/scaMessage/js/jquery.pnotify.min.js HTTP/1.1" 200 13038
186.189.95.119 - - [29/Sep/2025:10:06:28 -0300] "GET /cormun/static/scaMessage/scaMessageRender.js HTTP/1.1" 200 11977
186.189.95.119 - - [29/Sep/2025:10:06:28 -0300] "GET /cormun/static/hmpwkw03.js?20221129844354 HTTP/1.1" 200 3971
186.189.95.119 - - [29/Sep/2025:10:06:28 -0300] "GET /cormun/static/Shared/jquery/jquery-1.4.2.min.js HTTP/1.1" 200 72174
186.189.95.119 - - [29/Sep/2025:10:06:28 -0300] "GET /cormun/static/Shared/jqueryui/jquery-ui.min.js HTTP/1.1" 200 240427
186.189.95.119 - - [29/Sep/2025:10:06:28 -0300] "GET /cormun/static/Shared/jquery/jquery-1.10.2.min.js HTTP/1.1" 200 273199
186.189.95.119 - - [29/Sep/2025:10:06:28 -0300] "GET /cormun/static/Resources/CormunMP2.png HTTP/1.1" 200 6878
186.189.95.119 - - [29/Sep/2025:10:06:28 -0300] "GET /cormun/static/Resources/ImgHome.png HTTP/1.1" 200 1364
186.189.95.119 - - [29/Sep/2025:10:06:28 -0300] "GET /cormun/static/Resources/ImgLogin.png HTTP/1.1" 200 1432
186.189.95.119 - - [29/Sep/2025:10:06:28 -0300] "GET /cormun/static/Resources/Llave.png HTTP/1.1" 200 1395
186.189.95.119 - - [29/Sep/2025:10:06:29 -0300] "GET /cormun/static/Resources/PXToolsDataTitle.png HTTP/1.1" 200 1173
186.189.95.119 - - [29/Sep/2025:10:06:29 -0300] "GET /cormun/static/Shared/ext/ext-all.js HTTP/1.1" 200 1289687
186.189.95.119 - - [29/Sep/2025:10:06:29 -0300] "GET /cormun/static/SmoothNavMenu/resources/images/down.gif HTTP/1.1" 200 854
186.189.95.119 - - [29/Sep/2025:10:06:29 -0300] "GET /cormun/static/SmoothNavMenu/resources/images/right.gif HTTP/1.1" 200 860
179.57.78.9 - - [29/Sep/2025:10:06:31 -0300] "GET /cormun/servlet/solicitudotadjuntos?a8ed453c999789c6cc19d82f42c5ebaa64d8d8059a0f0f5210a73185cfa8cf62,gx-no-cache=1759151331070 HTTP/1.1" 200 30
179.57.78.9 - - [29/Sep/2025:10:06:31 -0300] "GET /cormun/servlet/solicitudotadjuntos?a8ed453c999789c6cc19d82f42c5ebaa64d8d8059a0f0f5210a73185cfa8cf62,gx-no-cache=1759151331088 HTTP/1.1" 200 30
179.57.78.9 - - [29/Sep/2025:10:06:32 -0300] "POST /cormun/servlet/solicitudotadjuntos?910d2ef78853d887396e693215557a53,INS,2025,22977,,1, HTTP/1.1" 200 116
179.57.78.9 - - [29/Sep/2025:10:06:32 -0300] "GET /cormun/servlet/hpexe_return? HTTP/1.1" 200 1023
179.57.78.9 - - [29/Sep/2025:10:06:32 -0300] "GET /cormun/servlet/trsolicitudadjuntos?2025,22977, HTTP/1.1" 200 10740
186.189.95.119 - - [29/Sep/2025:10:06:40 -0300] "GET /cormun/servlet/trlicencias? HTTP/1.1" 200 14430
186.189.95.119 - - [29/Sep/2025:10:06:40 -0300] "GET /cormun/static/calendar-es.js?85251 HTTP/1.1" 200 1901
186.189.95.119 - - [29/Sep/2025:10:06:40 -0300] "GET /cormun/static/calendar-system.css?85620 HTTP/1.1" 200 5572
186.189.95.119 - - [29/Sep/2025:10:06:40 -0300] "GET /cormun/static/gxui/gxui-all.css?120300 HTTP/1.1" 200 2179
186.189.95.119 - - [29/Sep/2025:10:06:40 -0300] "GET /cormun/static/calendar-setup.js?85251 HTTP/1.1" 200 2588
186.189.95.119 - - [29/Sep/2025:10:06:40 -0300] "GET /cormun/static/gxdec.js?85251 HTTP/1.1" 200 19579
186.189.95.119 - - [29/Sep/2025:10:06:40 -0300] "GET /cormun/static/calendar.js?85251 HTTP/1.1" 200 26246
186.189.95.119 - - [29/Sep/2025:10:06:40 -0300] "GET /cormun/static/trlicencias.js?202211298463889 HTTP/1.1" 200 41883
186.189.95.119 - - [29/Sep/2025:10:06:40 -0300] "GET /cormun/static/Resources/PXTools/calendar.png HTTP/1.1" 200 1306
186.189.95.119 - - [29/Sep/2025:10:06:40 -0300] "GET /cormun/static/Resources/PXToolsDataSearch.png HTTP/1.1" 200 435
186.189.95.119 - - [29/Sep/2025:10:06:40 -0300] "GET /cormun/static/Resources/PXToolsGridFirstDisabled.gif HTTP/1.1" 200 100
186.189.95.119 - - [29/Sep/2025:10:06:40 -0300] "GET /cormun/static/Resources/PXToolsGridPreviousDisabled.gif HTTP/1.1" 200 90
186.189.95.119 - - [29/Sep/2025:10:06:40 -0300] "GET /cormun/static/Shared/ext/resources/css/ext-all.css?215870 HTTP/1.1" 200 416045
186.189.95.119 - - [29/Sep/2025:10:06:40 -0300] "GET /cormun/static/Resources/PXToolsGridNextDisabled.gif HTTP/1.1" 200 90
186.189.95.119 - - [29/Sep/2025:10:06:40 -0300] "GET /cormun/static/Resources/PXToolsGridPage.gif HTTP/1.1" 200 725
186.189.95.119 - - [29/Sep/2025:10:06:40 -0300] "GET /cormun/static/Resources/PXToolsGridLastDisabled.gif HTTP/1.1" 200 98
186.189.95.119 - - [29/Sep/2025:10:06:40 -0300] "GET /cormun/static/Resources/PXToolsActionExcel.png HTTP/1.1" 200 727
186.189.95.119 - - [29/Sep/2025:10:06:40 -0300] "GET /cormun/static/Resources/PXToolsAddAllAction.png HTTP/1.1" 200 495
186.189.95.119 - - [29/Sep/2025:10:06:40 -0300] "GET /cormun/static/Resources/desc.gif HTTP/1.1" 200 65
186.189.95.119 - - [29/Sep/2025:10:06:40 -0300] "GET /cormun/static/Resources/asc.gif HTTP/1.1" 200 67
186.189.95.119 - - [29/Sep/2025:10:06:40 -0300] "GET /cormun//static/Resources/PXToolsActionDisabled.gif HTTP/1.1" 200 53
186.189.95.119 - - [29/Sep/2025:10:06:40 -0300] "GET /cormun//static/Resources/PXTools/ActionInsert.png HTTP/1.1" 200 1482
186.189.95.119 - - [29/Sep/2025:10:06:40 -0300] "GET /cormun//static/Resources/PXToolsHeaderFavorites.png HTTP/1.1" 200 1414
186.189.95.119 - - [29/Sep/2025:10:06:40 -0300] "GET /cormun//static/Resources/PXToolsHeaderHelp.png HTTP/1.1" 200 1333
186.189.95.119 - - [29/Sep/2025:10:06:40 -0300] "GET /cormun//static/Resources/PXToolsGridDisplay.png HTTP/1.1" 200 525
186.189.95.119 - - [29/Sep/2025:10:06:40 -0300] "GET /cormun//static/Resources/PXToolsActionPrint.png HTTP/1.1" 200 404
186.189.95.119 - - [29/Sep/2025:10:06:40 -0300] "GET /cormun/static/Shared/ext/resources/themes/images/default/panel/bg-headersPanel.png HTTP/1.1" 200 255
186.189.95.119 - - [29/Sep/2025:10:06:40 -0300] "GET /cormun/static/Shared/ext/resources/themes/images/default/tools/tool-sprites.gif HTTP/1.1" 200 5434
190.95.15.17 - - [29/Sep/2025:10:06:41 -0300] "GET /cormun/static/menuarrow.gif HTTP/1.1" 404 1015
190.95.15.17 - - [29/Sep/2025:10:06:52 -0300] "POST /cormun/servlet/trpermisosgoce?192a86865ef58206512d7d54f59b7a14,,gx-no-cache=1759151407759 HTTP/1.1" 200 13980
179.57.78.9 - - [29/Sep/2025:10:07:00 -0300] "POST /cormun/servlet/trsolicitudadjuntos?910d2ef78853d887396e693215557a53,2025,22977,,gx-no-cache=1759151359936 HTTP/1.1" 200 90
179.57.78.9 - - [29/Sep/2025:10:07:00 -0300] "GET /cormun/servlet/hpexe_link HTTP/1.1" 200 966
179.57.78.9 - - [29/Sep/2025:10:07:00 -0300] "GET /cormun/servlet/trsolicitudot HTTP/1.1" 200 8956
179.57.78.9 - - [29/Sep/2025:10:07:05 -0300] "GET /cormun/servlet/vesolicitudot?2025,22977,, HTTP/1.1" 200 8696
179.57.78.9 - - [29/Sep/2025:10:07:05 -0300] "GET /cormun/static/gxcfg.js?202211298465857 HTTP/1.1" 200 953
179.57.78.9 - - [29/Sep/2025:10:07:05 -0300] "GET /cormun/pexe_scrolldiv.js HTTP/1.1" 404 1009
179.57.78.9 - - [29/Sep/2025:10:07:05 -0300] "GET /cormun/static/Resources/PXToolsTabFirstSelected.png HTTP/1.1" 200 1270
179.57.78.9 - - [29/Sep/2025:10:07:05 -0300] "GET /cormun/static/vesolicitudot.js?202211298465886 HTTP/1.1" 200 6091
179.57.78.9 - - [29/Sep/2025:10:07:05 -0300] "GET /cormun/static/hwcviewtabs.js?201991422154026 HTTP/1.1" 200 1074
179.57.78.9 - - [29/Sep/2025:10:07:05 -0300] "GET /cormun/static/hpexe_tabsview.js?2020121447381 HTTP/1.1" 200 1661
179.57.78.9 - - [29/Sep/2025:10:07:05 -0300] "GET /cormun/static/tbsolicitudot01.js?20201214462316 HTTP/1.1" 200 30566
179.57.78.9 - - [29/Sep/2025:10:07:05 -0300] "GET /cormun/static/Resources/PXToolsTabLastUnselected.png HTTP/1.1" 200 1297
179.57.78.9 - - [29/Sep/2025:10:07:05 -0300] "GET /cormun/static/Resources/PXToolsTabPrevious.gif HTTP/1.1" 200 172
179.57.78.9 - - [29/Sep/2025:10:07:05 -0300] "GET /cormun/static/Resources/PXToolsTabNext.gif HTTP/1.1" 200 168
179.57.78.9 - - [29/Sep/2025:10:07:05 -0300] "GET /cormun/static/calendar-system.css HTTP/1.1" 200 5572
179.57.78.9 - - [29/Sep/2025:10:07:05 -0300] "GET /cormun/static/Resources/PXToolsTabBackSelected.png HTTP/1.1" 200 1157
179.57.78.9 - - [29/Sep/2025:10:07:05 -0300] "GET /cormun/static/Resources/PXToolsTabBackUnselected.png HTTP/1.1" 200 1175
179.57.78.9 - - [29/Sep/2025:10:07:05 -0300] "GET /cormun/static/Resources/PXToolsTabSelectedUnselected.png HTTP/1.1" 200 1451
179.57.78.9 - - [29/Sep/2025:10:07:05 -0300] "GET /cormun/static/Resources/PXToolsTabUnselectedUnselected.png HTTP/1.1" 200 1470
190.95.67.99 - - [29/Sep/2025:10:07:10 -0300] "GET /cormun/servlet/trpermisosgoce? HTTP/1.1" 200 12707
190.95.15.27 - - [29/Sep/2025:10:07:34 -0300] "POST /cormun/servlet/trpermisosgoce?b6f43b96f397aadf6e37544ff0208207,,gx-no-cache=1759151389071 HTTP/1.1" 200 5686
186.189.95.119 - - [29/Sep/2025:10:07:41 -0300] "GET /cormun/static/menuarrow.gif HTTP/1.1" 404 1015
179.57.78.9 - - [29/Sep/2025:10:07:44 -0300] "POST /cormun/servlet/vesolicitudot?910d2ef78853d887396e693215557a53,2025,22977,,,gx-no-cache=1759151403632 HTTP/1.1" 200 90
179.57.78.9 - - [29/Sep/2025:10:07:44 -0300] "GET /cormun/servlet/hpexe_link HTTP/1.1" 200 964
179.57.78.9 - - [29/Sep/2025:10:07:44 -0300] "GET /cormun/servlet/trsolicitudot HTTP/1.1" 200 8956
179.57.78.9 - - [29/Sep/2025:10:07:50 -0300] "POST /cormun/servlet/trsolicitudot?910d2ef78853d887396e693215557a53,gx-no-cache=1759151409232 HTTP/1.1" 200 4841
179.57.78.9 - - [29/Sep/2025:10:07:50 -0300] "GET /cormun/static/Shared/jqueryui/images/ui-bg_highlight-soft_100_c6c2c8_1x100.png HTTP/1.1" 404 1117
179.57.78.9 - - [29/Sep/2025:10:07:50 -0300] "GET /cormun/static/Shared/jqueryui/images/ui-icons_82798d_256x240.png HTTP/1.1" 404 1089
179.57.78.9 - - [29/Sep/2025:10:07:50 -0300] "GET /cormun/static/Shared/jqueryui/images/ui-bg_flat_55_fafafa_40x100.png HTTP/1.1" 404 1097
179.57.78.9 - - [29/Sep/2025:10:07:50 -0300] "GET /cormun/static/Shared/jqueryui/images/ui-icons_8d78a5_256x240.png HTTP/1.1" 404 1089
179.57.78.9 - - [29/Sep/2025:10:07:50 -0300] "POST /cormun/servlet/trsolicitudot?910d2ef78853d887396e693215557a53,gx-no-cache=1759151409370 HTTP/1.1" 200 4609
190.95.15.27 - - [29/Sep/2025:10:07:52 -0300] "POST /cormun/servlet/trpermisosgoce?b6f43b96f397aadf6e37544ff0208207,,gx-no-cache=1759151407332 HTTP/1.1" 200 4209
179.57.78.9 - - [29/Sep/2025:10:07:54 -0300] "GET /cormun/servlet/trautorizarsolicitud? HTTP/1.1" 200 8849
179.57.78.9 - - [29/Sep/2025:10:07:54 -0300] "GET /cormun/static/gxcfg.js?202211298474254 HTTP/1.1" 200 953
179.57.78.9 - - [29/Sep/2025:10:07:54 -0300] "GET /cormun/static/trautorizarsolicitud.js?202211298474588 HTTP/1.1" 200 53909
179.57.78.9 - - [29/Sep/2025:10:07:58 -0300] "POST /cormun/servlet/trautorizarsolicitud?910d2ef78853d887396e693215557a53,,gx-no-cache=1759151417864 HTTP/1.1" 200 4769
179.57.78.9 - - [29/Sep/2025:10:07:58 -0300] "POST /cormun/servlet/trautorizarsolicitud?910d2ef78853d887396e693215557a53,,gx-no-cache=1759151418029 HTTP/1.1" 200 4538
190.95.15.27 - - [29/Sep/2025:10:08:05 -0300] "GET /cormun/servlet/trlicencias? HTTP/1.1" 200 10808
179.57.78.9 - - [29/Sep/2025:10:08:18 -0300] "GET /cormun/static/Shared/jqueryui/images/ui-bg_highlight-soft_100_eae6ea_1x100.png HTTP/1.1" 404 1117
190.95.15.27 - - [29/Sep/2025:10:08:22 -0300] "POST /cormun/servlet/trlicencias?b6f43b96f397aadf6e37544ff0208207,,gx-no-cache=1759151436990 HTTP/1.1" 200 5714
190.95.15.27 - - [29/Sep/2025:10:08:31 -0300] "POST /cormun/servlet/trlicencias?b6f43b96f397aadf6e37544ff0208207,,gx-no-cache=1759151445657 HTTP/1.1" 200 6650
190.95.15.27 - - [29/Sep/2025:10:08:53 -0300] "GET /cormun/static/menuarrow.gif HTTP/1.1" 404 1015
190.95.15.27 - - [29/Sep/2025:10:08:58 -0300] "POST /cormun/servlet/trlicencias?b6f43b96f397aadf6e37544ff0208207,,gx-no-cache=1759151473071 HTTP/1.1" 200 6881
190.95.15.9 - - [29/Sep/2025:10:09:39 -0300] "POST /cormun/servlet/trlicencias?3151bcafec2c779cbe5c882aff726b13,,gx-no-cache=1759151513294 HTTP/1.1" 440 972
190.95.15.9 - - [29/Sep/2025:10:09:40 -0300] "GET /cormun/servlet/trlicencias? HTTP/1.1" 200 6048
190.95.15.9 - - [29/Sep/2025:10:09:41 -0300] "GET /cormun/servlet/hlogin HTTP/1.1" 200 1732
190.95.15.9 - - [29/Sep/2025:10:09:44 -0300] "POST /cormun/servlet/hlogin?ab3211747f6cfab32a40041361d84365,gx-no-cache=1759151518966 HTTP/1.1" 200 90
190.95.15.9 - - [29/Sep/2025:10:09:44 -0300] "GET /cormun/servlet/hpexe_link HTTP/1.1" 200 952
190.95.15.9 - - [29/Sep/2025:10:09:45 -0300] "GET /cormun/servlet/trlicencias HTTP/1.1" 200 12238
190.95.15.27 - - [29/Sep/2025:10:09:52 -0300] "POST /cormun/servlet/trlicencias?b6f43b96f397aadf6e37544ff0208207,,gx-no-cache=1759151526552 HTTP/1.1" 200 6882
190.95.15.17 - - [29/Sep/2025:10:12:05 -0300] "GET /cormun/servlet/trpermisosgoce? HTTP/1.1" 200 16784
190.95.15.17 - - [29/Sep/2025:10:12:14 -0300] "GET /cormun/servlet/permisogoce?INS,0,,, HTTP/1.1" 200 7259
135.237.126.224 - - [29/Sep/2025:10:12:19 -0300] "GET / HTTP/1.1" 200 11217
135.237.126.224 - - [29/Sep/2025:10:12:19 -0300] "-" 400 -
190.95.15.17 - - [29/Sep/2025:10:13:04 -0300] "GET /cormun/servlet/permisogoce?ba1e62e21121b09cbb453d5871b10c90038162b598285884d7f0da9c9743ea0ca953b7745f356f9bf402084942d7ce6fbe0c8ee0b8f4c8d4d216d2c2136c75d2,gx-no-cache=1759151777950 HTTP/1.1" 200 80
190.95.15.17 - - [29/Sep/2025:10:13:18 -0300] "GET /cormun/servlet/permisogoce?ba1e62e21121b09cbb453d5871b10c9035cf6ee48cc2abb347007b49618e0cc4587f77962bb31484d01093b66525d03253e704217e2810d1397d6b7c305162a0,gx-no-cache=1759151793522 HTTP/1.1" 200 48
190.95.15.31 - - [29/Sep/2025:10:13:29 -0300] "GET /cormun/servlet/trpermisosgoce? HTTP/1.1" 200 9890
190.95.15.31 - - [29/Sep/2025:10:13:33 -0300] "GET /cormun/servlet/permisogoce?INS,0,,, HTTP/1.1" 200 7256
190.95.15.17 - - [29/Sep/2025:10:13:35 -0300] "POST /cormun/servlet/permisogoce?192a86865ef58206512d7d54f59b7a14,INS,0,,,,gx-no-cache=1759151797583 HTTP/1.1" 200 93
190.95.15.17 - - [29/Sep/2025:10:13:35 -0300] "GET /cormun/servlet/hpexe_return? HTTP/1.1" 200 996
190.95.15.17 - - [29/Sep/2025:10:13:35 -0300] "GET /cormun/servlet/trpermisosgoce HTTP/1.1" 200 16789
190.95.15.31 - - [29/Sep/2025:10:13:45 -0300] "GET /cormun/servlet/permisogoce?250d29c2c811bc7e80d78e9524a49d2b69ad2070649a797eeae50aa698ed216c42ec5ef1e36f0ccfc27ce783c77245b572236b412372e7a8897cffaec9ef5b87,gx-no-cache=1759151757574 HTTP/1.1" 200 83
190.95.15.31 - - [29/Sep/2025:10:13:45 -0300] "GET /cormun/static/menuarrow.gif HTTP/1.1" 404 1015
201.186.225.183 - - [29/Sep/2025:10:13:51 -0300] "GET /cormun/servlet/trlicencias? HTTP/1.1" 200 6052
201.186.225.183 - - [29/Sep/2025:10:13:51 -0300] "GET /cormun/servlet/hlogin HTTP/1.1" 200 1737
201.186.225.183 - - [29/Sep/2025:10:13:51 -0300] "GET /cormun/servlet/trlicencias? HTTP/1.1" 200 6052
201.186.225.183 - - [29/Sep/2025:10:13:56 -0300] "POST /cormun/servlet/hlogin?d7e454b45f43440b0b9fc70a0e89db2b,gx-no-cache=1759151771669 HTTP/1.1" 200 90
201.186.225.183 - - [29/Sep/2025:10:13:56 -0300] "GET /cormun/servlet/hpexe_link HTTP/1.1" 200 957
201.186.225.183 - - [29/Sep/2025:10:13:56 -0300] "GET /cormun/servlet/trlicencias HTTP/1.1" 200 16226
190.95.15.31 - - [29/Sep/2025:10:14:01 -0300] "GET /cormun/servlet/permisogoce?250d29c2c811bc7e80d78e9524a49d2b9e677a68e6f3802e0690f95f9219da42aa5e797a8d10e88ed8a4f10077416882aa8775c59b015a1a3b013ba372787fd4,gx-no-cache=1759151768108 HTTP/1.1" 200 47
201.186.225.183 - - [29/Sep/2025:10:14:05 -0300] "GET /cormun/servlet/trsolicitudot? HTTP/1.1" 200 7182
190.95.15.31 - - [29/Sep/2025:10:14:22 -0300] "POST /cormun/servlet/permisogoce?cd9e6aa88e631d8b2a50ed9e01560140,INS,0,,,,gx-no-cache=1759151778679 HTTP/1.1" 200 93
190.95.15.17 - - [29/Sep/2025:10:14:33 -0300] "POST /cormun/servlet/trpermisosgoce?192a86865ef58206512d7d54f59b7a14,gx-no-cache=1759151868703 HTTP/1.1" 200 5300
190.95.15.31 - - [29/Sep/2025:10:14:37 -0300] "GET /cormun/servlet/hpexe_return? HTTP/1.1" 200 1010
190.95.15.31 - - [29/Sep/2025:10:14:38 -0300] "GET /cormun/servlet/trpermisosgoce HTTP/1.1" 200 10123
190.95.15.31 - - [29/Sep/2025:10:14:48 -0300] "GET /cormun/servlet/apermisogoceprn?12693951,P,20250929101546,PU HTTP/1.1" 200 1661
190.95.15.17 - - [29/Sep/2025:10:15:00 -0300] "POST /cormun/servlet/trpermisosgoce?192a86865ef58206512d7d54f59b7a14,gx-no-cache=1759151884622 HTTP/1.1" 200 6966
200.126.116.145 - - [29/Sep/2025:10:15:00 -0300] "GET /cormun/servlet/permisogoce?INS,0,,, HTTP/1.1" 200 6036
200.126.116.145 - - [29/Sep/2025:10:15:00 -0300] "GET /cormun/servlet/hlogin HTTP/1.1" 200 1748
190.95.67.91 - - [29/Sep/2025:10:15:06 -0300] "POST /cormun/servlet/trpermisosadjuntos?ec2fc2b6e236ed3ccca24727f092a055,19265641,20250929094437,P,,gx-no-cache=1759151841008 HTTP/1.1" 440 972
190.95.67.91 - - [29/Sep/2025:10:15:07 -0300] "GET /cormun/servlet/trpermisosadjuntos?19265641,20250929094437,P, HTTP/1.1" 200 6025
190.95.67.91 - - [29/Sep/2025:10:15:07 -0300] "GET /cormun/servlet/hlogin HTTP/1.1" 200 1766
200.126.116.145 - - [29/Sep/2025:10:15:12 -0300] "POST /cormun/servlet/hlogin?548d6b39dcd7601bcf4ae18cfcd8d4b3,gx-no-cache=1759151855375 HTTP/1.1" 200 90
200.126.116.145 - - [29/Sep/2025:10:15:12 -0300] "GET /cormun/servlet/hpexe_link HTTP/1.1" 200 969
200.126.116.145 - - [29/Sep/2025:10:15:12 -0300] "GET /cormun/servlet/permisogoce?INS,0,,, HTTP/1.1" 200 7060
190.95.67.91 - - [29/Sep/2025:10:15:13 -0300] "POST /cormun/servlet/hlogin?2450ee7ce58091743b93195c8f875a19,gx-no-cache=1759151848415 HTTP/1.1" 200 90
190.95.67.91 - - [29/Sep/2025:10:15:13 -0300] "GET /cormun/servlet/hpexe_link HTTP/1.1" 200 985
190.95.67.91 - - [29/Sep/2025:10:15:13 -0300] "GET /cormun/servlet/trpermisosadjuntos?19265641,20250929094437,P, HTTP/1.1" 200 6982
200.126.116.145 - - [29/Sep/2025:10:15:19 -0300] "GET /cormun/servlet/trpermisosgoce? HTTP/1.1" 200 12101
200.126.116.145 - - [29/Sep/2025:10:15:21 -0300] "GET /cormun/servlet/permisogoce?INS,0,,, HTTP/1.1" 200 7060
190.95.67.91 - - [29/Sep/2025:10:15:33 -0300] "GET /cormun/servlet/permisosadjuntos?INS,19265641,P,20250929094437,, HTTP/1.1" 200 5895
190.95.67.91 - - [29/Sep/2025:10:15:33 -0300] "GET /cormun/static/about:blank HTTP/1.1" 404 1011
190.95.67.91 - - [29/Sep/2025:10:15:35 -0300] "POST /cormun/servlet/permisosadjuntos?2450ee7ce58091743b93195c8f875a19,INS,19265641,P,20250929094437,,,gx-no-cache=1759151869903 HTTP/1.1" 200 93
190.95.67.91 - - [29/Sep/2025:10:15:35 -0300] "GET /cormun/servlet/hpexe_return? HTTP/1.1" 200 1040
190.95.67.91 - - [29/Sep/2025:10:15:35 -0300] "GET /cormun/servlet/trpermisosadjuntos?19265641,20250929094437,P, HTTP/1.1" 200 6984
190.95.67.93 - - [29/Sep/2025:10:15:53 -0300] "GET /cormun/servlet/trsolicitudot? HTTP/1.1" 200 7551
190.95.67.93 - - [29/Sep/2025:10:15:57 -0300] "GET /cormun/servlet/solicitudot?INS,0,0,false, HTTP/1.1" 200 16326
190.95.67.91 - - [29/Sep/2025:10:16:01 -0300] "GET /cormun/servlet/permisosadjuntos?INS,19265641,P,20250929094437,, HTTP/1.1" 200 5896
190.95.67.91 - - [29/Sep/2025:10:16:01 -0300] "GET /cormun/static/about:blank HTTP/1.1" 404 1011
190.95.67.91 - - [29/Sep/2025:10:16:04 -0300] "POST /cormun/servlet/permisosadjuntos?2450ee7ce58091743b93195c8f875a19,INS,19265641,P,20250929094437,,,gx-no-cache=1759151899487 HTTP/1.1" 200 93
190.95.67.91 - - [29/Sep/2025:10:16:04 -0300] "GET /cormun/servlet/hpexe_return? HTTP/1.1" 200 1040
190.95.67.91 - - [29/Sep/2025:10:16:04 -0300] "GET /cormun/servlet/trpermisosadjuntos?19265641,20250929094437,P, HTTP/1.1" 200 6985
190.95.67.91 - - [29/Sep/2025:10:16:08 -0300] "GET /cormun/servlet/trpermisosgoce? HTTP/1.1" 200 19304
190.95.67.93 - - [29/Sep/2025:10:16:12 -0300] "POST /cormun/servlet/solicitudot?gx-no-cache=1759151907190 HTTP/1.1" 200 4170
190.95.67.93 - - [29/Sep/2025:10:16:12 -0300] "POST /cormun/servlet/solicitudot?f4cb0ec7a391643e853ba92d87fd76ca,INS,0,0,false,,gx-no-cache=1759151907347 HTTP/1.1" 200 12990
200.126.116.145 - - [29/Sep/2025:10:16:16 -0300] "GET /cormun/servlet/permisogoce?908900004b155778e97aee8e605a71dcb111515a148db3314aa9a8f80d3cf0c38483db6be796caee5ee31f045415b39d8def4d1b414cccbe312094b81a1df40f,gx-no-cache=1759151919758 HTTP/1.1" 200 77
190.95.67.93 - - [29/Sep/2025:10:16:18 -0300] "GET /cormun/servlet/solicitudot?8f2214001a86c30bdb947372680fac69f84df2f787196bb50f5a88780e6ff6545e456b5f5c4b266eb4c42b6d5b4f1acf,gx-no-cache=1759151913295 HTTP/1.1" 200 30
190.95.67.93 - - [29/Sep/2025:10:16:18 -0300] "GET /cormun/servlet/solicitudot?8f2214001a86c30bdb947372680fac696b723a28d5b00c409a8af923f9ef038f1d48ba3176334479934fa05058655ff42b84f31e8e542056425269fe9bdda401,gx-no-cache=1759151913327 HTTP/1.1" 200 30
190.95.67.93 - - [29/Sep/2025:10:16:18 -0300] "GET /cormun/servlet/solicitudot?8f2214001a86c30bdb947372680fac69893745c164f9dd43fe7c080f8b04a1e3,gx-no-cache=1759151913360 HTTP/1.1" 200 53
190.95.67.93 - - [29/Sep/2025:10:16:18 -0300] "POST /cormun/servlet/solicitudot?gx-no-cache=1759151913378 HTTP/1.1" 200 240
190.95.67.93 - - [29/Sep/2025:10:16:18 -0300] "GET /cormun/servlet/solicitudot?8f2214001a86c30bdb947372680fac69a7319cd603810f18ae662278a46858bfa9569aaaaab7a73750afce66a74f7ab0621fae87747ddcdda434a23dd618e02c63c97eeea43f4403ee2d0ebb4cf220b6eefa524436912cfc5f6960b4556b390a157b7501306f8ae95d73c76ec2004fbf2321374eaa1f0ab8c459c12d8d3fff0caa0d7418c33b4fe88e3686e33e7d2f6c714eed21a0d22a25cc0586f8e84371e79b0894f165a160953fd6a6074a9163d13859763d491095618b5b1383638e0e96532a97c69bcc0e085e5b4896b4ee14ea3bab50fc9de62de9544476ee3ca07fcf9e812e6413275e71839e2606e685703bfb44d24e7fa5a1b9519bc777eafd61d916e451c2d0d53e7ce2a9ee4f74a07692b6073ee8059198569548918b0b2b8ce5914c9787759153dac63a58e07640c7def737537b1bd569f6de6dc270a80d8fb1edc37f3cfcd8d5e612584e57b7aefcbd29168820d8910547f4d1848a1e8ac1cfc9dd63966a2e00e26d7bb328ec2ddf503a8fcd9ffa9d179b755686be4260bb73,gx-no-cache=1759151913403 HTTP/1.1" 200 30
200.126.116.145 - - [29/Sep/2025:10:16:18 -0300] "GET /cormun/static/menuarrow.gif HTTP/1.1" 404 1015
190.95.67.93 - - [29/Sep/2025:10:16:24 -0300] "POST /cormun/servlet/solicitudot?gx-no-cache=1759151919501 HTTP/1.1" 200 30
200.126.116.145 - - [29/Sep/2025:10:16:27 -0300] "GET /cormun/servlet/permisogoce?908900004b155778e97aee8e605a71dcfbfb0bb37a25a5f9973ecc51776a4b3f2a21140765858cae84724c3488eb02779b9bdeb6473406bf2c6f7409e3f0eafe,gx-no-cache=1759151930301 HTTP/1.1" 200 48
190.95.67.91 - - [29/Sep/2025:10:16:28 -0300] "POST /cormun/servlet/trpermisosgoce?2450ee7ce58091743b93195c8f875a19,,gx-no-cache=1759151905386 HTTP/1.1" 200 16625
190.95.67.91 - - [29/Sep/2025:10:16:29 -0300] "GET /cormun/static/Shared/jqueryui/images/ui-bg_highlight-soft_100_c6c2c8_1x100.png HTTP/1.1" 404 1117
190.95.67.91 - - [29/Sep/2025:10:16:29 -0300] "GET /cormun/static/Shared/jqueryui/images/ui-icons_82798d_256x240.png HTTP/1.1" 404 1089
190.95.67.91 - - [29/Sep/2025:10:16:29 -0300] "GET /cormun/static/Shared/jqueryui/images/ui-bg_flat_55_fafafa_40x100.png HTTP/1.1" 404 1097
190.95.67.91 - - [29/Sep/2025:10:16:29 -0300] "GET /cormun/static/Shared/jqueryui/images/ui-icons_8d78a5_256x240.png HTTP/1.1" 404 1089
190.95.67.91 - - [29/Sep/2025:10:16:41 -0300] "GET /cormun/servlet/trautorizarpermisogoce? HTTP/1.1" 200 8932
200.126.116.145 - - [29/Sep/2025:10:16:46 -0300] "POST /cormun/servlet/permisogoce?548d6b39dcd7601bcf4ae18cfcd8d4b3,INS,0,,,,gx-no-cache=1759151933775 HTTP/1.1" 200 93
200.126.116.145 - - [29/Sep/2025:10:16:46 -0300] "GET /cormun/servlet/hpexe_return? HTTP/1.1" 200 1013
200.126.116.145 - - [29/Sep/2025:10:16:46 -0300] "GET /cormun/servlet/hhome HTTP/1.1" 200 4336
201.186.225.183 - - [29/Sep/2025:10:16:50 -0300] "GET /cormun/servlet/trsolicitudot? HTTP/1.1" 200 7182
201.186.225.183 - - [29/Sep/2025:10:16:52 -0300] "GET /cormun/servlet/solicitudot?INS,0,0,false, HTTP/1.1" 200 15964
201.186.225.183 - - [29/Sep/2025:10:16:52 -0300] "GET /cormun/static/gxcfg.js?20221129840861 HTTP/1.1" 200 953
201.186.225.183 - - [29/Sep/2025:10:16:52 -0300] "GET /cormun/static/solicitudot.js?20221129840983 HTTP/1.1" 200 74072
190.95.67.91 - - [29/Sep/2025:10:16:57 -0300] "POST /cormun/servlet/trautorizarpermisogoce?2450ee7ce58091743b93195c8f875a19,,gx-no-cache=1759151938120 HTTP/1.1" 200 6039
200.126.116.145 - - [29/Sep/2025:10:16:57 -0300] "GET /cormun/servlet/trpermisosgoce? HTTP/1.1" 200 12425
201.186.225.183 - - [29/Sep/2025:10:16:59 -0300] "POST /cormun/servlet/solicitudot?gx-no-cache=1759151954673 HTTP/1.1" 200 4130
201.186.225.183 - - [29/Sep/2025:10:16:59 -0300] "POST /cormun/servlet/solicitudot?d7e454b45f43440b0b9fc70a0e89db2b,INS,0,0,false,,gx-no-cache=1759151954791 HTTP/1.1" 200 12692
201.186.225.183 - - [29/Sep/2025:10:16:59 -0300] "GET /cormun/servlet/solicitudot?083d81d6bf2366c8b1ca1fd48b19d5d19e9e6186f597d0990c87b50583e292abd1f280613522ffd8bc04d2e279f2c553,gx-no-cache=1759151955544 HTTP/1.1" 200 30
201.186.225.187 - - [29/Sep/2025:10:17:03 -0300] "GET /cormun/servlet/hlogin HTTP/1.1" 200 1713
200.126.116.145 - - [29/Sep/2025:10:17:04 -0300] "GET /cormun/servlet/apermisogoceprn?20662304,P,20250929101734,PU HTTP/1.1" 200 1659
201.186.225.187 - - [29/Sep/2025:10:17:04 -0300] "GET /cormun/servlet/hlogin HTTP/1.1" 200 1724
190.95.67.91 - - [29/Sep/2025:10:17:06 -0300] "POST /cormun/servlet/trautorizarpermisogoce?2450ee7ce58091743b93195c8f875a19,,gx-no-cache=1759151952663 HTTP/1.1" 200 5796
190.95.67.91 - - [29/Sep/2025:10:17:12 -0300] "POST /cormun/servlet/trautorizarpermisogoce?2450ee7ce58091743b93195c8f875a19,,gx-no-cache=1759151965854 HTTP/1.1" 200 5568
201.186.225.187 - - [29/Sep/2025:10:17:13 -0300] "POST /cormun/servlet/hlogin?6346b7d83f5145b2585e3f644e4b3f15,gx-no-cache=1759152316904 HTTP/1.1" 200 90
201.186.225.187 - - [29/Sep/2025:10:17:13 -0300] "GET /cormun/servlet/hpexe_link HTTP/1.1" 200 944
201.186.225.187 - - [29/Sep/2025:10:17:13 -0300] "GET /cormun/servlet/hhome HTTP/1.1" 200 3964
190.95.67.91 - - [29/Sep/2025:10:17:14 -0300] "POST /cormun/servlet/trautorizarpermisogoce?2450ee7ce58091743b93195c8f875a19,,gx-no-cache=1759151969254 HTTP/1.1" 200 5285
190.95.67.91 - - [29/Sep/2025:10:17:16 -0300] "POST /cormun/servlet/trautorizarpermisogoce?2450ee7ce58091743b93195c8f875a19,,gx-no-cache=1759151970662 HTTP/1.1" 200 4523
201.186.225.187 - - [29/Sep/2025:10:17:17 -0300] "GET /cormun/servlet/trlicencias? HTTP/1.1" 200 11305
190.95.67.91 - - [29/Sep/2025:10:17:20 -0300] "GET /cormun/servlet/trpermisosgoce? HTTP/1.1" 200 19236
190.95.67.91 - - [29/Sep/2025:10:17:31 -0300] "GET /cormun/servlet/trlicencias? HTTP/1.1" 200 18277
201.186.225.183 - - [29/Sep/2025:10:17:36 -0300] "GET /cormun/servlet/solicitudot?083d81d6bf2366c8b1ca1fd48b19d5d1ffec6b7bc8f4a974b2689280fec0ba29,gx-no-cache=1759151992542 HTTP/1.1" 200 94
201.186.225.183 - - [29/Sep/2025:10:17:36 -0300] "GET /cormun/static/Shared/jqueryui/images/ui-bg_highlight-soft_100_c6c2c8_1x100.png HTTP/1.1" 404 1117
201.186.225.183 - - [29/Sep/2025:10:17:36 -0300] "GET /cormun/static/Shared/jqueryui/images/ui-icons_82798d_256x240.png HTTP/1.1" 404 1089
201.186.225.183 - - [29/Sep/2025:10:17:36 -0300] "GET /cormun/static/Shared/jqueryui/images/ui-icons_ebccce_256x240.png HTTP/1.1" 404 1089
201.186.225.183 - - [29/Sep/2025:10:17:36 -0300] "GET /cormun/static/Shared/jqueryui/images/ui-bg_flat_55_994d53_40x100.png HTTP/1.1" 404 1097
201.186.225.183 - - [29/Sep/2025:10:17:39 -0300] "GET /cormun/static/Resources/resize.gif HTTP/1.1" 200 77
201.186.225.183 - - [29/Sep/2025:10:17:39 -0300] "GET /cormun/static/Resources/PXTools/ClosePrompt.png HTTP/1.1" 200 1036
201.186.225.183 - - [29/Sep/2025:10:17:39 -0300] "GET /cormun/servlet/prbanco?,MD,,gxPopupLevel%3D0%3B HTTP/1.1" 200 6628
201.186.225.183 - - [29/Sep/2025:10:17:39 -0300] "GET /cormun/static/gxcfg.js?20201216131581 HTTP/1.1" 200 953
201.186.225.183 - - [29/Sep/2025:10:17:39 -0300] "GET /cormun/static/prbanco.js?20201216132311 HTTP/1.1" 200 10693
201.186.225.183 - - [29/Sep/2025:10:17:39 -0300] "GET /cormun/static/menusearch.js?20201214473581 HTTP/1.1" 200 1424
201.186.225.183 - - [29/Sep/2025:10:17:39 -0300] "GET /cormun/static/hmpwkw011.js?202211298443482 HTTP/1.1" 200 1968
201.186.225.183 - - [29/Sep/2025:10:17:46 -0300] "GET /cormun/servlet/solicitudot?083d81d6bf2366c8b1ca1fd48b19d5d1e5cc0dc060c9861c4a8604f6268497b0,gx-no-cache=1759152001941 HTTP/1.1" 200 53
201.186.225.183 - - [29/Sep/2025:10:17:49 -0300] "POST /cormun/servlet/solicitudot?gx-no-cache=1759152005091 HTTP/1.1" 200 240
201.186.225.183 - - [29/Sep/2025:10:17:49 -0300] "GET /cormun/servlet/solicitudot?083d81d6bf2366c8b1ca1fd48b19d5d10e2b12dc72af1844ff9a5b9a4cc8cbf3449325fbb48020dee0f7a6289121e885cb2698f61a83695a4a3497808eac894759d7608cba9ae7e28b7645767c803cfbb2b18c6030b093ea21ac307708eeb0eaf0ea2517fa9cf9a494326dfd7151efd3cddc24c1ab174bc8d91da2b38e4563834cd6f29bde17c593e91a616143b9240520bd876f34454277afe9f238cb7db28885466739a835b1ef16774f2c32d2910033383995c90f4da31800f178d437f3525dfc0fe214f55af9f73d875077f584fdabe57004fd5b8dcd45bbc6fe1e8160d9d98c75c733bac63686402565c7528277141308303fa1792e7060432dacef1096b86c7242780d320fb3701c4194fd729c7483fd67ed0d3697a5799e42eacb06d379c82cbf36a97e6eff6cb6ff1cd2b6327409fe201662f843ff8e4fbbb8807b2bf768d2d000385d6331ce8b2b204cd588b4a2b21fb78863ef01a6ae7c6af502397e57097a7ef3b74eb33ba94c103a24dadd7798c0de51e7e01a42bee6191850a2,gx-no-cache=1759152005117 HTTP/1.1" 200 30
201.186.225.183 - - [29/Sep/2025:10:17:51 -0300] "POST /cormun/servlet/solicitudot?gx-no-cache=1759152007612 HTTP/1.1" 200 30
201.186.225.183 - - [29/Sep/2025:10:18:05 -0300] "POST /cormun/servlet/solicitudot?gx-no-cache=1759152020972 HTTP/1.1" 200 1483
201.186.225.183 - - [29/Sep/2025:10:18:06 -0300] "GET /cormun/servlet/prlicenciaspermisos?12778096,L,,MD,,gxPopupLevel%3D0%3B HTTP/1.1" 200 6377
201.186.225.183 - - [29/Sep/2025:10:18:06 -0300] "GET /cormun/static/gxcfg.js?2020121559567 HTTP/1.1" 200 953
201.186.225.183 - - [29/Sep/2025:10:18:06 -0300] "GET /cormun/static/prlicenciaspermisos.js?2020121559821 HTTP/1.1" 200 13379
190.95.67.93 - - [29/Sep/2025:10:18:09 -0300] "POST /cormun/servlet/solicitudot?gx-no-cache=1759152024468 HTTP/1.1" 200 1481
201.186.225.183 - - [29/Sep/2025:10:18:17 -0300] "POST /cormun/servlet/solicitudot?gx-no-cache=1759152032909 HTTP/1.1" 200 41
201.186.225.183 - - [29/Sep/2025:10:18:17 -0300] "GET /cormun/servlet/solicitudot?083d81d6bf2366c8b1ca1fd48b19d5d19ff66e6a09d2f6fc3672a473008188d5555edc82c16d0dc765d1efb88967ba5e56dbdfb469358fef6f8248a8a0a88f8a91ace820432291c51fea7c1aaaf67c6ac233505b137ef4fb12e986c3cfcc27bfbe6557f8142972b008644affd9b9b198,gx-no-cache=1759152032930 HTTP/1.1" 200 110
201.186.225.183 - - [29/Sep/2025:10:18:17 -0300] "POST /cormun/servlet/solicitudot?gx-no-cache=1759152032949 HTTP/1.1" 200 97
201.186.225.183 - - [29/Sep/2025:10:18:17 -0300] "GET /cormun/servlet/solicitudot?083d81d6bf2366c8b1ca1fd48b19d5d15739422847d705dcdf2231cb02ed4b691c64a0d4f2c58150042b7246a5205d2e275384e4cc2c4c3f44f49f6d405528b2aa29c1dbaacf2ad4293db25d113704a69fefb5eb79adb40547e36c69d4585d03d3d7bf24fd5c411b78279c06e51fed50979679ffaaaf15cb64f3d30f4845ef0e23daf40789b5a45435abd4345ad969f8711641342a65bffaf72585184e733215,gx-no-cache=1759152032998 HTTP/1.1" 200 29
201.186.225.183 - - [29/Sep/2025:10:18:21 -0300] "GET /cormun/static/menuarrow.gif HTTP/1.1" 404 1015
201.186.225.183 - - [29/Sep/2025:10:18:24 -0300] "GET /cormun/servlet/solicitudot?083d81d6bf2366c8b1ca1fd48b19d5d19ff66e6a09d2f6fc3672a473008188d5555edc82c16d0dc765d1efb88967ba5e56dbdfb469358fef6f8248a8a0a88f8a91ace820432291c51fea7c1aaaf67c6ac233505b137ef4fb12e986c3cfcc27bfbe6557f8142972b008644affd9b9b198,gx-no-cache=1759152039891 HTTP/1.1" 200 110
201.186.225.183 - - [29/Sep/2025:10:18:25 -0300] "GET /cormun/servlet/solicitudot?083d81d6bf2366c8b1ca1fd48b19d5d1a5e8e3b0c4c92c9ba19149e952fb7e673cc5f69aae6d734e86e03821342f00f5,gx-no-cache=1759152041566 HTTP/1.1" 200 30
201.186.225.183 - - [29/Sep/2025:10:18:25 -0300] "POST /cormun/servlet/solicitudot?gx-no-cache=1759152041589 HTTP/1.1" 200 34
200.126.116.145 - - [29/Sep/2025:10:18:29 -0300] "GET /cormun/servlet/permisogoce?INS,0,,, HTTP/1.1" 200 7227
200.126.116.145 - - [29/Sep/2025:10:18:39 -0300] "GET /cormun/servlet/permisogoce?908900004b155778e97aee8e605a71dcb111515a148db3314aa9a8f80d3cf0c38483db6be796caee5ee31f045415b39d8def4d1b414cccbe312094b81a1df40f,gx-no-cache=1759152062432 HTTP/1.1" 200 77
201.186.225.187 - - [29/Sep/2025:10:18:46 -0300] "GET /cormun/servlet/licenciaspermisos?DSP,19593560,L,20250922000000, HTTP/1.1" 200 7084
