190.95.1.185 - - [29/Sep/2025:08:51:34 -0300] "GET /cormun/servlet/hpexe_return? HTTP/1.1" 200 1027
190.95.1.185 - - [29/Sep/2025:08:51:35 -0300] "GET /cormun/servlet/trsolicitudadjuntos?2025,22970, HTTP/1.1" 200 10002
129.222.173.48 - - [29/Sep/2025:08:51:35 -0300] "POST /cormun/servlet/solicitudot?04c24935a3ae78cde202871a12e89c16,INS,0,0,false,,gx-no-cache=1759146828953 HTTP/1.1" 200 93
129.222.173.48 - - [29/Sep/2025:08:51:35 -0300] "GET /cormun/servlet/hpexe_return? HTTP/1.1" 200 1010
129.222.173.48 - - [29/Sep/2025:08:51:35 -0300] "GET /cormun/servlet/trsolicitudot HTTP/1.1" 200 8587
129.222.173.48 - - [29/Sep/2025:08:51:35 -0300] "GET /cormun//static/Resources/PXToolsActionView.png HTTP/1.1" 200 398
129.222.173.48 - - [29/Sep/2025:08:51:35 -0300] "GET /cormun//static/Resources/PXToolsRemoveAllAction.png HTTP/1.1" 200 487
190.95.1.185 - - [29/Sep/2025:08:51:37 -0300] "GET /cormun/servlet/solicitudotadjuntos?INS,2025,22970,,1, HTTP/1.1" 200 6526
190.95.1.185 - - [29/Sep/2025:08:51:37 -0300] "GET /cormun/static/about:blank HTTP/1.1" 404 1011
190.95.1.185 - - [29/Sep/2025:08:51:38 -0300] "GET /cormun/servlet/solicitudotadjuntos?5ace2590cd377b006707f943cc264a55a847f140059598ee7fa8f94bdf34101f3ee5f7b0d106e9f13de17fde0b8d7b09,gx-no-cache=1759150378022 HTTP/1.1" 200 30
190.95.1.185 - - [29/Sep/2025:08:51:38 -0300] "POST /cormun/servlet/solicitudotadjuntos?3cf0ecc7679e6f4e02d64ba3520c2277,INS,2025,22970,,1,,gx-no-cache=1759150378040 HTTP/1.1" 200 4191
190.95.1.185 - - [29/Sep/2025:08:51:40 -0300] "POST /cormun/servlet/solicitudotadjuntos?gx-no-cache=1759150380035 HTTP/1.1" 200 26
129.222.173.48 - - [29/Sep/2025:08:51:44 -0300] "POST /cormun/servlet/trsolicitudot?04c24935a3ae78cde202871a12e89c16,gx-no-cache=1759146838228 HTTP/1.1" 200 107
129.222.173.48 - - [29/Sep/2025:08:51:44 -0300] "GET /cormun/servlet/trsolicitudadjuntos?2025,22975, HTTP/1.1" 200 6053
129.222.173.48 - - [29/Sep/2025:08:51:44 -0300] "GET /cormun/static/Resources/PXToolsGridNew.png HTTP/1.1" 200 427
129.222.173.48 - - [29/Sep/2025:08:51:44 -0300] "GET /cormun/static/gxcfg.js?20201215574222 HTTP/1.1" 200 953
129.222.173.48 - - [29/Sep/2025:08:51:44 -0300] "GET /cormun/static/trsolicitudadjuntos.js?20201215574932 HTTP/1.1" 200 17921
190.95.1.185 - - [29/Sep/2025:08:51:46 -0300] "GET /cormun/servlet/solicitudotadjuntos?5ace2590cd377b006707f943cc264a55d233fc85d2ed509d98ffd578a5d70ff9,gx-no-cache=1759150385930 HTTP/1.1" 200 30
190.95.1.185 - - [29/Sep/2025:08:51:46 -0300] "GET /cormun/servlet/solicitudotadjuntos?5ace2590cd377b006707f943cc264a55d233fc85d2ed509d98ffd578a5d70ff9,gx-no-cache=1759150385941 HTTP/1.1" 200 30
190.95.1.185 - - [29/Sep/2025:08:51:46 -0300] "POST /cormun/servlet/solicitudotadjuntos?3cf0ecc7679e6f4e02d64ba3520c2277,INS,2025,22970,,1, HTTP/1.1" 200 116
190.95.1.185 - - [29/Sep/2025:08:51:46 -0300] "GET /cormun/servlet/hpexe_return? HTTP/1.1" 200 1027
190.95.1.185 - - [29/Sep/2025:08:51:46 -0300] "GET /cormun/servlet/trsolicitudadjuntos?2025,22970, HTTP/1.1" 200 10257
190.95.1.185 - - [29/Sep/2025:08:51:48 -0300] "GET /cormun/servlet/solicitudotadjuntos?INS,2025,22970,,1, HTTP/1.1" 200 6526
190.95.1.185 - - [29/Sep/2025:08:51:48 -0300] "GET /cormun/static/about:blank HTTP/1.1" 404 1011
190.95.1.185 - - [29/Sep/2025:08:51:49 -0300] "GET /cormun/servlet/solicitudotadjuntos?5ace2590cd377b006707f943cc264a55a847f140059598ee7fa8f94bdf34101f3ee5f7b0d106e9f13de17fde0b8d7b09,gx-no-cache=1759150389046 HTTP/1.1" 200 30
190.95.1.185 - - [29/Sep/2025:08:51:49 -0300] "POST /cormun/servlet/solicitudotadjuntos?3cf0ecc7679e6f4e02d64ba3520c2277,INS,2025,22970,,1,,gx-no-cache=1759150389102 HTTP/1.1" 200 4191
129.222.173.48 - - [29/Sep/2025:08:51:51 -0300] "POST /cormun/servlet/trsolicitudadjuntos?04c24935a3ae78cde202871a12e89c16,2025,22975,,gx-no-cache=1759146845897 HTTP/1.1" 200 3935
190.95.1.185 - - [29/Sep/2025:08:51:51 -0300] "POST /cormun/servlet/solicitudotadjuntos?gx-no-cache=1759150391731 HTTP/1.1" 200 26
129.222.173.48 - - [29/Sep/2025:08:51:53 -0300] "POST /cormun/servlet/trsolicitudadjuntos?04c24935a3ae78cde202871a12e89c16,2025,22975,,gx-no-cache=1759146848016 HTTP/1.1" 200 3935
129.222.173.48 - - [29/Sep/2025:08:51:55 -0300] "GET /cormun/servlet/solicitudotadjuntos?INS,2025,22975,,1, HTTP/1.1" 200 6000
129.222.173.48 - - [29/Sep/2025:08:51:55 -0300] "GET /cormun/static/gxcfg.js?202211298385187 HTTP/1.1" 200 953
129.222.173.48 - - [29/Sep/2025:08:51:55 -0300] "GET /cormun/static/solicitudotadjuntos.js?202211298385196 HTTP/1.1" 200 11771
129.222.173.48 - - [29/Sep/2025:08:51:55 -0300] "GET /cormun/static/about:blank HTTP/1.1" 404 1011
129.222.173.48 - - [29/Sep/2025:08:51:56 -0300] "GET /cormun/servlet/solicitudotadjuntos?fc87025a4cf10cb716b31ded1c5353a7eeea86033102763afa00bd8208e0ce73f84bc85bfff8f27de31876ba5c1a026b,gx-no-cache=1759146850634 HTTP/1.1" 200 30
129.222.173.48 - - [29/Sep/2025:08:51:56 -0300] "POST /cormun/servlet/solicitudotadjuntos?04c24935a3ae78cde202871a12e89c16,INS,2025,22975,,1,,gx-no-cache=1759146850721 HTTP/1.1" 200 3868
190.95.1.185 - - [29/Sep/2025:08:51:59 -0300] "GET /cormun/servlet/solicitudotadjuntos?5ace2590cd377b006707f943cc264a55d233fc85d2ed509d98ffd578a5d70ff9,gx-no-cache=1759150399218 HTTP/1.1" 200 30
190.95.1.185 - - [29/Sep/2025:08:51:59 -0300] "GET /cormun/servlet/solicitudotadjuntos?5ace2590cd377b006707f943cc264a55d233fc85d2ed509d98ffd578a5d70ff9,gx-no-cache=1759150399240 HTTP/1.1" 200 30
190.95.1.185 - - [29/Sep/2025:08:51:59 -0300] "POST /cormun/servlet/solicitudotadjuntos?3cf0ecc7679e6f4e02d64ba3520c2277,INS,2025,22970,,1, HTTP/1.1" 200 116
190.95.1.185 - - [29/Sep/2025:08:51:59 -0300] "GET /cormun/servlet/hpexe_return? HTTP/1.1" 200 1027
190.95.1.185 - - [29/Sep/2025:08:51:59 -0300] "GET /cormun/servlet/trsolicitudadjuntos?2025,22970, HTTP/1.1" 200 10552
190.95.1.185 - - [29/Sep/2025:08:52:01 -0300] "GET /cormun/servlet/solicitudotadjuntos?INS,2025,22970,,1, HTTP/1.1" 200 6526
190.95.1.185 - - [29/Sep/2025:08:52:01 -0300] "GET /cormun/static/about:blank HTTP/1.1" 404 1011
190.95.1.185 - - [29/Sep/2025:08:52:02 -0300] "GET /cormun/servlet/solicitudotadjuntos?5ace2590cd377b006707f943cc264a55a847f140059598ee7fa8f94bdf34101f3ee5f7b0d106e9f13de17fde0b8d7b09,gx-no-cache=1759150402225 HTTP/1.1" 200 30
190.95.1.185 - - [29/Sep/2025:08:52:02 -0300] "POST /cormun/servlet/solicitudotadjuntos?3cf0ecc7679e6f4e02d64ba3520c2277,INS,2025,22970,,1,,gx-no-cache=1759150402240 HTTP/1.1" 200 4191
129.222.173.48 - - [29/Sep/2025:08:52:03 -0300] "POST /cormun/servlet/solicitudotadjuntos?gx-no-cache=1759146857864 HTTP/1.1" 200 26
190.95.1.185 - - [29/Sep/2025:08:52:04 -0300] "POST /cormun/servlet/solicitudotadjuntos?gx-no-cache=1759150404307 HTTP/1.1" 200 26
190.95.1.185 - - [29/Sep/2025:08:52:11 -0300] "GET /cormun/servlet/solicitudotadjuntos?5ace2590cd377b006707f943cc264a55d233fc85d2ed509d98ffd578a5d70ff9,gx-no-cache=1759150411050 HTTP/1.1" 200 30
190.95.1.185 - - [29/Sep/2025:08:52:11 -0300] "GET /cormun/servlet/solicitudotadjuntos?5ace2590cd377b006707f943cc264a55d233fc85d2ed509d98ffd578a5d70ff9,gx-no-cache=1759150411061 HTTP/1.1" 200 30
190.95.1.185 - - [29/Sep/2025:08:52:11 -0300] "POST /cormun/servlet/solicitudotadjuntos?3cf0ecc7679e6f4e02d64ba3520c2277,INS,2025,22970,,1, HTTP/1.1" 200 116
190.95.1.185 - - [29/Sep/2025:08:52:11 -0300] "GET /cormun/servlet/hpexe_return? HTTP/1.1" 200 1027
190.95.1.185 - - [29/Sep/2025:08:52:11 -0300] "GET /cormun/servlet/trsolicitudadjuntos?2025,22970, HTTP/1.1" 200 10890
190.95.1.185 - - [29/Sep/2025:08:52:13 -0300] "GET /cormun/servlet/solicitudotadjuntos?INS,2025,22970,,1, HTTP/1.1" 200 6526
190.95.1.185 - - [29/Sep/2025:08:52:14 -0300] "GET /cormun/static/about:blank HTTP/1.1" 404 1011
190.95.1.185 - - [29/Sep/2025:08:52:14 -0300] "GET /cormun/servlet/solicitudotadjuntos?5ace2590cd377b006707f943cc264a55a847f140059598ee7fa8f94bdf34101f3ee5f7b0d106e9f13de17fde0b8d7b09,gx-no-cache=1759150414440 HTTP/1.1" 200 30
190.95.1.185 - - [29/Sep/2025:08:52:14 -0300] "POST /cormun/servlet/solicitudotadjuntos?3cf0ecc7679e6f4e02d64ba3520c2277,INS,2025,22970,,1,,gx-no-cache=1759150414454 HTTP/1.1" 200 4191
190.95.1.185 - - [29/Sep/2025:08:52:17 -0300] "POST /cormun/servlet/solicitudotadjuntos?gx-no-cache=1759150417099 HTTP/1.1" 200 26
190.95.1.185 - - [29/Sep/2025:08:52:28 -0300] "GET /cormun/servlet/solicitudotadjuntos?5ace2590cd377b006707f943cc264a55d233fc85d2ed509d98ffd578a5d70ff9,gx-no-cache=1759150428186 HTTP/1.1" 200 30
190.95.1.185 - - [29/Sep/2025:08:52:28 -0300] "GET /cormun/servlet/solicitudotadjuntos?5ace2590cd377b006707f943cc264a55d233fc85d2ed509d98ffd578a5d70ff9,gx-no-cache=1759150428201 HTTP/1.1" 200 30
190.95.1.185 - - [29/Sep/2025:08:52:28 -0300] "POST /cormun/servlet/solicitudotadjuntos?3cf0ecc7679e6f4e02d64ba3520c2277,INS,2025,22970,,1, HTTP/1.1" 200 116
190.95.1.185 - - [29/Sep/2025:08:52:28 -0300] "GET /cormun/servlet/hpexe_return? HTTP/1.1" 200 1027
190.95.1.185 - - [29/Sep/2025:08:52:28 -0300] "GET /cormun/servlet/trsolicitudadjuntos?2025,22970, HTTP/1.1" 200 11066
190.95.1.185 - - [29/Sep/2025:08:52:31 -0300] "GET /cormun/servlet/solicitudotadjuntos?INS,2025,22970,,2, HTTP/1.1" 200 6523
190.95.1.185 - - [29/Sep/2025:08:52:31 -0300] "GET /cormun/static/about:blank HTTP/1.1" 404 1011
190.95.1.185 - - [29/Sep/2025:08:52:31 -0300] "GET /cormun/servlet/solicitudotadjuntos?5ace2590cd377b006707f943cc264a55a847f140059598ee7fa8f94bdf34101f3ee5f7b0d106e9f13de17fde0b8d7b09,gx-no-cache=1759150431681 HTTP/1.1" 200 30
190.95.1.185 - - [29/Sep/2025:08:52:31 -0300] "POST /cormun/servlet/solicitudotadjuntos?3cf0ecc7679e6f4e02d64ba3520c2277,INS,2025,22970,,2,,gx-no-cache=1759150431696 HTTP/1.1" 200 4328
190.95.1.185 - - [29/Sep/2025:08:52:38 -0300] "POST /cormun/servlet/solicitudotadjuntos?gx-no-cache=1759150438238 HTTP/1.1" 200 26
129.222.173.48 - - [29/Sep/2025:08:52:38 -0300] "GET /cormun/servlet/solicitudotadjuntos?fc87025a4cf10cb716b31ded1c5353a75564b17b4ddc3ffbcbf3df99e50eb9de,gx-no-cache=1759146892871 HTTP/1.1" 200 30
129.222.173.48 - - [29/Sep/2025:08:52:38 -0300] "GET /cormun/servlet/solicitudotadjuntos?fc87025a4cf10cb716b31ded1c5353a75564b17b4ddc3ffbcbf3df99e50eb9de,gx-no-cache=1759146892963 HTTP/1.1" 200 30
129.222.173.48 - - [29/Sep/2025:08:52:40 -0300] "POST /cormun/servlet/solicitudotadjuntos?04c24935a3ae78cde202871a12e89c16,INS,2025,22975,,1, HTTP/1.1" 200 116
129.222.173.48 - - [29/Sep/2025:08:52:40 -0300] "GET /cormun/servlet/hpexe_return? HTTP/1.1" 200 1027
129.222.173.48 - - [29/Sep/2025:08:52:40 -0300] "GET /cormun/servlet/trsolicitudadjuntos?2025,22975, HTTP/1.1" 200 9197
190.95.1.185 - - [29/Sep/2025:08:52:42 -0300] "GET /cormun/servlet/solicitudotadjuntos?5ace2590cd377b006707f943cc264a55d233fc85d2ed509d98ffd578a5d70ff9,gx-no-cache=1759150442802 HTTP/1.1" 200 30
190.95.1.185 - - [29/Sep/2025:08:52:42 -0300] "GET /cormun/servlet/solicitudotadjuntos?5ace2590cd377b006707f943cc264a55d233fc85d2ed509d98ffd578a5d70ff9,gx-no-cache=1759150442812 HTTP/1.1" 200 30
190.95.1.185 - - [29/Sep/2025:08:52:43 -0300] "POST /cormun/servlet/solicitudotadjuntos?3cf0ecc7679e6f4e02d64ba3520c2277,INS,2025,22970,,2, HTTP/1.1" 200 116
190.95.1.185 - - [29/Sep/2025:08:52:43 -0300] "GET /cormun/servlet/hpexe_return? HTTP/1.1" 200 1027
190.95.1.185 - - [29/Sep/2025:08:52:43 -0300] "GET /cormun/servlet/trsolicitudadjuntos?2025,22970, HTTP/1.1" 200 11222
129.222.173.48 - - [29/Sep/2025:08:52:45 -0300] "GET /cormun/servlet/solicitudotadjuntos?INS,2025,22975,,1, HTTP/1.1" 200 6000
201.186.225.187 - - [29/Sep/2025:08:52:45 -0300] "GET /cormun/servlet/trlicencias? HTTP/1.1" 200 11171
129.222.173.48 - - [29/Sep/2025:08:52:45 -0300] "GET /cormun/static/about:blank HTTP/1.1" 404 1011
190.95.1.185 - - [29/Sep/2025:08:52:46 -0300] "GET /cormun/servlet/solicitudotadjuntos?INS,2025,22970,,2, HTTP/1.1" 200 6523
190.95.1.185 - - [29/Sep/2025:08:52:46 -0300] "GET /cormun/static/about:blank HTTP/1.1" 404 1011
129.222.173.48 - - [29/Sep/2025:08:52:46 -0300] "GET /cormun/servlet/solicitudotadjuntos?fc87025a4cf10cb716b31ded1c5353a7eeea86033102763afa00bd8208e0ce73f84bc85bfff8f27de31876ba5c1a026b,gx-no-cache=1759146900545 HTTP/1.1" 200 30
129.222.173.48 - - [29/Sep/2025:08:52:46 -0300] "POST /cormun/servlet/solicitudotadjuntos?04c24935a3ae78cde202871a12e89c16,INS,2025,22975,,1,,gx-no-cache=1759146900604 HTTP/1.1" 200 3868
190.95.1.185 - - [29/Sep/2025:08:52:46 -0300] "GET /cormun/servlet/solicitudotadjuntos?5ace2590cd377b006707f943cc264a55a847f140059598ee7fa8f94bdf34101f3ee5f7b0d106e9f13de17fde0b8d7b09,gx-no-cache=1759150446550 HTTP/1.1" 200 30
190.95.1.185 - - [29/Sep/2025:08:52:46 -0300] "POST /cormun/servlet/solicitudotadjuntos?3cf0ecc7679e6f4e02d64ba3520c2277,INS,2025,22970,,2,,gx-no-cache=1759150446564 HTTP/1.1" 200 4328
201.186.225.187 - - [29/Sep/2025:08:52:48 -0300] "POST /cormun/servlet/trlicencias?dea1afa7e26007a6e60afeaf9fa75240,,gx-no-cache=1759150505793 HTTP/1.1" 200 8551
190.95.1.185 - - [29/Sep/2025:08:52:52 -0300] "POST /cormun/servlet/solicitudotadjuntos?gx-no-cache=1759150452490 HTTP/1.1" 200 26
190.95.1.185 - - [29/Sep/2025:08:52:52 -0300] "GET /cormun/servlet/solicitudotadjuntos?5ace2590cd377b006707f943cc264a55d233fc85d2ed509d98ffd578a5d70ff9,gx-no-cache=1759150452513 HTTP/1.1" 200 30
190.95.1.185 - - [29/Sep/2025:08:52:52 -0300] "GET /cormun/servlet/solicitudotadjuntos?5ace2590cd377b006707f943cc264a55d233fc85d2ed509d98ffd578a5d70ff9,gx-no-cache=1759150452527 HTTP/1.1" 200 30
190.95.1.185 - - [29/Sep/2025:08:52:52 -0300] "POST /cormun/servlet/solicitudotadjuntos?3cf0ecc7679e6f4e02d64ba3520c2277,INS,2025,22970,,2,,gx-no-cache=1759150452540 HTTP/1.1" 200 4003
190.95.1.185 - - [29/Sep/2025:08:52:52 -0300] "GET /cormun/static/Shared/jqueryui/images/ui-bg_flat_55_994d53_40x100.png HTTP/1.1" 404 1097
190.95.1.185 - - [29/Sep/2025:08:52:52 -0300] "GET /cormun/static/Shared/jqueryui/images/ui-bg_highlight-soft_100_c6c2c8_1x100.png HTTP/1.1" 404 1117
190.95.1.185 - - [29/Sep/2025:08:52:52 -0300] "GET /cormun/static/Shared/jqueryui/images/ui-icons_ebccce_256x240.png HTTP/1.1" 404 1089
190.95.1.185 - - [29/Sep/2025:08:52:52 -0300] "GET /cormun/static/Shared/jqueryui/images/ui-icons_82798d_256x240.png HTTP/1.1" 404 1089
190.95.1.185 - - [29/Sep/2025:08:53:00 -0300] "GET /cormun/servlet/trsolicitudot? HTTP/1.1" 200 9137
190.95.1.185 - - [29/Sep/2025:08:53:07 -0300] "POST /cormun/servlet/trsolicitudot?3cf0ecc7679e6f4e02d64ba3520c2277,,gx-no-cache=1759150467709 HTTP/1.1" 200 112
190.95.1.185 - - [29/Sep/2025:08:53:07 -0300] "GET /cormun/servlet/solicitudot?UPD,2025,22970,false, HTTP/1.1" 200 17160
190.95.1.185 - - [29/Sep/2025:08:53:08 -0300] "POST /cormun/servlet/solicitudot?gx-no-cache=1759150468489 HTTP/1.1" 200 4139
190.95.1.185 - - [29/Sep/2025:08:53:08 -0300] "POST /cormun/servlet/solicitudot?3cf0ecc7679e6f4e02d64ba3520c2277,UPD,2025,22970,false,,gx-no-cache=1759150468598 HTTP/1.1" 200 13111
190.95.1.185 - - [29/Sep/2025:08:53:08 -0300] "GET /cormun/servlet/solicitudot?5ace2590cd377b006707f943cc264a55bc1752f7a2cda01157a8a57d7b98c8d3872d75b932d0f36ab7010029d5a8b5f5,gx-no-cache=1759150468700 HTTP/1.1" 200 30
190.95.1.185 - - [29/Sep/2025:08:53:08 -0300] "GET /cormun/servlet/solicitudot?5ace2590cd377b006707f943cc264a554750bafd832053753513e498f3afba729d19f510d88aa2ddba101095f416782ed75fe4dfb8487d25df11b16000371a20e255dbdae80da965335db9bb51625c6f,gx-no-cache=1759150468719 HTTP/1.1" 200 30
190.95.1.185 - - [29/Sep/2025:08:53:08 -0300] "GET /cormun/servlet/solicitudot?5ace2590cd377b006707f943cc264a55f38a32b141f00959b1c2edb9e081aebd11eec7126164c9075ad4730d876e707e05bce2be58160b62aecdb0462fe1c6fd,gx-no-cache=1759150468734 HTTP/1.1" 200 53
190.95.1.185 - - [29/Sep/2025:08:53:08 -0300] "POST /cormun/servlet/solicitudot?gx-no-cache=1759150468760 HTTP/1.1" 200 254
190.95.1.185 - - [29/Sep/2025:08:53:08 -0300] "GET /cormun/servlet/solicitudot?5ace2590cd377b006707f943cc264a557e636c948bd72b2c4005e84f27f51637deba3665cc0a17ec18d1cc715c7be3c5a57d5560278f301a6d2dc471eeb18ca56de9363314c38a2e8e3352897a150d57fafd9734a3356d66db3f7c51e702884693ba736206e342b2099c6075ce98d70ab1d1edd6e40ce970e14ee7d39b2aaf18692ab6dae214a423b5077f0732e67ea78bd7cc349aafe29d23ad969023c5fafcbd4fa9da4692cdfe98216fc2dfca0acc5bf053422f6c3f379b9e487afffa3eed64c86edf0097bb2c8bbfc8c1aa9cdc5b8d88387548a4ffbbb0bdcfa8dc82c91991aa0e9b9bf1b9ac9abb730cadf3a1cdf743492d06b5a67937a126e9660c7d2c166deddaac7db782defcb52fecc2046fb4348d82b9983252527804386d8e492b3411a866312932f28bc1312e146d23678e36e74898f5474928db865cbee23f24188273fa506cf34afdd1e1339b7805f4cb606cf308c400606352b26a0c3fc83b786c32c51a217eaba0ab8970037ae53f1868da5b4db118307155e5e0671eaeff,gx-no-cache=1759150468782 HTTP/1.1" 200 30
190.95.1.185 - - [29/Sep/2025:08:53:08 -0300] "POST /cormun/servlet/solicitudot?gx-no-cache=1759150468801 HTTP/1.1" 200 30
190.95.1.185 - - [29/Sep/2025:08:53:08 -0300] "POST /cormun/servlet/solicitudot?gx-no-cache=1759150468823 HTTP/1.1" 200 1482
190.95.1.185 - - [29/Sep/2025:08:53:08 -0300] "POST /cormun/servlet/solicitudot?gx-no-cache=1759150468858 HTTP/1.1" 200 41
190.95.1.185 - - [29/Sep/2025:08:53:10 -0300] "GET /cormun/servlet/solicitudot?5ace2590cd377b006707f943cc264a55b26441bd1ba753fdd0bfeec96135e5eeed184e6dc3fdb33323d34bdd381230c991466ddaa172ab21d4fa1b0fdf3291ac864b4118c230c1ec66e5a4cc237d5cadfcb40ce277578756eb6ab240a3ea64b95ac158e33f8c8e451a714738deafb87e,gx-no-cache=1759150470514 HTTP/1.1" 200 110
190.95.1.185 - - [29/Sep/2025:08:53:10 -0300] "POST /cormun/servlet/solicitudot?gx-no-cache=1759150470533 HTTP/1.1" 200 109
190.95.1.185 - - [29/Sep/2025:08:53:11 -0300] "GET /cormun/servlet/solicitudot?5ace2590cd377b006707f943cc264a553e2c541cc311264f9fd48065ce509295c615263a9e7fee80c08eab46593da7e9dda736a6f40981c4813f132578beba9623791031cb9d01fe6d69242772779da2480a8573499d4c33418184d11b31cb0905b65d160ec16e6a7f021aa3e02887d9e28643aaf1d4ac14f52f1d6c08bd54bbc1bcdbedf5dbe29a56bb6f58e3ab856d7dae785a740564f44b071b5a2b118504,gx-no-cache=1759150471499 HTTP/1.1" 200 30
10.40.40.2 - - [29/Sep/2025:08:53:16 -0300] "POST /cormun/servlet/trlicencias?a16d067653c37af273387f3a8a02ace1,,gx-no-cache=1759146892345 HTTP/1.1" 200 6853
129.222.173.48 - - [29/Sep/2025:08:53:17 -0300] "POST /cormun/servlet/solicitudotadjuntos?gx-no-cache=1759146931872 HTTP/1.1" 200 26
190.95.1.185 - - [29/Sep/2025:08:53:19 -0300] "GET /cormun/servlet/solicitudot?5ace2590cd377b006707f943cc264a55844fe1053a83499caa05b9f684dc18ec073dd5a17eba4a03b00094ae6cef8263,gx-no-cache=1759150479771 HTTP/1.1" 200 30
190.95.1.185 - - [29/Sep/2025:08:53:19 -0300] "POST /cormun/servlet/solicitudot?gx-no-cache=1759150479793 HTTP/1.1" 200 30
190.95.1.185 - - [29/Sep/2025:08:53:20 -0300] "POST /cormun/servlet/solicitudot?3cf0ecc7679e6f4e02d64ba3520c2277,UPD,2025,22970,false,,gx-no-cache=1759150479814 HTTP/1.1" 200 93
190.95.1.185 - - [29/Sep/2025:08:53:20 -0300] "GET /cormun/servlet/hpexe_return? HTTP/1.1" 200 1015
190.95.1.185 - - [29/Sep/2025:08:53:20 -0300] "GET /cormun/servlet/trsolicitudot HTTP/1.1" 200 9128
190.95.1.185 - - [29/Sep/2025:08:53:24 -0300] "POST /cormun/servlet/trsolicitudot?3cf0ecc7679e6f4e02d64ba3520c2277,gx-no-cache=1759150484125 HTTP/1.1" 200 4870
190.95.1.185 - - [29/Sep/2025:08:53:24 -0300] "GET /cormun/static/Shared/jqueryui/images/ui-bg_flat_55_fafafa_40x100.png HTTP/1.1" 404 1097
190.95.1.185 - - [29/Sep/2025:08:53:24 -0300] "GET /cormun/static/Shared/jqueryui/images/ui-icons_8d78a5_256x240.png HTTP/1.1" 404 1089
190.95.1.185 - - [29/Sep/2025:08:53:24 -0300] "POST /cormun/servlet/trsolicitudot?3cf0ecc7679e6f4e02d64ba3520c2277,gx-no-cache=1759150484265 HTTP/1.1" 200 4612
190.95.1.185 - - [29/Sep/2025:08:53:26 -0300] "GET /cormun/servlet/trautorizarsolicitud? HTTP/1.1" 200 9022
190.95.1.185 - - [29/Sep/2025:08:53:34 -0300] "POST /cormun/servlet/trautorizarsolicitud?3cf0ecc7679e6f4e02d64ba3520c2277,,gx-no-cache=1759150493972 HTTP/1.1" 200 4804
190.95.1.185 - - [29/Sep/2025:08:53:34 -0300] "POST /cormun/servlet/trautorizarsolicitud?3cf0ecc7679e6f4e02d64ba3520c2277,,gx-no-cache=1759150494083 HTTP/1.1" 200 4545
200.126.116.145 - - [29/Sep/2025:08:53:56 -0300] "GET /cormun/servlet/trpermisosgoce? HTTP/1.1" 200 12216
95.214.52.137 - - [29/Sep/2025:08:54:35 -0300] "GET /cgi-bin/luci/;stok=/locale HTTP/1.1" 404 1013
190.95.1.183 - - [29/Sep/2025:08:54:44 -0300] "GET /cormun/servlet/hhome HTTP/1.1" 200 3333
190.95.1.183 - - [29/Sep/2025:08:54:44 -0300] "GET /cormun/static/gxcfg.js?20201215495537 HTTP/1.1" 200 953
190.95.1.183 - - [29/Sep/2025:08:54:44 -0300] "GET /cormun/static/hhome.js?20201215495544 HTTP/1.1" 200 777
190.95.1.183 - - [29/Sep/2025:08:54:44 -0300] "GET /cormun/static/Resources/Spanish/PXTools.css?14345360 HTTP/1.1" 200 100853
190.95.1.183 - - [29/Sep/2025:08:54:44 -0300] "GET /cormun/servlet/hlogin HTTP/1.1" 200 1729
190.95.1.183 - - [29/Sep/2025:08:54:44 -0300] "GET /cormun/static/gxcfg.js?2022112219184450 HTTP/1.1" 200 953
190.95.1.183 - - [29/Sep/2025:08:54:44 -0300] "GET /cormun/static/Resources/Spanish/PXTools.css?1759030 HTTP/1.1" 200 100853
190.95.1.183 - - [29/Sep/2025:08:54:44 -0300] "GET /cormun/static/Resources/CormunLogin.png HTTP/1.1" 200 19132
190.95.1.183 - - [29/Sep/2025:08:54:44 -0300] "GET /cormun/static/hlogin.js?2022112219184458 HTTP/1.1" 200 2156
190.95.1.183 - - [29/Sep/2025:08:54:44 -0300] "GET /cormun/static/Resources/PXToolsButtonLeft.png HTTP/1.1" 200 1310
190.95.1.183 - - [29/Sep/2025:08:54:44 -0300] "GET /cormun/static/Resources/PXToolsLoginBackground.png HTTP/1.1" 200 1164
190.95.1.183 - - [29/Sep/2025:08:54:44 -0300] "GET /cormun/static/Resources/PXToolsLoginTop.png HTTP/1.1" 200 1337
190.95.1.183 - - [29/Sep/2025:08:54:44 -0300] "GET /cormun/static/Resources/PXToolsButtonRight.png HTTP/1.1" 200 1294
190.95.1.183 - - [29/Sep/2025:08:54:44 -0300] "GET /cormun/static/Resources/PXToolsButtonBackground.png HTTP/1.1" 200 1176
190.95.1.183 - - [29/Sep/2025:08:54:44 -0300] "GET /cormun/static/Resources/PXToolsLoginBottom.png HTTP/1.1" 200 1389
190.95.1.183 - - [29/Sep/2025:08:54:45 -0300] "GET /cormun/servlet/hlogin HTTP/1.1" 200 1727
190.95.67.99 - - [29/Sep/2025:08:54:47 -0300] "GET /cormun/servlet/trlicencias? HTTP/1.1" 200 6052
190.95.67.99 - - [29/Sep/2025:08:54:49 -0300] "GET /cormun/servlet/hlogin HTTP/1.1" 200 1731
190.95.67.99 - - [29/Sep/2025:08:54:52 -0300] "POST /cormun/servlet/hlogin?7166dec8720c1a470ae6ffc029b32933,gx-no-cache=1759147032936 HTTP/1.1" 200 90
190.95.67.99 - - [29/Sep/2025:08:54:52 -0300] "GET /cormun/servlet/hpexe_link HTTP/1.1" 200 948
190.95.67.99 - - [29/Sep/2025:08:54:52 -0300] "GET /cormun/servlet/trlicencias HTTP/1.1" 200 8879
190.95.67.99 - - [29/Sep/2025:08:54:58 -0300] "GET /cormun/servlet/trpermisosgoce? HTTP/1.1" 200 12708
190.95.2.157 - - [29/Sep/2025:08:57:45 -0300] "GET /cormun/servlet/trlicencias? HTTP/1.1" 200 12075
129.222.173.48 - - [29/Sep/2025:08:57:54 -0300] "GET /cormun/servlet/solicitudotadjuntos?fc87025a4cf10cb716b31ded1c5353a75564b17b4ddc3ffbcbf3df99e50eb9de,gx-no-cache=1759147209103 HTTP/1.1" 200 30
129.222.173.48 - - [29/Sep/2025:08:57:54 -0300] "GET /cormun/servlet/solicitudotadjuntos?fc87025a4cf10cb716b31ded1c5353a75564b17b4ddc3ffbcbf3df99e50eb9de,gx-no-cache=1759147209200 HTTP/1.1" 200 30
190.95.67.99 - - [29/Sep/2025:08:58:42 -0300] "GET /cormun/servlet/trlicencias? HTTP/1.1" 200 8878
129.222.173.48 - - [29/Sep/2025:08:59:03 -0300] "GET /cormun/servlet/solicitudotadjuntos?INS,2025,22975,,1, HTTP/1.1" 200 5998
129.222.173.48 - - [29/Sep/2025:08:59:03 -0300] "GET /cormun/static/about:blank HTTP/1.1" 404 1011
129.222.173.48 - - [29/Sep/2025:08:59:04 -0300] "GET /cormun/servlet/solicitudotadjuntos?fc87025a4cf10cb716b31ded1c5353a7eeea86033102763afa00bd8208e0ce73f84bc85bfff8f27de31876ba5c1a026b,gx-no-cache=1759147278635 HTTP/1.1" 200 30
129.222.173.48 - - [29/Sep/2025:08:59:04 -0300] "POST /cormun/servlet/solicitudotadjuntos?04c24935a3ae78cde202871a12e89c16,INS,2025,22975,,1,,gx-no-cache=1759147278718 HTTP/1.1" 200 3867
129.222.173.48 - - [29/Sep/2025:08:59:09 -0300] "POST /cormun/servlet/solicitudotadjuntos?gx-no-cache=1759147283936 HTTP/1.1" 200 26
129.222.173.48 - - [29/Sep/2025:08:59:26 -0300] "GET /cormun/servlet/solicitudotadjuntos?fc87025a4cf10cb716b31ded1c5353a75564b17b4ddc3ffbcbf3df99e50eb9de,gx-no-cache=1759147300990 HTTP/1.1" 200 30
129.222.173.48 - - [29/Sep/2025:08:59:26 -0300] "GET /cormun/servlet/solicitudotadjuntos?fc87025a4cf10cb716b31ded1c5353a75564b17b4ddc3ffbcbf3df99e50eb9de,gx-no-cache=1759147301025 HTTP/1.1" 200 30
129.222.173.48 - - [29/Sep/2025:08:59:27 -0300] "POST /cormun/servlet/solicitudotadjuntos?04c24935a3ae78cde202871a12e89c16,INS,2025,22975,,1, HTTP/1.1" 200 6063
190.95.15.27 - - [29/Sep/2025:08:59:28 -0300] "POST /cormun/servlet/trlicencias?52b1e7e50891ce70714f126c80852d86,,gx-no-cache=1759147302767 HTTP/1.1" 440 972
129.222.173.48 - - [29/Sep/2025:08:59:28 -0300] "GET /cormun/static/Shared/jqueryui/images/ui-bg_highlight-soft_100_c6c2c8_1x100.png HTTP/1.1" 404 1117
129.222.173.48 - - [29/Sep/2025:08:59:28 -0300] "GET /cormun/static/Shared/jqueryui/images/ui-icons_ebccce_256x240.png HTTP/1.1" 404 1089
129.222.173.48 - - [29/Sep/2025:08:59:28 -0300] "GET /cormun/static/Shared/jqueryui/images/ui-bg_flat_55_994d53_40x100.png HTTP/1.1" 404 1097
129.222.173.48 - - [29/Sep/2025:08:59:28 -0300] "GET /cormun/static/Shared/jqueryui/images/ui-icons_82798d_256x240.png HTTP/1.1" 404 1089
129.222.173.48 - - [29/Sep/2025:08:59:28 -0300] "GET /cormun/PrivateTempStorage/upload_00009899.pdf HTTP/1.1" 200 492376
190.95.15.27 - - [29/Sep/2025:08:59:32 -0300] "GET /cormun/servlet/trlicencias? HTTP/1.1" 200 6051
190.95.15.27 - - [29/Sep/2025:08:59:32 -0300] "GET /cormun/servlet/hlogin HTTP/1.1" 200 1737
129.222.173.48 - - [29/Sep/2025:08:59:35 -0300] "POST /cormun/servlet/solicitudotadjuntos?04c24935a3ae78cde202871a12e89c16,INS,2025,22975,,1, HTTP/1.1" 200 116
129.222.173.48 - - [29/Sep/2025:08:59:35 -0300] "GET /cormun/servlet/hpexe_return? HTTP/1.1" 200 1027
129.222.173.48 - - [29/Sep/2025:08:59:36 -0300] "GET /cormun/servlet/trsolicitudadjuntos?2025,22975, HTTP/1.1" 200 9197
129.222.173.48 - - [29/Sep/2025:08:59:39 -0300] "GET /cormun/servlet/solicitudotadjuntos?INS,2025,22975,,1, HTTP/1.1" 200 5998
129.222.173.48 - - [29/Sep/2025:08:59:40 -0300] "GET /cormun/static/about:blank HTTP/1.1" 404 1011
129.222.173.48 - - [29/Sep/2025:08:59:40 -0300] "GET /cormun/servlet/solicitudotadjuntos?fc87025a4cf10cb716b31ded1c5353a7eeea86033102763afa00bd8208e0ce73f84bc85bfff8f27de31876ba5c1a026b,gx-no-cache=1759147314886 HTTP/1.1" 200 30
129.222.173.48 - - [29/Sep/2025:08:59:40 -0300] "POST /cormun/servlet/solicitudotadjuntos?04c24935a3ae78cde202871a12e89c16,INS,2025,22975,,1,,gx-no-cache=1759147314960 HTTP/1.1" 200 3867
129.222.173.48 - - [29/Sep/2025:08:59:42 -0300] "POST /cormun/servlet/solicitudotadjuntos?gx-no-cache=1759147317064 HTTP/1.1" 200 26
129.222.173.48 - - [29/Sep/2025:08:59:54 -0300] "GET /cormun/servlet/solicitudotadjuntos?fc87025a4cf10cb716b31ded1c5353a75564b17b4ddc3ffbcbf3df99e50eb9de,gx-no-cache=1759147328950 HTTP/1.1" 200 30
129.222.173.48 - - [29/Sep/2025:08:59:54 -0300] "GET /cormun/servlet/solicitudotadjuntos?fc87025a4cf10cb716b31ded1c5353a75564b17b4ddc3ffbcbf3df99e50eb9de,gx-no-cache=1759147328994 HTTP/1.1" 200 30
129.222.173.48 - - [29/Sep/2025:08:59:55 -0300] "POST /cormun/servlet/solicitudotadjuntos?04c24935a3ae78cde202871a12e89c16,INS,2025,22975,,1, HTTP/1.1" 200 116
129.222.173.48 - - [29/Sep/2025:08:59:55 -0300] "GET /cormun/servlet/hpexe_return? HTTP/1.1" 200 1027
129.222.173.48 - - [29/Sep/2025:08:59:55 -0300] "GET /cormun/servlet/trsolicitudadjuntos?2025,22975, HTTP/1.1" 200 9479
129.222.173.48 - - [29/Sep/2025:09:00:00 -0300] "GET /cormun/servlet/solicitudotadjuntos?INS,2025,22975,,1, HTTP/1.1" 200 5998
129.222.173.48 - - [29/Sep/2025:09:00:00 -0300] "GET /cormun/static/about:blank HTTP/1.1" 404 1011
129.222.173.48 - - [29/Sep/2025:09:00:01 -0300] "GET /cormun/servlet/solicitudotadjuntos?fc87025a4cf10cb716b31ded1c5353a7eeea86033102763afa00bd8208e0ce73f84bc85bfff8f27de31876ba5c1a026b,gx-no-cache=1759147335700 HTTP/1.1" 200 30
129.222.173.48 - - [29/Sep/2025:09:00:01 -0300] "POST /cormun/servlet/solicitudotadjuntos?04c24935a3ae78cde202871a12e89c16,INS,2025,22975,,1,,gx-no-cache=1759147335746 HTTP/1.1" 200 3868
129.222.173.48 - - [29/Sep/2025:09:00:07 -0300] "POST /cormun/servlet/solicitudotadjuntos?gx-no-cache=1759147341720 HTTP/1.1" 200 26
129.222.173.48 - - [29/Sep/2025:09:00:17 -0300] "GET /cormun/servlet/solicitudotadjuntos?fc87025a4cf10cb716b31ded1c5353a75564b17b4ddc3ffbcbf3df99e50eb9de,gx-no-cache=1759147351318 HTTP/1.1" 200 30
129.222.173.48 - - [29/Sep/2025:09:00:17 -0300] "GET /cormun/servlet/solicitudotadjuntos?fc87025a4cf10cb716b31ded1c5353a75564b17b4ddc3ffbcbf3df99e50eb9de,gx-no-cache=1759147351362 HTTP/1.1" 200 30
129.222.173.48 - - [29/Sep/2025:09:00:17 -0300] "POST /cormun/servlet/solicitudotadjuntos?04c24935a3ae78cde202871a12e89c16,INS,2025,22975,,1, HTTP/1.1" 200 116
129.222.173.48 - - [29/Sep/2025:09:00:17 -0300] "GET /cormun/servlet/hpexe_return? HTTP/1.1" 200 1027
129.222.173.48 - - [29/Sep/2025:09:00:17 -0300] "GET /cormun/servlet/trsolicitudadjuntos?2025,22975, HTTP/1.1" 200 9696
129.222.173.48 - - [29/Sep/2025:09:00:20 -0300] "GET /cormun/servlet/solicitudotadjuntos?INS,2025,22975,,1, HTTP/1.1" 200 5998
129.222.173.48 - - [29/Sep/2025:09:00:20 -0300] "GET /cormun/static/about:blank HTTP/1.1" 404 1011
129.222.173.48 - - [29/Sep/2025:09:00:20 -0300] "GET /cormun/servlet/solicitudotadjuntos?fc87025a4cf10cb716b31ded1c5353a7eeea86033102763afa00bd8208e0ce73f84bc85bfff8f27de31876ba5c1a026b,gx-no-cache=1759147355117 HTTP/1.1" 200 30
129.222.173.48 - - [29/Sep/2025:09:00:21 -0300] "POST /cormun/servlet/solicitudotadjuntos?04c24935a3ae78cde202871a12e89c16,INS,2025,22975,,1,,gx-no-cache=1759147355176 HTTP/1.1" 200 3868
129.222.173.48 - - [29/Sep/2025:09:00:24 -0300] "POST /cormun/servlet/solicitudotadjuntos?gx-no-cache=1759147358312 HTTP/1.1" 200 26
129.222.173.48 - - [29/Sep/2025:09:00:34 -0300] "GET /cormun/servlet/solicitudotadjuntos?fc87025a4cf10cb716b31ded1c5353a75564b17b4ddc3ffbcbf3df99e50eb9de,gx-no-cache=1759147368423 HTTP/1.1" 200 30
129.222.173.48 - - [29/Sep/2025:09:00:34 -0300] "GET /cormun/servlet/solicitudotadjuntos?fc87025a4cf10cb716b31ded1c5353a75564b17b4ddc3ffbcbf3df99e50eb9de,gx-no-cache=1759147368466 HTTP/1.1" 200 30
129.222.173.48 - - [29/Sep/2025:09:00:34 -0300] "POST /cormun/servlet/solicitudotadjuntos?04c24935a3ae78cde202871a12e89c16,INS,2025,22975,,1, HTTP/1.1" 200 116
129.222.173.48 - - [29/Sep/2025:09:00:34 -0300] "GET /cormun/servlet/hpexe_return? HTTP/1.1" 200 1027
129.222.173.48 - - [29/Sep/2025:09:00:35 -0300] "GET /cormun/servlet/trsolicitudadjuntos?2025,22975, HTTP/1.1" 200 9997
129.222.173.48 - - [29/Sep/2025:09:00:37 -0300] "GET /cormun/servlet/solicitudotadjuntos?INS,2025,22975,,1, HTTP/1.1" 200 5998
129.222.173.48 - - [29/Sep/2025:09:00:37 -0300] "GET /cormun/static/about:blank HTTP/1.1" 404 1011
129.222.173.48 - - [29/Sep/2025:09:00:38 -0300] "GET /cormun/servlet/solicitudotadjuntos?fc87025a4cf10cb716b31ded1c5353a7eeea86033102763afa00bd8208e0ce73f84bc85bfff8f27de31876ba5c1a026b,gx-no-cache=1759147372648 HTTP/1.1" 200 30
129.222.173.48 - - [29/Sep/2025:09:00:38 -0300] "POST /cormun/servlet/solicitudotadjuntos?04c24935a3ae78cde202871a12e89c16,INS,2025,22975,,1,,gx-no-cache=1759147372691 HTTP/1.1" 200 3868
129.222.173.48 - - [29/Sep/2025:09:00:42 -0300] "POST /cormun/servlet/solicitudotadjuntos?gx-no-cache=1759147376303 HTTP/1.1" 200 26
129.222.173.48 - - [29/Sep/2025:09:00:55 -0300] "GET /cormun/servlet/solicitudotadjuntos?fc87025a4cf10cb716b31ded1c5353a75564b17b4ddc3ffbcbf3df99e50eb9de,gx-no-cache=1759147389727 HTTP/1.1" 200 30
129.222.173.48 - - [29/Sep/2025:09:00:55 -0300] "GET /cormun/servlet/solicitudotadjuntos?fc87025a4cf10cb716b31ded1c5353a75564b17b4ddc3ffbcbf3df99e50eb9de,gx-no-cache=1759147389784 HTTP/1.1" 200 30
129.222.173.48 - - [29/Sep/2025:09:00:55 -0300] "POST /cormun/servlet/solicitudotadjuntos?04c24935a3ae78cde202871a12e89c16,INS,2025,22975,,1, HTTP/1.1" 200 116
129.222.173.48 - - [29/Sep/2025:09:00:55 -0300] "GET /cormun/servlet/hpexe_return? HTTP/1.1" 200 1027
129.222.173.48 - - [29/Sep/2025:09:00:56 -0300] "GET /cormun/servlet/trsolicitudadjuntos?2025,22975, HTTP/1.1" 200 10217
129.222.173.48 - - [29/Sep/2025:09:01:06 -0300] "GET /cormun/servlet/solicitudotadjuntos?INS,2025,22975,,1, HTTP/1.1" 200 5998
129.222.173.48 - - [29/Sep/2025:09:01:06 -0300] "GET /cormun/static/about:blank HTTP/1.1" 404 1011
129.222.173.48 - - [29/Sep/2025:09:01:07 -0300] "GET /cormun/servlet/solicitudotadjuntos?fc87025a4cf10cb716b31ded1c5353a7eeea86033102763afa00bd8208e0ce73f84bc85bfff8f27de31876ba5c1a026b,gx-no-cache=1759147401300 HTTP/1.1" 200 30
129.222.173.48 - - [29/Sep/2025:09:01:07 -0300] "POST /cormun/servlet/solicitudotadjuntos?04c24935a3ae78cde202871a12e89c16,INS,2025,22975,,1,,gx-no-cache=1759147401359 HTTP/1.1" 200 3868
129.222.173.48 - - [29/Sep/2025:09:01:14 -0300] "POST /cormun/servlet/solicitudotadjuntos?gx-no-cache=1759147408223 HTTP/1.1" 200 26
10.40.40.2 - - [29/Sep/2025:09:01:40 -0300] "POST /cormun/servlet/trlicencias?a16d067653c37af273387f3a8a02ace1,,gx-no-cache=1759147396799 HTTP/1.1" 200 5346
129.222.173.48 - - [29/Sep/2025:09:02:28 -0300] "GET /cormun/servlet/solicitudotadjuntos?fc87025a4cf10cb716b31ded1c5353a75564b17b4ddc3ffbcbf3df99e50eb9de,gx-no-cache=1759147483079 HTTP/1.1" 200 30
129.222.173.48 - - [29/Sep/2025:09:02:28 -0300] "GET /cormun/servlet/solicitudotadjuntos?fc87025a4cf10cb716b31ded1c5353a75564b17b4ddc3ffbcbf3df99e50eb9de,gx-no-cache=1759147483167 HTTP/1.1" 200 30
129.222.173.48 - - [29/Sep/2025:09:02:29 -0300] "POST /cormun/servlet/solicitudotadjuntos?04c24935a3ae78cde202871a12e89c16,INS,2025,22975,,1, HTTP/1.1" 200 116
129.222.173.48 - - [29/Sep/2025:09:02:29 -0300] "GET /cormun/servlet/hpexe_return? HTTP/1.1" 200 1027
129.222.173.48 - - [29/Sep/2025:09:02:29 -0300] "GET /cormun/servlet/trsolicitudadjuntos?2025,22975, HTTP/1.1" 200 10433
129.222.173.48 - - [29/Sep/2025:09:02:37 -0300] "POST /cormun/servlet/trsolicitudadjuntos?04c24935a3ae78cde202871a12e89c16,2025,22975,,gx-no-cache=1759147491265 HTTP/1.1" 200 90
129.222.173.48 - - [29/Sep/2025:09:02:37 -0300] "GET /cormun/servlet/hpexe_link HTTP/1.1" 200 970
129.222.173.48 - - [29/Sep/2025:09:02:37 -0300] "GET /cormun/servlet/trsolicitudot HTTP/1.1" 200 8585
129.222.173.48 - - [29/Sep/2025:09:02:50 -0300] "POST /cormun/servlet/trsolicitudot?04c24935a3ae78cde202871a12e89c16,gx-no-cache=1759147504538 HTTP/1.1" 200 4583
129.222.173.48 - - [29/Sep/2025:09:02:50 -0300] "GET /cormun/static/Shared/jqueryui/images/ui-bg_flat_55_fafafa_40x100.png HTTP/1.1" 404 1097
129.222.173.48 - - [29/Sep/2025:09:02:50 -0300] "GET /cormun/static/Shared/jqueryui/images/ui-icons_8d78a5_256x240.png HTTP/1.1" 404 1089
129.222.173.48 - - [29/Sep/2025:09:02:50 -0300] "POST /cormun/servlet/trsolicitudot?04c24935a3ae78cde202871a12e89c16,gx-no-cache=1759147504751 HTTP/1.1" 200 4326
190.95.15.17 - - [29/Sep/2025:09:03:01 -0300] "POST /cormun/servlet/trlicencias?add7f2a26ddffecbcd0307a45a16c7f7,,gx-no-cache=1759147516554 HTTP/1.1" 440 972
190.95.15.17 - - [29/Sep/2025:09:03:03 -0300] "GET /cormun/servlet/trlicencias? HTTP/1.1" 200 6052
190.95.15.17 - - [29/Sep/2025:09:03:03 -0300] "GET /cormun/servlet/hlogin HTTP/1.1" 200 1739
129.222.173.48 - - [29/Sep/2025:09:03:05 -0300] "GET /cormun/servlet/hlogin HTTP/1.1" 200 1738
190.95.15.17 - - [29/Sep/2025:09:03:07 -0300] "POST /cormun/servlet/hlogin?bf631ecca92b9d2487a65bf046d152d8,gx-no-cache=1759147522013 HTTP/1.1" 200 90
190.95.15.17 - - [29/Sep/2025:09:03:07 -0300] "GET /cormun/servlet/hpexe_link HTTP/1.1" 200 957
190.95.15.17 - - [29/Sep/2025:09:03:07 -0300] "GET /cormun/servlet/trlicencias HTTP/1.1" 200 12788
129.222.173.48 - - [29/Sep/2025:09:03:08 -0300] "POST /cormun/servlet/hlogin?04c24935a3ae78cde202871a12e89c16,gx-no-cache=1759147522750 HTTP/1.1" 200 90
129.222.173.48 - - [29/Sep/2025:09:03:08 -0300] "GET /cormun/servlet/hpexe_link HTTP/1.1" 200 952
129.222.173.48 - - [29/Sep/2025:09:03:08 -0300] "GET /cormun/servlet/hhome HTTP/1.1" 200 4306
10.40.40.2 - - [29/Sep/2025:09:03:21 -0300] "POST /cormun/servlet/trlicencias?bb16aa3b200d4c6e7ff978c3a9f17932,gx-no-cache=1759147497871 HTTP/1.1" 440 972
129.222.173.48 - - [29/Sep/2025:09:03:29 -0300] "GET /cormun/servlet/trsolicitudot? HTTP/1.1" 200 7525
129.222.173.48 - - [29/Sep/2025:09:03:35 -0300] "GET /cormun/servlet/trautorizarsolicitud? HTTP/1.1" 200 8840
129.222.173.48 - - [29/Sep/2025:09:03:36 -0300] "GET /cormun/static/gxcfg.js?202211298474254 HTTP/1.1" 200 953
129.222.173.48 - - [29/Sep/2025:09:03:36 -0300] "GET /cormun/static/trautorizarsolicitud.js?202211298474588 HTTP/1.1" 200 53909
129.222.173.48 - - [29/Sep/2025:09:03:44 -0300] "POST /cormun/servlet/trautorizarsolicitud?04c24935a3ae78cde202871a12e89c16,,gx-no-cache=1759147558795 HTTP/1.1" 200 4795
129.222.173.48 - - [29/Sep/2025:09:03:44 -0300] "POST /cormun/servlet/trautorizarsolicitud?04c24935a3ae78cde202871a12e89c16,,gx-no-cache=1759147559005 HTTP/1.1" 200 4536
190.95.67.93 - - [29/Sep/2025:09:03:55 -0300] "GET /cormun/servlet/hlogin HTTP/1.1" 200 1713
190.95.67.93 - - [29/Sep/2025:09:03:58 -0300] "POST /cormun/servlet/hlogin?f4cb0ec7a391643e853ba92d87fd76ca,gx-no-cache=1759147573182 HTTP/1.1" 200 90
190.95.67.93 - - [29/Sep/2025:09:03:58 -0300] "GET /cormun/servlet/hpexe_link HTTP/1.1" 200 944
190.95.67.93 - - [29/Sep/2025:09:03:58 -0300] "GET /cormun/servlet/hhome HTTP/1.1" 200 4331
129.222.173.48 - - [29/Sep/2025:09:03:59 -0300] "GET /cormun/servlet/hlogin HTTP/1.1" 200 1743
190.95.67.93 - - [29/Sep/2025:09:04:02 -0300] "GET /cormun/servlet/trsolicitudot? HTTP/1.1" 200 7553
190.95.67.93 - - [29/Sep/2025:09:04:02 -0300] "GET /cormun/static/gxcfg.js?20221129846531 HTTP/1.1" 200 953
190.95.67.93 - - [29/Sep/2025:09:04:02 -0300] "GET /cormun/static/trsolicitudot.js?202211298465651 HTTP/1.1" 200 54040
190.95.67.93 - - [29/Sep/2025:09:04:07 -0300] "GET /cormun/servlet/solicitudot?INS,0,0,false, HTTP/1.1" 200 16325
190.95.67.93 - - [29/Sep/2025:09:04:07 -0300] "GET /cormun/static/gxcfg.js?20221129840861 HTTP/1.1" 200 953
190.95.67.93 - - [29/Sep/2025:09:04:07 -0300] "GET /cormun/static/solicitudot.js?20221129840983 HTTP/1.1" 200 74072
190.95.15.13 - - [29/Sep/2025:09:04:49 -0300] "GET /cormun/servlet/hlogin HTTP/1.1" 200 1722
190.95.15.13 - - [29/Sep/2025:09:04:49 -0300] "GET /cormun/servlet/hlogin HTTP/1.1" 200 1732
190.95.15.13 - - [29/Sep/2025:09:04:49 -0300] "GET /favicon.ico HTTP/1.1" 200 21630
201.186.226.3 - - [29/Sep/2025:09:04:55 -0300] "GET /cormun/servlet/trpermisosadjuntos?10846902,20250929081713,P, HTTP/1.1" 200 5456
201.186.226.3 - - [29/Sep/2025:09:04:57 -0300] "GET /cormun/servlet/hlogin HTTP/1.1" 200 1759
201.186.226.3 - - [29/Sep/2025:09:04:57 -0300] "GET /favicon.ico HTTP/1.1" 200 21630
190.95.15.13 - - [29/Sep/2025:09:04:58 -0300] "POST /cormun/servlet/hlogin?4dd322d83604579df63cb0cb818f174c,gx-no-cache=1759147631352 HTTP/1.1" 200 90
190.95.15.13 - - [29/Sep/2025:09:04:58 -0300] "GET /cormun/servlet/hpexe_link HTTP/1.1" 200 953
190.95.15.13 - - [29/Sep/2025:09:04:58 -0300] "GET /cormun/servlet/hhome HTTP/1.1" 200 3949
190.95.15.13 - - [29/Sep/2025:09:05:00 -0300] "GET /cormun/servlet/trlicencias? HTTP/1.1" 200 11577
201.186.226.3 - - [29/Sep/2025:09:05:09 -0300] "POST /cormun/servlet/hlogin?8bcd7cbfac7ac3268ee8a236dd9aa12b,gx-no-cache=1759147644627 HTTP/1.1" 200 90
201.186.226.3 - - [29/Sep/2025:09:05:10 -0300] "GET /cormun/servlet/hpexe_link HTTP/1.1" 200 976
201.186.226.3 - - [29/Sep/2025:09:05:10 -0300] "GET /cormun/servlet/trpermisosadjuntos?10846902,20250929081713,P, HTTP/1.1" 200 6070
201.186.226.3 - - [29/Sep/2025:09:05:26 -0300] "GET /cormun/servlet/permisosadjuntos?INS,10846902,P,20250929081713,, HTTP/1.1" 200 5565
201.186.226.3 - - [29/Sep/2025:09:05:27 -0300] "GET /cormun/static/about:blank HTTP/1.1" 404 1011
190.95.67.93 - - [29/Sep/2025:09:05:36 -0300] "POST /cormun/servlet/solicitudot?gx-no-cache=1759147671276 HTTP/1.1" 200 4170
190.95.67.93 - - [29/Sep/2025:09:05:36 -0300] "POST /cormun/servlet/solicitudot?f4cb0ec7a391643e853ba92d87fd76ca,INS,0,0,false,,gx-no-cache=1759147671401 HTTP/1.1" 200 12989
201.186.226.3 - - [29/Sep/2025:09:05:44 -0300] "POST /cormun/servlet/permisosadjuntos?8bcd7cbfac7ac3268ee8a236dd9aa12b,INS,10846902,P,20250929081713,, HTTP/1.1" 200 116
201.186.226.3 - - [29/Sep/2025:09:05:44 -0300] "GET /cormun/servlet/hpexe_return? HTTP/1.1" 200 1030
201.186.226.3 - - [29/Sep/2025:09:05:44 -0300] "GET /cormun/servlet/trpermisosadjuntos?10846902,20250929081713,P, HTTP/1.1" 200 6607
190.95.67.93 - - [29/Sep/2025:09:05:58 -0300] "GET /cormun/servlet/solicitudot?8f2214001a86c30bdb947372680fac69f84df2f787196bb50f5a88780e6ff6545e456b5f5c4b266eb4c42b6d5b4f1acf,gx-no-cache=1759147693364 HTTP/1.1" 200 30
190.95.67.93 - - [29/Sep/2025:09:05:58 -0300] "GET /cormun/servlet/solicitudot?8f2214001a86c30bdb947372680fac696b723a28d5b00c409a8af923f9ef038f1d48ba3176334479934fa05058655ff42b84f31e8e542056425269fe9bdda401,gx-no-cache=1759147693426 HTTP/1.1" 200 30
190.95.67.93 - - [29/Sep/2025:09:05:58 -0300] "GET /cormun/servlet/solicitudot?8f2214001a86c30bdb947372680fac69893745c164f9dd43fe7c080f8b04a1e3,gx-no-cache=1759147693443 HTTP/1.1" 200 53
190.95.67.93 - - [29/Sep/2025:09:05:58 -0300] "POST /cormun/servlet/solicitudot?gx-no-cache=1759147693467 HTTP/1.1" 200 240
190.95.67.93 - - [29/Sep/2025:09:05:58 -0300] "GET /cormun/servlet/solicitudot?8f2214001a86c30bdb947372680fac69a7319cd603810f18ae662278a46858bfa9569aaaaab7a73750afce66a74f7ab0621fae87747ddcdda434a23dd618e02c63c97eeea43f4403ee2d0ebb4cf220b6eefa524436912cfc5f6960b4556b390a157b7501306f8ae95d73c76ec2004fbf2321374eaa1f0ab8c459c12d8d3fff0caa0d7418c33b4fe88e3686e33e7d2f6c714eed21a0d22a25cc0586f8e84371e79b0894f165a160953fd6a6074a9163d13859763d491095618b5b1383638e0e96532a97c69bcc0e085e5b4896b4ee14ea3bab50fc9de62de9544476ee3ca07fcf9e812e6413275e71839e2606e685703bfb44d24e7fa5a1b9519bc777eafd61d916e451c2d0d53e7ce2a9ee4f74a07692b6073ee8059198569548918b0b2b8ce5914c9787759153dac63a58e07640c7def737537b1bd569f6de6dc270a80d8fb1edc37f3cfcd8d5e612584e57b7aefcbd29168820d8910547f4d1848a1e8ac1cfc9dd63966a2e00e26d7bb328ec2ddf503a8fcd9ffa9d179b755686be4260bb73,gx-no-cache=1759147693489 HTTP/1.1" 200 30
190.95.67.93 - - [29/Sep/2025:09:05:58 -0300] "POST /cormun/servlet/solicitudot?gx-no-cache=1759147693506 HTTP/1.1" 200 30
190.95.67.93 - - [29/Sep/2025:09:05:58 -0300] "POST /cormun/servlet/solicitudot?gx-no-cache=1759147693530 HTTP/1.1" 200 1481
190.95.67.93 - - [29/Sep/2025:09:05:58 -0300] "POST /cormun/servlet/solicitudot?gx-no-cache=1759147693558 HTTP/1.1" 200 38
190.95.67.93 - - [29/Sep/2025:09:05:58 -0300] "GET /cormun/servlet/solicitudot?8f2214001a86c30bdb947372680fac696ed883851181b69d58d247ef1c2092cfe965b75b614fe447ce9508f7f7ee21324f4b0ff55e6d726b810fac102a25d80e76485624be1ee35e019b341499c00f0419b8cae5df0b8a6971c01beedca6676a0f30d47121b9ee66cb5f982a4997dbaf,gx-no-cache=1759147693577 HTTP/1.1" 200 110
201.186.226.3 - - [29/Sep/2025:09:06:24 -0300] "GET /cormun/servlet/trpermisosgoce? HTTP/1.1" 200 11206
201.186.226.3 - - [29/Sep/2025:09:06:28 -0300] "GET /cormun/servlet/trpermisosadjuntos?10846902,20250929081713,P, HTTP/1.1" 200 6604
201.186.226.3 - - [29/Sep/2025:09:06:34 -0300] "GET /cormun/servlet/trpermisosgoce? HTTP/1.1" 200 11206
190.95.15.9 - - [29/Sep/2025:09:06:42 -0300] "POST /cormun/servlet/trlicencias?3151bcafec2c779cbe5c882aff726b13,,gx-no-cache=1759147736175 HTTP/1.1" 200 9640
10.40.40.2 - - [29/Sep/2025:09:06:42 -0300] "POST /cormun/servlet/trlicencias?a16d067653c37af273387f3a8a02ace1,,gx-no-cache=1759147698255 HTTP/1.1" 200 6819
190.95.15.9 - - [29/Sep/2025:09:06:42 -0300] "POST /cormun/servlet/trlicencias?3151bcafec2c779cbe5c882aff726b13,,gx-no-cache=1759147736974 HTTP/1.1" 200 9641
201.186.226.3 - - [29/Sep/2025:09:06:44 -0300] "POST /cormun/servlet/trpermisosgoce?8bcd7cbfac7ac3268ee8a236dd9aa12b,,gx-no-cache=1759147739039 HTTP/1.1" 200 8475
201.186.226.3 - - [29/Sep/2025:09:06:44 -0300] "GET /cormun/static/Shared/jqueryui/images/ui-bg_highlight-soft_100_c6c2c8_1x100.png HTTP/1.1" 404 1117
201.186.226.3 - - [29/Sep/2025:09:06:44 -0300] "GET /cormun/static/Shared/jqueryui/images/ui-bg_flat_55_fafafa_40x100.png HTTP/1.1" 404 1097
201.186.226.3 - - [29/Sep/2025:09:06:44 -0300] "GET /cormun/static/Shared/jqueryui/images/ui-icons_8d78a5_256x240.png HTTP/1.1" 404 1089
201.186.226.3 - - [29/Sep/2025:09:06:44 -0300] "GET /cormun/static/Shared/jqueryui/images/ui-icons_82798d_256x240.png HTTP/1.1" 404 1089
201.186.226.3 - - [29/Sep/2025:09:06:54 -0300] "GET /cormun/servlet/hlogin HTTP/1.1" 200 1732
201.186.226.3 - - [29/Sep/2025:09:07:07 -0300] "POST /cormun/servlet/hlogin?8bcd7cbfac7ac3268ee8a236dd9aa12b,gx-no-cache=1759147761657 HTTP/1.1" 200 90
201.186.226.3 - - [29/Sep/2025:09:07:07 -0300] "GET /cormun/servlet/hpexe_link HTTP/1.1" 200 943
201.186.226.3 - - [29/Sep/2025:09:07:07 -0300] "GET /cormun/servlet/hhome HTTP/1.1" 200 4310
201.186.226.3 - - [29/Sep/2025:09:07:31 -0300] "GET /cormun/servlet/trautorizarpermisogoce? HTTP/1.1" 200 8013
190.95.67.93 - - [29/Sep/2025:09:07:33 -0300] "POST /cormun/servlet/solicitudot?gx-no-cache=1759147788334 HTTP/1.1" 200 240
190.95.67.93 - - [29/Sep/2025:09:07:33 -0300] "GET /cormun/servlet/solicitudot?8f2214001a86c30bdb947372680fac69a7319cd603810f18ae662278a46858bfa9569aaaaab7a73750afce66a74f7ab0621fae87747ddcdda434a23dd618e02c63c97eeea43f4403ee2d0ebb4cf220b6eefa524436912cfc5f6960b4556b390a157b7501306f8ae95d73c76ec2004fbf2321374eaa1f0ab8c459c12d8d3fff0caa0d7418c33b4fe88e3686e33e7d2f6c714eed21a0d22a25cc0586f8e84371e79b0894f165a160953fd6a6074a9163d13859763d491095618b5b1383638e0e96532a97c69bcc0e085e5b4896b4ee14ea3bab50fc9de62de9544476ee3ca07fcf9e812e6413275e71839e2606e685703bfb44d24e7fa5a1b9519bc777eafd61d916e451c2d0d53e7ce2a9ee4f74a07692b6073ee8059198569548918b0b2b8ce5914c9787759153dac63a58e07640c7def737537b1bd569f6de6dc270a80d8fb1edc37f3cfcd8d5e612584e57b7aefcbd29168820d8910547f4d1848a1e8ac1cfc9dd63966a2e00e26d7bb328ec2ddf50d814ab461e15a9e4d9c42a7525195631,gx-no-cache=1759147788376 HTTP/1.1" 200 30
190.95.67.93 - - [29/Sep/2025:09:07:33 -0300] "POST /cormun/servlet/solicitudot?gx-no-cache=1759147788402 HTTP/1.1" 200 30
190.95.67.93 - - [29/Sep/2025:09:07:33 -0300] "POST /cormun/servlet/solicitudot?gx-no-cache=1759147788425 HTTP/1.1" 200 1481
190.95.67.93 - - [29/Sep/2025:09:07:33 -0300] "POST /cormun/servlet/solicitudot?gx-no-cache=1759147788450 HTTP/1.1" 200 38
190.95.67.93 - - [29/Sep/2025:09:07:33 -0300] "GET /cormun/servlet/solicitudot?8f2214001a86c30bdb947372680fac696ed883851181b69d58d247ef1c2092cfe965b75b614fe447ce9508f7f7ee21324f4b0ff55e6d726b810fac102a25d80e76485624be1ee35e019b341499c00f0419b8cae5df0b8a6971c01beedca6676a0f30d47121b9ee66cb5f982a4997dbaf,gx-no-cache=1759147788467 HTTP/1.1" 200 110
190.95.67.93 - - [29/Sep/2025:09:07:33 -0300] "POST /cormun/servlet/solicitudot?gx-no-cache=1759147788485 HTTP/1.1" 200 97
201.186.226.3 - - [29/Sep/2025:09:07:56 -0300] "POST /cormun/servlet/trautorizarpermisogoce?8bcd7cbfac7ac3268ee8a236dd9aa12b,,gx-no-cache=1759147811324 HTTP/1.1" 200 4521
201.186.226.3 - - [29/Sep/2025:09:08:08 -0300] "GET /cormun/servlet/hlogin HTTP/1.1" 200 1738
201.186.226.3 - - [29/Sep/2025:09:08:19 -0300] "POST /cormun/servlet/hlogin?8bcd7cbfac7ac3268ee8a236dd9aa12b,gx-no-cache=1759147833929 HTTP/1.1" 200 90
201.186.226.3 - - [29/Sep/2025:09:08:19 -0300] "GET /cormun/servlet/hpexe_link HTTP/1.1" 200 943
201.186.226.3 - - [29/Sep/2025:09:08:19 -0300] "GET /cormun/servlet/hhome HTTP/1.1" 200 3920
201.186.226.3 - - [29/Sep/2025:09:08:25 -0300] "GET /cormun/servlet/trpermisosgoce? HTTP/1.1" 200 11139
190.95.67.93 - - [29/Sep/2025:09:08:44 -0300] "POST /cormun/servlet/solicitudot?gx-no-cache=1759147859230 HTTP/1.1" 200 30
190.95.15.31 - - [29/Sep/2025:09:09:03 -0300] "GET /cormun/servlet/hlogin HTTP/1.1" 200 1720
190.95.67.93 - - [29/Sep/2025:09:09:10 -0300] "POST /cormun/servlet/solicitudot?gx-no-cache=1759147885392 HTTP/1.1" 200 1563
190.95.67.93 - - [29/Sep/2025:09:09:10 -0300] "GET /cormun/static/Shared/jqueryui/images/ui-bg_highlight-soft_100_c6c2c8_1x100.png HTTP/1.1" 404 1117
190.95.67.93 - - [29/Sep/2025:09:09:10 -0300] "GET /cormun/static/Shared/jqueryui/images/ui-icons_82798d_256x240.png HTTP/1.1" 404 1089
190.95.67.93 - - [29/Sep/2025:09:09:10 -0300] "GET /cormun/static/Shared/jqueryui/images/ui-bg_flat_55_994d53_40x100.png HTTP/1.1" 404 1097
190.95.67.93 - - [29/Sep/2025:09:09:10 -0300] "GET /cormun/static/Shared/jqueryui/images/ui-icons_ebccce_256x240.png HTTP/1.1" 404 1089
190.95.15.31 - - [29/Sep/2025:09:09:11 -0300] "GET /cormun/servlet/hlogin HTTP/1.1" 200 1731
190.95.15.31 - - [29/Sep/2025:09:09:14 -0300] "POST /cormun/servlet/hlogin?cd9e6aa88e631d8b2a50ed9e01560140,gx-no-cache=1759147888682 HTTP/1.1" 200 90
190.95.15.31 - - [29/Sep/2025:09:09:14 -0300] "GET /cormun/servlet/hpexe_link HTTP/1.1" 200 951
190.95.15.31 - - [29/Sep/2025:09:09:14 -0300] "GET /cormun/servlet/hhome HTTP/1.1" 200 4358
190.95.15.31 - - [29/Sep/2025:09:09:18 -0300] "GET /cormun/servlet/trlicencias? HTTP/1.1" 200 11847
201.186.226.3 - - [29/Sep/2025:09:09:22 -0300] "GET /cormun/servlet/trlicencias? HTTP/1.1" 200 9585
201.186.226.3 - - [29/Sep/2025:09:10:02 -0300] "GET /cormun/servlet/hlogin HTTP/1.1" 200 1730
201.186.225.187 - - [29/Sep/2025:09:15:38 -0300] "GET /cormun/servlet/trpermisosgoce? HTTP/1.1" 200 9449
190.95.15.17 - - [29/Sep/2025:09:16:23 -0300] "GET /cormun/servlet/hlogin HTTP/1.1" 200 1706
190.95.15.17 - - [29/Sep/2025:09:16:23 -0300] "GET /cormun/servlet/hlogin HTTP/1.1" 200 1716
190.95.15.17 - - [29/Sep/2025:09:16:23 -0300] "GET /favicon.ico HTTP/1.1" 200 21630
190.95.15.17 - - [29/Sep/2025:09:16:26 -0300] "POST /cormun/servlet/hlogin?192a86865ef58206512d7d54f59b7a14,gx-no-cache=1759148381355 HTTP/1.1" 200 90
190.95.15.17 - - [29/Sep/2025:09:16:26 -0300] "GET /cormun/servlet/hpexe_link HTTP/1.1" 200 938
190.95.15.17 - - [29/Sep/2025:09:16:26 -0300] "GET /cormun/servlet/hhome HTTP/1.1" 200 4365
190.95.15.17 - - [29/Sep/2025:09:16:32 -0300] "GET /cormun/servlet/trlicencias? HTTP/1.1" 200 12913
