129.222.173.48 - - [25/Sep/2025:15:09:46 -0300] "POST /cormun/servlet/hlogin?e15437cb8c3bfa799c65b3c94e5bfa5e,gx-no-cache=1758823926321 HTTP/1.1" 200 90
129.222.173.48 - - [25/Sep/2025:15:09:46 -0300] "GET /cormun/servlet/hpexe_link HTTP/1.1" 200 954
129.222.173.48 - - [25/Sep/2025:15:09:46 -0300] "GET /cormun/servlet/hhome HTTP/1.1" 200 3947
129.222.173.48 - - [25/Sep/2025:15:09:53 -0300] "GET /cormun/servlet/trlicencias? HTTP/1.1" 200 8903
129.222.173.48 - - [25/Sep/2025:15:10:00 -0300] "GET /cormun/servlet/trsolicitudot? HTTP/1.1" 200 7159
129.222.173.48 - - [25/Sep/2025:15:10:04 -0300] "GET /cormun/servlet/solicitudot?INS,0,0,false, HTTP/1.1" 200 15950
129.222.173.48 - - [25/Sep/2025:15:10:13 -0300] "POST /cormun/servlet/solicitudot?gx-no-cache=1758823953402 HTTP/1.1" 200 4215
129.222.173.48 - - [25/Sep/2025:15:10:13 -0300] "GET /cormun/static/Shared/jqueryui/images/ui-bg_highlight-soft_100_c6c2c8_1x100.png HTTP/1.1" 404 1117
129.222.173.48 - - [25/Sep/2025:15:10:13 -0300] "GET /cormun/static/Shared/jqueryui/images/ui-bg_flat_55_994d53_40x100.png HTTP/1.1" 404 1097
129.222.173.48 - - [25/Sep/2025:15:10:13 -0300] "GET /cormun/static/Shared/jqueryui/images/ui-icons_ebccce_256x240.png HTTP/1.1" 404 1089
129.222.173.48 - - [25/Sep/2025:15:10:13 -0300] "GET /cormun/static/Shared/jqueryui/images/ui-icons_82798d_256x240.png HTTP/1.1" 404 1089
179.57.78.9 - - [25/Sep/2025:15:11:10 -0300] "GET /cormun/servlet/hlogin HTTP/1.1" 200 1725
179.57.78.9 - - [25/Sep/2025:15:11:12 -0300] "POST /cormun/servlet/hlogin?91b2d7944a14901e83012982c6aa740d,gx-no-cache=1758824013103 HTTP/1.1" 200 90
179.57.78.9 - - [25/Sep/2025:15:11:12 -0300] "GET /cormun/servlet/hpexe_link HTTP/1.1" 200 954
179.57.78.9 - - [25/Sep/2025:15:11:12 -0300] "GET /cormun/servlet/hhome HTTP/1.1" 200 4351
179.57.78.9 - - [25/Sep/2025:15:11:17 -0300] "GET /cormun/servlet/trlicencias? HTTP/1.1" 200 12706
179.57.78.9 - - [25/Sep/2025:15:11:25 -0300] "GET /cormun/servlet/licenciaspermisos?DSP,10699672,L,20250924000000, HTTP/1.1" 200 7456
179.57.78.9 - - [25/Sep/2025:15:11:30 -0300] "POST /cormun/servlet/licenciaspermisos?91b2d7944a14901e83012982c6aa740d,DSP,10699672,L,20250924000000,,gx-no-cache=1758824030903 HTTP/1.1" 200 93
179.57.78.9 - - [25/Sep/2025:15:11:31 -0300] "GET /cormun/servlet/hpexe_return? HTTP/1.1" 200 1032
179.57.78.9 - - [25/Sep/2025:15:11:31 -0300] "GET /cormun/servlet/trlicencias HTTP/1.1" 200 12704
179.57.78.9 - - [25/Sep/2025:15:11:33 -0300] "GET /cormun/servlet/licenciaspermisos?DSP,9922919,L,20250924000000, HTTP/1.1" 200 7435
179.57.78.9 - - [25/Sep/2025:15:11:37 -0300] "POST /cormun/servlet/licenciaspermisos?91b2d7944a14901e83012982c6aa740d,DSP,9922919,L,20250924000000,,gx-no-cache=1758824037479 HTTP/1.1" 200 93
179.57.78.9 - - [25/Sep/2025:15:11:37 -0300] "GET /cormun/servlet/hpexe_return? HTTP/1.1" 200 1030
179.57.78.9 - - [25/Sep/2025:15:11:37 -0300] "GET /cormun/servlet/trlicencias HTTP/1.1" 200 12711
179.57.78.9 - - [25/Sep/2025:15:12:04 -0300] "GET /cormun/servlet/trpermisosgoce? HTTP/1.1" 200 14200
179.57.78.9 - - [25/Sep/2025:15:12:08 -0300] "GET /cormun/servlet/permisogoce?INS,0,,, HTTP/1.1" 200 7241
192.168.10.19 - - [25/Sep/2025:15:12:10 -0300] "GET /cormun/servlet/hlogin HTTP/1.1" 200 1718
192.168.10.19 - - [25/Sep/2025:15:12:14 -0300] "POST /cormun/servlet/hlogin?a645eb4180fb3a012641b18703289310,gx-no-cache=1758824077812 HTTP/1.1" 200 90
192.168.10.19 - - [25/Sep/2025:15:12:14 -0300] "GET /cormun/servlet/hpexe_link HTTP/1.1" 200 956
192.168.10.19 - - [25/Sep/2025:15:12:14 -0300] "GET /cormun/servlet/trsolicitudgral? HTTP/1.1" 200 9702
179.57.78.9 - - [25/Sep/2025:15:12:18 -0300] "GET /cormun/servlet/permisogoce?8bb93383a533b0905db57c2a9521b358f83f330d7416fc7221e5ec7736550813f96c1d2629bfe3fcb3a50e66943deb806135d74b2d65f1fb5bb010b8ed2cea7d,gx-no-cache=1758824078311 HTTP/1.1" 200 85
179.57.78.9 - - [25/Sep/2025:15:12:18 -0300] "GET /cormun/static/menuarrow.gif HTTP/1.1" 404 1015
192.168.10.19 - - [25/Sep/2025:15:12:19 -0300] "POST /cormun/servlet/trsolicitudgral?a645eb4180fb3a012641b18703289310,,gx-no-cache=1758824082325 HTTP/1.1" 200 6650
192.168.10.19 - - [25/Sep/2025:15:12:20 -0300] "GET /cormun/servlet/vesolicitudgral?2025,22923,, HTTP/1.1" 200 8414
192.168.10.19 - - [25/Sep/2025:15:12:20 -0300] "GET /cormun/pexe_scrolldiv.js HTTP/1.1" 404 1009
179.57.78.9 - - [25/Sep/2025:15:12:24 -0300] "GET /cormun/servlet/permisogoce?8bb93383a533b0905db57c2a9521b358f779ea649238f142f6bf622192d519436d25102b5dd0d44dc4650a212faf523e9c848724484d667aa1af3ef51e7992c6,gx-no-cache=1758824084525 HTTP/1.1" 200 48
179.57.78.9 - - [25/Sep/2025:15:12:29 -0300] "POST /cormun/servlet/permisogoce?91b2d7944a14901e83012982c6aa740d,INS,0,,,,gx-no-cache=1758824088943 HTTP/1.1" 200 93
179.57.78.9 - - [25/Sep/2025:15:12:29 -0300] "GET /cormun/servlet/hpexe_return? HTTP/1.1" 200 1011
179.57.78.9 - - [25/Sep/2025:15:12:29 -0300] "GET /cormun/servlet/trpermisosgoce HTTP/1.1" 200 14468
179.57.78.9 - - [25/Sep/2025:15:12:35 -0300] "GET /cormun/servlet/permisogoce?INS,0,,, HTTP/1.1" 200 7241
179.57.78.9 - - [25/Sep/2025:15:12:50 -0300] "GET /cormun/servlet/permisogoce?8bb93383a533b0905db57c2a9521b3587025b6d8b22a38679c8eeae2dfc9f68ef96c1d2629bfe3fcb3a50e66943deb806135d74b2d65f1fb5bb010b8ed2cea7d,gx-no-cache=1758824110374 HTTP/1.1" 200 76
179.57.78.9 - - [25/Sep/2025:15:12:57 -0300] "GET /cormun/servlet/permisogoce?8bb93383a533b0905db57c2a9521b3582064e55b8f887519a1540688d3a1ac2aecb48877dea68a9ba3a518aeb8b6598e9c848724484d667aa1af3ef51e7992c6,gx-no-cache=1758824117925 HTTP/1.1" 200 47
179.57.78.9 - - [25/Sep/2025:15:13:01 -0300] "POST /cormun/servlet/permisogoce?91b2d7944a14901e83012982c6aa740d,INS,0,,,,gx-no-cache=1758824120191 HTTP/1.1" 200 93
179.57.78.9 - - [25/Sep/2025:15:13:01 -0300] "GET /cormun/servlet/hpexe_return? HTTP/1.1" 200 1011
179.57.78.9 - - [25/Sep/2025:15:13:01 -0300] "GET /cormun/servlet/trpermisosgoce HTTP/1.1" 200 14631
179.57.78.9 - - [25/Sep/2025:15:13:08 -0300] "GET /cormun/servlet/permisogoce?INS,0,,, HTTP/1.1" 200 7241
179.57.78.9 - - [25/Sep/2025:15:13:17 -0300] "GET /cormun/servlet/permisogoce?8bb93383a533b0905db57c2a9521b358fa328768dd5b9a002d22b990a2852a48f96c1d2629bfe3fcb3a50e66943deb806135d74b2d65f1fb5bb010b8ed2cea7d,gx-no-cache=1758824137834 HTTP/1.1" 200 77
192.168.10.19 - - [25/Sep/2025:15:13:19 -0300] "GET /cormun/servlet/vesolicitudgral?2025,22923,,SolicitudOTAdjuntos HTTP/1.1" 200 11337
192.168.10.19 - - [25/Sep/2025:15:13:19 -0300] "GET /cormun/pexe_scrolldiv.js HTTP/1.1" 404 1009
192.168.10.19 - - [25/Sep/2025:15:13:20 -0300] "POST /cormun/servlet/acontrolpreferencessavestate?None,RRHH+DANIELA,true HTTP/1.1" 200 35
192.168.10.19 - - [25/Sep/2025:15:13:22 -0300] "GET /cormun/servlet/vesolicitudgral?2025,22923,,General HTTP/1.1" 200 8417
192.168.10.19 - - [25/Sep/2025:15:13:22 -0300] "GET /cormun/pexe_scrolldiv.js HTTP/1.1" 404 1009
201.186.226.3 - - [25/Sep/2025:15:13:23 -0300] "GET /cormun/servlet/hlogin HTTP/1.1" 200 1738
179.57.78.9 - - [25/Sep/2025:15:13:28 -0300] "GET /cormun/servlet/permisogoce?8bb93383a533b0905db57c2a9521b358d02510d4cc988b0164ed8646b66981977dadd97f943ac7bf8487c30706836dd1b2ab41168db3e4e3e9e5ccbe22694e57,gx-no-cache=1758824148741 HTTP/1.1" 200 48
179.57.78.9 - - [25/Sep/2025:15:13:33 -0300] "POST /cormun/servlet/permisogoce?91b2d7944a14901e83012982c6aa740d,INS,0,,,,gx-no-cache=1758824153103 HTTP/1.1" 200 93
179.57.78.9 - - [25/Sep/2025:15:13:33 -0300] "GET /cormun/servlet/hpexe_return? HTTP/1.1" 200 1011
179.57.78.9 - - [25/Sep/2025:15:13:33 -0300] "GET /cormun/servlet/trpermisosgoce HTTP/1.1" 200 14838
179.57.78.9 - - [25/Sep/2025:15:13:39 -0300] "GET /cormun/servlet/permisogoce?INS,0,,, HTTP/1.1" 200 7242
179.57.78.9 - - [25/Sep/2025:15:13:47 -0300] "GET /cormun/servlet/permisogoce?8bb93383a533b0905db57c2a9521b358a9043e011288bb986422a655e0e7846af96c1d2629bfe3fcb3a50e66943deb806135d74b2d65f1fb5bb010b8ed2cea7d,gx-no-cache=1758824167581 HTTP/1.1" 200 79
179.57.78.9 - - [25/Sep/2025:15:13:54 -0300] "GET /cormun/servlet/permisogoce?8bb93383a533b0905db57c2a9521b3582064e55b8f887519a1540688d3a1ac2a1f767bd057047f8ef3cda728979d3fefb2ab41168db3e4e3e9e5ccbe22694e57,gx-no-cache=1758824174564 HTTP/1.1" 200 47
179.57.78.9 - - [25/Sep/2025:15:13:57 -0300] "POST /cormun/servlet/permisogoce?91b2d7944a14901e83012982c6aa740d,INS,0,,,,gx-no-cache=1758824177063 HTTP/1.1" 200 93
179.57.78.9 - - [25/Sep/2025:15:13:57 -0300] "GET /cormun/servlet/hpexe_return? HTTP/1.1" 200 1011
179.57.78.9 - - [25/Sep/2025:15:13:57 -0300] "GET /cormun/servlet/trpermisosgoce HTTP/1.1" 200 15041
192.168.10.19 - - [25/Sep/2025:15:13:59 -0300] "GET /cormun/servlet/vesolicitudgral?2025,22923,,SolicitudOTAdjuntos HTTP/1.1" 200 11338
192.168.10.19 - - [25/Sep/2025:15:13:59 -0300] "GET /cormun/pexe_scrolldiv.js HTTP/1.1" 404 1009
192.168.10.19 - - [25/Sep/2025:15:14:00 -0300] "POST /cormun/servlet/acontrolpreferencessavestate?None,RRHH+DANIELA,true HTTP/1.1" 200 35
179.57.78.9 - - [25/Sep/2025:15:14:04 -0300] "GET /cormun/servlet/permisogoce?INS,0,,, HTTP/1.1" 200 7242
179.57.78.9 - - [25/Sep/2025:15:14:10 -0300] "GET /cormun/servlet/permisogoce?8bb93383a533b0905db57c2a9521b3586d776381808e3b06fd7795a771e5a922f96c1d2629bfe3fcb3a50e66943deb806135d74b2d65f1fb5bb010b8ed2cea7d,gx-no-cache=1758824190750 HTTP/1.1" 200 75
179.57.78.9 - - [25/Sep/2025:15:14:16 -0300] "GET /cormun/servlet/permisogoce?8bb93383a533b0905db57c2a9521b3581ae8f4e7d60cee076029a13f22b4caf0d1be281dede39150c3ddcf60438fd9abb2ab41168db3e4e3e9e5ccbe22694e57,gx-no-cache=1758824197012 HTTP/1.1" 200 47
179.57.78.9 - - [25/Sep/2025:15:14:19 -0300] "POST /cormun/servlet/permisogoce?91b2d7944a14901e83012982c6aa740d,INS,0,,,,gx-no-cache=1758824199486 HTTP/1.1" 200 93
179.57.78.9 - - [25/Sep/2025:15:14:19 -0300] "GET /cormun/servlet/hpexe_return? HTTP/1.1" 200 1011
179.57.78.9 - - [25/Sep/2025:15:14:19 -0300] "GET /cormun/servlet/trpermisosgoce HTTP/1.1" 200 15253
192.168.10.19 - - [25/Sep/2025:15:14:24 -0300] "GET /cormun/PublicTempStorage/santander_rodriguez_maximiliano_enrique_%28c.v%292317121.pdf HTTP/1.1" 200 54605
179.57.78.9 - - [25/Sep/2025:15:14:25 -0300] "GET /cormun/servlet/permisogoce?UPD,17525987,P,20250925151627, HTTP/1.1" 200 7306
179.57.78.9 - - [25/Sep/2025:15:14:26 -0300] "GET /cormun/servlet/permisogoce?8bb93383a533b0905db57c2a9521b3586d776381808e3b06fd7795a771e5a922b9b7eaf3426270b13f317a141e66b74a3c775976707eb768d2f37346d8b5a329,gx-no-cache=1758824206715 HTTP/1.1" 200 75
192.168.10.19 - - [25/Sep/2025:15:14:28 -0300] "GET /cormun/servlet/vesolicitudgral?2025,22923,,SolicitudOTAdjuntos HTTP/1.1" 200 11340
192.168.10.19 - - [25/Sep/2025:15:14:29 -0300] "POST /cormun/servlet/acontrolpreferencessavestate?None,RRHH+DANIELA,true HTTP/1.1" 200 35
192.168.10.19 - - [25/Sep/2025:15:14:30 -0300] "GET /cormun/servlet/vesolicitudgral?2025,22923,,General HTTP/1.1" 200 8417
192.168.10.19 - - [25/Sep/2025:15:14:30 -0300] "GET /cormun/pexe_scrolldiv.js HTTP/1.1" 404 1009
192.168.10.19 - - [25/Sep/2025:15:14:33 -0300] "GET /cormun/servlet/vesolicitudgral?2025,22923,,SolicitudOTAdjuntos HTTP/1.1" 200 11339
192.168.10.19 - - [25/Sep/2025:15:14:33 -0300] "GET /cormun/pexe_scrolldiv.js HTTP/1.1" 404 1009
179.57.78.9 - - [25/Sep/2025:15:14:33 -0300] "GET /cormun/servlet/permisogoce?8bb93383a533b0905db57c2a9521b3581ae8f4e7d60cee076029a13f22b4caf0c4ce819ab8a103d7f08d09a9c52e9f025bce6ccfe8238142dc62d4152c87af8e,gx-no-cache=1758824214269 HTTP/1.1" 200 47
192.168.10.19 - - [25/Sep/2025:15:14:34 -0300] "POST /cormun/servlet/acontrolpreferencessavestate?None,RRHH+DANIELA,true HTTP/1.1" 200 35
192.168.10.19 - - [25/Sep/2025:15:14:34 -0300] "GET /cormun/servlet/trsolicitudgral? HTTP/1.1" 200 9715
179.57.78.9 - - [25/Sep/2025:15:14:36 -0300] "POST /cormun/servlet/permisogoce?91b2d7944a14901e83012982c6aa740d,UPD,17525987,P,20250925151627,,gx-no-cache=1758824216911 HTTP/1.1" 200 93
179.57.78.9 - - [25/Sep/2025:15:14:36 -0300] "GET /cormun/servlet/hpexe_return? HTTP/1.1" 200 1031
179.57.78.9 - - [25/Sep/2025:15:14:37 -0300] "GET /cormun/servlet/trpermisosgoce HTTP/1.1" 200 15258
192.168.10.19 - - [25/Sep/2025:15:14:39 -0300] "GET /cormun/servlet/vesolicitudgral?2025,22923,, HTTP/1.1" 200 8414
192.168.10.19 - - [25/Sep/2025:15:14:39 -0300] "GET /cormun/pexe_scrolldiv.js HTTP/1.1" 404 1009
179.57.78.9 - - [25/Sep/2025:15:14:44 -0300] "GET /cormun/servlet/permisogoce?INS,0,,, HTTP/1.1" 200 7242
179.57.78.9 - - [25/Sep/2025:15:15:03 -0300] "GET /cormun/servlet/permisogoce?8bb93383a533b0905db57c2a9521b358059b17253f581d46343dd92899f0f129217478a036acc06536ec30c06bf968644d3fdf9c7e397471084569a56f6fdbca,gx-no-cache=1758824243486 HTTP/1.1" 200 73
179.57.78.9 - - [25/Sep/2025:15:15:09 -0300] "GET /cormun/servlet/permisogoce?8bb93383a533b0905db57c2a9521b35837df9ffc6f9044c12f7b97e2149cfc2bddb1a424f8fe3e144b7baea6ea5411cf67a11a332c99a93ed90d8b77a4162c4f,gx-no-cache=1758824250229 HTTP/1.1" 200 48
179.57.78.9 - - [25/Sep/2025:15:15:13 -0300] "POST /cormun/servlet/permisogoce?91b2d7944a14901e83012982c6aa740d,INS,0,,,,gx-no-cache=1758824253063 HTTP/1.1" 200 93
179.57.78.9 - - [25/Sep/2025:15:15:13 -0300] "GET /cormun/servlet/hpexe_return? HTTP/1.1" 200 1011
179.57.78.9 - - [25/Sep/2025:15:15:13 -0300] "GET /cormun/servlet/trpermisosgoce HTTP/1.1" 200 15458
179.57.78.9 - - [25/Sep/2025:15:15:20 -0300] "GET /cormun/servlet/trlicencias? HTTP/1.1" 200 12706
179.57.78.9 - - [25/Sep/2025:15:15:36 -0300] "GET /cormun/servlet/trpermisosgoce? HTTP/1.1" 200 15453
179.57.78.9 - - [25/Sep/2025:15:15:44 -0300] "POST /cormun/servlet/trpermisosgoce?91b2d7944a14901e83012982c6aa740d,,gx-no-cache=1758824284913 HTTP/1.1" 200 12509
179.57.78.9 - - [25/Sep/2025:15:15:45 -0300] "POST /cormun/servlet/trpermisosgoce?91b2d7944a14901e83012982c6aa740d,,gx-no-cache=1758824285230 HTTP/1.1" 200 12487
192.168.10.19 - - [25/Sep/2025:15:15:46 -0300] "GET /cormun/servlet/vesolicitudgral?2025,22923,,SolicitudOTAdjuntos HTTP/1.1" 200 11337
192.168.10.19 - - [25/Sep/2025:15:15:46 -0300] "GET /cormun/pexe_scrolldiv.js HTTP/1.1" 404 1009
192.168.10.19 - - [25/Sep/2025:15:15:47 -0300] "POST /cormun/servlet/acontrolpreferencessavestate?None,RRHH+DANIELA,true HTTP/1.1" 200 35
192.168.10.19 - - [25/Sep/2025:15:15:48 -0300] "GET /cormun/PublicTempStorage/santander_rodriguez_maximiliano_enrique_%28c._identidad%292679416.pdf HTTP/1.1" 200 243420
179.57.78.9 - - [25/Sep/2025:15:15:52 -0300] "GET /cormun/servlet/permisogoce?INS,0,,, HTTP/1.1" 200 7242
179.57.78.9 - - [25/Sep/2025:15:15:59 -0300] "GET /cormun/servlet/permisogoce?8bb93383a533b0905db57c2a9521b358e848b038d78e544e4d60efba6f2ed28d217478a036acc06536ec30c06bf968644d3fdf9c7e397471084569a56f6fdbca,gx-no-cache=1758824299398 HTTP/1.1" 200 87
179.57.78.9 - - [25/Sep/2025:15:16:06 -0300] "GET /cormun/servlet/permisogoce?8bb93383a533b0905db57c2a9521b35830cbe4185c411b3f9de7c99eb800dcf646dcc565db15f8333f8b779c7eacdea3cf79bd025a5af6e7234d2e09bc35f1d1,gx-no-cache=1758824306869 HTTP/1.1" 200 48
179.57.78.9 - - [25/Sep/2025:15:16:08 -0300] "POST /cormun/servlet/permisogoce?91b2d7944a14901e83012982c6aa740d,INS,0,,,,gx-no-cache=1758824308591 HTTP/1.1" 200 93
179.57.78.9 - - [25/Sep/2025:15:16:08 -0300] "GET /cormun/servlet/hpexe_return? HTTP/1.1" 200 1011
179.57.78.9 - - [25/Sep/2025:15:16:08 -0300] "GET /cormun/servlet/trpermisosgoce? HTTP/1.1" 200 15460
179.57.78.9 - - [25/Sep/2025:15:16:14 -0300] "GET /cormun/servlet/permisogoce?INS,0,,, HTTP/1.1" 200 7242
179.57.78.9 - - [25/Sep/2025:15:16:22 -0300] "GET /cormun/servlet/permisogoce?8bb93383a533b0905db57c2a9521b358a7854122d7dd62658fc92d9941974ff6217478a036acc06536ec30c06bf968644d3fdf9c7e397471084569a56f6fdbca,gx-no-cache=1758824322566 HTTP/1.1" 200 86
179.57.78.9 - - [25/Sep/2025:15:16:27 -0300] "GET /cormun/servlet/permisogoce?8bb93383a533b0905db57c2a9521b3580bb645f2bb6b4971febbd57317cbe54e6395271ef0a53b9f711f34b194d1d9c567a11a332c99a93ed90d8b77a4162c4f,gx-no-cache=1758824327884 HTTP/1.1" 200 48
179.57.78.9 - - [25/Sep/2025:15:16:30 -0300] "POST /cormun/servlet/permisogoce?91b2d7944a14901e83012982c6aa740d,INS,0,,,,gx-no-cache=1758824330637 HTTP/1.1" 200 93
179.57.78.9 - - [25/Sep/2025:15:16:30 -0300] "GET /cormun/servlet/hpexe_return? HTTP/1.1" 200 1011
179.57.78.9 - - [25/Sep/2025:15:16:30 -0300] "GET /cormun/servlet/trpermisosgoce HTTP/1.1" 200 15668
179.57.78.9 - - [25/Sep/2025:15:16:36 -0300] "GET /cormun/servlet/permisogoce?INS,0,,, HTTP/1.1" 200 7241
179.57.78.9 - - [25/Sep/2025:15:16:44 -0300] "GET /cormun/servlet/permisogoce?8bb93383a533b0905db57c2a9521b358dc38fd4fba2530a66b85c83871889d41f96c1d2629bfe3fcb3a50e66943deb806135d74b2d65f1fb5bb010b8ed2cea7d,gx-no-cache=1758824344342 HTTP/1.1" 200 86
179.57.78.9 - - [25/Sep/2025:15:16:48 -0300] "GET /cormun/servlet/permisogoce?8bb93383a533b0905db57c2a9521b358b3619cb48de9e90403edfd6368b135603245c0e31734b724253fd473bda5ad15b2ab41168db3e4e3e9e5ccbe22694e57,gx-no-cache=1758824348532 HTTP/1.1" 200 48
179.57.78.9 - - [25/Sep/2025:15:16:50 -0300] "POST /cormun/servlet/permisogoce?91b2d7944a14901e83012982c6aa740d,INS,0,,,,gx-no-cache=1758824350638 HTTP/1.1" 200 93
179.57.78.9 - - [25/Sep/2025:15:16:50 -0300] "GET /cormun/servlet/hpexe_return? HTTP/1.1" 200 1011
179.57.78.9 - - [25/Sep/2025:15:16:50 -0300] "GET /cormun/servlet/trpermisosgoce HTTP/1.1" 200 15929
190.95.15.13 - - [25/Sep/2025:15:16:54 -0300] "GET /cormun/servlet/permisogoce?INS,0,,, HTTP/1.1" 200 6803
179.57.78.9 - - [25/Sep/2025:15:16:57 -0300] "GET /cormun/servlet/permisogoce?INS,0,,, HTTP/1.1" 200 7241
179.57.78.9 - - [25/Sep/2025:15:17:06 -0300] "GET /cormun/servlet/permisogoce?8bb93383a533b0905db57c2a9521b3581388fbc9df62827b883338a8f2290b40f96c1d2629bfe3fcb3a50e66943deb806135d74b2d65f1fb5bb010b8ed2cea7d,gx-no-cache=1758824366958 HTTP/1.1" 200 71
190.95.15.13 - - [25/Sep/2025:15:17:08 -0300] "GET /cormun/servlet/permisogoce?d118abe0327fc3ac02b0b72436ef00ef766b1ae702166fe1ae8e63bd898811a7c0b2b1ea34e360d13fe693d7946e30668773823b4eeda64041bd86c4280747a3,gx-no-cache=1758824366290 HTTP/1.1" 200 80
190.95.15.13 - - [25/Sep/2025:15:17:08 -0300] "GET /cormun/static/menuarrow.gif HTTP/1.1" 404 1015
190.95.67.99 - - [25/Sep/2025:15:17:10 -0300] "GET /cormun/servlet/trlicencias? HTTP/1.1" 200 9160
179.57.78.9 - - [25/Sep/2025:15:17:12 -0300] "GET /cormun/servlet/permisogoce?8bb93383a533b0905db57c2a9521b358830f94902995d5ddcc6614d4a91e7464a9d3387876f4e20b4312cbba893aa6ffb2ab41168db3e4e3e9e5ccbe22694e57,gx-no-cache=1758824373149 HTTP/1.1" 200 48
179.57.78.9 - - [25/Sep/2025:15:17:15 -0300] "POST /cormun/servlet/permisogoce?91b2d7944a14901e83012982c6aa740d,INS,0,,,,gx-no-cache=1758824374950 HTTP/1.1" 200 93
179.57.78.9 - - [25/Sep/2025:15:17:15 -0300] "GET /cormun/servlet/hpexe_return? HTTP/1.1" 200 1011
179.57.78.9 - - [25/Sep/2025:15:17:15 -0300] "GET /cormun/servlet/trpermisosgoce HTTP/1.1" 200 16135
190.95.15.13 - - [25/Sep/2025:15:17:18 -0300] "GET /cormun/servlet/permisogoce?d118abe0327fc3ac02b0b72436ef00efa7be9753dae70a6c60fe638d4b34b93fdc2a5311e19b980e1d4a56c2b31b22634eb1b24156294add7d19e00b44bad9d3,gx-no-cache=1758824376505 HTTP/1.1" 200 47
190.95.15.27 - - [25/Sep/2025:15:17:18 -0300] "POST /cormun/servlet/trsolicitudot?249c832e4393046aaa6a280282ebccb4,,gx-no-cache=1758824378193 HTTP/1.1" 200 107
190.95.15.27 - - [25/Sep/2025:15:17:19 -0300] "GET /cormun/servlet/trsolicitudadjuntos?2025,22942, HTTP/1.1" 200 10395
190.95.15.27 - - [25/Sep/2025:15:17:19 -0300] "GET /cormun/static/gxcfg.js?20201215574222 HTTP/1.1" 200 953
190.95.15.27 - - [25/Sep/2025:15:17:19 -0300] "GET /cormun/static/Resources/PXToolsGridNew.png HTTP/1.1" 200 427
190.95.15.27 - - [25/Sep/2025:15:17:19 -0300] "GET /cormun/static/trsolicitudadjuntos.js?20201215574932 HTTP/1.1" 200 17921
179.57.78.9 - - [25/Sep/2025:15:17:21 -0300] "GET /cormun/servlet/permisogoce?INS,0,,, HTTP/1.1" 200 7242
190.95.15.13 - - [25/Sep/2025:15:17:22 -0300] "POST /cormun/servlet/permisogoce?e2ae41e87a0c46c2ef370f2869d72f09,INS,0,,,,gx-no-cache=1758824379459 HTTP/1.1" 200 93
190.95.15.13 - - [25/Sep/2025:15:17:22 -0300] "GET /cormun/servlet/hpexe_return? HTTP/1.1" 200 1005
190.95.15.13 - - [25/Sep/2025:15:17:22 -0300] "GET /cormun/servlet/trpermisosgoce HTTP/1.1" 200 15682
192.168.10.19 - - [25/Sep/2025:15:17:23 -0300] "GET /cormun/servlet/vesolicitudgral?2025,22923,,SolicitudOTAdjuntos HTTP/1.1" 200 11338
192.168.10.19 - - [25/Sep/2025:15:17:25 -0300] "POST /cormun/servlet/acontrolpreferencessavestate?None,RRHH+DANIELA,true HTTP/1.1" 200 35
192.168.10.19 - - [25/Sep/2025:15:17:25 -0300] "GET /cormun/servlet/vesolicitudgral?2025,22923,,General HTTP/1.1" 200 8417
192.168.10.19 - - [25/Sep/2025:15:17:25 -0300] "GET /cormun/pexe_scrolldiv.js HTTP/1.1" 404 1009
190.95.15.27 - - [25/Sep/2025:15:17:28 -0300] "GET /cormun/servlet/trsolicitudot? HTTP/1.1" 200 9026
190.95.67.99 - - [25/Sep/2025:15:17:32 -0300] "GET /cormun/servlet/licenciaspermisos?DSP,18446144,L,20250922000000, HTTP/1.1" 200 7427
179.57.78.9 - - [25/Sep/2025:15:17:34 -0300] "GET /cormun/servlet/permisogoce?8bb93383a533b0905db57c2a9521b358e22785572ae6814a4e7932c666bfc04af96c1d2629bfe3fcb3a50e66943deb806135d74b2d65f1fb5bb010b8ed2cea7d,gx-no-cache=1758824395070 HTTP/1.1" 200 77
179.57.78.9 - - [25/Sep/2025:15:17:45 -0300] "GET /cormun/servlet/permisogoce?8bb93383a533b0905db57c2a9521b358973af220a0a27880f34c0d1c60ab7e119cfca65c580b484679fcaa092e594ff4b2ab41168db3e4e3e9e5ccbe22694e57,gx-no-cache=1758824405349 HTTP/1.1" 200 47
179.57.78.9 - - [25/Sep/2025:15:17:47 -0300] "POST /cormun/servlet/permisogoce?91b2d7944a14901e83012982c6aa740d,INS,0,,,,gx-no-cache=1758824407735 HTTP/1.1" 200 93
179.57.78.9 - - [25/Sep/2025:15:17:47 -0300] "GET /cormun/servlet/hpexe_return? HTTP/1.1" 200 1011
179.57.78.9 - - [25/Sep/2025:15:17:47 -0300] "GET /cormun/servlet/trpermisosgoce HTTP/1.1" 200 16358
179.57.78.9 - - [25/Sep/2025:15:17:54 -0300] "GET /cormun/servlet/permisogoce?INS,0,,, HTTP/1.1" 200 7243
179.57.78.9 - - [25/Sep/2025:15:18:02 -0300] "GET /cormun/servlet/permisogoce?8bb93383a533b0905db57c2a9521b358e22785572ae6814a4e7932c666bfc04af96c1d2629bfe3fcb3a50e66943deb806135d74b2d65f1fb5bb010b8ed2cea7d,gx-no-cache=1758824422406 HTTP/1.1" 200 78
179.57.78.9 - - [25/Sep/2025:15:18:08 -0300] "GET /cormun/servlet/permisogoce?8bb93383a533b0905db57c2a9521b358973af220a0a27880f34c0d1c60ab7e11e7736dd23f74278cc2704b3dce6682c5b2ab41168db3e4e3e9e5ccbe22694e57,gx-no-cache=1758824428828 HTTP/1.1" 200 47
179.57.78.9 - - [25/Sep/2025:15:18:11 -0300] "POST /cormun/servlet/permisogoce?91b2d7944a14901e83012982c6aa740d,INS,0,,,,gx-no-cache=1758824431231 HTTP/1.1" 200 93
179.57.78.9 - - [25/Sep/2025:15:18:11 -0300] "GET /cormun/servlet/hpexe_return? HTTP/1.1" 200 1011
179.57.78.9 - - [25/Sep/2025:15:18:11 -0300] "GET /cormun/servlet/trpermisosgoce HTTP/1.1" 200 16539
179.57.78.9 - - [25/Sep/2025:15:18:17 -0300] "GET /cormun/servlet/permisogoce?INS,0,,, HTTP/1.1" 200 7241
179.57.78.9 - - [25/Sep/2025:15:18:25 -0300] "GET /cormun/servlet/permisogoce?8bb93383a533b0905db57c2a9521b358e22785572ae6814a4e7932c666bfc04af96c1d2629bfe3fcb3a50e66943deb806135d74b2d65f1fb5bb010b8ed2cea7d,gx-no-cache=1758824445366 HTTP/1.1" 200 78
179.57.78.9 - - [25/Sep/2025:15:18:31 -0300] "GET /cormun/servlet/permisogoce?8bb93383a533b0905db57c2a9521b358973af220a0a27880f34c0d1c60ab7e11366de010466050ef622c6a8bf562661cb2ab41168db3e4e3e9e5ccbe22694e57,gx-no-cache=1758824451404 HTTP/1.1" 200 45
179.57.78.9 - - [25/Sep/2025:15:18:33 -0300] "GET /cormun/servlet/hlogin HTTP/1.1" 200 1722
179.57.78.9 - - [25/Sep/2025:15:18:33 -0300] "POST /cormun/servlet/permisogoce?91b2d7944a14901e83012982c6aa740d,INS,0,,,,gx-no-cache=1758824453590 HTTP/1.1" 200 93
179.57.78.9 - - [25/Sep/2025:15:18:33 -0300] "GET /cormun/servlet/hpexe_return? HTTP/1.1" 200 1011
179.57.78.9 - - [25/Sep/2025:15:18:33 -0300] "GET /cormun/servlet/trpermisosgoce HTTP/1.1" 200 16716
179.57.78.9 - - [25/Sep/2025:15:18:34 -0300] "GET /cormun/servlet/hlogin HTTP/1.1" 200 1732
190.95.1.185 - - [25/Sep/2025:15:18:36 -0300] "GET /cormun/servlet/hlogin HTTP/1.1" 200 1721
190.95.1.185 - - [25/Sep/2025:15:18:36 -0300] "GET /cormun/servlet/hlogin HTTP/1.1" 200 1732
179.57.78.9 - - [25/Sep/2025:15:18:39 -0300] "GET /cormun/servlet/permisogoce?INS,0,,, HTTP/1.1" 200 7242
179.57.78.9 - - [25/Sep/2025:15:18:40 -0300] "POST /cormun/servlet/hlogin?aa6dfeb8bd59ff4a52f92907d160bc26,gx-no-cache=1758824459958 HTTP/1.1" 200 90
179.57.78.9 - - [25/Sep/2025:15:18:40 -0300] "GET /cormun/servlet/hpexe_link HTTP/1.1" 200 952
179.57.78.9 - - [25/Sep/2025:15:18:40 -0300] "GET /cormun/servlet/hhome HTTP/1.1" 200 4349
190.95.1.185 - - [25/Sep/2025:15:18:41 -0300] "GET /cormun/servlet/hlogin HTTP/1.1" 200 1721
190.95.1.185 - - [25/Sep/2025:15:18:42 -0300] "GET /cormun/servlet/hlogin HTTP/1.1" 200 1721
179.57.78.9 - - [25/Sep/2025:15:18:47 -0300] "GET /cormun/servlet/permisogoce?8bb93383a533b0905db57c2a9521b3584c306b6b72705f48ab8a9065747beb13f96c1d2629bfe3fcb3a50e66943deb806135d74b2d65f1fb5bb010b8ed2cea7d,gx-no-cache=1758824467718 HTTP/1.1" 200 82
179.57.78.9 - - [25/Sep/2025:15:18:54 -0300] "GET /cormun/servlet/trlicencias? HTTP/1.1" 200 12712
179.57.78.9 - - [25/Sep/2025:15:18:54 -0300] "GET /cormun/servlet/permisogoce?8bb93383a533b0905db57c2a9521b358d854926e44259bd8263b57c591c4773e938fda77d9707f19b1d0a94f22199a8fb2ab41168db3e4e3e9e5ccbe22694e57,gx-no-cache=1758824475109 HTTP/1.1" 200 47
190.95.15.13 - - [25/Sep/2025:15:18:55 -0300] "GET /cormun/servlet/trlicencias? HTTP/1.1" 200 12751
179.57.78.9 - - [25/Sep/2025:15:18:57 -0300] "POST /cormun/servlet/permisogoce?91b2d7944a14901e83012982c6aa740d,INS,0,,,,gx-no-cache=1758824477015 HTTP/1.1" 200 93
179.57.78.9 - - [25/Sep/2025:15:18:57 -0300] "GET /cormun/servlet/hpexe_return? HTTP/1.1" 200 1011
179.57.78.9 - - [25/Sep/2025:15:18:57 -0300] "GET /cormun/servlet/trpermisosgoce HTTP/1.1" 200 16937
190.95.1.185 - - [25/Sep/2025:15:19:02 -0300] "POST /cormun/servlet/hlogin?0c79a6218ad58312b25d1c572c4668d6,gx-no-cache=1758824482140 HTTP/1.1" 200 90
190.95.1.185 - - [25/Sep/2025:15:19:02 -0300] "GET /cormun/servlet/hpexe_link HTTP/1.1" 200 953
190.95.1.185 - - [25/Sep/2025:15:19:02 -0300] "GET /cormun/servlet/hhome HTTP/1.1" 200 4483
179.57.78.9 - - [25/Sep/2025:15:19:05 -0300] "GET /cormun/servlet/trlicencias? HTTP/1.1" 200 12705
179.57.78.9 - - [25/Sep/2025:15:19:16 -0300] "GET /cormun/servlet/trpermisosgoce? HTTP/1.1" 200 16932
179.57.78.9 - - [25/Sep/2025:15:19:19 -0300] "GET /cormun/servlet/permisogoce?INS,0,,, HTTP/1.1" 200 7242
190.95.1.185 - - [25/Sep/2025:15:19:25 -0300] "GET /cormun/servlet/trpermisosgoce? HTTP/1.1" 200 12332
190.95.1.185 - - [25/Sep/2025:15:19:25 -0300] "GET /cormun/servlet/trpermisosgoce? HTTP/1.1" 200 12332
179.57.78.9 - - [25/Sep/2025:15:19:25 -0300] "GET /cormun/servlet/permisogoce?8bb93383a533b0905db57c2a9521b3589e519c0c9f34eb83e335e1a27e8a94d6f96c1d2629bfe3fcb3a50e66943deb806135d74b2d65f1fb5bb010b8ed2cea7d,gx-no-cache=1758824506166 HTTP/1.1" 200 77
179.57.78.9 - - [25/Sep/2025:15:19:31 -0300] "GET /cormun/servlet/permisogoce?8bb93383a533b0905db57c2a9521b35854264479424c503c2c748c572d818abf9cede0f4227bab7dbe2d746437c56d9eb2ab41168db3e4e3e9e5ccbe22694e57,gx-no-cache=1758824512132 HTTP/1.1" 200 47
179.57.78.9 - - [25/Sep/2025:15:19:34 -0300] "POST /cormun/servlet/permisogoce?91b2d7944a14901e83012982c6aa740d,INS,0,,,,gx-no-cache=1758824514214 HTTP/1.1" 200 93
179.57.78.9 - - [25/Sep/2025:15:19:34 -0300] "GET /cormun/servlet/hpexe_return? HTTP/1.1" 200 1011
179.57.78.9 - - [25/Sep/2025:15:19:34 -0300] "GET /cormun/servlet/trpermisosgoce HTTP/1.1" 200 17133
192.168.10.19 - - [25/Sep/2025:15:19:34 -0300] "GET /cormun/servlet/trsolicitudgral? HTTP/1.1" 200 9712
190.95.15.27 - - [25/Sep/2025:15:19:39 -0300] "POST /cormun/servlet/trsolicitudot?249c832e4393046aaa6a280282ebccb4,,gx-no-cache=1758824518706 HTTP/1.1" 200 107
190.95.15.27 - - [25/Sep/2025:15:19:39 -0300] "GET /cormun/servlet/trsolicitudadjuntos?2025,22963, HTTP/1.1" 200 6048
192.168.10.19 - - [25/Sep/2025:15:19:40 -0300] "POST /cormun/servlet/trsolicitudgral?a645eb4180fb3a012641b18703289310,,gx-no-cache=1758824524005 HTTP/1.1" 200 5273
190.95.15.27 - - [25/Sep/2025:15:19:41 -0300] "GET /cormun/servlet/solicitudotadjuntos?INS,2025,22963,,1, HTTP/1.1" 200 5994
190.95.15.27 - - [25/Sep/2025:15:19:41 -0300] "GET /cormun/static/gxcfg.js?202211298385187 HTTP/1.1" 200 953
190.95.15.27 - - [25/Sep/2025:15:19:42 -0300] "GET /cormun/static/about:blank HTTP/1.1" 404 1011
190.95.15.27 - - [25/Sep/2025:15:19:42 -0300] "GET /cormun/static/solicitudotadjuntos.js?202211298385196 HTTP/1.1" 200 11771
190.95.15.27 - - [25/Sep/2025:15:19:42 -0300] "GET /cormun/servlet/solicitudotadjuntos?81f7bbe662fba615a9b6b3845d2d062470f6cbed5b46186eb69265ea3ce64305ea7f243e09f908527646e712dd692082,gx-no-cache=1758824522133 HTTP/1.1" 200 30
190.95.15.27 - - [25/Sep/2025:15:19:42 -0300] "POST /cormun/servlet/solicitudotadjuntos?249c832e4393046aaa6a280282ebccb4,INS,2025,22963,,1,,gx-no-cache=1758824522186 HTTP/1.1" 200 3907
179.57.78.9 - - [25/Sep/2025:15:19:43 -0300] "GET /cormun/servlet/permisogoce?INS,0,,, HTTP/1.1" 200 7242
190.95.1.185 - - [25/Sep/2025:15:19:45 -0300] "GET /cormun/servlet/permisogoce?INS,0,,, HTTP/1.1" 200 7385
190.95.1.185 - - [25/Sep/2025:15:19:45 -0300] "GET /cormun/servlet/permisogoce?INS,0,,, HTTP/1.1" 200 7383
190.95.1.185 - - [25/Sep/2025:15:19:45 -0300] "GET /cormun/servlet/permisogoce?INS,0,,, HTTP/1.1" 200 7383
190.95.15.27 - - [25/Sep/2025:15:19:46 -0300] "POST /cormun/servlet/solicitudotadjuntos?gx-no-cache=1758824525913 HTTP/1.1" 200 26
179.57.78.9 - - [25/Sep/2025:15:19:50 -0300] "GET /cormun/servlet/permisogoce?8bb93383a533b0905db57c2a9521b358e9a9c5a4f61cd93e69b1a56f7fa196a8f96c1d2629bfe3fcb3a50e66943deb806135d74b2d65f1fb5bb010b8ed2cea7d,gx-no-cache=1758824530430 HTTP/1.1" 200 72
190.95.15.27 - - [25/Sep/2025:15:19:56 -0300] "GET /cormun/servlet/solicitudotadjuntos?81f7bbe662fba615a9b6b3845d2d062479c03259dfa713432c167e4ad2fd37b9,gx-no-cache=1758824535639 HTTP/1.1" 200 30
190.95.15.27 - - [25/Sep/2025:15:19:56 -0300] "GET /cormun/servlet/solicitudotadjuntos?81f7bbe662fba615a9b6b3845d2d062479c03259dfa713432c167e4ad2fd37b9,gx-no-cache=1758824535664 HTTP/1.1" 200 30
190.95.15.27 - - [25/Sep/2025:15:19:56 -0300] "POST /cormun/servlet/solicitudotadjuntos?249c832e4393046aaa6a280282ebccb4,INS,2025,22963,,1, HTTP/1.1" 200 116
190.95.15.27 - - [25/Sep/2025:15:19:56 -0300] "GET /cormun/servlet/hpexe_return? HTTP/1.1" 200 1026
190.95.15.27 - - [25/Sep/2025:15:19:56 -0300] "GET /cormun/servlet/trsolicitudadjuntos?2025,22963, HTTP/1.1" 200 9197
179.57.78.9 - - [25/Sep/2025:15:19:56 -0300] "GET /cormun/servlet/permisogoce?8bb93383a533b0905db57c2a9521b3585b3a5b72250f768853a0ad233591e468f9b4c1d119af8339e2e3d6268682753fb2ab41168db3e4e3e9e5ccbe22694e57,gx-no-cache=1758824537108 HTTP/1.1" 200 48
179.57.78.9 - - [25/Sep/2025:15:19:59 -0300] "POST /cormun/servlet/permisogoce?91b2d7944a14901e83012982c6aa740d,INS,0,,,,gx-no-cache=1758824539047 HTTP/1.1" 200 93
179.57.78.9 - - [25/Sep/2025:15:19:59 -0300] "GET /cormun/servlet/hpexe_return? HTTP/1.1" 200 1011
179.57.78.9 - - [25/Sep/2025:15:19:59 -0300] "GET /cormun/servlet/trpermisosgoce HTTP/1.1" 200 17351
179.57.78.9 - - [25/Sep/2025:15:20:08 -0300] "GET /cormun/servlet/permisogoce?INS,0,,, HTTP/1.1" 200 7241
190.95.1.185 - - [25/Sep/2025:15:20:24 -0300] "GET /cormun/servlet/permisogoce?c1d3354fd57775c3a5d4a16ca5ee37d96662c120f10667011da13fbd277100ee98462d0df093943c0410977c5f0120716cbd86de407e854e4dcc18c3ff105d28,gx-no-cache=1758824564095 HTTP/1.1" 200 79
190.95.1.185 - - [25/Sep/2025:15:20:24 -0300] "GET /cormun/static/menuarrow.gif HTTP/1.1" 404 1015
179.57.78.9 - - [25/Sep/2025:15:20:26 -0300] "GET /cormun/servlet/permisogoce?8bb93383a533b0905db57c2a9521b358bc58d25089694fcd9eb277a80521612df96c1d2629bfe3fcb3a50e66943deb806135d74b2d65f1fb5bb010b8ed2cea7d,gx-no-cache=1758824567168 HTTP/1.1" 200 86
179.57.78.9 - - [25/Sep/2025:15:20:35 -0300] "GET /cormun/servlet/permisogoce?8bb93383a533b0905db57c2a9521b35840f7b5dea638c6fafc7dd8f748c47544354a4d2bf1f459c58a934263d6e6bf999c848724484d667aa1af3ef51e7992c6,gx-no-cache=1758824575453 HTTP/1.1" 200 48
179.57.78.9 - - [25/Sep/2025:15:20:38 -0300] "POST /cormun/servlet/permisogoce?91b2d7944a14901e83012982c6aa740d,INS,0,,,,gx-no-cache=1758824578143 HTTP/1.1" 200 93
179.57.78.9 - - [25/Sep/2025:15:20:38 -0300] "GET /cormun/servlet/hpexe_return? HTTP/1.1" 200 1011
179.57.78.9 - - [25/Sep/2025:15:20:38 -0300] "GET /cormun/servlet/trpermisosgoce HTTP/1.1" 200 17560
179.57.78.9 - - [25/Sep/2025:15:21:07 -0300] "GET /cormun/servlet/trpermisosadjuntos?12913525,20250925151432,P, HTTP/1.1" 200 6667
179.57.78.9 - - [25/Sep/2025:15:21:08 -0300] "GET /cormun/servlet/permisosadjuntos?INS,12913525,P,20250925151432,, HTTP/1.1" 200 5995
179.57.78.9 - - [25/Sep/2025:15:21:08 -0300] "GET /cormun/static/about:blank HTTP/1.1" 404 1011
190.95.1.185 - - [25/Sep/2025:15:21:16 -0300] "GET /cormun/servlet/trlicencias? HTTP/1.1" 200 11008
179.57.78.9 - - [25/Sep/2025:15:21:17 -0300] "POST /cormun/servlet/permisosadjuntos?91b2d7944a14901e83012982c6aa740d,INS,12913525,P,20250925151432,, HTTP/1.1" 200 116
179.57.78.9 - - [25/Sep/2025:15:21:17 -0300] "GET /cormun/servlet/hpexe_return? HTTP/1.1" 200 1039
179.57.78.9 - - [25/Sep/2025:15:21:17 -0300] "GET /cormun/servlet/trpermisosadjuntos?12913525,20250925151432,P, HTTP/1.1" 200 7171
179.57.78.9 - - [25/Sep/2025:15:21:19 -0300] "POST /cormun/servlet/trpermisosadjuntos?91b2d7944a14901e83012982c6aa740d,12913525,20250925151432,P,,gx-no-cache=1758824619930 HTTP/1.1" 200 90
179.57.78.9 - - [25/Sep/2025:15:21:19 -0300] "GET /cormun/servlet/hpexe_link HTTP/1.1" 200 985
179.57.78.9 - - [25/Sep/2025:15:21:19 -0300] "GET /cormun/servlet/trpermisosgoce HTTP/1.1" 200 17556
179.57.78.9 - - [25/Sep/2025:15:21:22 -0300] "GET /cormun/servlet/trpermisosadjuntos?15108514,20250925151458,P, HTTP/1.1" 200 6664
10.40.40.2 - - [25/Sep/2025:15:21:23 -0300] "GET /cormun/servlet/hlogin HTTP/1.1" 200 1721
10.40.40.2 - - [25/Sep/2025:15:21:23 -0300] "GET /cormun/static/hlogin.js?2022112219184458 HTTP/1.1" 200 2156
10.40.40.2 - - [25/Sep/2025:15:21:23 -0300] "GET /cormun/static/Resources/CormunLogin.png HTTP/1.1" 200 19132
10.40.40.2 - - [25/Sep/2025:15:21:23 -0300] "GET /cormun/static/Resources/indicator.gif HTTP/1.1" 200 1553
179.57.78.9 - - [25/Sep/2025:15:21:24 -0300] "GET /cormun/servlet/permisosadjuntos?INS,15108514,P,20250925151458,, HTTP/1.1" 200 5991
179.57.78.9 - - [25/Sep/2025:15:21:24 -0300] "GET /cormun/static/about:blank HTTP/1.1" 404 1011
10.40.40.2 - - [25/Sep/2025:15:21:27 -0300] "POST /cormun/servlet/hlogin?2021511c0011ee937a086ea066841fd7,gx-no-cache=1758824597590 HTTP/1.1" 200 90
10.40.40.2 - - [25/Sep/2025:15:21:27 -0300] "GET /cormun/servlet/hpexe_link HTTP/1.1" 200 951
10.40.40.2 - - [25/Sep/2025:15:21:27 -0300] "GET /cormun/servlet/hhome HTTP/1.1" 200 3196
10.40.40.2 - - [25/Sep/2025:15:21:27 -0300] "GET /cormun/static/Shared/ext/locale/ext-lang-en.js HTTP/1.1" 200 10940
10.40.40.2 - - [25/Sep/2025:15:21:27 -0300] "GET /cormun/static/hhome.js?20201215495544 HTTP/1.1" 200 777
10.40.40.2 - - [25/Sep/2025:15:21:27 -0300] "GET /cormun/static/gxui/gxui-all.js HTTP/1.1" 200 32768
10.40.40.2 - - [25/Sep/2025:15:21:31 -0300] "GET /cormun/servlet/trlicencias? HTTP/1.1" 200 19319
10.40.40.2 - - [25/Sep/2025:15:21:34 -0300] "GET /cormun/static/menuarrow.gif HTTP/1.1" 404 1015
192.168.10.19 - - [25/Sep/2025:15:21:47 -0300] "POST /cormun/servlet/trsolicitudgral?a645eb4180fb3a012641b18703289310,,gx-no-cache=1758824650754 HTTP/1.1" 200 7247
179.57.78.9 - - [25/Sep/2025:15:21:49 -0300] "POST /cormun/servlet/permisosadjuntos?91b2d7944a14901e83012982c6aa740d,INS,15108514,P,20250925151458,,,gx-no-cache=1758824649672 HTTP/1.1" 200 93
179.57.78.9 - - [25/Sep/2025:15:21:49 -0300] "GET /cormun/servlet/hpexe_return? HTTP/1.1" 200 1039
179.57.78.9 - - [25/Sep/2025:15:21:49 -0300] "GET /cormun/servlet/trpermisosadjuntos?15108514,20250925151458,P, HTTP/1.1" 200 6667
10.40.40.2 - - [25/Sep/2025:15:21:56 -0300] "POST /cormun/servlet/trlicencias?2021511c0011ee937a086ea066841fd7,,gx-no-cache=1758824627220 HTTP/1.1" 200 7661
190.95.1.185 - - [25/Sep/2025:15:22:02 -0300] "GET /cormun/servlet/trpermisosgoce? HTTP/1.1" 200 12329
190.95.1.185 - - [25/Sep/2025:15:22:12 -0300] "GET /cormun/servlet/permisogoce?INS,0,,, HTTP/1.1" 200 7384
190.95.15.27 - - [25/Sep/2025:15:22:22 -0300] "GET /cormun/servlet/solicitudotadjuntos?INS,2025,22963,,1, HTTP/1.1" 200 5993
190.95.15.27 - - [25/Sep/2025:15:22:22 -0300] "GET /cormun/static/about:blank HTTP/1.1" 404 1011
190.95.15.27 - - [25/Sep/2025:15:22:23 -0300] "GET /cormun/servlet/solicitudotadjuntos?81f7bbe662fba615a9b6b3845d2d062470f6cbed5b46186eb69265ea3ce64305ea7f243e09f908527646e712dd692082,gx-no-cache=1758824683001 HTTP/1.1" 200 30
190.95.15.27 - - [25/Sep/2025:15:22:23 -0300] "POST /cormun/servlet/solicitudotadjuntos?249c832e4393046aaa6a280282ebccb4,INS,2025,22963,,1,,gx-no-cache=1758824683050 HTTP/1.1" 200 3907
190.95.15.27 - - [25/Sep/2025:15:22:25 -0300] "POST /cormun/servlet/solicitudotadjuntos?gx-no-cache=1758824685246 HTTP/1.1" 200 26
190.95.15.27 - - [25/Sep/2025:15:22:33 -0300] "GET /cormun/servlet/solicitudotadjuntos?81f7bbe662fba615a9b6b3845d2d062479c03259dfa713432c167e4ad2fd37b9,gx-no-cache=1758824693090 HTTP/1.1" 200 30
190.95.15.27 - - [25/Sep/2025:15:22:33 -0300] "GET /cormun/servlet/solicitudotadjuntos?81f7bbe662fba615a9b6b3845d2d062479c03259dfa713432c167e4ad2fd37b9,gx-no-cache=1758824693115 HTTP/1.1" 200 30
190.95.15.27 - - [25/Sep/2025:15:22:36 -0300] "POST /cormun/servlet/solicitudotadjuntos?249c832e4393046aaa6a280282ebccb4,INS,2025,22963,,1, HTTP/1.1" 200 116
190.95.15.27 - - [25/Sep/2025:15:22:36 -0300] "GET /cormun/servlet/hpexe_return? HTTP/1.1" 200 1026
190.95.15.27 - - [25/Sep/2025:15:22:36 -0300] "GET /cormun/servlet/trsolicitudadjuntos?2025,22963, HTTP/1.1" 200 9457
190.95.15.27 - - [25/Sep/2025:15:22:39 -0300] "GET /cormun/servlet/solicitudotadjuntos?INS,2025,22963,,1, HTTP/1.1" 200 5992
190.95.15.27 - - [25/Sep/2025:15:22:39 -0300] "GET /cormun/static/about:blank HTTP/1.1" 404 1011
190.95.15.27 - - [25/Sep/2025:15:22:39 -0300] "GET /cormun/servlet/solicitudotadjuntos?81f7bbe662fba615a9b6b3845d2d062470f6cbed5b46186eb69265ea3ce64305ea7f243e09f908527646e712dd692082,gx-no-cache=1758824699482 HTTP/1.1" 200 30
190.95.15.27 - - [25/Sep/2025:15:22:40 -0300] "POST /cormun/servlet/solicitudotadjuntos?249c832e4393046aaa6a280282ebccb4,INS,2025,22963,,1,,gx-no-cache=1758824699506 HTTP/1.1" 200 3905
190.95.15.27 - - [25/Sep/2025:15:22:42 -0300] "POST /cormun/servlet/solicitudotadjuntos?gx-no-cache=1758824701941 HTTP/1.1" 200 26
190.95.15.27 - - [25/Sep/2025:15:22:51 -0300] "GET /cormun/servlet/solicitudotadjuntos?81f7bbe662fba615a9b6b3845d2d062479c03259dfa713432c167e4ad2fd37b9,gx-no-cache=1758824711338 HTTP/1.1" 200 30
190.95.15.27 - - [25/Sep/2025:15:22:51 -0300] "GET /cormun/servlet/solicitudotadjuntos?81f7bbe662fba615a9b6b3845d2d062479c03259dfa713432c167e4ad2fd37b9,gx-no-cache=1758824711362 HTTP/1.1" 200 30
190.95.15.27 - - [25/Sep/2025:15:22:51 -0300] "POST /cormun/servlet/solicitudotadjuntos?249c832e4393046aaa6a280282ebccb4,INS,2025,22963,,1, HTTP/1.1" 200 6209
190.95.15.27 - - [25/Sep/2025:15:22:52 -0300] "GET /cormun/static/Shared/jqueryui/images/ui-bg_highlight-soft_100_c6c2c8_1x100.png HTTP/1.1" 404 1117
190.95.15.27 - - [25/Sep/2025:15:22:52 -0300] "GET /cormun/static/Shared/jqueryui/images/ui-icons_82798d_256x240.png HTTP/1.1" 404 1089
190.95.15.27 - - [25/Sep/2025:15:22:52 -0300] "GET /cormun/static/Shared/jqueryui/images/ui-icons_ebccce_256x240.png HTTP/1.1" 404 1089
190.95.15.27 - - [25/Sep/2025:15:22:52 -0300] "GET /cormun/static/Shared/jqueryui/images/ui-bg_flat_55_994d53_40x100.png HTTP/1.1" 404 1097
190.95.15.27 - - [25/Sep/2025:15:22:52 -0300] "GET /cormun/PrivateTempStorage/upload_00009400.jpg HTTP/1.1" 200 220492
190.95.15.9 - - [25/Sep/2025:15:23:05 -0300] "POST /cormun/servlet/trlicencias?30941587079c27ba9ef380efaae3ba71,gx-no-cache=1758824725551 HTTP/1.1" 440 972
190.95.15.9 - - [25/Sep/2025:15:23:06 -0300] "GET /cormun/servlet/trlicencias HTTP/1.1" 200 6055
190.95.15.9 - - [25/Sep/2025:15:23:07 -0300] "GET /cormun/servlet/hlogin HTTP/1.1" 200 1741
190.95.15.27 - - [25/Sep/2025:15:23:09 -0300] "GET /cormun/servlet/trsolicitudadjuntos?2025,22963, HTTP/1.1" 200 9458
190.95.15.9 - - [25/Sep/2025:15:23:11 -0300] "POST /cormun/servlet/hlogin?e971e1729557cce9adc15014f2c3a635,gx-no-cache=1758824731182 HTTP/1.1" 200 90
190.95.15.9 - - [25/Sep/2025:15:23:11 -0300] "GET /cormun/servlet/hpexe_link HTTP/1.1" 200 962
190.95.15.9 - - [25/Sep/2025:15:23:11 -0300] "GET /cormun/servlet/trlicencias HTTP/1.1" 200 12913
190.95.1.185 - - [25/Sep/2025:15:23:17 -0300] "GET /cormun/servlet/permisogoce?c1d3354fd57775c3a5d4a16ca5ee37d96662c120f10667011da13fbd277100ee98462d0df093943c0410977c5f0120716cbd86de407e854e4dcc18c3ff105d28,gx-no-cache=1758824730845 HTTP/1.1" 200 79
190.95.15.9 - - [25/Sep/2025:15:23:18 -0300] "POST /cormun/servlet/trlicencias?e971e1729557cce9adc15014f2c3a635,gx-no-cache=1758824738018 HTTP/1.1" 200 10536
179.57.78.9 - - [25/Sep/2025:15:23:19 -0300] "GET /cormun/servlet/permisosadjuntos?INS,15108514,P,20250925151458,, HTTP/1.1" 200 5991
179.57.78.9 - - [25/Sep/2025:15:23:19 -0300] "GET /cormun/static/about:blank HTTP/1.1" 404 1011
179.57.78.9 - - [25/Sep/2025:15:23:25 -0300] "POST /cormun/servlet/permisosadjuntos?91b2d7944a14901e83012982c6aa740d,INS,15108514,P,20250925151458,, HTTP/1.1" 200 116
179.57.78.9 - - [25/Sep/2025:15:23:25 -0300] "GET /cormun/servlet/hpexe_return? HTTP/1.1" 200 1039
179.57.78.9 - - [25/Sep/2025:15:23:25 -0300] "GET /cormun/servlet/trpermisosadjuntos?15108514,20250925151458,P, HTTP/1.1" 200 7171
179.57.78.9 - - [25/Sep/2025:15:23:29 -0300] "POST /cormun/servlet/trpermisosadjuntos?91b2d7944a14901e83012982c6aa740d,15108514,20250925151458,P,,gx-no-cache=1758824749327 HTTP/1.1" 200 90
179.57.78.9 - - [25/Sep/2025:15:23:29 -0300] "GET /cormun/servlet/hpexe_link HTTP/1.1" 200 985
179.57.78.9 - - [25/Sep/2025:15:23:29 -0300] "GET /cormun/servlet/trpermisosgoce HTTP/1.1" 200 17556
179.57.78.9 - - [25/Sep/2025:15:23:33 -0300] "GET /cormun/servlet/trpermisosadjuntos?15995528,20250925151531,P, HTTP/1.1" 200 6670
179.57.78.9 - - [25/Sep/2025:15:23:35 -0300] "GET /cormun/servlet/permisosadjuntos?INS,15995528,P,20250925151531,, HTTP/1.1" 200 5994
179.57.78.9 - - [25/Sep/2025:15:23:35 -0300] "GET /cormun/static/about:blank HTTP/1.1" 404 1011
190.95.1.185 - - [25/Sep/2025:15:23:39 -0300] "GET /cormun/servlet/permisogoce?c1d3354fd57775c3a5d4a16ca5ee37d9df6bfb87ac0212bb9a30f43c57f1ec29c18bd7e8f2ba1170665b4a303d6b7a106cdadb415d4b18dc857f57ce48af323b,gx-no-cache=1758824758098 HTTP/1.1" 200 48
179.57.78.9 - - [25/Sep/2025:15:23:41 -0300] "POST /cormun/servlet/permisosadjuntos?91b2d7944a14901e83012982c6aa740d,INS,15995528,P,20250925151531,, HTTP/1.1" 200 116
179.57.78.9 - - [25/Sep/2025:15:23:41 -0300] "GET /cormun/servlet/hpexe_return? HTTP/1.1" 200 1040
179.57.78.9 - - [25/Sep/2025:15:23:41 -0300] "GET /cormun/servlet/trpermisosadjuntos?15995528,20250925151531,P, HTTP/1.1" 200 7189
179.57.78.9 - - [25/Sep/2025:15:23:59 -0300] "POST /cormun/servlet/trpermisosadjuntos?91b2d7944a14901e83012982c6aa740d,15995528,20250925151531,P,,gx-no-cache=1758824779968 HTTP/1.1" 200 90
179.57.78.9 - - [25/Sep/2025:15:23:59 -0300] "GET /cormun/servlet/hpexe_link HTTP/1.1" 200 986
179.57.78.9 - - [25/Sep/2025:15:23:59 -0300] "GET /cormun/servlet/trpermisosgoce HTTP/1.1" 200 17556
179.57.78.9 - - [25/Sep/2025:15:24:07 -0300] "GET /cormun/servlet/trpermisosadjuntos?15108488,20250925151603,P, HTTP/1.1" 200 6668
179.57.78.9 - - [25/Sep/2025:15:24:09 -0300] "GET /cormun/servlet/permisosadjuntos?INS,15108488,P,20250925151603,, HTTP/1.1" 200 5995
179.57.78.9 - - [25/Sep/2025:15:24:09 -0300] "GET /cormun/static/about:blank HTTP/1.1" 404 1011
190.95.15.13 - - [25/Sep/2025:15:24:09 -0300] "GET /cormun/servlet/trpermisosgoce? HTTP/1.1" 200 15677
190.95.1.185 - - [25/Sep/2025:15:24:13 -0300] "POST /cormun/servlet/permisogoce?0c79a6218ad58312b25d1c572c4668d6,INS,0,,,,gx-no-cache=1758824792095 HTTP/1.1" 200 93
190.95.1.185 - - [25/Sep/2025:15:24:13 -0300] "GET /cormun/servlet/hpexe_return? HTTP/1.1" 200 1011
190.95.1.185 - - [25/Sep/2025:15:24:13 -0300] "GET /cormun/servlet/trpermisosgoce HTTP/1.1" 200 12652
190.95.15.13 - - [25/Sep/2025:15:24:15 -0300] "GET /cormun/servlet/permisogoce?INS,0,,, HTTP/1.1" 200 6803
179.57.78.9 - - [25/Sep/2025:15:24:21 -0300] "POST /cormun/servlet/permisosadjuntos?91b2d7944a14901e83012982c6aa740d,INS,15108488,P,20250925151603,, HTTP/1.1" 200 116
179.57.78.9 - - [25/Sep/2025:15:24:21 -0300] "GET /cormun/servlet/hpexe_return? HTTP/1.1" 200 1040
179.57.78.9 - - [25/Sep/2025:15:24:21 -0300] "GET /cormun/servlet/trpermisosadjuntos?15108488,20250925151603,P, HTTP/1.1" 200 7175
179.57.78.9 - - [25/Sep/2025:15:24:24 -0300] "POST /cormun/servlet/trpermisosadjuntos?91b2d7944a14901e83012982c6aa740d,15108488,20250925151603,P,,gx-no-cache=1758824804415 HTTP/1.1" 200 90
179.57.78.9 - - [25/Sep/2025:15:24:24 -0300] "GET /cormun/servlet/hpexe_link HTTP/1.1" 200 986
179.57.78.9 - - [25/Sep/2025:15:24:24 -0300] "GET /cormun/servlet/trpermisosgoce HTTP/1.1" 200 17556
190.95.15.13 - - [25/Sep/2025:15:24:25 -0300] "GET /cormun/servlet/permisogoce?d118abe0327fc3ac02b0b72436ef00ef241b22cf10e5c059536cc9c05fb87bb3c0b2b1ea34e360d13fe693d7946e30668773823b4eeda64041bd86c4280747a3,gx-no-cache=1758824803761 HTTP/1.1" 200 83
179.57.78.9 - - [25/Sep/2025:15:24:28 -0300] "GET /cormun/servlet/trpermisosadjuntos?17525987,20250925151627,P, HTTP/1.1" 200 6665
179.57.78.9 - - [25/Sep/2025:15:24:29 -0300] "GET /cormun/servlet/permisosadjuntos?INS,17525987,P,20250925151627,, HTTP/1.1" 200 5992
179.57.78.9 - - [25/Sep/2025:15:24:29 -0300] "GET /cormun/static/about:blank HTTP/1.1" 404 1011
190.95.15.13 - - [25/Sep/2025:15:24:32 -0300] "GET /cormun/servlet/permisogoce?d118abe0327fc3ac02b0b72436ef00ef076be90332a0ca8f1f0c3d98cf362fe841619202bd0af8fd12664dd7bb0274e84eb1b24156294add7d19e00b44bad9d3,gx-no-cache=1758824810128 HTTP/1.1" 200 48
190.95.15.13 - - [25/Sep/2025:15:24:35 -0300] "POST /cormun/servlet/permisogoce?e2ae41e87a0c46c2ef370f2869d72f09,INS,0,,,,gx-no-cache=1758824812634 HTTP/1.1" 200 93
190.95.15.13 - - [25/Sep/2025:15:24:35 -0300] "GET /cormun/servlet/hpexe_return? HTTP/1.1" 200 1005
190.95.15.13 - - [25/Sep/2025:15:24:35 -0300] "GET /cormun/servlet/trpermisosgoce HTTP/1.1" 200 15921
179.57.78.9 - - [25/Sep/2025:15:24:35 -0300] "POST /cormun/servlet/permisosadjuntos?91b2d7944a14901e83012982c6aa740d,INS,17525987,P,20250925151627,, HTTP/1.1" 200 116
179.57.78.9 - - [25/Sep/2025:15:24:35 -0300] "GET /cormun/servlet/hpexe_return? HTTP/1.1" 200 1040
179.57.78.9 - - [25/Sep/2025:15:24:35 -0300] "GET /cormun/servlet/trpermisosadjuntos?17525987,20250925151627,P, HTTP/1.1" 200 7171
190.95.1.185 - - [25/Sep/2025:15:24:40 -0300] "GET /cormun/servlet/apermisogoceprn?12290623,P,20250925152436,PU HTTP/1.1" 200 1674
179.57.78.9 - - [25/Sep/2025:15:24:41 -0300] "POST /cormun/servlet/trpermisosadjuntos?91b2d7944a14901e83012982c6aa740d,17525987,20250925151627,P,,gx-no-cache=1758824822208 HTTP/1.1" 200 90
179.57.78.9 - - [25/Sep/2025:15:24:41 -0300] "GET /cormun/servlet/hpexe_link HTTP/1.1" 200 986
179.57.78.9 - - [25/Sep/2025:15:24:42 -0300] "GET /cormun/servlet/trpermisosgoce HTTP/1.1" 200 17556
179.57.78.9 - - [25/Sep/2025:15:24:46 -0300] "GET /cormun/servlet/trpermisosadjuntos?9014931,20250925151815,P, HTTP/1.1" 200 6675
179.57.78.9 - - [25/Sep/2025:15:24:48 -0300] "GET /cormun/servlet/permisosadjuntos?INS,9014931,P,20250925151815,, HTTP/1.1" 200 6002
179.57.78.9 - - [25/Sep/2025:15:24:48 -0300] "GET /cormun/static/about:blank HTTP/1.1" 404 1011
179.57.78.9 - - [25/Sep/2025:15:24:53 -0300] "POST /cormun/servlet/permisosadjuntos?91b2d7944a14901e83012982c6aa740d,INS,9014931,P,20250925151815,, HTTP/1.1" 200 116
179.57.78.9 - - [25/Sep/2025:15:24:53 -0300] "GET /cormun/servlet/hpexe_return? HTTP/1.1" 200 1039
179.57.78.9 - - [25/Sep/2025:15:24:53 -0300] "GET /cormun/servlet/trpermisosadjuntos?9014931,20250925151815,P, HTTP/1.1" 200 7184
190.95.67.97 - - [25/Sep/2025:15:24:55 -0300] "GET /cormun/servlet/trlicencias? HTTP/1.1" 200 6054
179.57.78.9 - - [25/Sep/2025:15:24:55 -0300] "POST /cormun/servlet/trpermisosadjuntos?91b2d7944a14901e83012982c6aa740d,9014931,20250925151815,P,,gx-no-cache=1758824835599 HTTP/1.1" 200 90
179.57.78.9 - - [25/Sep/2025:15:24:55 -0300] "GET /cormun/servlet/hpexe_link HTTP/1.1" 200 985
179.57.78.9 - - [25/Sep/2025:15:24:55 -0300] "GET /cormun/servlet/trpermisosgoce HTTP/1.1" 200 17556
190.95.67.97 - - [25/Sep/2025:15:24:55 -0300] "GET /cormun/servlet/hlogin HTTP/1.1" 200 1740
190.95.67.97 - - [25/Sep/2025:15:24:55 -0300] "GET /cormun/servlet/trlicencias? HTTP/1.1" 200 6054
179.57.78.9 - - [25/Sep/2025:15:24:59 -0300] "GET /cormun/servlet/trpermisosadjuntos?9067815,20250925151838,P, HTTP/1.1" 200 6673
179.57.78.9 - - [25/Sep/2025:15:25:01 -0300] "GET /cormun/servlet/permisosadjuntos?INS,9067815,P,20250925151838,, HTTP/1.1" 200 6001
179.57.78.9 - - [25/Sep/2025:15:25:01 -0300] "GET /cormun/static/about:blank HTTP/1.1" 404 1011
179.57.78.9 - - [25/Sep/2025:15:25:08 -0300] "POST /cormun/servlet/permisosadjuntos?91b2d7944a14901e83012982c6aa740d,INS,9067815,P,20250925151838,, HTTP/1.1" 200 116
179.57.78.9 - - [25/Sep/2025:15:25:08 -0300] "GET /cormun/servlet/hpexe_return? HTTP/1.1" 200 1039
179.57.78.9 - - [25/Sep/2025:15:25:08 -0300] "GET /cormun/servlet/trpermisosadjuntos?9067815,20250925151838,P, HTTP/1.1" 200 7179
179.57.78.9 - - [25/Sep/2025:15:25:10 -0300] "POST /cormun/servlet/trpermisosadjuntos?91b2d7944a14901e83012982c6aa740d,9067815,20250925151838,P,,gx-no-cache=1758824850665 HTTP/1.1" 200 90
179.57.78.9 - - [25/Sep/2025:15:25:10 -0300] "GET /cormun/servlet/hpexe_link HTTP/1.1" 200 986
179.57.78.9 - - [25/Sep/2025:15:25:10 -0300] "GET /cormun/servlet/trpermisosgoce HTTP/1.1" 200 17556
190.95.15.9 - - [25/Sep/2025:15:25:10 -0300] "GET /cormun/servlet/hlogin HTTP/1.1" 200 1723
190.95.15.9 - - [25/Sep/2025:15:25:11 -0300] "GET /cormun/static/gxtimezone.js?85251 HTTP/1.1" 200 5781
190.95.15.9 - - [25/Sep/2025:15:25:11 -0300] "GET /cormun/static/gxcfg.js?2022112219184450 HTTP/1.1" 200 953
