190.95.1.185 - - [22/Sep/2025:12:24:55 -0300] "GET /cormun/servlet/hpexe_link HTTP/1.1" 200 952
190.95.1.185 - - [22/Sep/2025:12:24:55 -0300] "GET /cormun/servlet/trlicencias HTTP/1.1" 200 10345
190.95.67.93 - - [22/Sep/2025:12:27:17 -0300] "GET /cormun/servlet/hlogin HTTP/1.1" 200 1723
190.95.67.93 - - [22/Sep/2025:12:27:20 -0300] "GET /cormun/servlet/hlogin HTTP/1.1" 200 1723
190.95.67.93 - - [22/Sep/2025:12:27:23 -0300] "POST /cormun/servlet/hlogin?7f9114bed08f487c85c01cace6d9a3d6,gx-no-cache=1758554987283 HTTP/1.1" 200 90
190.95.67.93 - - [22/Sep/2025:12:27:23 -0300] "GET /cormun/servlet/hpexe_link HTTP/1.1" 200 954
190.95.67.93 - - [22/Sep/2025:12:27:23 -0300] "GET /cormun/servlet/hhome HTTP/1.1" 200 4344
190.95.67.93 - - [22/Sep/2025:12:27:41 -0300] "GET /cormun/servlet/trpermisosgoce? HTTP/1.1" 200 15891
190.95.1.185 - - [22/Sep/2025:12:32:18 -0300] "GET /cormun/servlet/trlicencias? HTTP/1.1" 200 10344
201.186.225.185 - - [22/Sep/2025:12:33:22 -0300] "GET /cormun/servlet/hlogin HTTP/1.1" 200 1720
129.222.173.48 - - [22/Sep/2025:12:33:23 -0300] "POST /cormun/servlet/hlogin?a354aa90480f39c93de0d7a0a3b37434,gx-no-cache=1758555347402 HTTP/1.1" 440 972
129.222.173.48 - - [22/Sep/2025:12:33:24 -0300] "GET /cormun/servlet/hlogin HTTP/1.1" 200 1731
201.186.225.185 - - [22/Sep/2025:12:33:26 -0300] "POST /cormun/servlet/hlogin?d6013126b37993adf8eaf1260d217541,gx-no-cache=1758555351226 HTTP/1.1" 200 90
201.186.225.185 - - [22/Sep/2025:12:33:26 -0300] "GET /cormun/servlet/hpexe_link HTTP/1.1" 200 951
201.186.225.185 - - [22/Sep/2025:12:33:26 -0300] "GET /cormun/servlet/hhome HTTP/1.1" 200 4227
129.222.173.48 - - [22/Sep/2025:12:33:28 -0300] "POST /cormun/servlet/hlogin?4afcefbf6d9cc32749ad760c0694268e,gx-no-cache=1758555352139 HTTP/1.1" 200 90
129.222.173.48 - - [22/Sep/2025:12:33:28 -0300] "GET /cormun/servlet/hpexe_link HTTP/1.1" 200 950
129.222.173.48 - - [22/Sep/2025:12:33:28 -0300] "GET /cormun/servlet/hhome HTTP/1.1" 200 3944
201.186.225.185 - - [22/Sep/2025:12:33:30 -0300] "GET /cormun/servlet/trlicencias? HTTP/1.1" 200 15320
129.222.173.48 - - [22/Sep/2025:12:33:33 -0300] "GET /cormun/servlet/trpermisosgoce? HTTP/1.1" 200 6837
129.222.173.48 - - [22/Sep/2025:12:33:40 -0300] "GET /cormun/static/menuarrow.gif HTTP/1.1" 404 1015
129.222.173.48 - - [22/Sep/2025:12:33:46 -0300] "POST /cormun/servlet/trpermisosgoce?4afcefbf6d9cc32749ad760c0694268e,,gx-no-cache=1758555370147 HTTP/1.1" 200 7773
129.222.173.48 - - [22/Sep/2025:12:33:46 -0300] "GET /cormun//static/Resources/PXToolsGridUpdate.png HTTP/1.1" 304 -
129.222.173.48 - - [22/Sep/2025:12:33:46 -0300] "GET /cormun//static/Resources/PXToolsGridDelete.png HTTP/1.1" 304 -
129.222.173.48 - - [22/Sep/2025:12:33:54 -0300] "GET /cormun/servlet/trpermisosadjuntos?19926585,20250822095126,P, HTTP/1.1" 200 6264
129.222.173.48 - - [22/Sep/2025:12:33:54 -0300] "GET /cormun/static/gxcfg.js?2020121641683 HTTP/1.1" 200 953
129.222.173.48 - - [22/Sep/2025:12:33:54 -0300] "GET /cormun/static/trpermisosadjuntos.js?2020121642996 HTTP/1.1" 200 20158
129.222.173.48 - - [22/Sep/2025:12:33:56 -0300] "GET /cormun/servlet/permisosadjuntos?INS,19926585,P,20250822095126,, HTTP/1.1" 200 5587
129.222.173.48 - - [22/Sep/2025:12:33:56 -0300] "GET /cormun/static/about:blank HTTP/1.1" 404 1011
129.222.173.48 - - [22/Sep/2025:12:34:18 -0300] "POST /cormun/servlet/permisosadjuntos?4afcefbf6d9cc32749ad760c0694268e,INS,19926585,P,20250822095126,, HTTP/1.1" 200 116
129.222.173.48 - - [22/Sep/2025:12:34:18 -0300] "GET /cormun/servlet/hpexe_return? HTTP/1.1" 200 1038
129.222.173.48 - - [22/Sep/2025:12:34:18 -0300] "GET /cormun/servlet/trpermisosadjuntos?19926585,20250822095126,P, HTTP/1.1" 200 6741
129.222.173.48 - - [22/Sep/2025:12:34:28 -0300] "POST /cormun/servlet/trpermisosadjuntos?4afcefbf6d9cc32749ad760c0694268e,19926585,20250822095126,P,,gx-no-cache=1758555412754 HTTP/1.1" 200 90
129.222.173.48 - - [22/Sep/2025:12:34:28 -0300] "GET /cormun/servlet/hpexe_link HTTP/1.1" 200 985
129.222.173.48 - - [22/Sep/2025:12:34:29 -0300] "GET /cormun/servlet/trpermisosgoce? HTTP/1.1" 200 10460
129.222.173.48 - - [22/Sep/2025:12:34:34 -0300] "POST /cormun/servlet/trpermisosgoce?4afcefbf6d9cc32749ad760c0694268e,,gx-no-cache=1758555417668 HTTP/1.1" 200 7752
129.222.173.48 - - [22/Sep/2025:12:34:34 -0300] "GET /cormun/static/Shared/jqueryui/images/ui-bg_highlight-soft_100_c6c2c8_1x100.png HTTP/1.1" 404 1117
129.222.173.48 - - [22/Sep/2025:12:34:34 -0300] "GET /cormun/static/Shared/jqueryui/images/ui-icons_82798d_256x240.png HTTP/1.1" 404 1089
129.222.173.48 - - [22/Sep/2025:12:34:34 -0300] "GET /cormun/static/Shared/jqueryui/images/ui-icons_8d78a5_256x240.png HTTP/1.1" 404 1089
129.222.173.48 - - [22/Sep/2025:12:34:34 -0300] "GET /cormun/static/Shared/jqueryui/images/ui-bg_flat_55_fafafa_40x100.png HTTP/1.1" 404 1097
129.222.173.48 - - [22/Sep/2025:12:34:45 -0300] "GET /cormun/servlet/hlogin HTTP/1.1" 200 1740
129.222.173.48 - - [22/Sep/2025:12:34:48 -0300] "POST /cormun/servlet/hlogin?4afcefbf6d9cc32749ad760c0694268e,gx-no-cache=1758555432817 HTTP/1.1" 200 90
129.222.173.48 - - [22/Sep/2025:12:34:48 -0300] "GET /cormun/servlet/hpexe_link HTTP/1.1" 200 950
129.222.173.48 - - [22/Sep/2025:12:34:49 -0300] "GET /cormun/servlet/hhome HTTP/1.1" 200 4305
129.222.173.48 - - [22/Sep/2025:12:34:53 -0300] "GET /cormun/servlet/trautorizarpermisogoce? HTTP/1.1" 200 7147
129.222.173.48 - - [22/Sep/2025:12:34:53 -0300] "GET /cormun/static/gxcfg.js?2020121645532 HTTP/1.1" 200 953
129.222.173.48 - - [22/Sep/2025:12:34:53 -0300] "GET /cormun/static/trautorizarpermisogoce.js?2020121651492 HTTP/1.1" 200 34948
129.222.173.48 - - [22/Sep/2025:12:35:01 -0300] "POST /cormun/servlet/trautorizarpermisogoce?4afcefbf6d9cc32749ad760c0694268e,,gx-no-cache=1758555445058 HTTP/1.1" 200 5251
129.222.173.48 - - [22/Sep/2025:12:35:05 -0300] "POST /cormun/servlet/trautorizarpermisogoce?4afcefbf6d9cc32749ad760c0694268e,,gx-no-cache=1758555449042 HTTP/1.1" 200 4526
129.222.173.48 - - [22/Sep/2025:12:35:26 -0300] "GET /cormun/servlet/hlogin HTTP/1.1" 200 1745
190.95.67.95 - - [22/Sep/2025:12:36:01 -0300] "GET /cormun/servlet/trpermisosgoce? HTTP/1.1" 200 13477
190.95.67.95 - - [22/Sep/2025:12:36:03 -0300] "GET /cormun/servlet/permisogoce?INS,0,,, HTTP/1.1" 200 6873
190.95.67.95 - - [22/Sep/2025:12:36:17 -0300] "GET /cormun/servlet/permisogoce?1d0935680082e813351d9d4d99bfffbebbec44b32d6c6f1cdaee534e315a92df7954c9cd04b66b5a5a20f8152cf1f785abcb33878d1cc533f25877c725039377,gx-no-cache=1758555512326 HTTP/1.1" 200 85
190.95.67.95 - - [22/Sep/2025:12:36:17 -0300] "GET /cormun/static/menuarrow.gif HTTP/1.1" 404 1015
190.95.2.163 - - [22/Sep/2025:12:36:19 -0300] "GET /cormun/servlet/hlogin HTTP/1.1" 200 1718
190.95.67.95 - - [22/Sep/2025:12:36:23 -0300] "GET /cormun/servlet/permisogoce?1d0935680082e813351d9d4d99bfffbecea0f1f3cf177cddf83d2a09c3eae44c3213b123006529d7ab77cf780cd5159c7346b42f41a24784c687d791c0bf6bcf,gx-no-cache=1758555518038 HTTP/1.1" 200 48
190.95.2.163 - - [22/Sep/2025:12:36:23 -0300] "POST /cormun/servlet/hlogin?c0a371e13eba6004559c03826c2d574e,gx-no-cache=1758555527666 HTTP/1.1" 200 90
190.95.2.163 - - [22/Sep/2025:12:36:23 -0300] "GET /cormun/servlet/hpexe_link HTTP/1.1" 200 950
190.95.2.163 - - [22/Sep/2025:12:36:23 -0300] "GET /cormun/servlet/hhome HTTP/1.1" 200 3996
190.95.2.163 - - [22/Sep/2025:12:36:27 -0300] "GET /cormun/servlet/trcontratoobservacion? HTTP/1.1" 200 6157
190.95.67.95 - - [22/Sep/2025:12:36:29 -0300] "POST /cormun/servlet/permisogoce?abbcbf32fa0823e44e582c5c8954912a,INS,0,,,,gx-no-cache=1758555522586 HTTP/1.1" 200 93
190.95.67.95 - - [22/Sep/2025:12:36:29 -0300] "GET /cormun/servlet/hpexe_return? HTTP/1.1" 200 1007
190.95.67.95 - - [22/Sep/2025:12:36:29 -0300] "GET /cormun/servlet/trpermisosgoce HTTP/1.1" 200 13725
190.95.67.95 - - [22/Sep/2025:12:36:32 -0300] "GET /cormun/servlet/apermisogoceprn?18378418,P,20250922123834,PU HTTP/1.1" 200 1658
190.95.2.163 - - [22/Sep/2025:12:36:45 -0300] "GET /cormun/servlet/trsolicitudot? HTTP/1.1" 200 7208
190.95.2.163 - - [22/Sep/2025:12:36:57 -0300] "GET /cormun/servlet/trcontratoobservacion? HTTP/1.1" 200 6156
190.95.2.163 - - [22/Sep/2025:12:37:14 -0300] "POST /cormun/servlet/trcontratoobservacion?c0a371e13eba6004559c03826c2d574e,,gx-no-cache=1758555578740 HTTP/1.1" 200 3823
190.95.2.163 - - [22/Sep/2025:12:37:24 -0300] "GET /cormun/servlet/trvisualizadoreventos? HTTP/1.1" 200 6730
190.95.2.163 - - [22/Sep/2025:12:37:24 -0300] "GET /cormun/static/gxcfg.js?202211298474834 HTTP/1.1" 200 953
190.95.2.163 - - [22/Sep/2025:12:37:24 -0300] "GET /cormun/static/Resources/PXToolsActionPrint.png HTTP/1.1" 200 404
190.95.2.163 - - [22/Sep/2025:12:37:24 -0300] "GET /cormun/static/trvisualizadoreventos.js?202211298474971 HTTP/1.1" 200 19318
190.95.2.163 - - [22/Sep/2025:12:37:46 -0300] "GET /cormun/servlet/trcontratoobservacion? HTTP/1.1" 200 6174
190.95.2.163 - - [22/Sep/2025:12:37:58 -0300] "POST /cormun/servlet/trcontratoobservacion?c0a371e13eba6004559c03826c2d574e,,gx-no-cache=1758555622290 HTTP/1.1" 200 3830
190.95.2.163 - - [22/Sep/2025:12:37:59 -0300] "POST /cormun/servlet/trcontratoobservacion?c0a371e13eba6004559c03826c2d574e,,gx-no-cache=1758555623411 HTTP/1.1" 200 3829
190.95.2.163 - - [22/Sep/2025:12:38:02 -0300] "GET /cormun/servlet/trsolicitudot? HTTP/1.1" 200 7208
190.95.15.13 - - [22/Sep/2025:12:38:05 -0300] "GET /cormun/servlet/trpermisosgoce? HTTP/1.1" 200 6038
190.95.15.13 - - [22/Sep/2025:12:38:05 -0300] "GET /cormun/servlet/hlogin HTTP/1.1" 200 1743
190.95.2.163 - - [22/Sep/2025:12:38:09 -0300] "POST /cormun/servlet/trsolicitudot?c0a371e13eba6004559c03826c2d574e,,gx-no-cache=1758555633518 HTTP/1.1" 200 4349
190.95.15.13 - - [22/Sep/2025:12:38:13 -0300] "POST /cormun/servlet/hlogin?331d63396c0b8751da7d1c52b95f0410,gx-no-cache=1758555637537 HTTP/1.1" 200 90
190.95.15.13 - - [22/Sep/2025:12:38:13 -0300] "GET /cormun/servlet/hpexe_link HTTP/1.1" 200 958
190.95.15.13 - - [22/Sep/2025:12:38:13 -0300] "GET /cormun/servlet/trpermisosgoce HTTP/1.1" 200 14477
190.95.2.163 - - [22/Sep/2025:12:38:14 -0300] "GET /cormun/static/menuarrow.gif HTTP/1.1" 404 1015
190.95.2.163 - - [22/Sep/2025:12:38:30 -0300] "GET /cormun/servlet/trcontratoobservacion? HTTP/1.1" 200 6177
190.95.15.13 - - [22/Sep/2025:12:38:37 -0300] "GET /cormun/servlet/permisogoce?INS,0,,, HTTP/1.1" 200 6813
190.95.15.13 - - [22/Sep/2025:12:38:47 -0300] "GET /cormun/servlet/permisogoce?f48ee9371a366974c64e35bcd18360cb7f2bc16efa52355a0634930f6af2cacdf9ed722140fbcffb8cc1a3507f5df23e6120f26f45e2af38fd7ea3251ba1f0ad,gx-no-cache=1758555671906 HTTP/1.1" 200 77
190.95.15.13 - - [22/Sep/2025:12:38:47 -0300] "GET /cormun/static/menuarrow.gif HTTP/1.1" 404 1015
179.57.78.55 - - [22/Sep/2025:12:38:51 -0300] "GET /cormun/servlet/permisogoce?INS,0,,, HTTP/1.1" 200 6844
190.95.2.163 - - [22/Sep/2025:12:38:54 -0300] "POST /cormun/servlet/trcontratoobservacion?c0a371e13eba6004559c03826c2d574e,,gx-no-cache=1758555678982 HTTP/1.1" 200 3824
190.95.2.163 - - [22/Sep/2025:12:39:03 -0300] "GET /cormun/servlet/trvisualizadoreventos? HTTP/1.1" 200 6730
179.57.78.55 - - [22/Sep/2025:12:39:04 -0300] "GET /cormun/servlet/permisogoce?f786ce78004f7a9445a59f30a300e16614bdfe0932d93e13e4bb2cde2ef458f8dd657eaf82149cee835cc80b6204e5e051c43dc79f01b3bf29f71833b4f360ea,gx-no-cache=1758555688483 HTTP/1.1" 200 75
179.57.78.55 - - [22/Sep/2025:12:39:06 -0300] "GET /cormun/static/menuarrow.gif HTTP/1.1" 404 1015
190.95.2.163 - - [22/Sep/2025:12:39:10 -0300] "POST /cormun/servlet/trvisualizadoreventos?c0a371e13eba6004559c03826c2d574e,,gx-no-cache=1758555694784 HTTP/1.1" 200 4004
179.57.78.55 - - [22/Sep/2025:12:39:10 -0300] "GET /cormun/servlet/permisogoce?f786ce78004f7a9445a59f30a300e1661ce34d8b383eb11ffd104efc1665cb5f0ccc769667f96053e70797a05b99b88230ba5918d64655e6227b21eb33c413bf,gx-no-cache=1758555694973 HTTP/1.1" 200 48
190.95.2.163 - - [22/Sep/2025:12:39:11 -0300] "POST /cormun/servlet/trvisualizadoreventos?c0a371e13eba6004559c03826c2d574e,,gx-no-cache=1758555696011 HTTP/1.1" 200 4004
190.95.15.13 - - [22/Sep/2025:12:39:15 -0300] "GET /cormun/servlet/permisogoce?f48ee9371a366974c64e35bcd18360cb2502bbc654a350776704f6ace367bae6a2db6ca12bc44b15c55800274a4bcb82d364aa076edfb2d19b107adc0c1aef16,gx-no-cache=1758555699328 HTTP/1.1" 200 48
179.57.78.55 - - [22/Sep/2025:12:39:16 -0300] "POST /cormun/servlet/permisogoce?46bf7af9b6c5fad39ab7e27e266642dd,INS,0,,,,gx-no-cache=1758555700294 HTTP/1.1" 200 93
179.57.78.55 - - [22/Sep/2025:12:39:16 -0300] "GET /cormun/servlet/hpexe_return? HTTP/1.1" 200 1008
179.57.78.55 - - [22/Sep/2025:12:39:16 -0300] "GET /cormun/servlet/trpermisosgoce HTTP/1.1" 200 13066
190.95.15.13 - - [22/Sep/2025:12:39:18 -0300] "POST /cormun/servlet/permisogoce?331d63396c0b8751da7d1c52b95f0410,INS,0,,,,gx-no-cache=1758555701593 HTTP/1.1" 200 93
190.95.15.13 - - [22/Sep/2025:12:39:18 -0300] "GET /cormun/servlet/hpexe_return? HTTP/1.1" 200 1010
190.95.15.13 - - [22/Sep/2025:12:39:18 -0300] "GET /cormun/servlet/trpermisosgoce HTTP/1.1" 200 14699
190.95.2.163 - - [22/Sep/2025:12:39:19 -0300] "POST /cormun/servlet/trvisualizadoreventos?c0a371e13eba6004559c03826c2d574e,,gx-no-cache=1758555703476 HTTP/1.1" 200 4014
190.95.2.163 - - [22/Sep/2025:12:39:22 -0300] "POST /cormun/servlet/trvisualizadoreventos?c0a371e13eba6004559c03826c2d574e,,gx-no-cache=1758555706289 HTTP/1.1" 200 4014
179.57.78.55 - - [22/Sep/2025:12:39:26 -0300] "GET /cormun/servlet/apermisogoceprn?16110947,P,20250922124122,PU HTTP/1.1" 200 1651
190.95.2.163 - - [22/Sep/2025:12:39:28 -0300] "GET /cormun/servlet/trsolicitudot? HTTP/1.1" 200 7211
190.95.2.163 - - [22/Sep/2025:12:39:35 -0300] "POST /cormun/servlet/trsolicitudot?c0a371e13eba6004559c03826c2d574e,,gx-no-cache=1758555720038 HTTP/1.1" 200 4352
190.95.2.163 - - [22/Sep/2025:12:39:41 -0300] "POST /cormun/servlet/trsolicitudot?c0a371e13eba6004559c03826c2d574e,,gx-no-cache=1758555725430 HTTP/1.1" 200 4356
190.95.2.163 - - [22/Sep/2025:12:39:42 -0300] "POST /cormun/servlet/trsolicitudot?c0a371e13eba6004559c03826c2d574e,,gx-no-cache=1758555726391 HTTP/1.1" 200 4355
129.222.173.48 - - [22/Sep/2025:12:40:50 -0300] "POST /cormun/servlet/hlogin?4afcefbf6d9cc32749ad760c0694268e,gx-no-cache=1758555794096 HTTP/1.1" 200 90
129.222.173.48 - - [22/Sep/2025:12:40:50 -0300] "GET /cormun/servlet/hpexe_link HTTP/1.1" 200 950
129.222.173.48 - - [22/Sep/2025:12:40:50 -0300] "GET /cormun/servlet/hhome HTTP/1.1" 200 3944
129.222.173.48 - - [22/Sep/2025:12:40:55 -0300] "GET /cormun/servlet/trlicencias? HTTP/1.1" 200 8897
190.95.2.163 - - [22/Sep/2025:12:40:59 -0300] "GET /cormun/servlet/trcontratoobservacion? HTTP/1.1" 200 6174
129.222.173.48 - - [22/Sep/2025:12:41:02 -0300] "GET /cormun/servlet/trsolicitudot? HTTP/1.1" 200 7154
190.95.2.163 - - [22/Sep/2025:12:41:05 -0300] "POST /cormun/servlet/trcontratoobservacion?c0a371e13eba6004559c03826c2d574e,,gx-no-cache=1758555810008 HTTP/1.1" 200 3809
190.95.2.163 - - [22/Sep/2025:12:41:06 -0300] "POST /cormun/servlet/trcontratoobservacion?c0a371e13eba6004559c03826c2d574e,,gx-no-cache=1758555810751 HTTP/1.1" 200 3810
129.222.173.48 - - [22/Sep/2025:12:41:12 -0300] "POST /cormun/servlet/trsolicitudot?4afcefbf6d9cc32749ad760c0694268e,,gx-no-cache=1758555816571 HTTP/1.1" 200 4341
190.95.2.163 - - [22/Sep/2025:12:41:18 -0300] "GET /cormun/servlet/hlogin HTTP/1.1" 200 1739
129.222.173.48 - - [22/Sep/2025:12:41:19 -0300] "POST /cormun/servlet/trsolicitudot?4afcefbf6d9cc32749ad760c0694268e,,gx-no-cache=1758555822961 HTTP/1.1" 200 90
129.222.173.48 - - [22/Sep/2025:12:41:19 -0300] "GET /cormun/servlet/hpexe_link HTTP/1.1" 200 960
129.222.173.48 - - [22/Sep/2025:12:41:19 -0300] "GET /cormun/servlet/trlicencias HTTP/1.1" 200 8897
190.95.2.163 - - [22/Sep/2025:12:41:22 -0300] "POST /cormun/servlet/hlogin?c0a371e13eba6004559c03826c2d574e,gx-no-cache=1758555826795 HTTP/1.1" 200 90
190.95.2.163 - - [22/Sep/2025:12:41:22 -0300] "GET /cormun/servlet/hpexe_link HTTP/1.1" 200 950
190.95.2.163 - - [22/Sep/2025:12:41:22 -0300] "GET /cormun/servlet/hhome HTTP/1.1" 200 4170
129.222.173.48 - - [22/Sep/2025:12:41:25 -0300] "GET /cormun/servlet/trpermisosgoce? HTTP/1.1" 200 10382
190.95.15.9 - - [22/Sep/2025:12:41:31 -0300] "POST /cormun/servlet/trlicencias?aed34b8b3b32d79dfda5b4310925ac5f,gx-no-cache=1758555836411 HTTP/1.1" 440 972
190.95.15.9 - - [22/Sep/2025:12:41:33 -0300] "GET /cormun/servlet/trlicencias HTTP/1.1" 200 6055
190.95.2.163 - - [22/Sep/2025:12:41:33 -0300] "GET /cormun/servlet/trcargahoraria? HTTP/1.1" 200 6545
190.95.2.163 - - [22/Sep/2025:12:41:33 -0300] "GET /cormun/static/gxcfg.js?202012113392337 HTTP/1.1" 200 953
190.95.2.163 - - [22/Sep/2025:12:41:34 -0300] "GET /cormun/static/trcargahoraria.js?202012113392783 HTTP/1.1" 200 28768
190.95.15.9 - - [22/Sep/2025:12:41:34 -0300] "GET /cormun/servlet/hlogin HTTP/1.1" 200 1741
190.95.15.9 - - [22/Sep/2025:12:41:38 -0300] "POST /cormun/servlet/hlogin?a3c5d4e1f3861f577ce130958ce0b7af,gx-no-cache=1758555842865 HTTP/1.1" 200 90
190.95.15.9 - - [22/Sep/2025:12:41:38 -0300] "GET /cormun/servlet/hpexe_link HTTP/1.1" 200 960
190.95.15.9 - - [22/Sep/2025:12:41:38 -0300] "GET /cormun/servlet/trlicencias HTTP/1.1" 200 12877
129.222.173.48 - - [22/Sep/2025:12:41:38 -0300] "GET /cormun/servlet/permisogoce?INS,0,,, HTTP/1.1" 200 6807
190.95.2.163 - - [22/Sep/2025:12:41:45 -0300] "POST /cormun/servlet/trcargahoraria?c0a371e13eba6004559c03826c2d574e,,gx-no-cache=1758555849379 HTTP/1.1" 200 4142
190.95.2.163 - - [22/Sep/2025:12:41:46 -0300] "POST /cormun/servlet/trcargahoraria?c0a371e13eba6004559c03826c2d574e,,gx-no-cache=1758555851019 HTTP/1.1" 200 4142
129.222.173.48 - - [22/Sep/2025:12:41:48 -0300] "GET /cormun/servlet/permisogoce?76cddcad9691a14877287482670d78b13d03d65efd10f5a4770854e8fa54f4c00b81164c993527ef9d5e282a50adaa73c6c4d68d5b5341e429db752ae53e268f,gx-no-cache=1758555852235 HTTP/1.1" 200 82
190.95.15.9 - - [22/Sep/2025:12:41:50 -0300] "POST /cormun/servlet/trlicencias?a3c5d4e1f3861f577ce130958ce0b7af,gx-no-cache=1758555855528 HTTP/1.1" 200 10472
190.95.2.163 - - [22/Sep/2025:12:41:53 -0300] "POST /cormun/servlet/trcargahoraria?c0a371e13eba6004559c03826c2d574e,,gx-no-cache=1758555857336 HTTP/1.1" 200 4144
190.95.2.163 - - [22/Sep/2025:12:41:54 -0300] "POST /cormun/servlet/trcargahoraria?c0a371e13eba6004559c03826c2d574e,,gx-no-cache=1758555858697 HTTP/1.1" 200 4144
129.222.173.48 - - [22/Sep/2025:12:42:00 -0300] "GET /cormun/servlet/hlogin HTTP/1.1" 200 1742
190.95.2.163 - - [22/Sep/2025:12:42:01 -0300] "POST /cormun/servlet/trcargahoraria?c0a371e13eba6004559c03826c2d574e,,gx-no-cache=1758555865244 HTTP/1.1" 200 4154
190.95.2.163 - - [22/Sep/2025:12:42:03 -0300] "GET /cormun/servlet/trreportecargahoraria? HTTP/1.1" 200 6730
190.95.2.163 - - [22/Sep/2025:12:42:04 -0300] "GET /cormun/static/gxcfg.js?202211298504121 HTTP/1.1" 200 953
190.95.2.163 - - [22/Sep/2025:12:42:04 -0300] "GET /cormun/static/trreportecargahoraria.js?20221129850435 HTTP/1.1" 200 29376
190.95.2.163 - - [22/Sep/2025:12:42:07 -0300] "POST /cormun/servlet/trreportecargahoraria?c0a371e13eba6004559c03826c2d574e,,gx-no-cache=1758555871239 HTTP/1.1" 200 4207
190.95.2.163 - - [22/Sep/2025:12:42:10 -0300] "POST /cormun/servlet/trreportecargahoraria?c0a371e13eba6004559c03826c2d574e,,gx-no-cache=1758555874444 HTTP/1.1" 200 4207
190.95.2.163 - - [22/Sep/2025:12:42:13 -0300] "GET /cormun/servlet/trcontratosolicitud? HTTP/1.1" 200 14689
190.95.2.163 - - [22/Sep/2025:12:42:28 -0300] "POST /cormun/servlet/trcontratosolicitud?c0a371e13eba6004559c03826c2d574e,,gx-no-cache=1758555892281 HTTP/1.1" 200 12540
190.95.2.163 - - [22/Sep/2025:12:42:46 -0300] "POST /cormun/servlet/trcontratosolicitud?c0a371e13eba6004559c03826c2d574e,,gx-no-cache=1758555909715 HTTP/1.1" 200 5070
179.57.78.71 - - [22/Sep/2025:12:43:23 -0300] "GET /cormun/servlet/hhome HTTP/1.1" 200 3330
179.57.78.71 - - [22/Sep/2025:12:43:23 -0300] "GET /cormun/servlet/hlogin HTTP/1.1" 200 1740
179.57.78.71 - - [22/Sep/2025:12:43:26 -0300] "POST /cormun/servlet/hlogin?b6ab7ded5b1bc926d3dbda71c6965ae4,gx-no-cache=1758555950522 HTTP/1.1" 200 90
179.57.78.71 - - [22/Sep/2025:12:43:26 -0300] "GET /cormun/servlet/hpexe_link HTTP/1.1" 200 956
179.57.78.71 - - [22/Sep/2025:12:43:26 -0300] "GET /cormun/servlet/hhome HTTP/1.1" 200 4264
179.57.78.71 - - [22/Sep/2025:12:43:30 -0300] "GET /cormun/servlet/trlicencias? HTTP/1.1" 200 11849
179.57.78.71 - - [22/Sep/2025:12:43:31 -0300] "GET /cormun/servlet/hlogin HTTP/1.1" 200 1723
179.57.78.71 - - [22/Sep/2025:12:43:36 -0300] "POST /cormun/servlet/hlogin?523147898c2279ae44861faad80a340f,gx-no-cache=1758555967836 HTTP/1.1" 200 90
179.57.78.71 - - [22/Sep/2025:12:43:36 -0300] "GET /cormun/servlet/hpexe_link HTTP/1.1" 200 952
179.57.78.71 - - [22/Sep/2025:12:43:36 -0300] "GET /cormun/servlet/hhome HTTP/1.1" 200 4256
179.57.78.71 - - [22/Sep/2025:12:43:52 -0300] "GET /cormun/servlet/hlogin HTTP/1.1" 200 1723
179.57.78.71 - - [22/Sep/2025:12:43:59 -0300] "POST /cormun/servlet/hlogin?523147898c2279ae44861faad80a340f,gx-no-cache=1758555991402 HTTP/1.1" 200 90
179.57.78.71 - - [22/Sep/2025:12:43:59 -0300] "GET /cormun/servlet/hpexe_link HTTP/1.1" 200 952
179.57.78.71 - - [22/Sep/2025:12:43:59 -0300] "GET /cormun/servlet/hhome HTTP/1.1" 200 4256
179.57.78.71 - - [22/Sep/2025:12:44:12 -0300] "GET /cormun/servlet/trlicencias? HTTP/1.1" 200 11843
190.95.2.163 - - [22/Sep/2025:12:44:27 -0300] "POST /cormun/servlet/trcontratosolicitud?c0a371e13eba6004559c03826c2d574e,,gx-no-cache=1758556011653 HTTP/1.1" 200 12524
190.95.2.163 - - [22/Sep/2025:12:44:37 -0300] "POST /cormun/servlet/trcontratosolicitud?c0a371e13eba6004559c03826c2d574e,,gx-no-cache=1758556021918 HTTP/1.1" 200 8880
190.95.2.163 - - [22/Sep/2025:12:44:37 -0300] "GET /cormun/static/Resources/PXToolsGridFirst.gif HTTP/1.1" 200 379
190.95.2.163 - - [22/Sep/2025:12:44:38 -0300] "GET /cormun/static/Resources/PXToolsGridPrevious.gif HTTP/1.1" 200 369
179.57.78.71 - - [22/Sep/2025:12:46:01 -0300] "GET /cormun/servlet/licenciaspermisos?DSP,19852552,L,20250917000000, HTTP/1.1" 200 7384
190.95.1.185 - - [22/Sep/2025:12:46:08 -0300] "GET /cormun/servlet/hlogin HTTP/1.1" 200 1719
179.57.78.71 - - [22/Sep/2025:12:46:16 -0300] "POST /cormun/servlet/licenciaspermisos?b6ab7ded5b1bc926d3dbda71c6965ae4,DSP,19852552,L,20250917000000,,gx-no-cache=1758556120410 HTTP/1.1" 200 93
179.57.78.71 - - [22/Sep/2025:12:46:16 -0300] "GET /cormun/servlet/hpexe_return? HTTP/1.1" 200 1032
179.57.78.71 - - [22/Sep/2025:12:46:16 -0300] "GET /cormun/static/gxcfg.js?20221129846035 HTTP/1.1" 200 953
179.57.78.71 - - [22/Sep/2025:12:46:16 -0300] "GET /cormun/static/hpexe_return.js?20221129846037 HTTP/1.1" 200 1633
179.57.78.71 - - [22/Sep/2025:12:46:16 -0300] "GET /cormun/servlet/trlicencias HTTP/1.1" 200 11852
190.95.1.185 - - [22/Sep/2025:12:47:43 -0300] "POST /cormun/servlet/hlogin?96fe6f32332e40526cec6ea154e97a1f,gx-no-cache=1758556208028 HTTP/1.1" 200 90
190.95.1.185 - - [22/Sep/2025:12:47:43 -0300] "GET /cormun/servlet/hpexe_link HTTP/1.1" 200 952
190.95.1.185 - - [22/Sep/2025:12:47:43 -0300] "GET /cormun/servlet/trlicencias HTTP/1.1" 200 10345
190.95.15.9 - - [22/Sep/2025:12:48:08 -0300] "POST /cormun/servlet/trlicencias?a3c5d4e1f3861f577ce130958ce0b7af,gx-no-cache=1758556232814 HTTP/1.1" 200 10473
190.95.2.163 - - [22/Sep/2025:12:48:46 -0300] "GET /cormun/servlet/trfichaempleado? HTTP/1.1" 200 14731
190.95.2.163 - - [22/Sep/2025:12:50:31 -0300] "GET /cormun/servlet/trfichaempleado? HTTP/1.1" 200 14732
190.95.67.99 - - [22/Sep/2025:12:51:06 -0300] "GET /cormun/servlet/trpermisosgoce HTTP/1.1" 200 6038
190.95.15.13 - - [22/Sep/2025:12:51:07 -0300] "GET /cormun/servlet/trlicencias? HTTP/1.1" 200 12429
190.95.67.99 - - [22/Sep/2025:12:51:08 -0300] "GET /cormun/servlet/hlogin HTTP/1.1" 200 1744
190.95.67.99 - - [22/Sep/2025:12:51:14 -0300] "POST /cormun/servlet/hlogin?706f3e95df5eb3edeb92cf2700b19696,gx-no-cache=1758556418413 HTTP/1.1" 200 90
190.95.67.99 - - [22/Sep/2025:12:51:14 -0300] "GET /cormun/servlet/hpexe_link HTTP/1.1" 200 961
190.95.67.99 - - [22/Sep/2025:12:51:14 -0300] "GET /cormun/servlet/trpermisosgoce HTTP/1.1" 200 13866
190.95.2.163 - - [22/Sep/2025:12:51:15 -0300] "POST /cormun/servlet/trcontratosolicitud?c0a371e13eba6004559c03826c2d574e,,gx-no-cache=1758556419508 HTTP/1.1" 200 12520
190.95.67.99 - - [22/Sep/2025:12:51:20 -0300] "GET /cormun/servlet/trlicencias? HTTP/1.1" 200 8739
190.95.67.99 - - [22/Sep/2025:12:51:23 -0300] "POST /cormun/servlet/trlicencias?706f3e95df5eb3edeb92cf2700b19696,,gx-no-cache=1758556427293 HTTP/1.1" 200 6046
67.205.184.49 - - [22/Sep/2025:12:51:32 -0300] "GET / HTTP/1.1" 200 11217
190.95.2.163 - - [22/Sep/2025:12:51:41 -0300] "GET /cormun/servlet/trfichaempleado? HTTP/1.1" 200 14873
190.95.2.163 - - [22/Sep/2025:12:51:41 -0300] "GET /cormun/static/gxui/gxui-all.css?110300 HTTP/1.1" 200 2179
190.95.2.163 - - [22/Sep/2025:12:51:41 -0300] "GET /cormun/static/gxcfg.js?201991420132062 HTTP/1.1" 200 953
190.95.2.163 - - [22/Sep/2025:12:51:41 -0300] "GET /cormun/static/trfichaempleado.js?201991420132430 HTTP/1.1" 200 22815
190.95.2.163 - - [22/Sep/2025:12:51:41 -0300] "GET /cormun/static/Resources/Spanish/PXTools.css?19172979 HTTP/1.1" 200 100853
190.95.2.163 - - [22/Sep/2025:12:51:41 -0300] "GET /cormun/static/Shared/ext/resources/css/ext-all.css?205870 HTTP/1.1" 200 416045
190.95.2.163 - - [22/Sep/2025:12:51:42 -0300] "POST /cormun/servlet/acontrolpreferencessavestate?None,OPOBLETE,true HTTP/1.1" 200 35
190.95.15.17 - - [22/Sep/2025:12:53:32 -0300] "GET /cormun/servlet/hlogin HTTP/1.1" 200 1716
190.95.15.17 - - [22/Sep/2025:12:53:34 -0300] "POST /cormun/servlet/hlogin?1216f75066fbac722b8289d8a963f6ee,gx-no-cache=1758556608298 HTTP/1.1" 200 413
190.95.15.17 - - [22/Sep/2025:12:53:36 -0300] "POST /cormun/servlet/hlogin?1216f75066fbac722b8289d8a963f6ee,gx-no-cache=1758556609674 HTTP/1.1" 200 413
190.95.15.17 - - [22/Sep/2025:12:53:38 -0300] "POST /cormun/servlet/hlogin?1216f75066fbac722b8289d8a963f6ee,gx-no-cache=1758556612338 HTTP/1.1" 200 90
190.95.15.17 - - [22/Sep/2025:12:53:38 -0300] "GET /cormun/servlet/hpexe_link HTTP/1.1" 200 946
190.95.15.17 - - [22/Sep/2025:12:53:39 -0300] "GET /cormun/servlet/hhome HTTP/1.1" 200 4374
190.95.15.17 - - [22/Sep/2025:12:53:43 -0300] "GET /cormun/servlet/trlicencias? HTTP/1.1" 200 12449
190.95.15.13 - - [22/Sep/2025:12:54:08 -0300] "GET /cormun/servlet/hlogin HTTP/1.1" 200 1740
190.95.1.129 - - [22/Sep/2025:12:55:08 -0300] "GET /cormun/servlet/hlogin HTTP/1.1" 200 1724
190.95.1.129 - - [22/Sep/2025:12:55:10 -0300] "POST /cormun/servlet/hlogin?d57c6aea79336e439f24cf6ed31d5abe,gx-no-cache=1758556655276 HTTP/1.1" 200 90
190.95.1.129 - - [22/Sep/2025:12:55:11 -0300] "GET /cormun/servlet/hpexe_link HTTP/1.1" 200 954
190.95.1.129 - - [22/Sep/2025:12:55:11 -0300] "GET /cormun/servlet/hhome HTTP/1.1" 200 4307
190.95.1.129 - - [22/Sep/2025:12:55:14 -0300] "GET /cormun/servlet/trlicencias? HTTP/1.1" 200 12450
190.95.67.99 - - [22/Sep/2025:12:55:42 -0300] "POST /cormun/servlet/trlicencias?706f3e95df5eb3edeb92cf2700b19696,,gx-no-cache=1758556686372 HTTP/1.1" 200 6046
190.95.67.99 - - [22/Sep/2025:12:55:43 -0300] "POST /cormun/servlet/trlicencias?706f3e95df5eb3edeb92cf2700b19696,,gx-no-cache=1758556687427 HTTP/1.1" 200 6046
190.95.67.99 - - [22/Sep/2025:12:56:59 -0300] "POST /cormun/servlet/trlicencias?706f3e95df5eb3edeb92cf2700b19696,,gx-no-cache=1758556763484 HTTP/1.1" 200 6046
190.95.67.99 - - [22/Sep/2025:12:57:00 -0300] "POST /cormun/servlet/trlicencias?706f3e95df5eb3edeb92cf2700b19696,,gx-no-cache=1758556764691 HTTP/1.1" 200 6046
190.95.1.129 - - [22/Sep/2025:12:57:49 -0300] "GET /cormun/servlet/hlogin HTTP/1.1" 200 1724
190.95.1.129 - - [22/Sep/2025:12:57:57 -0300] "POST /cormun/servlet/hlogin?d8da675e3dc6fb9480b87728f48b68e2,gx-no-cache=1758556825542 HTTP/1.1" 200 90
190.95.1.129 - - [22/Sep/2025:12:57:57 -0300] "GET /cormun/servlet/hpexe_link HTTP/1.1" 200 953
190.95.1.129 - - [22/Sep/2025:12:57:57 -0300] "GET /cormun/servlet/hhome HTTP/1.1" 200 4307
190.95.1.129 - - [22/Sep/2025:12:57:59 -0300] "GET /cormun/servlet/trlicencias? HTTP/1.1" 200 12449
190.95.2.163 - - [22/Sep/2025:13:02:57 -0300] "GET /cormun/servlet/hlogin HTTP/1.1" 200 1739
190.95.15.9 - - [22/Sep/2025:13:05:04 -0300] "POST /cormun/servlet/trlicencias?a3c5d4e1f3861f577ce130958ce0b7af,gx-no-cache=1758557248666 HTTP/1.1" 200 10475
179.57.78.55 - - [22/Sep/2025:13:08:57 -0300] "GET /cormun/servlet/trpermisosgoce? HTTP/1.1" 200 13061
179.57.78.55 - - [22/Sep/2025:13:08:59 -0300] "GET /cormun/servlet/permisogoce?INS,0,,, HTTP/1.1" 200 6843
179.57.78.55 - - [22/Sep/2025:13:09:17 -0300] "GET /cormun/servlet/permisogoce?f786ce78004f7a9445a59f30a300e166a2ee1ab80ff05e802e5ffdd151ef9635dd657eaf82149cee835cc80b6204e5e051c43dc79f01b3bf29f71833b4f360ea,gx-no-cache=1758557501094 HTTP/1.1" 200 226
179.57.78.55 - - [22/Sep/2025:13:09:17 -0300] "GET /cormun/static/Shared/jqueryui/images/ui-bg_highlight-soft_100_c6c2c8_1x100.png HTTP/1.1" 404 1117
179.57.78.55 - - [22/Sep/2025:13:09:17 -0300] "GET /cormun/static/Shared/jqueryui/images/ui-icons_82798d_256x240.png HTTP/1.1" 404 1089
179.57.78.55 - - [22/Sep/2025:13:09:17 -0300] "GET /cormun/static/Shared/jqueryui/images/ui-bg_flat_55_994d53_40x100.png HTTP/1.1" 404 1097
179.57.78.55 - - [22/Sep/2025:13:09:17 -0300] "GET /cormun/static/Shared/jqueryui/images/ui-icons_ebccce_256x240.png HTTP/1.1" 404 1089
179.57.78.55 - - [22/Sep/2025:13:09:32 -0300] "GET /cormun/servlet/permisogoce?f786ce78004f7a9445a59f30a300e1662fa62e22f0ee31fb4f8cc82c063a863fdd657eaf82149cee835cc80b6204e5e051c43dc79f01b3bf29f71833b4f360ea,gx-no-cache=1758557516626 HTTP/1.1" 200 76
200.126.116.145 - - [22/Sep/2025:13:09:32 -0300] "GET /cormun/servlet/trlicencias? HTTP/1.1" 200 6056
200.126.116.145 - - [22/Sep/2025:13:09:32 -0300] "GET /cormun/servlet/hlogin HTTP/1.1" 200 1736
179.57.78.55 - - [22/Sep/2025:13:09:34 -0300] "GET /cormun/static/menuarrow.gif HTTP/1.1" 404 1015
179.57.78.55 - - [22/Sep/2025:13:09:38 -0300] "GET /cormun/servlet/permisogoce?f786ce78004f7a9445a59f30a300e166bc4b68c7e2fe2acdc28cb5525304c1435e8d127b9684fa3ccf2fd6cbdb36636462e91deb91355cccc98ec35d9c712069,gx-no-cache=1758557522634 HTTP/1.1" 200 47
190.95.15.17 - - [22/Sep/2025:13:09:40 -0300] "GET /cormun/servlet/hlogin HTTP/1.1" 200 1716
179.57.78.55 - - [22/Sep/2025:13:09:40 -0300] "POST /cormun/servlet/permisogoce?46bf7af9b6c5fad39ab7e27e266642dd,INS,0,,,,gx-no-cache=1758557524083 HTTP/1.1" 200 93
179.57.78.55 - - [22/Sep/2025:13:09:40 -0300] "GET /cormun/servlet/hpexe_return? HTTP/1.1" 200 1008
179.57.78.55 - - [22/Sep/2025:13:09:40 -0300] "GET /cormun/servlet/trpermisosgoce HTTP/1.1" 200 13296
179.57.78.55 - - [22/Sep/2025:13:09:43 -0300] "GET /cormun/servlet/apermisogoceprn?18040711,P,20250922131130,PU HTTP/1.1" 200 1649
190.95.15.17 - - [22/Sep/2025:13:09:43 -0300] "POST /cormun/servlet/hlogin?1216f75066fbac722b8289d8a963f6ee,gx-no-cache=1758557577105 HTTP/1.1" 200 90
190.95.15.17 - - [22/Sep/2025:13:09:43 -0300] "GET /cormun/servlet/hpexe_link HTTP/1.1" 200 950
190.95.15.17 - - [22/Sep/2025:13:09:43 -0300] "GET /cormun/servlet/trlicencias HTTP/1.1" 200 12449
200.126.116.145 - - [22/Sep/2025:13:09:47 -0300] "POST /cormun/servlet/hlogin?cd17d1fc5b958d6f4f42807d02cc34d6,gx-no-cache=1758557553635 HTTP/1.1" 200 90
200.126.116.145 - - [22/Sep/2025:13:09:47 -0300] "GET /cormun/servlet/hpexe_link HTTP/1.1" 200 956
200.126.116.145 - - [22/Sep/2025:13:09:47 -0300] "GET /cormun/servlet/trlicencias HTTP/1.1" 200 15719
190.95.15.17 - - [22/Sep/2025:13:09:50 -0300] "GET /cormun/servlet/trpermisosgoce? HTTP/1.1" 200 12264
190.95.15.17 - - [22/Sep/2025:13:09:50 -0300] "GET /cormun/static/gxcfg.js?2020121631564 HTTP/1.1" 200 953
190.95.15.17 - - [22/Sep/2025:13:09:50 -0300] "GET /cormun/static/trpermisosgoce.js?2020121633681 HTTP/1.1" 200 35904
190.95.15.17 - - [22/Sep/2025:13:09:54 -0300] "GET /cormun/servlet/permisogoce?INS,0,,, HTTP/1.1" 200 7268
190.95.15.17 - - [22/Sep/2025:13:09:54 -0300] "GET /cormun/static/permisogoce.js?20201215124939 HTTP/1.1" 200 27790
190.95.15.17 - - [22/Sep/2025:13:09:54 -0300] "GET /cormun/static/gxcfg.js?20201215124560 HTTP/1.1" 200 953
200.126.116.145 - - [22/Sep/2025:13:09:55 -0300] "GET /cormun/servlet/trlicencias? HTTP/1.1" 200 15717
200.126.116.145 - - [22/Sep/2025:13:10:00 -0300] "GET /cormun/servlet/alicenciaprn?19262213,L,20250919000000,PU HTTP/1.1" 200 1545
179.57.78.55 - - [22/Sep/2025:13:10:10 -0300] "POST /cormun/servlet/trpermisosgoce?46bf7af9b6c5fad39ab7e27e266642dd,gx-no-cache=1758557554890 HTTP/1.1" 200 5526
200.126.116.145 - - [22/Sep/2025:13:10:20 -0300] "GET /cormun/servlet/alicenciaprn?19591395,L,20250916000000,PU HTTP/1.1" 200 1566
190.95.15.17 - - [22/Sep/2025:13:10:23 -0300] "GET /cormun/servlet/permisogoce?55acf10d0df1fb0fe22f09735739727e160ad7705c8e4124b20d75d5a88db3c408266e3a8b31f46941e62f8b045dad920d564f82da61fcdcc9ba14420c68c8a6,gx-no-cache=1758557617130 HTTP/1.1" 200 180
190.95.15.17 - - [22/Sep/2025:13:10:23 -0300] "GET /cormun/static/Shared/jqueryui/images/ui-bg_flat_55_994d53_40x100.png HTTP/1.1" 404 1097
190.95.15.17 - - [22/Sep/2025:13:10:23 -0300] "GET /cormun/static/Shared/jqueryui/images/ui-bg_highlight-soft_100_c6c2c8_1x100.png HTTP/1.1" 404 1117
190.95.15.17 - - [22/Sep/2025:13:10:23 -0300] "GET /cormun/static/Shared/jqueryui/images/ui-icons_82798d_256x240.png HTTP/1.1" 404 1089
190.95.15.17 - - [22/Sep/2025:13:10:23 -0300] "GET /cormun/static/Shared/jqueryui/images/ui-icons_ebccce_256x240.png HTTP/1.1" 404 1089
200.126.116.145 - - [22/Sep/2025:13:10:31 -0300] "GET /cormun/servlet/alicenciaprn?17520432,L,20250915000000,PU HTTP/1.1" 200 1553
190.95.15.17 - - [22/Sep/2025:13:10:36 -0300] "POST /cormun/servlet/permisogoce?1216f75066fbac722b8289d8a963f6ee,INS,0,,,,gx-no-cache=1758557630170 HTTP/1.1" 200 93
190.95.15.17 - - [22/Sep/2025:13:10:36 -0300] "GET /cormun/servlet/hpexe_return? HTTP/1.1" 200 1004
190.95.15.17 - - [22/Sep/2025:13:10:37 -0300] "GET /cormun/static/gxcfg.js?20221129846035 HTTP/1.1" 200 953
190.95.15.17 - - [22/Sep/2025:13:10:37 -0300] "GET /cormun/static/hpexe_return.js?20221129846037 HTTP/1.1" 200 1633
190.95.15.17 - - [22/Sep/2025:13:10:37 -0300] "GET /cormun/servlet/trpermisosgoce HTTP/1.1" 200 12268
200.126.116.145 - - [22/Sep/2025:13:11:21 -0300] "GET /cormun/servlet/trlicencias? HTTP/1.1" 200 15725
179.57.78.55 - - [22/Sep/2025:13:11:38 -0300] "GET /cormun/servlet/permisogoce?INS,0,,, HTTP/1.1" 200 6844
179.57.78.55 - - [22/Sep/2025:13:11:53 -0300] "GET /cormun/servlet/permisogoce?f786ce78004f7a9445a59f30a300e1662fa62e22f0ee31fb4f8cc82c063a863fdd657eaf82149cee835cc80b6204e5e051c43dc79f01b3bf29f71833b4f360ea,gx-no-cache=1758557657653 HTTP/1.1" 200 79
179.57.78.55 - - [22/Sep/2025:13:12:01 -0300] "GET /cormun/servlet/permisogoce?f786ce78004f7a9445a59f30a300e166bc4b68c7e2fe2acdc28cb5525304c143d393e71473d6913893cdbd0aecf668a362e91deb91355cccc98ec35d9c712069,gx-no-cache=1758557665343 HTTP/1.1" 200 47
179.57.78.55 - - [22/Sep/2025:13:12:05 -0300] "POST /cormun/servlet/permisogoce?46bf7af9b6c5fad39ab7e27e266642dd,INS,0,,,,gx-no-cache=1758557669505 HTTP/1.1" 200 93
179.57.78.55 - - [22/Sep/2025:13:12:05 -0300] "GET /cormun/servlet/hpexe_return? HTTP/1.1" 200 1030
179.57.78.55 - - [22/Sep/2025:13:12:05 -0300] "GET /cormun/servlet/trpermisosgoce?gx-no-cache=1758557554890 HTTP/1.1" 200 8447
179.57.78.55 - - [22/Sep/2025:13:12:10 -0300] "GET /cormun/servlet/apermisogoceprn?18040711,P,20250922131408,PU HTTP/1.1" 200 1643
190.95.67.99 - - [22/Sep/2025:13:13:39 -0300] "GET /cormun/servlet/trlicencias? HTTP/1.1" 200 8739
179.57.78.55 - - [22/Sep/2025:13:13:41 -0300] "GET /cormun/servlet/permisogoce?UPD,18040711,P,20250922131408, HTTP/1.1" 200 6926
179.57.78.55 - - [22/Sep/2025:13:13:42 -0300] "GET /cormun/servlet/permisogoce?f786ce78004f7a9445a59f30a300e1662fa62e22f0ee31fb4f8cc82c063a863fec68454a4e0a506f6651d38a6ae6269a35d02bc310d239aedddbe583f372cbe9,gx-no-cache=1758557766651 HTTP/1.1" 200 79
179.57.78.55 - - [22/Sep/2025:13:13:46 -0300] "GET /cormun/servlet/permisogoce?f786ce78004f7a9445a59f30a300e166bc4b68c7e2fe2acdc28cb5525304c143b61bf8925fb549a469ad7d6f3c2bad63927cde1629c9ba3d328c9d6e8bae9abf,gx-no-cache=1758557770179 HTTP/1.1" 200 47
179.57.78.55 - - [22/Sep/2025:13:13:47 -0300] "POST /cormun/servlet/permisogoce?46bf7af9b6c5fad39ab7e27e266642dd,UPD,18040711,P,20250922131408,,gx-no-cache=1758557771305 HTTP/1.1" 200 93
179.57.78.55 - - [22/Sep/2025:13:13:47 -0300] "GET /cormun/servlet/hpexe_return? HTTP/1.1" 200 1047
179.57.78.55 - - [22/Sep/2025:13:13:47 -0300] "GET /cormun/servlet/trpermisosgoce?gx-no-cache=1758557554890 HTTP/1.1" 200 8449
179.57.78.55 - - [22/Sep/2025:13:13:51 -0300] "GET /cormun/servlet/apermisogoceprn?18040711,P,20250922131408,PU HTTP/1.1" 200 1642
190.95.67.99 - - [22/Sep/2025:13:13:53 -0300] "POST /cormun/servlet/trlicencias?706f3e95df5eb3edeb92cf2700b19696,,gx-no-cache=1758557777203 HTTP/1.1" 200 6045
190.95.67.99 - - [22/Sep/2025:13:13:53 -0300] "POST /cormun/servlet/trlicencias?706f3e95df5eb3edeb92cf2700b19696,,gx-no-cache=1758557777592 HTTP/1.1" 200 6045
190.95.67.99 - - [22/Sep/2025:13:14:20 -0300] "POST /cormun/servlet/trlicencias?706f3e95df5eb3edeb92cf2700b19696,,gx-no-cache=1758557804944 HTTP/1.1" 200 6046
190.95.67.99 - - [22/Sep/2025:13:14:24 -0300] "GET /cormun/servlet/trpermisosgoce? HTTP/1.1" 200 13870
179.57.78.55 - - [22/Sep/2025:13:18:07 -0300] "GET /cormun/servlet/trlicencias? HTTP/1.1" 200 10325
200.126.116.145 - - [22/Sep/2025:13:18:42 -0300] "GET /cormun/servlet/alicenciaprn?19591395,L,20250916000000,PU HTTP/1.1" 200 1563
190.95.67.99 - - [22/Sep/2025:13:24:25 -0300] "GET /cormun/servlet/hlogin HTTP/1.1" 200 1720
190.95.67.99 - - [22/Sep/2025:13:24:25 -0300] "GET /cormun/servlet/hlogin HTTP/1.1" 200 1731
190.95.67.99 - - [22/Sep/2025:13:24:25 -0300] "GET /favicon.ico HTTP/1.1" 200 21630
190.95.67.99 - - [22/Sep/2025:13:24:28 -0300] "POST /cormun/servlet/hlogin?4bc051ec4021f384ae63c7d07139eb7d,gx-no-cache=1758558404781 HTTP/1.1" 200 90
190.95.67.99 - - [22/Sep/2025:13:24:28 -0300] "GET /cormun/servlet/hpexe_link HTTP/1.1" 200 952
190.95.67.99 - - [22/Sep/2025:13:24:29 -0300] "GET /cormun/servlet/hhome HTTP/1.1" 200 4318
201.186.225.185 - - [22/Sep/2025:13:28:53 -0300] "GET /cormun/servlet/hlogin HTTP/1.1" 200 1715
201.186.225.185 - - [22/Sep/2025:13:28:57 -0300] "POST /cormun/servlet/hlogin?deca3c8602ad56ea38438b78ad9741e7,gx-no-cache=1758558682899 HTTP/1.1" 200 90
201.186.225.185 - - [22/Sep/2025:13:28:57 -0300] "GET /cormun/servlet/hpexe_link HTTP/1.1" 200 944
201.186.225.185 - - [22/Sep/2025:13:28:57 -0300] "GET /cormun/servlet/hhome HTTP/1.1" 200 4219
201.186.225.185 - - [22/Sep/2025:13:29:00 -0300] "GET /cormun/servlet/trlicencias? HTTP/1.1" 200 15315
190.95.15.17 - - [22/Sep/2025:13:32:17 -0300] "GET /cormun/servlet/trlicencias? HTTP/1.1" 200 12448
190.95.67.91 - - [22/Sep/2025:13:33:18 -0300] "POST /cormun/servlet/trlicencias?630f9ea8e8a515f0d727e080ed81ec0b,gx-no-cache=1758558941764 HTTP/1.1" 440 972
190.95.67.91 - - [22/Sep/2025:13:33:19 -0300] "GET /cormun/servlet/trlicencias HTTP/1.1" 200 6055
190.95.67.91 - - [22/Sep/2025:13:33:20 -0300] "GET /cormun/servlet/hlogin HTTP/1.1" 200 1741
190.95.67.91 - - [22/Sep/2025:13:33:30 -0300] "POST /cormun/servlet/hlogin?cdd7d47d0825167cff95d2076366dd2b,gx-no-cache=1758558954598 HTTP/1.1" 200 90
190.95.67.91 - - [22/Sep/2025:13:33:30 -0300] "GET /cormun/servlet/hpexe_link HTTP/1.1" 200 960
190.95.67.91 - - [22/Sep/2025:13:33:31 -0300] "GET /cormun/servlet/trlicencias HTTP/1.1" 200 17684
190.95.1.183 - - [22/Sep/2025:13:40:00 -0300] "POST /cormun/servlet/trlicencias?491ec37acadcbcdbb1894811e6d3be16,,gx-no-cache=1758559345052 HTTP/1.1" 440 972
190.95.15.15 - - [22/Sep/2025:13:56:06 -0300] "GET /cormun/servlet/trpermisosgoce? HTTP/1.1" 200 6041
190.95.15.15 - - [22/Sep/2025:13:56:06 -0300] "GET /cormun/servlet/hlogin HTTP/1.1" 200 1746
190.95.15.15 - - [22/Sep/2025:13:56:13 -0300] "POST /cormun/servlet/hlogin?87cc51364ff109fa759b98381addb706,gx-no-cache=1758560317528 HTTP/1.1" 200 90
190.95.15.15 - - [22/Sep/2025:13:56:13 -0300] "GET /cormun/servlet/hpexe_link HTTP/1.1" 200 961
190.95.15.15 - - [22/Sep/2025:13:56:13 -0300] "GET /cormun/servlet/trpermisosgoce HTTP/1.1" 200 13439
190.95.15.15 - - [22/Sep/2025:13:56:16 -0300] "GET /cormun/servlet/permisogoce?INS,0,,, HTTP/1.1" 200 6863
190.95.15.15 - - [22/Sep/2025:13:57:17 -0300] "GET /cormun/servlet/permisogoce?341795baa0e09b7cb7a0b48bba083813ba26333c9e68bb4dfbf55c37ea6c47adc9093fd96ac1aed18596ed9171a4e5cb7be0d3b3a4c672959e4584ff360b738f,gx-no-cache=1758560381500 HTTP/1.1" 200 79
190.95.15.15 - - [22/Sep/2025:13:57:17 -0300] "GET /cormun/static/menuarrow.gif HTTP/1.1" 404 1015
190.95.15.15 - - [22/Sep/2025:13:57:24 -0300] "GET /cormun/servlet/permisogoce?341795baa0e09b7cb7a0b48bba0838137a5d0bd69a7d6572f278751635176d0dbd908b93c5bd828a5cb1309e1af75c2ca48ef3b888e0a797ddd8b1f1b683257b,gx-no-cache=1758560388465 HTTP/1.1" 200 48
190.95.15.15 - - [22/Sep/2025:13:57:27 -0300] "POST /cormun/servlet/permisogoce?87cc51364ff109fa759b98381addb706,INS,0,,,,gx-no-cache=1758560390175 HTTP/1.1" 200 93
190.95.15.15 - - [22/Sep/2025:13:57:27 -0300] "GET /cormun/servlet/hpexe_return? HTTP/1.1" 200 1015
190.95.15.15 - - [22/Sep/2025:13:57:27 -0300] "GET /cormun/servlet/trpermisosgoce HTTP/1.1" 200 13761
190.95.15.15 - - [22/Sep/2025:13:57:29 -0300] "GET /cormun/servlet/apermisogoceprn?19591705,P,20250922135847,PU HTTP/1.1" 200 1657
165.22.223.147 - - [22/Sep/2025:13:59:41 -0300] "GET / HTTP/1.1" 200 11217
190.95.15.31 - - [22/Sep/2025:14:02:16 -0300] "GET /cormun/servlet/trlicencias? HTTP/1.1" 200 6045
190.95.15.31 - - [22/Sep/2025:14:02:20 -0300] "GET /cormun/servlet/hlogin HTTP/1.1" 200 1730
190.95.15.31 - - [22/Sep/2025:14:02:24 -0300] "POST /cormun/servlet/hlogin?e5945a84971f0116f07d35d672a77873,gx-no-cache=1758560688887 HTTP/1.1" 200 90
190.95.15.31 - - [22/Sep/2025:14:02:24 -0300] "GET /cormun/servlet/hpexe_link HTTP/1.1" 200 947
190.95.15.31 - - [22/Sep/2025:14:02:24 -0300] "GET /cormun/servlet/trlicencias HTTP/1.1" 200 11296
190.95.67.93 - - [22/Sep/2025:14:03:07 -0300] "GET /cormun/servlet/trlicencias? HTTP/1.1" 200 6043
190.95.67.93 - - [22/Sep/2025:14:03:07 -0300] "GET /cormun/servlet/hlogin HTTP/1.1" 200 1728
190.95.67.93 - - [22/Sep/2025:14:03:10 -0300] "POST /cormun/servlet/hlogin?bdad567d3f2de0d990af7db2617a8cc2,gx-no-cache=1758560734800 HTTP/1.1" 200 90
190.95.67.93 - - [22/Sep/2025:14:03:10 -0300] "GET /cormun/servlet/hpexe_link HTTP/1.1" 200 947
190.95.67.93 - - [22/Sep/2025:14:03:11 -0300] "GET /cormun/servlet/trlicencias HTTP/1.1" 200 10101
190.95.15.13 - - [22/Sep/2025:14:07:43 -0300] "GET /cormun/servlet/trlicencias? HTTP/1.1" 200 6054
190.95.15.13 - - [22/Sep/2025:14:07:44 -0300] "GET /cormun/servlet/hlogin HTTP/1.1" 200 1740
190.95.15.13 - - [22/Sep/2025:14:07:52 -0300] "POST /cormun/servlet/hlogin?c356bdc4e616991f02ca071db409c200,gx-no-cache=1758561016599 HTTP/1.1" 200 90
190.95.15.13 - - [22/Sep/2025:14:07:52 -0300] "GET /cormun/servlet/hpexe_link HTTP/1.1" 200 957
190.95.15.13 - - [22/Sep/2025:14:07:52 -0300] "GET /cormun/servlet/trlicencias HTTP/1.1" 200 12620
190.95.2.163 - - [22/Sep/2025:14:09:26 -0300] "GET /cormun/servlet/hlogin HTTP/1.1" 200 1722
190.95.2.163 - - [22/Sep/2025:14:09:27 -0300] "GET /cormun/static/gxtimezone.js?85251 HTTP/1.1" 200 5781
190.95.2.163 - - [22/Sep/2025:14:09:27 -0300] "GET /cormun/static/gxcfg.js?2022112219184450 HTTP/1.1" 200 953
190.95.2.163 - - [22/Sep/2025:14:09:27 -0300] "GET /cormun/static/Resources/Spanish/PXTools.css?1759030 HTTP/1.1" 200 100853
190.95.2.163 - - [22/Sep/2025:14:09:27 -0300] "GET /cormun/static/Resources/CormunLogin.png HTTP/1.1" 200 19132
190.95.2.163 - - [22/Sep/2025:14:09:27 -0300] "GET /cormun/static/messages.spa.js?85251 HTTP/1.1" 200 30736
190.95.2.163 - - [22/Sep/2025:14:09:27 -0300] "GET /cormun/static/hlogin.js?2022112219184458 HTTP/1.1" 200 2156
190.95.2.163 - - [22/Sep/2025:14:09:27 -0300] "GET /cormun/static/gxgral.js?85251 HTTP/1.1" 200 384558
190.95.2.163 - - [22/Sep/2025:14:09:28 -0300] "GET /cormun/static/Resources/PXToolsLoginTop.png HTTP/1.1" 200 1337
190.95.2.163 - - [22/Sep/2025:14:09:28 -0300] "GET /cormun/static/Resources/PXToolsLoginBackground.png HTTP/1.1" 200 1164
190.95.2.163 - - [22/Sep/2025:14:09:28 -0300] "GET /cormun/static/Resources/PXToolsButtonLeft.png HTTP/1.1" 200 1310
190.95.2.163 - - [22/Sep/2025:14:09:28 -0300] "GET /cormun/static/Resources/PXToolsButtonBackground.png HTTP/1.1" 200 1176
190.95.2.163 - - [22/Sep/2025:14:09:28 -0300] "GET /cormun/static/Resources/PXToolsButtonRight.png HTTP/1.1" 200 1294
190.95.2.163 - - [22/Sep/2025:14:09:28 -0300] "GET /cormun/static/Resources/indicator.gif HTTP/1.1" 200 1553
190.95.2.163 - - [22/Sep/2025:14:09:28 -0300] "GET /cormun/static/Resources/PXToolsLoginBottom.png HTTP/1.1" 200 1389
190.95.2.163 - - [22/Sep/2025:14:09:28 -0300] "GET /cormun/servlet/hlogin HTTP/1.1" 200 1733
190.95.2.163 - - [22/Sep/2025:14:09:28 -0300] "GET /favicon.ico HTTP/1.1" 200 21630
190.95.2.163 - - [22/Sep/2025:14:09:31 -0300] "POST /cormun/servlet/hlogin?cc632c8ced1a46bcfd99be7ef5eabf6e,gx-no-cache=1758561116722 HTTP/1.1" 200 90
190.95.2.163 - - [22/Sep/2025:14:09:31 -0300] "GET /cormun/servlet/hpexe_link HTTP/1.1" 200 951
190.95.2.163 - - [22/Sep/2025:14:09:32 -0300] "GET /cormun/static/gxcfg.js?20221129847421 HTTP/1.1" 200 953
190.95.2.163 - - [22/Sep/2025:14:09:32 -0300] "GET /cormun/static/hpexe_link.js?20221129847423 HTTP/1.1" 200 625
190.95.2.163 - - [22/Sep/2025:14:09:32 -0300] "GET /cormun/static/Resources/Spanish/PXTools.css?8354383 HTTP/1.1" 200 100853
190.95.2.163 - - [22/Sep/2025:14:09:32 -0300] "GET /cormun/servlet/hhome HTTP/1.1" 200 3998
190.95.2.163 - - [22/Sep/2025:14:09:32 -0300] "GET /cormun/static/SmoothNavMenu/resources/ddsmoothmenu.css?1112540 HTTP/1.1" 200 2223
190.95.2.163 - - [22/Sep/2025:14:09:32 -0300] "GET /cormun/static/Shared/jqueryui/jquery-ui.min.css?1345370 HTTP/1.1" 200 30288
190.95.2.163 - - [22/Sep/2025:14:09:32 -0300] "GET /cormun/static/SmoothNavMenu/resources/ddsmoothmenu-v.css?1112540 HTTP/1.1" 200 1188
190.95.2.163 - - [22/Sep/2025:14:09:32 -0300] "GET /cormun/static/gxcfg.js?20201215495537 HTTP/1.1" 200 953
190.95.2.163 - - [22/Sep/2025:14:09:32 -0300] "GET /cormun/static/scaMessage/css/jquery.pnotify.default.css?1816380 HTTP/1.1" 200 1707
190.95.2.163 - - [22/Sep/2025:14:09:32 -0300] "GET /cormun/static/PXToolsJavascripts/pexe_autoreload.js HTTP/1.1" 200 1762
190.95.2.163 - - [22/Sep/2025:14:09:32 -0300] "GET /cormun/static/PXToolsJavascripts/pexe_cookies.js HTTP/1.1" 200 792
190.95.2.163 - - [22/Sep/2025:14:09:32 -0300] "GET /cormun/static/PXToolsJavascripts/pexe_griddivfix.js HTTP/1.1" 200 6946
190.95.2.163 - - [22/Sep/2025:14:09:32 -0300] "GET /cormun/static/PXToolsJavascripts/pexe_grid.js HTTP/1.1" 200 7559
190.95.2.163 - - [22/Sep/2025:14:09:32 -0300] "GET /cormun/static/PXToolsJavascripts/pexe_link.js HTTP/1.1" 200 5671
190.95.2.163 - - [22/Sep/2025:14:09:32 -0300] "GET /cormun/static/Resources/Spanish/PXTools.css?14345360 HTTP/1.1" 200 100853
190.95.2.163 - - [22/Sep/2025:14:09:32 -0300] "GET /cormun/static/PXToolsJavascripts/pexe_windows.js HTTP/1.1" 200 15249
190.95.2.163 - - [22/Sep/2025:14:09:32 -0300] "GET /cormun/static/PXToolsJavascripts/pexe_menudivfix.js HTTP/1.1" 200 333
190.95.2.163 - - [22/Sep/2025:14:09:32 -0300] "GET /cormun/static/PXToolsJavascripts/pexe_menus.js HTTP/1.1" 200 1286
190.95.2.163 - - [22/Sep/2025:14:09:32 -0300] "GET /cormun/static/PXToolsJavascripts/pexe_layers.js HTTP/1.1" 200 4114
190.95.2.163 - - [22/Sep/2025:14:09:32 -0300] "GET /cormun/static/PXToolsJavascripts/pexe_oav.js HTTP/1.1" 200 645
190.95.2.163 - - [22/Sep/2025:14:09:32 -0300] "GET /cormun/static/PXToolsJavascripts/pexe_oavdivfix.js HTTP/1.1" 200 639
190.95.2.163 - - [22/Sep/2025:14:09:32 -0300] "GET /cormun/static/PXToolsJavascripts/pexe_picture.js HTTP/1.1" 200 689
190.95.2.163 - - [22/Sep/2025:14:09:32 -0300] "GET /cormun/static/PXToolsJavascripts/pexe_popup.js HTTP/1.1" 200 15149
190.95.2.163 - - [22/Sep/2025:14:09:32 -0300] "GET /cormun/static/PXToolsJavascripts/pexe_tabdivfix.js HTTP/1.1" 200 898
190.95.2.163 - - [22/Sep/2025:14:09:32 -0300] "GET /cormun/static/PXToolsJavascripts/pexe_tabs.js HTTP/1.1" 200 3748
190.95.2.163 - - [22/Sep/2025:14:09:32 -0300] "GET /cormun/static/PXToolsJavascripts/pexe_scrolldiv.js HTTP/1.1" 200 4138
190.95.2.163 - - [22/Sep/2025:14:09:32 -0300] "GET /cormun/static/PXToolsJavascripts/pexe_upload.js HTTP/1.1" 200 1423
190.95.2.163 - - [22/Sep/2025:14:09:32 -0300] "GET /cormun/static/PXToolsJavascripts/PXToolsJavascriptsRender.js HTTP/1.1" 200 367
190.95.2.163 - - [22/Sep/2025:14:09:32 -0300] "GET /cormun/static/Resources/CormunMP2.png HTTP/1.1" 200 6878
190.95.2.163 - - [22/Sep/2025:14:09:32 -0300] "GET /cormun/static/Resources/ImgHome.png HTTP/1.1" 200 1364
190.95.2.163 - - [22/Sep/2025:14:09:32 -0300] "GET /cormun/static/Resources/ImgLogin.png HTTP/1.1" 200 1432
190.95.2.163 - - [22/Sep/2025:14:09:32 -0300] "GET /cormun/static/Resources/Llave.png HTTP/1.1" 200 1395
190.95.2.163 - - [22/Sep/2025:14:09:32 -0300] "GET /cormun/static/RunJS/RunJS.js HTTP/1.1" 200 288
190.95.2.163 - - [22/Sep/2025:14:09:32 -0300] "GET /cormun/static/Shared/ext/locale/ext-lang-en.js HTTP/1.1" 200 10940
190.95.2.163 - - [22/Sep/2025:14:09:32 -0300] "GET /cormun/static/hhome.js?20201215495544 HTTP/1.1" 200 777
190.95.2.163 - - [22/Sep/2025:14:09:32 -0300] "GET /cormun/static/Resources/PXToolsDataTitle.png HTTP/1.1" 200 1173
190.95.2.163 - - [22/Sep/2025:14:09:32 -0300] "GET /cormun/static/hwchdr01.js?2022112219251119 HTTP/1.1" 200 996
190.95.2.163 - - [22/Sep/2025:14:09:32 -0300] "GET /cormun/static/hpexe_recentlink.js?20201214471090 HTTP/1.1" 200 2144
190.95.2.163 - - [22/Sep/2025:14:09:32 -0300] "GET /cormun/static/hpexe_scripts.js?20201214471411 HTTP/1.1" 200 1544
190.95.2.163 - - [22/Sep/2025:14:09:32 -0300] "GET /cormun/static/hpexe_messagecontroller.js?202211298371222 HTTP/1.1" 200 870
190.95.2.163 - - [22/Sep/2025:14:09:32 -0300] "GET /cormun/static/hpexe_messagepopupcomponent.js?2020121447232 HTTP/1.1" 200 605
190.95.2.163 - - [22/Sep/2025:14:09:32 -0300] "GET /cormun/static/hpexe_messagegenexuscomponent.js?20221129836373 HTTP/1.1" 200 587
