179.57.78.71 - - [12/Sep/2025:08:43:48 -0300] "GET /cormun/servlet/hhome HTTP/1.1" 200 4264
179.57.78.71 - - [12/Sep/2025:08:43:57 -0300] "GET /cormun/servlet/trlicencias? HTTP/1.1" 200 13579
201.186.225.189 - - [12/Sep/2025:08:44:00 -0300] "POST /cormun/servlet/trlicencias?fbaf8c93809e73f498c6010238e08323,,gx-no-cache=1757677599405 HTTP/1.1" 200 7472
201.186.225.189 - - [12/Sep/2025:08:45:40 -0300] "POST /cormun/servlet/trlicencias?fbaf8c93809e73f498c6010238e08323,,gx-no-cache=1757677699374 HTTP/1.1" 200 6248
201.186.225.189 - - [12/Sep/2025:08:46:26 -0300] "POST /cormun/servlet/trlicencias?fbaf8c93809e73f498c6010238e08323,,gx-no-cache=1757677745861 HTTP/1.1" 200 7472
190.95.1.183 - - [12/Sep/2025:08:47:16 -0300] "GET /cormun/servlet/licenciaspermisos?c3df40dbaf6407a70d175f10a6b2cd0dbafcca9a93dd343d152df8e02f9dc501aa7d87d87cc217d4750e2d00f9b31f0b4d96001569e857032ef5006a5cd8ea20,gx-no-cache=1757677796033 HTTP/1.1" 200 103
190.95.1.183 - - [12/Sep/2025:08:47:16 -0300] "POST /cormun/servlet/licenciaspermisos?8ea1d1fad94b354d9e33864e13e36865,INS,0,,,,gx-no-cache=1757677796068 HTTP/1.1" 200 4831
201.186.225.189 - - [12/Sep/2025:08:47:40 -0300] "POST /cormun/servlet/trlicencias?fbaf8c93809e73f498c6010238e08323,,gx-no-cache=1757677819582 HTTP/1.1" 200 6248
201.186.225.189 - - [12/Sep/2025:08:48:37 -0300] "POST /cormun/servlet/trlicencias?fbaf8c93809e73f498c6010238e08323,,gx-no-cache=1757677876301 HTTP/1.1" 200 5993
201.186.225.189 - - [12/Sep/2025:08:49:22 -0300] "POST /cormun/servlet/trlicencias?fbaf8c93809e73f498c6010238e08323,,gx-no-cache=1757677921525 HTTP/1.1" 200 6961
190.95.67.91 - - [12/Sep/2025:08:50:47 -0300] "GET /cormun/servlet/trlicencias? HTTP/1.1" 200 18794
201.186.225.189 - - [12/Sep/2025:08:50:49 -0300] "POST /cormun/servlet/trlicencias?fbaf8c93809e73f498c6010238e08323,,gx-no-cache=1757678008525 HTTP/1.1" 200 4462
201.186.225.189 - - [12/Sep/2025:08:51:33 -0300] "POST /cormun/servlet/trlicencias?fbaf8c93809e73f498c6010238e08323,,gx-no-cache=1757678051926 HTTP/1.1" 200 4463
201.186.225.189 - - [12/Sep/2025:08:51:34 -0300] "POST /cormun/servlet/trlicencias?fbaf8c93809e73f498c6010238e08323,,gx-no-cache=1757678052990 HTTP/1.1" 200 4463
201.186.225.189 - - [12/Sep/2025:08:51:38 -0300] "POST /cormun/servlet/trlicencias?fbaf8c93809e73f498c6010238e08323,,gx-no-cache=1757678057677 HTTP/1.1" 200 4461
201.186.225.189 - - [12/Sep/2025:08:52:11 -0300] "POST /cormun/servlet/trlicencias?fbaf8c93809e73f498c6010238e08323,,gx-no-cache=1757678089902 HTTP/1.1" 200 6478
190.95.67.99 - - [12/Sep/2025:08:52:35 -0300] "GET /cormun/servlet/trpermisosgoce? HTTP/1.1" 200 14737
201.186.225.189 - - [12/Sep/2025:08:53:08 -0300] "POST /cormun/servlet/trlicencias?fbaf8c93809e73f498c6010238e08323,,gx-no-cache=1757678147277 HTTP/1.1" 200 5698
201.186.225.189 - - [12/Sep/2025:08:53:45 -0300] "POST /cormun/servlet/trlicencias?fbaf8c93809e73f498c6010238e08323,,gx-no-cache=1757678184629 HTTP/1.1" 200 6938
201.186.225.189 - - [12/Sep/2025:08:54:27 -0300] "POST /cormun/servlet/trlicencias?fbaf8c93809e73f498c6010238e08323,,gx-no-cache=1757678226733 HTTP/1.1" 200 4465
201.186.225.189 - - [12/Sep/2025:08:54:28 -0300] "POST /cormun/servlet/trlicencias?fbaf8c93809e73f498c6010238e08323,,gx-no-cache=1757678227812 HTTP/1.1" 200 4465
201.186.225.189 - - [12/Sep/2025:08:54:58 -0300] "POST /cormun/servlet/trlicencias?fbaf8c93809e73f498c6010238e08323,,gx-no-cache=1757678257149 HTTP/1.1" 200 4462
201.186.225.189 - - [12/Sep/2025:08:54:59 -0300] "POST /cormun/servlet/trlicencias?fbaf8c93809e73f498c6010238e08323,,gx-no-cache=1757678257949 HTTP/1.1" 200 4462
201.186.225.189 - - [12/Sep/2025:08:54:59 -0300] "POST /cormun/servlet/trlicencias?fbaf8c93809e73f498c6010238e08323,,gx-no-cache=1757678258269 HTTP/1.1" 200 4462
190.95.1.183 - - [12/Sep/2025:08:55:16 -0300] "GET /cormun/static/menuarrow.gif HTTP/1.1" 404 1015
198.235.24.39 - - [12/Sep/2025:08:55:20 -0300] "GET / HTTP/1.1" 200 11217
201.186.225.189 - - [12/Sep/2025:08:55:38 -0300] "POST /cormun/servlet/trlicencias?fbaf8c93809e73f498c6010238e08323,,gx-no-cache=1757678297613 HTTP/1.1" 200 5709
201.186.225.189 - - [12/Sep/2025:08:56:09 -0300] "POST /cormun/servlet/trlicencias?fbaf8c93809e73f498c6010238e08323,,gx-no-cache=1757678328477 HTTP/1.1" 200 7432
190.95.15.17 - - [12/Sep/2025:08:56:45 -0300] "POST /cormun/servlet/trlicencias?d8a7e1ab2487fb73e5aa804a20fb1072,,gx-no-cache=1757678363801 HTTP/1.1" 440 972
190.95.15.17 - - [12/Sep/2025:08:56:46 -0300] "GET /cormun/servlet/trlicencias? HTTP/1.1" 200 6049
190.95.15.17 - - [12/Sep/2025:08:56:46 -0300] "GET /cormun/servlet/hlogin HTTP/1.1" 200 1737
201.186.225.187 - - [12/Sep/2025:08:57:02 -0300] "GET /cormun/servlet/hlogin HTTP/1.1" 200 1720
201.186.225.189 - - [12/Sep/2025:08:57:04 -0300] "POST /cormun/servlet/trlicencias?fbaf8c93809e73f498c6010238e08323,,gx-no-cache=1757678383686 HTTP/1.1" 200 4459
201.186.225.187 - - [12/Sep/2025:08:57:08 -0300] "POST /cormun/servlet/hlogin?862e5c2070da9ee80beac77c153a4053,gx-no-cache=1757681984918 HTTP/1.1" 200 90
201.186.225.187 - - [12/Sep/2025:08:57:08 -0300] "GET /cormun/servlet/hpexe_link HTTP/1.1" 200 951
201.186.225.187 - - [12/Sep/2025:08:57:08 -0300] "GET /cormun/servlet/hhome HTTP/1.1" 200 3969
190.95.67.91 - - [12/Sep/2025:08:57:10 -0300] "GET /cormun/servlet/trpermisosgoce? HTTP/1.1" 200 19178
201.186.225.187 - - [12/Sep/2025:08:57:11 -0300] "GET /cormun/servlet/trlicencias? HTTP/1.1" 200 11334
200.126.116.145 - - [12/Sep/2025:08:57:12 -0300] "GET /cormun/servlet/hlogin HTTP/1.1" 200 1724
190.95.67.91 - - [12/Sep/2025:08:57:12 -0300] "GET /cormun/servlet/permisogoce?INS,0,,, HTTP/1.1" 200 7128
201.186.225.187 - - [12/Sep/2025:08:57:14 -0300] "POST /cormun/servlet/trlicencias?862e5c2070da9ee80beac77c153a4053,,gx-no-cache=1757681990447 HTTP/1.1" 200 8859
190.95.67.91 - - [12/Sep/2025:08:57:19 -0300] "GET /cormun/servlet/permisogoce?84dade0cbb4ae8da18c58a4c355d7c8d6c05c6216a05e5d9c0772893119ad9e63652b928e671ba47e90828d7024702aceb7d5646d06aa567c8ef8590eb5c8923,gx-no-cache=1757678398589 HTTP/1.1" 200 75
190.95.67.91 - - [12/Sep/2025:08:57:21 -0300] "GET /cormun/static/menuarrow.gif HTTP/1.1" 404 1015
190.95.67.91 - - [12/Sep/2025:08:57:26 -0300] "GET /cormun/servlet/permisogoce?84dade0cbb4ae8da18c58a4c355d7c8dd7168efec9070b5f012c90989ebf2d8003a50cd3b6cfd202e66a3c24ff9ec019bec1ff250fbb7104b4c152b5c4183bb7,gx-no-cache=1757678405040 HTTP/1.1" 200 47
190.95.67.91 - - [12/Sep/2025:08:57:36 -0300] "POST /cormun/servlet/permisogoce?21258737f807a1f63952a4c1a18b914b,INS,0,,,,gx-no-cache=1757678414718 HTTP/1.1" 200 93
190.95.67.91 - - [12/Sep/2025:08:57:36 -0300] "GET /cormun/servlet/hpexe_return? HTTP/1.1" 200 1009
190.95.67.91 - - [12/Sep/2025:08:57:37 -0300] "GET /cormun/servlet/trpermisosgoce HTTP/1.1" 200 19270
201.186.225.189 - - [12/Sep/2025:08:57:40 -0300] "POST /cormun/servlet/trlicencias?fbaf8c93809e73f498c6010238e08323,,gx-no-cache=1757678419821 HTTP/1.1" 200 4464
201.186.225.189 - - [12/Sep/2025:08:57:41 -0300] "POST /cormun/servlet/trlicencias?fbaf8c93809e73f498c6010238e08323,,gx-no-cache=1757678420636 HTTP/1.1" 200 4464
190.95.67.91 - - [12/Sep/2025:08:57:41 -0300] "GET /cormun/servlet/trpermisosadjuntos?26926082,20250912090004,P, HTTP/1.1" 200 6556
190.95.67.91 - - [12/Sep/2025:08:57:43 -0300] "GET /cormun/servlet/permisosadjuntos?INS,26926082,P,20250912090004,, HTTP/1.1" 200 5877
190.95.67.91 - - [12/Sep/2025:08:57:44 -0300] "GET /cormun/static/about:blank HTTP/1.1" 404 1011
200.126.116.145 - - [12/Sep/2025:08:57:46 -0300] "POST /cormun/servlet/hlogin?568cdeddd0a9cb69abd5adc6a24c5e78,gx-no-cache=1757678428353 HTTP/1.1" 200 90
200.126.116.145 - - [12/Sep/2025:08:57:46 -0300] "GET /cormun/servlet/hpexe_link HTTP/1.1" 200 952
200.126.116.145 - - [12/Sep/2025:08:57:46 -0300] "GET /cormun/servlet/hhome HTTP/1.1" 200 4330
200.126.116.145 - - [12/Sep/2025:08:57:52 -0300] "GET /cormun/servlet/trlicencias? HTTP/1.1" 200 17021
200.126.116.145 - - [12/Sep/2025:08:58:14 -0300] "GET /cormun/servlet/trlicencias? HTTP/1.1" 200 17018
201.186.225.189 - - [12/Sep/2025:08:58:19 -0300] "POST /cormun/servlet/trlicencias?fbaf8c93809e73f498c6010238e08323,,gx-no-cache=1757678457900 HTTP/1.1" 200 6826
186.40.215.194 - - [12/Sep/2025:08:58:23 -0300] "üÿ&%¿APa5†Ô‹Pkgìm8‚,Gà¬ÝS4¦/qr L=žã/9Ö¿ÕÎÌx¾1ܔ±ëVÈ MT]Ž`+Ÿ " 400 -
186.40.215.194 - - [12/Sep/2025:08:58:23 -0300] "ü·¹øÔ]ÔIg&À4—Þ<âjöI×g€­ñ™J¥p Yi]п„XäØp´N‹Ò¯‚OßõÌ* " 400 -
186.40.215.194 - - [12/Sep/2025:08:58:23 -0300] "ü€b<ÚvÔ[ħ°ˆ.ï÷8ÆÉ@¸Ðµ¹CE"åLOæê Å6p¨7r–•±·1áaý¶™¹‹&Vh—­¨ö]•Kò*ššÀ,À+Ì©À0À/̨À " 400 -
186.40.215.194 - - [12/Sep/2025:08:58:23 -0300] "üóâú±)Œgí'„ÜDfžògÿ(µƒ,>: à ä—ò‰Ò‰ Z‘®Ãex‰:·s̽l 5Á7•ôj*ššÀ,À+Ì©À0À/̨À" 400 -
186.40.215.194 - - [12/Sep/2025:08:58:23 -0300] "GET /cormun/servlet/hlogin HTTP/1.1" 200 1778
186.40.215.194 - - [12/Sep/2025:08:58:23 -0300] "GET /cormun/static/gxtimezone.js?85251 HTTP/1.1" 200 5781
186.40.215.194 - - [12/Sep/2025:08:58:23 -0300] "GET /cormun/static/gxtypesSD.js?85251 HTTP/1.1" 200 24551
186.40.215.194 - - [12/Sep/2025:08:58:23 -0300] "GET /cormun/static/gxfxSD.js?85251 HTTP/1.1" 200 15384
186.40.215.194 - - [12/Sep/2025:08:58:23 -0300] "GET /cormun/static/gxpopupSD.js?85251 HTTP/1.1" 200 22377
186.40.215.194 - - [12/Sep/2025:08:58:23 -0300] "GET /cormun/static/gxhtmlSD.js?85251 HTTP/1.1" 200 50424
186.40.215.194 - - [12/Sep/2025:08:58:23 -0300] "GET /cormun/static/JavaScripTableSD.js?85251 HTTP/1.1" 200 25100
186.40.215.194 - - [12/Sep/2025:08:58:23 -0300] "GET /cormun/static/Resources/Spanish/PXTools.css?1759030 HTTP/1.1" 200 100853
186.40.215.194 - - [12/Sep/2025:08:58:23 -0300] "GET /cormun/static/gxapiSD.js?85251 HTTP/1.1" 200 78773
186.40.215.194 - - [12/Sep/2025:08:58:23 -0300] "GET /cormun/static/gxgridSD.js?85251 HTTP/1.1" 200 50735
186.40.215.194 - - [12/Sep/2025:08:58:23 -0300] "GET /cormun/static/rijndaelSD.js?85251 HTTP/1.1" 200 6763
186.40.215.194 - - [12/Sep/2025:08:58:23 -0300] "GET /cormun/static/gxgralSD.js?85251 HTTP/1.1" 200 20927
186.40.215.194 - - [12/Sep/2025:08:58:23 -0300] "GET /cormun/static/gxcfg.js?85251 HTTP/1.1" 200 953
186.40.215.194 - - [12/Sep/2025:08:58:23 -0300] "GET /cormun/static/messages.spa.js?85251 HTTP/1.1" 200 30736
186.40.215.194 - - [12/Sep/2025:08:58:23 -0300] "GET /cormun/static/hlogin.js?2022112219184458 HTTP/1.1" 200 2156
186.40.215.194 - - [12/Sep/2025:08:58:23 -0300] "GET /cormun/static/gxfrmutlSD.js?85251 HTTP/1.1" 200 89044
186.40.215.194 - - [12/Sep/2025:08:58:24 -0300] "GET /cormun/static/Resources/CormunLogin.png HTTP/1.1" 200 19132
186.40.215.194 - - [12/Sep/2025:08:58:24 -0300] "GET /cormun/static/Resources/indicator.gif HTTP/1.1" 200 1553
186.40.215.194 - - [12/Sep/2025:08:58:24 -0300] "GET /cormun/static/Resources/PXToolsButtonRight.png HTTP/1.1" 200 1294
186.40.215.194 - - [12/Sep/2025:08:58:24 -0300] "GET /cormun/static/Resources/PXToolsButtonBackground.png HTTP/1.1" 200 1176
186.40.215.194 - - [12/Sep/2025:08:58:24 -0300] "GET /cormun/static/Resources/PXToolsLoginBottom.png HTTP/1.1" 200 1389
186.40.215.194 - - [12/Sep/2025:08:58:24 -0300] "GET /cormun/static/Resources/PXToolsButtonLeft.png HTTP/1.1" 200 1310
186.40.215.194 - - [12/Sep/2025:08:58:24 -0300] "GET /cormun/servlet/hlogin HTTP/1.1" 200 1786
186.40.215.194 - - [12/Sep/2025:08:58:24 -0300] "GET /cormun/static/Resources/CormunLogin.png HTTP/1.1" 200 19132
186.40.215.194 - - [12/Sep/2025:08:58:24 -0300] "GET /cormun/static/Resources/indicator.gif HTTP/1.1" 200 1553
186.40.215.194 - - [12/Sep/2025:08:58:24 -0300] "GET /cormun/static/Resources/PXToolsButtonBackground.png HTTP/1.1" 200 1176
186.40.215.194 - - [12/Sep/2025:08:58:24 -0300] "GET /cormun/static/Resources/PXToolsLoginBottom.png HTTP/1.1" 200 1389
186.40.215.194 - - [12/Sep/2025:08:58:24 -0300] "GET /cormun/static/Resources/PXToolsButtonLeft.png HTTP/1.1" 200 1310
186.40.215.194 - - [12/Sep/2025:08:58:24 -0300] "GET /cormun/static/Resources/PXToolsButtonRight.png HTTP/1.1" 200 1294
186.40.215.194 - - [12/Sep/2025:08:58:24 -0300] "GET /cormun/static/Resources/PXToolsLoginTop.png HTTP/1.1" 200 1337
186.40.215.194 - - [12/Sep/2025:08:58:24 -0300] "GET /cormun/static/Resources/PXToolsLoginBackground.png HTTP/1.1" 200 1164
186.40.215.194 - - [12/Sep/2025:08:58:24 -0300] "GET /favicon.ico HTTP/1.1" 200 21630
201.186.225.189 - - [12/Sep/2025:08:59:24 -0300] "POST /cormun/servlet/trlicencias?fbaf8c93809e73f498c6010238e08323,,gx-no-cache=1757678523126 HTTP/1.1" 200 7234
190.95.1.187 - - [12/Sep/2025:09:00:20 -0300] "GET /cormun/servlet/hlogin HTTP/1.1" 200 1722
190.95.1.187 - - [12/Sep/2025:09:00:22 -0300] "POST /cormun/servlet/hlogin?6ef276f6a084e9c41bd8b25ac9b55976,gx-no-cache=1757678581419 HTTP/1.1" 200 90
190.95.1.187 - - [12/Sep/2025:09:00:22 -0300] "GET /cormun/servlet/hpexe_link HTTP/1.1" 200 957
190.95.1.187 - - [12/Sep/2025:09:00:23 -0300] "GET /cormun/servlet/trlicencias HTTP/1.1" 200 17549
201.186.225.189 - - [12/Sep/2025:09:00:30 -0300] "POST /cormun/servlet/trlicencias?fbaf8c93809e73f498c6010238e08323,,gx-no-cache=1757678588877 HTTP/1.1" 200 6202
190.95.1.183 - - [12/Sep/2025:09:00:35 -0300] "GET /cormun/servlet/licenciaspermisos?c3df40dbaf6407a70d175f10a6b2cd0d2f6641f73aa2da0a41eb64cdbbb80d711aa0260010ca38be56efbe88ccf4b218705ac9f57f0d3a0127927d03bbf1ab6286ab800e5987a2b63f8d2e4df9dbdb09214292af14a4a2d1cf722dfedb31f2e7bab898c20618d51c1453e1b3f8c7fc33bd94cc1e3a1cbfd8b45aa4b596e31d7e4b774e2a935f279410cfd9ea560fbbebc2a39466cac05a38b575855d83837467d72a1dfcba65099f8370b9f63e501383,gx-no-cache=1757678595653 HTTP/1.1" 200 30
190.95.1.183 - - [12/Sep/2025:09:00:35 -0300] "GET /cormun/servlet/licenciaspermisos?c3df40dbaf6407a70d175f10a6b2cd0dbfa85af95c5705ef86406162e19caea9908fff1570aa05a3dbe2b0550f95a5e56487d7369b5a58e6389cf6e638fb161c065b57a5267daa18881483c5ea79ce2bb06e6650ad6b530fbd1f7804d865e22c87ccbe793a2a88044d167295444809b24ff9ebceafe7a7766d5337be2c9f8ffcecfb01e5e7c5f21da1d296e19c9636a0ab041586fa1929cf1017b458dfe28125a6742679e8e4a6a96b642ab742079ae7,gx-no-cache=1757678595685 HTTP/1.1" 200 29
190.95.1.183 - - [12/Sep/2025:09:00:36 -0300] "POST /cormun/servlet/licenciaspermisos?8ea1d1fad94b354d9e33864e13e36865,INS,0,,,,gx-no-cache=1757678595700 HTTP/1.1" 200 93
190.95.1.183 - - [12/Sep/2025:09:00:36 -0300] "GET /cormun/servlet/hpexe_return? HTTP/1.1" 200 1016
190.95.1.183 - - [12/Sep/2025:09:00:37 -0300] "GET /cormun/static/gxcfg.js?20221129846035 HTTP/1.1" 200 953
190.95.1.183 - - [12/Sep/2025:09:00:37 -0300] "GET /cormun/static/hpexe_return.js?20221129846037 HTTP/1.1" 200 1633
190.95.1.183 - - [12/Sep/2025:09:00:37 -0300] "GET /cormun/servlet/trlicencias HTTP/1.1" 200 15030
190.95.1.183 - - [12/Sep/2025:09:00:37 -0300] "GET /cormun//static/Resources/PXToolsGridUpdate.png HTTP/1.1" 200 470
190.95.1.183 - - [12/Sep/2025:09:00:37 -0300] "GET /cormun//static/Resources/PXToolsGridDelete.png HTTP/1.1" 200 538
201.186.225.189 - - [12/Sep/2025:09:01:17 -0300] "POST /cormun/servlet/trlicencias?fbaf8c93809e73f498c6010238e08323,,gx-no-cache=1757678636454 HTTP/1.1" 200 5698
190.95.1.183 - - [12/Sep/2025:09:01:51 -0300] "GET /cormun/servlet/trlicenciaspermisosadjuntos?9286360,20250912000000,L, HTTP/1.1" 200 6342
190.95.1.183 - - [12/Sep/2025:09:01:51 -0300] "GET /cormun/static/gxui/gxui-all.css?110300 HTTP/1.1" 200 2179
190.95.1.183 - - [12/Sep/2025:09:01:51 -0300] "GET /cormun/static/calendar-system.css?75620 HTTP/1.1" 200 5572
190.95.1.183 - - [12/Sep/2025:09:01:51 -0300] "GET /cormun/static/gxcfg.js?201991422445549 HTTP/1.1" 200 953
190.95.1.183 - - [12/Sep/2025:09:01:51 -0300] "GET /cormun/static/trlicenciaspermisosadjuntos.js?20199142244593 HTTP/1.1" 200 21036
190.95.1.183 - - [12/Sep/2025:09:01:51 -0300] "GET /cormun/static/Resources/Spanish/PXTools.css?2294816 HTTP/1.1" 200 100853
190.95.1.183 - - [12/Sep/2025:09:01:51 -0300] "GET /cormun/static/Shared/ext/resources/css/ext-all.css?205870 HTTP/1.1" 200 416045
190.95.1.183 - - [12/Sep/2025:09:01:53 -0300] "GET /cormun/servlet/licenciaspermisosadjuntos?INS,9286360,L,20250912000000,, HTTP/1.1" 200 5628
190.95.1.183 - - [12/Sep/2025:09:01:53 -0300] "GET /cormun/static/licenciaspermisosadjuntos.js?20201215114932 HTTP/1.1" 200 8760
190.95.1.183 - - [12/Sep/2025:09:01:53 -0300] "GET /cormun/static/gxcfg.js?20201215114875 HTTP/1.1" 200 953
190.95.1.183 - - [12/Sep/2025:09:01:53 -0300] "GET /cormun/static/about:blank HTTP/1.1" 404 1011
190.95.1.183 - - [12/Sep/2025:09:01:59 -0300] "POST /cormun/servlet/licenciaspermisosadjuntos?8ea1d1fad94b354d9e33864e13e36865,INS,9286360,L,20250912000000,, HTTP/1.1" 200 116
190.95.1.183 - - [12/Sep/2025:09:01:59 -0300] "GET /cormun/servlet/hpexe_return? HTTP/1.1" 200 1046
190.95.1.183 - - [12/Sep/2025:09:01:59 -0300] "GET /cormun/servlet/trlicenciaspermisosadjuntos?9286360,20250912000000,L, HTTP/1.1" 200 6830
190.95.1.183 - - [12/Sep/2025:09:02:02 -0300] "POST /cormun/servlet/trlicenciaspermisosadjuntos?8ea1d1fad94b354d9e33864e13e36865,9286360,20250912000000,L,,gx-no-cache=1757678682031 HTTP/1.1" 200 90
190.95.1.183 - - [12/Sep/2025:09:02:02 -0300] "GET /cormun/servlet/hpexe_link HTTP/1.1" 200 988
190.95.1.183 - - [12/Sep/2025:09:02:02 -0300] "GET /cormun/servlet/trlicencias HTTP/1.1" 200 15027
201.186.225.189 - - [12/Sep/2025:09:02:05 -0300] "POST /cormun/servlet/trlicencias?fbaf8c93809e73f498c6010238e08323,,gx-no-cache=1757678684405 HTTP/1.1" 200 4462
201.186.225.189 - - [12/Sep/2025:09:02:06 -0300] "POST /cormun/servlet/trlicencias?fbaf8c93809e73f498c6010238e08323,,gx-no-cache=1757678685181 HTTP/1.1" 200 4462
190.95.1.183 - - [12/Sep/2025:09:02:08 -0300] "POST /cormun/servlet/trlicencias?8ea1d1fad94b354d9e33864e13e36865,gx-no-cache=1757678688689 HTTP/1.1" 200 12510
190.95.1.183 - - [12/Sep/2025:09:02:08 -0300] "GET /cormun/static/Shared/jqueryui/images/ui-bg_highlight-soft_100_c6c2c8_1x100.png HTTP/1.1" 404 1117
190.95.1.183 - - [12/Sep/2025:09:02:08 -0300] "GET /cormun/static/Shared/jqueryui/images/ui-icons_82798d_256x240.png HTTP/1.1" 404 1089
190.95.1.183 - - [12/Sep/2025:09:02:09 -0300] "GET /cormun/static/Shared/jqueryui/images/ui-bg_flat_55_fafafa_40x100.png HTTP/1.1" 404 1097
190.95.1.183 - - [12/Sep/2025:09:02:09 -0300] "GET /cormun/static/Shared/jqueryui/images/ui-icons_8d78a5_256x240.png HTTP/1.1" 404 1089
190.95.1.183 - - [12/Sep/2025:09:02:17 -0300] "GET /cormun/servlet/alicenciaprn?9286360,L,20250912000000,PU HTTP/1.1" 200 1531
201.186.225.189 - - [12/Sep/2025:09:02:40 -0300] "POST /cormun/servlet/trlicencias?fbaf8c93809e73f498c6010238e08323,,gx-no-cache=1757678719317 HTTP/1.1" 200 4465
201.186.225.189 - - [12/Sep/2025:09:03:08 -0300] "POST /cormun/servlet/trlicencias?fbaf8c93809e73f498c6010238e08323,,gx-no-cache=1757678746853 HTTP/1.1" 200 10130
201.186.225.191 - - [12/Sep/2025:09:03:39 -0300] "GET /cormun/servlet/hlogin HTTP/1.1" 200 1722
201.186.225.191 - - [12/Sep/2025:09:03:41 -0300] "GET /cormun/servlet/hlogin HTTP/1.1" 200 1733
201.186.225.191 - - [12/Sep/2025:09:03:41 -0300] "GET /favicon.ico HTTP/1.1" 200 21630
201.186.225.191 - - [12/Sep/2025:09:03:52 -0300] "POST /cormun/servlet/hlogin?44e275a3757c766348d4df09fe3b4f67,gx-no-cache=1757678790760 HTTP/1.1" 200 90
201.186.225.191 - - [12/Sep/2025:09:03:52 -0300] "GET /cormun/servlet/hpexe_link HTTP/1.1" 200 950
201.186.225.191 - - [12/Sep/2025:09:03:52 -0300] "GET /cormun/servlet/hhome HTTP/1.1" 200 4199
190.95.15.15 - - [12/Sep/2025:09:04:13 -0300] "GET /cormun/servlet/trlicencias? HTTP/1.1" 200 6048
190.95.15.15 - - [12/Sep/2025:09:04:13 -0300] "GET /cormun/servlet/hlogin HTTP/1.1" 200 1737
129.222.173.48 - - [12/Sep/2025:09:04:15 -0300] "GET /cormun/servlet/hlogin HTTP/1.1" 200 1719
129.222.173.48 - - [12/Sep/2025:09:04:18 -0300] "POST /cormun/servlet/hlogin?cc77828a0e03b5851fd618b7a1f1b9dc,gx-no-cache=1757678817209 HTTP/1.1" 200 90
129.222.173.48 - - [12/Sep/2025:09:04:18 -0300] "GET /cormun/servlet/hpexe_link HTTP/1.1" 200 948
129.222.173.48 - - [12/Sep/2025:09:04:18 -0300] "GET /cormun/servlet/hhome HTTP/1.1" 200 3944
190.95.15.15 - - [12/Sep/2025:09:04:19 -0300] "POST /cormun/servlet/hlogin?483753eb195c0083959f773a2550aac6,gx-no-cache=1757678818859 HTTP/1.1" 200 90
190.95.15.15 - - [12/Sep/2025:09:04:20 -0300] "GET /cormun/servlet/hpexe_link HTTP/1.1" 200 955
190.95.15.15 - - [12/Sep/2025:09:04:20 -0300] "GET /cormun/servlet/trlicencias HTTP/1.1" 200 15698
129.222.173.48 - - [12/Sep/2025:09:04:26 -0300] "GET /cormun/servlet/trsolicitudot? HTTP/1.1" 200 7156
129.222.173.48 - - [12/Sep/2025:09:04:36 -0300] "GET /cormun/servlet/solicitudot?INS,0,0,false, HTTP/1.1" 200 15945
190.95.15.15 - - [12/Sep/2025:09:04:58 -0300] "GET /cormun/servlet/trsolicitudot? HTTP/1.1" 200 7202
201.186.225.191 - - [12/Sep/2025:09:05:01 -0300] "GET /cormun/servlet/trlicencias? HTTP/1.1" 200 10971
201.186.225.191 - - [12/Sep/2025:09:05:13 -0300] "GET /cormun/servlet/hlogin HTTP/1.1" 200 1739
190.95.1.187 - - [12/Sep/2025:09:05:28 -0300] "GET /cormun/servlet/hlogin HTTP/1.1" 200 1721
201.186.225.189 - - [12/Sep/2025:09:06:10 -0300] "POST /cormun/servlet/trlicencias?fbaf8c93809e73f498c6010238e08323,,gx-no-cache=1757678929381 HTTP/1.1" 200 7703
190.95.15.15 - - [12/Sep/2025:09:06:46 -0300] "GET /cormun/servlet/solicitudot?INS,0,0,false, HTTP/1.1" 200 15992
190.95.15.15 - - [12/Sep/2025:09:06:58 -0300] "POST /cormun/servlet/solicitudot?gx-no-cache=1757678977315 HTTP/1.1" 200 4138
190.95.15.15 - - [12/Sep/2025:09:06:58 -0300] "POST /cormun/servlet/solicitudot?483753eb195c0083959f773a2550aac6,INS,0,0,false,,gx-no-cache=1757678977428 HTTP/1.1" 200 12682
190.95.15.15 - - [12/Sep/2025:09:07:03 -0300] "GET /cormun/servlet/solicitudot?0aafa906b87f5cd2d088074a0bf0f82dec63bf699969f78110ab926c9cb673e6fb64308e1157710396c09b08266bb502,gx-no-cache=1757678981952 HTTP/1.1" 200 30
190.95.1.185 - - [12/Sep/2025:09:08:03 -0300] "GET /cormun/servlet/hlogin HTTP/1.1" 200 1716
190.95.1.185 - - [12/Sep/2025:09:08:04 -0300] "GET /cormun/static/Resources/CormunLogin.png HTTP/1.1" 304 -
190.95.1.185 - - [12/Sep/2025:09:08:08 -0300] "POST /cormun/servlet/hlogin?f6e4811d8404576895d1864e5f66a07c,gx-no-cache=1757679047115 HTTP/1.1" 200 90
190.95.1.185 - - [12/Sep/2025:09:08:08 -0300] "GET /cormun/servlet/hpexe_link HTTP/1.1" 200 948
190.95.1.185 - - [12/Sep/2025:09:08:08 -0300] "GET /cormun/servlet/hhome HTTP/1.1" 200 4479
190.95.1.185 - - [12/Sep/2025:09:08:09 -0300] "GET /cormun/static/Resources/CormunMP2.png HTTP/1.1" 304 -
190.95.1.185 - - [12/Sep/2025:09:08:15 -0300] "GET /cormun/servlet/trlicencias? HTTP/1.1" 200 12053
190.95.15.15 - - [12/Sep/2025:09:08:29 -0300] "GET /cormun/servlet/solicitudot?0aafa906b87f5cd2d088074a0bf0f82dceb8ebe131127269915fa65bae2a3c328a20179fb6de0207b7760907b6760ace27c9660fb9268ab01eeb24ad94224aee,gx-no-cache=1757679068100 HTTP/1.1" 200 30
190.95.15.15 - - [12/Sep/2025:09:08:29 -0300] "GET /cormun/servlet/solicitudot?0aafa906b87f5cd2d088074a0bf0f82d11e9cb4c539d4980603d69e363f84e60,gx-no-cache=1757679068128 HTTP/1.1" 200 53
190.95.15.15 - - [12/Sep/2025:09:08:29 -0300] "POST /cormun/servlet/solicitudot?gx-no-cache=1757679068147 HTTP/1.1" 200 240
190.95.15.15 - - [12/Sep/2025:09:08:29 -0300] "GET /cormun/servlet/solicitudot?0aafa906b87f5cd2d088074a0bf0f82d8cec4bf54d13a3e071ced5c39455780eb445961ddde1ea139955aa8769604c94c0847c443dc6917d7222a86cbc40987aad221d53d4c92296e073fe9d2c5c3df6f441f9e61663e1c331a2d826822fa9ce06bc2593586ad174a4e03db22775207d5025ed0849b78956d824c55de00c9f9c0f604839091fcfd5ed5082a609c646e50fa99996e5318ba7ff7865b04c4924557f963a79a810129353d71173554adadcdae7d1aca4aceea09cda750b79ef29580275065f991b0409abd975d33ad153a77ddbce942163f786fd1793bdd173bf264113072f201e1f23869e70ee9a2911aeb9cb5715aa632ed66b8b4cd25476b91fa3b0365a76a50ba924fb8991929aa1bf2079fe145d3daf261c39a636a8c8382ee95ece5b666e2ce8f8e2b40d315a2ecf5978518868041e3df6e74a4d233dbf2785a8754bdbe269c1ecffc137c51ec922c0dbfaabf26b074ee99a686a60bff43c81bb75ca26aa34d49217c679a643556d01b57afa43977ef1acfecc30ce4be90f,gx-no-cache=1757679068167 HTTP/1.1" 200 30
190.95.15.15 - - [12/Sep/2025:09:08:32 -0300] "POST /cormun/servlet/solicitudot?gx-no-cache=1757679070973 HTTP/1.1" 200 30
190.95.15.15 - - [12/Sep/2025:09:08:41 -0300] "GET /cormun/static/Resources/resize.gif HTTP/1.1" 200 77
190.95.15.15 - - [12/Sep/2025:09:08:41 -0300] "GET /cormun/static/Resources/PXTools/ClosePrompt.png HTTP/1.1" 200 1036
190.95.15.15 - - [12/Sep/2025:09:08:41 -0300] "GET /cormun/servlet/prbanco?,MD,,gxPopupLevel%3D0%3B HTTP/1.1" 200 6652
190.95.15.15 - - [12/Sep/2025:09:08:41 -0300] "GET /cormun/static/gxcfg.js?20201216131581 HTTP/1.1" 200 953
190.95.15.15 - - [12/Sep/2025:09:08:41 -0300] "GET /cormun/static/Resources/PXToolsMenuSearch.png HTTP/1.1" 200 336
190.95.15.15 - - [12/Sep/2025:09:08:41 -0300] "GET /cormun/static/prbanco.js?20201216132311 HTTP/1.1" 200 10693
190.95.15.15 - - [12/Sep/2025:09:08:41 -0300] "GET /cormun/static/menusearch.js?20201214473581 HTTP/1.1" 200 1424
190.95.15.15 - - [12/Sep/2025:09:08:41 -0300] "GET /cormun/static/hmpwkw011.js?202211298443482 HTTP/1.1" 200 1968
190.95.15.15 - - [12/Sep/2025:09:08:41 -0300] "GET /cormun/static/Resources/PXToolsMenuSearchCancel.png HTTP/1.1" 200 306
201.186.225.189 - - [12/Sep/2025:09:08:42 -0300] "POST /cormun/servlet/trlicencias?fbaf8c93809e73f498c6010238e08323,,gx-no-cache=1757679081053 HTTP/1.1" 200 7676
190.95.15.15 - - [12/Sep/2025:09:08:47 -0300] "GET /cormun/servlet/solicitudot?0aafa906b87f5cd2d088074a0bf0f82d27d074977ef1654c73becb1c1faf36ada04a722b57793850223f4d7710db0740515c223457f40bd7762d3fe1e07ea9ec,gx-no-cache=1757679085932 HTTP/1.1" 200 45
129.222.173.48 - - [12/Sep/2025:09:09:26 -0300] "POST /cormun/servlet/solicitudot?gx-no-cache=1757679125592 HTTP/1.1" 200 4215
129.222.173.48 - - [12/Sep/2025:09:09:26 -0300] "GET /cormun/static/Shared/jqueryui/images/ui-bg_highlight-soft_100_c6c2c8_1x100.png HTTP/1.1" 404 1117
129.222.173.48 - - [12/Sep/2025:09:09:26 -0300] "GET /cormun/static/Shared/jqueryui/images/ui-icons_82798d_256x240.png HTTP/1.1" 404 1089
129.222.173.48 - - [12/Sep/2025:09:09:26 -0300] "GET /cormun/static/Shared/jqueryui/images/ui-bg_flat_55_994d53_40x100.png HTTP/1.1" 404 1097
129.222.173.48 - - [12/Sep/2025:09:09:26 -0300] "GET /cormun/static/Shared/jqueryui/images/ui-icons_ebccce_256x240.png HTTP/1.1" 404 1089
129.222.173.48 - - [12/Sep/2025:09:09:32 -0300] "GET /cormun/servlet/solicitudot?62c251f283607c2ce5ee385696b3b2fc8e2a1b8aadc5937e0c3ed75e45554f90ed525b9c5f0ffbfdad575d9c3c280ac5,gx-no-cache=1757679131911 HTTP/1.1" 200 30
190.95.15.15 - - [12/Sep/2025:09:10:00 -0300] "POST /cormun/servlet/solicitudot?gx-no-cache=1757679159367 HTTP/1.1" 200 238
190.95.15.15 - - [12/Sep/2025:09:10:00 -0300] "GET /cormun/servlet/solicitudot?0aafa906b87f5cd2d088074a0bf0f82d8cec4bf54d13a3e071ced5c39455780eb445961ddde1ea139955aa8769604c94c0847c443dc6917d7222a86cbc40987aad221d53d4c92296e073fe9d2c5c3df6f441f9e61663e1c331a2d826822fa9ce06bc2593586ad174a4e03db22775207d5025ed0849b78956d824c55de00c9f9c0f604839091fcfd5ed5082a609c646e50fa99996e5318ba7ff7865b04c4924557f963a79a810129353d71173554adadcdae7d1aca4aceea09cda750b79ef29580275065f991b0409abd975d33ad153a77ddbce942163f786fd1793bdd173bf264113072f201e1f23869e70ee9a2911aeb9cb5715aa632ed66b8b4cd25476b91fa3b0365a76a50ba924fb8991929aa1bf2079fe145d3daf261c39a636a8c8382ee95ece5b666e2ce8f8e2b40d315a2ecf5978518868041e3df6e74a4d233dbf2785a8754bdbe269c1ecffc137c51ec922c0dbfaabf26b074ee99a686a60bff43c81bb75ca26aa34d49217c679a643556d95846ed066874a0d2bffa7bfa1c90e30,gx-no-cache=1757679159413 HTTP/1.1" 200 30
190.95.15.15 - - [12/Sep/2025:09:10:00 -0300] "POST /cormun/servlet/solicitudot?gx-no-cache=1757679159429 HTTP/1.1" 200 30
190.95.15.15 - - [12/Sep/2025:09:10:09 -0300] "GET /cormun/servlet/prlicenciaspermisos?10419349,L,,MD,,gxPopupLevel%3D0%3B HTTP/1.1" 200 7707
190.95.15.15 - - [12/Sep/2025:09:10:09 -0300] "GET /cormun/static/gxcfg.js?2020121559567 HTTP/1.1" 200 953
190.95.15.15 - - [12/Sep/2025:09:10:09 -0300] "GET /cormun/static/prlicenciaspermisos.js?2020121559821 HTTP/1.1" 200 13379
190.95.15.15 - - [12/Sep/2025:09:10:13 -0300] "POST /cormun/servlet/solicitudot?gx-no-cache=1757679172413 HTTP/1.1" 200 1482
190.95.15.15 - - [12/Sep/2025:09:10:17 -0300] "POST /cormun/servlet/solicitudot?gx-no-cache=1757679176823 HTTP/1.1" 200 41
190.95.15.15 - - [12/Sep/2025:09:10:17 -0300] "GET /cormun/servlet/solicitudot?0aafa906b87f5cd2d088074a0bf0f82deae1bdd1dd9559c9aa5a60e6b90ef1a75729c599808db4307b52e03ef8ae2c1884e58ae5cdee3f6c99f42368d6cb59914e7cde43a3d4b081de4261772d30f2561654ce936e83e649cd5a6094f184c6435325b252123574ebd114866e1c7be89d,gx-no-cache=1757679176844 HTTP/1.1" 200 110
190.95.15.15 - - [12/Sep/2025:09:10:18 -0300] "POST /cormun/servlet/solicitudot?gx-no-cache=1757679176863 HTTP/1.1" 200 79
190.95.15.15 - - [12/Sep/2025:09:10:21 -0300] "GET /cormun/servlet/solicitudot?0aafa906b87f5cd2d088074a0bf0f82d6f52f53b4e1faff99044da26582c40ac832d29c0b926683c5e3abbc441f62cac69446135ade7bb1527f9246dfe71eb29b45c2a15c5beccc0c3b1c8c15c161546ebd3be6c86c01b50ff7e3f5b23ad68987b2de63aebba263873b7970b8cd543bb,gx-no-cache=1757679180203 HTTP/1.1" 200 29
190.95.15.15 - - [12/Sep/2025:09:10:21 -0300] "GET /cormun/static/menuarrow.gif HTTP/1.1" 404 1015
190.95.15.15 - - [12/Sep/2025:09:10:24 -0300] "GET /cormun/servlet/solicitudot?0aafa906b87f5cd2d088074a0bf0f82d028ef2d49ad50fe7ab8ae761283e2bad0f19ee3443d817c4860f3de87a24938c,gx-no-cache=1757679183854 HTTP/1.1" 200 30
190.95.15.15 - - [12/Sep/2025:09:10:25 -0300] "POST /cormun/servlet/solicitudot?gx-no-cache=1757679183870 HTTP/1.1" 200 34
190.95.15.15 - - [12/Sep/2025:09:10:43 -0300] "POST /cormun/servlet/solicitudot?483753eb195c0083959f773a2550aac6,INS,0,0,false,,gx-no-cache=1757679201283 HTTP/1.1" 200 93
190.95.15.15 - - [12/Sep/2025:09:10:43 -0300] "GET /cormun/servlet/hpexe_return? HTTP/1.1" 200 1008
190.95.15.15 - - [12/Sep/2025:09:10:43 -0300] "GET /cormun/servlet/trsolicitudot HTTP/1.1" 200 8607
190.95.15.15 - - [12/Sep/2025:09:10:43 -0300] "GET /cormun//static/Resources/PXToolsActionView.png HTTP/1.1" 200 398
190.95.15.15 - - [12/Sep/2025:09:10:43 -0300] "GET /cormun//static/Resources/PXToolsRemoveAllAction.png HTTP/1.1" 200 487
190.95.15.15 - - [12/Sep/2025:09:11:00 -0300] "POST /cormun/servlet/trsolicitudot?483753eb195c0083959f773a2550aac6,gx-no-cache=1757679219617 HTTP/1.1" 200 112
190.95.15.15 - - [12/Sep/2025:09:11:00 -0300] "GET /cormun/servlet/solicitudot?UPD,2025,22959,false, HTTP/1.1" 200 16654
190.95.15.15 - - [12/Sep/2025:09:11:01 -0300] "POST /cormun/servlet/solicitudot?gx-no-cache=1757679220416 HTTP/1.1" 200 4122
190.95.15.15 - - [12/Sep/2025:09:11:01 -0300] "POST /cormun/servlet/solicitudot?483753eb195c0083959f773a2550aac6,UPD,2025,22959,false,,gx-no-cache=1757679220518 HTTP/1.1" 200 12752
190.95.15.15 - - [12/Sep/2025:09:11:01 -0300] "GET /cormun/servlet/solicitudot?0aafa906b87f5cd2d088074a0bf0f82dec63bf699969f78110ab926c9cb673e6eaba91a54a25a4f947c9e5d3355c38f9,gx-no-cache=1757679220609 HTTP/1.1" 200 30
190.95.15.15 - - [12/Sep/2025:09:11:01 -0300] "GET /cormun/servlet/solicitudot?0aafa906b87f5cd2d088074a0bf0f82dceb8ebe131127269915fa65bae2a3c328a20179fb6de0207b7760907b6760ace447910d9a07e74ac7fb4b0ca027ec5f6,gx-no-cache=1757679220628 HTTP/1.1" 200 30
190.95.15.15 - - [12/Sep/2025:09:11:01 -0300] "GET /cormun/servlet/solicitudot?0aafa906b87f5cd2d088074a0bf0f82d27d074977ef1654c73becb1c1faf36add838704c91f07ce6d5f81089e3481443,gx-no-cache=1757679220643 HTTP/1.1" 200 45
190.95.15.15 - - [12/Sep/2025:09:11:01 -0300] "POST /cormun/servlet/solicitudot?gx-no-cache=1757679220660 HTTP/1.1" 200 238
190.95.15.15 - - [12/Sep/2025:09:11:01 -0300] "GET /cormun/servlet/solicitudot?0aafa906b87f5cd2d088074a0bf0f82d8cec4bf54d13a3e071ced5c39455780eb445961ddde1ea139955aa8769604c94c0847c443dc6917d7222a86cbc40987aad221d53d4c92296e073fe9d2c5c3df6f441f9e61663e1c331a2d826822fa9ce06bc2593586ad174a4e03db22775207d5025ed0849b78956d824c55de00c9f9c0f604839091fcfd5ed5082a609c646e50fa99996e5318ba7ff7865b04c4924557f963a79a810129353d71173554adadcdae7d1aca4aceea09cda750b79ef29580275065f991b0409abd975d33ad153a77ddbce942163f786fd1793bdd173bf264113072f201e1f23869e70ee9a2911aeb9cb5715aa632ed66b8b4cd25476b91fa3b0365a76a50ba924fb8991929aa1bf2079fe145d3daf261c39a636a8c8382ee95ece5b666e2ce8f8e2b40d315a2ecf5978518868041e3df6e74a4d233dbf2785a8754bdbe269c1ecffc137c51ec922c0dbfaabf26b074ee99a686a60bff43c81bb75ca26aa34d49217c679a643556d95846ed066874a0d2bffa7bfa1c90e30,gx-no-cache=1757679220679 HTTP/1.1" 200 30
190.95.15.15 - - [12/Sep/2025:09:11:01 -0300] "POST /cormun/servlet/solicitudot?gx-no-cache=1757679220697 HTTP/1.1" 200 30
190.95.15.15 - - [12/Sep/2025:09:11:01 -0300] "POST /cormun/servlet/solicitudot?gx-no-cache=1757679220717 HTTP/1.1" 200 1482
190.95.15.15 - - [12/Sep/2025:09:11:01 -0300] "POST /cormun/servlet/solicitudot?gx-no-cache=1757679220784 HTTP/1.1" 200 41
190.95.15.15 - - [12/Sep/2025:09:11:15 -0300] "GET /cormun/servlet/solicitudot?0aafa906b87f5cd2d088074a0bf0f82deae1bdd1dd9559c9aa5a60e6b90ef1a75729c599808db4307b52e03ef8ae2c1884e58ae5cdee3f6c99f42368d6cb59914e7cde43a3d4b081de4261772d30f2561654ce936e83e649cd5a6094f184c6435325b252123574ebd114866e1c7be89d,gx-no-cache=1757679233974 HTTP/1.1" 200 110
190.95.15.15 - - [12/Sep/2025:09:11:15 -0300] "POST /cormun/servlet/solicitudot?gx-no-cache=1757679233993 HTTP/1.1" 200 79
190.95.15.15 - - [12/Sep/2025:09:11:15 -0300] "GET /cormun/servlet/solicitudot?0aafa906b87f5cd2d088074a0bf0f82d95e795fc538674ae561f070e4490f0130e20e6a3bd070c39ffacfcc8a92b8429b1886f5abf74f6e06db53cf600a9226ab4927183c8c929891659868a0f9ca44f2cced2b2fdd44a3b9426e63cf381fb1db16923ecba193ba8bad5983ebfd37687,gx-no-cache=1757679234015 HTTP/1.1" 200 29
190.95.15.15 - - [12/Sep/2025:09:11:15 -0300] "GET /cormun/servlet/solicitudot?0aafa906b87f5cd2d088074a0bf0f82d028ef2d49ad50fe7ab8ae761283e2bad0f19ee3443d817c4860f3de87a24938c,gx-no-cache=1757679234032 HTTP/1.1" 200 30
190.95.15.15 - - [12/Sep/2025:09:11:15 -0300] "POST /cormun/servlet/solicitudot?gx-no-cache=1757679234050 HTTP/1.1" 200 34
190.95.15.15 - - [12/Sep/2025:09:11:15 -0300] "POST /cormun/servlet/solicitudot?483753eb195c0083959f773a2550aac6,UPD,2025,22959,false,,gx-no-cache=1757679234069 HTTP/1.1" 200 93
190.95.15.15 - - [12/Sep/2025:09:11:15 -0300] "GET /cormun/servlet/hpexe_return? HTTP/1.1" 200 1015
190.95.15.15 - - [12/Sep/2025:09:11:15 -0300] "GET /cormun/servlet/trsolicitudot HTTP/1.1" 200 8607
190.95.15.15 - - [12/Sep/2025:09:11:21 -0300] "POST /cormun/servlet/trsolicitudot?483753eb195c0083959f773a2550aac6,gx-no-cache=1757679240096 HTTP/1.1" 200 4572
190.95.15.15 - - [12/Sep/2025:09:11:21 -0300] "GET /cormun/static/Shared/jqueryui/images/ui-icons_82798d_256x240.png HTTP/1.1" 404 1089
190.95.15.15 - - [12/Sep/2025:09:11:21 -0300] "GET /cormun/static/Shared/jqueryui/images/ui-bg_highlight-soft_100_c6c2c8_1x100.png HTTP/1.1" 404 1117
190.95.15.15 - - [12/Sep/2025:09:11:21 -0300] "GET /cormun/static/Shared/jqueryui/images/ui-bg_flat_55_fafafa_40x100.png HTTP/1.1" 404 1097
190.95.15.15 - - [12/Sep/2025:09:11:21 -0300] "GET /cormun/static/Shared/jqueryui/images/ui-icons_8d78a5_256x240.png HTTP/1.1" 404 1089
190.95.15.15 - - [12/Sep/2025:09:11:21 -0300] "POST /cormun/servlet/trsolicitudot?483753eb195c0083959f773a2550aac6,gx-no-cache=1757679240179 HTTP/1.1" 200 4332
190.95.15.15 - - [12/Sep/2025:09:11:39 -0300] "GET /cormun/servlet/hlogin HTTP/1.1" 200 1735
190.95.15.15 - - [12/Sep/2025:09:11:47 -0300] "POST /cormun/servlet/hlogin?483753eb195c0083959f773a2550aac6,gx-no-cache=1757679265901 HTTP/1.1" 200 90
190.95.15.15 - - [12/Sep/2025:09:11:47 -0300] "GET /cormun/servlet/hpexe_link HTTP/1.1" 200 950
190.95.15.15 - - [12/Sep/2025:09:11:47 -0300] "GET /cormun/servlet/hhome HTTP/1.1" 200 4221
190.95.15.15 - - [12/Sep/2025:09:11:49 -0300] "GET /cormun/servlet/trautorizarsolicitud? HTTP/1.1" 200 8730
190.95.15.15 - - [12/Sep/2025:09:11:49 -0300] "GET /cormun/static/gxcfg.js?202211298474254 HTTP/1.1" 200 953
190.95.15.15 - - [12/Sep/2025:09:11:49 -0300] "GET /cormun/static/trautorizarsolicitud.js?202211298474588 HTTP/1.1" 200 53909
190.95.15.15 - - [12/Sep/2025:09:12:05 -0300] "POST /cormun/servlet/trautorizarsolicitud?483753eb195c0083959f773a2550aac6,,gx-no-cache=1757679284344 HTTP/1.1" 200 4777
190.95.15.15 - - [12/Sep/2025:09:12:05 -0300] "POST /cormun/servlet/trautorizarsolicitud?483753eb195c0083959f773a2550aac6,,gx-no-cache=1757679284449 HTTP/1.1" 200 4535
190.95.15.15 - - [12/Sep/2025:09:12:15 -0300] "GET /cormun/servlet/hlogin HTTP/1.1" 200 1741
80.75.212.17 - - [12/Sep/2025:09:12:19 -0300] "CONNECT postman-echo.com:443 HTTP/1.1" 400 -
190.95.15.15 - - [12/Sep/2025:09:12:22 -0300] "POST /cormun/servlet/hlogin?483753eb195c0083959f773a2550aac6,gx-no-cache=1757679301264 HTTP/1.1" 200 90
190.95.15.15 - - [12/Sep/2025:09:12:22 -0300] "GET /cormun/servlet/hpexe_link HTTP/1.1" 200 950
190.95.15.15 - - [12/Sep/2025:09:12:22 -0300] "GET /cormun/servlet/hhome HTTP/1.1" 200 3987
190.95.15.15 - - [12/Sep/2025:09:12:25 -0300] "GET /cormun/servlet/trlicencias? HTTP/1.1" 200 15849
129.222.173.48 - - [12/Sep/2025:09:12:31 -0300] "GET /cormun/servlet/prbanco?,MD,,gxPopupLevel%3D0%3B HTTP/1.1" 200 6603
129.222.173.48 - - [12/Sep/2025:09:12:36 -0300] "GET /cormun/servlet/solicitudot?62c251f283607c2ce5ee385696b3b2fccf4395306f3fc12a5ae40d11415e09069732029974903b4155172372eec7c6725394ca9df4ad71374f3416147841f6f0,gx-no-cache=1757679315182 HTTP/1.1" 200 30
129.222.173.48 - - [12/Sep/2025:09:12:36 -0300] "GET /cormun/servlet/solicitudot?62c251f283607c2ce5ee385696b3b2fc23d7109b906dd95a0d2f85f5138acce8,gx-no-cache=1757679315998 HTTP/1.1" 200 53
129.222.173.48 - - [12/Sep/2025:09:12:55 -0300] "GET /cormun/servlet/solicitudot?62c251f283607c2ce5ee385696b3b2fce136812be57e8e5975c40fd67913a48876e9a2aa54c6d193823721966ad490f59b42ef19049bfc284f97e4169158b69957fe55ff7c8081f740f88381146e0e2aaab3ddb86bc79ccfdc9a46cfee79bd76b7411ccbee6a5ff18532e1aadd97481c6b18974d8825bad8ac197e72502b71ef037e833c34a21c11b92e978ea036bf888f8183a3acfdd659a2cae076d1a13e252e15b76bfec7e92cdd49bd58888207abd276a1af3195ed8ea214683877464ec6df1daee7138d6e9973f268fc917712dd942384e1ca4c09ee6fe5ac28e463c0ff4d9feef24f347788096eda09cda1fca49ad830145a90fbd80292fb29cfc1cb84f4b79a82858ee9cdfed8a2f5de8600d178708b192940538deedd9f5a698a8e98e0abc481226cdc33079c7786f1bfd7fd01c5db7c735d6541e1bb0b9bba0f63b7c21fdf09244395d8cf634c47745e47cc,gx-no-cache=1757679334368 HTTP/1.1" 200 297
129.222.173.48 - - [12/Sep/2025:09:12:55 -0300] "GET /cormun/servlet/solicitudot?62c251f283607c2ce5ee385696b3b2fc550d9365c7205ae82eca2a7ee4b790ae598cb1f0cd68b9f604a3742a6c3e2865d1147bb1c840df8ce873f43a2463c4f0ed0ec4855503211e53d946dc6c640b6c9479679982bbd9d6f01aea046d19048242d29a67aa81bf0bcceb0ac045d0ba6c0087710243cb81ae3dc4d2ce33a0425f5b04ddcf61c37b7d9483ec2c05e64d4696f65320271719ff1f288655a5b2d395d887c920ea6ff7bcdfb0f686c2a2f314d05020bec1f37c7c37a2a6a2c12ec19fb55adeef436423e0ee3314c6d713b6c6fad28922bd83345089d57876fd4c1c23d616c87fae90a428c92f5dc9d1dee696e8171674f83f8a909901391e5c1e689a9a31691b793b095d4b8e3ffbf4223086431c3470766a9c1d76f4dfde13c3a539f69d97094f4286e82724a7cee30b4c2b474f79a1734861f183f0e0b437d820f5407752adc208df934142e8b51f28b94630e8ea87a829f5c23dc50a51276b6ad83063e97e0a513e1959eccaa4d9d2505c7d078eae3aef2dec58b408a26609bf387d7010f7425ba555bddd3877e6a6e413,gx-no-cache=1757679334454 HTTP/1.1" 200 30
129.222.173.48 - - [12/Sep/2025:09:12:59 -0300] "POST /cormun/servlet/solicitudot?gx-no-cache=1757679338624 HTTP/1.1" 200 30
129.222.173.48 - - [12/Sep/2025:09:13:03 -0300] "GET /cormun/servlet/prfichaempleado?,MD,,gxPopupLevel%3D0%3B HTTP/1.1" 200 9160
129.222.173.48 - - [12/Sep/2025:09:13:10 -0300] "POST /cormun/servlet/prfichaempleado?cc77828a0e03b5851fd618b7a1f1b9dc,,MD,,gxPopupLevel%3D0%3B,gx-no-cache=1757679349218 HTTP/1.1" 200 4830
129.222.173.48 - - [12/Sep/2025:09:13:16 -0300] "POST /cormun/servlet/solicitudot?gx-no-cache=1757679355572 HTTP/1.1" 200 1482
129.222.173.48 - - [12/Sep/2025:09:13:17 -0300] "GET /cormun/servlet/prlicenciaspermisos?9523283,L,,MD,,gxPopupLevel%3D0%3B HTTP/1.1" 200 6118
129.222.173.48 - - [12/Sep/2025:09:13:25 -0300] "POST /cormun/servlet/solicitudot?gx-no-cache=1757679364615 HTTP/1.1" 200 41
129.222.173.48 - - [12/Sep/2025:09:13:43 -0300] "GET /cormun/servlet/solicitudot?62c251f283607c2ce5ee385696b3b2fc3bf661b77e60e9a4ff81fadf197c3b21d701d0c46c8bfa2bbb5a17828bf200e0bfd0e9109ee01a58179a198faf1df8ddd63594fda40465df56bd3f4d16f1151be49029435d1808aec3a89e135bffd1ecdfa970b0535dbf5bd0a4854b7dcf59d1,gx-no-cache=1757679382576 HTTP/1.1" 200 110
129.222.173.48 - - [12/Sep/2025:09:13:43 -0300] "POST /cormun/servlet/solicitudot?gx-no-cache=1757679382699 HTTP/1.1" 200 79
129.222.173.48 - - [12/Sep/2025:09:13:51 -0300] "GET /cormun/servlet/solicitudot?62c251f283607c2ce5ee385696b3b2fc780c6d9f820745a418413733920757ea9ad830145a90fbd80292fb29cfc1cb84f4b79a82858ee9cdfed8a2f5de8600d16ef296781d2358dcc1ce85aa29420bd7,gx-no-cache=1757679390182 HTTP/1.1" 200 29
129.222.173.48 - - [12/Sep/2025:09:13:51 -0300] "GET /cormun/static/menuarrow.gif HTTP/1.1" 404 1015
129.222.173.48 - - [12/Sep/2025:09:13:55 -0300] "GET /cormun/servlet/solicitudot?62c251f283607c2ce5ee385696b3b2fc845e09765b63b8e275191bbc523eee592008cfdb020476ff2eb899d286681e30,gx-no-cache=1757679394033 HTTP/1.1" 200 30
129.222.173.48 - - [12/Sep/2025:09:13:55 -0300] "POST /cormun/servlet/solicitudot?gx-no-cache=1757679394112 HTTP/1.1" 200 34
129.222.173.48 - - [12/Sep/2025:09:14:01 -0300] "POST /cormun/servlet/solicitudot?cc77828a0e03b5851fd618b7a1f1b9dc,INS,0,0,false,,gx-no-cache=1757679400338 HTTP/1.1" 200 13068
179.57.78.55 - - [12/Sep/2025:09:15:58 -0300] "GET /cormun/servlet/trpermisosgoce? HTTP/1.1" 200 6024
179.57.78.55 - - [12/Sep/2025:09:15:58 -0300] "GET /cormun/servlet/hlogin HTTP/1.1" 200 1743
201.186.225.189 - - [12/Sep/2025:09:15:59 -0300] "POST /cormun/servlet/trlicencias?fbaf8c93809e73f498c6010238e08323,,gx-no-cache=1757679518197 HTTP/1.1" 200 6492
179.57.78.55 - - [12/Sep/2025:09:16:05 -0300] "POST /cormun/servlet/hlogin?5d7d908b9bd853acf071ab78672de55c,gx-no-cache=1757679523942 HTTP/1.1" 200 90
179.57.78.55 - - [12/Sep/2025:09:16:05 -0300] "GET /cormun/servlet/hpexe_link HTTP/1.1" 200 959
179.57.78.55 - - [12/Sep/2025:09:16:05 -0300] "GET /cormun/servlet/trpermisosgoce HTTP/1.1" 200 15161
179.57.78.55 - - [12/Sep/2025:09:16:09 -0300] "GET /cormun/servlet/permisogoce?INS,0,,, HTTP/1.1" 200 6850
201.186.225.189 - - [12/Sep/2025:09:16:43 -0300] "POST /cormun/servlet/trlicencias?fbaf8c93809e73f498c6010238e08323,,gx-no-cache=1757679562708 HTTP/1.1" 200 9914
179.57.78.55 - - [12/Sep/2025:09:16:47 -0300] "GET /cormun/servlet/permisogoce?0d001ee6ab63c9bb2958b570153b4ef023f9978b703ce9418a1cdaeab50419d9356e2f2bea9076c564d4d9ead7e3a7f0e0e0ab1842ec0af1ac947b60b2876d31,gx-no-cache=1757679565895 HTTP/1.1" 200 85
179.57.78.55 - - [12/Sep/2025:09:16:49 -0300] "GET /cormun/static/menuarrow.gif HTTP/1.1" 404 1015
190.95.15.13 - - [12/Sep/2025:09:16:59 -0300] "POST /cormun/servlet/hlogin?21f8363dd568ad738cf1538d7909f342,gx-no-cache=1757679573232 HTTP/1.1" 440 972
179.57.78.55 - - [12/Sep/2025:09:17:00 -0300] "GET /cormun/servlet/permisogoce?0d001ee6ab63c9bb2958b570153b4ef08f2017431be5987d4af9776debb0f8bfaa2b0543f9b9d2569d5e4fb3eea6a12fa48d2b39af93159647ba9e511c2e7e01,gx-no-cache=1757679578780 HTTP/1.1" 200 47
190.95.15.13 - - [12/Sep/2025:09:17:00 -0300] "GET /cormun/servlet/hlogin HTTP/1.1" 200 1727
179.57.78.55 - - [12/Sep/2025:09:17:05 -0300] "POST /cormun/servlet/permisogoce?5d7d908b9bd853acf071ab78672de55c,INS,0,,,,gx-no-cache=1757679583047 HTTP/1.1" 200 93
179.57.78.55 - - [12/Sep/2025:09:17:05 -0300] "GET /cormun/servlet/hpexe_return? HTTP/1.1" 200 1012
179.57.78.55 - - [12/Sep/2025:09:17:05 -0300] "GET /cormun/servlet/trpermisosgoce HTTP/1.1" 200 15335
190.95.15.13 - - [12/Sep/2025:09:17:07 -0300] "POST /cormun/servlet/hlogin?d644123b7345223148d94bf1d5ddc249,gx-no-cache=1757679583584 HTTP/1.1" 200 90
190.95.15.13 - - [12/Sep/2025:09:17:07 -0300] "GET /cormun/servlet/hpexe_link HTTP/1.1" 200 948
190.95.15.13 - - [12/Sep/2025:09:17:07 -0300] "GET /cormun/servlet/hhome HTTP/1.1" 200 3943
179.57.78.55 - - [12/Sep/2025:09:17:08 -0300] "GET /cormun/servlet/apermisogoceprn?18105198,P,20250912091901,PU HTTP/1.1" 200 1654
190.95.15.13 - - [12/Sep/2025:09:17:09 -0300] "GET /cormun/servlet/trlicencias? HTTP/1.1" 200 13219
190.95.67.91 - - [12/Sep/2025:09:17:12 -0300] "POST /cormun/servlet/permisosadjuntos?21258737f807a1f63952a4c1a18b914b,INS,26926082,P,20250912090004,, HTTP/1.1" 200 116
190.95.67.91 - - [12/Sep/2025:09:17:12 -0300] "GET /cormun/servlet/hpexe_return? HTTP/1.1" 200 1036
190.95.67.91 - - [12/Sep/2025:09:17:13 -0300] "GET /cormun/servlet/trpermisosadjuntos?26926082,20250912090004,P, HTTP/1.1" 200 7080
190.95.67.91 - - [12/Sep/2025:09:17:21 -0300] "POST /cormun/servlet/trpermisosadjuntos?21258737f807a1f63952a4c1a18b914b,26926082,20250912090004,P,,gx-no-cache=1757679600315 HTTP/1.1" 200 90
190.95.67.91 - - [12/Sep/2025:09:17:21 -0300] "GET /cormun/servlet/hpexe_link HTTP/1.1" 200 982
190.95.67.91 - - [12/Sep/2025:09:17:21 -0300] "GET /cormun/servlet/trpermisosgoce HTTP/1.1" 200 19267
190.95.67.91 - - [12/Sep/2025:09:17:23 -0300] "POST /cormun/servlet/trpermisosgoce?21258737f807a1f63952a4c1a18b914b,gx-no-cache=1757679602489 HTTP/1.1" 200 16546
190.95.67.91 - - [12/Sep/2025:09:17:24 -0300] "GET /cormun/static/Shared/jqueryui/images/ui-icons_82798d_256x240.png HTTP/1.1" 404 1089
190.95.67.91 - - [12/Sep/2025:09:17:24 -0300] "GET /cormun/static/Shared/jqueryui/images/ui-bg_highlight-soft_100_c6c2c8_1x100.png HTTP/1.1" 404 1117
190.95.67.91 - - [12/Sep/2025:09:17:24 -0300] "GET /cormun/static/Shared/jqueryui/images/ui-icons_8d78a5_256x240.png HTTP/1.1" 404 1089
190.95.67.91 - - [12/Sep/2025:09:17:24 -0300] "GET /cormun/static/Shared/jqueryui/images/ui-bg_flat_55_fafafa_40x100.png HTTP/1.1" 404 1097
190.95.67.91 - - [12/Sep/2025:09:17:28 -0300] "GET /cormun/servlet/permisogoce?INS,0,,, HTTP/1.1" 200 7128
190.95.67.91 - - [12/Sep/2025:09:17:33 -0300] "GET /cormun/servlet/permisogoce?84dade0cbb4ae8da18c58a4c355d7c8db8355f024daf043fa69f1556535c02323652b928e671ba47e90828d7024702aceb7d5646d06aa567c8ef8590eb5c8923,gx-no-cache=1757679612646 HTTP/1.1" 200 80
190.95.67.91 - - [12/Sep/2025:09:17:36 -0300] "GET /cormun/static/menuarrow.gif HTTP/1.1" 404 1015
190.95.67.91 - - [12/Sep/2025:09:17:43 -0300] "GET /cormun/servlet/permisogoce?84dade0cbb4ae8da18c58a4c355d7c8d99e090610ca5d7e28384f30ace006cd4cb40b8a2606f5e6dba7f152af138a132bec1ff250fbb7104b4c152b5c4183bb7,gx-no-cache=1757679621840 HTTP/1.1" 200 47
190.95.67.91 - - [12/Sep/2025:09:18:02 -0300] "POST /cormun/servlet/permisogoce?21258737f807a1f63952a4c1a18b914b,INS,0,,,,gx-no-cache=1757679640694 HTTP/1.1" 200 93
190.95.67.91 - - [12/Sep/2025:09:18:02 -0300] "GET /cormun/servlet/hpexe_return? HTTP/1.1" 200 1031
190.95.67.91 - - [12/Sep/2025:09:18:02 -0300] "GET /cormun/servlet/trpermisosgoce?gx-no-cache=1757679602489 HTTP/1.1" 200 19233
190.95.67.91 - - [12/Sep/2025:09:18:05 -0300] "GET /cormun/servlet/trpermisosadjuntos?20030870,20250912092020,P, HTTP/1.1" 200 6579
190.95.67.91 - - [12/Sep/2025:09:18:08 -0300] "GET /cormun/servlet/permisosadjuntos?INS,20030870,P,20250912092020,, HTTP/1.1" 200 5882
190.95.67.91 - - [12/Sep/2025:09:18:08 -0300] "GET /cormun/static/about:blank HTTP/1.1" 404 1011
190.95.67.91 - - [12/Sep/2025:09:18:18 -0300] "POST /cormun/servlet/permisosadjuntos?21258737f807a1f63952a4c1a18b914b,INS,20030870,P,20250912092020,, HTTP/1.1" 200 116
190.95.67.91 - - [12/Sep/2025:09:18:18 -0300] "GET /cormun/servlet/hpexe_return? HTTP/1.1" 200 1035
190.95.67.91 - - [12/Sep/2025:09:18:18 -0300] "GET /cormun/servlet/trpermisosadjuntos?20030870,20250912092020,P, HTTP/1.1" 200 7076
201.186.225.189 - - [12/Sep/2025:09:18:21 -0300] "POST /cormun/servlet/trlicencias?fbaf8c93809e73f498c6010238e08323,,gx-no-cache=1757679660469 HTTP/1.1" 200 4463
190.95.67.91 - - [12/Sep/2025:09:18:29 -0300] "POST /cormun/servlet/trpermisosadjuntos?21258737f807a1f63952a4c1a18b914b,20030870,20250912092020,P,,gx-no-cache=1757679668269 HTTP/1.1" 200 90
190.95.67.91 - - [12/Sep/2025:09:18:29 -0300] "GET /cormun/servlet/hpexe_link HTTP/1.1" 200 1003
190.95.67.91 - - [12/Sep/2025:09:18:29 -0300] "GET /cormun/servlet/trpermisosgoce?gx-no-cache=1757679602489 HTTP/1.1" 200 19231
190.95.67.91 - - [12/Sep/2025:09:18:31 -0300] "POST /cormun/servlet/trpermisosgoce?21258737f807a1f63952a4c1a18b914b,gx-no-cache=1757679602489,gx-no-cache=1757679670449 HTTP/1.1" 200 16505
190.95.67.91 - - [12/Sep/2025:09:18:35 -0300] "GET /cormun/servlet/permisogoce?INS,0,,, HTTP/1.1" 200 7152
190.95.67.91 - - [12/Sep/2025:09:18:40 -0300] "GET /cormun/servlet/permisogoce?84dade0cbb4ae8da18c58a4c355d7c8d1061cf6b88ad392e360956d5c70f6ed73652b928e671ba47e90828d7024702aceb7d5646d06aa567c8ef8590eb5c8923,gx-no-cache=1757679679550 HTTP/1.1" 200 85
190.95.67.91 - - [12/Sep/2025:09:18:50 -0300] "GET /cormun/servlet/permisogoce?84dade0cbb4ae8da18c58a4c355d7c8d401b5f696739e005b898239130fa4db53c110f0a676dde0ee10b9ff49dd6fd21bec1ff250fbb7104b4c152b5c4183bb7,gx-no-cache=1757679689104 HTTP/1.1" 200 48
201.186.225.189 - - [12/Sep/2025:09:18:53 -0300] "POST /cormun/servlet/trlicencias?fbaf8c93809e73f498c6010238e08323,,gx-no-cache=1757679692396 HTTP/1.1" 200 6962
190.95.67.91 - - [12/Sep/2025:09:19:10 -0300] "POST /cormun/servlet/permisogoce?21258737f807a1f63952a4c1a18b914b,INS,0,,,,gx-no-cache=1757679709013 HTTP/1.1" 200 93
190.95.67.91 - - [12/Sep/2025:09:19:10 -0300] "GET /cormun/servlet/hpexe_return? HTTP/1.1" 200 1031
190.95.67.91 - - [12/Sep/2025:09:19:10 -0300] "GET /cormun/servlet/trpermisosgoce?gx-no-cache=1757679602489 HTTP/1.1" 200 19259
190.95.67.91 - - [12/Sep/2025:09:19:20 -0300] "GET /cormun/servlet/trpermisosadjuntos?15991660,20250912092127,P, HTTP/1.1" 200 6585
190.95.67.91 - - [12/Sep/2025:09:19:22 -0300] "GET /cormun/servlet/permisosadjuntos?INS,15991660,P,20250912092127,, HTTP/1.1" 200 5888
190.95.67.91 - - [12/Sep/2025:09:19:22 -0300] "GET /cormun/static/about:blank HTTP/1.1" 404 1011
190.95.67.91 - - [12/Sep/2025:09:19:33 -0300] "POST /cormun/servlet/permisosadjuntos?21258737f807a1f63952a4c1a18b914b,INS,15991660,P,20250912092127,, HTTP/1.1" 200 116
190.95.67.91 - - [12/Sep/2025:09:19:33 -0300] "GET /cormun/servlet/hpexe_return? HTTP/1.1" 200 1037
